The Swift Package Index logo.Swift Package Index

Build Information

Failed to build SendbirdUIKit, reference main (622d91), with Swift 6.1 for Wasm on 28 Sep 2026 15:48:01 UTC.

Build Command

bash -c docker run --pull=always --rm -v "checkouts-54344845-1":/host -w "$PWD" -e JAVA_HOME="/root/.sdkman/candidates/java/current" -e SPI_BUILD="1" -e SPI_PROCESSING="1" registry.gitlab.com/saguaro1/spi-images:wasm-6.1-latest swift build --swift-sdk wasm32-unknown-wasi 2>&1

Build Log

========================================
RunAll
========================================
Builder version: 5.1.0
Interrupt handler set up.
========================================
Checkout
========================================
Clone URL: https://github.com/sendbird/sendbird-uikit-ios-spm.git
Reference: main
Initialized empty Git repository in /host/spi-builder-workspace/.git/
hint: Using 'master' as the name for the initial branch. This default branch name
hint: is subject to change. To configure the initial branch name to use in all
hint: of your new repositories, which will suppress this warning, call:
hint:
hint: 	git config --global init.defaultBranch <name>
hint:
hint: Names commonly chosen instead of 'master' are 'main', 'trunk' and
hint: 'development'. The just-created branch can be renamed via this command:
hint:
hint: 	git branch -m <name>
From https://github.com/sendbird/sendbird-uikit-ios-spm
 * branch            main       -> FETCH_HEAD
 * [new branch]      main       -> origin/main
HEAD is now at 622d91b Merge pull request #96 from sendbird/release/3.36.2
Cloned https://github.com/sendbird/sendbird-uikit-ios-spm.git
Revision (git rev-parse @):
622d91bf240c9d8652befa66c12a7fd8112c1e5b
SUCCESS checkout https://github.com/sendbird/sendbird-uikit-ios-spm.git at main
========================================
Build
========================================
Selected platform:         wasm
Swift version:             6.1
Building package at path:  $PWD
https://github.com/sendbird/sendbird-uikit-ios-spm.git
https://github.com/sendbird/sendbird-uikit-ios-spm.git
WARNING: environment variable SUPPRESS_SWIFT_6_FLAGS is not set
Running build ...
bash -c docker run --pull=always --rm -v "checkouts-54344845-1":/host -w "$PWD" -e JAVA_HOME="/root/.sdkman/candidates/java/current" -e SPI_BUILD="1" -e SPI_PROCESSING="1" registry.gitlab.com/saguaro1/spi-images:wasm-6.1-latest swift build --swift-sdk wasm32-unknown-wasi -Xswiftc -Xfrontend -Xswiftc -stats-output-dir -Xswiftc -Xfrontend -Xswiftc .stats -Xswiftc -strict-concurrency=complete -Xswiftc -enable-upcoming-feature -Xswiftc StrictConcurrency -Xswiftc -enable-upcoming-feature -Xswiftc DisableOutwardActorInference -Xswiftc -enable-upcoming-feature -Xswiftc GlobalActorIsolatedTypesUsability -Xswiftc -enable-upcoming-feature -Xswiftc InferSendableFromCaptures 2>&1
wasm-6.1-latest: Pulling from saguaro1/spi-images
Digest: sha256:beceeede496da67681f4fa220a6b97cc098a0178841a413735f598dc6bbaf4c8
Status: Image is up to date for registry.gitlab.com/saguaro1/spi-images:wasm-6.1-latest
Fetching https://github.com/sendbird/sendbird-chat-sdk-ios
[1/4395] Fetching sendbird-chat-sdk-ios
Fetched https://github.com/sendbird/sendbird-chat-sdk-ios from cache (2.17s)
Computing version for https://github.com/sendbird/sendbird-chat-sdk-ios
Computed https://github.com/sendbird/sendbird-chat-sdk-ios at 4.39.11 (3.10s)
Fetching https://github.com/sendbird/sendbird-auth-ios.git
[1/3295] Fetching sendbird-auth-ios
Fetched https://github.com/sendbird/sendbird-auth-ios.git from cache (0.94s)
Computing version for https://github.com/sendbird/sendbird-auth-ios.git
Computed https://github.com/sendbird/sendbird-auth-ios.git at 1.2.0 (1.17s)
Creating working copy for https://github.com/sendbird/sendbird-auth-ios.git
Working copy of https://github.com/sendbird/sendbird-auth-ios.git resolved at 1.2.0
Creating working copy for https://github.com/sendbird/sendbird-chat-sdk-ios
Working copy of https://github.com/sendbird/sendbird-chat-sdk-ios resolved at 4.39.11
Downloading binary artifact https://github.com/sendbird/sendbird-uikit-ios/releases/download/3.36.2/SendbirdUIKit.xcframework.zip
Downloading binary artifact https://github.com/sendbird/sendbird-uikit-ios/releases/download/3.36.2/SendbirdUIMessageTemplate.xcframework.zip
Downloading binary artifact https://github.com/sendbird/sendbird-auth-ios/releases/download/1.2.0/SendbirdAuthSDKStatic.xcframework.zip
Downloading binary artifact https://github.com/sendbird/sendbird-auth-ios/releases/download/1.2.0/SendbirdAuthSDK.xcframework.zip
Downloading binary artifact https://github.com/sendbird/sendbird-chat-sdk-ios/releases/download/4.39.11/SendbirdChatSDK.xcframework.zip
[1413/5190043] Downloading https://github.com/sendbird/sendbird-uikit-ios/releases/download/3.36.2/SendbirdUIMessageTemplate.xcframework.zip
[9936/59481366] Downloading https://github.com/sendbird/sendbird-uikit-ios/releases/download/3.36.2/SendbirdUIMessageTemplate.xcframework.zip, https://github.com/sendbird/sendbird-auth-ios/releases/download/1.2.0/SendbirdAuthSDK.xcframework.zip
[30577/100107249] Downloading https://github.com/sendbird/sendbird-uikit-ios/releases/download/3.36.2/SendbirdUIMessageTemplate.xcframework.zip, https://github.com/sendbird/sendbird-auth-ios/releases/download/1.2.0/SendbirdAuthSDK.xcframework.zip, https://github.com/sendbird/sendbird-uikit-ios/releases/download/3.36.2/SendbirdUIKit.xcframework.zip
[62039/165808171] Downloading https://github.com/sendbird/sendbird-uikit-ios/releases/download/3.36.2/SendbirdUIMessageTemplate.xcframework.zip, https://github.com/sendbird/sendbird-auth-ios/releases/download/1.2.0/SendbirdAuthSDK.xcframework.zip, https://github.com/sendbird/sendbird-uikit-ios/releases/download/3.36.2/SendbirdUIKit.xcframework.zip, https://github.com/sendbird/sendbird-auth-ios/releases/download/1.2.0/SendbirdAuthSDKStatic.xcframework.zip
[85524/218907947] Downloading https://github.com/sendbird/sendbird-uikit-ios/releases/download/3.36.2/SendbirdUIMessageTemplate.xcframework.zip, https://github.com/sendbird/sendbird-auth-ios/releases/download/1.2.0/SendbirdAuthSDK.xcframework.zip, https://github.com/sendbird/sendbird-uikit-ios/releases/download/3.36.2/SendbirdUIKit.xcframework.zip, https://github.com/sendbird/sendbird-auth-ios/releases/download/1.2.0/SendbirdAuthSDKStatic.xcframework.zip, https://github.com/sendbird/sendbird-chat-sdk-ios/releases/download/4.39.11/SendbirdChatSDK.xcframework.zip
[129614035/213717904] Downloading https://github.com/sendbird/sendbird-auth-ios/releases/download/1.2.0/SendbirdAuthSDK.xcframework.zip, https://github.com/sendbird/sendbird-uikit-ios/releases/download/3.36.2/SendbirdUIKit.xcframework.zip, https://github.com/sendbird/sendbird-auth-ios/releases/download/1.2.0/SendbirdAuthSDKStatic.xcframework.zip, https://github.com/sendbird/sendbird-chat-sdk-ios/releases/download/4.39.11/SendbirdChatSDK.xcframework.zip
Downloaded https://github.com/sendbird/sendbird-uikit-ios/releases/download/3.36.2/SendbirdUIMessageTemplate.xcframework.zip (1.05s)
Downloaded https://github.com/sendbird/sendbird-uikit-ios/releases/download/3.36.2/SendbirdUIKit.xcframework.zip (3.61s)
Downloaded https://github.com/sendbird/sendbird-auth-ios/releases/download/1.2.0/SendbirdAuthSDK.xcframework.zip (4.15s)
Downloaded https://github.com/sendbird/sendbird-chat-sdk-ios/releases/download/4.39.11/SendbirdChatSDK.xcframework.zip (4.18s)
Downloaded https://github.com/sendbird/sendbird-auth-ios/releases/download/1.2.0/SendbirdAuthSDKStatic.xcframework.zip (5.05s)
warning: 'spi-builder-workspace': Invalid Exclude '/host/spi-builder-workspace/Framework/Sample': File not found.
warning: 'spi-builder-workspace': Invalid Exclude '/host/spi-builder-workspace/Framework/Sources': File not found.
Building for debugging...
[0/4] Write sources
[3/4] Write swift-version-24593BA9C3E375BF.txt
error: emit-module command failed with exit code 1 (use -v to see invocation)
[5/6] Emitting module SendbirdChatSDKWrapper
/host/spi-builder-workspace/.build/checkouts/sendbird-chat-sdk-ios/Sources/SendbirdChatSDKWrapper/SendbirdChatSDKWrapper.swift:1:8: error: no such module 'SendbirdChatSDK'
1 | import SendbirdChatSDK
  |        `- error: no such module 'SendbirdChatSDK'
2 |
3 | public class SendbirdChatWrapper {}
[6/6] Compiling SendbirdChatSDKWrapper SendbirdChatSDKWrapper.swift
/host/spi-builder-workspace/.build/checkouts/sendbird-chat-sdk-ios/Sources/SendbirdChatSDKWrapper/SendbirdChatSDKWrapper.swift:1:8: error: no such module 'SendbirdChatSDK'
1 | import SendbirdChatSDK
  |        `- error: no such module 'SendbirdChatSDK'
2 |
3 | public class SendbirdChatWrapper {}
Running build ...
bash -c docker run --pull=always --rm -v "checkouts-54344845-1":/host -w "$PWD" -e JAVA_HOME="/root/.sdkman/candidates/java/current" -e SPI_BUILD="1" -e SPI_PROCESSING="1" registry.gitlab.com/saguaro1/spi-images:wasm-6.1-latest swift build --swift-sdk wasm32-unknown-wasi 2>&1
wasm-6.1-latest: Pulling from saguaro1/spi-images
Digest: sha256:beceeede496da67681f4fa220a6b97cc098a0178841a413735f598dc6bbaf4c8
Status: Image is up to date for registry.gitlab.com/saguaro1/spi-images:wasm-6.1-latest
warning: 'spi-builder-workspace': Invalid Exclude '/host/spi-builder-workspace/Framework/Sample': File not found.
warning: 'spi-builder-workspace': Invalid Exclude '/host/spi-builder-workspace/Framework/Sources': File not found.
[0/1] Planning build
Building for debugging...
[0/1] Write swift-version-24593BA9C3E375BF.txt
error: emit-module command failed with exit code 1 (use -v to see invocation)
[2/3] Emitting module SendbirdChatSDKWrapper
/host/spi-builder-workspace/.build/checkouts/sendbird-chat-sdk-ios/Sources/SendbirdChatSDKWrapper/SendbirdChatSDKWrapper.swift:1:8: error: no such module 'SendbirdChatSDK'
1 | import SendbirdChatSDK
  |        `- error: no such module 'SendbirdChatSDK'
2 |
3 | public class SendbirdChatWrapper {}
[3/3] Compiling SendbirdChatSDKWrapper SendbirdChatSDKWrapper.swift
/host/spi-builder-workspace/.build/checkouts/sendbird-chat-sdk-ios/Sources/SendbirdChatSDKWrapper/SendbirdChatSDKWrapper.swift:1:8: error: no such module 'SendbirdChatSDK'
1 | import SendbirdChatSDK
  |        `- error: no such module 'SendbirdChatSDK'
2 |
3 | public class SendbirdChatWrapper {}
BUILD FAILURE 6.1 wasm