The Swift Package Index logo.Swift Package Index

Build Information

Failed to build SocialSymbols, reference 2.0.1 (6da9ca), with Swift 6.1 for watchOS using Xcode 16.3 on 28 Jun 2026 11:27:18 UTC.

Build Command

env DEVELOPER_DIR=/Applications/Xcode-16.3.0.app xcrun xcodebuild -IDEClonedSourcePackagesDirPathOverride=$PWD/.dependencies -skipMacroValidation -skipPackagePluginValidation -derivedDataPath $PWD/.derivedData build -scheme SocialSymbols -destination generic/platform=watchOS

Build Log

========================================
RunAll
========================================
Builder version: undefined version: run 'make version' to update
Interrupt handler set up.
========================================
Checkout
========================================
Clone URL: https://github.com/jeremieb/social-symbols.git
Reference: 2.0.1
Initialized empty Git repository in /Users/admin/builder/spi-builder-workspace/.git/
From https://github.com/jeremieb/social-symbols
 * tag               2.0.1      -> FETCH_HEAD
HEAD is now at 6da9caf Merge pull request #38 from jeremieb/dev
Cloned https://github.com/jeremieb/social-symbols.git
Revision (git rev-parse @):
6da9cafdfdf53671e8fe2eaa7d1ed1e7b335400a
SUCCESS checkout https://github.com/jeremieb/social-symbols.git at 2.0.1
========================================
Build
========================================
Selected platform:         watchOS
Swift version:             6.1
Building package at path:  $PWD
https://github.com/jeremieb/social-symbols.git
https://github.com/jeremieb/social-symbols.git
{
  "dependencies" : [
  ],
  "manifest_display_name" : "SocialSymbols",
  "name" : "SocialSymbols",
  "path" : "/Users/admin/builder/spi-builder-workspace",
  "platforms" : [
    {
      "name" : "ios",
      "version" : "16.2"
    },
    {
      "name" : "macos",
      "version" : "13.1"
    }
  ],
  "products" : [
    {
      "name" : "SocialSymbols",
      "targets" : [
        "SocialSymbols"
      ],
      "type" : {
        "library" : [
          "automatic"
        ]
      }
    }
  ],
  "targets" : [
    {
      "c99name" : "SocialSymbolsTests",
      "module_type" : "SwiftTarget",
      "name" : "SocialSymbolsTests",
      "path" : "Tests/SocialSymbolsTests",
      "sources" : [
        "SocialSymbolsTests.swift"
      ],
      "target_dependencies" : [
        "SocialSymbols"
      ],
      "type" : "test"
    },
    {
      "c99name" : "SocialSymbols",
      "module_type" : "SwiftTarget",
      "name" : "SocialSymbols",
      "path" : "Sources/SocialSymbols",
      "product_memberships" : [
        "SocialSymbols"
      ],
      "resources" : [
        {
          "path" : "/Users/admin/builder/spi-builder-workspace/Sources/SocialSymbols/Resources/Assets.xcassets",
          "rule" : {
            "process" : {
            }
          }
        }
      ],
      "sources" : [
        "SocialSymbol.swift"
      ],
      "type" : "library"
    }
  ],
  "tools_version" : "5.9"
}
Command line invocation:
    /Applications/Xcode-16.3.0.app/Contents/Developer/usr/bin/xcodebuild -IDEClonedSourcePackagesDirPathOverride=/Users/admin/builder/spi-builder-workspace/.dependencies -resolvePackageDependencies
Resolve Package Graph
Resolve Package Graph
Resolved source packages:
  SocialSymbols: /Users/admin/builder/spi-builder-workspace
resolved source packages: SocialSymbols
{
  "dependencies" : [
  ],
  "manifest_display_name" : "SocialSymbols",
  "name" : "SocialSymbols",
  "path" : "/Users/admin/builder/spi-builder-workspace",
  "platforms" : [
    {
      "name" : "ios",
      "version" : "16.2"
    },
    {
      "name" : "macos",
      "version" : "13.1"
    }
  ],
  "products" : [
    {
      "name" : "SocialSymbols",
      "targets" : [
        "SocialSymbols"
      ],
      "type" : {
        "library" : [
          "automatic"
        ]
      }
    }
  ],
  "targets" : [
    {
      "c99name" : "SocialSymbolsTests",
      "module_type" : "SwiftTarget",
      "name" : "SocialSymbolsTests",
      "path" : "Tests/SocialSymbolsTests",
      "sources" : [
        "SocialSymbolsTests.swift"
      ],
      "target_dependencies" : [
        "SocialSymbols"
      ],
      "type" : "test"
    },
    {
      "c99name" : "SocialSymbols",
      "module_type" : "SwiftTarget",
      "name" : "SocialSymbols",
      "path" : "Sources/SocialSymbols",
      "product_memberships" : [
        "SocialSymbols"
      ],
      "resources" : [
        {
          "path" : "/Users/admin/builder/spi-builder-workspace/Sources/SocialSymbols/Resources/Assets.xcassets",
          "rule" : {
            "process" : {
            }
          }
        }
      ],
      "sources" : [
        "SocialSymbol.swift"
      ],
      "type" : "library"
    }
  ],
  "tools_version" : "5.9"
}
{
  "workspace" : {
    "name" : "spi-builder-workspace",
    "schemes" : [
      "SocialSymbols"
    ]
  }
}
Running build ...
env DEVELOPER_DIR=/Applications/Xcode-16.3.0.app xcrun xcodebuild -IDEClonedSourcePackagesDirPathOverride=$PWD/.dependencies -skipMacroValidation -skipPackagePluginValidation -derivedDataPath $PWD/.derivedData build -scheme SocialSymbols -destination generic/platform=watchOS OTHER_SWIFT_FLAGS=-stats-output-dir .stats -strict-concurrency=complete -enable-upcoming-feature StrictConcurrency -enable-upcoming-feature DisableOutwardActorInference -enable-upcoming-feature GlobalActorIsolatedTypesUsability -enable-upcoming-feature InferSendableFromCaptures
Command line invocation:
    /Applications/Xcode-16.3.0.app/Contents/Developer/usr/bin/xcodebuild -IDEClonedSourcePackagesDirPathOverride=/Users/admin/builder/spi-builder-workspace/.dependencies -skipMacroValidation -skipPackagePluginValidation -derivedDataPath /Users/admin/builder/spi-builder-workspace/.derivedData build -scheme SocialSymbols -destination generic/platform=watchOS "OTHER_SWIFT_FLAGS=-stats-output-dir .stats -strict-concurrency=complete -enable-upcoming-feature StrictConcurrency -enable-upcoming-feature DisableOutwardActorInference -enable-upcoming-feature GlobalActorIsolatedTypesUsability -enable-upcoming-feature InferSendableFromCaptures"
Build settings from command line:
    OTHER_SWIFT_FLAGS = -stats-output-dir .stats -strict-concurrency=complete -enable-upcoming-feature StrictConcurrency -enable-upcoming-feature DisableOutwardActorInference -enable-upcoming-feature GlobalActorIsolatedTypesUsability -enable-upcoming-feature InferSendableFromCaptures
Resolve Package Graph
Resolved source packages:
  SocialSymbols: /Users/admin/builder/spi-builder-workspace
ComputePackagePrebuildTargetDependencyGraph
Prepare packages
CreateBuildRequest
SendProjectDescription
CreateBuildOperation
ComputeTargetDependencyGraph
note: Building targets in dependency order
note: Target dependency graph (3 targets)
    Target 'SocialSymbols' in project 'SocialSymbols'
        ➜ Explicit dependency on target 'SocialSymbols' in project 'SocialSymbols'
        ➜ Explicit dependency on target 'SocialSymbols_SocialSymbols' in project 'SocialSymbols'
    Target 'SocialSymbols' in project 'SocialSymbols'
        ➜ Explicit dependency on target 'SocialSymbols_SocialSymbols' in project 'SocialSymbols'
    Target 'SocialSymbols_SocialSymbols' in project 'SocialSymbols' (no dependencies)
GatherProvisioningInputs
CreateBuildDescription
ExecuteExternalTool /Applications/Xcode-16.3.0.app/Contents/Developer/usr/bin/actool --version --output-format xml1
ExecuteExternalTool /Applications/Xcode-16.3.0.app/Contents/Developer/Toolchains/XcodeDefault.xctoolchain/usr/bin/clang -v -E -dM -isysroot /Applications/Xcode-16.3.0.app/Contents/Developer/Platforms/WatchOS.platform/Developer/SDKs/WatchOS11.4.sdk -x c -c /dev/null
ExecuteExternalTool /Applications/Xcode-16.3.0.app/Contents/Developer/Toolchains/XcodeDefault.xctoolchain/usr/bin/swiftc --version
ExecuteExternalTool /Applications/Xcode-16.3.0.app/Contents/Developer/Toolchains/XcodeDefault.xctoolchain/usr/bin/ld -version_details
Build description signature: d5ddb41fbd95dca11a246410415b92e8
Build description path: /Users/admin/builder/spi-builder-workspace/.derivedData/Build/Intermediates.noindex/XCBuildData/d5ddb41fbd95dca11a246410415b92e8.xcbuilddata
CreateBuildDirectory /Users/admin/builder/spi-builder-workspace/.derivedData/Build/Products
    cd /Users/admin/builder/spi-builder-workspace/.swiftpm/xcode
    builtin-create-build-directory /Users/admin/builder/spi-builder-workspace/.derivedData/Build/Products
CreateBuildDirectory /Users/admin/builder/spi-builder-workspace/.derivedData/Build/Intermediates.noindex
    cd /Users/admin/builder/spi-builder-workspace/.swiftpm/xcode
    builtin-create-build-directory /Users/admin/builder/spi-builder-workspace/.derivedData/Build/Intermediates.noindex
ClangStatCache /Applications/Xcode-16.3.0.app/Contents/Developer/Toolchains/XcodeDefault.xctoolchain/usr/bin/clang-stat-cache /Applications/Xcode-16.3.0.app/Contents/Developer/Platforms/WatchOS.platform/Developer/SDKs/WatchOS11.4.sdk /Users/admin/builder/spi-builder-workspace/.derivedData/SDKStatCaches.noindex/watchos11.4-22T246-43efb940ff07ba2497b70ec94253f576.sdkstatcache
    cd /Users/admin/builder/spi-builder-workspace/.swiftpm/xcode
    /Applications/Xcode-16.3.0.app/Contents/Developer/Toolchains/XcodeDefault.xctoolchain/usr/bin/clang-stat-cache /Applications/Xcode-16.3.0.app/Contents/Developer/Platforms/WatchOS.platform/Developer/SDKs/WatchOS11.4.sdk -o /Users/admin/builder/spi-builder-workspace/.derivedData/SDKStatCaches.noindex/watchos11.4-22T246-43efb940ff07ba2497b70ec94253f576.sdkstatcache
CreateBuildDirectory /Users/admin/builder/spi-builder-workspace/.derivedData/Build/Intermediates.noindex/EagerLinkingTBDs/Debug-watchos
    cd /Users/admin/builder/spi-builder-workspace/.swiftpm/xcode
    builtin-create-build-directory /Users/admin/builder/spi-builder-workspace/.derivedData/Build/Intermediates.noindex/EagerLinkingTBDs/Debug-watchos
CreateBuildDirectory /Users/admin/builder/spi-builder-workspace/.derivedData/Build/Products/Debug-watchos
    cd /Users/admin/builder/spi-builder-workspace/.swiftpm/xcode
    builtin-create-build-directory /Users/admin/builder/spi-builder-workspace/.derivedData/Build/Products/Debug-watchos
CreateBuildDirectory /Users/admin/builder/spi-builder-workspace/.derivedData/Build/Products/Debug-watchos/PackageFrameworks
    cd /Users/admin/builder/spi-builder-workspace/.swiftpm/xcode
    builtin-create-build-directory /Users/admin/builder/spi-builder-workspace/.derivedData/Build/Products/Debug-watchos/PackageFrameworks
WriteAuxiliaryFile /Users/admin/builder/spi-builder-workspace/.derivedData/Build/Intermediates.noindex/SocialSymbols.build/Debug-watchos/SocialSymbols.build/SocialSymbols.modulemap (in target 'SocialSymbols' from project 'SocialSymbols')
    cd /Users/admin/builder/spi-builder-workspace
    write-file /Users/admin/builder/spi-builder-workspace/.derivedData/Build/Intermediates.noindex/SocialSymbols.build/Debug-watchos/SocialSymbols.build/SocialSymbols.modulemap
WriteAuxiliaryFile /Users/admin/builder/spi-builder-workspace/.derivedData/Build/Intermediates.noindex/SocialSymbols.build/Debug-watchos/SocialSymbols.build/DerivedSources/resource_bundle_accessor.swift (in target 'SocialSymbols' from project 'SocialSymbols')
    cd /Users/admin/builder/spi-builder-workspace
    write-file /Users/admin/builder/spi-builder-workspace/.derivedData/Build/Intermediates.noindex/SocialSymbols.build/Debug-watchos/SocialSymbols.build/DerivedSources/resource_bundle_accessor.swift
WriteAuxiliaryFile /Users/admin/builder/spi-builder-workspace/.derivedData/Build/Intermediates.noindex/SocialSymbols.build/Debug-watchos/SocialSymbols_SocialSymbols.build/empty-SocialSymbols_SocialSymbols.plist (in target 'SocialSymbols_SocialSymbols' from project 'SocialSymbols')
    cd /Users/admin/builder/spi-builder-workspace
    write-file /Users/admin/builder/spi-builder-workspace/.derivedData/Build/Intermediates.noindex/SocialSymbols.build/Debug-watchos/SocialSymbols_SocialSymbols.build/empty-SocialSymbols_SocialSymbols.plist
WriteAuxiliaryFile /Users/admin/builder/spi-builder-workspace/.derivedData/Build/Intermediates.noindex/SocialSymbols.build/Debug-watchos/SocialSymbols.build/Objects-normal/arm64_32/SocialSymbols_const_extract_protocols.json (in target 'SocialSymbols' from project 'SocialSymbols')
    cd /Users/admin/builder/spi-builder-workspace
    write-file /Users/admin/builder/spi-builder-workspace/.derivedData/Build/Intermediates.noindex/SocialSymbols.build/Debug-watchos/SocialSymbols.build/Objects-normal/arm64_32/SocialSymbols_const_extract_protocols.json
WriteAuxiliaryFile /Users/admin/builder/spi-builder-workspace/.derivedData/Build/Intermediates.noindex/SocialSymbols.build/Debug-watchos/SocialSymbols.build/Objects-normal/arm64_32/SocialSymbols.LinkFileList (in target 'SocialSymbols' from project 'SocialSymbols')
    cd /Users/admin/builder/spi-builder-workspace
    write-file /Users/admin/builder/spi-builder-workspace/.derivedData/Build/Intermediates.noindex/SocialSymbols.build/Debug-watchos/SocialSymbols.build/Objects-normal/arm64_32/SocialSymbols.LinkFileList
WriteAuxiliaryFile /Users/admin/builder/spi-builder-workspace/.derivedData/Build/Intermediates.noindex/SocialSymbols.build/Debug-watchos/SocialSymbols.build/Objects-normal/arm64/SocialSymbols-OutputFileMap.json (in target 'SocialSymbols' from project 'SocialSymbols')
    cd /Users/admin/builder/spi-builder-workspace
    write-file /Users/admin/builder/spi-builder-workspace/.derivedData/Build/Intermediates.noindex/SocialSymbols.build/Debug-watchos/SocialSymbols.build/Objects-normal/arm64/SocialSymbols-OutputFileMap.json
WriteAuxiliaryFile /Users/admin/builder/spi-builder-workspace/.derivedData/Build/Intermediates.noindex/SocialSymbols.build/Debug-watchos/SocialSymbols.build/Objects-normal/arm64/SocialSymbols_const_extract_protocols.json (in target 'SocialSymbols' from project 'SocialSymbols')
    cd /Users/admin/builder/spi-builder-workspace
    write-file /Users/admin/builder/spi-builder-workspace/.derivedData/Build/Intermediates.noindex/SocialSymbols.build/Debug-watchos/SocialSymbols.build/Objects-normal/arm64/SocialSymbols_const_extract_protocols.json
WriteAuxiliaryFile /Users/admin/builder/spi-builder-workspace/.derivedData/Build/Intermediates.noindex/SocialSymbols.build/Debug-watchos/SocialSymbols.build/Objects-normal/arm64/SocialSymbols.LinkFileList (in target 'SocialSymbols' from project 'SocialSymbols')
    cd /Users/admin/builder/spi-builder-workspace
    write-file /Users/admin/builder/spi-builder-workspace/.derivedData/Build/Intermediates.noindex/SocialSymbols.build/Debug-watchos/SocialSymbols.build/Objects-normal/arm64/SocialSymbols.LinkFileList
WriteAuxiliaryFile /Users/admin/builder/spi-builder-workspace/.derivedData/Build/Intermediates.noindex/SocialSymbols.build/Debug-watchos/SocialSymbols.build/Objects-normal/arm64_32/SocialSymbols-OutputFileMap.json (in target 'SocialSymbols' from project 'SocialSymbols')
    cd /Users/admin/builder/spi-builder-workspace
    write-file /Users/admin/builder/spi-builder-workspace/.derivedData/Build/Intermediates.noindex/SocialSymbols.build/Debug-watchos/SocialSymbols.build/Objects-normal/arm64_32/SocialSymbols-OutputFileMap.json
WriteAuxiliaryFile /Users/admin/builder/spi-builder-workspace/.derivedData/Build/Intermediates.noindex/SocialSymbols.build/Debug-watchos/SocialSymbols_SocialSymbols.build/SocialSymbols_SocialSymbols.DependencyStaticMetadataFileList (in target 'SocialSymbols_SocialSymbols' from project 'SocialSymbols')
    cd /Users/admin/builder/spi-builder-workspace
    write-file /Users/admin/builder/spi-builder-workspace/.derivedData/Build/Intermediates.noindex/SocialSymbols.build/Debug-watchos/SocialSymbols_SocialSymbols.build/SocialSymbols_SocialSymbols.DependencyStaticMetadataFileList
WriteAuxiliaryFile /Users/admin/builder/spi-builder-workspace/.derivedData/Build/Intermediates.noindex/SocialSymbols.build/Debug-watchos/SocialSymbols_SocialSymbols.build/SocialSymbols_SocialSymbols.DependencyMetadataFileList (in target 'SocialSymbols_SocialSymbols' from project 'SocialSymbols')
    cd /Users/admin/builder/spi-builder-workspace
    write-file /Users/admin/builder/spi-builder-workspace/.derivedData/Build/Intermediates.noindex/SocialSymbols.build/Debug-watchos/SocialSymbols_SocialSymbols.build/SocialSymbols_SocialSymbols.DependencyMetadataFileList
WriteAuxiliaryFile /Users/admin/builder/spi-builder-workspace/.derivedData/Build/Intermediates.noindex/SocialSymbols.build/Debug-watchos/SocialSymbols.build/SocialSymbols.DependencyStaticMetadataFileList (in target 'SocialSymbols' from project 'SocialSymbols')
    cd /Users/admin/builder/spi-builder-workspace
    write-file /Users/admin/builder/spi-builder-workspace/.derivedData/Build/Intermediates.noindex/SocialSymbols.build/Debug-watchos/SocialSymbols.build/SocialSymbols.DependencyStaticMetadataFileList
WriteAuxiliaryFile /Users/admin/builder/spi-builder-workspace/.derivedData/Build/Intermediates.noindex/SocialSymbols.build/Debug-watchos/SocialSymbols.build/SocialSymbols.DependencyMetadataFileList (in target 'SocialSymbols' from project 'SocialSymbols')
    cd /Users/admin/builder/spi-builder-workspace
    write-file /Users/admin/builder/spi-builder-workspace/.derivedData/Build/Intermediates.noindex/SocialSymbols.build/Debug-watchos/SocialSymbols.build/SocialSymbols.DependencyMetadataFileList
WriteAuxiliaryFile /Users/admin/builder/spi-builder-workspace/.derivedData/Build/Intermediates.noindex/SocialSymbols.build/Debug-watchos/SocialSymbols.build/Objects-normal/arm64_32/SocialSymbols.SwiftFileList (in target 'SocialSymbols' from project 'SocialSymbols')
    cd /Users/admin/builder/spi-builder-workspace
    write-file /Users/admin/builder/spi-builder-workspace/.derivedData/Build/Intermediates.noindex/SocialSymbols.build/Debug-watchos/SocialSymbols.build/Objects-normal/arm64_32/SocialSymbols.SwiftFileList
WriteAuxiliaryFile /Users/admin/builder/spi-builder-workspace/.derivedData/Build/Intermediates.noindex/SocialSymbols.build/Debug-watchos/SocialSymbols.build/Objects-normal/arm64_32/SocialSymbols.SwiftConstValuesFileList (in target 'SocialSymbols' from project 'SocialSymbols')
    cd /Users/admin/builder/spi-builder-workspace
    write-file /Users/admin/builder/spi-builder-workspace/.derivedData/Build/Intermediates.noindex/SocialSymbols.build/Debug-watchos/SocialSymbols.build/Objects-normal/arm64_32/SocialSymbols.SwiftConstValuesFileList
WriteAuxiliaryFile /Users/admin/builder/spi-builder-workspace/.derivedData/Build/Intermediates.noindex/SocialSymbols.build/Debug-watchos/SocialSymbols.build/Objects-normal/arm64/SocialSymbols.SwiftFileList (in target 'SocialSymbols' from project 'SocialSymbols')
    cd /Users/admin/builder/spi-builder-workspace
    write-file /Users/admin/builder/spi-builder-workspace/.derivedData/Build/Intermediates.noindex/SocialSymbols.build/Debug-watchos/SocialSymbols.build/Objects-normal/arm64/SocialSymbols.SwiftFileList
WriteAuxiliaryFile /Users/admin/builder/spi-builder-workspace/.derivedData/Build/Intermediates.noindex/SocialSymbols.build/Debug-watchos/SocialSymbols.build/Objects-normal/arm64/SocialSymbols.SwiftConstValuesFileList (in target 'SocialSymbols' from project 'SocialSymbols')
    cd /Users/admin/builder/spi-builder-workspace
    write-file /Users/admin/builder/spi-builder-workspace/.derivedData/Build/Intermediates.noindex/SocialSymbols.build/Debug-watchos/SocialSymbols.build/Objects-normal/arm64/SocialSymbols.SwiftConstValuesFileList
MkDir /Users/admin/builder/spi-builder-workspace/.derivedData/Build/Products/Debug-watchos/SocialSymbols_SocialSymbols.bundle (in target 'SocialSymbols_SocialSymbols' from project 'SocialSymbols')
    cd /Users/admin/builder/spi-builder-workspace
    /bin/mkdir -p /Users/admin/builder/spi-builder-workspace/.derivedData/Build/Products/Debug-watchos/SocialSymbols_SocialSymbols.bundle
Copy /Users/admin/builder/spi-builder-workspace/.derivedData/Build/Intermediates.noindex/GeneratedModuleMaps-watchos/SocialSymbols.modulemap /Users/admin/builder/spi-builder-workspace/.derivedData/Build/Intermediates.noindex/SocialSymbols.build/Debug-watchos/SocialSymbols.build/SocialSymbols.modulemap (in target 'SocialSymbols' from project 'SocialSymbols')
    cd /Users/admin/builder/spi-builder-workspace
    builtin-copy -exclude .DS_Store -exclude CVS -exclude .svn -exclude .git -exclude .hg -resolve-src-symlinks /Users/admin/builder/spi-builder-workspace/.derivedData/Build/Intermediates.noindex/SocialSymbols.build/Debug-watchos/SocialSymbols.build/SocialSymbols.modulemap /Users/admin/builder/spi-builder-workspace/.derivedData/Build/Intermediates.noindex/GeneratedModuleMaps-watchos
MkDir /Users/admin/builder/spi-builder-workspace/.derivedData/Build/Intermediates.noindex/SocialSymbols.build/Debug-watchos/SocialSymbols_SocialSymbols.build/assetcatalog_output/unthinned (in target 'SocialSymbols_SocialSymbols' from project 'SocialSymbols')
    cd /Users/admin/builder/spi-builder-workspace
    /bin/mkdir -p /Users/admin/builder/spi-builder-workspace/.derivedData/Build/Intermediates.noindex/SocialSymbols.build/Debug-watchos/SocialSymbols_SocialSymbols.build/assetcatalog_output/unthinned
MkDir /Users/admin/builder/spi-builder-workspace/.derivedData/Build/Intermediates.noindex/SocialSymbols.build/Debug-watchos/SocialSymbols_SocialSymbols.build/assetcatalog_output/thinned (in target 'SocialSymbols_SocialSymbols' from project 'SocialSymbols')
    cd /Users/admin/builder/spi-builder-workspace
    /bin/mkdir -p /Users/admin/builder/spi-builder-workspace/.derivedData/Build/Intermediates.noindex/SocialSymbols.build/Debug-watchos/SocialSymbols_SocialSymbols.build/assetcatalog_output/thinned
GenerateAssetSymbols /Users/admin/builder/spi-builder-workspace/Sources/SocialSymbols/Resources/Assets.xcassets (in target 'SocialSymbols' from project 'SocialSymbols')
    cd /Users/admin/builder/spi-builder-workspace
    /Applications/Xcode-16.3.0.app/Contents/Developer/usr/bin/actool /Users/admin/builder/spi-builder-workspace/Sources/SocialSymbols/Resources/Assets.xcassets --compile /Users/admin/builder/spi-builder-workspace/.derivedData/Build/Products/Debug-watchos --output-format human-readable-text --notices --warnings --export-dependency-info /Users/admin/builder/spi-builder-workspace/.derivedData/Build/Intermediates.noindex/SocialSymbols.build/Debug-watchos/SocialSymbols.build/assetcatalog_dependencies --output-partial-info-plist /Users/admin/builder/spi-builder-workspace/.derivedData/Build/Intermediates.noindex/SocialSymbols.build/Debug-watchos/SocialSymbols.build/assetcatalog_generated_info.plist --compress-pngs --enable-on-demand-resources NO --development-region en --target-device watch --minimum-deployment-target 9.2 --platform watchos --bundle-identifier spi-builder-workspace.SocialSymbols --generate-swift-asset-symbol-extensions NO --generate-swift-asset-symbols /Users/admin/builder/spi-builder-workspace/.derivedData/Build/Intermediates.noindex/SocialSymbols.build/Debug-watchos/SocialSymbols.build/DerivedSources/GeneratedAssetSymbols.swift --generate-objc-asset-symbols /Users/admin/builder/spi-builder-workspace/.derivedData/Build/Intermediates.noindex/SocialSymbols.build/Debug-watchos/SocialSymbols.build/DerivedSources/GeneratedAssetSymbols.h --generate-asset-symbol-index /Users/admin/builder/spi-builder-workspace/.derivedData/Build/Intermediates.noindex/SocialSymbols.build/Debug-watchos/SocialSymbols.build/DerivedSources/GeneratedAssetSymbols-Index.plist
/* com.apple.actool.compilation-results */
/Users/admin/builder/spi-builder-workspace/.derivedData/Build/Intermediates.noindex/SocialSymbols.build/Debug-watchos/SocialSymbols.build/DerivedSources/GeneratedAssetSymbols-Index.plist
/Users/admin/builder/spi-builder-workspace/.derivedData/Build/Intermediates.noindex/SocialSymbols.build/Debug-watchos/SocialSymbols.build/DerivedSources/GeneratedAssetSymbols.h
/Users/admin/builder/spi-builder-workspace/.derivedData/Build/Intermediates.noindex/SocialSymbols.build/Debug-watchos/SocialSymbols.build/DerivedSources/GeneratedAssetSymbols.swift
CompileAssetCatalogVariant thinned /Users/admin/builder/spi-builder-workspace/.derivedData/Build/Products/Debug-watchos/SocialSymbols_SocialSymbols.bundle /Users/admin/builder/spi-builder-workspace/Sources/SocialSymbols/Resources/Assets.xcassets (in target 'SocialSymbols_SocialSymbols' from project 'SocialSymbols')
    cd /Users/admin/builder/spi-builder-workspace
    /Applications/Xcode-16.3.0.app/Contents/Developer/usr/bin/actool /Users/admin/builder/spi-builder-workspace/Sources/SocialSymbols/Resources/Assets.xcassets --compile /Users/admin/builder/spi-builder-workspace/.derivedData/Build/Intermediates.noindex/SocialSymbols.build/Debug-watchos/SocialSymbols_SocialSymbols.build/assetcatalog_output/thinned --output-format human-readable-text --notices --warnings --export-dependency-info /Users/admin/builder/spi-builder-workspace/.derivedData/Build/Intermediates.noindex/SocialSymbols.build/Debug-watchos/SocialSymbols_SocialSymbols.build/assetcatalog_dependencies_thinned --output-partial-info-plist /Users/admin/builder/spi-builder-workspace/.derivedData/Build/Intermediates.noindex/SocialSymbols.build/Debug-watchos/SocialSymbols_SocialSymbols.build/assetcatalog_generated_info.plist_thinned --compress-pngs --enable-on-demand-resources NO --development-region en --target-device watch --minimum-deployment-target 9.2 --platform watchos
SwiftDriver SocialSymbols normal arm64_32 com.apple.xcode.tools.swift.compiler (in target 'SocialSymbols' from project 'SocialSymbols')
    cd /Users/admin/builder/spi-builder-workspace/.swiftpm/xcode
    builtin-SwiftDriver -- /Applications/Xcode-16.3.0.app/Contents/Developer/Toolchains/XcodeDefault.xctoolchain/usr/bin/swiftc -module-name SocialSymbols -Onone -enforce-exclusivity\=checked @/Users/admin/builder/spi-builder-workspace/.derivedData/Build/Intermediates.noindex/SocialSymbols.build/Debug-watchos/SocialSymbols.build/Objects-normal/arm64_32/SocialSymbols.SwiftFileList -DSWIFT_PACKAGE -DDEBUG -stats-output-dir .stats -strict-concurrency\=complete -enable-upcoming-feature StrictConcurrency -enable-upcoming-feature DisableOutwardActorInference -enable-upcoming-feature GlobalActorIsolatedTypesUsability -enable-upcoming-feature InferSendableFromCaptures -plugin-path /Applications/Xcode-16.3.0.app/Contents/Developer/Toolchains/XcodeDefault.xctoolchain/usr/lib/swift/host/plugins/testing -enable-experimental-feature DebugDescriptionMacro -sdk /Applications/Xcode-16.3.0.app/Contents/Developer/Platforms/WatchOS.platform/Developer/SDKs/WatchOS11.4.sdk -target arm64_32-apple-watchos9.2 -g -module-cache-path /Users/admin/builder/spi-builder-workspace/.derivedData/ModuleCache.noindex -Xfrontend -serialize-debugging-options -profile-coverage-mapping -profile-generate -enable-testing -index-store-path /Users/admin/builder/spi-builder-workspace/.derivedData/Index.noindex/DataStore -swift-version 5 -I /Users/admin/builder/spi-builder-workspace/.derivedData/Build/Products/Debug-watchos -I /Applications/Xcode-16.3.0.app/Contents/Developer/Platforms/WatchOS.platform/Developer/usr/lib -F /Users/admin/builder/spi-builder-workspace/.derivedData/Build/Products/Debug-watchos -F /Applications/Xcode-16.3.0.app/Contents/Developer/Platforms/WatchOS.platform/Developer/Library/Frameworks -F /Applications/Xcode-16.3.0.app/Contents/Developer/Platforms/WatchOS.platform/Developer/SDKs/WatchOS11.4.sdk/Developer/Library/Frameworks -c -j10 -enable-batch-mode -incremental -Xcc -ivfsstatcache -Xcc /Users/admin/builder/spi-builder-workspace/.derivedData/SDKStatCaches.noindex/watchos11.4-22T246-43efb940ff07ba2497b70ec94253f576.sdkstatcache -output-file-map /Users/admin/builder/spi-builder-workspace/.derivedData/Build/Intermediates.noindex/SocialSymbols.build/Debug-watchos/SocialSymbols.build/Objects-normal/arm64_32/SocialSymbols-OutputFileMap.json -use-frontend-parseable-output -save-temps -no-color-diagnostics -serialize-diagnostics -emit-dependencies -emit-module -emit-module-path /Users/admin/builder/spi-builder-workspace/.derivedData/Build/Intermediates.noindex/SocialSymbols.build/Debug-watchos/SocialSymbols.build/Objects-normal/arm64_32/SocialSymbols.swiftmodule -validate-clang-modules-once -clang-build-session-file /Users/admin/builder/spi-builder-workspace/.derivedData/ModuleCache.noindex/Session.modulevalidation -package-name spi_builder_workspace -Xcc -I/Users/admin/builder/spi-builder-workspace/.derivedData/Build/Intermediates.noindex/SocialSymbols.build/Debug-watchos/SocialSymbols.build/swift-overrides.hmap -emit-const-values -Xfrontend -const-gather-protocols-file -Xfrontend /Users/admin/builder/spi-builder-workspace/.derivedData/Build/Intermediates.noindex/SocialSymbols.build/Debug-watchos/SocialSymbols.build/Objects-normal/arm64_32/SocialSymbols_const_extract_protocols.json -Xcc -I/Users/admin/builder/spi-builder-workspace/.derivedData/Build/Products/Debug-watchos/include -Xcc -I/Users/admin/builder/spi-builder-workspace/.derivedData/Build/Intermediates.noindex/SocialSymbols.build/Debug-watchos/SocialSymbols.build/DerivedSources-normal/arm64_32 -Xcc -I/Users/admin/builder/spi-builder-workspace/.derivedData/Build/Intermediates.noindex/SocialSymbols.build/Debug-watchos/SocialSymbols.build/DerivedSources/arm64_32 -Xcc -I/Users/admin/builder/spi-builder-workspace/.derivedData/Build/Intermediates.noindex/SocialSymbols.build/Debug-watchos/SocialSymbols.build/DerivedSources -Xcc -DSWIFT_PACKAGE -Xcc -DDEBUG\=1 -emit-objc-header -emit-objc-header-path /Users/admin/builder/spi-builder-workspace/.derivedData/Build/Intermediates.noindex/SocialSymbols.build/Debug-watchos/SocialSymbols.build/Objects-normal/arm64_32/SocialSymbols-Swift.h -working-directory /Users/admin/builder/spi-builder-workspace/.swiftpm/xcode -experimental-emit-module-separately -disable-cmo
SwiftDriver SocialSymbols normal arm64 com.apple.xcode.tools.swift.compiler (in target 'SocialSymbols' from project 'SocialSymbols')
    cd /Users/admin/builder/spi-builder-workspace/.swiftpm/xcode
    builtin-SwiftDriver -- /Applications/Xcode-16.3.0.app/Contents/Developer/Toolchains/XcodeDefault.xctoolchain/usr/bin/swiftc -module-name SocialSymbols -Onone -enforce-exclusivity\=checked @/Users/admin/builder/spi-builder-workspace/.derivedData/Build/Intermediates.noindex/SocialSymbols.build/Debug-watchos/SocialSymbols.build/Objects-normal/arm64/SocialSymbols.SwiftFileList -DSWIFT_PACKAGE -DDEBUG -stats-output-dir .stats -strict-concurrency\=complete -enable-upcoming-feature StrictConcurrency -enable-upcoming-feature DisableOutwardActorInference -enable-upcoming-feature GlobalActorIsolatedTypesUsability -enable-upcoming-feature InferSendableFromCaptures -plugin-path /Applications/Xcode-16.3.0.app/Contents/Developer/Toolchains/XcodeDefault.xctoolchain/usr/lib/swift/host/plugins/testing -enable-experimental-feature DebugDescriptionMacro -sdk /Applications/Xcode-16.3.0.app/Contents/Developer/Platforms/WatchOS.platform/Developer/SDKs/WatchOS11.4.sdk -target arm64-apple-watchos9.2 -g -module-cache-path /Users/admin/builder/spi-builder-workspace/.derivedData/ModuleCache.noindex -Xfrontend -serialize-debugging-options -profile-coverage-mapping -profile-generate -enable-testing -index-store-path /Users/admin/builder/spi-builder-workspace/.derivedData/Index.noindex/DataStore -swift-version 5 -I /Users/admin/builder/spi-builder-workspace/.derivedData/Build/Products/Debug-watchos -I /Applications/Xcode-16.3.0.app/Contents/Developer/Platforms/WatchOS.platform/Developer/usr/lib -F /Users/admin/builder/spi-builder-workspace/.derivedData/Build/Products/Debug-watchos -F /Applications/Xcode-16.3.0.app/Contents/Developer/Platforms/WatchOS.platform/Developer/Library/Frameworks -F /Applications/Xcode-16.3.0.app/Contents/Developer/Platforms/WatchOS.platform/Developer/SDKs/WatchOS11.4.sdk/Developer/Library/Frameworks -c -j10 -enable-batch-mode -incremental -Xcc -ivfsstatcache -Xcc /Users/admin/builder/spi-builder-workspace/.derivedData/SDKStatCaches.noindex/watchos11.4-22T246-43efb940ff07ba2497b70ec94253f576.sdkstatcache -output-file-map /Users/admin/builder/spi-builder-workspace/.derivedData/Build/Intermediates.noindex/SocialSymbols.build/Debug-watchos/SocialSymbols.build/Objects-normal/arm64/SocialSymbols-OutputFileMap.json -use-frontend-parseable-output -save-temps -no-color-diagnostics -serialize-diagnostics -emit-dependencies -emit-module -emit-module-path /Users/admin/builder/spi-builder-workspace/.derivedData/Build/Intermediates.noindex/SocialSymbols.build/Debug-watchos/SocialSymbols.build/Objects-normal/arm64/SocialSymbols.swiftmodule -validate-clang-modules-once -clang-build-session-file /Users/admin/builder/spi-builder-workspace/.derivedData/ModuleCache.noindex/Session.modulevalidation -package-name spi_builder_workspace -Xcc -I/Users/admin/builder/spi-builder-workspace/.derivedData/Build/Intermediates.noindex/SocialSymbols.build/Debug-watchos/SocialSymbols.build/swift-overrides.hmap -emit-const-values -Xfrontend -const-gather-protocols-file -Xfrontend /Users/admin/builder/spi-builder-workspace/.derivedData/Build/Intermediates.noindex/SocialSymbols.build/Debug-watchos/SocialSymbols.build/Objects-normal/arm64/SocialSymbols_const_extract_protocols.json -Xcc -I/Users/admin/builder/spi-builder-workspace/.derivedData/Build/Products/Debug-watchos/include -Xcc -I/Users/admin/builder/spi-builder-workspace/.derivedData/Build/Intermediates.noindex/SocialSymbols.build/Debug-watchos/SocialSymbols.build/DerivedSources-normal/arm64 -Xcc -I/Users/admin/builder/spi-builder-workspace/.derivedData/Build/Intermediates.noindex/SocialSymbols.build/Debug-watchos/SocialSymbols.build/DerivedSources/arm64 -Xcc -I/Users/admin/builder/spi-builder-workspace/.derivedData/Build/Intermediates.noindex/SocialSymbols.build/Debug-watchos/SocialSymbols.build/DerivedSources -Xcc -DSWIFT_PACKAGE -Xcc -DDEBUG\=1 -emit-objc-header -emit-objc-header-path /Users/admin/builder/spi-builder-workspace/.derivedData/Build/Intermediates.noindex/SocialSymbols.build/Debug-watchos/SocialSymbols.build/Objects-normal/arm64/SocialSymbols-Swift.h -working-directory /Users/admin/builder/spi-builder-workspace/.swiftpm/xcode -experimental-emit-module-separately -disable-cmo
SwiftEmitModule normal arm64_32 Emitting\ module\ for\ SocialSymbols (in target 'SocialSymbols' from project 'SocialSymbols')
EmitSwiftModule normal arm64_32 (in target 'SocialSymbols' from project 'SocialSymbols')
    cd /Users/admin/builder/spi-builder-workspace/.swiftpm/xcode

/Users/admin/builder/spi-builder-workspace/Sources/SocialSymbols/SocialSymbol.swift:176:24: warning: static property 'lookup' is not concurrency-safe because non-'Sendable' type '[String : SocialLogo]' may have shared mutable state; this is an error in the Swift 6 language mode
    private static let lookup: [String: SocialLogo] = {
                       ^
/Users/admin/builder/spi-builder-workspace/Sources/SocialSymbols/SocialSymbol.swift:41:13: note: consider making enum 'SocialLogo' conform to the 'Sendable' protocol
public enum SocialLogo: String, CaseIterable {
            ^
                                            , Sendable
/Users/admin/builder/spi-builder-workspace/Sources/SocialSymbols/SocialSymbol.swift:176:24: note: add '@MainActor' to make static property 'lookup' part of global actor 'MainActor'
    private static let lookup: [String: SocialLogo] = {
                       ^
    @MainActor
/Users/admin/builder/spi-builder-workspace/Sources/SocialSymbols/SocialSymbol.swift:176:24: note: disable concurrency-safety checks if accesses are protected by an external synchronization mechanism
    private static let lookup: [String: SocialLogo] = {
                       ^
    nonisolated(unsafe)
SwiftCompile normal arm64 Compiling\ resource_bundle_accessor.swift /Users/admin/builder/spi-builder-workspace/.derivedData/Build/Intermediates.noindex/SocialSymbols.build/Debug-watchos/SocialSymbols.build/DerivedSources/resource_bundle_accessor.swift (in target 'SocialSymbols' from project 'SocialSymbols')
SwiftCompile normal arm64 /Users/admin/builder/spi-builder-workspace/.derivedData/Build/Intermediates.noindex/SocialSymbols.build/Debug-watchos/SocialSymbols.build/DerivedSources/resource_bundle_accessor.swift (in target 'SocialSymbols' from project 'SocialSymbols')
    cd /Users/admin/builder/spi-builder-workspace/.swiftpm/xcode

SwiftCompile normal arm64_32 Compiling\ GeneratedAssetSymbols.swift /Users/admin/builder/spi-builder-workspace/.derivedData/Build/Intermediates.noindex/SocialSymbols.build/Debug-watchos/SocialSymbols.build/DerivedSources/GeneratedAssetSymbols.swift (in target 'SocialSymbols' from project 'SocialSymbols')
SwiftCompile normal arm64_32 /Users/admin/builder/spi-builder-workspace/.derivedData/Build/Intermediates.noindex/SocialSymbols.build/Debug-watchos/SocialSymbols.build/DerivedSources/GeneratedAssetSymbols.swift (in target 'SocialSymbols' from project 'SocialSymbols')
    cd /Users/admin/builder/spi-builder-workspace/.swiftpm/xcode

SwiftCompile normal arm64 Compiling\ SocialSymbol.swift /Users/admin/builder/spi-builder-workspace/Sources/SocialSymbols/SocialSymbol.swift (in target 'SocialSymbols' from project 'SocialSymbols')
Failed frontend command:
/Applications/Xcode-16.3.0.app/Contents/Developer/Toolchains/XcodeDefault.xctoolchain/usr/bin/swift-frontend -frontend -c /Users/admin/builder/spi-builder-workspace/.derivedData/Build/Intermediates.noindex/SocialSymbols.build/Debug-watchos/SocialSymbols.build/DerivedSources/resource_bundle_accessor.swift -primary-file /Users/admin/builder/spi-builder-workspace/Sources/SocialSymbols/SocialSymbol.swift /Users/admin/builder/spi-builder-workspace/.derivedData/Build/Intermediates.noindex/SocialSymbols.build/Debug-watchos/SocialSymbols.build/DerivedSources/GeneratedAssetSymbols.swift -emit-dependencies-path /Users/admin/builder/spi-builder-workspace/.derivedData/Build/Intermediates.noindex/SocialSymbols.build/Debug-watchos/SocialSymbols.build/Objects-normal/arm64/SocialSymbol.d -emit-const-values-path /Users/admin/builder/spi-builder-workspace/.derivedData/Build/Intermediates.noindex/SocialSymbols.build/Debug-watchos/SocialSymbols.build/Objects-normal/arm64/SocialSymbol.swiftconstvalues -emit-reference-dependencies-path /Users/admin/builder/spi-builder-workspace/.derivedData/Build/Intermediates.noindex/SocialSymbols.build/Debug-watchos/SocialSymbols.build/Objects-normal/arm64/SocialSymbol.swiftdeps -serialize-diagnostics-path /Users/admin/builder/spi-builder-workspace/.derivedData/Build/Intermediates.noindex/SocialSymbols.build/Debug-watchos/SocialSymbols.build/Objects-normal/arm64/SocialSymbol.dia -target arm64-apple-watchos9.2 -Xllvm -aarch64-use-tbi -enable-objc-interop -stack-check -sdk /Applications/Xcode-16.3.0.app/Contents/Developer/Platforms/WatchOS.platform/Developer/SDKs/WatchOS11.4.sdk -I /Users/admin/builder/spi-builder-workspace/.derivedData/Build/Products/Debug-watchos -I /Applications/Xcode-16.3.0.app/Contents/Developer/Platforms/WatchOS.platform/Developer/usr/lib -F /Users/admin/builder/spi-builder-workspace/.derivedData/Build/Products/Debug-watchos -F /Applications/Xcode-16.3.0.app/Contents/Developer/Platforms/WatchOS.platform/Developer/Library/Frameworks -F /Applications/Xcode-16.3.0.app/Contents/Developer/Platforms/WatchOS.platform/Developer/SDKs/WatchOS11.4.sdk/Developer/Library/Frameworks -no-color-diagnostics -enable-testing -g -debug-info-format\=dwarf -dwarf-version\=4 -module-cache-path /Users/admin/builder/spi-builder-workspace/.derivedData/ModuleCache.noindex -profile-generate -profile-coverage-mapping -swift-version 5 -enforce-exclusivity\=checked -stats-output-dir /Users/admin/builder/spi-builder-workspace/.swiftpm/xcode/.stats -Onone -D SWIFT_PACKAGE -D DEBUG -serialize-debugging-options -const-gather-protocols-file /Users/admin/builder/spi-builder-workspace/.derivedData/Build/Intermediates.noindex/SocialSymbols.build/Debug-watchos/SocialSymbols.build/Objects-normal/arm64/SocialSymbols_const_extract_protocols.json -enable-upcoming-feature StrictConcurrency -enable-upcoming-feature DisableOutwardActorInference -enable-upcoming-feature GlobalActorIsolatedTypesUsability -enable-upcoming-feature InferSendableFromCaptures -enable-experimental-feature DebugDescriptionMacro -strict-concurrency\=complete -empty-abi-descriptor -plugin-path /Applications/Xcode-16.3.0.app/Contents/Developer/Toolchains/XcodeDefault.xctoolchain/usr/lib/swift/host/plugins/testing -validate-clang-modules-once -clang-build-session-file /Users/admin/builder/spi-builder-workspace/.derivedData/ModuleCache.noindex/Session.modulevalidation -Xcc -working-directory -Xcc /Users/admin/builder/spi-builder-workspace/.swiftpm/xcode -resource-dir /Applications/Xcode-16.3.0.app/Contents/Developer/Toolchains/XcodeDefault.xctoolchain/usr/lib/swift -enable-anonymous-context-mangled-names -file-compilation-dir /Users/admin/builder/spi-builder-workspace/.swiftpm/xcode -Xcc -ivfsstatcache -Xcc /Users/admin/builder/spi-builder-workspace/.derivedData/SDKStatCaches.noindex/watchos11.4-22T246-43efb940ff07ba2497b70ec94253f576.sdkstatcache -Xcc -I/Users/admin/builder/spi-builder-workspace/.derivedData/Build/Intermediates.noindex/SocialSymbols.build/Debug-watchos/SocialSymbols.build/swift-overrides.hmap -Xcc -I/Users/admin/builder/spi-builder-workspace/.derivedData/Build/Products/Debug-watchos/include -Xcc -I/Users/admin/builder/spi-builder-workspace/.derivedData/Build/Intermediates.noindex/SocialSymbols.build/Debug-watchos/SocialSymbols.build/DerivedSources-normal/arm64 -Xcc -I/Users/admin/builder/spi-builder-workspace/.derivedData/Build/Intermediates.noindex/SocialSymbols.build/Debug-watchos/SocialSymbols.build/DerivedSources/arm64 -Xcc -I/Users/admin/builder/spi-builder-workspace/.derivedData/Build/Intermediates.noindex/SocialSymbols.build/Debug-watchos/SocialSymbols.build/DerivedSources -Xcc -DSWIFT_PACKAGE -Xcc -DDEBUG\=1 -module-name SocialSymbols -package-name spi_builder_workspace -frontend-parseable-output -disable-clang-spi -target-sdk-version 11.4 -target-sdk-name watchos11.4 -external-plugin-path /Applications/Xcode-16.3.0.app/Contents/Developer/Platforms/WatchOS.platform/Developer/usr/lib/swift/host/plugins\#/Applications/Xcode-16.3.0.app/Contents/Developer/Platforms/WatchOS.platform/Developer/usr/bin/swift-plugin-server -external-plugin-path /Applications/Xcode-16.3.0.app/Contents/Developer/Platforms/WatchOS.platform/Developer/usr/local/lib/swift/host/plugins\#/Applications/Xcode-16.3.0.app/Contents/Developer/Platforms/WatchOS.platform/Developer/usr/bin/swift-plugin-server -in-process-plugin-server-path /Applications/Xcode-16.3.0.app/Contents/Developer/Toolchains/XcodeDefault.xctoolchain/usr/lib/swift/host/libSwiftInProcPluginServer.dylib -plugin-path /Applications/Xcode-16.3.0.app/Contents/Developer/Toolchains/XcodeDefault.xctoolchain/usr/lib/swift/host/plugins -plugin-path /Applications/Xcode-16.3.0.app/Contents/Developer/Toolchains/XcodeDefault.xctoolchain/usr/local/lib/swift/host/plugins -o /Users/admin/builder/spi-builder-workspace/.derivedData/Build/Intermediates.noindex/SocialSymbols.build/Debug-watchos/SocialSymbols.build/Objects-normal/arm64/SocialSymbol.o -index-unit-output-path /SocialSymbols.build/Debug-watchos/SocialSymbols.build/Objects-normal/arm64/SocialSymbol.o -index-store-path /Users/admin/builder/spi-builder-workspace/.derivedData/Index.noindex/DataStore -index-system-modules
SwiftCompile normal arm64 /Users/admin/builder/spi-builder-workspace/Sources/SocialSymbols/SocialSymbol.swift (in target 'SocialSymbols' from project 'SocialSymbols')
    cd /Users/admin/builder/spi-builder-workspace/.swiftpm/xcode

/Users/admin/builder/spi-builder-workspace/Sources/SocialSymbols/SocialSymbol.swift:176:24: warning: static property 'lookup' is not concurrency-safe because non-'Sendable' type '[String : SocialLogo]' may have shared mutable state; this is an error in the Swift 6 language mode
    private static let lookup: [String: SocialLogo] = {
                       ^
/Users/admin/builder/spi-builder-workspace/Sources/SocialSymbols/SocialSymbol.swift:41:13: note: consider making enum 'SocialLogo' conform to the 'Sendable' protocol
public enum SocialLogo: String, CaseIterable {
            ^
                                            , Sendable
/Users/admin/builder/spi-builder-workspace/Sources/SocialSymbols/SocialSymbol.swift:176:24: note: add '@MainActor' to make static property 'lookup' part of global actor 'MainActor'
    private static let lookup: [String: SocialLogo] = {
                       ^
    @MainActor
/Users/admin/builder/spi-builder-workspace/Sources/SocialSymbols/SocialSymbol.swift:176:24: note: disable concurrency-safety checks if accesses are protected by an external synchronization mechanism
    private static let lookup: [String: SocialLogo] = {
                       ^
    nonisolated(unsafe)
/Users/admin/builder/spi-builder-workspace/Sources/SocialSymbols/SocialSymbol.swift:83:33: error: incorrect argument label in call (have 'named:in:compatibleWith:', expected 'named:in:with:')
        if let uiImage = UIImage(named: assetName, in: .module, compatibleWith: nil) {
                                ^                               ~~~~~~~~~~~~~~
                                                                with
/Users/admin/builder/spi-builder-workspace/Sources/SocialSymbols/SocialSymbol.swift:238:16: error: incorrect argument label in call (have 'named:in:compatibleWith:', expected 'named:in:with:')
        UIImage(named: logo.assetName, in: .module, compatibleWith: nil)
               ^                                    ~~~~~~~~~~~~~~
                                                    with
SwiftEmitModule normal arm64 Emitting\ module\ for\ SocialSymbols (in target 'SocialSymbols' from project 'SocialSymbols')
EmitSwiftModule normal arm64 (in target 'SocialSymbols' from project 'SocialSymbols')
    cd /Users/admin/builder/spi-builder-workspace/.swiftpm/xcode

/Users/admin/builder/spi-builder-workspace/Sources/SocialSymbols/SocialSymbol.swift:176:24: warning: static property 'lookup' is not concurrency-safe because non-'Sendable' type '[String : SocialLogo]' may have shared mutable state; this is an error in the Swift 6 language mode
    private static let lookup: [String: SocialLogo] = {
                       ^
/Users/admin/builder/spi-builder-workspace/Sources/SocialSymbols/SocialSymbol.swift:41:13: note: consider making enum 'SocialLogo' conform to the 'Sendable' protocol
public enum SocialLogo: String, CaseIterable {
            ^
                                            , Sendable
/Users/admin/builder/spi-builder-workspace/Sources/SocialSymbols/SocialSymbol.swift:176:24: note: add '@MainActor' to make static property 'lookup' part of global actor 'MainActor'
    private static let lookup: [String: SocialLogo] = {
                       ^
    @MainActor
/Users/admin/builder/spi-builder-workspace/Sources/SocialSymbols/SocialSymbol.swift:176:24: note: disable concurrency-safety checks if accesses are protected by an external synchronization mechanism
    private static let lookup: [String: SocialLogo] = {
                       ^
    nonisolated(unsafe)
SwiftCompile normal arm64_32 Compiling\ SocialSymbol.swift /Users/admin/builder/spi-builder-workspace/Sources/SocialSymbols/SocialSymbol.swift (in target 'SocialSymbols' from project 'SocialSymbols')
SwiftCompile normal arm64_32 /Users/admin/builder/spi-builder-workspace/Sources/SocialSymbols/SocialSymbol.swift (in target 'SocialSymbols' from project 'SocialSymbols')
    cd /Users/admin/builder/spi-builder-workspace/.swiftpm/xcode

/Users/admin/builder/spi-builder-workspace/Sources/SocialSymbols/SocialSymbol.swift:176:24: warning: static property 'lookup' is not concurrency-safe because non-'Sendable' type '[String : SocialLogo]' may have shared mutable state; this is an error in the Swift 6 language mode
    private static let lookup: [String: SocialLogo] = {
                       ^
/Users/admin/builder/spi-builder-workspace/Sources/SocialSymbols/SocialSymbol.swift:41:13: note: consider making enum 'SocialLogo' conform to the 'Sendable' protocol
public enum SocialLogo: String, CaseIterable {
            ^
                                            , Sendable
/Users/admin/builder/spi-builder-workspace/Sources/SocialSymbols/SocialSymbol.swift:176:24: note: add '@MainActor' to make static property 'lookup' part of global actor 'MainActor'
    private static let lookup: [String: SocialLogo] = {
                       ^
    @MainActor
/Users/admin/builder/spi-builder-workspace/Sources/SocialSymbols/SocialSymbol.swift:176:24: note: disable concurrency-safety checks if accesses are protected by an external synchronization mechanism
    private static let lookup: [String: SocialLogo] = {
                       ^
    nonisolated(unsafe)
/Users/admin/builder/spi-builder-workspace/Sources/SocialSymbols/SocialSymbol.swift:83:33: error: incorrect argument label in call (have 'named:in:compatibleWith:', expected 'named:in:with:')
        if let uiImage = UIImage(named: assetName, in: .module, compatibleWith: nil) {
                                ^                               ~~~~~~~~~~~~~~
                                                                with
/Users/admin/builder/spi-builder-workspace/Sources/SocialSymbols/SocialSymbol.swift:238:16: error: incorrect argument label in call (have 'named:in:compatibleWith:', expected 'named:in:with:')
        UIImage(named: logo.assetName, in: .module, compatibleWith: nil)
               ^                                    ~~~~~~~~~~~~~~
                                                    with
Failed frontend command:
/Applications/Xcode-16.3.0.app/Contents/Developer/Toolchains/XcodeDefault.xctoolchain/usr/bin/swift-frontend -frontend -c /Users/admin/builder/spi-builder-workspace/.derivedData/Build/Intermediates.noindex/SocialSymbols.build/Debug-watchos/SocialSymbols.build/DerivedSources/resource_bundle_accessor.swift -primary-file /Users/admin/builder/spi-builder-workspace/Sources/SocialSymbols/SocialSymbol.swift /Users/admin/builder/spi-builder-workspace/.derivedData/Build/Intermediates.noindex/SocialSymbols.build/Debug-watchos/SocialSymbols.build/DerivedSources/GeneratedAssetSymbols.swift -emit-dependencies-path /Users/admin/builder/spi-builder-workspace/.derivedData/Build/Intermediates.noindex/SocialSymbols.build/Debug-watchos/SocialSymbols.build/Objects-normal/arm64_32/SocialSymbol.d -emit-const-values-path /Users/admin/builder/spi-builder-workspace/.derivedData/Build/Intermediates.noindex/SocialSymbols.build/Debug-watchos/SocialSymbols.build/Objects-normal/arm64_32/SocialSymbol.swiftconstvalues -emit-reference-dependencies-path /Users/admin/builder/spi-builder-workspace/.derivedData/Build/Intermediates.noindex/SocialSymbols.build/Debug-watchos/SocialSymbols.build/Objects-normal/arm64_32/SocialSymbol.swiftdeps -serialize-diagnostics-path /Users/admin/builder/spi-builder-workspace/.derivedData/Build/Intermediates.noindex/SocialSymbols.build/Debug-watchos/SocialSymbols.build/Objects-normal/arm64_32/SocialSymbol.dia -target arm64_32-apple-watchos9.2 -enable-objc-interop -sdk /Applications/Xcode-16.3.0.app/Contents/Developer/Platforms/WatchOS.platform/Developer/SDKs/WatchOS11.4.sdk -I /Users/admin/builder/spi-builder-workspace/.derivedData/Build/Products/Debug-watchos -I /Applications/Xcode-16.3.0.app/Contents/Developer/Platforms/WatchOS.platform/Developer/usr/lib -F /Users/admin/builder/spi-builder-workspace/.derivedData/Build/Products/Debug-watchos -F /Applications/Xcode-16.3.0.app/Contents/Developer/Platforms/WatchOS.platform/Developer/Library/Frameworks -F /Applications/Xcode-16.3.0.app/Contents/Developer/Platforms/WatchOS.platform/Developer/SDKs/WatchOS11.4.sdk/Developer/Library/Frameworks -no-color-diagnostics -enable-testing -g -debug-info-format\=dwarf -dwarf-version\=4 -module-cache-path /Users/admin/builder/spi-builder-workspace/.derivedData/ModuleCache.noindex -profile-generate -profile-coverage-mapping -swift-version 5 -enforce-exclusivity\=checked -stats-output-dir /Users/admin/builder/spi-builder-workspace/.swiftpm/xcode/.stats -Onone -D SWIFT_PACKAGE -D DEBUG -serialize-debugging-options -const-gather-protocols-file /Users/admin/builder/spi-builder-workspace/.derivedData/Build/Intermediates.noindex/SocialSymbols.build/Debug-watchos/SocialSymbols.build/Objects-normal/arm64_32/SocialSymbols_const_extract_protocols.json -enable-upcoming-feature StrictConcurrency -enable-upcoming-feature DisableOutwardActorInference -enable-upcoming-feature GlobalActorIsolatedTypesUsability -enable-upcoming-feature InferSendableFromCaptures -enable-experimental-feature DebugDescriptionMacro -strict-concurrency\=complete -empty-abi-descriptor -plugin-path /Applications/Xcode-16.3.0.app/Contents/Developer/Toolchains/XcodeDefault.xctoolchain/usr/lib/swift/host/plugins/testing -validate-clang-modules-once -clang-build-session-file /Users/admin/builder/spi-builder-workspace/.derivedData/ModuleCache.noindex/Session.modulevalidation -Xcc -working-directory -Xcc /Users/admin/builder/spi-builder-workspace/.swiftpm/xcode -resource-dir /Applications/Xcode-16.3.0.app/Contents/Developer/Toolchains/XcodeDefault.xctoolchain/usr/lib/swift -enable-anonymous-context-mangled-names -file-compilation-dir /Users/admin/builder/spi-builder-workspace/.swiftpm/xcode -Xcc -ivfsstatcache -Xcc /Users/admin/builder/spi-builder-workspace/.derivedData/SDKStatCaches.noindex/watchos11.4-22T246-43efb940ff07ba2497b70ec94253f576.sdkstatcache -Xcc -I/Users/admin/builder/spi-builder-workspace/.derivedData/Build/Intermediates.noindex/SocialSymbols.build/Debug-watchos/SocialSymbols.build/swift-overrides.hmap -Xcc -I/Users/admin/builder/spi-builder-workspace/.derivedData/Build/Products/Debug-watchos/include -Xcc -I/Users/admin/builder/spi-builder-workspace/.derivedData/Build/Intermediates.noindex/SocialSymbols.build/Debug-watchos/SocialSymbols.build/DerivedSources-normal/arm64_32 -Xcc -I/Users/admin/builder/spi-builder-workspace/.derivedData/Build/Intermediates.noindex/SocialSymbols.build/Debug-watchos/SocialSymbols.build/DerivedSources/arm64_32 -Xcc -I/Users/admin/builder/spi-builder-workspace/.derivedData/Build/Intermediates.noindex/SocialSymbols.build/Debug-watchos/SocialSymbols.build/DerivedSources -Xcc -DSWIFT_PACKAGE -Xcc -DDEBUG\=1 -module-name SocialSymbols -package-name spi_builder_workspace -frontend-parseable-output -disable-clang-spi -target-sdk-version 11.4 -target-sdk-name watchos11.4 -external-plugin-path /Applications/Xcode-16.3.0.app/Contents/Developer/Platforms/WatchOS.platform/Developer/usr/lib/swift/host/plugins\#/Applications/Xcode-16.3.0.app/Contents/Developer/Platforms/WatchOS.platform/Developer/usr/bin/swift-plugin-server -external-plugin-path /Applications/Xcode-16.3.0.app/Contents/Developer/Platforms/WatchOS.platform/Developer/usr/local/lib/swift/host/plugins\#/Applications/Xcode-16.3.0.app/Contents/Developer/Platforms/WatchOS.platform/Developer/usr/bin/swift-plugin-server -in-process-plugin-server-path /Applications/Xcode-16.3.0.app/Contents/Developer/Toolchains/XcodeDefault.xctoolchain/usr/lib/swift/host/libSwiftInProcPluginServer.dylib -plugin-path /Applications/Xcode-16.3.0.app/Contents/Developer/Toolchains/XcodeDefault.xctoolchain/usr/lib/swift/host/plugins -plugin-path /Applications/Xcode-16.3.0.app/Contents/Developer/Toolchains/XcodeDefault.xctoolchain/usr/local/lib/swift/host/plugins -o /Users/admin/builder/spi-builder-workspace/.derivedData/Build/Intermediates.noindex/SocialSymbols.build/Debug-watchos/SocialSymbols.build/Objects-normal/arm64_32/SocialSymbol.o -index-unit-output-path /SocialSymbols.build/Debug-watchos/SocialSymbols.build/Objects-normal/arm64_32/SocialSymbol.o -index-store-path /Users/admin/builder/spi-builder-workspace/.derivedData/Index.noindex/DataStore -index-system-modules
SwiftCompile normal arm64 Compiling\ GeneratedAssetSymbols.swift /Users/admin/builder/spi-builder-workspace/.derivedData/Build/Intermediates.noindex/SocialSymbols.build/Debug-watchos/SocialSymbols.build/DerivedSources/GeneratedAssetSymbols.swift (in target 'SocialSymbols' from project 'SocialSymbols')
SwiftCompile normal arm64 /Users/admin/builder/spi-builder-workspace/.derivedData/Build/Intermediates.noindex/SocialSymbols.build/Debug-watchos/SocialSymbols.build/DerivedSources/GeneratedAssetSymbols.swift (in target 'SocialSymbols' from project 'SocialSymbols')
    cd /Users/admin/builder/spi-builder-workspace/.swiftpm/xcode

SwiftCompile normal arm64_32 Compiling\ resource_bundle_accessor.swift /Users/admin/builder/spi-builder-workspace/.derivedData/Build/Intermediates.noindex/SocialSymbols.build/Debug-watchos/SocialSymbols.build/DerivedSources/resource_bundle_accessor.swift (in target 'SocialSymbols' from project 'SocialSymbols')
SwiftCompile normal arm64_32 /Users/admin/builder/spi-builder-workspace/.derivedData/Build/Intermediates.noindex/SocialSymbols.build/Debug-watchos/SocialSymbols.build/DerivedSources/resource_bundle_accessor.swift (in target 'SocialSymbols' from project 'SocialSymbols')
    cd /Users/admin/builder/spi-builder-workspace/.swiftpm/xcode

SwiftDriverJobDiscovery normal arm64 Emitting module for SocialSymbols (in target 'SocialSymbols' from project 'SocialSymbols')
SwiftDriverJobDiscovery normal arm64_32 Emitting module for SocialSymbols (in target 'SocialSymbols' from project 'SocialSymbols')
SwiftDriver\ Compilation\ Requirements SocialSymbols normal arm64_32 com.apple.xcode.tools.swift.compiler (in target 'SocialSymbols' from project 'SocialSymbols')
    cd /Users/admin/builder/spi-builder-workspace/.swiftpm/xcode
    builtin-Swift-Compilation-Requirements -- /Applications/Xcode-16.3.0.app/Contents/Developer/Toolchains/XcodeDefault.xctoolchain/usr/bin/swiftc -module-name SocialSymbols -Onone -enforce-exclusivity\=checked @/Users/admin/builder/spi-builder-workspace/.derivedData/Build/Intermediates.noindex/SocialSymbols.build/Debug-watchos/SocialSymbols.build/Objects-normal/arm64_32/SocialSymbols.SwiftFileList -DSWIFT_PACKAGE -DDEBUG -stats-output-dir .stats -strict-concurrency\=complete -enable-upcoming-feature StrictConcurrency -enable-upcoming-feature DisableOutwardActorInference -enable-upcoming-feature GlobalActorIsolatedTypesUsability -enable-upcoming-feature InferSendableFromCaptures -plugin-path /Applications/Xcode-16.3.0.app/Contents/Developer/Toolchains/XcodeDefault.xctoolchain/usr/lib/swift/host/plugins/testing -enable-experimental-feature DebugDescriptionMacro -sdk /Applications/Xcode-16.3.0.app/Contents/Developer/Platforms/WatchOS.platform/Developer/SDKs/WatchOS11.4.sdk -target arm64_32-apple-watchos9.2 -g -module-cache-path /Users/admin/builder/spi-builder-workspace/.derivedData/ModuleCache.noindex -Xfrontend -serialize-debugging-options -profile-coverage-mapping -profile-generate -enable-testing -index-store-path /Users/admin/builder/spi-builder-workspace/.derivedData/Index.noindex/DataStore -swift-version 5 -I /Users/admin/builder/spi-builder-workspace/.derivedData/Build/Products/Debug-watchos -I /Applications/Xcode-16.3.0.app/Contents/Developer/Platforms/WatchOS.platform/Developer/usr/lib -F /Users/admin/builder/spi-builder-workspace/.derivedData/Build/Products/Debug-watchos -F /Applications/Xcode-16.3.0.app/Contents/Developer/Platforms/WatchOS.platform/Developer/Library/Frameworks -F /Applications/Xcode-16.3.0.app/Contents/Developer/Platforms/WatchOS.platform/Developer/SDKs/WatchOS11.4.sdk/Developer/Library/Frameworks -c -j10 -enable-batch-mode -incremental -Xcc -ivfsstatcache -Xcc /Users/admin/builder/spi-builder-workspace/.derivedData/SDKStatCaches.noindex/watchos11.4-22T246-43efb940ff07ba2497b70ec94253f576.sdkstatcache -output-file-map /Users/admin/builder/spi-builder-workspace/.derivedData/Build/Intermediates.noindex/SocialSymbols.build/Debug-watchos/SocialSymbols.build/Objects-normal/arm64_32/SocialSymbols-OutputFileMap.json -use-frontend-parseable-output -save-temps -no-color-diagnostics -serialize-diagnostics -emit-dependencies -emit-module -emit-module-path /Users/admin/builder/spi-builder-workspace/.derivedData/Build/Intermediates.noindex/SocialSymbols.build/Debug-watchos/SocialSymbols.build/Objects-normal/arm64_32/SocialSymbols.swiftmodule -validate-clang-modules-once -clang-build-session-file /Users/admin/builder/spi-builder-workspace/.derivedData/ModuleCache.noindex/Session.modulevalidation -package-name spi_builder_workspace -Xcc -I/Users/admin/builder/spi-builder-workspace/.derivedData/Build/Intermediates.noindex/SocialSymbols.build/Debug-watchos/SocialSymbols.build/swift-overrides.hmap -emit-const-values -Xfrontend -const-gather-protocols-file -Xfrontend /Users/admin/builder/spi-builder-workspace/.derivedData/Build/Intermediates.noindex/SocialSymbols.build/Debug-watchos/SocialSymbols.build/Objects-normal/arm64_32/SocialSymbols_const_extract_protocols.json -Xcc -I/Users/admin/builder/spi-builder-workspace/.derivedData/Build/Products/Debug-watchos/include -Xcc -I/Users/admin/builder/spi-builder-workspace/.derivedData/Build/Intermediates.noindex/SocialSymbols.build/Debug-watchos/SocialSymbols.build/DerivedSources-normal/arm64_32 -Xcc -I/Users/admin/builder/spi-builder-workspace/.derivedData/Build/Intermediates.noindex/SocialSymbols.build/Debug-watchos/SocialSymbols.build/DerivedSources/arm64_32 -Xcc -I/Users/admin/builder/spi-builder-workspace/.derivedData/Build/Intermediates.noindex/SocialSymbols.build/Debug-watchos/SocialSymbols.build/DerivedSources -Xcc -DSWIFT_PACKAGE -Xcc -DDEBUG\=1 -emit-objc-header -emit-objc-header-path /Users/admin/builder/spi-builder-workspace/.derivedData/Build/Intermediates.noindex/SocialSymbols.build/Debug-watchos/SocialSymbols.build/Objects-normal/arm64_32/SocialSymbols-Swift.h -working-directory /Users/admin/builder/spi-builder-workspace/.swiftpm/xcode -experimental-emit-module-separately -disable-cmo
SwiftDriver\ Compilation\ Requirements SocialSymbols normal arm64 com.apple.xcode.tools.swift.compiler (in target 'SocialSymbols' from project 'SocialSymbols')
    cd /Users/admin/builder/spi-builder-workspace/.swiftpm/xcode
    builtin-Swift-Compilation-Requirements -- /Applications/Xcode-16.3.0.app/Contents/Developer/Toolchains/XcodeDefault.xctoolchain/usr/bin/swiftc -module-name SocialSymbols -Onone -enforce-exclusivity\=checked @/Users/admin/builder/spi-builder-workspace/.derivedData/Build/Intermediates.noindex/SocialSymbols.build/Debug-watchos/SocialSymbols.build/Objects-normal/arm64/SocialSymbols.SwiftFileList -DSWIFT_PACKAGE -DDEBUG -stats-output-dir .stats -strict-concurrency\=complete -enable-upcoming-feature StrictConcurrency -enable-upcoming-feature DisableOutwardActorInference -enable-upcoming-feature GlobalActorIsolatedTypesUsability -enable-upcoming-feature InferSendableFromCaptures -plugin-path /Applications/Xcode-16.3.0.app/Contents/Developer/Toolchains/XcodeDefault.xctoolchain/usr/lib/swift/host/plugins/testing -enable-experimental-feature DebugDescriptionMacro -sdk /Applications/Xcode-16.3.0.app/Contents/Developer/Platforms/WatchOS.platform/Developer/SDKs/WatchOS11.4.sdk -target arm64-apple-watchos9.2 -g -module-cache-path /Users/admin/builder/spi-builder-workspace/.derivedData/ModuleCache.noindex -Xfrontend -serialize-debugging-options -profile-coverage-mapping -profile-generate -enable-testing -index-store-path /Users/admin/builder/spi-builder-workspace/.derivedData/Index.noindex/DataStore -swift-version 5 -I /Users/admin/builder/spi-builder-workspace/.derivedData/Build/Products/Debug-watchos -I /Applications/Xcode-16.3.0.app/Contents/Developer/Platforms/WatchOS.platform/Developer/usr/lib -F /Users/admin/builder/spi-builder-workspace/.derivedData/Build/Products/Debug-watchos -F /Applications/Xcode-16.3.0.app/Contents/Developer/Platforms/WatchOS.platform/Developer/Library/Frameworks -F /Applications/Xcode-16.3.0.app/Contents/Developer/Platforms/WatchOS.platform/Developer/SDKs/WatchOS11.4.sdk/Developer/Library/Frameworks -c -j10 -enable-batch-mode -incremental -Xcc -ivfsstatcache -Xcc /Users/admin/builder/spi-builder-workspace/.derivedData/SDKStatCaches.noindex/watchos11.4-22T246-43efb940ff07ba2497b70ec94253f576.sdkstatcache -output-file-map /Users/admin/builder/spi-builder-workspace/.derivedData/Build/Intermediates.noindex/SocialSymbols.build/Debug-watchos/SocialSymbols.build/Objects-normal/arm64/SocialSymbols-OutputFileMap.json -use-frontend-parseable-output -save-temps -no-color-diagnostics -serialize-diagnostics -emit-dependencies -emit-module -emit-module-path /Users/admin/builder/spi-builder-workspace/.derivedData/Build/Intermediates.noindex/SocialSymbols.build/Debug-watchos/SocialSymbols.build/Objects-normal/arm64/SocialSymbols.swiftmodule -validate-clang-modules-once -clang-build-session-file /Users/admin/builder/spi-builder-workspace/.derivedData/ModuleCache.noindex/Session.modulevalidation -package-name spi_builder_workspace -Xcc -I/Users/admin/builder/spi-builder-workspace/.derivedData/Build/Intermediates.noindex/SocialSymbols.build/Debug-watchos/SocialSymbols.build/swift-overrides.hmap -emit-const-values -Xfrontend -const-gather-protocols-file -Xfrontend /Users/admin/builder/spi-builder-workspace/.derivedData/Build/Intermediates.noindex/SocialSymbols.build/Debug-watchos/SocialSymbols.build/Objects-normal/arm64/SocialSymbols_const_extract_protocols.json -Xcc -I/Users/admin/builder/spi-builder-workspace/.derivedData/Build/Products/Debug-watchos/include -Xcc -I/Users/admin/builder/spi-builder-workspace/.derivedData/Build/Intermediates.noindex/SocialSymbols.build/Debug-watchos/SocialSymbols.build/DerivedSources-normal/arm64 -Xcc -I/Users/admin/builder/spi-builder-workspace/.derivedData/Build/Intermediates.noindex/SocialSymbols.build/Debug-watchos/SocialSymbols.build/DerivedSources/arm64 -Xcc -I/Users/admin/builder/spi-builder-workspace/.derivedData/Build/Intermediates.noindex/SocialSymbols.build/Debug-watchos/SocialSymbols.build/DerivedSources -Xcc -DSWIFT_PACKAGE -Xcc -DDEBUG\=1 -emit-objc-header -emit-objc-header-path /Users/admin/builder/spi-builder-workspace/.derivedData/Build/Intermediates.noindex/SocialSymbols.build/Debug-watchos/SocialSymbols.build/Objects-normal/arm64/SocialSymbols-Swift.h -working-directory /Users/admin/builder/spi-builder-workspace/.swiftpm/xcode -experimental-emit-module-separately -disable-cmo
SwiftMergeGeneratedHeaders /Users/admin/builder/spi-builder-workspace/.derivedData/Build/Intermediates.noindex/GeneratedModuleMaps-watchos/SocialSymbols-Swift.h /Users/admin/builder/spi-builder-workspace/.derivedData/Build/Intermediates.noindex/SocialSymbols.build/Debug-watchos/SocialSymbols.build/Objects-normal/arm64/SocialSymbols-Swift.h /Users/admin/builder/spi-builder-workspace/.derivedData/Build/Intermediates.noindex/SocialSymbols.build/Debug-watchos/SocialSymbols.build/Objects-normal/arm64_32/SocialSymbols-Swift.h (in target 'SocialSymbols' from project 'SocialSymbols')
    cd /Users/admin/builder/spi-builder-workspace
    builtin-swiftHeaderTool -arch arm64 /Users/admin/builder/spi-builder-workspace/.derivedData/Build/Intermediates.noindex/SocialSymbols.build/Debug-watchos/SocialSymbols.build/Objects-normal/arm64/SocialSymbols-Swift.h -arch arm64_32 /Users/admin/builder/spi-builder-workspace/.derivedData/Build/Intermediates.noindex/SocialSymbols.build/Debug-watchos/SocialSymbols.build/Objects-normal/arm64_32/SocialSymbols-Swift.h -o /Users/admin/builder/spi-builder-workspace/.derivedData/Build/Intermediates.noindex/GeneratedModuleMaps-watchos/SocialSymbols-Swift.h
Copy /Users/admin/builder/spi-builder-workspace/.derivedData/Build/Products/Debug-watchos/SocialSymbols.swiftmodule/arm64_32-apple-watchos.swiftmodule /Users/admin/builder/spi-builder-workspace/.derivedData/Build/Intermediates.noindex/SocialSymbols.build/Debug-watchos/SocialSymbols.build/Objects-normal/arm64_32/SocialSymbols.swiftmodule (in target 'SocialSymbols' from project 'SocialSymbols')
    cd /Users/admin/builder/spi-builder-workspace
    builtin-copy -exclude .DS_Store -exclude CVS -exclude .svn -exclude .git -exclude .hg -resolve-src-symlinks -rename /Users/admin/builder/spi-builder-workspace/.derivedData/Build/Intermediates.noindex/SocialSymbols.build/Debug-watchos/SocialSymbols.build/Objects-normal/arm64_32/SocialSymbols.swiftmodule /Users/admin/builder/spi-builder-workspace/.derivedData/Build/Products/Debug-watchos/SocialSymbols.swiftmodule/arm64_32-apple-watchos.swiftmodule
Copy /Users/admin/builder/spi-builder-workspace/.derivedData/Build/Products/Debug-watchos/SocialSymbols.swiftmodule/arm64_32-apple-watchos.swiftdoc /Users/admin/builder/spi-builder-workspace/.derivedData/Build/Intermediates.noindex/SocialSymbols.build/Debug-watchos/SocialSymbols.build/Objects-normal/arm64_32/SocialSymbols.swiftdoc (in target 'SocialSymbols' from project 'SocialSymbols')
    cd /Users/admin/builder/spi-builder-workspace
    builtin-copy -exclude .DS_Store -exclude CVS -exclude .svn -exclude .git -exclude .hg -resolve-src-symlinks -rename /Users/admin/builder/spi-builder-workspace/.derivedData/Build/Intermediates.noindex/SocialSymbols.build/Debug-watchos/SocialSymbols.build/Objects-normal/arm64_32/SocialSymbols.swiftdoc /Users/admin/builder/spi-builder-workspace/.derivedData/Build/Products/Debug-watchos/SocialSymbols.swiftmodule/arm64_32-apple-watchos.swiftdoc
Copy /Users/admin/builder/spi-builder-workspace/.derivedData/Build/Products/Debug-watchos/SocialSymbols.swiftmodule/arm64_32-apple-watchos.abi.json /Users/admin/builder/spi-builder-workspace/.derivedData/Build/Intermediates.noindex/SocialSymbols.build/Debug-watchos/SocialSymbols.build/Objects-normal/arm64_32/SocialSymbols.abi.json (in target 'SocialSymbols' from project 'SocialSymbols')
    cd /Users/admin/builder/spi-builder-workspace
    builtin-copy -exclude .DS_Store -exclude CVS -exclude .svn -exclude .git -exclude .hg -resolve-src-symlinks -rename /Users/admin/builder/spi-builder-workspace/.derivedData/Build/Intermediates.noindex/SocialSymbols.build/Debug-watchos/SocialSymbols.build/Objects-normal/arm64_32/SocialSymbols.abi.json /Users/admin/builder/spi-builder-workspace/.derivedData/Build/Products/Debug-watchos/SocialSymbols.swiftmodule/arm64_32-apple-watchos.abi.json
Copy /Users/admin/builder/spi-builder-workspace/.derivedData/Build/Products/Debug-watchos/SocialSymbols.swiftmodule/arm64-apple-watchos.swiftmodule /Users/admin/builder/spi-builder-workspace/.derivedData/Build/Intermediates.noindex/SocialSymbols.build/Debug-watchos/SocialSymbols.build/Objects-normal/arm64/SocialSymbols.swiftmodule (in target 'SocialSymbols' from project 'SocialSymbols')
    cd /Users/admin/builder/spi-builder-workspace
    builtin-copy -exclude .DS_Store -exclude CVS -exclude .svn -exclude .git -exclude .hg -resolve-src-symlinks -rename /Users/admin/builder/spi-builder-workspace/.derivedData/Build/Intermediates.noindex/SocialSymbols.build/Debug-watchos/SocialSymbols.build/Objects-normal/arm64/SocialSymbols.swiftmodule /Users/admin/builder/spi-builder-workspace/.derivedData/Build/Products/Debug-watchos/SocialSymbols.swiftmodule/arm64-apple-watchos.swiftmodule
Copy /Users/admin/builder/spi-builder-workspace/.derivedData/Build/Products/Debug-watchos/SocialSymbols.swiftmodule/arm64-apple-watchos.swiftdoc /Users/admin/builder/spi-builder-workspace/.derivedData/Build/Intermediates.noindex/SocialSymbols.build/Debug-watchos/SocialSymbols.build/Objects-normal/arm64/SocialSymbols.swiftdoc (in target 'SocialSymbols' from project 'SocialSymbols')
    cd /Users/admin/builder/spi-builder-workspace
    builtin-copy -exclude .DS_Store -exclude CVS -exclude .svn -exclude .git -exclude .hg -resolve-src-symlinks -rename /Users/admin/builder/spi-builder-workspace/.derivedData/Build/Intermediates.noindex/SocialSymbols.build/Debug-watchos/SocialSymbols.build/Objects-normal/arm64/SocialSymbols.swiftdoc /Users/admin/builder/spi-builder-workspace/.derivedData/Build/Products/Debug-watchos/SocialSymbols.swiftmodule/arm64-apple-watchos.swiftdoc
Copy /Users/admin/builder/spi-builder-workspace/.derivedData/Build/Products/Debug-watchos/SocialSymbols.swiftmodule/arm64-apple-watchos.abi.json /Users/admin/builder/spi-builder-workspace/.derivedData/Build/Intermediates.noindex/SocialSymbols.build/Debug-watchos/SocialSymbols.build/Objects-normal/arm64/SocialSymbols.abi.json (in target 'SocialSymbols' from project 'SocialSymbols')
    cd /Users/admin/builder/spi-builder-workspace
    builtin-copy -exclude .DS_Store -exclude CVS -exclude .svn -exclude .git -exclude .hg -resolve-src-symlinks -rename /Users/admin/builder/spi-builder-workspace/.derivedData/Build/Intermediates.noindex/SocialSymbols.build/Debug-watchos/SocialSymbols.build/Objects-normal/arm64/SocialSymbols.abi.json /Users/admin/builder/spi-builder-workspace/.derivedData/Build/Products/Debug-watchos/SocialSymbols.swiftmodule/arm64-apple-watchos.abi.json
Copy /Users/admin/builder/spi-builder-workspace/.derivedData/Build/Products/Debug-watchos/SocialSymbols.swiftmodule/Project/arm64_32-apple-watchos.swiftsourceinfo /Users/admin/builder/spi-builder-workspace/.derivedData/Build/Intermediates.noindex/SocialSymbols.build/Debug-watchos/SocialSymbols.build/Objects-normal/arm64_32/SocialSymbols.swiftsourceinfo (in target 'SocialSymbols' from project 'SocialSymbols')
    cd /Users/admin/builder/spi-builder-workspace
    builtin-copy -exclude .DS_Store -exclude CVS -exclude .svn -exclude .git -exclude .hg -resolve-src-symlinks -rename /Users/admin/builder/spi-builder-workspace/.derivedData/Build/Intermediates.noindex/SocialSymbols.build/Debug-watchos/SocialSymbols.build/Objects-normal/arm64_32/SocialSymbols.swiftsourceinfo /Users/admin/builder/spi-builder-workspace/.derivedData/Build/Products/Debug-watchos/SocialSymbols.swiftmodule/Project/arm64_32-apple-watchos.swiftsourceinfo
Copy /Users/admin/builder/spi-builder-workspace/.derivedData/Build/Products/Debug-watchos/SocialSymbols.swiftmodule/Project/arm64-apple-watchos.swiftsourceinfo /Users/admin/builder/spi-builder-workspace/.derivedData/Build/Intermediates.noindex/SocialSymbols.build/Debug-watchos/SocialSymbols.build/Objects-normal/arm64/SocialSymbols.swiftsourceinfo (in target 'SocialSymbols' from project 'SocialSymbols')
    cd /Users/admin/builder/spi-builder-workspace
    builtin-copy -exclude .DS_Store -exclude CVS -exclude .svn -exclude .git -exclude .hg -resolve-src-symlinks -rename /Users/admin/builder/spi-builder-workspace/.derivedData/Build/Intermediates.noindex/SocialSymbols.build/Debug-watchos/SocialSymbols.build/Objects-normal/arm64/SocialSymbols.swiftsourceinfo /Users/admin/builder/spi-builder-workspace/.derivedData/Build/Products/Debug-watchos/SocialSymbols.swiftmodule/Project/arm64-apple-watchos.swiftsourceinfo
SwiftDriverJobDiscovery normal arm64_32 Compiling resource_bundle_accessor.swift (in target 'SocialSymbols' from project 'SocialSymbols')
SwiftDriverJobDiscovery normal arm64 Compiling resource_bundle_accessor.swift (in target 'SocialSymbols' from project 'SocialSymbols')
** BUILD FAILED **
The following build commands failed:
	SwiftCompile normal arm64 Compiling\ SocialSymbol.swift /Users/admin/builder/spi-builder-workspace/Sources/SocialSymbols/SocialSymbol.swift (in target 'SocialSymbols' from project 'SocialSymbols')
	SwiftCompile normal arm64 /Users/admin/builder/spi-builder-workspace/Sources/SocialSymbols/SocialSymbol.swift (in target 'SocialSymbols' from project 'SocialSymbols')
	SwiftCompile normal arm64_32 /Users/admin/builder/spi-builder-workspace/Sources/SocialSymbols/SocialSymbol.swift (in target 'SocialSymbols' from project 'SocialSymbols')
	SwiftCompile normal arm64_32 Compiling\ SocialSymbol.swift /Users/admin/builder/spi-builder-workspace/Sources/SocialSymbols/SocialSymbol.swift (in target 'SocialSymbols' from project 'SocialSymbols')
	Building workspace spi-builder-workspace with scheme SocialSymbols
(5 failures)
Command line invocation:
    /Applications/Xcode-16.3.0.app/Contents/Developer/usr/bin/xcodebuild -IDEClonedSourcePackagesDirPathOverride=/Users/admin/builder/spi-builder-workspace/.dependencies -resolvePackageDependencies
Resolve Package Graph
Resolved source packages:
  SocialSymbols: /Users/admin/builder/spi-builder-workspace
resolved source packages: SocialSymbols
{
  "dependencies" : [
  ],
  "manifest_display_name" : "SocialSymbols",
  "name" : "SocialSymbols",
  "path" : "/Users/admin/builder/spi-builder-workspace",
  "platforms" : [
    {
      "name" : "ios",
      "version" : "16.2"
    },
    {
      "name" : "macos",
      "version" : "13.1"
    }
  ],
  "products" : [
    {
      "name" : "SocialSymbols",
      "targets" : [
        "SocialSymbols"
      ],
      "type" : {
        "library" : [
          "automatic"
        ]
      }
    }
  ],
  "targets" : [
    {
      "c99name" : "SocialSymbolsTests",
      "module_type" : "SwiftTarget",
      "name" : "SocialSymbolsTests",
      "path" : "Tests/SocialSymbolsTests",
      "sources" : [
        "SocialSymbolsTests.swift"
      ],
      "target_dependencies" : [
        "SocialSymbols"
      ],
      "type" : "test"
    },
    {
      "c99name" : "SocialSymbols",
      "module_type" : "SwiftTarget",
      "name" : "SocialSymbols",
      "path" : "Sources/SocialSymbols",
      "product_memberships" : [
        "SocialSymbols"
      ],
      "resources" : [
        {
          "path" : "/Users/admin/builder/spi-builder-workspace/Sources/SocialSymbols/Resources/Assets.xcassets",
          "rule" : {
            "process" : {
            }
          }
        }
      ],
      "sources" : [
        "SocialSymbol.swift"
      ],
      "type" : "library"
    }
  ],
  "tools_version" : "5.9"
}
{
  "workspace" : {
    "name" : "spi-builder-workspace",
    "schemes" : [
      "SocialSymbols"
    ]
  }
}
Running build ...
env DEVELOPER_DIR=/Applications/Xcode-16.3.0.app xcrun xcodebuild -IDEClonedSourcePackagesDirPathOverride=$PWD/.dependencies -skipMacroValidation -skipPackagePluginValidation -derivedDataPath $PWD/.derivedData build -scheme SocialSymbols -destination generic/platform=watchOS
Command line invocation:
    /Applications/Xcode-16.3.0.app/Contents/Developer/usr/bin/xcodebuild -IDEClonedSourcePackagesDirPathOverride=/Users/admin/builder/spi-builder-workspace/.dependencies -skipMacroValidation -skipPackagePluginValidation -derivedDataPath /Users/admin/builder/spi-builder-workspace/.derivedData build -scheme SocialSymbols -destination generic/platform=watchOS
Resolve Package Graph
Resolved source packages:
  SocialSymbols: /Users/admin/builder/spi-builder-workspace
ComputePackagePrebuildTargetDependencyGraph
Prepare packages
CreateBuildRequest
SendProjectDescription
CreateBuildOperation
ComputeTargetDependencyGraph
note: Building targets in dependency order
note: Target dependency graph (3 targets)
    Target 'SocialSymbols' in project 'SocialSymbols'
        ➜ Explicit dependency on target 'SocialSymbols' in project 'SocialSymbols'
        ➜ Explicit dependency on target 'SocialSymbols_SocialSymbols' in project 'SocialSymbols'
    Target 'SocialSymbols' in project 'SocialSymbols'
        ➜ Explicit dependency on target 'SocialSymbols_SocialSymbols' in project 'SocialSymbols'
    Target 'SocialSymbols_SocialSymbols' in project 'SocialSymbols' (no dependencies)
GatherProvisioningInputs
CreateBuildDescription
ExecuteExternalTool /Applications/Xcode-16.3.0.app/Contents/Developer/Toolchains/XcodeDefault.xctoolchain/usr/bin/clang -v -E -dM -isysroot /Applications/Xcode-16.3.0.app/Contents/Developer/Platforms/WatchOS.platform/Developer/SDKs/WatchOS11.4.sdk -x c -c /dev/null
ExecuteExternalTool /Applications/Xcode-16.3.0.app/Contents/Developer/usr/bin/actool --version --output-format xml1
ExecuteExternalTool /Applications/Xcode-16.3.0.app/Contents/Developer/Toolchains/XcodeDefault.xctoolchain/usr/bin/swiftc --version
ExecuteExternalTool /Applications/Xcode-16.3.0.app/Contents/Developer/Toolchains/XcodeDefault.xctoolchain/usr/bin/ld -version_details
Build description signature: 4d62c9b55f7a315668c4cab0dde5256a
Build description path: /Users/admin/builder/spi-builder-workspace/.derivedData/Build/Intermediates.noindex/XCBuildData/4d62c9b55f7a315668c4cab0dde5256a.xcbuilddata
ClangStatCache /Applications/Xcode-16.3.0.app/Contents/Developer/Toolchains/XcodeDefault.xctoolchain/usr/bin/clang-stat-cache /Applications/Xcode-16.3.0.app/Contents/Developer/Platforms/WatchOS.platform/Developer/SDKs/WatchOS11.4.sdk /Users/admin/builder/spi-builder-workspace/.derivedData/SDKStatCaches.noindex/watchos11.4-22T246-43efb940ff07ba2497b70ec94253f576.sdkstatcache
    cd /Users/admin/builder/spi-builder-workspace/.swiftpm/xcode
    /Applications/Xcode-16.3.0.app/Contents/Developer/Toolchains/XcodeDefault.xctoolchain/usr/bin/clang-stat-cache /Applications/Xcode-16.3.0.app/Contents/Developer/Platforms/WatchOS.platform/Developer/SDKs/WatchOS11.4.sdk -o /Users/admin/builder/spi-builder-workspace/.derivedData/SDKStatCaches.noindex/watchos11.4-22T246-43efb940ff07ba2497b70ec94253f576.sdkstatcache
CompileAssetCatalogVariant thinned /Users/admin/builder/spi-builder-workspace/.derivedData/Build/Products/Debug-watchos/SocialSymbols_SocialSymbols.bundle /Users/admin/builder/spi-builder-workspace/Sources/SocialSymbols/Resources/Assets.xcassets (in target 'SocialSymbols_SocialSymbols' from project 'SocialSymbols')
    cd /Users/admin/builder/spi-builder-workspace
    /Applications/Xcode-16.3.0.app/Contents/Developer/usr/bin/actool /Users/admin/builder/spi-builder-workspace/Sources/SocialSymbols/Resources/Assets.xcassets --compile /Users/admin/builder/spi-builder-workspace/.derivedData/Build/Intermediates.noindex/SocialSymbols.build/Debug-watchos/SocialSymbols_SocialSymbols.build/assetcatalog_output/thinned --output-format human-readable-text --notices --warnings --export-dependency-info /Users/admin/builder/spi-builder-workspace/.derivedData/Build/Intermediates.noindex/SocialSymbols.build/Debug-watchos/SocialSymbols_SocialSymbols.build/assetcatalog_dependencies_thinned --output-partial-info-plist /Users/admin/builder/spi-builder-workspace/.derivedData/Build/Intermediates.noindex/SocialSymbols.build/Debug-watchos/SocialSymbols_SocialSymbols.build/assetcatalog_generated_info.plist_thinned --compress-pngs --enable-on-demand-resources NO --development-region en --target-device watch --minimum-deployment-target 9.2 --platform watchos
2026-06-28 04:27:18.883 AssetCatalogSimulatorAgent[773:4646] Template format 7.0 is newer than the version that this software supports (6.0)
2026-06-28 04:27:18.902 AssetCatalogSimulatorAgent[773:4646] Template format 7.0 is newer than the version that this software supports (6.0)
SwiftDriver SocialSymbols normal arm64_32 com.apple.xcode.tools.swift.compiler (in target 'SocialSymbols' from project 'SocialSymbols')
    cd /Users/admin/builder/spi-builder-workspace/.swiftpm/xcode
    builtin-SwiftDriver -- /Applications/Xcode-16.3.0.app/Contents/Developer/Toolchains/XcodeDefault.xctoolchain/usr/bin/swiftc -module-name SocialSymbols -Onone -enforce-exclusivity\=checked @/Users/admin/builder/spi-builder-workspace/.derivedData/Build/Intermediates.noindex/SocialSymbols.build/Debug-watchos/SocialSymbols.build/Objects-normal/arm64_32/SocialSymbols.SwiftFileList -DSWIFT_PACKAGE -DDEBUG -DXcode -plugin-path /Applications/Xcode-16.3.0.app/Contents/Developer/Toolchains/XcodeDefault.xctoolchain/usr/lib/swift/host/plugins/testing -enable-experimental-feature DebugDescriptionMacro -sdk /Applications/Xcode-16.3.0.app/Contents/Developer/Platforms/WatchOS.platform/Developer/SDKs/WatchOS11.4.sdk -target arm64_32-apple-watchos9.2 -g -module-cache-path /Users/admin/builder/spi-builder-workspace/.derivedData/ModuleCache.noindex -Xfrontend -serialize-debugging-options -profile-coverage-mapping -profile-generate -enable-testing -index-store-path /Users/admin/builder/spi-builder-workspace/.derivedData/Index.noindex/DataStore -swift-version 5 -I /Users/admin/builder/spi-builder-workspace/.derivedData/Build/Products/Debug-watchos -I /Applications/Xcode-16.3.0.app/Contents/Developer/Platforms/WatchOS.platform/Developer/usr/lib -F /Users/admin/builder/spi-builder-workspace/.derivedData/Build/Products/Debug-watchos -F /Applications/Xcode-16.3.0.app/Contents/Developer/Platforms/WatchOS.platform/Developer/Library/Frameworks -F /Applications/Xcode-16.3.0.app/Contents/Developer/Platforms/WatchOS.platform/Developer/SDKs/WatchOS11.4.sdk/Developer/Library/Frameworks -c -j10 -enable-batch-mode -incremental -Xcc -ivfsstatcache -Xcc /Users/admin/builder/spi-builder-workspace/.derivedData/SDKStatCaches.noindex/watchos11.4-22T246-43efb940ff07ba2497b70ec94253f576.sdkstatcache -output-file-map /Users/admin/builder/spi-builder-workspace/.derivedData/Build/Intermediates.noindex/SocialSymbols.build/Debug-watchos/SocialSymbols.build/Objects-normal/arm64_32/SocialSymbols-OutputFileMap.json -use-frontend-parseable-output -save-temps -no-color-diagnostics -serialize-diagnostics -emit-dependencies -emit-module -emit-module-path /Users/admin/builder/spi-builder-workspace/.derivedData/Build/Intermediates.noindex/SocialSymbols.build/Debug-watchos/SocialSymbols.build/Objects-normal/arm64_32/SocialSymbols.swiftmodule -validate-clang-modules-once -clang-build-session-file /Users/admin/builder/spi-builder-workspace/.derivedData/ModuleCache.noindex/Session.modulevalidation -package-name spi_builder_workspace -Xcc -I/Users/admin/builder/spi-builder-workspace/.derivedData/Build/Intermediates.noindex/SocialSymbols.build/Debug-watchos/SocialSymbols.build/swift-overrides.hmap -emit-const-values -Xfrontend -const-gather-protocols-file -Xfrontend /Users/admin/builder/spi-builder-workspace/.derivedData/Build/Intermediates.noindex/SocialSymbols.build/Debug-watchos/SocialSymbols.build/Objects-normal/arm64_32/SocialSymbols_const_extract_protocols.json -Xcc -I/Users/admin/builder/spi-builder-workspace/.derivedData/Build/Products/Debug-watchos/include -Xcc -I/Users/admin/builder/spi-builder-workspace/.derivedData/Build/Intermediates.noindex/SocialSymbols.build/Debug-watchos/SocialSymbols.build/DerivedSources-normal/arm64_32 -Xcc -I/Users/admin/builder/spi-builder-workspace/.derivedData/Build/Intermediates.noindex/SocialSymbols.build/Debug-watchos/SocialSymbols.build/DerivedSources/arm64_32 -Xcc -I/Users/admin/builder/spi-builder-workspace/.derivedData/Build/Intermediates.noindex/SocialSymbols.build/Debug-watchos/SocialSymbols.build/DerivedSources -Xcc -DSWIFT_PACKAGE -Xcc -DDEBUG\=1 -emit-objc-header -emit-objc-header-path /Users/admin/builder/spi-builder-workspace/.derivedData/Build/Intermediates.noindex/SocialSymbols.build/Debug-watchos/SocialSymbols.build/Objects-normal/arm64_32/SocialSymbols-Swift.h -working-directory /Users/admin/builder/spi-builder-workspace/.swiftpm/xcode -experimental-emit-module-separately -disable-cmo
SwiftDriver SocialSymbols normal arm64 com.apple.xcode.tools.swift.compiler (in target 'SocialSymbols' from project 'SocialSymbols')
    cd /Users/admin/builder/spi-builder-workspace/.swiftpm/xcode
    builtin-SwiftDriver -- /Applications/Xcode-16.3.0.app/Contents/Developer/Toolchains/XcodeDefault.xctoolchain/usr/bin/swiftc -module-name SocialSymbols -Onone -enforce-exclusivity\=checked @/Users/admin/builder/spi-builder-workspace/.derivedData/Build/Intermediates.noindex/SocialSymbols.build/Debug-watchos/SocialSymbols.build/Objects-normal/arm64/SocialSymbols.SwiftFileList -DSWIFT_PACKAGE -DDEBUG -DXcode -plugin-path /Applications/Xcode-16.3.0.app/Contents/Developer/Toolchains/XcodeDefault.xctoolchain/usr/lib/swift/host/plugins/testing -enable-experimental-feature DebugDescriptionMacro -sdk /Applications/Xcode-16.3.0.app/Contents/Developer/Platforms/WatchOS.platform/Developer/SDKs/WatchOS11.4.sdk -target arm64-apple-watchos9.2 -g -module-cache-path /Users/admin/builder/spi-builder-workspace/.derivedData/ModuleCache.noindex -Xfrontend -serialize-debugging-options -profile-coverage-mapping -profile-generate -enable-testing -index-store-path /Users/admin/builder/spi-builder-workspace/.derivedData/Index.noindex/DataStore -swift-version 5 -I /Users/admin/builder/spi-builder-workspace/.derivedData/Build/Products/Debug-watchos -I /Applications/Xcode-16.3.0.app/Contents/Developer/Platforms/WatchOS.platform/Developer/usr/lib -F /Users/admin/builder/spi-builder-workspace/.derivedData/Build/Products/Debug-watchos -F /Applications/Xcode-16.3.0.app/Contents/Developer/Platforms/WatchOS.platform/Developer/Library/Frameworks -F /Applications/Xcode-16.3.0.app/Contents/Developer/Platforms/WatchOS.platform/Developer/SDKs/WatchOS11.4.sdk/Developer/Library/Frameworks -c -j10 -enable-batch-mode -incremental -Xcc -ivfsstatcache -Xcc /Users/admin/builder/spi-builder-workspace/.derivedData/SDKStatCaches.noindex/watchos11.4-22T246-43efb940ff07ba2497b70ec94253f576.sdkstatcache -output-file-map /Users/admin/builder/spi-builder-workspace/.derivedData/Build/Intermediates.noindex/SocialSymbols.build/Debug-watchos/SocialSymbols.build/Objects-normal/arm64/SocialSymbols-OutputFileMap.json -use-frontend-parseable-output -save-temps -no-color-diagnostics -serialize-diagnostics -emit-dependencies -emit-module -emit-module-path /Users/admin/builder/spi-builder-workspace/.derivedData/Build/Intermediates.noindex/SocialSymbols.build/Debug-watchos/SocialSymbols.build/Objects-normal/arm64/SocialSymbols.swiftmodule -validate-clang-modules-once -clang-build-session-file /Users/admin/builder/spi-builder-workspace/.derivedData/ModuleCache.noindex/Session.modulevalidation -package-name spi_builder_workspace -Xcc -I/Users/admin/builder/spi-builder-workspace/.derivedData/Build/Intermediates.noindex/SocialSymbols.build/Debug-watchos/SocialSymbols.build/swift-overrides.hmap -emit-const-values -Xfrontend -const-gather-protocols-file -Xfrontend /Users/admin/builder/spi-builder-workspace/.derivedData/Build/Intermediates.noindex/SocialSymbols.build/Debug-watchos/SocialSymbols.build/Objects-normal/arm64/SocialSymbols_const_extract_protocols.json -Xcc -I/Users/admin/builder/spi-builder-workspace/.derivedData/Build/Products/Debug-watchos/include -Xcc -I/Users/admin/builder/spi-builder-workspace/.derivedData/Build/Intermediates.noindex/SocialSymbols.build/Debug-watchos/SocialSymbols.build/DerivedSources-normal/arm64 -Xcc -I/Users/admin/builder/spi-builder-workspace/.derivedData/Build/Intermediates.noindex/SocialSymbols.build/Debug-watchos/SocialSymbols.build/DerivedSources/arm64 -Xcc -I/Users/admin/builder/spi-builder-workspace/.derivedData/Build/Intermediates.noindex/SocialSymbols.build/Debug-watchos/SocialSymbols.build/DerivedSources -Xcc -DSWIFT_PACKAGE -Xcc -DDEBUG\=1 -emit-objc-header -emit-objc-header-path /Users/admin/builder/spi-builder-workspace/.derivedData/Build/Intermediates.noindex/SocialSymbols.build/Debug-watchos/SocialSymbols.build/Objects-normal/arm64/SocialSymbols-Swift.h -working-directory /Users/admin/builder/spi-builder-workspace/.swiftpm/xcode -experimental-emit-module-separately -disable-cmo
SwiftCompile normal arm64 Compiling\ resource_bundle_accessor.swift /Users/admin/builder/spi-builder-workspace/.derivedData/Build/Intermediates.noindex/SocialSymbols.build/Debug-watchos/SocialSymbols.build/DerivedSources/resource_bundle_accessor.swift (in target 'SocialSymbols' from project 'SocialSymbols')
SwiftCompile normal arm64 /Users/admin/builder/spi-builder-workspace/.derivedData/Build/Intermediates.noindex/SocialSymbols.build/Debug-watchos/SocialSymbols.build/DerivedSources/resource_bundle_accessor.swift (in target 'SocialSymbols' from project 'SocialSymbols')
    cd /Users/admin/builder/spi-builder-workspace/.swiftpm/xcode

SwiftEmitModule normal arm64 Emitting\ module\ for\ SocialSymbols (in target 'SocialSymbols' from project 'SocialSymbols')
EmitSwiftModule normal arm64 (in target 'SocialSymbols' from project 'SocialSymbols')
    cd /Users/admin/builder/spi-builder-workspace/.swiftpm/xcode

SwiftCompile normal arm64 Compiling\ GeneratedAssetSymbols.swift /Users/admin/builder/spi-builder-workspace/.derivedData/Build/Intermediates.noindex/SocialSymbols.build/Debug-watchos/SocialSymbols.build/DerivedSources/GeneratedAssetSymbols.swift (in target 'SocialSymbols' from project 'SocialSymbols')
SwiftCompile normal arm64 /Users/admin/builder/spi-builder-workspace/.derivedData/Build/Intermediates.noindex/SocialSymbols.build/Debug-watchos/SocialSymbols.build/DerivedSources/GeneratedAssetSymbols.swift (in target 'SocialSymbols' from project 'SocialSymbols')
    cd /Users/admin/builder/spi-builder-workspace/.swiftpm/xcode

SwiftCompile normal arm64_32 Compiling\ resource_bundle_accessor.swift /Users/admin/builder/spi-builder-workspace/.derivedData/Build/Intermediates.noindex/SocialSymbols.build/Debug-watchos/SocialSymbols.build/DerivedSources/resource_bundle_accessor.swift (in target 'SocialSymbols' from project 'SocialSymbols')
SwiftCompile normal arm64_32 /Users/admin/builder/spi-builder-workspace/.derivedData/Build/Intermediates.noindex/SocialSymbols.build/Debug-watchos/SocialSymbols.build/DerivedSources/resource_bundle_accessor.swift (in target 'SocialSymbols' from project 'SocialSymbols')
    cd /Users/admin/builder/spi-builder-workspace/.swiftpm/xcode

SwiftEmitModule normal arm64_32 Emitting\ module\ for\ SocialSymbols (in target 'SocialSymbols' from project 'SocialSymbols')
EmitSwiftModule normal arm64_32 (in target 'SocialSymbols' from project 'SocialSymbols')
    cd /Users/admin/builder/spi-builder-workspace/.swiftpm/xcode

SwiftCompile normal arm64_32 Compiling\ GeneratedAssetSymbols.swift /Users/admin/builder/spi-builder-workspace/.derivedData/Build/Intermediates.noindex/SocialSymbols.build/Debug-watchos/SocialSymbols.build/DerivedSources/GeneratedAssetSymbols.swift (in target 'SocialSymbols' from project 'SocialSymbols')
SwiftCompile normal arm64_32 /Users/admin/builder/spi-builder-workspace/.derivedData/Build/Intermediates.noindex/SocialSymbols.build/Debug-watchos/SocialSymbols.build/DerivedSources/GeneratedAssetSymbols.swift (in target 'SocialSymbols' from project 'SocialSymbols')
    cd /Users/admin/builder/spi-builder-workspace/.swiftpm/xcode

SwiftCompile normal arm64 Compiling\ SocialSymbol.swift /Users/admin/builder/spi-builder-workspace/Sources/SocialSymbols/SocialSymbol.swift (in target 'SocialSymbols' from project 'SocialSymbols')
Failed frontend command:
/Applications/Xcode-16.3.0.app/Contents/Developer/Toolchains/XcodeDefault.xctoolchain/usr/bin/swift-frontend -frontend -c /Users/admin/builder/spi-builder-workspace/.derivedData/Build/Intermediates.noindex/SocialSymbols.build/Debug-watchos/SocialSymbols.build/DerivedSources/resource_bundle_accessor.swift -primary-file /Users/admin/builder/spi-builder-workspace/Sources/SocialSymbols/SocialSymbol.swift /Users/admin/builder/spi-builder-workspace/.derivedData/Build/Intermediates.noindex/SocialSymbols.build/Debug-watchos/SocialSymbols.build/DerivedSources/GeneratedAssetSymbols.swift -emit-dependencies-path /Users/admin/builder/spi-builder-workspace/.derivedData/Build/Intermediates.noindex/SocialSymbols.build/Debug-watchos/SocialSymbols.build/Objects-normal/arm64/SocialSymbol.d -emit-const-values-path /Users/admin/builder/spi-builder-workspace/.derivedData/Build/Intermediates.noindex/SocialSymbols.build/Debug-watchos/SocialSymbols.build/Objects-normal/arm64/SocialSymbol.swiftconstvalues -emit-reference-dependencies-path /Users/admin/builder/spi-builder-workspace/.derivedData/Build/Intermediates.noindex/SocialSymbols.build/Debug-watchos/SocialSymbols.build/Objects-normal/arm64/SocialSymbol.swiftdeps -serialize-diagnostics-path /Users/admin/builder/spi-builder-workspace/.derivedData/Build/Intermediates.noindex/SocialSymbols.build/Debug-watchos/SocialSymbols.build/Objects-normal/arm64/SocialSymbol.dia -target arm64-apple-watchos9.2 -Xllvm -aarch64-use-tbi -enable-objc-interop -stack-check -sdk /Applications/Xcode-16.3.0.app/Contents/Developer/Platforms/WatchOS.platform/Developer/SDKs/WatchOS11.4.sdk -I /Users/admin/builder/spi-builder-workspace/.derivedData/Build/Products/Debug-watchos -I /Applications/Xcode-16.3.0.app/Contents/Developer/Platforms/WatchOS.platform/Developer/usr/lib -F /Users/admin/builder/spi-builder-workspace/.derivedData/Build/Products/Debug-watchos -F /Applications/Xcode-16.3.0.app/Contents/Developer/Platforms/WatchOS.platform/Developer/Library/Frameworks -F /Applications/Xcode-16.3.0.app/Contents/Developer/Platforms/WatchOS.platform/Developer/SDKs/WatchOS11.4.sdk/Developer/Library/Frameworks -no-color-diagnostics -enable-testing -g -debug-info-format\=dwarf -dwarf-version\=4 -module-cache-path /Users/admin/builder/spi-builder-workspace/.derivedData/ModuleCache.noindex -profile-generate -profile-coverage-mapping -swift-version 5 -enforce-exclusivity\=checked -Onone -D SWIFT_PACKAGE -D DEBUG -D Xcode -serialize-debugging-options -const-gather-protocols-file /Users/admin/builder/spi-builder-workspace/.derivedData/Build/Intermediates.noindex/SocialSymbols.build/Debug-watchos/SocialSymbols.build/Objects-normal/arm64/SocialSymbols_const_extract_protocols.json -enable-experimental-feature DebugDescriptionMacro -empty-abi-descriptor -plugin-path /Applications/Xcode-16.3.0.app/Contents/Developer/Toolchains/XcodeDefault.xctoolchain/usr/lib/swift/host/plugins/testing -validate-clang-modules-once -clang-build-session-file /Users/admin/builder/spi-builder-workspace/.derivedData/ModuleCache.noindex/Session.modulevalidation -Xcc -working-directory -Xcc /Users/admin/builder/spi-builder-workspace/.swiftpm/xcode -resource-dir /Applications/Xcode-16.3.0.app/Contents/Developer/Toolchains/XcodeDefault.xctoolchain/usr/lib/swift -enable-anonymous-context-mangled-names -file-compilation-dir /Users/admin/builder/spi-builder-workspace/.swiftpm/xcode -Xcc -ivfsstatcache -Xcc /Users/admin/builder/spi-builder-workspace/.derivedData/SDKStatCaches.noindex/watchos11.4-22T246-43efb940ff07ba2497b70ec94253f576.sdkstatcache -Xcc -I/Users/admin/builder/spi-builder-workspace/.derivedData/Build/Intermediates.noindex/SocialSymbols.build/Debug-watchos/SocialSymbols.build/swift-overrides.hmap -Xcc -I/Users/admin/builder/spi-builder-workspace/.derivedData/Build/Products/Debug-watchos/include -Xcc -I/Users/admin/builder/spi-builder-workspace/.derivedData/Build/Intermediates.noindex/SocialSymbols.build/Debug-watchos/SocialSymbols.build/DerivedSources-normal/arm64 -Xcc -I/Users/admin/builder/spi-builder-workspace/.derivedData/Build/Intermediates.noindex/SocialSymbols.build/Debug-watchos/SocialSymbols.build/DerivedSources/arm64 -Xcc -I/Users/admin/builder/spi-builder-workspace/.derivedData/Build/Intermediates.noindex/SocialSymbols.build/Debug-watchos/SocialSymbols.build/DerivedSources -Xcc -DSWIFT_PACKAGE -Xcc -DDEBUG\=1 -module-name SocialSymbols -package-name spi_builder_workspace -frontend-parseable-output -disable-clang-spi -target-sdk-version 11.4 -target-sdk-name watchos11.4 -external-plugin-path /Applications/Xcode-16.3.0.app/Contents/Developer/Platforms/WatchOS.platform/Developer/usr/lib/swift/host/plugins\#/Applications/Xcode-16.3.0.app/Contents/Developer/Platforms/WatchOS.platform/Developer/usr/bin/swift-plugin-server -external-plugin-path /Applications/Xcode-16.3.0.app/Contents/Developer/Platforms/WatchOS.platform/Developer/usr/local/lib/swift/host/plugins\#/Applications/Xcode-16.3.0.app/Contents/Developer/Platforms/WatchOS.platform/Developer/usr/bin/swift-plugin-server -in-process-plugin-server-path /Applications/Xcode-16.3.0.app/Contents/Developer/Toolchains/XcodeDefault.xctoolchain/usr/lib/swift/host/libSwiftInProcPluginServer.dylib -plugin-path /Applications/Xcode-16.3.0.app/Contents/Developer/Toolchains/XcodeDefault.xctoolchain/usr/lib/swift/host/plugins -plugin-path /Applications/Xcode-16.3.0.app/Contents/Developer/Toolchains/XcodeDefault.xctoolchain/usr/local/lib/swift/host/plugins -o /Users/admin/builder/spi-builder-workspace/.derivedData/Build/Intermediates.noindex/SocialSymbols.build/Debug-watchos/SocialSymbols.build/Objects-normal/arm64/SocialSymbol.o -index-unit-output-path /SocialSymbols.build/Debug-watchos/SocialSymbols.build/Objects-normal/arm64/SocialSymbol.o -index-store-path /Users/admin/builder/spi-builder-workspace/.derivedData/Index.noindex/DataStore -index-system-modules
SwiftCompile normal arm64 /Users/admin/builder/spi-builder-workspace/Sources/SocialSymbols/SocialSymbol.swift (in target 'SocialSymbols' from project 'SocialSymbols')
    cd /Users/admin/builder/spi-builder-workspace/.swiftpm/xcode

/Users/admin/builder/spi-builder-workspace/Sources/SocialSymbols/SocialSymbol.swift:83:33: error: incorrect argument label in call (have 'named:in:compatibleWith:', expected 'named:in:with:')
        if let uiImage = UIImage(named: assetName, in: .module, compatibleWith: nil) {
                                ^                               ~~~~~~~~~~~~~~
                                                                with
/Users/admin/builder/spi-builder-workspace/Sources/SocialSymbols/SocialSymbol.swift:238:16: error: incorrect argument label in call (have 'named:in:compatibleWith:', expected 'named:in:with:')
        UIImage(named: logo.assetName, in: .module, compatibleWith: nil)
               ^                                    ~~~~~~~~~~~~~~
                                                    with
SwiftCompile normal arm64_32 Compiling\ SocialSymbol.swift /Users/admin/builder/spi-builder-workspace/Sources/SocialSymbols/SocialSymbol.swift (in target 'SocialSymbols' from project 'SocialSymbols')
SwiftCompile normal arm64_32 /Users/admin/builder/spi-builder-workspace/Sources/SocialSymbols/SocialSymbol.swift (in target 'SocialSymbols' from project 'SocialSymbols')
    cd /Users/admin/builder/spi-builder-workspace/.swiftpm/xcode

/Users/admin/builder/spi-builder-workspace/Sources/SocialSymbols/SocialSymbol.swift:83:33: error: incorrect argument label in call (have 'named:in:compatibleWith:', expected 'named:in:with:')
        if let uiImage = UIImage(named: assetName, in: .module, compatibleWith: nil) {
                                ^                               ~~~~~~~~~~~~~~
                                                                with
/Users/admin/builder/spi-builder-workspace/Sources/SocialSymbols/SocialSymbol.swift:238:16: error: incorrect argument label in call (have 'named:in:compatibleWith:', expected 'named:in:with:')
        UIImage(named: logo.assetName, in: .module, compatibleWith: nil)
               ^                                    ~~~~~~~~~~~~~~
                                                    with
SwiftDriverJobDiscovery normal arm64 Compiling resource_bundle_accessor.swift (in target 'SocialSymbols' from project 'SocialSymbols')
SwiftDriverJobDiscovery normal arm64_32 Compiling resource_bundle_accessor.swift (in target 'SocialSymbols' from project 'SocialSymbols')
SwiftDriverJobDiscovery normal arm64 Compiling GeneratedAssetSymbols.swift (in target 'SocialSymbols' from project 'SocialSymbols')
** BUILD FAILED **
The following build commands failed:
	SwiftCompile normal arm64 Compiling\ SocialSymbol.swift /Users/admin/builder/spi-builder-workspace/Sources/SocialSymbols/SocialSymbol.swift (in target 'SocialSymbols' from project 'SocialSymbols')
	SwiftCompile normal arm64 /Users/admin/builder/spi-builder-workspace/Sources/SocialSymbols/SocialSymbol.swift (in target 'SocialSymbols' from project 'SocialSymbols')
	SwiftCompile normal arm64_32 /Users/admin/builder/spi-builder-workspace/Sources/SocialSymbols/SocialSymbol.swift (in target 'SocialSymbols' from project 'SocialSymbols')
	Building workspace spi-builder-workspace with scheme SocialSymbols
(4 failures)
BUILD FAILURE 6.1 watchOS