Build Information
Failed to build SwiftlyImageLoader, reference main (b5609b), with Swift 6.4 for watchOS using Xcode 27.0 on 22 Sep 2026 07:24:46 UTC.
Build Command
env DEVELOPER_DIR=/Applications/Xcode-27.0.0-Release.Candidate.app xcrun xcodebuild -IDEClonedSourcePackagesDirPathOverride=$PWD/.dependencies -skipMacroValidation -skipPackagePluginValidation -derivedDataPath $PWD/.derivedData build -scheme SwiftlyImageLoader-Package -destination generic/platform=watchOSBuild Log
CreateBuildDirectory /Users/admin/builder/spi-builder-workspace/.derivedData/Build/Intermediates.noindex/PrecompiledHeaders
cd /Users/admin/builder/spi-builder-workspace/.swiftpm/xcode
builtin-create-build-directory /Users/admin/builder/spi-builder-workspace/.derivedData/Build/Intermediates.noindex/PrecompiledHeaders
CreateBuildDirectory /Users/admin/builder/spi-builder-workspace/.derivedData/Build/Intermediates.noindex/SwiftExplicitPrecompiledModules
cd /Users/admin/builder/spi-builder-workspace/.swiftpm/xcode
builtin-create-build-directory /Users/admin/builder/spi-builder-workspace/.derivedData/Build/Intermediates.noindex/SwiftExplicitPrecompiledModules
CreateBuildDirectory /Users/admin/builder/spi-builder-workspace/.derivedData/Build/Products/Debug-watchos
cd /Users/admin/builder/spi-builder-workspace/.swiftpm/xcode
builtin-create-build-directory /Users/admin/builder/spi-builder-workspace/.derivedData/Build/Products/Debug-watchos
CreateBuildDirectory /Users/admin/builder/spi-builder-workspace/.derivedData/Build/Intermediates.noindex/EagerLinkingTBDs/Debug-watchos
cd /Users/admin/builder/spi-builder-workspace/.swiftpm/xcode
builtin-create-build-directory /Users/admin/builder/spi-builder-workspace/.derivedData/Build/Intermediates.noindex/EagerLinkingTBDs/Debug-watchos
CreateBuildDirectory /Users/admin/builder/spi-builder-workspace/.derivedData/Build/Products/Debug-watchos/PackageFrameworks
cd /Users/admin/builder/spi-builder-workspace/.swiftpm/xcode
builtin-create-build-directory /Users/admin/builder/spi-builder-workspace/.derivedData/Build/Products/Debug-watchos/PackageFrameworks
WriteAuxiliaryFile /Users/admin/builder/spi-builder-workspace/.derivedData/Build/Intermediates.noindex/SwiftlyImageLoader.build/Debug-watchos/SwiftlyImageLoaderUIKit-t.build/SwiftlyImageLoaderUIKit.DependencyStaticMetadataFileList (in target 'SwiftlyImageLoaderUIKit' from project 'SwiftlyImageLoader')
cd /Users/admin/builder/spi-builder-workspace
write-file /Users/admin/builder/spi-builder-workspace/.derivedData/Build/Intermediates.noindex/SwiftlyImageLoader.build/Debug-watchos/SwiftlyImageLoaderUIKit-t.build/SwiftlyImageLoaderUIKit.DependencyStaticMetadataFileList
WriteAuxiliaryFile /Users/admin/builder/spi-builder-workspace/.derivedData/Build/Intermediates.noindex/SwiftlyImageLoader.build/Debug-watchos/SwiftlyImageLoaderUIKit-t.build/SwiftlyImageLoaderUIKit.modulemap (in target 'SwiftlyImageLoaderUIKit' from project 'SwiftlyImageLoader')
cd /Users/admin/builder/spi-builder-workspace
write-file /Users/admin/builder/spi-builder-workspace/.derivedData/Build/Intermediates.noindex/SwiftlyImageLoader.build/Debug-watchos/SwiftlyImageLoaderUIKit-t.build/SwiftlyImageLoaderUIKit.modulemap
WriteAuxiliaryFile /Users/admin/builder/spi-builder-workspace/.derivedData/Build/Intermediates.noindex/SwiftlyImageLoader.build/Debug-watchos/SwiftlyImageLoaderUIKit-t.build/SwiftlyImageLoaderUIKit.DependencyMetadataFileList (in target 'SwiftlyImageLoaderUIKit' from project 'SwiftlyImageLoader')
cd /Users/admin/builder/spi-builder-workspace
write-file /Users/admin/builder/spi-builder-workspace/.derivedData/Build/Intermediates.noindex/SwiftlyImageLoader.build/Debug-watchos/SwiftlyImageLoaderUIKit-t.build/SwiftlyImageLoaderUIKit.DependencyMetadataFileList
WriteAuxiliaryFile /Users/admin/builder/spi-builder-workspace/.derivedData/Build/Intermediates.noindex/SwiftlyImageLoader.build/Debug-watchos/SwiftlyImageLoaderUIKit-t.build/Objects-normal/arm64_32/SwiftlyImageLoaderUIKit.SwiftConstValuesFileList (in target 'SwiftlyImageLoaderUIKit' from project 'SwiftlyImageLoader')
cd /Users/admin/builder/spi-builder-workspace
write-file /Users/admin/builder/spi-builder-workspace/.derivedData/Build/Intermediates.noindex/SwiftlyImageLoader.build/Debug-watchos/SwiftlyImageLoaderUIKit-t.build/Objects-normal/arm64_32/SwiftlyImageLoaderUIKit.SwiftConstValuesFileList
WriteAuxiliaryFile /Users/admin/builder/spi-builder-workspace/.derivedData/Build/Intermediates.noindex/SwiftlyImageLoader.build/Debug-watchos/SwiftlyImageLoaderUIKit-t.build/Objects-normal/arm64_32/SwiftlyImageLoaderUIKit-OutputFileMap.json (in target 'SwiftlyImageLoaderUIKit' from project 'SwiftlyImageLoader')
cd /Users/admin/builder/spi-builder-workspace
write-file /Users/admin/builder/spi-builder-workspace/.derivedData/Build/Intermediates.noindex/SwiftlyImageLoader.build/Debug-watchos/SwiftlyImageLoaderUIKit-t.build/Objects-normal/arm64_32/SwiftlyImageLoaderUIKit-OutputFileMap.json
WriteAuxiliaryFile /Users/admin/builder/spi-builder-workspace/.derivedData/Build/Intermediates.noindex/SwiftlyImageLoader.build/Debug-watchos/SwiftlyImageLoaderUIKit-t.build/Objects-normal/arm64_32/SwiftlyImageLoaderUIKit.SwiftFileList (in target 'SwiftlyImageLoaderUIKit' from project 'SwiftlyImageLoader')
cd /Users/admin/builder/spi-builder-workspace
write-file /Users/admin/builder/spi-builder-workspace/.derivedData/Build/Intermediates.noindex/SwiftlyImageLoader.build/Debug-watchos/SwiftlyImageLoaderUIKit-t.build/Objects-normal/arm64_32/SwiftlyImageLoaderUIKit.SwiftFileList
WriteAuxiliaryFile /Users/admin/builder/spi-builder-workspace/.derivedData/Build/Intermediates.noindex/SwiftlyImageLoader.build/Debug-watchos/SwiftlyImageLoaderUIKit-t.build/Objects-normal/arm64_32/SwiftlyImageLoaderUIKit_const_extract_protocols.json (in target 'SwiftlyImageLoaderUIKit' from project 'SwiftlyImageLoader')
cd /Users/admin/builder/spi-builder-workspace
write-file /Users/admin/builder/spi-builder-workspace/.derivedData/Build/Intermediates.noindex/SwiftlyImageLoader.build/Debug-watchos/SwiftlyImageLoaderUIKit-t.build/Objects-normal/arm64_32/SwiftlyImageLoaderUIKit_const_extract_protocols.json
WriteAuxiliaryFile /Users/admin/builder/spi-builder-workspace/.derivedData/Build/Intermediates.noindex/SwiftlyImageLoader.build/Debug-watchos/SwiftlyImageLoaderUIKit-t.build/Objects-normal/arm64_32/SwiftlyImageLoaderUIKit.LinkFileList (in target 'SwiftlyImageLoaderUIKit' from project 'SwiftlyImageLoader')
cd /Users/admin/builder/spi-builder-workspace
write-file /Users/admin/builder/spi-builder-workspace/.derivedData/Build/Intermediates.noindex/SwiftlyImageLoader.build/Debug-watchos/SwiftlyImageLoaderUIKit-t.build/Objects-normal/arm64_32/SwiftlyImageLoaderUIKit.LinkFileList
WriteAuxiliaryFile /Users/admin/builder/spi-builder-workspace/.derivedData/Build/Intermediates.noindex/SwiftlyImageLoader.build/Debug-watchos/SwiftlyImageLoaderUIKit-t.build/Objects-normal/arm64/SwiftlyImageLoaderUIKit_const_extract_protocols.json (in target 'SwiftlyImageLoaderUIKit' from project 'SwiftlyImageLoader')
cd /Users/admin/builder/spi-builder-workspace
write-file /Users/admin/builder/spi-builder-workspace/.derivedData/Build/Intermediates.noindex/SwiftlyImageLoader.build/Debug-watchos/SwiftlyImageLoaderUIKit-t.build/Objects-normal/arm64/SwiftlyImageLoaderUIKit_const_extract_protocols.json
WriteAuxiliaryFile /Users/admin/builder/spi-builder-workspace/.derivedData/Build/Intermediates.noindex/SwiftlyImageLoader.build/Debug-watchos/SwiftlyImageLoaderUIKit-t.build/Objects-normal/arm64/SwiftlyImageLoaderUIKit.SwiftFileList (in target 'SwiftlyImageLoaderUIKit' from project 'SwiftlyImageLoader')
cd /Users/admin/builder/spi-builder-workspace
write-file /Users/admin/builder/spi-builder-workspace/.derivedData/Build/Intermediates.noindex/SwiftlyImageLoader.build/Debug-watchos/SwiftlyImageLoaderUIKit-t.build/Objects-normal/arm64/SwiftlyImageLoaderUIKit.SwiftFileList
WriteAuxiliaryFile /Users/admin/builder/spi-builder-workspace/.derivedData/Build/Intermediates.noindex/SwiftlyImageLoader.build/Debug-watchos/SwiftlyImageLoaderUIKit-t.build/Objects-normal/arm64/SwiftlyImageLoaderUIKit.SwiftConstValuesFileList (in target 'SwiftlyImageLoaderUIKit' from project 'SwiftlyImageLoader')
cd /Users/admin/builder/spi-builder-workspace
write-file /Users/admin/builder/spi-builder-workspace/.derivedData/Build/Intermediates.noindex/SwiftlyImageLoader.build/Debug-watchos/SwiftlyImageLoaderUIKit-t.build/Objects-normal/arm64/SwiftlyImageLoaderUIKit.SwiftConstValuesFileList
WriteAuxiliaryFile /Users/admin/builder/spi-builder-workspace/.derivedData/Build/Intermediates.noindex/SwiftlyImageLoader.build/Debug-watchos/SwiftlyImageLoaderUIKit-t.build/Objects-normal/arm64/SwiftlyImageLoaderUIKit.LinkFileList (in target 'SwiftlyImageLoaderUIKit' from project 'SwiftlyImageLoader')
cd /Users/admin/builder/spi-builder-workspace
write-file /Users/admin/builder/spi-builder-workspace/.derivedData/Build/Intermediates.noindex/SwiftlyImageLoader.build/Debug-watchos/SwiftlyImageLoaderUIKit-t.build/Objects-normal/arm64/SwiftlyImageLoaderUIKit.LinkFileList
WriteAuxiliaryFile /Users/admin/builder/spi-builder-workspace/.derivedData/Build/Intermediates.noindex/SwiftlyImageLoader.build/Debug-watchos/SwiftlyImageLoaderUIKit-t.build/Objects-normal/arm64/SwiftlyImageLoaderUIKit-OutputFileMap.json (in target 'SwiftlyImageLoaderUIKit' from project 'SwiftlyImageLoader')
cd /Users/admin/builder/spi-builder-workspace
write-file /Users/admin/builder/spi-builder-workspace/.derivedData/Build/Intermediates.noindex/SwiftlyImageLoader.build/Debug-watchos/SwiftlyImageLoaderUIKit-t.build/Objects-normal/arm64/SwiftlyImageLoaderUIKit-OutputFileMap.json
WriteAuxiliaryFile /Users/admin/builder/spi-builder-workspace/.derivedData/Build/Intermediates.noindex/SwiftlyImageLoader.build/Debug-watchos/SwiftlyImageLoaderSwiftUI-t.build/SwiftlyImageLoaderSwiftUI.modulemap (in target 'SwiftlyImageLoaderSwiftUI' from project 'SwiftlyImageLoader')
cd /Users/admin/builder/spi-builder-workspace
write-file /Users/admin/builder/spi-builder-workspace/.derivedData/Build/Intermediates.noindex/SwiftlyImageLoader.build/Debug-watchos/SwiftlyImageLoaderSwiftUI-t.build/SwiftlyImageLoaderSwiftUI.modulemap
Copy /Users/admin/builder/spi-builder-workspace/.derivedData/Build/Intermediates.noindex/GeneratedModuleMaps-watchos/SwiftlyImageLoaderUIKit.modulemap /Users/admin/builder/spi-builder-workspace/.derivedData/Build/Intermediates.noindex/SwiftlyImageLoader.build/Debug-watchos/SwiftlyImageLoaderUIKit-t.build/SwiftlyImageLoaderUIKit.modulemap (in target 'SwiftlyImageLoaderUIKit' from project 'SwiftlyImageLoader')
cd /Users/admin/builder/spi-builder-workspace
builtin-copy -exclude .DS_Store -exclude CVS -exclude .svn -exclude .git -exclude .hg -resolve-src-symlinks /Users/admin/builder/spi-builder-workspace/.derivedData/Build/Intermediates.noindex/SwiftlyImageLoader.build/Debug-watchos/SwiftlyImageLoaderUIKit-t.build/SwiftlyImageLoaderUIKit.modulemap /Users/admin/builder/spi-builder-workspace/.derivedData/Build/Intermediates.noindex/GeneratedModuleMaps-watchos
WriteAuxiliaryFile /Users/admin/builder/spi-builder-workspace/.derivedData/Build/Intermediates.noindex/SwiftlyImageLoader.build/Debug-watchos/SwiftlyImageLoaderSwiftUI-t.build/SwiftlyImageLoaderSwiftUI.DependencyStaticMetadataFileList (in target 'SwiftlyImageLoaderSwiftUI' from project 'SwiftlyImageLoader')
cd /Users/admin/builder/spi-builder-workspace
write-file /Users/admin/builder/spi-builder-workspace/.derivedData/Build/Intermediates.noindex/SwiftlyImageLoader.build/Debug-watchos/SwiftlyImageLoaderSwiftUI-t.build/SwiftlyImageLoaderSwiftUI.DependencyStaticMetadataFileList
WriteAuxiliaryFile /Users/admin/builder/spi-builder-workspace/.derivedData/Build/Intermediates.noindex/SwiftlyImageLoader.build/Debug-watchos/SwiftlyImageLoaderSwiftUI-t.build/SwiftlyImageLoaderSwiftUI.DependencyMetadataFileList (in target 'SwiftlyImageLoaderSwiftUI' from project 'SwiftlyImageLoader')
cd /Users/admin/builder/spi-builder-workspace
write-file /Users/admin/builder/spi-builder-workspace/.derivedData/Build/Intermediates.noindex/SwiftlyImageLoader.build/Debug-watchos/SwiftlyImageLoaderSwiftUI-t.build/SwiftlyImageLoaderSwiftUI.DependencyMetadataFileList
WriteAuxiliaryFile /Users/admin/builder/spi-builder-workspace/.derivedData/Build/Intermediates.noindex/SwiftlyImageLoader.build/Debug-watchos/SwiftlyImageLoaderSwiftUI-t.build/Objects-normal/arm64_32/SwiftlyImageLoaderSwiftUI_const_extract_protocols.json (in target 'SwiftlyImageLoaderSwiftUI' from project 'SwiftlyImageLoader')
cd /Users/admin/builder/spi-builder-workspace
write-file /Users/admin/builder/spi-builder-workspace/.derivedData/Build/Intermediates.noindex/SwiftlyImageLoader.build/Debug-watchos/SwiftlyImageLoaderSwiftUI-t.build/Objects-normal/arm64_32/SwiftlyImageLoaderSwiftUI_const_extract_protocols.json
WriteAuxiliaryFile /Users/admin/builder/spi-builder-workspace/.derivedData/Build/Intermediates.noindex/SwiftlyImageLoader.build/Debug-watchos/SwiftlyImageLoaderSwiftUI-t.build/Objects-normal/arm64_32/SwiftlyImageLoaderSwiftUI.SwiftFileList (in target 'SwiftlyImageLoaderSwiftUI' from project 'SwiftlyImageLoader')
cd /Users/admin/builder/spi-builder-workspace
write-file /Users/admin/builder/spi-builder-workspace/.derivedData/Build/Intermediates.noindex/SwiftlyImageLoader.build/Debug-watchos/SwiftlyImageLoaderSwiftUI-t.build/Objects-normal/arm64_32/SwiftlyImageLoaderSwiftUI.SwiftFileList
WriteAuxiliaryFile /Users/admin/builder/spi-builder-workspace/.derivedData/Build/Intermediates.noindex/SwiftlyImageLoader.build/Debug-watchos/SwiftlyImageLoaderSwiftUI-t.build/Objects-normal/arm64_32/SwiftlyImageLoaderSwiftUI.SwiftConstValuesFileList (in target 'SwiftlyImageLoaderSwiftUI' from project 'SwiftlyImageLoader')
cd /Users/admin/builder/spi-builder-workspace
write-file /Users/admin/builder/spi-builder-workspace/.derivedData/Build/Intermediates.noindex/SwiftlyImageLoader.build/Debug-watchos/SwiftlyImageLoaderSwiftUI-t.build/Objects-normal/arm64_32/SwiftlyImageLoaderSwiftUI.SwiftConstValuesFileList
WriteAuxiliaryFile /Users/admin/builder/spi-builder-workspace/.derivedData/Build/Intermediates.noindex/SwiftlyImageLoader.build/Debug-watchos/SwiftlyImageLoaderSwiftUI-t.build/Objects-normal/arm64_32/SwiftlyImageLoaderSwiftUI.LinkFileList (in target 'SwiftlyImageLoaderSwiftUI' from project 'SwiftlyImageLoader')
cd /Users/admin/builder/spi-builder-workspace
write-file /Users/admin/builder/spi-builder-workspace/.derivedData/Build/Intermediates.noindex/SwiftlyImageLoader.build/Debug-watchos/SwiftlyImageLoaderSwiftUI-t.build/Objects-normal/arm64_32/SwiftlyImageLoaderSwiftUI.LinkFileList
WriteAuxiliaryFile /Users/admin/builder/spi-builder-workspace/.derivedData/Build/Intermediates.noindex/SwiftlyImageLoader.build/Debug-watchos/SwiftlyImageLoaderSwiftUI-t.build/Objects-normal/arm64_32/SwiftlyImageLoaderSwiftUI-OutputFileMap.json (in target 'SwiftlyImageLoaderSwiftUI' from project 'SwiftlyImageLoader')
cd /Users/admin/builder/spi-builder-workspace
write-file /Users/admin/builder/spi-builder-workspace/.derivedData/Build/Intermediates.noindex/SwiftlyImageLoader.build/Debug-watchos/SwiftlyImageLoaderSwiftUI-t.build/Objects-normal/arm64_32/SwiftlyImageLoaderSwiftUI-OutputFileMap.json
WriteAuxiliaryFile /Users/admin/builder/spi-builder-workspace/.derivedData/Build/Intermediates.noindex/SwiftlyImageLoader.build/Debug-watchos/SwiftlyImageLoaderSwiftUI-t.build/Objects-normal/arm64/SwiftlyImageLoaderSwiftUI_const_extract_protocols.json (in target 'SwiftlyImageLoaderSwiftUI' from project 'SwiftlyImageLoader')
cd /Users/admin/builder/spi-builder-workspace
write-file /Users/admin/builder/spi-builder-workspace/.derivedData/Build/Intermediates.noindex/SwiftlyImageLoader.build/Debug-watchos/SwiftlyImageLoaderSwiftUI-t.build/Objects-normal/arm64/SwiftlyImageLoaderSwiftUI_const_extract_protocols.json
WriteAuxiliaryFile /Users/admin/builder/spi-builder-workspace/.derivedData/Build/Intermediates.noindex/SwiftlyImageLoader.build/Debug-watchos/SwiftlyImageLoaderSwiftUI-t.build/Objects-normal/arm64/SwiftlyImageLoaderSwiftUI.SwiftFileList (in target 'SwiftlyImageLoaderSwiftUI' from project 'SwiftlyImageLoader')
cd /Users/admin/builder/spi-builder-workspace
write-file /Users/admin/builder/spi-builder-workspace/.derivedData/Build/Intermediates.noindex/SwiftlyImageLoader.build/Debug-watchos/SwiftlyImageLoaderSwiftUI-t.build/Objects-normal/arm64/SwiftlyImageLoaderSwiftUI.SwiftFileList
WriteAuxiliaryFile /Users/admin/builder/spi-builder-workspace/.derivedData/Build/Intermediates.noindex/SwiftlyImageLoader.build/Debug-watchos/SwiftlyImageLoaderSwiftUI-t.build/Objects-normal/arm64/SwiftlyImageLoaderSwiftUI.SwiftConstValuesFileList (in target 'SwiftlyImageLoaderSwiftUI' from project 'SwiftlyImageLoader')
cd /Users/admin/builder/spi-builder-workspace
write-file /Users/admin/builder/spi-builder-workspace/.derivedData/Build/Intermediates.noindex/SwiftlyImageLoader.build/Debug-watchos/SwiftlyImageLoaderSwiftUI-t.build/Objects-normal/arm64/SwiftlyImageLoaderSwiftUI.SwiftConstValuesFileList
WriteAuxiliaryFile /Users/admin/builder/spi-builder-workspace/.derivedData/Build/Intermediates.noindex/SwiftlyImageLoader.build/Debug-watchos/SwiftlyImageLoaderSwiftUI-t.build/Objects-normal/arm64/SwiftlyImageLoaderSwiftUI.LinkFileList (in target 'SwiftlyImageLoaderSwiftUI' from project 'SwiftlyImageLoader')
cd /Users/admin/builder/spi-builder-workspace
write-file /Users/admin/builder/spi-builder-workspace/.derivedData/Build/Intermediates.noindex/SwiftlyImageLoader.build/Debug-watchos/SwiftlyImageLoaderSwiftUI-t.build/Objects-normal/arm64/SwiftlyImageLoaderSwiftUI.LinkFileList
WriteAuxiliaryFile /Users/admin/builder/spi-builder-workspace/.derivedData/Build/Intermediates.noindex/SwiftlyImageLoader.build/Debug-watchos/SwiftlyImageLoaderSwiftUI-t.build/Objects-normal/arm64/SwiftlyImageLoaderSwiftUI-OutputFileMap.json (in target 'SwiftlyImageLoaderSwiftUI' from project 'SwiftlyImageLoader')
cd /Users/admin/builder/spi-builder-workspace
write-file /Users/admin/builder/spi-builder-workspace/.derivedData/Build/Intermediates.noindex/SwiftlyImageLoader.build/Debug-watchos/SwiftlyImageLoaderSwiftUI-t.build/Objects-normal/arm64/SwiftlyImageLoaderSwiftUI-OutputFileMap.json
Copy /Users/admin/builder/spi-builder-workspace/.derivedData/Build/Intermediates.noindex/GeneratedModuleMaps-watchos/SwiftlyImageLoaderSwiftUI.modulemap /Users/admin/builder/spi-builder-workspace/.derivedData/Build/Intermediates.noindex/SwiftlyImageLoader.build/Debug-watchos/SwiftlyImageLoaderSwiftUI-t.build/SwiftlyImageLoaderSwiftUI.modulemap (in target 'SwiftlyImageLoaderSwiftUI' from project 'SwiftlyImageLoader')
cd /Users/admin/builder/spi-builder-workspace
builtin-copy -exclude .DS_Store -exclude CVS -exclude .svn -exclude .git -exclude .hg -resolve-src-symlinks /Users/admin/builder/spi-builder-workspace/.derivedData/Build/Intermediates.noindex/SwiftlyImageLoader.build/Debug-watchos/SwiftlyImageLoaderSwiftUI-t.build/SwiftlyImageLoaderSwiftUI.modulemap /Users/admin/builder/spi-builder-workspace/.derivedData/Build/Intermediates.noindex/GeneratedModuleMaps-watchos
WriteAuxiliaryFile /Users/admin/builder/spi-builder-workspace/.derivedData/Build/Intermediates.noindex/SwiftlyImageLoader.build/Debug-watchos/SwiftlyImageLoaderAppKit-t.build/SwiftlyImageLoaderAppKit.modulemap (in target 'SwiftlyImageLoaderAppKit' from project 'SwiftlyImageLoader')
cd /Users/admin/builder/spi-builder-workspace
write-file /Users/admin/builder/spi-builder-workspace/.derivedData/Build/Intermediates.noindex/SwiftlyImageLoader.build/Debug-watchos/SwiftlyImageLoaderAppKit-t.build/SwiftlyImageLoaderAppKit.modulemap
WriteAuxiliaryFile /Users/admin/builder/spi-builder-workspace/.derivedData/Build/Intermediates.noindex/SwiftlyImageLoader.build/Debug-watchos/SwiftlyImageLoaderAppKit-t.build/SwiftlyImageLoaderAppKit.DependencyStaticMetadataFileList (in target 'SwiftlyImageLoaderAppKit' from project 'SwiftlyImageLoader')
cd /Users/admin/builder/spi-builder-workspace
write-file /Users/admin/builder/spi-builder-workspace/.derivedData/Build/Intermediates.noindex/SwiftlyImageLoader.build/Debug-watchos/SwiftlyImageLoaderAppKit-t.build/SwiftlyImageLoaderAppKit.DependencyStaticMetadataFileList
WriteAuxiliaryFile /Users/admin/builder/spi-builder-workspace/.derivedData/Build/Intermediates.noindex/SwiftlyImageLoader.build/Debug-watchos/SwiftlyImageLoaderAppKit-t.build/SwiftlyImageLoaderAppKit.DependencyMetadataFileList (in target 'SwiftlyImageLoaderAppKit' from project 'SwiftlyImageLoader')
cd /Users/admin/builder/spi-builder-workspace
write-file /Users/admin/builder/spi-builder-workspace/.derivedData/Build/Intermediates.noindex/SwiftlyImageLoader.build/Debug-watchos/SwiftlyImageLoaderAppKit-t.build/SwiftlyImageLoaderAppKit.DependencyMetadataFileList
WriteAuxiliaryFile /Users/admin/builder/spi-builder-workspace/.derivedData/Build/Intermediates.noindex/SwiftlyImageLoader.build/Debug-watchos/SwiftlyImageLoaderAppKit-t.build/Objects-normal/arm64_32/SwiftlyImageLoaderAppKit_const_extract_protocols.json (in target 'SwiftlyImageLoaderAppKit' from project 'SwiftlyImageLoader')
cd /Users/admin/builder/spi-builder-workspace
write-file /Users/admin/builder/spi-builder-workspace/.derivedData/Build/Intermediates.noindex/SwiftlyImageLoader.build/Debug-watchos/SwiftlyImageLoaderAppKit-t.build/Objects-normal/arm64_32/SwiftlyImageLoaderAppKit_const_extract_protocols.json
WriteAuxiliaryFile /Users/admin/builder/spi-builder-workspace/.derivedData/Build/Intermediates.noindex/SwiftlyImageLoader.build/Debug-watchos/SwiftlyImageLoaderAppKit-t.build/Objects-normal/arm64_32/SwiftlyImageLoaderAppKit.SwiftFileList (in target 'SwiftlyImageLoaderAppKit' from project 'SwiftlyImageLoader')
cd /Users/admin/builder/spi-builder-workspace
write-file /Users/admin/builder/spi-builder-workspace/.derivedData/Build/Intermediates.noindex/SwiftlyImageLoader.build/Debug-watchos/SwiftlyImageLoaderAppKit-t.build/Objects-normal/arm64_32/SwiftlyImageLoaderAppKit.SwiftFileList
WriteAuxiliaryFile /Users/admin/builder/spi-builder-workspace/.derivedData/Build/Intermediates.noindex/SwiftlyImageLoader.build/Debug-watchos/SwiftlyImageLoaderAppKit-t.build/Objects-normal/arm64_32/SwiftlyImageLoaderAppKit.SwiftConstValuesFileList (in target 'SwiftlyImageLoaderAppKit' from project 'SwiftlyImageLoader')
cd /Users/admin/builder/spi-builder-workspace
write-file /Users/admin/builder/spi-builder-workspace/.derivedData/Build/Intermediates.noindex/SwiftlyImageLoader.build/Debug-watchos/SwiftlyImageLoaderAppKit-t.build/Objects-normal/arm64_32/SwiftlyImageLoaderAppKit.SwiftConstValuesFileList
WriteAuxiliaryFile /Users/admin/builder/spi-builder-workspace/.derivedData/Build/Intermediates.noindex/SwiftlyImageLoader.build/Debug-watchos/SwiftlyImageLoaderAppKit-t.build/Objects-normal/arm64_32/SwiftlyImageLoaderAppKit.LinkFileList (in target 'SwiftlyImageLoaderAppKit' from project 'SwiftlyImageLoader')
cd /Users/admin/builder/spi-builder-workspace
write-file /Users/admin/builder/spi-builder-workspace/.derivedData/Build/Intermediates.noindex/SwiftlyImageLoader.build/Debug-watchos/SwiftlyImageLoaderAppKit-t.build/Objects-normal/arm64_32/SwiftlyImageLoaderAppKit.LinkFileList
WriteAuxiliaryFile /Users/admin/builder/spi-builder-workspace/.derivedData/Build/Intermediates.noindex/SwiftlyImageLoader.build/Debug-watchos/SwiftlyImageLoaderAppKit-t.build/Objects-normal/arm64_32/SwiftlyImageLoaderAppKit-OutputFileMap.json (in target 'SwiftlyImageLoaderAppKit' from project 'SwiftlyImageLoader')
cd /Users/admin/builder/spi-builder-workspace
write-file /Users/admin/builder/spi-builder-workspace/.derivedData/Build/Intermediates.noindex/SwiftlyImageLoader.build/Debug-watchos/SwiftlyImageLoaderAppKit-t.build/Objects-normal/arm64_32/SwiftlyImageLoaderAppKit-OutputFileMap.json
WriteAuxiliaryFile /Users/admin/builder/spi-builder-workspace/.derivedData/Build/Intermediates.noindex/SwiftlyImageLoader.build/Debug-watchos/SwiftlyImageLoaderAppKit-t.build/Objects-normal/arm64/SwiftlyImageLoaderAppKit-OutputFileMap.json (in target 'SwiftlyImageLoaderAppKit' from project 'SwiftlyImageLoader')
cd /Users/admin/builder/spi-builder-workspace
write-file /Users/admin/builder/spi-builder-workspace/.derivedData/Build/Intermediates.noindex/SwiftlyImageLoader.build/Debug-watchos/SwiftlyImageLoaderAppKit-t.build/Objects-normal/arm64/SwiftlyImageLoaderAppKit-OutputFileMap.json
WriteAuxiliaryFile /Users/admin/builder/spi-builder-workspace/.derivedData/Build/Intermediates.noindex/SwiftlyImageLoader.build/Debug-watchos/SwiftlyImageLoaderAppKit-t.build/Objects-normal/arm64/SwiftlyImageLoaderAppKit_const_extract_protocols.json (in target 'SwiftlyImageLoaderAppKit' from project 'SwiftlyImageLoader')
cd /Users/admin/builder/spi-builder-workspace
write-file /Users/admin/builder/spi-builder-workspace/.derivedData/Build/Intermediates.noindex/SwiftlyImageLoader.build/Debug-watchos/SwiftlyImageLoaderAppKit-t.build/Objects-normal/arm64/SwiftlyImageLoaderAppKit_const_extract_protocols.json
WriteAuxiliaryFile /Users/admin/builder/spi-builder-workspace/.derivedData/Build/Intermediates.noindex/SwiftlyImageLoader.build/Debug-watchos/SwiftlyImageLoaderAppKit-t.build/Objects-normal/arm64/SwiftlyImageLoaderAppKit.LinkFileList (in target 'SwiftlyImageLoaderAppKit' from project 'SwiftlyImageLoader')
cd /Users/admin/builder/spi-builder-workspace
write-file /Users/admin/builder/spi-builder-workspace/.derivedData/Build/Intermediates.noindex/SwiftlyImageLoader.build/Debug-watchos/SwiftlyImageLoaderAppKit-t.build/Objects-normal/arm64/SwiftlyImageLoaderAppKit.LinkFileList
WriteAuxiliaryFile /Users/admin/builder/spi-builder-workspace/.derivedData/Build/Intermediates.noindex/SwiftlyImageLoader.build/Debug-watchos/SwiftlyImageLoaderAppKit-t.build/Objects-normal/arm64/SwiftlyImageLoaderAppKit.SwiftConstValuesFileList (in target 'SwiftlyImageLoaderAppKit' from project 'SwiftlyImageLoader')
cd /Users/admin/builder/spi-builder-workspace
write-file /Users/admin/builder/spi-builder-workspace/.derivedData/Build/Intermediates.noindex/SwiftlyImageLoader.build/Debug-watchos/SwiftlyImageLoaderAppKit-t.build/Objects-normal/arm64/SwiftlyImageLoaderAppKit.SwiftConstValuesFileList
WriteAuxiliaryFile /Users/admin/builder/spi-builder-workspace/.derivedData/Build/Intermediates.noindex/SwiftlyImageLoader.build/Debug-watchos/SwiftlyImageLoaderAppKit-t.build/Objects-normal/arm64/SwiftlyImageLoaderAppKit.SwiftFileList (in target 'SwiftlyImageLoaderAppKit' from project 'SwiftlyImageLoader')
cd /Users/admin/builder/spi-builder-workspace
write-file /Users/admin/builder/spi-builder-workspace/.derivedData/Build/Intermediates.noindex/SwiftlyImageLoader.build/Debug-watchos/SwiftlyImageLoaderAppKit-t.build/Objects-normal/arm64/SwiftlyImageLoaderAppKit.SwiftFileList
Copy /Users/admin/builder/spi-builder-workspace/.derivedData/Build/Intermediates.noindex/GeneratedModuleMaps-watchos/SwiftlyImageLoaderAppKit.modulemap /Users/admin/builder/spi-builder-workspace/.derivedData/Build/Intermediates.noindex/SwiftlyImageLoader.build/Debug-watchos/SwiftlyImageLoaderAppKit-t.build/SwiftlyImageLoaderAppKit.modulemap (in target 'SwiftlyImageLoaderAppKit' from project 'SwiftlyImageLoader')
cd /Users/admin/builder/spi-builder-workspace
builtin-copy -exclude .DS_Store -exclude CVS -exclude .svn -exclude .git -exclude .hg -resolve-src-symlinks /Users/admin/builder/spi-builder-workspace/.derivedData/Build/Intermediates.noindex/SwiftlyImageLoader.build/Debug-watchos/SwiftlyImageLoaderAppKit-t.build/SwiftlyImageLoaderAppKit.modulemap /Users/admin/builder/spi-builder-workspace/.derivedData/Build/Intermediates.noindex/GeneratedModuleMaps-watchos
WriteAuxiliaryFile /Users/admin/builder/spi-builder-workspace/.derivedData/Build/Intermediates.noindex/SwiftlyImageLoader.build/Debug-watchos/SwiftlyImageLoader-t.build/SwiftlyImageLoader.modulemap (in target 'SwiftlyImageLoader' from project 'SwiftlyImageLoader')
cd /Users/admin/builder/spi-builder-workspace
write-file /Users/admin/builder/spi-builder-workspace/.derivedData/Build/Intermediates.noindex/SwiftlyImageLoader.build/Debug-watchos/SwiftlyImageLoader-t.build/SwiftlyImageLoader.modulemap
WriteAuxiliaryFile /Users/admin/builder/spi-builder-workspace/.derivedData/Build/Intermediates.noindex/SwiftlyImageLoader.build/Debug-watchos/SwiftlyImageLoader-t.build/SwiftlyImageLoader.DependencyStaticMetadataFileList (in target 'SwiftlyImageLoader' from project 'SwiftlyImageLoader')
cd /Users/admin/builder/spi-builder-workspace
write-file /Users/admin/builder/spi-builder-workspace/.derivedData/Build/Intermediates.noindex/SwiftlyImageLoader.build/Debug-watchos/SwiftlyImageLoader-t.build/SwiftlyImageLoader.DependencyStaticMetadataFileList
WriteAuxiliaryFile /Users/admin/builder/spi-builder-workspace/.derivedData/Build/Intermediates.noindex/SwiftlyImageLoader.build/Debug-watchos/SwiftlyImageLoader-t.build/SwiftlyImageLoader.DependencyMetadataFileList (in target 'SwiftlyImageLoader' from project 'SwiftlyImageLoader')
cd /Users/admin/builder/spi-builder-workspace
write-file /Users/admin/builder/spi-builder-workspace/.derivedData/Build/Intermediates.noindex/SwiftlyImageLoader.build/Debug-watchos/SwiftlyImageLoader-t.build/SwiftlyImageLoader.DependencyMetadataFileList
WriteAuxiliaryFile /Users/admin/builder/spi-builder-workspace/.derivedData/Build/Intermediates.noindex/SwiftlyImageLoader.build/Debug-watchos/SwiftlyImageLoader-t.build/Objects-normal/arm64_32/SwiftlyImageLoader_const_extract_protocols.json (in target 'SwiftlyImageLoader' from project 'SwiftlyImageLoader')
cd /Users/admin/builder/spi-builder-workspace
write-file /Users/admin/builder/spi-builder-workspace/.derivedData/Build/Intermediates.noindex/SwiftlyImageLoader.build/Debug-watchos/SwiftlyImageLoader-t.build/Objects-normal/arm64_32/SwiftlyImageLoader_const_extract_protocols.json
WriteAuxiliaryFile /Users/admin/builder/spi-builder-workspace/.derivedData/Build/Intermediates.noindex/SwiftlyImageLoader.build/Debug-watchos/SwiftlyImageLoader-t.build/Objects-normal/arm64_32/SwiftlyImageLoader.SwiftFileList (in target 'SwiftlyImageLoader' from project 'SwiftlyImageLoader')
cd /Users/admin/builder/spi-builder-workspace
write-file /Users/admin/builder/spi-builder-workspace/.derivedData/Build/Intermediates.noindex/SwiftlyImageLoader.build/Debug-watchos/SwiftlyImageLoader-t.build/Objects-normal/arm64_32/SwiftlyImageLoader.SwiftFileList
WriteAuxiliaryFile /Users/admin/builder/spi-builder-workspace/.derivedData/Build/Intermediates.noindex/SwiftlyImageLoader.build/Debug-watchos/SwiftlyImageLoader-t.build/Objects-normal/arm64_32/SwiftlyImageLoader.SwiftConstValuesFileList (in target 'SwiftlyImageLoader' from project 'SwiftlyImageLoader')
cd /Users/admin/builder/spi-builder-workspace
write-file /Users/admin/builder/spi-builder-workspace/.derivedData/Build/Intermediates.noindex/SwiftlyImageLoader.build/Debug-watchos/SwiftlyImageLoader-t.build/Objects-normal/arm64_32/SwiftlyImageLoader.SwiftConstValuesFileList
WriteAuxiliaryFile /Users/admin/builder/spi-builder-workspace/.derivedData/Build/Intermediates.noindex/SwiftlyImageLoader.build/Debug-watchos/SwiftlyImageLoader-t.build/Objects-normal/arm64_32/SwiftlyImageLoader.LinkFileList (in target 'SwiftlyImageLoader' from project 'SwiftlyImageLoader')
cd /Users/admin/builder/spi-builder-workspace
write-file /Users/admin/builder/spi-builder-workspace/.derivedData/Build/Intermediates.noindex/SwiftlyImageLoader.build/Debug-watchos/SwiftlyImageLoader-t.build/Objects-normal/arm64_32/SwiftlyImageLoader.LinkFileList
WriteAuxiliaryFile /Users/admin/builder/spi-builder-workspace/.derivedData/Build/Intermediates.noindex/SwiftlyImageLoader.build/Debug-watchos/SwiftlyImageLoader-t.build/Objects-normal/arm64_32/SwiftlyImageLoader-OutputFileMap.json (in target 'SwiftlyImageLoader' from project 'SwiftlyImageLoader')
cd /Users/admin/builder/spi-builder-workspace
write-file /Users/admin/builder/spi-builder-workspace/.derivedData/Build/Intermediates.noindex/SwiftlyImageLoader.build/Debug-watchos/SwiftlyImageLoader-t.build/Objects-normal/arm64_32/SwiftlyImageLoader-OutputFileMap.json
Copy /Users/admin/builder/spi-builder-workspace/.derivedData/Build/Intermediates.noindex/GeneratedModuleMaps-watchos/SwiftlyImageLoader.modulemap /Users/admin/builder/spi-builder-workspace/.derivedData/Build/Intermediates.noindex/SwiftlyImageLoader.build/Debug-watchos/SwiftlyImageLoader-t.build/SwiftlyImageLoader.modulemap (in target 'SwiftlyImageLoader' from project 'SwiftlyImageLoader')
cd /Users/admin/builder/spi-builder-workspace
builtin-copy -exclude .DS_Store -exclude CVS -exclude .svn -exclude .git -exclude .hg -resolve-src-symlinks /Users/admin/builder/spi-builder-workspace/.derivedData/Build/Intermediates.noindex/SwiftlyImageLoader.build/Debug-watchos/SwiftlyImageLoader-t.build/SwiftlyImageLoader.modulemap /Users/admin/builder/spi-builder-workspace/.derivedData/Build/Intermediates.noindex/GeneratedModuleMaps-watchos
WriteAuxiliaryFile /Users/admin/builder/spi-builder-workspace/.derivedData/Build/Intermediates.noindex/SwiftlyImageLoader.build/Debug-watchos/SwiftlyImageLoader-t.build/Objects-normal/arm64/SwiftlyImageLoader.LinkFileList (in target 'SwiftlyImageLoader' from project 'SwiftlyImageLoader')
cd /Users/admin/builder/spi-builder-workspace
write-file /Users/admin/builder/spi-builder-workspace/.derivedData/Build/Intermediates.noindex/SwiftlyImageLoader.build/Debug-watchos/SwiftlyImageLoader-t.build/Objects-normal/arm64/SwiftlyImageLoader.LinkFileList
WriteAuxiliaryFile /Users/admin/builder/spi-builder-workspace/.derivedData/Build/Intermediates.noindex/SwiftlyImageLoader.build/Debug-watchos/SwiftlyImageLoader-t.build/Objects-normal/arm64/SwiftlyImageLoader_const_extract_protocols.json (in target 'SwiftlyImageLoader' from project 'SwiftlyImageLoader')
cd /Users/admin/builder/spi-builder-workspace
write-file /Users/admin/builder/spi-builder-workspace/.derivedData/Build/Intermediates.noindex/SwiftlyImageLoader.build/Debug-watchos/SwiftlyImageLoader-t.build/Objects-normal/arm64/SwiftlyImageLoader_const_extract_protocols.json
WriteAuxiliaryFile /Users/admin/builder/spi-builder-workspace/.derivedData/Build/Intermediates.noindex/SwiftlyImageLoader.build/Debug-watchos/SwiftlyImageLoader-t.build/Objects-normal/arm64/SwiftlyImageLoader.SwiftFileList (in target 'SwiftlyImageLoader' from project 'SwiftlyImageLoader')
cd /Users/admin/builder/spi-builder-workspace
write-file /Users/admin/builder/spi-builder-workspace/.derivedData/Build/Intermediates.noindex/SwiftlyImageLoader.build/Debug-watchos/SwiftlyImageLoader-t.build/Objects-normal/arm64/SwiftlyImageLoader.SwiftFileList
WriteAuxiliaryFile /Users/admin/builder/spi-builder-workspace/.derivedData/Build/Intermediates.noindex/SwiftlyImageLoader.build/Debug-watchos/SwiftlyImageLoader-t.build/Objects-normal/arm64/SwiftlyImageLoader.SwiftConstValuesFileList (in target 'SwiftlyImageLoader' from project 'SwiftlyImageLoader')
cd /Users/admin/builder/spi-builder-workspace
write-file /Users/admin/builder/spi-builder-workspace/.derivedData/Build/Intermediates.noindex/SwiftlyImageLoader.build/Debug-watchos/SwiftlyImageLoader-t.build/Objects-normal/arm64/SwiftlyImageLoader.SwiftConstValuesFileList
WriteAuxiliaryFile /Users/admin/builder/spi-builder-workspace/.derivedData/Build/Intermediates.noindex/SwiftlyImageLoader.build/Debug-watchos/SwiftlyImageLoader-t.build/Objects-normal/arm64/SwiftlyImageLoader-OutputFileMap.json (in target 'SwiftlyImageLoader' from project 'SwiftlyImageLoader')
cd /Users/admin/builder/spi-builder-workspace
write-file /Users/admin/builder/spi-builder-workspace/.derivedData/Build/Intermediates.noindex/SwiftlyImageLoader.build/Debug-watchos/SwiftlyImageLoader-t.build/Objects-normal/arm64/SwiftlyImageLoader-OutputFileMap.json
SwiftDriver SwiftlyImageLoader normal arm64 com.apple.xcode.tools.swift.compiler (in target 'SwiftlyImageLoader' from project 'SwiftlyImageLoader')
cd /Users/admin/builder/spi-builder-workspace/.swiftpm/xcode
builtin-SwiftDriver -- /Applications/Xcode-27.0.0-Release.Candidate.app/Contents/Developer/Toolchains/XcodeDefault.xctoolchain/usr/bin/swiftc -parse-as-library -module-name SwiftlyImageLoader -Onone @/Users/admin/builder/spi-builder-workspace/.derivedData/Build/Intermediates.noindex/SwiftlyImageLoader.build/Debug-watchos/SwiftlyImageLoader-t.build/Objects-normal/arm64/SwiftlyImageLoader.SwiftFileList -DSWIFT_PACKAGE -DDEBUG -DSWIFT_MODULE_RESOURCE_BUNDLE_UNAVAILABLE -DXcode -plugin-path /Applications/Xcode-27.0.0-Release.Candidate.app/Contents/Developer/Toolchains/XcodeDefault.xctoolchain/usr/lib/swift/host/plugins/testing -enable-experimental-feature DebugDescriptionMacro -sdk /Applications/Xcode-27.0.0-Release.Candidate.app/Contents/Developer/Platforms/WatchOS.platform/Developer/SDKs/WatchOS27.0.sdk -target arm64-apple-watchos9.0 -g -module-cache-path /Users/admin/builder/spi-builder-workspace/.derivedData/ModuleCache.noindex -Xfrontend -serialize-debugging-options -enable-testing -index-store-path /Users/admin/builder/spi-builder-workspace/.derivedData/Index.noindex/DataStore -Xcc -D_LIBCPP_HARDENING_MODE\=_LIBCPP_HARDENING_MODE_DEBUG -swift-version 6 -I /Users/admin/builder/spi-builder-workspace/.derivedData/Build/Products/Debug-watchos -Isystem /Applications/Xcode-27.0.0-Release.Candidate.app/Contents/Developer/Platforms/WatchOS.platform/Developer/usr/lib -F /Users/admin/builder/spi-builder-workspace/.derivedData/Build/Products/Debug-watchos -F /Applications/Xcode-27.0.0-Release.Candidate.app/Contents/Developer/Platforms/WatchOS.platform/Developer/Library/Frameworks -F /Applications/Xcode-27.0.0-Release.Candidate.app/Contents/Developer/Platforms/WatchOS.platform/Developer/SDKs/WatchOS27.0.sdk/Developer/Library/Frameworks -c -j10 -enable-batch-mode -incremental -Xcc -ivfsstatcache -Xcc /Users/admin/builder/spi-builder-workspace/.derivedData/SDKStatCaches.noindex/watchos27.0-24R360-e829b21a6f8c9b70876ba0858053c04477534ef55a1706bf4c1112bbb242f0a2.sdkstatcache -output-file-map /Users/admin/builder/spi-builder-workspace/.derivedData/Build/Intermediates.noindex/SwiftlyImageLoader.build/Debug-watchos/SwiftlyImageLoader-t.build/Objects-normal/arm64/SwiftlyImageLoader-OutputFileMap.json -save-temps -no-color-diagnostics -explicit-module-build -module-cache-path /Users/admin/builder/spi-builder-workspace/.derivedData/Build/Intermediates.noindex/SwiftExplicitPrecompiledModules -clang-scanner-module-cache-path /Users/admin/builder/spi-builder-workspace/.derivedData/ModuleCache.noindex -sdk-module-cache-path /Users/admin/builder/spi-builder-workspace/.derivedData/SDKExplicitPrecompiledModules -emit-dependencies -emit-module -emit-module-path /Users/admin/builder/spi-builder-workspace/.derivedData/Build/Intermediates.noindex/SwiftlyImageLoader.build/Debug-watchos/SwiftlyImageLoader-t.build/Objects-normal/arm64/SwiftlyImageLoader.swiftmodule -serialize-diagnostics -dependency-scan-serialize-diagnostics-path /Users/admin/builder/spi-builder-workspace/.derivedData/Build/Intermediates.noindex/SwiftlyImageLoader.build/Debug-watchos/SwiftlyImageLoader-t.build/Objects-normal/arm64/SwiftlyImageLoader-dependency-scan.dia -validate-clang-modules-once -clang-build-session-file /Users/admin/builder/spi-builder-workspace/.derivedData/ModuleCache.noindex/Session.modulevalidation -Xcc -fmodules-prune-interval\=86400 -Xcc -fmodules-prune-after\=345600 -package-name spi_builder_workspace -emit-const-values -const-gather-protocols-list /Users/admin/builder/spi-builder-workspace/.derivedData/Build/Intermediates.noindex/SwiftlyImageLoader.build/Debug-watchos/SwiftlyImageLoader-t.build/Objects-normal/arm64/SwiftlyImageLoader_const_extract_protocols.json -Xcc -I/Users/admin/builder/spi-builder-workspace/.derivedData/Build/Products/Debug-watchos/include -Xcc -I/Users/admin/builder/spi-builder-workspace/.derivedData/Build/Intermediates.noindex/SwiftlyImageLoader.build/Debug-watchos/SwiftlyImageLoader-t.build/DerivedSources-normal/arm64 -Xcc -I/Users/admin/builder/spi-builder-workspace/.derivedData/Build/Intermediates.noindex/SwiftlyImageLoader.build/Debug-watchos/SwiftlyImageLoader-t.build/DerivedSources/arm64 -Xcc -I/Users/admin/builder/spi-builder-workspace/.derivedData/Build/Intermediates.noindex/SwiftlyImageLoader.build/Debug-watchos/SwiftlyImageLoader-t.build/DerivedSources -Xcc -DSWIFT_PACKAGE -Xcc -DDEBUG\=1 -emit-objc-header -emit-objc-header-path /Users/admin/builder/spi-builder-workspace/.derivedData/Build/Intermediates.noindex/SwiftlyImageLoader.build/Debug-watchos/SwiftlyImageLoader-t.build/Objects-normal/arm64/SwiftlyImageLoader-Swift.h -working-directory /Users/admin/builder/spi-builder-workspace/.swiftpm/xcode -experimental-emit-module-separately -disable-cmo
SwiftDriver SwiftlyImageLoader normal arm64_32 com.apple.xcode.tools.swift.compiler (in target 'SwiftlyImageLoader' from project 'SwiftlyImageLoader')
cd /Users/admin/builder/spi-builder-workspace/.swiftpm/xcode
builtin-SwiftDriver -- /Applications/Xcode-27.0.0-Release.Candidate.app/Contents/Developer/Toolchains/XcodeDefault.xctoolchain/usr/bin/swiftc -parse-as-library -module-name SwiftlyImageLoader -Onone @/Users/admin/builder/spi-builder-workspace/.derivedData/Build/Intermediates.noindex/SwiftlyImageLoader.build/Debug-watchos/SwiftlyImageLoader-t.build/Objects-normal/arm64_32/SwiftlyImageLoader.SwiftFileList -DSWIFT_PACKAGE -DDEBUG -DSWIFT_MODULE_RESOURCE_BUNDLE_UNAVAILABLE -DXcode -plugin-path /Applications/Xcode-27.0.0-Release.Candidate.app/Contents/Developer/Toolchains/XcodeDefault.xctoolchain/usr/lib/swift/host/plugins/testing -enable-experimental-feature DebugDescriptionMacro -sdk /Applications/Xcode-27.0.0-Release.Candidate.app/Contents/Developer/Platforms/WatchOS.platform/Developer/SDKs/WatchOS27.0.sdk -target arm64_32-apple-watchos9.0 -g -module-cache-path /Users/admin/builder/spi-builder-workspace/.derivedData/ModuleCache.noindex -Xfrontend -serialize-debugging-options -enable-testing -index-store-path /Users/admin/builder/spi-builder-workspace/.derivedData/Index.noindex/DataStore -Xcc -D_LIBCPP_HARDENING_MODE\=_LIBCPP_HARDENING_MODE_DEBUG -swift-version 6 -I /Users/admin/builder/spi-builder-workspace/.derivedData/Build/Products/Debug-watchos -Isystem /Applications/Xcode-27.0.0-Release.Candidate.app/Contents/Developer/Platforms/WatchOS.platform/Developer/usr/lib -F /Users/admin/builder/spi-builder-workspace/.derivedData/Build/Products/Debug-watchos -F /Applications/Xcode-27.0.0-Release.Candidate.app/Contents/Developer/Platforms/WatchOS.platform/Developer/Library/Frameworks -F /Applications/Xcode-27.0.0-Release.Candidate.app/Contents/Developer/Platforms/WatchOS.platform/Developer/SDKs/WatchOS27.0.sdk/Developer/Library/Frameworks -c -j10 -enable-batch-mode -incremental -Xcc -ivfsstatcache -Xcc /Users/admin/builder/spi-builder-workspace/.derivedData/SDKStatCaches.noindex/watchos27.0-24R360-e829b21a6f8c9b70876ba0858053c04477534ef55a1706bf4c1112bbb242f0a2.sdkstatcache -output-file-map /Users/admin/builder/spi-builder-workspace/.derivedData/Build/Intermediates.noindex/SwiftlyImageLoader.build/Debug-watchos/SwiftlyImageLoader-t.build/Objects-normal/arm64_32/SwiftlyImageLoader-OutputFileMap.json -save-temps -no-color-diagnostics -explicit-module-build -module-cache-path /Users/admin/builder/spi-builder-workspace/.derivedData/Build/Intermediates.noindex/SwiftExplicitPrecompiledModules -clang-scanner-module-cache-path /Users/admin/builder/spi-builder-workspace/.derivedData/ModuleCache.noindex -sdk-module-cache-path /Users/admin/builder/spi-builder-workspace/.derivedData/SDKExplicitPrecompiledModules -emit-dependencies -emit-module -emit-module-path /Users/admin/builder/spi-builder-workspace/.derivedData/Build/Intermediates.noindex/SwiftlyImageLoader.build/Debug-watchos/SwiftlyImageLoader-t.build/Objects-normal/arm64_32/SwiftlyImageLoader.swiftmodule -serialize-diagnostics -dependency-scan-serialize-diagnostics-path /Users/admin/builder/spi-builder-workspace/.derivedData/Build/Intermediates.noindex/SwiftlyImageLoader.build/Debug-watchos/SwiftlyImageLoader-t.build/Objects-normal/arm64_32/SwiftlyImageLoader-dependency-scan.dia -validate-clang-modules-once -clang-build-session-file /Users/admin/builder/spi-builder-workspace/.derivedData/ModuleCache.noindex/Session.modulevalidation -Xcc -fmodules-prune-interval\=86400 -Xcc -fmodules-prune-after\=345600 -package-name spi_builder_workspace -emit-const-values -const-gather-protocols-list /Users/admin/builder/spi-builder-workspace/.derivedData/Build/Intermediates.noindex/SwiftlyImageLoader.build/Debug-watchos/SwiftlyImageLoader-t.build/Objects-normal/arm64_32/SwiftlyImageLoader_const_extract_protocols.json -Xcc -I/Users/admin/builder/spi-builder-workspace/.derivedData/Build/Products/Debug-watchos/include -Xcc -I/Users/admin/builder/spi-builder-workspace/.derivedData/Build/Intermediates.noindex/SwiftlyImageLoader.build/Debug-watchos/SwiftlyImageLoader-t.build/DerivedSources-normal/arm64_32 -Xcc -I/Users/admin/builder/spi-builder-workspace/.derivedData/Build/Intermediates.noindex/SwiftlyImageLoader.build/Debug-watchos/SwiftlyImageLoader-t.build/DerivedSources/arm64_32 -Xcc -I/Users/admin/builder/spi-builder-workspace/.derivedData/Build/Intermediates.noindex/SwiftlyImageLoader.build/Debug-watchos/SwiftlyImageLoader-t.build/DerivedSources -Xcc -DSWIFT_PACKAGE -Xcc -DDEBUG\=1 -emit-objc-header -emit-objc-header-path /Users/admin/builder/spi-builder-workspace/.derivedData/Build/Intermediates.noindex/SwiftlyImageLoader.build/Debug-watchos/SwiftlyImageLoader-t.build/Objects-normal/arm64_32/SwiftlyImageLoader-Swift.h -working-directory /Users/admin/builder/spi-builder-workspace/.swiftpm/xcode -experimental-emit-module-separately -disable-cmo
SwiftExplicitDependencyGeneratePcm arm64 /Users/admin/builder/spi-builder-workspace/.derivedData/SDKExplicitPrecompiledModules/DeveloperToolsSupport-CL5QT3CW0ZM498PFTWG64QMLA.pcm
SwiftExplicitDependencyGeneratePcm arm64 /Users/admin/builder/spi-builder-workspace/.derivedData/SDKExplicitPrecompiledModules/SwiftShims-AJ4AZYHQNC33R5RLN7AGEIOMP.pcm
SwiftExplicitDependencyGeneratePcm arm64 /Users/admin/builder/spi-builder-workspace/.derivedData/SDKExplicitPrecompiledModules/_Builtin_stdarg-3X4KLXUYEI0UGBILP4X7D0CYW.pcm
SwiftExplicitDependencyGeneratePcm arm64 /Users/admin/builder/spi-builder-workspace/.derivedData/SDKExplicitPrecompiledModules/_Builtin_stddef-5OH846KKUPSJJT7GCX9XU1TKG.pcm
SwiftExplicitDependencyGeneratePcm arm64 /Users/admin/builder/spi-builder-workspace/.derivedData/SDKExplicitPrecompiledModules/_AvailabilityInternal-42EVAC8Q6P1ZT6G3A168N97G4.pcm
SwiftExplicitDependencyGeneratePcm arm64 /Users/admin/builder/spi-builder-workspace/.derivedData/SDKExplicitPrecompiledModules/ptrcheck-8K07997SIHO7YGY7UQ3LOQ3TJ.pcm
SwiftExplicitDependencyGeneratePcm arm64 /Users/admin/builder/spi-builder-workspace/.derivedData/SDKExplicitPrecompiledModules/ptrauth-C7VQASAJ967Q4Q6SRD4I3CFWZ.pcm
SwiftExplicitDependencyGeneratePcm arm64 /Users/admin/builder/spi-builder-workspace/.derivedData/SDKExplicitPrecompiledModules/_Builtin_float-E4M4A8689VXF1T7P7BV56IKBT.pcm
SwiftExplicitDependencyGeneratePcm arm64 /Users/admin/builder/spi-builder-workspace/.derivedData/SDKExplicitPrecompiledModules/_SwiftConcurrencyShims-CTPSFSTDCBVSSQFHL6I305U72.pcm
SwiftExplicitDependencyGeneratePcm arm64 /Users/admin/builder/spi-builder-workspace/.derivedData/SDKExplicitPrecompiledModules/_Builtin_stdbool-B692L2PMR118794VVYBG37897.pcm
SwiftExplicitDependencyGeneratePcm arm64_32 /Users/admin/builder/spi-builder-workspace/.derivedData/SDKExplicitPrecompiledModules/SwiftShims-D9VBB138U50XYYGW2C2V21N3L.pcm
SwiftExplicitDependencyGeneratePcm arm64_32 /Users/admin/builder/spi-builder-workspace/.derivedData/SDKExplicitPrecompiledModules/_Builtin_stddef-2F9BFIPBQ5EWNSK5G7G7V4EKL.pcm
SwiftExplicitDependencyGeneratePcm arm64_32 /Users/admin/builder/spi-builder-workspace/.derivedData/SDKExplicitPrecompiledModules/_Builtin_stdbool-84ZA1VDW90AGWZ2LF5KOCM8DZ.pcm
SwiftExplicitDependencyGeneratePcm arm64_32 /Users/admin/builder/spi-builder-workspace/.derivedData/SDKExplicitPrecompiledModules/_Builtin_float-372PLGDQ1U3B6Z5EA5DJMDORJ.pcm
SwiftExplicitDependencyGeneratePcm arm64_32 /Users/admin/builder/spi-builder-workspace/.derivedData/SDKExplicitPrecompiledModules/_Builtin_stdarg-EYJP6DFYQL9GJLH1TJ84A8MHV.pcm
SwiftExplicitDependencyGeneratePcm arm64_32 /Users/admin/builder/spi-builder-workspace/.derivedData/SDKExplicitPrecompiledModules/_SwiftConcurrencyShims-58G4ISYSYDV3AT1DDGEE0QCUF.pcm
SwiftExplicitDependencyGeneratePcm arm64_32 /Users/admin/builder/spi-builder-workspace/.derivedData/SDKExplicitPrecompiledModules/DeveloperToolsSupport-3FQKKPF3BW0SWE1YUZ86OZWIB.pcm
SwiftExplicitDependencyGeneratePcm arm64_32 /Users/admin/builder/spi-builder-workspace/.derivedData/SDKExplicitPrecompiledModules/ptrcheck-EAZ3I917ZFA9H6ZCL6PGLG4TR.pcm
SwiftExplicitDependencyGeneratePcm arm64_32 /Users/admin/builder/spi-builder-workspace/.derivedData/SDKExplicitPrecompiledModules/_AvailabilityInternal-22ZP1ILSQW16KHXZS5GBZHOCS.pcm
SwiftExplicitDependencyGeneratePcm arm64_32 /Users/admin/builder/spi-builder-workspace/.derivedData/SDKExplicitPrecompiledModules/ptrauth-EW7YZZ7LEZE1QZF2T8148IPSA.pcm
SwiftExplicitDependencyGeneratePcm arm64 /Users/admin/builder/spi-builder-workspace/.derivedData/SDKExplicitPrecompiledModules/_DarwinFoundation1-7YQ9TVI7XTOGQU9OADRXP33D1.pcm
SwiftExplicitDependencyGeneratePcm arm64_32 /Users/admin/builder/spi-builder-workspace/.derivedData/SDKExplicitPrecompiledModules/_DarwinFoundation1-5SNIO0SFHX9KJZTLQGIPAPXUZ.pcm
SwiftExplicitDependencyGeneratePcm arm64 /Users/admin/builder/spi-builder-workspace/.derivedData/SDKExplicitPrecompiledModules/_DarwinFoundation2-CUPL4FH2SA95GMALQP4M6O8UA.pcm
SwiftExplicitDependencyGeneratePcm arm64 /Users/admin/builder/spi-builder-workspace/.derivedData/SDKExplicitPrecompiledModules/_Builtin_limits-75TRA1C7IHYOFCG3KJXQVTHJ4.pcm
SwiftExplicitDependencyGeneratePcm arm64_32 /Users/admin/builder/spi-builder-workspace/.derivedData/SDKExplicitPrecompiledModules/_Builtin_limits-AQMEC9CLG0FZQN6TLGDQ6WF78.pcm
SwiftExplicitDependencyGeneratePcm arm64_32 /Users/admin/builder/spi-builder-workspace/.derivedData/SDKExplicitPrecompiledModules/_DarwinFoundation2-FP2Q8F1Q2HR151SBYKTU6Q8B.pcm
SwiftExplicitDependencyGeneratePcm arm64 /Users/admin/builder/spi-builder-workspace/.derivedData/SDKExplicitPrecompiledModules/_Builtin_tgmath-7JP2AE1NQHA1DV5JYP2OHQ3BF.pcm
SwiftExplicitDependencyGeneratePcm arm64 /Users/admin/builder/spi-builder-workspace/.derivedData/SDKExplicitPrecompiledModules/string_h-4N9Z22C0HUO8GV7GFPCLZRZA2.pcm
SwiftExplicitDependencyGeneratePcm arm64 /Users/admin/builder/spi-builder-workspace/.derivedData/SDKExplicitPrecompiledModules/sys_types-9KPVYINL86WUSHF45TU8PWZZ1.pcm
SwiftExplicitDependencyGeneratePcm arm64 /Users/admin/builder/spi-builder-workspace/.derivedData/SDKExplicitPrecompiledModules/_Builtin_stdint-6TUACK4YPMARFT56PLIO388SJ.pcm
SwiftExplicitDependencyGeneratePcm arm64_32 /Users/admin/builder/spi-builder-workspace/.derivedData/SDKExplicitPrecompiledModules/_Builtin_tgmath-414CVW1GW3IL0HRLCNNCS6Q0U.pcm
SwiftExplicitDependencyGeneratePcm arm64_32 /Users/admin/builder/spi-builder-workspace/.derivedData/SDKExplicitPrecompiledModules/sys_types-65NN51P1G7GN2GUAUPC53JJ7N.pcm
SwiftExplicitDependencyGeneratePcm arm64_32 /Users/admin/builder/spi-builder-workspace/.derivedData/SDKExplicitPrecompiledModules/_Builtin_stdint-6IWJLTRH2WB6RCG4THPA65RDS.pcm
SwiftExplicitDependencyGeneratePcm arm64_32 /Users/admin/builder/spi-builder-workspace/.derivedData/SDKExplicitPrecompiledModules/string_h-8QY7P4ZQXQAF14WVDITTM4R70.pcm
SwiftExplicitDependencyGeneratePcm arm64 /Users/admin/builder/spi-builder-workspace/.derivedData/SDKExplicitPrecompiledModules/_DarwinFoundation3-EJXZKD8LN9EYM9OWP9VLJ49PK.pcm
SwiftExplicitDependencyGeneratePcm arm64 /Users/admin/builder/spi-builder-workspace/.derivedData/SDKExplicitPrecompiledModules/_Builtin_intrinsics-SQV576LJA0QE7RW5HF7CQ1BX.pcm
SwiftExplicitDependencyGeneratePcm arm64 /Users/admin/builder/spi-builder-workspace/.derivedData/SDKExplicitPrecompiledModules/_Builtin_stdatomic-25T9UW3XDYID74302F31PX0RP.pcm
SwiftExplicitDependencyGeneratePcm arm64_32 /Users/admin/builder/spi-builder-workspace/.derivedData/SDKExplicitPrecompiledModules/_Builtin_intrinsics-2K07JIG9ZANIKHSNPO3O6L1K6.pcm
SwiftExplicitDependencyGeneratePcm arm64_32 /Users/admin/builder/spi-builder-workspace/.derivedData/SDKExplicitPrecompiledModules/_DarwinFoundation3-3YOBOPIW2MF1LRNQH7JBUBY4G.pcm
SwiftExplicitDependencyGeneratePcm arm64_32 /Users/admin/builder/spi-builder-workspace/.derivedData/SDKExplicitPrecompiledModules/_Builtin_stdatomic-D2FE5M7JS5NQA5JDADVERWJM4.pcm
SwiftExplicitDependencyGeneratePcm arm64 /Users/admin/builder/spi-builder-workspace/.derivedData/SDKExplicitPrecompiledModules/_Builtin_inttypes-86YTNV5YADPJXFMJ82N3R4GWQ.pcm
SwiftExplicitDependencyGeneratePcm arm64_32 /Users/admin/builder/spi-builder-workspace/.derivedData/SDKExplicitPrecompiledModules/_Builtin_inttypes-BPZJ68HW1IMYWSHROAZ0IMUJP.pcm
SwiftExplicitDependencyGeneratePcm arm64 /Users/admin/builder/spi-builder-workspace/.derivedData/SDKExplicitPrecompiledModules/Darwin-CSB8C43KELVSFIQVR0803IZPN.pcm
SwiftExplicitDependencyGeneratePcm arm64_32 /Users/admin/builder/spi-builder-workspace/.derivedData/SDKExplicitPrecompiledModules/Darwin-10D35ZJWCWG7LJAF579U7I5V7.pcm
SwiftExplicitDependencyGeneratePcm arm64 /Users/admin/builder/spi-builder-workspace/.derivedData/SDKExplicitPrecompiledModules/simd-2C11HKTI5TJB05T724EWNFZXD.pcm
SwiftExplicitDependencyGeneratePcm arm64_32 /Users/admin/builder/spi-builder-workspace/.derivedData/SDKExplicitPrecompiledModules/simd-1W6O8NR1QUSWJGAN44DNNWVHX.pcm
SwiftExplicitDependencyGeneratePcm arm64 /Users/admin/builder/spi-builder-workspace/.derivedData/SDKExplicitPrecompiledModules/ObjectiveC-22CZPC4WYQC9G8T393WT2KKLW.pcm
SwiftExplicitDependencyGeneratePcm arm64 /Users/admin/builder/spi-builder-workspace/.derivedData/SDKExplicitPrecompiledModules/MachO-4RYXFVY68ZDEUZYFMVL57WEKU.pcm
SwiftExplicitDependencyGeneratePcm arm64_32 /Users/admin/builder/spi-builder-workspace/.derivedData/SDKExplicitPrecompiledModules/ObjectiveC-71AGZNHLBMR2QK817EJNUN54E.pcm
SwiftExplicitDependencyGeneratePcm arm64_32 /Users/admin/builder/spi-builder-workspace/.derivedData/SDKExplicitPrecompiledModules/MachO-F47JQRYVH1SLPOQSJD8RK9MSX.pcm
SwiftExplicitDependencyGeneratePcm arm64_32 /Users/admin/builder/spi-builder-workspace/.derivedData/SDKExplicitPrecompiledModules/os_object-CTXVQBCWDOH6JHUXIFDUOWFRL.pcm
SwiftExplicitDependencyGeneratePcm arm64 /Users/admin/builder/spi-builder-workspace/.derivedData/SDKExplicitPrecompiledModules/os_object-6KYGGZ4DPVZ3BBAZ6QICZN8LI.pcm
SwiftExplicitDependencyGeneratePcm arm64 /Users/admin/builder/spi-builder-workspace/.derivedData/SDKExplicitPrecompiledModules/os_workgroup-AHE7ULDQBKER38CYPIKDTZF4M.pcm
SwiftExplicitDependencyGeneratePcm arm64_32 /Users/admin/builder/spi-builder-workspace/.derivedData/SDKExplicitPrecompiledModules/os_workgroup-9L9R05BT5LTFRZ2NM68BZTVV2.pcm
SwiftExplicitDependencyGeneratePcm arm64 /Users/admin/builder/spi-builder-workspace/.derivedData/SDKExplicitPrecompiledModules/Spatial-EZKKX4XFW72RZCTOIG80Z93AP.pcm
SwiftExplicitDependencyGeneratePcm arm64_32 /Users/admin/builder/spi-builder-workspace/.derivedData/SDKExplicitPrecompiledModules/Spatial-4XS0QRL16224ZE9KE9TMKASKT.pcm
SwiftExplicitDependencyGeneratePcm arm64 /Users/admin/builder/spi-builder-workspace/.derivedData/SDKExplicitPrecompiledModules/Dispatch-39VR0G01IUJ09PQKMFGOHXZ4L.pcm
SwiftExplicitDependencyGeneratePcm arm64_32 /Users/admin/builder/spi-builder-workspace/.derivedData/SDKExplicitPrecompiledModules/Dispatch-CGIMI9KQKHNRQHR2IECIPRG14.pcm
SwiftExplicitDependencyGeneratePcm arm64 /Users/admin/builder/spi-builder-workspace/.derivedData/SDKExplicitPrecompiledModules/XPC-650JAZBTM6I0OMHYO6CKM0CWJ.pcm
SwiftExplicitDependencyGeneratePcm arm64 /Users/admin/builder/spi-builder-workspace/.derivedData/SDKExplicitPrecompiledModules/CoreFoundation-59XKO8YNRGGYNC5U5LK8B4EM.pcm
SwiftExplicitDependencyGeneratePcm arm64_32 /Users/admin/builder/spi-builder-workspace/.derivedData/SDKExplicitPrecompiledModules/CoreFoundation-76B9WJP9MDYT33HZQVSNNZQZD.pcm
SwiftExplicitDependencyGeneratePcm arm64_32 /Users/admin/builder/spi-builder-workspace/.derivedData/SDKExplicitPrecompiledModules/XPC-7SLKI45KYLKXH9QET2WYS3UZ4.pcm
SwiftExplicitDependencyGeneratePcm arm64 /Users/admin/builder/spi-builder-workspace/.derivedData/SDKExplicitPrecompiledModules/os-6BCTB8I5DCBBKFJ0Y0G4WQDDJ.pcm
SwiftExplicitDependencyGeneratePcm arm64_32 /Users/admin/builder/spi-builder-workspace/.derivedData/SDKExplicitPrecompiledModules/os-D9NWGT7PQGY2OD43XMA2KGLJK.pcm
SwiftExplicitDependencyGeneratePcm arm64_32 /Users/admin/builder/spi-builder-workspace/.derivedData/SDKExplicitPrecompiledModules/CoreGraphics-A4WOQTM8SYZAQP223LI6RRPEK.pcm
SwiftExplicitDependencyGeneratePcm arm64_32 /Users/admin/builder/spi-builder-workspace/.derivedData/SDKExplicitPrecompiledModules/Security-1W411BS4UH2UNMNII2341429S.pcm
SwiftExplicitDependencyGeneratePcm arm64 /Users/admin/builder/spi-builder-workspace/.derivedData/SDKExplicitPrecompiledModules/CoreGraphics-5488DA9QVJJ7QOFXPYOYIYFUX.pcm
SwiftExplicitDependencyGeneratePcm arm64 /Users/admin/builder/spi-builder-workspace/.derivedData/SDKExplicitPrecompiledModules/Security-69WNGEAVQP55EDBQHP3BLE8QU.pcm
SwiftExplicitDependencyGeneratePcm arm64_32 /Users/admin/builder/spi-builder-workspace/.derivedData/SDKExplicitPrecompiledModules/Foundation-AIQ30TCDC2B0LBUU6FPQZ0HWI.pcm
SwiftExplicitDependencyGeneratePcm arm64 /Users/admin/builder/spi-builder-workspace/.derivedData/SDKExplicitPrecompiledModules/Foundation-B3IXODHI7VO4VRX2RWRXLVJZT.pcm
SwiftExplicitDependencyGeneratePcm arm64 /Users/admin/builder/spi-builder-workspace/.derivedData/SDKExplicitPrecompiledModules/CoreVideo-2YRZ292TS6QDW2V2V92NZMPWM.pcm
SwiftExplicitDependencyGeneratePcm arm64 /Users/admin/builder/spi-builder-workspace/.derivedData/SDKExplicitPrecompiledModules/CoreText-BEC0M2J7FJN53VXNFDZDKL9U2.pcm
SwiftExplicitDependencyGeneratePcm arm64_32 /Users/admin/builder/spi-builder-workspace/.derivedData/SDKExplicitPrecompiledModules/CoreVideo-BX0NALWCB2F1YOTF0NZGV9FWU.pcm
SwiftExplicitDependencyGeneratePcm arm64_32 /Users/admin/builder/spi-builder-workspace/.derivedData/SDKExplicitPrecompiledModules/CoreText-34U50N378SZT64826L0B62MN6.pcm
SwiftExplicitDependencyGeneratePcm arm64_32 /Users/admin/builder/spi-builder-workspace/.derivedData/SDKExplicitPrecompiledModules/CoreTransferable-DSXZOKFM7XQLZ0FRNNKFDWZT0.pcm
SwiftExplicitDependencyGeneratePcm arm64_32 /Users/admin/builder/spi-builder-workspace/.derivedData/SDKExplicitPrecompiledModules/UserNotifications-F5AOMF9V2Y10QV8U00QNX8B7Q.pcm
SwiftExplicitDependencyGeneratePcm arm64_32 /Users/admin/builder/spi-builder-workspace/.derivedData/SDKExplicitPrecompiledModules/Symbols-DP67QJL9W7VSYP70ZVEBE3KRT.pcm
SwiftExplicitDependencyGeneratePcm arm64_32 /Users/admin/builder/spi-builder-workspace/.derivedData/SDKExplicitPrecompiledModules/UIUtilities-ABH83C7CSGMIJAARTF384TV0L.pcm
SwiftExplicitDependencyGeneratePcm arm64_32 /Users/admin/builder/spi-builder-workspace/.derivedData/SDKExplicitPrecompiledModules/DataDetection-8EDL8T61430CB5CU94L1E3L0C.pcm
SwiftExplicitDependencyGeneratePcm arm64_32 /Users/admin/builder/spi-builder-workspace/.derivedData/SDKExplicitPrecompiledModules/Accessibility-BBXP8Z81UOB3UBBTO3GG9FEEO.pcm
SwiftExplicitDependencyGeneratePcm arm64_32 /Users/admin/builder/spi-builder-workspace/.derivedData/SDKExplicitPrecompiledModules/UniformTypeIdentifiers-EH256724QTCKT0XATY095QHVP.pcm
SwiftExplicitDependencyGeneratePcm arm64_32 /Users/admin/builder/spi-builder-workspace/.derivedData/SDKExplicitPrecompiledModules/OSLog-DXCLJ0K1EEBRV5MFYJOV1HIUX.pcm
SwiftExplicitDependencyGeneratePcm arm64_32 /Users/admin/builder/spi-builder-workspace/.derivedData/SDKExplicitPrecompiledModules/_LocationEssentials-1XWTF8V96VX3IAHKJO7PJZDU0.pcm
SwiftExplicitDependencyGeneratePcm arm64_32 /Users/admin/builder/spi-builder-workspace/.derivedData/SDKExplicitPrecompiledModules/QuartzCore-72UYR37X0O2APTD1XMSJ20X5X.pcm
SwiftExplicitDependencyGeneratePcm arm64 /Users/admin/builder/spi-builder-workspace/.derivedData/SDKExplicitPrecompiledModules/UniformTypeIdentifiers-47SS6PHE8KOUZX5UOQUNKH397.pcm
SwiftExplicitDependencyGeneratePcm arm64 /Users/admin/builder/spi-builder-workspace/.derivedData/SDKExplicitPrecompiledModules/OSLog-ESJZZ70KT229YQNKF5CWYQVLA.pcm
SwiftExplicitDependencyGeneratePcm arm64 /Users/admin/builder/spi-builder-workspace/.derivedData/SDKExplicitPrecompiledModules/Accessibility-DB0V1GY4JDAXG2CZ5MW826DDE.pcm
SwiftExplicitDependencyGeneratePcm arm64 /Users/admin/builder/spi-builder-workspace/.derivedData/SDKExplicitPrecompiledModules/UserNotifications-7VIERZPAA371031RT8VBKFYKJ.pcm
SwiftExplicitDependencyGeneratePcm arm64 /Users/admin/builder/spi-builder-workspace/.derivedData/SDKExplicitPrecompiledModules/QuartzCore-BRDP6VIMJ6A6HG4W4NYXZ8BI3.pcm
SwiftExplicitDependencyGeneratePcm arm64_32 /Users/admin/builder/spi-builder-workspace/.derivedData/SDKExplicitPrecompiledModules/CoreLocation-4AZRAZ8X3W0CS36SZ1GS4LT05.pcm
SwiftExplicitDependencyGeneratePcm arm64 /Users/admin/builder/spi-builder-workspace/.derivedData/SDKExplicitPrecompiledModules/_LocationEssentials-C3HYVW8P89QAUDLD9VRHUF48Q.pcm
SwiftExplicitDependencyGeneratePcm arm64 /Users/admin/builder/spi-builder-workspace/.derivedData/SDKExplicitPrecompiledModules/CoreTransferable-EULYJN53RZTIP2D6F171CT1YZ.pcm
SwiftExplicitDependencyGeneratePcm arm64 /Users/admin/builder/spi-builder-workspace/.derivedData/SDKExplicitPrecompiledModules/Symbols-B8SNL2YULCKW9SYIL0T5QLMV.pcm
SwiftExplicitDependencyGeneratePcm arm64 /Users/admin/builder/spi-builder-workspace/.derivedData/SDKExplicitPrecompiledModules/UIUtilities-AR3EDJH6PMDGNUXQGV2JND65S.pcm
SwiftExplicitDependencyGeneratePcm arm64 /Users/admin/builder/spi-builder-workspace/.derivedData/SDKExplicitPrecompiledModules/DataDetection-8RQ09UCIV0XSYRF8TQQD54MWN.pcm
SwiftExplicitDependencyGeneratePcm arm64_32 /Users/admin/builder/spi-builder-workspace/.derivedData/SDKExplicitPrecompiledModules/SwiftUICore-TURER010MQ2QH6SN4BGDJJKP.pcm
SwiftExplicitDependencyGeneratePcm arm64 /Users/admin/builder/spi-builder-workspace/.derivedData/SDKExplicitPrecompiledModules/CoreLocation-B0A9Z3B1UDU8OLBQROLWD03N3.pcm
SwiftExplicitDependencyGeneratePcm arm64_32 /Users/admin/builder/spi-builder-workspace/.derivedData/SDKExplicitPrecompiledModules/CoreMotion-E9C6K7MOTJF3RC93DULCZ130U.pcm
SwiftExplicitDependencyGeneratePcm arm64 /Users/admin/builder/spi-builder-workspace/.derivedData/SDKExplicitPrecompiledModules/SwiftUICore-D4BOUT6VJWDXKNATG8P2F95W3.pcm
SwiftExplicitDependencyGeneratePcm arm64 /Users/admin/builder/spi-builder-workspace/.derivedData/SDKExplicitPrecompiledModules/CoreMotion-70RNUQRT1QM2F8WR42WPP4KQV.pcm
SwiftExplicitDependencyGeneratePcm arm64_32 /Users/admin/builder/spi-builder-workspace/.derivedData/SDKExplicitPrecompiledModules/UIKit-BGAQE5HOOTG6M9C46O1HHPCDR.pcm
SwiftExplicitDependencyGeneratePcm arm64 /Users/admin/builder/spi-builder-workspace/.derivedData/SDKExplicitPrecompiledModules/UIKit-2XWL6VFNA7WRWSTXI42YLU909.pcm
SwiftCompile normal arm64_32 Compiling\ LogLevel.swift /Users/admin/builder/spi-builder-workspace/Sources/SwiftlyImageLoader/LogLevel.swift (in target 'SwiftlyImageLoader' from project 'SwiftlyImageLoader')
SwiftCompile normal arm64_32 /Users/admin/builder/spi-builder-workspace/Sources/SwiftlyImageLoader/LogLevel.swift (in target 'SwiftlyImageLoader' from project 'SwiftlyImageLoader')
cd /Users/admin/builder/spi-builder-workspace/.swiftpm/xcode
builtin-SwiftPerFileCompile LogLevel.swift
SwiftCompile normal arm64_32 Compiling\ SwiftlyImageLoader.swift /Users/admin/builder/spi-builder-workspace/Sources/SwiftlyImageLoader/SwiftlyImageLoader.swift (in target 'SwiftlyImageLoader' from project 'SwiftlyImageLoader')
SwiftCompile normal arm64_32 /Users/admin/builder/spi-builder-workspace/Sources/SwiftlyImageLoader/SwiftlyImageLoader.swift (in target 'SwiftlyImageLoader' from project 'SwiftlyImageLoader')
cd /Users/admin/builder/spi-builder-workspace/.swiftpm/xcode
builtin-SwiftPerFileCompile SwiftlyImageLoader.swift
/Users/admin/builder/spi-builder-workspace/Sources/SwiftlyImageLoader/SwiftlyImageLoader.swift:8:22: error: 'UIGraphicsImageRendererFormat' is unavailable in watchOS
6 | /// Resize image to the specified size.
7 | func resized(to targetSize: CGSize) -> UIImage {
8 | let format = UIGraphicsImageRendererFormat.default()
| `- error: 'UIGraphicsImageRendererFormat' is unavailable in watchOS
9 | format.scale = self.scale
10 | let renderer = UIGraphicsImageRenderer(size: targetSize, format: format)
/Applications/Xcode-27.0.0-Release.Candidate.app/Contents/Developer/Platforms/WatchOS.platform/Developer/SDKs/WatchOS27.0.sdk/System/Library/Frameworks/UIKit.framework/Headers/UIGraphicsImageRenderer.h:27:12: note: 'UIGraphicsImageRendererFormat' has been explicitly marked unavailable here
25 |
26 | UIKIT_EXTERN API_AVAILABLE(ios(10.0)) API_UNAVAILABLE(watchos)
27 | @interface UIGraphicsImageRendererFormat : UIGraphicsRendererFormat
| `- note: 'UIGraphicsImageRendererFormat' has been explicitly marked unavailable here
28 |
29 | @property (nonatomic) CGFloat scale; // display scale of the context. The preferredFormat uses the scale most appropriate for the main screen's current configuration.
/Users/admin/builder/spi-builder-workspace/Sources/SwiftlyImageLoader/SwiftlyImageLoader.swift:8:52: error: 'default()' is unavailable in watchOS
6 | /// Resize image to the specified size.
7 | func resized(to targetSize: CGSize) -> UIImage {
8 | let format = UIGraphicsImageRendererFormat.default()
| `- error: 'default()' is unavailable in watchOS
9 | format.scale = self.scale
10 | let renderer = UIGraphicsImageRenderer(size: targetSize, format: format)
/Applications/Xcode-27.0.0-Release.Candidate.app/Contents/Developer/Platforms/WatchOS.platform/Developer/SDKs/WatchOS27.0.sdk/System/Library/Frameworks/UIKit.framework/Headers/UIGraphicsRenderer.h:25:1: note: 'default()' has been explicitly marked unavailable here
23 |
24 | // returns a default configured format object, best suited for the current device.
25 | + (instancetype)defaultFormat API_AVAILABLE(ios(10.0)) API_DEPRECATED_WITH_REPLACEMENT("preferredFormat", tvos(10.0, 11.0)) API_UNAVAILABLE(watchos);
| `- note: 'default()' has been explicitly marked unavailable here
26 |
27 | // Returns a new format object best suited for the main screen’s current configuration.
/Users/admin/builder/spi-builder-workspace/Sources/SwiftlyImageLoader/SwiftlyImageLoader.swift:10:24: error: 'UIGraphicsImageRenderer' is unavailable in watchOS
8 | let format = UIGraphicsImageRendererFormat.default()
9 | format.scale = self.scale
10 | let renderer = UIGraphicsImageRenderer(size: targetSize, format: format)
| `- error: 'UIGraphicsImageRenderer' is unavailable in watchOS
11 |
12 | return renderer.image { _ in
/Applications/Xcode-27.0.0-Release.Candidate.app/Contents/Developer/Platforms/WatchOS.platform/Developer/SDKs/WatchOS27.0.sdk/System/Library/Frameworks/UIKit.framework/Headers/UIGraphicsImageRenderer.h:47:12: note: 'UIGraphicsImageRenderer' has been explicitly marked unavailable here
45 |
46 | UIKIT_EXTERN API_AVAILABLE(ios(10.0)) API_UNAVAILABLE(watchos)
47 | @interface UIGraphicsImageRenderer : UIGraphicsRenderer
| `- note: 'UIGraphicsImageRenderer' has been explicitly marked unavailable here
48 | - (instancetype)initWithSize:(CGSize)size;
49 | - (instancetype)initWithSize:(CGSize)size format:(UIGraphicsImageRendererFormat *)format NS_DESIGNATED_INITIALIZER;
/Users/admin/builder/spi-builder-workspace/Sources/SwiftlyImageLoader/SwiftlyImageLoader.swift:19:29: error: cannot find 'CIImage' in scope
17 | /// Convert the image to grayscale using Core Image.
18 | func applyGrayscaleFilter() -> UIImage {
19 | guard let ciImage = CIImage(image: self) else { return self }
| `- error: cannot find 'CIImage' in scope
20 |
21 | let filter = CIFilter(name: "CIPhotoEffectMono")
/Users/admin/builder/spi-builder-workspace/Sources/SwiftlyImageLoader/SwiftlyImageLoader.swift:21:22: error: cannot find 'CIFilter' in scope
19 | guard let ciImage = CIImage(image: self) else { return self }
20 |
21 | let filter = CIFilter(name: "CIPhotoEffectMono")
| `- error: cannot find 'CIFilter' in scope
22 | filter?.setValue(ciImage, forKey: kCIInputImageKey)
23 |
/Users/admin/builder/spi-builder-workspace/Sources/SwiftlyImageLoader/SwiftlyImageLoader.swift:22:43: error: cannot find 'kCIInputImageKey' in scope
20 |
21 | let filter = CIFilter(name: "CIPhotoEffectMono")
22 | filter?.setValue(ciImage, forKey: kCIInputImageKey)
| `- error: cannot find 'kCIInputImageKey' in scope
23 |
24 | guard let output = filter?.outputImage else { return self }
/Users/admin/builder/spi-builder-workspace/Sources/SwiftlyImageLoader/SwiftlyImageLoader.swift:26:23: error: cannot find 'CIContext' in scope
24 | guard let output = filter?.outputImage else { return self }
25 |
26 | let context = CIContext()
| `- error: cannot find 'CIContext' in scope
27 | if let cgImage = context.createCGImage(output, from: output.extent) {
28 | return UIImage(cgImage: cgImage, scale: self.scale, orientation: self.imageOrientation)
SwiftCompile normal arm64_32 Compiling\ ImageResizer.swift /Users/admin/builder/spi-builder-workspace/Sources/SwiftlyImageLoader/Utils/ImageResizer.swift (in target 'SwiftlyImageLoader' from project 'SwiftlyImageLoader')
SwiftCompile normal arm64_32 /Users/admin/builder/spi-builder-workspace/Sources/SwiftlyImageLoader/Utils/ImageResizer.swift (in target 'SwiftlyImageLoader' from project 'SwiftlyImageLoader')
cd /Users/admin/builder/spi-builder-workspace/.swiftpm/xcode
builtin-SwiftPerFileCompile ImageResizer.swift
SwiftCompile normal arm64_32 Compiling\ ImageLoader.swift /Users/admin/builder/spi-builder-workspace/Sources/SwiftlyImageLoader/ImageLoader.swift (in target 'SwiftlyImageLoader' from project 'SwiftlyImageLoader')
/Users/admin/builder/spi-builder-workspace/Sources/SwiftlyImageLoader/ImageLoader.swift:60:72: warning: 'weak' ownership of capture 'self' differs from implicitly-captured strong reference in outer scope [#ImplicitStrongCapture]
49 | transform: (@Sendable (CrossPlatformImage) -> CrossPlatformImage)?,
50 | completion: @escaping @Sendable (CrossPlatformImage?) -> Void) {
51 | taskQueue.async {
| |- note: 'self' implicitly strongly captured here
| `- note: add 'self' as a capture list item to silence
52 | if let existing = self.ongoingTasks[url] {
53 | self.log("🔁 Joining existing task for: \(url.absoluteString)", level: .verbose)
:
58 | self.log("🟡 Starting image load for: \(url.absoluteString)", level: .basic)
59 |
60 | let task = Task.detached(priority: .userInitiated) { [weak self] in
| |- warning: 'weak' ownership of capture 'self' differs from implicitly-captured strong reference in outer scope [#ImplicitStrongCapture]
| `- note: explicitly assign the capture list item to silence
61 | guard let self else { return }
62 | let key = url.absoluteString
/Users/admin/builder/spi-builder-workspace/Sources/SwiftlyImageLoader/ImageLoader.swift:52:20: warning: value 'existing' was defined but never used; consider replacing with boolean test [#NoUsage]
50 | completion: @escaping @Sendable (CrossPlatformImage?) -> Void) {
51 | taskQueue.async {
52 | if let existing = self.ongoingTasks[url] {
| `- warning: value 'existing' was defined but never used; consider replacing with boolean test [#NoUsage]
53 | self.log("🔁 Joining existing task for: \(url.absoluteString)", level: .verbose)
54 | self.ongoingTasks[url]?.completions.append(completion)
SwiftCompile normal arm64_32 /Users/admin/builder/spi-builder-workspace/Sources/SwiftlyImageLoader/ImageLoader.swift (in target 'SwiftlyImageLoader' from project 'SwiftlyImageLoader')
cd /Users/admin/builder/spi-builder-workspace/.swiftpm/xcode
builtin-SwiftPerFileCompile ImageLoader.swift
SwiftCompile normal arm64_32 Compiling\ ImageCache.swift /Users/admin/builder/spi-builder-workspace/Sources/SwiftlyImageLoader/ImageCache.swift (in target 'SwiftlyImageLoader' from project 'SwiftlyImageLoader')
SwiftCompile normal arm64_32 /Users/admin/builder/spi-builder-workspace/Sources/SwiftlyImageLoader/ImageCache.swift (in target 'SwiftlyImageLoader' from project 'SwiftlyImageLoader')
cd /Users/admin/builder/spi-builder-workspace/.swiftpm/xcode
builtin-SwiftPerFileCompile ImageCache.swift
SwiftCompile normal arm64_32 Compiling\ DiskCache.swift /Users/admin/builder/spi-builder-workspace/Sources/SwiftlyImageLoader/DiskCache.swift (in target 'SwiftlyImageLoader' from project 'SwiftlyImageLoader')
SwiftCompile normal arm64_32 /Users/admin/builder/spi-builder-workspace/Sources/SwiftlyImageLoader/DiskCache.swift (in target 'SwiftlyImageLoader' from project 'SwiftlyImageLoader')
cd /Users/admin/builder/spi-builder-workspace/.swiftpm/xcode
builtin-SwiftPerFileCompile DiskCache.swift
SwiftCompile normal arm64_32 Compiling\ SwiftlyImageLoaderConfiguration.swift /Users/admin/builder/spi-builder-workspace/Sources/SwiftlyImageLoader/SwiftlyImageLoaderConfiguration.swift (in target 'SwiftlyImageLoader' from project 'SwiftlyImageLoader')
SwiftCompile normal arm64_32 /Users/admin/builder/spi-builder-workspace/Sources/SwiftlyImageLoader/SwiftlyImageLoaderConfiguration.swift (in target 'SwiftlyImageLoader' from project 'SwiftlyImageLoader')
cd /Users/admin/builder/spi-builder-workspace/.swiftpm/xcode
builtin-SwiftPerFileCompile SwiftlyImageLoaderConfiguration.swift
SwiftEmitModule normal arm64_32 Emitting\ module\ for\ SwiftlyImageLoader (in target 'SwiftlyImageLoader' from project 'SwiftlyImageLoader')
SwiftCompile normal arm64_32 (in target 'SwiftlyImageLoader' from project 'SwiftlyImageLoader')
cd /Users/admin/builder/spi-builder-workspace/.swiftpm/xcode
SwiftEmitModule normal arm64 Emitting\ module\ for\ SwiftlyImageLoader (in target 'SwiftlyImageLoader' from project 'SwiftlyImageLoader')
SwiftCompile normal arm64 (in target 'SwiftlyImageLoader' from project 'SwiftlyImageLoader')
cd /Users/admin/builder/spi-builder-workspace/.swiftpm/xcode
SwiftCompile normal arm64 Compiling\ SwiftlyImageLoader.swift /Users/admin/builder/spi-builder-workspace/Sources/SwiftlyImageLoader/SwiftlyImageLoader.swift (in target 'SwiftlyImageLoader' from project 'SwiftlyImageLoader')
/Users/admin/builder/spi-builder-workspace/Sources/SwiftlyImageLoader/SwiftlyImageLoader.swift:8:22: error: 'UIGraphicsImageRendererFormat' is unavailable in watchOS
6 | /// Resize image to the specified size.
7 | func resized(to targetSize: CGSize) -> UIImage {
8 | let format = UIGraphicsImageRendererFormat.default()
| `- error: 'UIGraphicsImageRendererFormat' is unavailable in watchOS
9 | format.scale = self.scale
10 | let renderer = UIGraphicsImageRenderer(size: targetSize, format: format)
/Applications/Xcode-27.0.0-Release.Candidate.app/Contents/Developer/Platforms/WatchOS.platform/Developer/SDKs/WatchOS27.0.sdk/System/Library/Frameworks/UIKit.framework/Headers/UIGraphicsImageRenderer.h:27:12: note: 'UIGraphicsImageRendererFormat' has been explicitly marked unavailable here
25 |
26 | UIKIT_EXTERN API_AVAILABLE(ios(10.0)) API_UNAVAILABLE(watchos)
27 | @interface UIGraphicsImageRendererFormat : UIGraphicsRendererFormat
| `- note: 'UIGraphicsImageRendererFormat' has been explicitly marked unavailable here
28 |
29 | @property (nonatomic) CGFloat scale; // display scale of the context. The preferredFormat uses the scale most appropriate for the main screen's current configuration.
/Users/admin/builder/spi-builder-workspace/Sources/SwiftlyImageLoader/SwiftlyImageLoader.swift:8:52: error: 'default()' is unavailable in watchOS
6 | /// Resize image to the specified size.
7 | func resized(to targetSize: CGSize) -> UIImage {
8 | let format = UIGraphicsImageRendererFormat.default()
| `- error: 'default()' is unavailable in watchOS
9 | format.scale = self.scale
10 | let renderer = UIGraphicsImageRenderer(size: targetSize, format: format)
/Applications/Xcode-27.0.0-Release.Candidate.app/Contents/Developer/Platforms/WatchOS.platform/Developer/SDKs/WatchOS27.0.sdk/System/Library/Frameworks/UIKit.framework/Headers/UIGraphicsRenderer.h:25:1: note: 'default()' has been explicitly marked unavailable here
23 |
24 | // returns a default configured format object, best suited for the current device.
25 | + (instancetype)defaultFormat API_AVAILABLE(ios(10.0)) API_DEPRECATED_WITH_REPLACEMENT("preferredFormat", tvos(10.0, 11.0)) API_UNAVAILABLE(watchos);
| `- note: 'default()' has been explicitly marked unavailable here
26 |
27 | // Returns a new format object best suited for the main screen’s current configuration.
/Users/admin/builder/spi-builder-workspace/Sources/SwiftlyImageLoader/SwiftlyImageLoader.swift:10:24: error: 'UIGraphicsImageRenderer' is unavailable in watchOS
8 | let format = UIGraphicsImageRendererFormat.default()
9 | format.scale = self.scale
10 | let renderer = UIGraphicsImageRenderer(size: targetSize, format: format)
| `- error: 'UIGraphicsImageRenderer' is unavailable in watchOS
11 |
12 | return renderer.image { _ in
/Applications/Xcode-27.0.0-Release.Candidate.app/Contents/Developer/Platforms/WatchOS.platform/Developer/SDKs/WatchOS27.0.sdk/System/Library/Frameworks/UIKit.framework/Headers/UIGraphicsImageRenderer.h:47:12: note: 'UIGraphicsImageRenderer' has been explicitly marked unavailable here
45 |
46 | UIKIT_EXTERN API_AVAILABLE(ios(10.0)) API_UNAVAILABLE(watchos)
47 | @interface UIGraphicsImageRenderer : UIGraphicsRenderer
| `- note: 'UIGraphicsImageRenderer' has been explicitly marked unavailable here
48 | - (instancetype)initWithSize:(CGSize)size;
49 | - (instancetype)initWithSize:(CGSize)size format:(UIGraphicsImageRendererFormat *)format NS_DESIGNATED_INITIALIZER;
/Users/admin/builder/spi-builder-workspace/Sources/SwiftlyImageLoader/SwiftlyImageLoader.swift:19:29: error: cannot find 'CIImage' in scope
17 | /// Convert the image to grayscale using Core Image.
18 | func applyGrayscaleFilter() -> UIImage {
19 | guard let ciImage = CIImage(image: self) else { return self }
| `- error: cannot find 'CIImage' in scope
20 |
21 | let filter = CIFilter(name: "CIPhotoEffectMono")
/Users/admin/builder/spi-builder-workspace/Sources/SwiftlyImageLoader/SwiftlyImageLoader.swift:21:22: error: cannot find 'CIFilter' in scope
19 | guard let ciImage = CIImage(image: self) else { return self }
20 |
21 | let filter = CIFilter(name: "CIPhotoEffectMono")
| `- error: cannot find 'CIFilter' in scope
22 | filter?.setValue(ciImage, forKey: kCIInputImageKey)
23 |
/Users/admin/builder/spi-builder-workspace/Sources/SwiftlyImageLoader/SwiftlyImageLoader.swift:22:43: error: cannot find 'kCIInputImageKey' in scope
20 |
21 | let filter = CIFilter(name: "CIPhotoEffectMono")
22 | filter?.setValue(ciImage, forKey: kCIInputImageKey)
| `- error: cannot find 'kCIInputImageKey' in scope
23 |
24 | guard let output = filter?.outputImage else { return self }
/Users/admin/builder/spi-builder-workspace/Sources/SwiftlyImageLoader/SwiftlyImageLoader.swift:26:23: error: cannot find 'CIContext' in scope
24 | guard let output = filter?.outputImage else { return self }
25 |
26 | let context = CIContext()
| `- error: cannot find 'CIContext' in scope
27 | if let cgImage = context.createCGImage(output, from: output.extent) {
28 | return UIImage(cgImage: cgImage, scale: self.scale, orientation: self.imageOrientation)
SwiftCompile normal arm64 /Users/admin/builder/spi-builder-workspace/Sources/SwiftlyImageLoader/SwiftlyImageLoader.swift (in target 'SwiftlyImageLoader' from project 'SwiftlyImageLoader')
cd /Users/admin/builder/spi-builder-workspace/.swiftpm/xcode
builtin-SwiftPerFileCompile SwiftlyImageLoader.swift
SwiftCompile normal arm64 Compiling\ DiskCache.swift /Users/admin/builder/spi-builder-workspace/Sources/SwiftlyImageLoader/DiskCache.swift (in target 'SwiftlyImageLoader' from project 'SwiftlyImageLoader')
SwiftCompile normal arm64 /Users/admin/builder/spi-builder-workspace/Sources/SwiftlyImageLoader/DiskCache.swift (in target 'SwiftlyImageLoader' from project 'SwiftlyImageLoader')
cd /Users/admin/builder/spi-builder-workspace/.swiftpm/xcode
builtin-SwiftPerFileCompile DiskCache.swift
SwiftDriverJobDiscovery normal arm64_32 Emitting module for SwiftlyImageLoader (in target 'SwiftlyImageLoader' from project 'SwiftlyImageLoader')
SwiftDriver\ Compilation\ Requirements SwiftlyImageLoader normal arm64_32 com.apple.xcode.tools.swift.compiler (in target 'SwiftlyImageLoader' from project 'SwiftlyImageLoader')
cd /Users/admin/builder/spi-builder-workspace/.swiftpm/xcode
builtin-Swift-Compilation-Requirements -- /Applications/Xcode-27.0.0-Release.Candidate.app/Contents/Developer/Toolchains/XcodeDefault.xctoolchain/usr/bin/swiftc -parse-as-library -module-name SwiftlyImageLoader -Onone @/Users/admin/builder/spi-builder-workspace/.derivedData/Build/Intermediates.noindex/SwiftlyImageLoader.build/Debug-watchos/SwiftlyImageLoader-t.build/Objects-normal/arm64_32/SwiftlyImageLoader.SwiftFileList -DSWIFT_PACKAGE -DDEBUG -DSWIFT_MODULE_RESOURCE_BUNDLE_UNAVAILABLE -DXcode -plugin-path /Applications/Xcode-27.0.0-Release.Candidate.app/Contents/Developer/Toolchains/XcodeDefault.xctoolchain/usr/lib/swift/host/plugins/testing -enable-experimental-feature DebugDescriptionMacro -sdk /Applications/Xcode-27.0.0-Release.Candidate.app/Contents/Developer/Platforms/WatchOS.platform/Developer/SDKs/WatchOS27.0.sdk -target arm64_32-apple-watchos9.0 -g -module-cache-path /Users/admin/builder/spi-builder-workspace/.derivedData/ModuleCache.noindex -Xfrontend -serialize-debugging-options -enable-testing -index-store-path /Users/admin/builder/spi-builder-workspace/.derivedData/Index.noindex/DataStore -Xcc -D_LIBCPP_HARDENING_MODE\=_LIBCPP_HARDENING_MODE_DEBUG -swift-version 6 -I /Users/admin/builder/spi-builder-workspace/.derivedData/Build/Products/Debug-watchos -Isystem /Applications/Xcode-27.0.0-Release.Candidate.app/Contents/Developer/Platforms/WatchOS.platform/Developer/usr/lib -F /Users/admin/builder/spi-builder-workspace/.derivedData/Build/Products/Debug-watchos -F /Applications/Xcode-27.0.0-Release.Candidate.app/Contents/Developer/Platforms/WatchOS.platform/Developer/Library/Frameworks -F /Applications/Xcode-27.0.0-Release.Candidate.app/Contents/Developer/Platforms/WatchOS.platform/Developer/SDKs/WatchOS27.0.sdk/Developer/Library/Frameworks -c -j10 -enable-batch-mode -incremental -Xcc -ivfsstatcache -Xcc /Users/admin/builder/spi-builder-workspace/.derivedData/SDKStatCaches.noindex/watchos27.0-24R360-e829b21a6f8c9b70876ba0858053c04477534ef55a1706bf4c1112bbb242f0a2.sdkstatcache -output-file-map /Users/admin/builder/spi-builder-workspace/.derivedData/Build/Intermediates.noindex/SwiftlyImageLoader.build/Debug-watchos/SwiftlyImageLoader-t.build/Objects-normal/arm64_32/SwiftlyImageLoader-OutputFileMap.json -save-temps -no-color-diagnostics -explicit-module-build -module-cache-path /Users/admin/builder/spi-builder-workspace/.derivedData/Build/Intermediates.noindex/SwiftExplicitPrecompiledModules -clang-scanner-module-cache-path /Users/admin/builder/spi-builder-workspace/.derivedData/ModuleCache.noindex -sdk-module-cache-path /Users/admin/builder/spi-builder-workspace/.derivedData/SDKExplicitPrecompiledModules -emit-dependencies -emit-module -emit-module-path /Users/admin/builder/spi-builder-workspace/.derivedData/Build/Intermediates.noindex/SwiftlyImageLoader.build/Debug-watchos/SwiftlyImageLoader-t.build/Objects-normal/arm64_32/SwiftlyImageLoader.swiftmodule -serialize-diagnostics -dependency-scan-serialize-diagnostics-path /Users/admin/builder/spi-builder-workspace/.derivedData/Build/Intermediates.noindex/SwiftlyImageLoader.build/Debug-watchos/SwiftlyImageLoader-t.build/Objects-normal/arm64_32/SwiftlyImageLoader-dependency-scan.dia -validate-clang-modules-once -clang-build-session-file /Users/admin/builder/spi-builder-workspace/.derivedData/ModuleCache.noindex/Session.modulevalidation -Xcc -fmodules-prune-interval\=86400 -Xcc -fmodules-prune-after\=345600 -package-name spi_builder_workspace -emit-const-values -const-gather-protocols-list /Users/admin/builder/spi-builder-workspace/.derivedData/Build/Intermediates.noindex/SwiftlyImageLoader.build/Debug-watchos/SwiftlyImageLoader-t.build/Objects-normal/arm64_32/SwiftlyImageLoader_const_extract_protocols.json -Xcc -I/Users/admin/builder/spi-builder-workspace/.derivedData/Build/Products/Debug-watchos/include -Xcc -I/Users/admin/builder/spi-builder-workspace/.derivedData/Build/Intermediates.noindex/SwiftlyImageLoader.build/Debug-watchos/SwiftlyImageLoader-t.build/DerivedSources-normal/arm64_32 -Xcc -I/Users/admin/builder/spi-builder-workspace/.derivedData/Build/Intermediates.noindex/SwiftlyImageLoader.build/Debug-watchos/SwiftlyImageLoader-t.build/DerivedSources/arm64_32 -Xcc -I/Users/admin/builder/spi-builder-workspace/.derivedData/Build/Intermediates.noindex/SwiftlyImageLoader.build/Debug-watchos/SwiftlyImageLoader-t.build/DerivedSources -Xcc -DSWIFT_PACKAGE -Xcc -DDEBUG\=1 -emit-objc-header -emit-objc-header-path /Users/admin/builder/spi-builder-workspace/.derivedData/Build/Intermediates.noindex/SwiftlyImageLoader.build/Debug-watchos/SwiftlyImageLoader-t.build/Objects-normal/arm64_32/SwiftlyImageLoader-Swift.h -working-directory /Users/admin/builder/spi-builder-workspace/.swiftpm/xcode -experimental-emit-module-separately -disable-cmo
SwiftDriverJobDiscovery normal arm64 Emitting module for SwiftlyImageLoader (in target 'SwiftlyImageLoader' from project 'SwiftlyImageLoader')
SwiftDriver\ Compilation\ Requirements SwiftlyImageLoader normal arm64 com.apple.xcode.tools.swift.compiler (in target 'SwiftlyImageLoader' from project 'SwiftlyImageLoader')
cd /Users/admin/builder/spi-builder-workspace/.swiftpm/xcode
builtin-Swift-Compilation-Requirements -- /Applications/Xcode-27.0.0-Release.Candidate.app/Contents/Developer/Toolchains/XcodeDefault.xctoolchain/usr/bin/swiftc -parse-as-library -module-name SwiftlyImageLoader -Onone @/Users/admin/builder/spi-builder-workspace/.derivedData/Build/Intermediates.noindex/SwiftlyImageLoader.build/Debug-watchos/SwiftlyImageLoader-t.build/Objects-normal/arm64/SwiftlyImageLoader.SwiftFileList -DSWIFT_PACKAGE -DDEBUG -DSWIFT_MODULE_RESOURCE_BUNDLE_UNAVAILABLE -DXcode -plugin-path /Applications/Xcode-27.0.0-Release.Candidate.app/Contents/Developer/Toolchains/XcodeDefault.xctoolchain/usr/lib/swift/host/plugins/testing -enable-experimental-feature DebugDescriptionMacro -sdk /Applications/Xcode-27.0.0-Release.Candidate.app/Contents/Developer/Platforms/WatchOS.platform/Developer/SDKs/WatchOS27.0.sdk -target arm64-apple-watchos9.0 -g -module-cache-path /Users/admin/builder/spi-builder-workspace/.derivedData/ModuleCache.noindex -Xfrontend -serialize-debugging-options -enable-testing -index-store-path /Users/admin/builder/spi-builder-workspace/.derivedData/Index.noindex/DataStore -Xcc -D_LIBCPP_HARDENING_MODE\=_LIBCPP_HARDENING_MODE_DEBUG -swift-version 6 -I /Users/admin/builder/spi-builder-workspace/.derivedData/Build/Products/Debug-watchos -Isystem /Applications/Xcode-27.0.0-Release.Candidate.app/Contents/Developer/Platforms/WatchOS.platform/Developer/usr/lib -F /Users/admin/builder/spi-builder-workspace/.derivedData/Build/Products/Debug-watchos -F /Applications/Xcode-27.0.0-Release.Candidate.app/Contents/Developer/Platforms/WatchOS.platform/Developer/Library/Frameworks -F /Applications/Xcode-27.0.0-Release.Candidate.app/Contents/Developer/Platforms/WatchOS.platform/Developer/SDKs/WatchOS27.0.sdk/Developer/Library/Frameworks -c -j10 -enable-batch-mode -incremental -Xcc -ivfsstatcache -Xcc /Users/admin/builder/spi-builder-workspace/.derivedData/SDKStatCaches.noindex/watchos27.0-24R360-e829b21a6f8c9b70876ba0858053c04477534ef55a1706bf4c1112bbb242f0a2.sdkstatcache -output-file-map /Users/admin/builder/spi-builder-workspace/.derivedData/Build/Intermediates.noindex/SwiftlyImageLoader.build/Debug-watchos/SwiftlyImageLoader-t.build/Objects-normal/arm64/SwiftlyImageLoader-OutputFileMap.json -save-temps -no-color-diagnostics -explicit-module-build -module-cache-path /Users/admin/builder/spi-builder-workspace/.derivedData/Build/Intermediates.noindex/SwiftExplicitPrecompiledModules -clang-scanner-module-cache-path /Users/admin/builder/spi-builder-workspace/.derivedData/ModuleCache.noindex -sdk-module-cache-path /Users/admin/builder/spi-builder-workspace/.derivedData/SDKExplicitPrecompiledModules -emit-dependencies -emit-module -emit-module-path /Users/admin/builder/spi-builder-workspace/.derivedData/Build/Intermediates.noindex/SwiftlyImageLoader.build/Debug-watchos/SwiftlyImageLoader-t.build/Objects-normal/arm64/SwiftlyImageLoader.swiftmodule -serialize-diagnostics -dependency-scan-serialize-diagnostics-path /Users/admin/builder/spi-builder-workspace/.derivedData/Build/Intermediates.noindex/SwiftlyImageLoader.build/Debug-watchos/SwiftlyImageLoader-t.build/Objects-normal/arm64/SwiftlyImageLoader-dependency-scan.dia -validate-clang-modules-once -clang-build-session-file /Users/admin/builder/spi-builder-workspace/.derivedData/ModuleCache.noindex/Session.modulevalidation -Xcc -fmodules-prune-interval\=86400 -Xcc -fmodules-prune-after\=345600 -package-name spi_builder_workspace -emit-const-values -const-gather-protocols-list /Users/admin/builder/spi-builder-workspace/.derivedData/Build/Intermediates.noindex/SwiftlyImageLoader.build/Debug-watchos/SwiftlyImageLoader-t.build/Objects-normal/arm64/SwiftlyImageLoader_const_extract_protocols.json -Xcc -I/Users/admin/builder/spi-builder-workspace/.derivedData/Build/Products/Debug-watchos/include -Xcc -I/Users/admin/builder/spi-builder-workspace/.derivedData/Build/Intermediates.noindex/SwiftlyImageLoader.build/Debug-watchos/SwiftlyImageLoader-t.build/DerivedSources-normal/arm64 -Xcc -I/Users/admin/builder/spi-builder-workspace/.derivedData/Build/Intermediates.noindex/SwiftlyImageLoader.build/Debug-watchos/SwiftlyImageLoader-t.build/DerivedSources/arm64 -Xcc -I/Users/admin/builder/spi-builder-workspace/.derivedData/Build/Intermediates.noindex/SwiftlyImageLoader.build/Debug-watchos/SwiftlyImageLoader-t.build/DerivedSources -Xcc -DSWIFT_PACKAGE -Xcc -DDEBUG\=1 -emit-objc-header -emit-objc-header-path /Users/admin/builder/spi-builder-workspace/.derivedData/Build/Intermediates.noindex/SwiftlyImageLoader.build/Debug-watchos/SwiftlyImageLoader-t.build/Objects-normal/arm64/SwiftlyImageLoader-Swift.h -working-directory /Users/admin/builder/spi-builder-workspace/.swiftpm/xcode -experimental-emit-module-separately -disable-cmo
SwiftCompile normal arm64 Compiling\ ImageCache.swift /Users/admin/builder/spi-builder-workspace/Sources/SwiftlyImageLoader/ImageCache.swift (in target 'SwiftlyImageLoader' from project 'SwiftlyImageLoader')
SwiftCompile normal arm64 /Users/admin/builder/spi-builder-workspace/Sources/SwiftlyImageLoader/ImageCache.swift (in target 'SwiftlyImageLoader' from project 'SwiftlyImageLoader')
cd /Users/admin/builder/spi-builder-workspace/.swiftpm/xcode
builtin-SwiftPerFileCompile ImageCache.swift
SwiftMergeGeneratedHeaders /Users/admin/builder/spi-builder-workspace/.derivedData/Build/Intermediates.noindex/GeneratedModuleMaps-watchos/SwiftlyImageLoader-Swift.h /Users/admin/builder/spi-builder-workspace/.derivedData/Build/Intermediates.noindex/SwiftlyImageLoader.build/Debug-watchos/SwiftlyImageLoader-t.build/Objects-normal/arm64/SwiftlyImageLoader-Swift.h /Users/admin/builder/spi-builder-workspace/.derivedData/Build/Intermediates.noindex/SwiftlyImageLoader.build/Debug-watchos/SwiftlyImageLoader-t.build/Objects-normal/arm64_32/SwiftlyImageLoader-Swift.h (in target 'SwiftlyImageLoader' from project 'SwiftlyImageLoader')
cd /Users/admin/builder/spi-builder-workspace
builtin-swiftHeaderTool -arch arm64 /Users/admin/builder/spi-builder-workspace/.derivedData/Build/Intermediates.noindex/SwiftlyImageLoader.build/Debug-watchos/SwiftlyImageLoader-t.build/Objects-normal/arm64/SwiftlyImageLoader-Swift.h -arch arm64_32 /Users/admin/builder/spi-builder-workspace/.derivedData/Build/Intermediates.noindex/SwiftlyImageLoader.build/Debug-watchos/SwiftlyImageLoader-t.build/Objects-normal/arm64_32/SwiftlyImageLoader-Swift.h -o /Users/admin/builder/spi-builder-workspace/.derivedData/Build/Intermediates.noindex/GeneratedModuleMaps-watchos/SwiftlyImageLoader-Swift.h
SwiftDriverJobDiscovery normal arm64_32 Compiling LogLevel.swift (in target 'SwiftlyImageLoader' from project 'SwiftlyImageLoader')
Copy /Users/admin/builder/spi-builder-workspace/.derivedData/Build/Products/Debug-watchos/SwiftlyImageLoader.swiftmodule/arm64_32-apple-watchos.swiftmodule /Users/admin/builder/spi-builder-workspace/.derivedData/Build/Intermediates.noindex/SwiftlyImageLoader.build/Debug-watchos/SwiftlyImageLoader-t.build/Objects-normal/arm64_32/SwiftlyImageLoader.swiftmodule (in target 'SwiftlyImageLoader' from project 'SwiftlyImageLoader')
cd /Users/admin/builder/spi-builder-workspace
builtin-copy -exclude .DS_Store -exclude CVS -exclude .svn -exclude .git -exclude .hg -resolve-src-symlinks -rename /Users/admin/builder/spi-builder-workspace/.derivedData/Build/Intermediates.noindex/SwiftlyImageLoader.build/Debug-watchos/SwiftlyImageLoader-t.build/Objects-normal/arm64_32/SwiftlyImageLoader.swiftmodule /Users/admin/builder/spi-builder-workspace/.derivedData/Build/Products/Debug-watchos/SwiftlyImageLoader.swiftmodule/arm64_32-apple-watchos.swiftmodule
Copy /Users/admin/builder/spi-builder-workspace/.derivedData/Build/Products/Debug-watchos/SwiftlyImageLoader.swiftmodule/arm64_32-apple-watchos.swiftdoc /Users/admin/builder/spi-builder-workspace/.derivedData/Build/Intermediates.noindex/SwiftlyImageLoader.build/Debug-watchos/SwiftlyImageLoader-t.build/Objects-normal/arm64_32/SwiftlyImageLoader.swiftdoc (in target 'SwiftlyImageLoader' from project 'SwiftlyImageLoader')
cd /Users/admin/builder/spi-builder-workspace
builtin-copy -exclude .DS_Store -exclude CVS -exclude .svn -exclude .git -exclude .hg -resolve-src-symlinks -rename /Users/admin/builder/spi-builder-workspace/.derivedData/Build/Intermediates.noindex/SwiftlyImageLoader.build/Debug-watchos/SwiftlyImageLoader-t.build/Objects-normal/arm64_32/SwiftlyImageLoader.swiftdoc /Users/admin/builder/spi-builder-workspace/.derivedData/Build/Products/Debug-watchos/SwiftlyImageLoader.swiftmodule/arm64_32-apple-watchos.swiftdoc
Copy /Users/admin/builder/spi-builder-workspace/.derivedData/Build/Products/Debug-watchos/SwiftlyImageLoader.swiftmodule/arm64_32-apple-watchos.abi.json /Users/admin/builder/spi-builder-workspace/.derivedData/Build/Intermediates.noindex/SwiftlyImageLoader.build/Debug-watchos/SwiftlyImageLoader-t.build/Objects-normal/arm64_32/SwiftlyImageLoader.abi.json (in target 'SwiftlyImageLoader' from project 'SwiftlyImageLoader')
cd /Users/admin/builder/spi-builder-workspace
builtin-copy -exclude .DS_Store -exclude CVS -exclude .svn -exclude .git -exclude .hg -resolve-src-symlinks -rename /Users/admin/builder/spi-builder-workspace/.derivedData/Build/Intermediates.noindex/SwiftlyImageLoader.build/Debug-watchos/SwiftlyImageLoader-t.build/Objects-normal/arm64_32/SwiftlyImageLoader.abi.json /Users/admin/builder/spi-builder-workspace/.derivedData/Build/Products/Debug-watchos/SwiftlyImageLoader.swiftmodule/arm64_32-apple-watchos.abi.json
Copy /Users/admin/builder/spi-builder-workspace/.derivedData/Build/Products/Debug-watchos/SwiftlyImageLoader.swiftmodule/arm64-apple-watchos.swiftmodule /Users/admin/builder/spi-builder-workspace/.derivedData/Build/Intermediates.noindex/SwiftlyImageLoader.build/Debug-watchos/SwiftlyImageLoader-t.build/Objects-normal/arm64/SwiftlyImageLoader.swiftmodule (in target 'SwiftlyImageLoader' from project 'SwiftlyImageLoader')
cd /Users/admin/builder/spi-builder-workspace
builtin-copy -exclude .DS_Store -exclude CVS -exclude .svn -exclude .git -exclude .hg -resolve-src-symlinks -rename /Users/admin/builder/spi-builder-workspace/.derivedData/Build/Intermediates.noindex/SwiftlyImageLoader.build/Debug-watchos/SwiftlyImageLoader-t.build/Objects-normal/arm64/SwiftlyImageLoader.swiftmodule /Users/admin/builder/spi-builder-workspace/.derivedData/Build/Products/Debug-watchos/SwiftlyImageLoader.swiftmodule/arm64-apple-watchos.swiftmodule
Copy /Users/admin/builder/spi-builder-workspace/.derivedData/Build/Products/Debug-watchos/SwiftlyImageLoader.swiftmodule/arm64-apple-watchos.swiftdoc /Users/admin/builder/spi-builder-workspace/.derivedData/Build/Intermediates.noindex/SwiftlyImageLoader.build/Debug-watchos/SwiftlyImageLoader-t.build/Objects-normal/arm64/SwiftlyImageLoader.swiftdoc (in target 'SwiftlyImageLoader' from project 'SwiftlyImageLoader')
cd /Users/admin/builder/spi-builder-workspace
builtin-copy -exclude .DS_Store -exclude CVS -exclude .svn -exclude .git -exclude .hg -resolve-src-symlinks -rename /Users/admin/builder/spi-builder-workspace/.derivedData/Build/Intermediates.noindex/SwiftlyImageLoader.build/Debug-watchos/SwiftlyImageLoader-t.build/Objects-normal/arm64/SwiftlyImageLoader.swiftdoc /Users/admin/builder/spi-builder-workspace/.derivedData/Build/Products/Debug-watchos/SwiftlyImageLoader.swiftmodule/arm64-apple-watchos.swiftdoc
Copy /Users/admin/builder/spi-builder-workspace/.derivedData/Build/Products/Debug-watchos/SwiftlyImageLoader.swiftmodule/arm64-apple-watchos.abi.json /Users/admin/builder/spi-builder-workspace/.derivedData/Build/Intermediates.noindex/SwiftlyImageLoader.build/Debug-watchos/SwiftlyImageLoader-t.build/Objects-normal/arm64/SwiftlyImageLoader.abi.json (in target 'SwiftlyImageLoader' from project 'SwiftlyImageLoader')
cd /Users/admin/builder/spi-builder-workspace
builtin-copy -exclude .DS_Store -exclude CVS -exclude .svn -exclude .git -exclude .hg -resolve-src-symlinks -rename /Users/admin/builder/spi-builder-workspace/.derivedData/Build/Intermediates.noindex/SwiftlyImageLoader.build/Debug-watchos/SwiftlyImageLoader-t.build/Objects-normal/arm64/SwiftlyImageLoader.abi.json /Users/admin/builder/spi-builder-workspace/.derivedData/Build/Products/Debug-watchos/SwiftlyImageLoader.swiftmodule/arm64-apple-watchos.abi.json
Copy /Users/admin/builder/spi-builder-workspace/.derivedData/Build/Products/Debug-watchos/SwiftlyImageLoader.swiftmodule/Project/arm64_32-apple-watchos.swiftsourceinfo /Users/admin/builder/spi-builder-workspace/.derivedData/Build/Intermediates.noindex/SwiftlyImageLoader.build/Debug-watchos/SwiftlyImageLoader-t.build/Objects-normal/arm64_32/SwiftlyImageLoader.swiftsourceinfo (in target 'SwiftlyImageLoader' from project 'SwiftlyImageLoader')
cd /Users/admin/builder/spi-builder-workspace
builtin-copy -exclude .DS_Store -exclude CVS -exclude .svn -exclude .git -exclude .hg -resolve-src-symlinks -rename /Users/admin/builder/spi-builder-workspace/.derivedData/Build/Intermediates.noindex/SwiftlyImageLoader.build/Debug-watchos/SwiftlyImageLoader-t.build/Objects-normal/arm64_32/SwiftlyImageLoader.swiftsourceinfo /Users/admin/builder/spi-builder-workspace/.derivedData/Build/Products/Debug-watchos/SwiftlyImageLoader.swiftmodule/Project/arm64_32-apple-watchos.swiftsourceinfo
Copy /Users/admin/builder/spi-builder-workspace/.derivedData/Build/Products/Debug-watchos/SwiftlyImageLoader.swiftmodule/Project/arm64-apple-watchos.swiftsourceinfo /Users/admin/builder/spi-builder-workspace/.derivedData/Build/Intermediates.noindex/SwiftlyImageLoader.build/Debug-watchos/SwiftlyImageLoader-t.build/Objects-normal/arm64/SwiftlyImageLoader.swiftsourceinfo (in target 'SwiftlyImageLoader' from project 'SwiftlyImageLoader')
cd /Users/admin/builder/spi-builder-workspace
builtin-copy -exclude .DS_Store -exclude CVS -exclude .svn -exclude .git -exclude .hg -resolve-src-symlinks -rename /Users/admin/builder/spi-builder-workspace/.derivedData/Build/Intermediates.noindex/SwiftlyImageLoader.build/Debug-watchos/SwiftlyImageLoader-t.build/Objects-normal/arm64/SwiftlyImageLoader.swiftsourceinfo /Users/admin/builder/spi-builder-workspace/.derivedData/Build/Products/Debug-watchos/SwiftlyImageLoader.swiftmodule/Project/arm64-apple-watchos.swiftsourceinfo
SwiftCompile normal arm64 Compiling\ ImageLoader.swift /Users/admin/builder/spi-builder-workspace/Sources/SwiftlyImageLoader/ImageLoader.swift (in target 'SwiftlyImageLoader' from project 'SwiftlyImageLoader')
/Users/admin/builder/spi-builder-workspace/Sources/SwiftlyImageLoader/ImageLoader.swift:60:72: warning: 'weak' ownership of capture 'self' differs from implicitly-captured strong reference in outer scope [#ImplicitStrongCapture]
49 | transform: (@Sendable (CrossPlatformImage) -> CrossPlatformImage)?,
50 | completion: @escaping @Sendable (CrossPlatformImage?) -> Void) {
51 | taskQueue.async {
| |- note: 'self' implicitly strongly captured here
| `- note: add 'self' as a capture list item to silence
52 | if let existing = self.ongoingTasks[url] {
53 | self.log("🔁 Joining existing task for: \(url.absoluteString)", level: .verbose)
:
58 | self.log("🟡 Starting image load for: \(url.absoluteString)", level: .basic)
59 |
60 | let task = Task.detached(priority: .userInitiated) { [weak self] in
| |- warning: 'weak' ownership of capture 'self' differs from implicitly-captured strong reference in outer scope [#ImplicitStrongCapture]
| `- note: explicitly assign the capture list item to silence
61 | guard let self else { return }
62 | let key = url.absoluteString
/Users/admin/builder/spi-builder-workspace/Sources/SwiftlyImageLoader/ImageLoader.swift:52:20: warning: value 'existing' was defined but never used; consider replacing with boolean test [#NoUsage]
50 | completion: @escaping @Sendable (CrossPlatformImage?) -> Void) {
51 | taskQueue.async {
52 | if let existing = self.ongoingTasks[url] {
| `- warning: value 'existing' was defined but never used; consider replacing with boolean test [#NoUsage]
53 | self.log("🔁 Joining existing task for: \(url.absoluteString)", level: .verbose)
54 | self.ongoingTasks[url]?.completions.append(completion)
SwiftCompile normal arm64 /Users/admin/builder/spi-builder-workspace/Sources/SwiftlyImageLoader/ImageLoader.swift (in target 'SwiftlyImageLoader' from project 'SwiftlyImageLoader')
cd /Users/admin/builder/spi-builder-workspace/.swiftpm/xcode
builtin-SwiftPerFileCompile ImageLoader.swift
SwiftDriverJobDiscovery normal arm64_32 Compiling SwiftlyImageLoaderConfiguration.swift (in target 'SwiftlyImageLoader' from project 'SwiftlyImageLoader')
SwiftCompile normal arm64 Compiling\ ImageResizer.swift /Users/admin/builder/spi-builder-workspace/Sources/SwiftlyImageLoader/Utils/ImageResizer.swift (in target 'SwiftlyImageLoader' from project 'SwiftlyImageLoader')
SwiftCompile normal arm64 /Users/admin/builder/spi-builder-workspace/Sources/SwiftlyImageLoader/Utils/ImageResizer.swift (in target 'SwiftlyImageLoader' from project 'SwiftlyImageLoader')
cd /Users/admin/builder/spi-builder-workspace/.swiftpm/xcode
builtin-SwiftPerFileCompile ImageResizer.swift
SwiftDriverJobDiscovery normal arm64_32 Compiling ImageCache.swift (in target 'SwiftlyImageLoader' from project 'SwiftlyImageLoader')
SwiftCompile normal arm64 Compiling\ LogLevel.swift /Users/admin/builder/spi-builder-workspace/Sources/SwiftlyImageLoader/LogLevel.swift (in target 'SwiftlyImageLoader' from project 'SwiftlyImageLoader')
SwiftCompile normal arm64 /Users/admin/builder/spi-builder-workspace/Sources/SwiftlyImageLoader/LogLevel.swift (in target 'SwiftlyImageLoader' from project 'SwiftlyImageLoader')
cd /Users/admin/builder/spi-builder-workspace/.swiftpm/xcode
builtin-SwiftPerFileCompile LogLevel.swift
SwiftDriverJobDiscovery normal arm64_32 Compiling DiskCache.swift (in target 'SwiftlyImageLoader' from project 'SwiftlyImageLoader')
SwiftCompile normal arm64 Compiling\ SwiftlyImageLoaderConfiguration.swift /Users/admin/builder/spi-builder-workspace/Sources/SwiftlyImageLoader/SwiftlyImageLoaderConfiguration.swift (in target 'SwiftlyImageLoader' from project 'SwiftlyImageLoader')
SwiftCompile normal arm64 /Users/admin/builder/spi-builder-workspace/Sources/SwiftlyImageLoader/SwiftlyImageLoaderConfiguration.swift (in target 'SwiftlyImageLoader' from project 'SwiftlyImageLoader')
cd /Users/admin/builder/spi-builder-workspace/.swiftpm/xcode
builtin-SwiftPerFileCompile SwiftlyImageLoaderConfiguration.swift
SwiftDriverJobDiscovery normal arm64 Compiling DiskCache.swift (in target 'SwiftlyImageLoader' from project 'SwiftlyImageLoader')
SwiftDriver SwiftlyImageLoaderUIKit normal arm64_32 com.apple.xcode.tools.swift.compiler (in target 'SwiftlyImageLoaderUIKit' from project 'SwiftlyImageLoader')
cd /Users/admin/builder/spi-builder-workspace/.swiftpm/xcode
builtin-SwiftDriver -- /Applications/Xcode-27.0.0-Release.Candidate.app/Contents/Developer/Toolchains/XcodeDefault.xctoolchain/usr/bin/swiftc -parse-as-library -module-name SwiftlyImageLoaderUIKit -Onone @/Users/admin/builder/spi-builder-workspace/.derivedData/Build/Intermediates.noindex/SwiftlyImageLoader.build/Debug-watchos/SwiftlyImageLoaderUIKit-t.build/Objects-normal/arm64_32/SwiftlyImageLoaderUIKit.SwiftFileList -DSWIFT_PACKAGE -DDEBUG -DSWIFT_MODULE_RESOURCE_BUNDLE_UNAVAILABLE -DXcode -plugin-path /Applications/Xcode-27.0.0-Release.Candidate.app/Contents/Developer/Toolchains/XcodeDefault.xctoolchain/usr/lib/swift/host/plugins/testing -enable-experimental-feature DebugDescriptionMacro -sdk /Applications/Xcode-27.0.0-Release.Candidate.app/Contents/Developer/Platforms/WatchOS.platform/Developer/SDKs/WatchOS27.0.sdk -target arm64_32-apple-watchos9.0 -g -module-cache-path /Users/admin/builder/spi-builder-workspace/.derivedData/ModuleCache.noindex -Xfrontend -serialize-debugging-options -enable-testing -index-store-path /Users/admin/builder/spi-builder-workspace/.derivedData/Index.noindex/DataStore -Xcc -D_LIBCPP_HARDENING_MODE\=_LIBCPP_HARDENING_MODE_DEBUG -swift-version 6 -I /Users/admin/builder/spi-builder-workspace/.derivedData/Build/Products/Debug-watchos -Isystem /Applications/Xcode-27.0.0-Release.Candidate.app/Contents/Developer/Platforms/WatchOS.platform/Developer/usr/lib -F /Users/admin/builder/spi-builder-workspace/.derivedData/Build/Products/Debug-watchos/PackageFrameworks -F /Users/admin/builder/spi-builder-workspace/.derivedData/Build/Products/Debug-watchos -F /Applications/Xcode-27.0.0-Release.Candidate.app/Contents/Developer/Platforms/WatchOS.platform/Developer/Library/Frameworks -F /Applications/Xcode-27.0.0-Release.Candidate.app/Contents/Developer/Platforms/WatchOS.platform/Developer/SDKs/WatchOS27.0.sdk/Developer/Library/Frameworks -c -j10 -enable-batch-mode -incremental -Xcc -ivfsstatcache -Xcc /Users/admin/builder/spi-builder-workspace/.derivedData/SDKStatCaches.noindex/watchos27.0-24R360-e829b21a6f8c9b70876ba0858053c04477534ef55a1706bf4c1112bbb242f0a2.sdkstatcache -output-file-map /Users/admin/builder/spi-builder-workspace/.derivedData/Build/Intermediates.noindex/SwiftlyImageLoader.build/Debug-watchos/SwiftlyImageLoaderUIKit-t.build/Objects-normal/arm64_32/SwiftlyImageLoaderUIKit-OutputFileMap.json -save-temps -no-color-diagnostics -explicit-module-build -module-cache-path /Users/admin/builder/spi-builder-workspace/.derivedData/Build/Intermediates.noindex/SwiftExplicitPrecompiledModules -clang-scanner-module-cache-path /Users/admin/builder/spi-builder-workspace/.derivedData/ModuleCache.noindex -sdk-module-cache-path /Users/admin/builder/spi-builder-workspace/.derivedData/SDKExplicitPrecompiledModules -emit-dependencies -emit-module -emit-module-path /Users/admin/builder/spi-builder-workspace/.derivedData/Build/Intermediates.noindex/SwiftlyImageLoader.build/Debug-watchos/SwiftlyImageLoaderUIKit-t.build/Objects-normal/arm64_32/SwiftlyImageLoaderUIKit.swiftmodule -serialize-diagnostics -dependency-scan-serialize-diagnostics-path /Users/admin/builder/spi-builder-workspace/.derivedData/Build/Intermediates.noindex/SwiftlyImageLoader.build/Debug-watchos/SwiftlyImageLoaderUIKit-t.build/Objects-normal/arm64_32/SwiftlyImageLoaderUIKit-dependency-scan.dia -validate-clang-modules-once -clang-build-session-file /Users/admin/builder/spi-builder-workspace/.derivedData/ModuleCache.noindex/Session.modulevalidation -Xcc -fmodules-prune-interval\=86400 -Xcc -fmodules-prune-after\=345600 -package-name spi_builder_workspace -emit-const-values -const-gather-protocols-list /Users/admin/builder/spi-builder-workspace/.derivedData/Build/Intermediates.noindex/SwiftlyImageLoader.build/Debug-watchos/SwiftlyImageLoaderUIKit-t.build/Objects-normal/arm64_32/SwiftlyImageLoaderUIKit_const_extract_protocols.json -Xcc -I/Users/admin/builder/spi-builder-workspace/.derivedData/Build/Products/Debug-watchos/include -Xcc -I/Users/admin/builder/spi-builder-workspace/.derivedData/Build/Intermediates.noindex/SwiftlyImageLoader.build/Debug-watchos/SwiftlyImageLoaderUIKit-t.build/DerivedSources-normal/arm64_32 -Xcc -I/Users/admin/builder/spi-builder-workspace/.derivedData/Build/Intermediates.noindex/SwiftlyImageLoader.build/Debug-watchos/SwiftlyImageLoaderUIKit-t.build/DerivedSources/arm64_32 -Xcc -I/Users/admin/builder/spi-builder-workspace/.derivedData/Build/Intermediates.noindex/SwiftlyImageLoader.build/Debug-watchos/SwiftlyImageLoaderUIKit-t.build/DerivedSources -Xcc -DSWIFT_PACKAGE -Xcc -DDEBUG\=1 -emit-objc-header -emit-objc-header-path /Users/admin/builder/spi-builder-workspace/.derivedData/Build/Intermediates.noindex/SwiftlyImageLoader.build/Debug-watchos/SwiftlyImageLoaderUIKit-t.build/Objects-normal/arm64_32/SwiftlyImageLoaderUIKit-Swift.h -working-directory /Users/admin/builder/spi-builder-workspace/.swiftpm/xcode -experimental-emit-module-separately -disable-cmo
SwiftDriver SwiftlyImageLoaderUIKit normal arm64 com.apple.xcode.tools.swift.compiler (in target 'SwiftlyImageLoaderUIKit' from project 'SwiftlyImageLoader')
cd /Users/admin/builder/spi-builder-workspace/.swiftpm/xcode
builtin-SwiftDriver -- /Applications/Xcode-27.0.0-Release.Candidate.app/Contents/Developer/Toolchains/XcodeDefault.xctoolchain/usr/bin/swiftc -parse-as-library -module-name SwiftlyImageLoaderUIKit -Onone @/Users/admin/builder/spi-builder-workspace/.derivedData/Build/Intermediates.noindex/SwiftlyImageLoader.build/Debug-watchos/SwiftlyImageLoaderUIKit-t.build/Objects-normal/arm64/SwiftlyImageLoaderUIKit.SwiftFileList -DSWIFT_PACKAGE -DDEBUG -DSWIFT_MODULE_RESOURCE_BUNDLE_UNAVAILABLE -DXcode -plugin-path /Applications/Xcode-27.0.0-Release.Candidate.app/Contents/Developer/Toolchains/XcodeDefault.xctoolchain/usr/lib/swift/host/plugins/testing -enable-experimental-feature DebugDescriptionMacro -sdk /Applications/Xcode-27.0.0-Release.Candidate.app/Contents/Developer/Platforms/WatchOS.platform/Developer/SDKs/WatchOS27.0.sdk -target arm64-apple-watchos9.0 -g -module-cache-path /Users/admin/builder/spi-builder-workspace/.derivedData/ModuleCache.noindex -Xfrontend -serialize-debugging-options -enable-testing -index-store-path /Users/admin/builder/spi-builder-workspace/.derivedData/Index.noindex/DataStore -Xcc -D_LIBCPP_HARDENING_MODE\=_LIBCPP_HARDENING_MODE_DEBUG -swift-version 6 -I /Users/admin/builder/spi-builder-workspace/.derivedData/Build/Products/Debug-watchos -Isystem /Applications/Xcode-27.0.0-Release.Candidate.app/Contents/Developer/Platforms/WatchOS.platform/Developer/usr/lib -F /Users/admin/builder/spi-builder-workspace/.derivedData/Build/Products/Debug-watchos/PackageFrameworks -F /Users/admin/builder/spi-builder-workspace/.derivedData/Build/Products/Debug-watchos -F /Applications/Xcode-27.0.0-Release.Candidate.app/Contents/Developer/Platforms/WatchOS.platform/Developer/Library/Frameworks -F /Applications/Xcode-27.0.0-Release.Candidate.app/Contents/Developer/Platforms/WatchOS.platform/Developer/SDKs/WatchOS27.0.sdk/Developer/Library/Frameworks -c -j10 -enable-batch-mode -incremental -Xcc -ivfsstatcache -Xcc /Users/admin/builder/spi-builder-workspace/.derivedData/SDKStatCaches.noindex/watchos27.0-24R360-e829b21a6f8c9b70876ba0858053c04477534ef55a1706bf4c1112bbb242f0a2.sdkstatcache -output-file-map /Users/admin/builder/spi-builder-workspace/.derivedData/Build/Intermediates.noindex/SwiftlyImageLoader.build/Debug-watchos/SwiftlyImageLoaderUIKit-t.build/Objects-normal/arm64/SwiftlyImageLoaderUIKit-OutputFileMap.json -save-temps -no-color-diagnostics -explicit-module-build -module-cache-path /Users/admin/builder/spi-builder-workspace/.derivedData/Build/Intermediates.noindex/SwiftExplicitPrecompiledModules -clang-scanner-module-cache-path /Users/admin/builder/spi-builder-workspace/.derivedData/ModuleCache.noindex -sdk-module-cache-path /Users/admin/builder/spi-builder-workspace/.derivedData/SDKExplicitPrecompiledModules -emit-dependencies -emit-module -emit-module-path /Users/admin/builder/spi-builder-workspace/.derivedData/Build/Intermediates.noindex/SwiftlyImageLoader.build/Debug-watchos/SwiftlyImageLoaderUIKit-t.build/Objects-normal/arm64/SwiftlyImageLoaderUIKit.swiftmodule -serialize-diagnostics -dependency-scan-serialize-diagnostics-path /Users/admin/builder/spi-builder-workspace/.derivedData/Build/Intermediates.noindex/SwiftlyImageLoader.build/Debug-watchos/SwiftlyImageLoaderUIKit-t.build/Objects-normal/arm64/SwiftlyImageLoaderUIKit-dependency-scan.dia -validate-clang-modules-once -clang-build-session-file /Users/admin/builder/spi-builder-workspace/.derivedData/ModuleCache.noindex/Session.modulevalidation -Xcc -fmodules-prune-interval\=86400 -Xcc -fmodules-prune-after\=345600 -package-name spi_builder_workspace -emit-const-values -const-gather-protocols-list /Users/admin/builder/spi-builder-workspace/.derivedData/Build/Intermediates.noindex/SwiftlyImageLoader.build/Debug-watchos/SwiftlyImageLoaderUIKit-t.build/Objects-normal/arm64/SwiftlyImageLoaderUIKit_const_extract_protocols.json -Xcc -I/Users/admin/builder/spi-builder-workspace/.derivedData/Build/Products/Debug-watchos/include -Xcc -I/Users/admin/builder/spi-builder-workspace/.derivedData/Build/Intermediates.noindex/SwiftlyImageLoader.build/Debug-watchos/SwiftlyImageLoaderUIKit-t.build/DerivedSources-normal/arm64 -Xcc -I/Users/admin/builder/spi-builder-workspace/.derivedData/Build/Intermediates.noindex/SwiftlyImageLoader.build/Debug-watchos/SwiftlyImageLoaderUIKit-t.build/DerivedSources/arm64 -Xcc -I/Users/admin/builder/spi-builder-workspace/.derivedData/Build/Intermediates.noindex/SwiftlyImageLoader.build/Debug-watchos/SwiftlyImageLoaderUIKit-t.build/DerivedSources -Xcc -DSWIFT_PACKAGE -Xcc -DDEBUG\=1 -emit-objc-header -emit-objc-header-path /Users/admin/builder/spi-builder-workspace/.derivedData/Build/Intermediates.noindex/SwiftlyImageLoader.build/Debug-watchos/SwiftlyImageLoaderUIKit-t.build/Objects-normal/arm64/SwiftlyImageLoaderUIKit-Swift.h -working-directory /Users/admin/builder/spi-builder-workspace/.swiftpm/xcode -experimental-emit-module-separately -disable-cmo
SwiftDriverJobDiscovery normal arm64 Compiling ImageCache.swift (in target 'SwiftlyImageLoader' from project 'SwiftlyImageLoader')
SwiftDriver SwiftlyImageLoaderSwiftUI normal arm64_32 com.apple.xcode.tools.swift.compiler (in target 'SwiftlyImageLoaderSwiftUI' from project 'SwiftlyImageLoader')
cd /Users/admin/builder/spi-builder-workspace/.swiftpm/xcode
builtin-SwiftDriver -- /Applications/Xcode-27.0.0-Release.Candidate.app/Contents/Developer/Toolchains/XcodeDefault.xctoolchain/usr/bin/swiftc -parse-as-library -module-name SwiftlyImageLoaderSwiftUI -Onone @/Users/admin/builder/spi-builder-workspace/.derivedData/Build/Intermediates.noindex/SwiftlyImageLoader.build/Debug-watchos/SwiftlyImageLoaderSwiftUI-t.build/Objects-normal/arm64_32/SwiftlyImageLoaderSwiftUI.SwiftFileList -DSWIFT_PACKAGE -DDEBUG -DSWIFT_MODULE_RESOURCE_BUNDLE_UNAVAILABLE -DXcode -plugin-path /Applications/Xcode-27.0.0-Release.Candidate.app/Contents/Developer/Toolchains/XcodeDefault.xctoolchain/usr/lib/swift/host/plugins/testing -enable-experimental-feature DebugDescriptionMacro -sdk /Applications/Xcode-27.0.0-Release.Candidate.app/Contents/Developer/Platforms/WatchOS.platform/Developer/SDKs/WatchOS27.0.sdk -target arm64_32-apple-watchos9.0 -g -module-cache-path /Users/admin/builder/spi-builder-workspace/.derivedData/ModuleCache.noindex -Xfrontend -serialize-debugging-options -enable-testing -index-store-path /Users/admin/builder/spi-builder-workspace/.derivedData/Index.noindex/DataStore -Xcc -D_LIBCPP_HARDENING_MODE\=_LIBCPP_HARDENING_MODE_DEBUG -swift-version 6 -I /Users/admin/builder/spi-builder-workspace/.derivedData/Build/Products/Debug-watchos -Isystem /Applications/Xcode-27.0.0-Release.Candidate.app/Contents/Developer/Platforms/WatchOS.platform/Developer/usr/lib -F /Users/admin/builder/spi-builder-workspace/.derivedData/Build/Products/Debug-watchos/PackageFrameworks -F /Users/admin/builder/spi-builder-workspace/.derivedData/Build/Products/Debug-watchos -F /Applications/Xcode-27.0.0-Release.Candidate.app/Contents/Developer/Platforms/WatchOS.platform/Developer/Library/Frameworks -F /Applications/Xcode-27.0.0-Release.Candidate.app/Contents/Developer/Platforms/WatchOS.platform/Developer/SDKs/WatchOS27.0.sdk/Developer/Library/Frameworks -c -j10 -enable-batch-mode -incremental -Xcc -ivfsstatcache -Xcc /Users/admin/builder/spi-builder-workspace/.derivedData/SDKStatCaches.noindex/watchos27.0-24R360-e829b21a6f8c9b70876ba0858053c04477534ef55a1706bf4c1112bbb242f0a2.sdkstatcache -output-file-map /Users/admin/builder/spi-builder-workspace/.derivedData/Build/Intermediates.noindex/SwiftlyImageLoader.build/Debug-watchos/SwiftlyImageLoaderSwiftUI-t.build/Objects-normal/arm64_32/SwiftlyImageLoaderSwiftUI-OutputFileMap.json -save-temps -no-color-diagnostics -explicit-module-build -module-cache-path /Users/admin/builder/spi-builder-workspace/.derivedData/Build/Intermediates.noindex/SwiftExplicitPrecompiledModules -clang-scanner-module-cache-path /Users/admin/builder/spi-builder-workspace/.derivedData/ModuleCache.noindex -sdk-module-cache-path /Users/admin/builder/spi-builder-workspace/.derivedData/SDKExplicitPrecompiledModules -emit-dependencies -emit-module -emit-module-path /Users/admin/builder/spi-builder-workspace/.derivedData/Build/Intermediates.noindex/SwiftlyImageLoader.build/Debug-watchos/SwiftlyImageLoaderSwiftUI-t.build/Objects-normal/arm64_32/SwiftlyImageLoaderSwiftUI.swiftmodule -serialize-diagnostics -dependency-scan-serialize-diagnostics-path /Users/admin/builder/spi-builder-workspace/.derivedData/Build/Intermediates.noindex/SwiftlyImageLoader.build/Debug-watchos/SwiftlyImageLoaderSwiftUI-t.build/Objects-normal/arm64_32/SwiftlyImageLoaderSwiftUI-dependency-scan.dia -validate-clang-modules-once -clang-build-session-file /Users/admin/builder/spi-builder-workspace/.derivedData/ModuleCache.noindex/Session.modulevalidation -Xcc -fmodules-prune-interval\=86400 -Xcc -fmodules-prune-after\=345600 -package-name spi_builder_workspace -emit-const-values -const-gather-protocols-list /Users/admin/builder/spi-builder-workspace/.derivedData/Build/Intermediates.noindex/SwiftlyImageLoader.build/Debug-watchos/SwiftlyImageLoaderSwiftUI-t.build/Objects-normal/arm64_32/SwiftlyImageLoaderSwiftUI_const_extract_protocols.json -Xcc -I/Users/admin/builder/spi-builder-workspace/.derivedData/Build/Products/Debug-watchos/include -Xcc -I/Users/admin/builder/spi-builder-workspace/.derivedData/Build/Intermediates.noindex/SwiftlyImageLoader.build/Debug-watchos/SwiftlyImageLoaderSwiftUI-t.build/DerivedSources-normal/arm64_32 -Xcc -I/Users/admin/builder/spi-builder-workspace/.derivedData/Build/Intermediates.noindex/SwiftlyImageLoader.build/Debug-watchos/SwiftlyImageLoaderSwiftUI-t.build/DerivedSources/arm64_32 -Xcc -I/Users/admin/builder/spi-builder-workspace/.derivedData/Build/Intermediates.noindex/SwiftlyImageLoader.build/Debug-watchos/SwiftlyImageLoaderSwiftUI-t.build/DerivedSources -Xcc -DSWIFT_PACKAGE -Xcc -DDEBUG\=1 -emit-objc-header -emit-objc-header-path /Users/admin/builder/spi-builder-workspace/.derivedData/Build/Intermediates.noindex/SwiftlyImageLoader.build/Debug-watchos/SwiftlyImageLoaderSwiftUI-t.build/Objects-normal/arm64_32/SwiftlyImageLoaderSwiftUI-Swift.h -working-directory /Users/admin/builder/spi-builder-workspace/.swiftpm/xcode -experimental-emit-module-separately -disable-cmo
SwiftDriverJobDiscovery normal arm64 Compiling LogLevel.swift (in target 'SwiftlyImageLoader' from project 'SwiftlyImageLoader')
SwiftDriver SwiftlyImageLoaderSwiftUI normal arm64 com.apple.xcode.tools.swift.compiler (in target 'SwiftlyImageLoaderSwiftUI' from project 'SwiftlyImageLoader')
cd /Users/admin/builder/spi-builder-workspace/.swiftpm/xcode
builtin-SwiftDriver -- /Applications/Xcode-27.0.0-Release.Candidate.app/Contents/Developer/Toolchains/XcodeDefault.xctoolchain/usr/bin/swiftc -parse-as-library -module-name SwiftlyImageLoaderSwiftUI -Onone @/Users/admin/builder/spi-builder-workspace/.derivedData/Build/Intermediates.noindex/SwiftlyImageLoader.build/Debug-watchos/SwiftlyImageLoaderSwiftUI-t.build/Objects-normal/arm64/SwiftlyImageLoaderSwiftUI.SwiftFileList -DSWIFT_PACKAGE -DDEBUG -DSWIFT_MODULE_RESOURCE_BUNDLE_UNAVAILABLE -DXcode -plugin-path /Applications/Xcode-27.0.0-Release.Candidate.app/Contents/Developer/Toolchains/XcodeDefault.xctoolchain/usr/lib/swift/host/plugins/testing -enable-experimental-feature DebugDescriptionMacro -sdk /Applications/Xcode-27.0.0-Release.Candidate.app/Contents/Developer/Platforms/WatchOS.platform/Developer/SDKs/WatchOS27.0.sdk -target arm64-apple-watchos9.0 -g -module-cache-path /Users/admin/builder/spi-builder-workspace/.derivedData/ModuleCache.noindex -Xfrontend -serialize-debugging-options -enable-testing -index-store-path /Users/admin/builder/spi-builder-workspace/.derivedData/Index.noindex/DataStore -Xcc -D_LIBCPP_HARDENING_MODE\=_LIBCPP_HARDENING_MODE_DEBUG -swift-version 6 -I /Users/admin/builder/spi-builder-workspace/.derivedData/Build/Products/Debug-watchos -Isystem /Applications/Xcode-27.0.0-Release.Candidate.app/Contents/Developer/Platforms/WatchOS.platform/Developer/usr/lib -F /Users/admin/builder/spi-builder-workspace/.derivedData/Build/Products/Debug-watchos/PackageFrameworks -F /Users/admin/builder/spi-builder-workspace/.derivedData/Build/Products/Debug-watchos -F /Applications/Xcode-27.0.0-Release.Candidate.app/Contents/Developer/Platforms/WatchOS.platform/Developer/Library/Frameworks -F /Applications/Xcode-27.0.0-Release.Candidate.app/Contents/Developer/Platforms/WatchOS.platform/Developer/SDKs/WatchOS27.0.sdk/Developer/Library/Frameworks -c -j10 -enable-batch-mode -incremental -Xcc -ivfsstatcache -Xcc /Users/admin/builder/spi-builder-workspace/.derivedData/SDKStatCaches.noindex/watchos27.0-24R360-e829b21a6f8c9b70876ba0858053c04477534ef55a1706bf4c1112bbb242f0a2.sdkstatcache -output-file-map /Users/admin/builder/spi-builder-workspace/.derivedData/Build/Intermediates.noindex/SwiftlyImageLoader.build/Debug-watchos/SwiftlyImageLoaderSwiftUI-t.build/Objects-normal/arm64/SwiftlyImageLoaderSwiftUI-OutputFileMap.json -save-temps -no-color-diagnostics -explicit-module-build -module-cache-path /Users/admin/builder/spi-builder-workspace/.derivedData/Build/Intermediates.noindex/SwiftExplicitPrecompiledModules -clang-scanner-module-cache-path /Users/admin/builder/spi-builder-workspace/.derivedData/ModuleCache.noindex -sdk-module-cache-path /Users/admin/builder/spi-builder-workspace/.derivedData/SDKExplicitPrecompiledModules -emit-dependencies -emit-module -emit-module-path /Users/admin/builder/spi-builder-workspace/.derivedData/Build/Intermediates.noindex/SwiftlyImageLoader.build/Debug-watchos/SwiftlyImageLoaderSwiftUI-t.build/Objects-normal/arm64/SwiftlyImageLoaderSwiftUI.swiftmodule -serialize-diagnostics -dependency-scan-serialize-diagnostics-path /Users/admin/builder/spi-builder-workspace/.derivedData/Build/Intermediates.noindex/SwiftlyImageLoader.build/Debug-watchos/SwiftlyImageLoaderSwiftUI-t.build/Objects-normal/arm64/SwiftlyImageLoaderSwiftUI-dependency-scan.dia -validate-clang-modules-once -clang-build-session-file /Users/admin/builder/spi-builder-workspace/.derivedData/ModuleCache.noindex/Session.modulevalidation -Xcc -fmodules-prune-interval\=86400 -Xcc -fmodules-prune-after\=345600 -package-name spi_builder_workspace -emit-const-values -const-gather-protocols-list /Users/admin/builder/spi-builder-workspace/.derivedData/Build/Intermediates.noindex/SwiftlyImageLoader.build/Debug-watchos/SwiftlyImageLoaderSwiftUI-t.build/Objects-normal/arm64/SwiftlyImageLoaderSwiftUI_const_extract_protocols.json -Xcc -I/Users/admin/builder/spi-builder-workspace/.derivedData/Build/Products/Debug-watchos/include -Xcc -I/Users/admin/builder/spi-builder-workspace/.derivedData/Build/Intermediates.noindex/SwiftlyImageLoader.build/Debug-watchos/SwiftlyImageLoaderSwiftUI-t.build/DerivedSources-normal/arm64 -Xcc -I/Users/admin/builder/spi-builder-workspace/.derivedData/Build/Intermediates.noindex/SwiftlyImageLoader.build/Debug-watchos/SwiftlyImageLoaderSwiftUI-t.build/DerivedSources/arm64 -Xcc -I/Users/admin/builder/spi-builder-workspace/.derivedData/Build/Intermediates.noindex/SwiftlyImageLoader.build/Debug-watchos/SwiftlyImageLoaderSwiftUI-t.build/DerivedSources -Xcc -DSWIFT_PACKAGE -Xcc -DDEBUG\=1 -emit-objc-header -emit-objc-header-path /Users/admin/builder/spi-builder-workspace/.derivedData/Build/Intermediates.noindex/SwiftlyImageLoader.build/Debug-watchos/SwiftlyImageLoaderSwiftUI-t.build/Objects-normal/arm64/SwiftlyImageLoaderSwiftUI-Swift.h -working-directory /Users/admin/builder/spi-builder-workspace/.swiftpm/xcode -experimental-emit-module-separately -disable-cmo
SwiftDriverJobDiscovery normal arm64 Compiling SwiftlyImageLoaderConfiguration.swift (in target 'SwiftlyImageLoader' from project 'SwiftlyImageLoader')
SwiftEmitModule normal arm64 Emitting\ module\ for\ SwiftlyImageLoaderUIKit (in target 'SwiftlyImageLoaderUIKit' from project 'SwiftlyImageLoader')
/Users/admin/builder/spi-builder-workspace/Sources/SwiftlyImageLoaderUIKit/UIImageView+ImageLoader.swift:13:18: error: 'UIImageView' is unavailable in watchOS
11 | /// Extension that adds image loading capability to `UIImageView` using `SwiftlyImageLoader`.
12 | /// This enables asynchronous image loading with placeholder support, caching, and cancellation.'
13 | public extension UIImageView {
| `- error: 'UIImageView' is unavailable in watchOS
14 | @MainActor
15 | func setImage(
/Applications/Xcode-27.0.0-Release.Candidate.app/Contents/Developer/Platforms/WatchOS.platform/Developer/SDKs/WatchOS27.0.sdk/System/Library/Frameworks/UIKit.framework/Headers/UIImageView.h:21:12: note: 'UIImageView' has been explicitly marked unavailable here
19 |
20 | UIKIT_EXTERN API_AVAILABLE(ios(2.0)) API_UNAVAILABLE(watchos) NS_SWIFT_UI_ACTOR
21 | @interface UIImageView : UIView
| `- note: 'UIImageView' has been explicitly marked unavailable here
22 |
23 | - (instancetype)initWithImage:(nullable UIImage *)image;
Failed frontend command:
/Applications/Xcode-27.0.0-Release.Candidate.app/Contents/Developer/Toolchains/XcodeDefault.xctoolchain/usr/bin/swift-frontend -frontend -emit-module -experimental-skip-non-inlinable-function-bodies-without-types /Users/admin/builder/spi-builder-workspace/Sources/SwiftlyImageLoaderUIKit/UIImageView+ImageLoader.swift -target arm64-apple-watchos9.0 -disable-cross-import-overlay-search -load-resolved-plugin /Applications/Xcode-27.0.0-Release.Candidate.app/Contents/Developer/Platforms/WatchOS.platform/Developer/usr/lib/swift/host/plugins/libFoundationMacros.dylib\#/Applications/Xcode-27.0.0-Release.Candidate.app/Contents/Developer/Platforms/WatchOS.platform/Developer/usr/bin/swift-plugin-server\#FoundationMacros -load-resolved-plugin /Applications/Xcode-27.0.0-Release.Candidate.app/Contents/Developer/Platforms/WatchOS.platform/Developer/usr/lib/swift/host/plugins/libObservationMacros.dylib\#/Applications/Xcode-27.0.0-Release.Candidate.app/Contents/Developer/Platforms/WatchOS.platform/Developer/usr/bin/swift-plugin-server\#ObservationMacros -load-resolved-plugin /Applications/Xcode-27.0.0-Release.Candidate.app/Contents/Developer/Platforms/WatchOS.platform/Developer/usr/lib/swift/host/plugins/libSwiftMacros.dylib\#/Applications/Xcode-27.0.0-Release.Candidate.app/Contents/Developer/Platforms/WatchOS.platform/Developer/usr/bin/swift-plugin-server\#SwiftMacros -load-resolved-plugin /Applications/Xcode-27.0.0-Release.Candidate.app/Contents/Developer/Platforms/WatchOS.platform/Developer/usr/lib/swift/host/plugins/libSwiftUIMacros.dylib\#/Applications/Xcode-27.0.0-Release.Candidate.app/Contents/Developer/Platforms/WatchOS.platform/Developer/usr/bin/swift-plugin-server\#SwiftUIMacros -disable-implicit-swift-modules -Xcc -fno-implicit-modules -Xcc -fno-implicit-module-maps -explicit-swift-module-map-file /Users/admin/builder/spi-builder-workspace/.derivedData/Build/Intermediates.noindex/SwiftlyImageLoader.build/Debug-watchos/SwiftlyImageLoaderUIKit-t.build/Objects-normal/arm64/SwiftlyImageLoaderUIKit-dependencies-1.json -Xllvm -aarch64-use-tbi -enable-objc-interop -stack-check -sdk /Applications/Xcode-27.0.0-Release.Candidate.app/Contents/Developer/Platforms/WatchOS.platform/Developer/SDKs/WatchOS27.0.sdk -I /Users/admin/builder/spi-builder-workspace/.derivedData/Build/Products/Debug-watchos -Isystem /Applications/Xcode-27.0.0-Release.Candidate.app/Contents/Developer/Platforms/WatchOS.platform/Developer/usr/lib -F /Users/admin/builder/spi-builder-workspace/.derivedData/Build/Products/Debug-watchos/PackageFrameworks -F /Users/admin/builder/spi-builder-workspace/.derivedData/Build/Products/Debug-watchos -F /Applications/Xcode-27.0.0-Release.Candidate.app/Contents/Developer/Platforms/WatchOS.platform/Developer/Library/Frameworks -F /Applications/Xcode-27.0.0-Release.Candidate.app/Contents/Developer/Platforms/WatchOS.platform/Developer/SDKs/WatchOS27.0.sdk/Developer/Library/Frameworks -module-cache-path /Users/admin/builder/spi-builder-workspace/.derivedData/Build/Intermediates.noindex/SwiftExplicitPrecompiledModules -no-color-diagnostics -Xcc -fno-color-diagnostics -enable-testing -g -debug-info-format\=dwarf -dwarf-version\=4 -swift-version 6 -Onone -D SWIFT_PACKAGE -D DEBUG -D SWIFT_MODULE_RESOURCE_BUNDLE_UNAVAILABLE -D Xcode -serialize-debugging-options -enable-experimental-feature DebugDescriptionMacro -empty-abi-descriptor -validate-clang-modules-once -clang-build-session-file /Users/admin/builder/spi-builder-workspace/.derivedData/ModuleCache.noindex/Session.modulevalidation -Xcc -working-directory -Xcc /Users/admin/builder/spi-builder-workspace/.swiftpm/xcode -enable-anonymous-context-mangled-names -file-compilation-dir /Users/admin/builder/spi-builder-workspace/.swiftpm/xcode -Xcc -D_LIBCPP_HARDENING_MODE\=_LIBCPP_HARDENING_MODE_DEBUG -Xcc -ivfsstatcache -Xcc /Users/admin/builder/spi-builder-workspace/.derivedData/SDKStatCaches.noindex/watchos27.0-24R360-e829b21a6f8c9b70876ba0858053c04477534ef55a1706bf4c1112bbb242f0a2.sdkstatcache -Xcc -fmodules-prune-interval\=86400 -Xcc -fmodules-prune-after\=345600 -Xcc -I/Users/admin/builder/spi-builder-workspace/.derivedData/Build/Products/Debug-watchos/include -Xcc -I/Users/admin/builder/spi-builder-workspace/.derivedData/Build/Intermediates.noindex/SwiftlyImageLoader.build/Debug-watchos/SwiftlyImageLoaderUIKit-t.build/DerivedSources-normal/arm64 -Xcc -I/Users/admin/builder/spi-builder-workspace/.derivedData/Build/Intermediates.noindex/SwiftlyImageLoader.build/Debug-watchos/SwiftlyImageLoaderUIKit-t.build/DerivedSources/arm64 -Xcc -I/Users/admin/builder/spi-builder-workspace/.derivedData/Build/Intermediates.noindex/SwiftlyImageLoader.build/Debug-watchos/SwiftlyImageLoaderUIKit-t.build/DerivedSources -Xcc -DSWIFT_PACKAGE -Xcc -DDEBUG\=1 -no-auto-bridging-header-chaining -module-name SwiftlyImageLoaderUIKit -package-name spi_builder_workspace -const-gather-protocols-file /Users/admin/builder/spi-builder-workspace/.derivedData/Build/Intermediates.noindex/SwiftlyImageLoader.build/Debug-watchos/SwiftlyImageLoaderUIKit-t.build/Objects-normal/arm64/SwiftlyImageLoaderUIKit_const_extract_protocols.json -disable-clang-spi -clang-target arm64-apple-watchos27.0 -target-sdk-version 27.0 -target-sdk-name watchos27.0 -in-process-plugin-server-path /Applications/Xcode-27.0.0-Release.Candidate.app/Contents/Developer/Toolchains/XcodeDefault.xctoolchain/usr/lib/swift/host/libSwiftInProcPluginServer.dylib -emit-module-doc-path /Users/admin/builder/spi-builder-workspace/.derivedData/Build/Intermediates.noindex/SwiftlyImageLoader.build/Debug-watchos/SwiftlyImageLoaderUIKit-t.build/Objects-normal/arm64/SwiftlyImageLoaderUIKit.swiftdoc -emit-module-source-info-path /Users/admin/builder/spi-builder-workspace/.derivedData/Build/Intermediates.noindex/SwiftlyImageLoader.build/Debug-watchos/SwiftlyImageLoaderUIKit-t.build/Objects-normal/arm64/SwiftlyImageLoaderUIKit.swiftsourceinfo -emit-objc-header-path /Users/admin/builder/spi-builder-workspace/.derivedData/Build/Intermediates.noindex/SwiftlyImageLoader.build/Debug-watchos/SwiftlyImageLoaderUIKit-t.build/Objects-normal/arm64/SwiftlyImageLoaderUIKit-Swift.h -serialize-diagnostics-path /Users/admin/builder/spi-builder-workspace/.derivedData/Build/Intermediates.noindex/SwiftlyImageLoader.build/Debug-watchos/SwiftlyImageLoaderUIKit-t.build/Objects-normal/arm64/SwiftlyImageLoaderUIKit-primary-emit-module.dia -emit-dependencies-path /Users/admin/builder/spi-builder-workspace/.derivedData/Build/Intermediates.noindex/SwiftlyImageLoader.build/Debug-watchos/SwiftlyImageLoaderUIKit-t.build/Objects-normal/arm64/SwiftlyImageLoaderUIKit-primary-emit-module.d -parse-as-library -o /Users/admin/builder/spi-builder-workspace/.derivedData/Build/Intermediates.noindex/SwiftlyImageLoader.build/Debug-watchos/SwiftlyImageLoaderUIKit-t.build/Objects-normal/arm64/SwiftlyImageLoaderUIKit.swiftmodule -emit-abi-descriptor-path /Users/admin/builder/spi-builder-workspace/.derivedData/Build/Intermediates.noindex/SwiftlyImageLoader.build/Debug-watchos/SwiftlyImageLoaderUIKit-t.build/Objects-normal/arm64/SwiftlyImageLoaderUIKit.abi.json
SwiftCompile normal arm64 (in target 'SwiftlyImageLoaderUIKit' from project 'SwiftlyImageLoader')
cd /Users/admin/builder/spi-builder-workspace/.swiftpm/xcode
SwiftCompile normal arm64 Compiling\ UIImageView+ImageLoader.swift /Users/admin/builder/spi-builder-workspace/Sources/SwiftlyImageLoaderUIKit/UIImageView+ImageLoader.swift (in target 'SwiftlyImageLoaderUIKit' from project 'SwiftlyImageLoader')
SwiftCompile normal arm64 /Users/admin/builder/spi-builder-workspace/Sources/SwiftlyImageLoaderUIKit/UIImageView+ImageLoader.swift (in target 'SwiftlyImageLoaderUIKit' from project 'SwiftlyImageLoader')
cd /Users/admin/builder/spi-builder-workspace/.swiftpm/xcode
builtin-SwiftPerFileCompile UIImageView+ImageLoader.swift
SwiftEmitModule normal arm64_32 Emitting\ module\ for\ SwiftlyImageLoaderUIKit (in target 'SwiftlyImageLoaderUIKit' from project 'SwiftlyImageLoader')
SwiftCompile normal arm64_32 (in target 'SwiftlyImageLoaderUIKit' from project 'SwiftlyImageLoader')
cd /Users/admin/builder/spi-builder-workspace/.swiftpm/xcode
PruneExplicitPrecompiledModules /Users/admin/builder/spi-builder-workspace/.derivedData/SDKExplicitPrecompiledModules
PruneExplicitPrecompiledModules /Users/admin/builder/spi-builder-workspace/.derivedData/Build/Intermediates.noindex/ExplicitPrecompiledModules
PruneExplicitPrecompiledModules /Users/admin/builder/spi-builder-workspace/.derivedData/Build/Intermediates.noindex/SwiftExplicitPrecompiledModules
2026-09-22 03:24:34.030 xcodebuild[623:3824] [MT] IDERunDestination: Supported platforms for the buildables in the current scheme is empty.
** BUILD FAILED **
The following build commands failed:
SwiftEmitModule normal arm64 Emitting\ module\ for\ SwiftlyImageLoaderUIKit (in target 'SwiftlyImageLoaderUIKit' from project 'SwiftlyImageLoader')
SwiftCompile normal arm64 (in target 'SwiftlyImageLoaderUIKit' from project 'SwiftlyImageLoader')
Building workspace SwiftlyImageLoader with scheme SwiftlyImageLoader-Package
(3 failures)
Command line invocation:
/Applications/Xcode-27.0.0-Release.Candidate.app/Contents/Developer/usr/bin/xcodebuild -IDEClonedSourcePackagesDirPathOverride=/Users/admin/builder/spi-builder-workspace/.dependencies -resolvePackageDependencies
Resolve Package Graph
Resolved source packages:
SwiftlyImageLoader: /Users/admin/builder/spi-builder-workspace
resolved source packages: SwiftlyImageLoader
2026-09-22 03:24:42.202 xcodebuild[759:4624] [MT] IDERunDestination: Supported platforms for the buildables in the current scheme is empty.
{
"dependencies" : [
],
"manifest_display_name" : "SwiftlyImageLoader",
"name" : "SwiftlyImageLoader",
"path" : "/Users/admin/builder/spi-builder-workspace",
"platforms" : [
{
"name" : "ios",
"version" : "13.0"
},
{
"name" : "macos",
"version" : "10.15"
},
{
"name" : "tvos",
"version" : "13.0"
},
{
"name" : "watchos",
"version" : "6.0"
}
],
"products" : [
{
"name" : "SwiftlyImageLoader",
"targets" : [
"SwiftlyImageLoader"
],
"type" : {
"library" : [
"automatic"
]
}
},
{
"name" : "SwiftlyImageLoaderUIKit",
"targets" : [
"SwiftlyImageLoaderUIKit"
],
"type" : {
"library" : [
"automatic"
]
}
},
{
"name" : "SwiftlyImageLoaderAppKit",
"targets" : [
"SwiftlyImageLoaderAppKit"
],
"type" : {
"library" : [
"automatic"
]
}
},
{
"name" : "SwiftlyImageLoaderSwiftUI",
"targets" : [
"SwiftlyImageLoaderSwiftUI"
],
"type" : {
"library" : [
"automatic"
]
}
}
],
"targets" : [
{
"c99name" : "SwiftlyImageLoaderUIKit",
"module_type" : "SwiftTarget",
"name" : "SwiftlyImageLoaderUIKit",
"path" : "Sources/SwiftlyImageLoaderUIKit",
"product_memberships" : [
"SwiftlyImageLoaderUIKit"
],
"sources" : [
"UIImageView+ImageLoader.swift"
],
"target_dependencies" : [
"SwiftlyImageLoader"
],
"type" : "library"
},
{
"c99name" : "SwiftlyImageLoaderSwiftUI",
"module_type" : "SwiftTarget",
"name" : "SwiftlyImageLoaderSwiftUI",
"path" : "Sources/SwiftlyImageLoaderSwiftUI",
"product_memberships" : [
"SwiftlyImageLoaderSwiftUI"
],
"sources" : [
"SwiftlyAsyncImage.swift"
],
"target_dependencies" : [
"SwiftlyImageLoader"
],
"type" : "library"
},
{
"c99name" : "SwiftlyImageLoaderAppKit",
"module_type" : "SwiftTarget",
"name" : "SwiftlyImageLoaderAppKit",
"path" : "Sources/SwiftlyImageLoaderAppKit",
"product_memberships" : [
"SwiftlyImageLoaderAppKit"
],
"sources" : [
"NSImageView+ImageLoader.swift"
],
"target_dependencies" : [
"SwiftlyImageLoader"
],
"type" : "library"
},
{
"c99name" : "SwiftlyImageLoader",
"module_type" : "SwiftTarget",
"name" : "SwiftlyImageLoader",
"path" : "Sources/SwiftlyImageLoader",
"product_memberships" : [
"SwiftlyImageLoader",
"SwiftlyImageLoaderUIKit",
"SwiftlyImageLoaderAppKit",
"SwiftlyImageLoaderSwiftUI"
],
"sources" : [
"DiskCache.swift",
"ImageCache.swift",
"ImageLoader.swift",
"LogLevel.swift",
"SwiftlyImageLoader.swift",
"SwiftlyImageLoaderConfiguration.swift",
"Utils/ImageResizer.swift"
],
"type" : "library"
}
],
"tools_version" : "6.0"
}
{
"workspace" : {
"name" : "SwiftlyImageLoader",
"schemes" : [
"SwiftlyImageLoader",
"SwiftlyImageLoader-Package",
"SwiftlyImageLoaderAppKit",
"SwiftlyImageLoaderSwiftUI",
"SwiftlyImageLoaderUIKit"
]
}
}
2026-09-22 03:24:43.467 xcodebuild[787:4849] [MT] IDERunDestination: Supported platforms for the buildables in the current scheme is empty.
Running build ...
env DEVELOPER_DIR=/Applications/Xcode-27.0.0-Release.Candidate.app xcrun xcodebuild -IDEClonedSourcePackagesDirPathOverride=$PWD/.dependencies -skipMacroValidation -skipPackagePluginValidation -derivedDataPath $PWD/.derivedData build -scheme SwiftlyImageLoader-Package -destination generic/platform=watchOS
Command line invocation:
/Applications/Xcode-27.0.0-Release.Candidate.app/Contents/Developer/usr/bin/xcodebuild -IDEClonedSourcePackagesDirPathOverride=/Users/admin/builder/spi-builder-workspace/.dependencies -skipMacroValidation -skipPackagePluginValidation -derivedDataPath /Users/admin/builder/spi-builder-workspace/.derivedData build -scheme SwiftlyImageLoader-Package -destination generic/platform=watchOS
Resolve Package Graph
Resolved source packages:
SwiftlyImageLoader: /Users/admin/builder/spi-builder-workspace
ComputePackagePrebuildTargetDependencyGraph
Prepare packages
CreateBuildRequest
SendProjectDescription
CreateBuildOperation
ComputeTargetDependencyGraph
note: Building targets in dependency order
note: Target dependency graph (8 targets)
Target 'SwiftlyImageLoaderSwiftUI-product' in project 'SwiftlyImageLoader'
➜ Explicit dependency on target 'SwiftlyImageLoaderSwiftUI' in project 'SwiftlyImageLoader'
➜ Explicit dependency on target 'SwiftlyImageLoader' in project 'SwiftlyImageLoader'
Target 'SwiftlyImageLoaderSwiftUI' in project 'SwiftlyImageLoader'
➜ Explicit dependency on target 'SwiftlyImageLoader' in project 'SwiftlyImageLoader'
Target 'SwiftlyImageLoaderAppKit-product' in project 'SwiftlyImageLoader'
➜ Explicit dependency on target 'SwiftlyImageLoaderAppKit' in project 'SwiftlyImageLoader'
➜ Explicit dependency on target 'SwiftlyImageLoader' in project 'SwiftlyImageLoader'
Target 'SwiftlyImageLoaderAppKit' in project 'SwiftlyImageLoader'
➜ Explicit dependency on target 'SwiftlyImageLoader' in project 'SwiftlyImageLoader'
Target 'SwiftlyImageLoaderUIKit-product' in project 'SwiftlyImageLoader'
➜ Explicit dependency on target 'SwiftlyImageLoaderUIKit' in project 'SwiftlyImageLoader'
➜ Explicit dependency on target 'SwiftlyImageLoader' in project 'SwiftlyImageLoader'
Target 'SwiftlyImageLoaderUIKit' in project 'SwiftlyImageLoader'
➜ Explicit dependency on target 'SwiftlyImageLoader' in project 'SwiftlyImageLoader'
Target 'SwiftlyImageLoader-product' in project 'SwiftlyImageLoader'
➜ Explicit dependency on target 'SwiftlyImageLoader' in project 'SwiftlyImageLoader'
Target 'SwiftlyImageLoader' in project 'SwiftlyImageLoader' (no dependencies)
GatherProvisioningInputs
CreateBuildDescription
ClangStatCache /Applications/Xcode-27.0.0-Release.Candidate.app/Contents/Developer/Toolchains/XcodeDefault.xctoolchain/usr/bin/clang-stat-cache /Applications/Xcode-27.0.0-Release.Candidate.app/Contents/Developer/Platforms/WatchOS.platform/Developer/SDKs/WatchOS27.0.sdk /Users/admin/builder/spi-builder-workspace/.derivedData/SDKStatCaches.noindex/watchos27.0-24R360-e829b21a6f8c9b70876ba0858053c04477534ef55a1706bf4c1112bbb242f0a2.sdkstatcache
cd /Users/admin/builder/spi-builder-workspace/.swiftpm/xcode
/Applications/Xcode-27.0.0-Release.Candidate.app/Contents/Developer/Toolchains/XcodeDefault.xctoolchain/usr/bin/clang-stat-cache /Applications/Xcode-27.0.0-Release.Candidate.app/Contents/Developer/Platforms/WatchOS.platform/Developer/SDKs/WatchOS27.0.sdk -o /Users/admin/builder/spi-builder-workspace/.derivedData/SDKStatCaches.noindex/watchos27.0-24R360-e829b21a6f8c9b70876ba0858053c04477534ef55a1706bf4c1112bbb242f0a2.sdkstatcache
SwiftDriver SwiftlyImageLoaderUIKit normal arm64_32 com.apple.xcode.tools.swift.compiler (in target 'SwiftlyImageLoaderUIKit' from project 'SwiftlyImageLoader')
cd /Users/admin/builder/spi-builder-workspace/.swiftpm/xcode
builtin-SwiftDriver -- /Applications/Xcode-27.0.0-Release.Candidate.app/Contents/Developer/Toolchains/XcodeDefault.xctoolchain/usr/bin/swiftc -parse-as-library -module-name SwiftlyImageLoaderUIKit -Onone @/Users/admin/builder/spi-builder-workspace/.derivedData/Build/Intermediates.noindex/SwiftlyImageLoader.build/Debug-watchos/SwiftlyImageLoaderUIKit-t.build/Objects-normal/arm64_32/SwiftlyImageLoaderUIKit.SwiftFileList -DSWIFT_PACKAGE -DDEBUG -DSWIFT_MODULE_RESOURCE_BUNDLE_UNAVAILABLE -DXcode -plugin-path /Applications/Xcode-27.0.0-Release.Candidate.app/Contents/Developer/Toolchains/XcodeDefault.xctoolchain/usr/lib/swift/host/plugins/testing -enable-experimental-feature DebugDescriptionMacro -sdk /Applications/Xcode-27.0.0-Release.Candidate.app/Contents/Developer/Platforms/WatchOS.platform/Developer/SDKs/WatchOS27.0.sdk -target arm64_32-apple-watchos9.0 -g -module-cache-path /Users/admin/builder/spi-builder-workspace/.derivedData/ModuleCache.noindex -Xfrontend -serialize-debugging-options -enable-testing -index-store-path /Users/admin/builder/spi-builder-workspace/.derivedData/Index.noindex/DataStore -Xcc -D_LIBCPP_HARDENING_MODE\=_LIBCPP_HARDENING_MODE_DEBUG -swift-version 6 -I /Users/admin/builder/spi-builder-workspace/.derivedData/Build/Products/Debug-watchos -Isystem /Applications/Xcode-27.0.0-Release.Candidate.app/Contents/Developer/Platforms/WatchOS.platform/Developer/usr/lib -F /Users/admin/builder/spi-builder-workspace/.derivedData/Build/Products/Debug-watchos/PackageFrameworks -F /Users/admin/builder/spi-builder-workspace/.derivedData/Build/Products/Debug-watchos -F /Applications/Xcode-27.0.0-Release.Candidate.app/Contents/Developer/Platforms/WatchOS.platform/Developer/Library/Frameworks -F /Applications/Xcode-27.0.0-Release.Candidate.app/Contents/Developer/Platforms/WatchOS.platform/Developer/SDKs/WatchOS27.0.sdk/Developer/Library/Frameworks -c -j10 -enable-batch-mode -incremental -Xcc -ivfsstatcache -Xcc /Users/admin/builder/spi-builder-workspace/.derivedData/SDKStatCaches.noindex/watchos27.0-24R360-e829b21a6f8c9b70876ba0858053c04477534ef55a1706bf4c1112bbb242f0a2.sdkstatcache -output-file-map /Users/admin/builder/spi-builder-workspace/.derivedData/Build/Intermediates.noindex/SwiftlyImageLoader.build/Debug-watchos/SwiftlyImageLoaderUIKit-t.build/Objects-normal/arm64_32/SwiftlyImageLoaderUIKit-OutputFileMap.json -save-temps -no-color-diagnostics -explicit-module-build -module-cache-path /Users/admin/builder/spi-builder-workspace/.derivedData/Build/Intermediates.noindex/SwiftExplicitPrecompiledModules -clang-scanner-module-cache-path /Users/admin/builder/spi-builder-workspace/.derivedData/ModuleCache.noindex -sdk-module-cache-path /Users/admin/builder/spi-builder-workspace/.derivedData/SDKExplicitPrecompiledModules -emit-dependencies -emit-module -emit-module-path /Users/admin/builder/spi-builder-workspace/.derivedData/Build/Intermediates.noindex/SwiftlyImageLoader.build/Debug-watchos/SwiftlyImageLoaderUIKit-t.build/Objects-normal/arm64_32/SwiftlyImageLoaderUIKit.swiftmodule -serialize-diagnostics -dependency-scan-serialize-diagnostics-path /Users/admin/builder/spi-builder-workspace/.derivedData/Build/Intermediates.noindex/SwiftlyImageLoader.build/Debug-watchos/SwiftlyImageLoaderUIKit-t.build/Objects-normal/arm64_32/SwiftlyImageLoaderUIKit-dependency-scan.dia -validate-clang-modules-once -clang-build-session-file /Users/admin/builder/spi-builder-workspace/.derivedData/ModuleCache.noindex/Session.modulevalidation -Xcc -fmodules-prune-interval\=86400 -Xcc -fmodules-prune-after\=345600 -package-name spi_builder_workspace -emit-const-values -const-gather-protocols-list /Users/admin/builder/spi-builder-workspace/.derivedData/Build/Intermediates.noindex/SwiftlyImageLoader.build/Debug-watchos/SwiftlyImageLoaderUIKit-t.build/Objects-normal/arm64_32/SwiftlyImageLoaderUIKit_const_extract_protocols.json -Xcc -I/Users/admin/builder/spi-builder-workspace/.derivedData/Build/Products/Debug-watchos/include -Xcc -I/Users/admin/builder/spi-builder-workspace/.derivedData/Build/Intermediates.noindex/SwiftlyImageLoader.build/Debug-watchos/SwiftlyImageLoaderUIKit-t.build/DerivedSources-normal/arm64_32 -Xcc -I/Users/admin/builder/spi-builder-workspace/.derivedData/Build/Intermediates.noindex/SwiftlyImageLoader.build/Debug-watchos/SwiftlyImageLoaderUIKit-t.build/DerivedSources/arm64_32 -Xcc -I/Users/admin/builder/spi-builder-workspace/.derivedData/Build/Intermediates.noindex/SwiftlyImageLoader.build/Debug-watchos/SwiftlyImageLoaderUIKit-t.build/DerivedSources -Xcc -DSWIFT_PACKAGE -Xcc -DDEBUG\=1 -emit-objc-header -emit-objc-header-path /Users/admin/builder/spi-builder-workspace/.derivedData/Build/Intermediates.noindex/SwiftlyImageLoader.build/Debug-watchos/SwiftlyImageLoaderUIKit-t.build/Objects-normal/arm64_32/SwiftlyImageLoaderUIKit-Swift.h -working-directory /Users/admin/builder/spi-builder-workspace/.swiftpm/xcode -experimental-emit-module-separately -disable-cmo
SwiftDriver SwiftlyImageLoaderUIKit normal arm64 com.apple.xcode.tools.swift.compiler (in target 'SwiftlyImageLoaderUIKit' from project 'SwiftlyImageLoader')
cd /Users/admin/builder/spi-builder-workspace/.swiftpm/xcode
builtin-SwiftDriver -- /Applications/Xcode-27.0.0-Release.Candidate.app/Contents/Developer/Toolchains/XcodeDefault.xctoolchain/usr/bin/swiftc -parse-as-library -module-name SwiftlyImageLoaderUIKit -Onone @/Users/admin/builder/spi-builder-workspace/.derivedData/Build/Intermediates.noindex/SwiftlyImageLoader.build/Debug-watchos/SwiftlyImageLoaderUIKit-t.build/Objects-normal/arm64/SwiftlyImageLoaderUIKit.SwiftFileList -DSWIFT_PACKAGE -DDEBUG -DSWIFT_MODULE_RESOURCE_BUNDLE_UNAVAILABLE -DXcode -plugin-path /Applications/Xcode-27.0.0-Release.Candidate.app/Contents/Developer/Toolchains/XcodeDefault.xctoolchain/usr/lib/swift/host/plugins/testing -enable-experimental-feature DebugDescriptionMacro -sdk /Applications/Xcode-27.0.0-Release.Candidate.app/Contents/Developer/Platforms/WatchOS.platform/Developer/SDKs/WatchOS27.0.sdk -target arm64-apple-watchos9.0 -g -module-cache-path /Users/admin/builder/spi-builder-workspace/.derivedData/ModuleCache.noindex -Xfrontend -serialize-debugging-options -enable-testing -index-store-path /Users/admin/builder/spi-builder-workspace/.derivedData/Index.noindex/DataStore -Xcc -D_LIBCPP_HARDENING_MODE\=_LIBCPP_HARDENING_MODE_DEBUG -swift-version 6 -I /Users/admin/builder/spi-builder-workspace/.derivedData/Build/Products/Debug-watchos -Isystem /Applications/Xcode-27.0.0-Release.Candidate.app/Contents/Developer/Platforms/WatchOS.platform/Developer/usr/lib -F /Users/admin/builder/spi-builder-workspace/.derivedData/Build/Products/Debug-watchos/PackageFrameworks -F /Users/admin/builder/spi-builder-workspace/.derivedData/Build/Products/Debug-watchos -F /Applications/Xcode-27.0.0-Release.Candidate.app/Contents/Developer/Platforms/WatchOS.platform/Developer/Library/Frameworks -F /Applications/Xcode-27.0.0-Release.Candidate.app/Contents/Developer/Platforms/WatchOS.platform/Developer/SDKs/WatchOS27.0.sdk/Developer/Library/Frameworks -c -j10 -enable-batch-mode -incremental -Xcc -ivfsstatcache -Xcc /Users/admin/builder/spi-builder-workspace/.derivedData/SDKStatCaches.noindex/watchos27.0-24R360-e829b21a6f8c9b70876ba0858053c04477534ef55a1706bf4c1112bbb242f0a2.sdkstatcache -output-file-map /Users/admin/builder/spi-builder-workspace/.derivedData/Build/Intermediates.noindex/SwiftlyImageLoader.build/Debug-watchos/SwiftlyImageLoaderUIKit-t.build/Objects-normal/arm64/SwiftlyImageLoaderUIKit-OutputFileMap.json -save-temps -no-color-diagnostics -explicit-module-build -module-cache-path /Users/admin/builder/spi-builder-workspace/.derivedData/Build/Intermediates.noindex/SwiftExplicitPrecompiledModules -clang-scanner-module-cache-path /Users/admin/builder/spi-builder-workspace/.derivedData/ModuleCache.noindex -sdk-module-cache-path /Users/admin/builder/spi-builder-workspace/.derivedData/SDKExplicitPrecompiledModules -emit-dependencies -emit-module -emit-module-path /Users/admin/builder/spi-builder-workspace/.derivedData/Build/Intermediates.noindex/SwiftlyImageLoader.build/Debug-watchos/SwiftlyImageLoaderUIKit-t.build/Objects-normal/arm64/SwiftlyImageLoaderUIKit.swiftmodule -serialize-diagnostics -dependency-scan-serialize-diagnostics-path /Users/admin/builder/spi-builder-workspace/.derivedData/Build/Intermediates.noindex/SwiftlyImageLoader.build/Debug-watchos/SwiftlyImageLoaderUIKit-t.build/Objects-normal/arm64/SwiftlyImageLoaderUIKit-dependency-scan.dia -validate-clang-modules-once -clang-build-session-file /Users/admin/builder/spi-builder-workspace/.derivedData/ModuleCache.noindex/Session.modulevalidation -Xcc -fmodules-prune-interval\=86400 -Xcc -fmodules-prune-after\=345600 -package-name spi_builder_workspace -emit-const-values -const-gather-protocols-list /Users/admin/builder/spi-builder-workspace/.derivedData/Build/Intermediates.noindex/SwiftlyImageLoader.build/Debug-watchos/SwiftlyImageLoaderUIKit-t.build/Objects-normal/arm64/SwiftlyImageLoaderUIKit_const_extract_protocols.json -Xcc -I/Users/admin/builder/spi-builder-workspace/.derivedData/Build/Products/Debug-watchos/include -Xcc -I/Users/admin/builder/spi-builder-workspace/.derivedData/Build/Intermediates.noindex/SwiftlyImageLoader.build/Debug-watchos/SwiftlyImageLoaderUIKit-t.build/DerivedSources-normal/arm64 -Xcc -I/Users/admin/builder/spi-builder-workspace/.derivedData/Build/Intermediates.noindex/SwiftlyImageLoader.build/Debug-watchos/SwiftlyImageLoaderUIKit-t.build/DerivedSources/arm64 -Xcc -I/Users/admin/builder/spi-builder-workspace/.derivedData/Build/Intermediates.noindex/SwiftlyImageLoader.build/Debug-watchos/SwiftlyImageLoaderUIKit-t.build/DerivedSources -Xcc -DSWIFT_PACKAGE -Xcc -DDEBUG\=1 -emit-objc-header -emit-objc-header-path /Users/admin/builder/spi-builder-workspace/.derivedData/Build/Intermediates.noindex/SwiftlyImageLoader.build/Debug-watchos/SwiftlyImageLoaderUIKit-t.build/Objects-normal/arm64/SwiftlyImageLoaderUIKit-Swift.h -working-directory /Users/admin/builder/spi-builder-workspace/.swiftpm/xcode -experimental-emit-module-separately -disable-cmo
SwiftDriver SwiftlyImageLoaderSwiftUI normal arm64_32 com.apple.xcode.tools.swift.compiler (in target 'SwiftlyImageLoaderSwiftUI' from project 'SwiftlyImageLoader')
cd /Users/admin/builder/spi-builder-workspace/.swiftpm/xcode
builtin-SwiftDriver -- /Applications/Xcode-27.0.0-Release.Candidate.app/Contents/Developer/Toolchains/XcodeDefault.xctoolchain/usr/bin/swiftc -parse-as-library -module-name SwiftlyImageLoaderSwiftUI -Onone @/Users/admin/builder/spi-builder-workspace/.derivedData/Build/Intermediates.noindex/SwiftlyImageLoader.build/Debug-watchos/SwiftlyImageLoaderSwiftUI-t.build/Objects-normal/arm64_32/SwiftlyImageLoaderSwiftUI.SwiftFileList -DSWIFT_PACKAGE -DDEBUG -DSWIFT_MODULE_RESOURCE_BUNDLE_UNAVAILABLE -DXcode -plugin-path /Applications/Xcode-27.0.0-Release.Candidate.app/Contents/Developer/Toolchains/XcodeDefault.xctoolchain/usr/lib/swift/host/plugins/testing -enable-experimental-feature DebugDescriptionMacro -sdk /Applications/Xcode-27.0.0-Release.Candidate.app/Contents/Developer/Platforms/WatchOS.platform/Developer/SDKs/WatchOS27.0.sdk -target arm64_32-apple-watchos9.0 -g -module-cache-path /Users/admin/builder/spi-builder-workspace/.derivedData/ModuleCache.noindex -Xfrontend -serialize-debugging-options -enable-testing -index-store-path /Users/admin/builder/spi-builder-workspace/.derivedData/Index.noindex/DataStore -Xcc -D_LIBCPP_HARDENING_MODE\=_LIBCPP_HARDENING_MODE_DEBUG -swift-version 6 -I /Users/admin/builder/spi-builder-workspace/.derivedData/Build/Products/Debug-watchos -Isystem /Applications/Xcode-27.0.0-Release.Candidate.app/Contents/Developer/Platforms/WatchOS.platform/Developer/usr/lib -F /Users/admin/builder/spi-builder-workspace/.derivedData/Build/Products/Debug-watchos/PackageFrameworks -F /Users/admin/builder/spi-builder-workspace/.derivedData/Build/Products/Debug-watchos -F /Applications/Xcode-27.0.0-Release.Candidate.app/Contents/Developer/Platforms/WatchOS.platform/Developer/Library/Frameworks -F /Applications/Xcode-27.0.0-Release.Candidate.app/Contents/Developer/Platforms/WatchOS.platform/Developer/SDKs/WatchOS27.0.sdk/Developer/Library/Frameworks -c -j10 -enable-batch-mode -incremental -Xcc -ivfsstatcache -Xcc /Users/admin/builder/spi-builder-workspace/.derivedData/SDKStatCaches.noindex/watchos27.0-24R360-e829b21a6f8c9b70876ba0858053c04477534ef55a1706bf4c1112bbb242f0a2.sdkstatcache -output-file-map /Users/admin/builder/spi-builder-workspace/.derivedData/Build/Intermediates.noindex/SwiftlyImageLoader.build/Debug-watchos/SwiftlyImageLoaderSwiftUI-t.build/Objects-normal/arm64_32/SwiftlyImageLoaderSwiftUI-OutputFileMap.json -save-temps -no-color-diagnostics -explicit-module-build -module-cache-path /Users/admin/builder/spi-builder-workspace/.derivedData/Build/Intermediates.noindex/SwiftExplicitPrecompiledModules -clang-scanner-module-cache-path /Users/admin/builder/spi-builder-workspace/.derivedData/ModuleCache.noindex -sdk-module-cache-path /Users/admin/builder/spi-builder-workspace/.derivedData/SDKExplicitPrecompiledModules -emit-dependencies -emit-module -emit-module-path /Users/admin/builder/spi-builder-workspace/.derivedData/Build/Intermediates.noindex/SwiftlyImageLoader.build/Debug-watchos/SwiftlyImageLoaderSwiftUI-t.build/Objects-normal/arm64_32/SwiftlyImageLoaderSwiftUI.swiftmodule -serialize-diagnostics -dependency-scan-serialize-diagnostics-path /Users/admin/builder/spi-builder-workspace/.derivedData/Build/Intermediates.noindex/SwiftlyImageLoader.build/Debug-watchos/SwiftlyImageLoaderSwiftUI-t.build/Objects-normal/arm64_32/SwiftlyImageLoaderSwiftUI-dependency-scan.dia -validate-clang-modules-once -clang-build-session-file /Users/admin/builder/spi-builder-workspace/.derivedData/ModuleCache.noindex/Session.modulevalidation -Xcc -fmodules-prune-interval\=86400 -Xcc -fmodules-prune-after\=345600 -package-name spi_builder_workspace -emit-const-values -const-gather-protocols-list /Users/admin/builder/spi-builder-workspace/.derivedData/Build/Intermediates.noindex/SwiftlyImageLoader.build/Debug-watchos/SwiftlyImageLoaderSwiftUI-t.build/Objects-normal/arm64_32/SwiftlyImageLoaderSwiftUI_const_extract_protocols.json -Xcc -I/Users/admin/builder/spi-builder-workspace/.derivedData/Build/Products/Debug-watchos/include -Xcc -I/Users/admin/builder/spi-builder-workspace/.derivedData/Build/Intermediates.noindex/SwiftlyImageLoader.build/Debug-watchos/SwiftlyImageLoaderSwiftUI-t.build/DerivedSources-normal/arm64_32 -Xcc -I/Users/admin/builder/spi-builder-workspace/.derivedData/Build/Intermediates.noindex/SwiftlyImageLoader.build/Debug-watchos/SwiftlyImageLoaderSwiftUI-t.build/DerivedSources/arm64_32 -Xcc -I/Users/admin/builder/spi-builder-workspace/.derivedData/Build/Intermediates.noindex/SwiftlyImageLoader.build/Debug-watchos/SwiftlyImageLoaderSwiftUI-t.build/DerivedSources -Xcc -DSWIFT_PACKAGE -Xcc -DDEBUG\=1 -emit-objc-header -emit-objc-header-path /Users/admin/builder/spi-builder-workspace/.derivedData/Build/Intermediates.noindex/SwiftlyImageLoader.build/Debug-watchos/SwiftlyImageLoaderSwiftUI-t.build/Objects-normal/arm64_32/SwiftlyImageLoaderSwiftUI-Swift.h -working-directory /Users/admin/builder/spi-builder-workspace/.swiftpm/xcode -experimental-emit-module-separately -disable-cmo
SwiftDriver SwiftlyImageLoaderSwiftUI normal arm64 com.apple.xcode.tools.swift.compiler (in target 'SwiftlyImageLoaderSwiftUI' from project 'SwiftlyImageLoader')
cd /Users/admin/builder/spi-builder-workspace/.swiftpm/xcode
builtin-SwiftDriver -- /Applications/Xcode-27.0.0-Release.Candidate.app/Contents/Developer/Toolchains/XcodeDefault.xctoolchain/usr/bin/swiftc -parse-as-library -module-name SwiftlyImageLoaderSwiftUI -Onone @/Users/admin/builder/spi-builder-workspace/.derivedData/Build/Intermediates.noindex/SwiftlyImageLoader.build/Debug-watchos/SwiftlyImageLoaderSwiftUI-t.build/Objects-normal/arm64/SwiftlyImageLoaderSwiftUI.SwiftFileList -DSWIFT_PACKAGE -DDEBUG -DSWIFT_MODULE_RESOURCE_BUNDLE_UNAVAILABLE -DXcode -plugin-path /Applications/Xcode-27.0.0-Release.Candidate.app/Contents/Developer/Toolchains/XcodeDefault.xctoolchain/usr/lib/swift/host/plugins/testing -enable-experimental-feature DebugDescriptionMacro -sdk /Applications/Xcode-27.0.0-Release.Candidate.app/Contents/Developer/Platforms/WatchOS.platform/Developer/SDKs/WatchOS27.0.sdk -target arm64-apple-watchos9.0 -g -module-cache-path /Users/admin/builder/spi-builder-workspace/.derivedData/ModuleCache.noindex -Xfrontend -serialize-debugging-options -enable-testing -index-store-path /Users/admin/builder/spi-builder-workspace/.derivedData/Index.noindex/DataStore -Xcc -D_LIBCPP_HARDENING_MODE\=_LIBCPP_HARDENING_MODE_DEBUG -swift-version 6 -I /Users/admin/builder/spi-builder-workspace/.derivedData/Build/Products/Debug-watchos -Isystem /Applications/Xcode-27.0.0-Release.Candidate.app/Contents/Developer/Platforms/WatchOS.platform/Developer/usr/lib -F /Users/admin/builder/spi-builder-workspace/.derivedData/Build/Products/Debug-watchos/PackageFrameworks -F /Users/admin/builder/spi-builder-workspace/.derivedData/Build/Products/Debug-watchos -F /Applications/Xcode-27.0.0-Release.Candidate.app/Contents/Developer/Platforms/WatchOS.platform/Developer/Library/Frameworks -F /Applications/Xcode-27.0.0-Release.Candidate.app/Contents/Developer/Platforms/WatchOS.platform/Developer/SDKs/WatchOS27.0.sdk/Developer/Library/Frameworks -c -j10 -enable-batch-mode -incremental -Xcc -ivfsstatcache -Xcc /Users/admin/builder/spi-builder-workspace/.derivedData/SDKStatCaches.noindex/watchos27.0-24R360-e829b21a6f8c9b70876ba0858053c04477534ef55a1706bf4c1112bbb242f0a2.sdkstatcache -output-file-map /Users/admin/builder/spi-builder-workspace/.derivedData/Build/Intermediates.noindex/SwiftlyImageLoader.build/Debug-watchos/SwiftlyImageLoaderSwiftUI-t.build/Objects-normal/arm64/SwiftlyImageLoaderSwiftUI-OutputFileMap.json -save-temps -no-color-diagnostics -explicit-module-build -module-cache-path /Users/admin/builder/spi-builder-workspace/.derivedData/Build/Intermediates.noindex/SwiftExplicitPrecompiledModules -clang-scanner-module-cache-path /Users/admin/builder/spi-builder-workspace/.derivedData/ModuleCache.noindex -sdk-module-cache-path /Users/admin/builder/spi-builder-workspace/.derivedData/SDKExplicitPrecompiledModules -emit-dependencies -emit-module -emit-module-path /Users/admin/builder/spi-builder-workspace/.derivedData/Build/Intermediates.noindex/SwiftlyImageLoader.build/Debug-watchos/SwiftlyImageLoaderSwiftUI-t.build/Objects-normal/arm64/SwiftlyImageLoaderSwiftUI.swiftmodule -serialize-diagnostics -dependency-scan-serialize-diagnostics-path /Users/admin/builder/spi-builder-workspace/.derivedData/Build/Intermediates.noindex/SwiftlyImageLoader.build/Debug-watchos/SwiftlyImageLoaderSwiftUI-t.build/Objects-normal/arm64/SwiftlyImageLoaderSwiftUI-dependency-scan.dia -validate-clang-modules-once -clang-build-session-file /Users/admin/builder/spi-builder-workspace/.derivedData/ModuleCache.noindex/Session.modulevalidation -Xcc -fmodules-prune-interval\=86400 -Xcc -fmodules-prune-after\=345600 -package-name spi_builder_workspace -emit-const-values -const-gather-protocols-list /Users/admin/builder/spi-builder-workspace/.derivedData/Build/Intermediates.noindex/SwiftlyImageLoader.build/Debug-watchos/SwiftlyImageLoaderSwiftUI-t.build/Objects-normal/arm64/SwiftlyImageLoaderSwiftUI_const_extract_protocols.json -Xcc -I/Users/admin/builder/spi-builder-workspace/.derivedData/Build/Products/Debug-watchos/include -Xcc -I/Users/admin/builder/spi-builder-workspace/.derivedData/Build/Intermediates.noindex/SwiftlyImageLoader.build/Debug-watchos/SwiftlyImageLoaderSwiftUI-t.build/DerivedSources-normal/arm64 -Xcc -I/Users/admin/builder/spi-builder-workspace/.derivedData/Build/Intermediates.noindex/SwiftlyImageLoader.build/Debug-watchos/SwiftlyImageLoaderSwiftUI-t.build/DerivedSources/arm64 -Xcc -I/Users/admin/builder/spi-builder-workspace/.derivedData/Build/Intermediates.noindex/SwiftlyImageLoader.build/Debug-watchos/SwiftlyImageLoaderSwiftUI-t.build/DerivedSources -Xcc -DSWIFT_PACKAGE -Xcc -DDEBUG\=1 -emit-objc-header -emit-objc-header-path /Users/admin/builder/spi-builder-workspace/.derivedData/Build/Intermediates.noindex/SwiftlyImageLoader.build/Debug-watchos/SwiftlyImageLoaderSwiftUI-t.build/Objects-normal/arm64/SwiftlyImageLoaderSwiftUI-Swift.h -working-directory /Users/admin/builder/spi-builder-workspace/.swiftpm/xcode -experimental-emit-module-separately -disable-cmo
SwiftDriver SwiftlyImageLoader normal arm64 com.apple.xcode.tools.swift.compiler (in target 'SwiftlyImageLoader' from project 'SwiftlyImageLoader')
cd /Users/admin/builder/spi-builder-workspace/.swiftpm/xcode
builtin-SwiftDriver -- /Applications/Xcode-27.0.0-Release.Candidate.app/Contents/Developer/Toolchains/XcodeDefault.xctoolchain/usr/bin/swiftc -parse-as-library -module-name SwiftlyImageLoader -Onone @/Users/admin/builder/spi-builder-workspace/.derivedData/Build/Intermediates.noindex/SwiftlyImageLoader.build/Debug-watchos/SwiftlyImageLoader-t.build/Objects-normal/arm64/SwiftlyImageLoader.SwiftFileList -DSWIFT_PACKAGE -DDEBUG -DSWIFT_MODULE_RESOURCE_BUNDLE_UNAVAILABLE -DXcode -plugin-path /Applications/Xcode-27.0.0-Release.Candidate.app/Contents/Developer/Toolchains/XcodeDefault.xctoolchain/usr/lib/swift/host/plugins/testing -enable-experimental-feature DebugDescriptionMacro -sdk /Applications/Xcode-27.0.0-Release.Candidate.app/Contents/Developer/Platforms/WatchOS.platform/Developer/SDKs/WatchOS27.0.sdk -target arm64-apple-watchos9.0 -g -module-cache-path /Users/admin/builder/spi-builder-workspace/.derivedData/ModuleCache.noindex -Xfrontend -serialize-debugging-options -enable-testing -index-store-path /Users/admin/builder/spi-builder-workspace/.derivedData/Index.noindex/DataStore -Xcc -D_LIBCPP_HARDENING_MODE\=_LIBCPP_HARDENING_MODE_DEBUG -swift-version 6 -I /Users/admin/builder/spi-builder-workspace/.derivedData/Build/Products/Debug-watchos -Isystem /Applications/Xcode-27.0.0-Release.Candidate.app/Contents/Developer/Platforms/WatchOS.platform/Developer/usr/lib -F /Users/admin/builder/spi-builder-workspace/.derivedData/Build/Products/Debug-watchos -F /Applications/Xcode-27.0.0-Release.Candidate.app/Contents/Developer/Platforms/WatchOS.platform/Developer/Library/Frameworks -F /Applications/Xcode-27.0.0-Release.Candidate.app/Contents/Developer/Platforms/WatchOS.platform/Developer/SDKs/WatchOS27.0.sdk/Developer/Library/Frameworks -c -j10 -enable-batch-mode -incremental -Xcc -ivfsstatcache -Xcc /Users/admin/builder/spi-builder-workspace/.derivedData/SDKStatCaches.noindex/watchos27.0-24R360-e829b21a6f8c9b70876ba0858053c04477534ef55a1706bf4c1112bbb242f0a2.sdkstatcache -output-file-map /Users/admin/builder/spi-builder-workspace/.derivedData/Build/Intermediates.noindex/SwiftlyImageLoader.build/Debug-watchos/SwiftlyImageLoader-t.build/Objects-normal/arm64/SwiftlyImageLoader-OutputFileMap.json -save-temps -no-color-diagnostics -explicit-module-build -module-cache-path /Users/admin/builder/spi-builder-workspace/.derivedData/Build/Intermediates.noindex/SwiftExplicitPrecompiledModules -clang-scanner-module-cache-path /Users/admin/builder/spi-builder-workspace/.derivedData/ModuleCache.noindex -sdk-module-cache-path /Users/admin/builder/spi-builder-workspace/.derivedData/SDKExplicitPrecompiledModules -emit-dependencies -emit-module -emit-module-path /Users/admin/builder/spi-builder-workspace/.derivedData/Build/Intermediates.noindex/SwiftlyImageLoader.build/Debug-watchos/SwiftlyImageLoader-t.build/Objects-normal/arm64/SwiftlyImageLoader.swiftmodule -serialize-diagnostics -dependency-scan-serialize-diagnostics-path /Users/admin/builder/spi-builder-workspace/.derivedData/Build/Intermediates.noindex/SwiftlyImageLoader.build/Debug-watchos/SwiftlyImageLoader-t.build/Objects-normal/arm64/SwiftlyImageLoader-dependency-scan.dia -validate-clang-modules-once -clang-build-session-file /Users/admin/builder/spi-builder-workspace/.derivedData/ModuleCache.noindex/Session.modulevalidation -Xcc -fmodules-prune-interval\=86400 -Xcc -fmodules-prune-after\=345600 -package-name spi_builder_workspace -emit-const-values -const-gather-protocols-list /Users/admin/builder/spi-builder-workspace/.derivedData/Build/Intermediates.noindex/SwiftlyImageLoader.build/Debug-watchos/SwiftlyImageLoader-t.build/Objects-normal/arm64/SwiftlyImageLoader_const_extract_protocols.json -Xcc -I/Users/admin/builder/spi-builder-workspace/.derivedData/Build/Products/Debug-watchos/include -Xcc -I/Users/admin/builder/spi-builder-workspace/.derivedData/Build/Intermediates.noindex/SwiftlyImageLoader.build/Debug-watchos/SwiftlyImageLoader-t.build/DerivedSources-normal/arm64 -Xcc -I/Users/admin/builder/spi-builder-workspace/.derivedData/Build/Intermediates.noindex/SwiftlyImageLoader.build/Debug-watchos/SwiftlyImageLoader-t.build/DerivedSources/arm64 -Xcc -I/Users/admin/builder/spi-builder-workspace/.derivedData/Build/Intermediates.noindex/SwiftlyImageLoader.build/Debug-watchos/SwiftlyImageLoader-t.build/DerivedSources -Xcc -DSWIFT_PACKAGE -Xcc -DDEBUG\=1 -emit-objc-header -emit-objc-header-path /Users/admin/builder/spi-builder-workspace/.derivedData/Build/Intermediates.noindex/SwiftlyImageLoader.build/Debug-watchos/SwiftlyImageLoader-t.build/Objects-normal/arm64/SwiftlyImageLoader-Swift.h -working-directory /Users/admin/builder/spi-builder-workspace/.swiftpm/xcode -experimental-emit-module-separately -disable-cmo
SwiftDriver SwiftlyImageLoader normal arm64_32 com.apple.xcode.tools.swift.compiler (in target 'SwiftlyImageLoader' from project 'SwiftlyImageLoader')
cd /Users/admin/builder/spi-builder-workspace/.swiftpm/xcode
builtin-SwiftDriver -- /Applications/Xcode-27.0.0-Release.Candidate.app/Contents/Developer/Toolchains/XcodeDefault.xctoolchain/usr/bin/swiftc -parse-as-library -module-name SwiftlyImageLoader -Onone @/Users/admin/builder/spi-builder-workspace/.derivedData/Build/Intermediates.noindex/SwiftlyImageLoader.build/Debug-watchos/SwiftlyImageLoader-t.build/Objects-normal/arm64_32/SwiftlyImageLoader.SwiftFileList -DSWIFT_PACKAGE -DDEBUG -DSWIFT_MODULE_RESOURCE_BUNDLE_UNAVAILABLE -DXcode -plugin-path /Applications/Xcode-27.0.0-Release.Candidate.app/Contents/Developer/Toolchains/XcodeDefault.xctoolchain/usr/lib/swift/host/plugins/testing -enable-experimental-feature DebugDescriptionMacro -sdk /Applications/Xcode-27.0.0-Release.Candidate.app/Contents/Developer/Platforms/WatchOS.platform/Developer/SDKs/WatchOS27.0.sdk -target arm64_32-apple-watchos9.0 -g -module-cache-path /Users/admin/builder/spi-builder-workspace/.derivedData/ModuleCache.noindex -Xfrontend -serialize-debugging-options -enable-testing -index-store-path /Users/admin/builder/spi-builder-workspace/.derivedData/Index.noindex/DataStore -Xcc -D_LIBCPP_HARDENING_MODE\=_LIBCPP_HARDENING_MODE_DEBUG -swift-version 6 -I /Users/admin/builder/spi-builder-workspace/.derivedData/Build/Products/Debug-watchos -Isystem /Applications/Xcode-27.0.0-Release.Candidate.app/Contents/Developer/Platforms/WatchOS.platform/Developer/usr/lib -F /Users/admin/builder/spi-builder-workspace/.derivedData/Build/Products/Debug-watchos -F /Applications/Xcode-27.0.0-Release.Candidate.app/Contents/Developer/Platforms/WatchOS.platform/Developer/Library/Frameworks -F /Applications/Xcode-27.0.0-Release.Candidate.app/Contents/Developer/Platforms/WatchOS.platform/Developer/SDKs/WatchOS27.0.sdk/Developer/Library/Frameworks -c -j10 -enable-batch-mode -incremental -Xcc -ivfsstatcache -Xcc /Users/admin/builder/spi-builder-workspace/.derivedData/SDKStatCaches.noindex/watchos27.0-24R360-e829b21a6f8c9b70876ba0858053c04477534ef55a1706bf4c1112bbb242f0a2.sdkstatcache -output-file-map /Users/admin/builder/spi-builder-workspace/.derivedData/Build/Intermediates.noindex/SwiftlyImageLoader.build/Debug-watchos/SwiftlyImageLoader-t.build/Objects-normal/arm64_32/SwiftlyImageLoader-OutputFileMap.json -save-temps -no-color-diagnostics -explicit-module-build -module-cache-path /Users/admin/builder/spi-builder-workspace/.derivedData/Build/Intermediates.noindex/SwiftExplicitPrecompiledModules -clang-scanner-module-cache-path /Users/admin/builder/spi-builder-workspace/.derivedData/ModuleCache.noindex -sdk-module-cache-path /Users/admin/builder/spi-builder-workspace/.derivedData/SDKExplicitPrecompiledModules -emit-dependencies -emit-module -emit-module-path /Users/admin/builder/spi-builder-workspace/.derivedData/Build/Intermediates.noindex/SwiftlyImageLoader.build/Debug-watchos/SwiftlyImageLoader-t.build/Objects-normal/arm64_32/SwiftlyImageLoader.swiftmodule -serialize-diagnostics -dependency-scan-serialize-diagnostics-path /Users/admin/builder/spi-builder-workspace/.derivedData/Build/Intermediates.noindex/SwiftlyImageLoader.build/Debug-watchos/SwiftlyImageLoader-t.build/Objects-normal/arm64_32/SwiftlyImageLoader-dependency-scan.dia -validate-clang-modules-once -clang-build-session-file /Users/admin/builder/spi-builder-workspace/.derivedData/ModuleCache.noindex/Session.modulevalidation -Xcc -fmodules-prune-interval\=86400 -Xcc -fmodules-prune-after\=345600 -package-name spi_builder_workspace -emit-const-values -const-gather-protocols-list /Users/admin/builder/spi-builder-workspace/.derivedData/Build/Intermediates.noindex/SwiftlyImageLoader.build/Debug-watchos/SwiftlyImageLoader-t.build/Objects-normal/arm64_32/SwiftlyImageLoader_const_extract_protocols.json -Xcc -I/Users/admin/builder/spi-builder-workspace/.derivedData/Build/Products/Debug-watchos/include -Xcc -I/Users/admin/builder/spi-builder-workspace/.derivedData/Build/Intermediates.noindex/SwiftlyImageLoader.build/Debug-watchos/SwiftlyImageLoader-t.build/DerivedSources-normal/arm64_32 -Xcc -I/Users/admin/builder/spi-builder-workspace/.derivedData/Build/Intermediates.noindex/SwiftlyImageLoader.build/Debug-watchos/SwiftlyImageLoader-t.build/DerivedSources/arm64_32 -Xcc -I/Users/admin/builder/spi-builder-workspace/.derivedData/Build/Intermediates.noindex/SwiftlyImageLoader.build/Debug-watchos/SwiftlyImageLoader-t.build/DerivedSources -Xcc -DSWIFT_PACKAGE -Xcc -DDEBUG\=1 -emit-objc-header -emit-objc-header-path /Users/admin/builder/spi-builder-workspace/.derivedData/Build/Intermediates.noindex/SwiftlyImageLoader.build/Debug-watchos/SwiftlyImageLoader-t.build/Objects-normal/arm64_32/SwiftlyImageLoader-Swift.h -working-directory /Users/admin/builder/spi-builder-workspace/.swiftpm/xcode -experimental-emit-module-separately -disable-cmo
SwiftDriver SwiftlyImageLoaderAppKit normal arm64 com.apple.xcode.tools.swift.compiler (in target 'SwiftlyImageLoaderAppKit' from project 'SwiftlyImageLoader')
cd /Users/admin/builder/spi-builder-workspace/.swiftpm/xcode
builtin-SwiftDriver -- /Applications/Xcode-27.0.0-Release.Candidate.app/Contents/Developer/Toolchains/XcodeDefault.xctoolchain/usr/bin/swiftc -parse-as-library -module-name SwiftlyImageLoaderAppKit -Onone @/Users/admin/builder/spi-builder-workspace/.derivedData/Build/Intermediates.noindex/SwiftlyImageLoader.build/Debug-watchos/SwiftlyImageLoaderAppKit-t.build/Objects-normal/arm64/SwiftlyImageLoaderAppKit.SwiftFileList -DSWIFT_PACKAGE -DDEBUG -DSWIFT_MODULE_RESOURCE_BUNDLE_UNAVAILABLE -DXcode -plugin-path /Applications/Xcode-27.0.0-Release.Candidate.app/Contents/Developer/Toolchains/XcodeDefault.xctoolchain/usr/lib/swift/host/plugins/testing -enable-experimental-feature DebugDescriptionMacro -sdk /Applications/Xcode-27.0.0-Release.Candidate.app/Contents/Developer/Platforms/WatchOS.platform/Developer/SDKs/WatchOS27.0.sdk -target arm64-apple-watchos9.0 -g -module-cache-path /Users/admin/builder/spi-builder-workspace/.derivedData/ModuleCache.noindex -Xfrontend -serialize-debugging-options -enable-testing -index-store-path /Users/admin/builder/spi-builder-workspace/.derivedData/Index.noindex/DataStore -Xcc -D_LIBCPP_HARDENING_MODE\=_LIBCPP_HARDENING_MODE_DEBUG -swift-version 6 -I /Users/admin/builder/spi-builder-workspace/.derivedData/Build/Products/Debug-watchos -Isystem /Applications/Xcode-27.0.0-Release.Candidate.app/Contents/Developer/Platforms/WatchOS.platform/Developer/usr/lib -F /Users/admin/builder/spi-builder-workspace/.derivedData/Build/Products/Debug-watchos/PackageFrameworks -F /Users/admin/builder/spi-builder-workspace/.derivedData/Build/Products/Debug-watchos -F /Applications/Xcode-27.0.0-Release.Candidate.app/Contents/Developer/Platforms/WatchOS.platform/Developer/Library/Frameworks -F /Applications/Xcode-27.0.0-Release.Candidate.app/Contents/Developer/Platforms/WatchOS.platform/Developer/SDKs/WatchOS27.0.sdk/Developer/Library/Frameworks -c -j10 -enable-batch-mode -incremental -Xcc -ivfsstatcache -Xcc /Users/admin/builder/spi-builder-workspace/.derivedData/SDKStatCaches.noindex/watchos27.0-24R360-e829b21a6f8c9b70876ba0858053c04477534ef55a1706bf4c1112bbb242f0a2.sdkstatcache -output-file-map /Users/admin/builder/spi-builder-workspace/.derivedData/Build/Intermediates.noindex/SwiftlyImageLoader.build/Debug-watchos/SwiftlyImageLoaderAppKit-t.build/Objects-normal/arm64/SwiftlyImageLoaderAppKit-OutputFileMap.json -save-temps -no-color-diagnostics -explicit-module-build -module-cache-path /Users/admin/builder/spi-builder-workspace/.derivedData/Build/Intermediates.noindex/SwiftExplicitPrecompiledModules -clang-scanner-module-cache-path /Users/admin/builder/spi-builder-workspace/.derivedData/ModuleCache.noindex -sdk-module-cache-path /Users/admin/builder/spi-builder-workspace/.derivedData/SDKExplicitPrecompiledModules -emit-dependencies -emit-module -emit-module-path /Users/admin/builder/spi-builder-workspace/.derivedData/Build/Intermediates.noindex/SwiftlyImageLoader.build/Debug-watchos/SwiftlyImageLoaderAppKit-t.build/Objects-normal/arm64/SwiftlyImageLoaderAppKit.swiftmodule -serialize-diagnostics -dependency-scan-serialize-diagnostics-path /Users/admin/builder/spi-builder-workspace/.derivedData/Build/Intermediates.noindex/SwiftlyImageLoader.build/Debug-watchos/SwiftlyImageLoaderAppKit-t.build/Objects-normal/arm64/SwiftlyImageLoaderAppKit-dependency-scan.dia -validate-clang-modules-once -clang-build-session-file /Users/admin/builder/spi-builder-workspace/.derivedData/ModuleCache.noindex/Session.modulevalidation -Xcc -fmodules-prune-interval\=86400 -Xcc -fmodules-prune-after\=345600 -package-name spi_builder_workspace -emit-const-values -const-gather-protocols-list /Users/admin/builder/spi-builder-workspace/.derivedData/Build/Intermediates.noindex/SwiftlyImageLoader.build/Debug-watchos/SwiftlyImageLoaderAppKit-t.build/Objects-normal/arm64/SwiftlyImageLoaderAppKit_const_extract_protocols.json -Xcc -I/Users/admin/builder/spi-builder-workspace/.derivedData/Build/Products/Debug-watchos/include -Xcc -I/Users/admin/builder/spi-builder-workspace/.derivedData/Build/Intermediates.noindex/SwiftlyImageLoader.build/Debug-watchos/SwiftlyImageLoaderAppKit-t.build/DerivedSources-normal/arm64 -Xcc -I/Users/admin/builder/spi-builder-workspace/.derivedData/Build/Intermediates.noindex/SwiftlyImageLoader.build/Debug-watchos/SwiftlyImageLoaderAppKit-t.build/DerivedSources/arm64 -Xcc -I/Users/admin/builder/spi-builder-workspace/.derivedData/Build/Intermediates.noindex/SwiftlyImageLoader.build/Debug-watchos/SwiftlyImageLoaderAppKit-t.build/DerivedSources -Xcc -DSWIFT_PACKAGE -Xcc -DDEBUG\=1 -emit-objc-header -emit-objc-header-path /Users/admin/builder/spi-builder-workspace/.derivedData/Build/Intermediates.noindex/SwiftlyImageLoader.build/Debug-watchos/SwiftlyImageLoaderAppKit-t.build/Objects-normal/arm64/SwiftlyImageLoaderAppKit-Swift.h -working-directory /Users/admin/builder/spi-builder-workspace/.swiftpm/xcode -experimental-emit-module-separately -disable-cmo
/Users/admin/builder/spi-builder-workspace/Sources/SwiftlyImageLoaderAppKit/NSImageView+ImageLoader.swift:8:8: error: Unable to resolve module dependency: 'AppKit' (in target 'SwiftlyImageLoaderAppKit' from project 'SwiftlyImageLoader')
note: A dependency of main module 'SwiftlyImageLoaderAppKit'
/Users/admin/builder/spi-builder-workspace/Sources/SwiftlyImageLoaderAppKit/NSImageView+ImageLoader.swift:8:8: note: A dependency of main module 'SwiftlyImageLoaderAppKit'
import AppKit
^ (in target 'SwiftlyImageLoaderAppKit' from project 'SwiftlyImageLoader')
SwiftDriver SwiftlyImageLoaderAppKit normal arm64_32 com.apple.xcode.tools.swift.compiler (in target 'SwiftlyImageLoaderAppKit' from project 'SwiftlyImageLoader')
cd /Users/admin/builder/spi-builder-workspace/.swiftpm/xcode
builtin-SwiftDriver -- /Applications/Xcode-27.0.0-Release.Candidate.app/Contents/Developer/Toolchains/XcodeDefault.xctoolchain/usr/bin/swiftc -parse-as-library -module-name SwiftlyImageLoaderAppKit -Onone @/Users/admin/builder/spi-builder-workspace/.derivedData/Build/Intermediates.noindex/SwiftlyImageLoader.build/Debug-watchos/SwiftlyImageLoaderAppKit-t.build/Objects-normal/arm64_32/SwiftlyImageLoaderAppKit.SwiftFileList -DSWIFT_PACKAGE -DDEBUG -DSWIFT_MODULE_RESOURCE_BUNDLE_UNAVAILABLE -DXcode -plugin-path /Applications/Xcode-27.0.0-Release.Candidate.app/Contents/Developer/Toolchains/XcodeDefault.xctoolchain/usr/lib/swift/host/plugins/testing -enable-experimental-feature DebugDescriptionMacro -sdk /Applications/Xcode-27.0.0-Release.Candidate.app/Contents/Developer/Platforms/WatchOS.platform/Developer/SDKs/WatchOS27.0.sdk -target arm64_32-apple-watchos9.0 -g -module-cache-path /Users/admin/builder/spi-builder-workspace/.derivedData/ModuleCache.noindex -Xfrontend -serialize-debugging-options -enable-testing -index-store-path /Users/admin/builder/spi-builder-workspace/.derivedData/Index.noindex/DataStore -Xcc -D_LIBCPP_HARDENING_MODE\=_LIBCPP_HARDENING_MODE_DEBUG -swift-version 6 -I /Users/admin/builder/spi-builder-workspace/.derivedData/Build/Products/Debug-watchos -Isystem /Applications/Xcode-27.0.0-Release.Candidate.app/Contents/Developer/Platforms/WatchOS.platform/Developer/usr/lib -F /Users/admin/builder/spi-builder-workspace/.derivedData/Build/Products/Debug-watchos/PackageFrameworks -F /Users/admin/builder/spi-builder-workspace/.derivedData/Build/Products/Debug-watchos -F /Applications/Xcode-27.0.0-Release.Candidate.app/Contents/Developer/Platforms/WatchOS.platform/Developer/Library/Frameworks -F /Applications/Xcode-27.0.0-Release.Candidate.app/Contents/Developer/Platforms/WatchOS.platform/Developer/SDKs/WatchOS27.0.sdk/Developer/Library/Frameworks -c -j10 -enable-batch-mode -incremental -Xcc -ivfsstatcache -Xcc /Users/admin/builder/spi-builder-workspace/.derivedData/SDKStatCaches.noindex/watchos27.0-24R360-e829b21a6f8c9b70876ba0858053c04477534ef55a1706bf4c1112bbb242f0a2.sdkstatcache -output-file-map /Users/admin/builder/spi-builder-workspace/.derivedData/Build/Intermediates.noindex/SwiftlyImageLoader.build/Debug-watchos/SwiftlyImageLoaderAppKit-t.build/Objects-normal/arm64_32/SwiftlyImageLoaderAppKit-OutputFileMap.json -save-temps -no-color-diagnostics -explicit-module-build -module-cache-path /Users/admin/builder/spi-builder-workspace/.derivedData/Build/Intermediates.noindex/SwiftExplicitPrecompiledModules -clang-scanner-module-cache-path /Users/admin/builder/spi-builder-workspace/.derivedData/ModuleCache.noindex -sdk-module-cache-path /Users/admin/builder/spi-builder-workspace/.derivedData/SDKExplicitPrecompiledModules -emit-dependencies -emit-module -emit-module-path /Users/admin/builder/spi-builder-workspace/.derivedData/Build/Intermediates.noindex/SwiftlyImageLoader.build/Debug-watchos/SwiftlyImageLoaderAppKit-t.build/Objects-normal/arm64_32/SwiftlyImageLoaderAppKit.swiftmodule -serialize-diagnostics -dependency-scan-serialize-diagnostics-path /Users/admin/builder/spi-builder-workspace/.derivedData/Build/Intermediates.noindex/SwiftlyImageLoader.build/Debug-watchos/SwiftlyImageLoaderAppKit-t.build/Objects-normal/arm64_32/SwiftlyImageLoaderAppKit-dependency-scan.dia -validate-clang-modules-once -clang-build-session-file /Users/admin/builder/spi-builder-workspace/.derivedData/ModuleCache.noindex/Session.modulevalidation -Xcc -fmodules-prune-interval\=86400 -Xcc -fmodules-prune-after\=345600 -package-name spi_builder_workspace -emit-const-values -const-gather-protocols-list /Users/admin/builder/spi-builder-workspace/.derivedData/Build/Intermediates.noindex/SwiftlyImageLoader.build/Debug-watchos/SwiftlyImageLoaderAppKit-t.build/Objects-normal/arm64_32/SwiftlyImageLoaderAppKit_const_extract_protocols.json -Xcc -I/Users/admin/builder/spi-builder-workspace/.derivedData/Build/Products/Debug-watchos/include -Xcc -I/Users/admin/builder/spi-builder-workspace/.derivedData/Build/Intermediates.noindex/SwiftlyImageLoader.build/Debug-watchos/SwiftlyImageLoaderAppKit-t.build/DerivedSources-normal/arm64_32 -Xcc -I/Users/admin/builder/spi-builder-workspace/.derivedData/Build/Intermediates.noindex/SwiftlyImageLoader.build/Debug-watchos/SwiftlyImageLoaderAppKit-t.build/DerivedSources/arm64_32 -Xcc -I/Users/admin/builder/spi-builder-workspace/.derivedData/Build/Intermediates.noindex/SwiftlyImageLoader.build/Debug-watchos/SwiftlyImageLoaderAppKit-t.build/DerivedSources -Xcc -DSWIFT_PACKAGE -Xcc -DDEBUG\=1 -emit-objc-header -emit-objc-header-path /Users/admin/builder/spi-builder-workspace/.derivedData/Build/Intermediates.noindex/SwiftlyImageLoader.build/Debug-watchos/SwiftlyImageLoaderAppKit-t.build/Objects-normal/arm64_32/SwiftlyImageLoaderAppKit-Swift.h -working-directory /Users/admin/builder/spi-builder-workspace/.swiftpm/xcode -experimental-emit-module-separately -disable-cmo
/Users/admin/builder/spi-builder-workspace/Sources/SwiftlyImageLoaderAppKit/NSImageView+ImageLoader.swift:8:8: error: Unable to resolve module dependency: 'AppKit' (in target 'SwiftlyImageLoaderAppKit' from project 'SwiftlyImageLoader')
note: A dependency of main module 'SwiftlyImageLoaderAppKit'
/Users/admin/builder/spi-builder-workspace/Sources/SwiftlyImageLoaderAppKit/NSImageView+ImageLoader.swift:8:8: note: A dependency of main module 'SwiftlyImageLoaderAppKit'
import AppKit
^ (in target 'SwiftlyImageLoaderAppKit' from project 'SwiftlyImageLoader')
SwiftCompile normal arm64 Compiling\ UIImageView+ImageLoader.swift /Users/admin/builder/spi-builder-workspace/Sources/SwiftlyImageLoaderUIKit/UIImageView+ImageLoader.swift (in target 'SwiftlyImageLoaderUIKit' from project 'SwiftlyImageLoader')
SwiftCompile normal arm64 /Users/admin/builder/spi-builder-workspace/Sources/SwiftlyImageLoaderUIKit/UIImageView+ImageLoader.swift (in target 'SwiftlyImageLoaderUIKit' from project 'SwiftlyImageLoader')
cd /Users/admin/builder/spi-builder-workspace/.swiftpm/xcode
builtin-SwiftPerFileCompile UIImageView+ImageLoader.swift
SwiftEmitModule normal arm64 Emitting\ module\ for\ SwiftlyImageLoaderUIKit (in target 'SwiftlyImageLoaderUIKit' from project 'SwiftlyImageLoader')
/Users/admin/builder/spi-builder-workspace/Sources/SwiftlyImageLoaderUIKit/UIImageView+ImageLoader.swift:13:18: error: 'UIImageView' is unavailable in watchOS
11 | /// Extension that adds image loading capability to `UIImageView` using `SwiftlyImageLoader`.
12 | /// This enables asynchronous image loading with placeholder support, caching, and cancellation.'
13 | public extension UIImageView {
| `- error: 'UIImageView' is unavailable in watchOS
14 | @MainActor
15 | func setImage(
/Applications/Xcode-27.0.0-Release.Candidate.app/Contents/Developer/Platforms/WatchOS.platform/Developer/SDKs/WatchOS27.0.sdk/System/Library/Frameworks/UIKit.framework/Headers/UIImageView.h:21:12: note: 'UIImageView' has been explicitly marked unavailable here
19 |
20 | UIKIT_EXTERN API_AVAILABLE(ios(2.0)) API_UNAVAILABLE(watchos) NS_SWIFT_UI_ACTOR
21 | @interface UIImageView : UIView
| `- note: 'UIImageView' has been explicitly marked unavailable here
22 |
23 | - (instancetype)initWithImage:(nullable UIImage *)image;
Failed frontend command:
/Applications/Xcode-27.0.0-Release.Candidate.app/Contents/Developer/Toolchains/XcodeDefault.xctoolchain/usr/bin/swift-frontend -frontend -emit-module -experimental-skip-non-inlinable-function-bodies-without-types /Users/admin/builder/spi-builder-workspace/Sources/SwiftlyImageLoaderUIKit/UIImageView+ImageLoader.swift -target arm64-apple-watchos9.0 -disable-cross-import-overlay-search -load-resolved-plugin /Applications/Xcode-27.0.0-Release.Candidate.app/Contents/Developer/Platforms/WatchOS.platform/Developer/usr/lib/swift/host/plugins/libFoundationMacros.dylib\#/Applications/Xcode-27.0.0-Release.Candidate.app/Contents/Developer/Platforms/WatchOS.platform/Developer/usr/bin/swift-plugin-server\#FoundationMacros -load-resolved-plugin /Applications/Xcode-27.0.0-Release.Candidate.app/Contents/Developer/Platforms/WatchOS.platform/Developer/usr/lib/swift/host/plugins/libObservationMacros.dylib\#/Applications/Xcode-27.0.0-Release.Candidate.app/Contents/Developer/Platforms/WatchOS.platform/Developer/usr/bin/swift-plugin-server\#ObservationMacros -load-resolved-plugin /Applications/Xcode-27.0.0-Release.Candidate.app/Contents/Developer/Platforms/WatchOS.platform/Developer/usr/lib/swift/host/plugins/libSwiftMacros.dylib\#/Applications/Xcode-27.0.0-Release.Candidate.app/Contents/Developer/Platforms/WatchOS.platform/Developer/usr/bin/swift-plugin-server\#SwiftMacros -load-resolved-plugin /Applications/Xcode-27.0.0-Release.Candidate.app/Contents/Developer/Platforms/WatchOS.platform/Developer/usr/lib/swift/host/plugins/libSwiftUIMacros.dylib\#/Applications/Xcode-27.0.0-Release.Candidate.app/Contents/Developer/Platforms/WatchOS.platform/Developer/usr/bin/swift-plugin-server\#SwiftUIMacros -disable-implicit-swift-modules -Xcc -fno-implicit-modules -Xcc -fno-implicit-module-maps -explicit-swift-module-map-file /Users/admin/builder/spi-builder-workspace/.derivedData/Build/Intermediates.noindex/SwiftlyImageLoader.build/Debug-watchos/SwiftlyImageLoaderUIKit-t.build/Objects-normal/arm64/SwiftlyImageLoaderUIKit-dependencies-1.json -Xllvm -aarch64-use-tbi -enable-objc-interop -stack-check -sdk /Applications/Xcode-27.0.0-Release.Candidate.app/Contents/Developer/Platforms/WatchOS.platform/Developer/SDKs/WatchOS27.0.sdk -I /Users/admin/builder/spi-builder-workspace/.derivedData/Build/Products/Debug-watchos -Isystem /Applications/Xcode-27.0.0-Release.Candidate.app/Contents/Developer/Platforms/WatchOS.platform/Developer/usr/lib -F /Users/admin/builder/spi-builder-workspace/.derivedData/Build/Products/Debug-watchos/PackageFrameworks -F /Users/admin/builder/spi-builder-workspace/.derivedData/Build/Products/Debug-watchos -F /Applications/Xcode-27.0.0-Release.Candidate.app/Contents/Developer/Platforms/WatchOS.platform/Developer/Library/Frameworks -F /Applications/Xcode-27.0.0-Release.Candidate.app/Contents/Developer/Platforms/WatchOS.platform/Developer/SDKs/WatchOS27.0.sdk/Developer/Library/Frameworks -module-cache-path /Users/admin/builder/spi-builder-workspace/.derivedData/Build/Intermediates.noindex/SwiftExplicitPrecompiledModules -no-color-diagnostics -Xcc -fno-color-diagnostics -enable-testing -g -debug-info-format\=dwarf -dwarf-version\=4 -swift-version 6 -Onone -D SWIFT_PACKAGE -D DEBUG -D SWIFT_MODULE_RESOURCE_BUNDLE_UNAVAILABLE -D Xcode -serialize-debugging-options -enable-experimental-feature DebugDescriptionMacro -empty-abi-descriptor -validate-clang-modules-once -clang-build-session-file /Users/admin/builder/spi-builder-workspace/.derivedData/ModuleCache.noindex/Session.modulevalidation -Xcc -working-directory -Xcc /Users/admin/builder/spi-builder-workspace/.swiftpm/xcode -enable-anonymous-context-mangled-names -file-compilation-dir /Users/admin/builder/spi-builder-workspace/.swiftpm/xcode -Xcc -D_LIBCPP_HARDENING_MODE\=_LIBCPP_HARDENING_MODE_DEBUG -Xcc -ivfsstatcache -Xcc /Users/admin/builder/spi-builder-workspace/.derivedData/SDKStatCaches.noindex/watchos27.0-24R360-e829b21a6f8c9b70876ba0858053c04477534ef55a1706bf4c1112bbb242f0a2.sdkstatcache -Xcc -fmodules-prune-interval\=86400 -Xcc -fmodules-prune-after\=345600 -Xcc -I/Users/admin/builder/spi-builder-workspace/.derivedData/Build/Products/Debug-watchos/include -Xcc -I/Users/admin/builder/spi-builder-workspace/.derivedData/Build/Intermediates.noindex/SwiftlyImageLoader.build/Debug-watchos/SwiftlyImageLoaderUIKit-t.build/DerivedSources-normal/arm64 -Xcc -I/Users/admin/builder/spi-builder-workspace/.derivedData/Build/Intermediates.noindex/SwiftlyImageLoader.build/Debug-watchos/SwiftlyImageLoaderUIKit-t.build/DerivedSources/arm64 -Xcc -I/Users/admin/builder/spi-builder-workspace/.derivedData/Build/Intermediates.noindex/SwiftlyImageLoader.build/Debug-watchos/SwiftlyImageLoaderUIKit-t.build/DerivedSources -Xcc -DSWIFT_PACKAGE -Xcc -DDEBUG\=1 -no-auto-bridging-header-chaining -module-name SwiftlyImageLoaderUIKit -package-name spi_builder_workspace -const-gather-protocols-file /Users/admin/builder/spi-builder-workspace/.derivedData/Build/Intermediates.noindex/SwiftlyImageLoader.build/Debug-watchos/SwiftlyImageLoaderUIKit-t.build/Objects-normal/arm64/SwiftlyImageLoaderUIKit_const_extract_protocols.json -disable-clang-spi -clang-target arm64-apple-watchos27.0 -target-sdk-version 27.0 -target-sdk-name watchos27.0 -in-process-plugin-server-path /Applications/Xcode-27.0.0-Release.Candidate.app/Contents/Developer/Toolchains/XcodeDefault.xctoolchain/usr/lib/swift/host/libSwiftInProcPluginServer.dylib -emit-module-doc-path /Users/admin/builder/spi-builder-workspace/.derivedData/Build/Intermediates.noindex/SwiftlyImageLoader.build/Debug-watchos/SwiftlyImageLoaderUIKit-t.build/Objects-normal/arm64/SwiftlyImageLoaderUIKit.swiftdoc -emit-module-source-info-path /Users/admin/builder/spi-builder-workspace/.derivedData/Build/Intermediates.noindex/SwiftlyImageLoader.build/Debug-watchos/SwiftlyImageLoaderUIKit-t.build/Objects-normal/arm64/SwiftlyImageLoaderUIKit.swiftsourceinfo -emit-objc-header-path /Users/admin/builder/spi-builder-workspace/.derivedData/Build/Intermediates.noindex/SwiftlyImageLoader.build/Debug-watchos/SwiftlyImageLoaderUIKit-t.build/Objects-normal/arm64/SwiftlyImageLoaderUIKit-Swift.h -serialize-diagnostics-path /Users/admin/builder/spi-builder-workspace/.derivedData/Build/Intermediates.noindex/SwiftlyImageLoader.build/Debug-watchos/SwiftlyImageLoaderUIKit-t.build/Objects-normal/arm64/SwiftlyImageLoaderUIKit-primary-emit-module.dia -emit-dependencies-path /Users/admin/builder/spi-builder-workspace/.derivedData/Build/Intermediates.noindex/SwiftlyImageLoader.build/Debug-watchos/SwiftlyImageLoaderUIKit-t.build/Objects-normal/arm64/SwiftlyImageLoaderUIKit-primary-emit-module.d -parse-as-library -o /Users/admin/builder/spi-builder-workspace/.derivedData/Build/Intermediates.noindex/SwiftlyImageLoader.build/Debug-watchos/SwiftlyImageLoaderUIKit-t.build/Objects-normal/arm64/SwiftlyImageLoaderUIKit.swiftmodule -emit-abi-descriptor-path /Users/admin/builder/spi-builder-workspace/.derivedData/Build/Intermediates.noindex/SwiftlyImageLoader.build/Debug-watchos/SwiftlyImageLoaderUIKit-t.build/Objects-normal/arm64/SwiftlyImageLoaderUIKit.abi.json
SwiftCompile normal arm64 (in target 'SwiftlyImageLoaderUIKit' from project 'SwiftlyImageLoader')
cd /Users/admin/builder/spi-builder-workspace/.swiftpm/xcode
SwiftEmitModule normal arm64_32 Emitting\ module\ for\ SwiftlyImageLoaderUIKit (in target 'SwiftlyImageLoaderUIKit' from project 'SwiftlyImageLoader')
SwiftCompile normal arm64_32 (in target 'SwiftlyImageLoaderUIKit' from project 'SwiftlyImageLoader')
cd /Users/admin/builder/spi-builder-workspace/.swiftpm/xcode
SwiftCompile normal arm64_32 Compiling\ UIImageView+ImageLoader.swift /Users/admin/builder/spi-builder-workspace/Sources/SwiftlyImageLoaderUIKit/UIImageView+ImageLoader.swift (in target 'SwiftlyImageLoaderUIKit' from project 'SwiftlyImageLoader')
SwiftCompile normal arm64_32 /Users/admin/builder/spi-builder-workspace/Sources/SwiftlyImageLoaderUIKit/UIImageView+ImageLoader.swift (in target 'SwiftlyImageLoaderUIKit' from project 'SwiftlyImageLoader')
cd /Users/admin/builder/spi-builder-workspace/.swiftpm/xcode
builtin-SwiftPerFileCompile UIImageView+ImageLoader.swift
SwiftExplicitDependencyGeneratePcm arm64_32 /Users/admin/builder/spi-builder-workspace/.derivedData/SDKExplicitPrecompiledModules/HomeKit-DXH34ZWEY4P4FEELCOH3LXVCR.pcm
SwiftExplicitDependencyGeneratePcm arm64_32 /Users/admin/builder/spi-builder-workspace/.derivedData/SDKExplicitPrecompiledModules/MapKit-3RCPMYWFYVKLOR1JJH1M1L7O6.pcm
SwiftExplicitDependencyGeneratePcm arm64_32 /Users/admin/builder/spi-builder-workspace/.derivedData/SDKExplicitPrecompiledModules/CoreData-6STZ9DXY0E1K8LHUUEU1F4SE.pcm
SwiftExplicitDependencyGeneratePcm arm64_32 /Users/admin/builder/spi-builder-workspace/.derivedData/SDKExplicitPrecompiledModules/SceneKit-CLOM4E4D45A8A94N3QNHOVW3H.pcm
SwiftEmitModule normal arm64_32 Emitting\ module\ for\ SwiftlyImageLoader (in target 'SwiftlyImageLoader' from project 'SwiftlyImageLoader')
SwiftCompile normal arm64_32 (in target 'SwiftlyImageLoader' from project 'SwiftlyImageLoader')
cd /Users/admin/builder/spi-builder-workspace/.swiftpm/xcode
PruneExplicitPrecompiledModules /Users/admin/builder/spi-builder-workspace/.derivedData/SDKExplicitPrecompiledModules
PruneExplicitPrecompiledModules /Users/admin/builder/spi-builder-workspace/.derivedData/Build/Intermediates.noindex/ExplicitPrecompiledModules
PruneExplicitPrecompiledModules /Users/admin/builder/spi-builder-workspace/.derivedData/Build/Intermediates.noindex/SwiftExplicitPrecompiledModules
2026-09-22 03:24:44.471 xcodebuild[788:4879] [MT] IDERunDestination: Supported platforms for the buildables in the current scheme is empty.
** BUILD FAILED **
The following build commands failed:
SwiftDriver SwiftlyImageLoaderAppKit normal arm64 com.apple.xcode.tools.swift.compiler (in target 'SwiftlyImageLoaderAppKit' from project 'SwiftlyImageLoader')
SwiftDriver SwiftlyImageLoaderAppKit normal arm64_32 com.apple.xcode.tools.swift.compiler (in target 'SwiftlyImageLoaderAppKit' from project 'SwiftlyImageLoader')
SwiftEmitModule normal arm64 Emitting\ module\ for\ SwiftlyImageLoaderUIKit (in target 'SwiftlyImageLoaderUIKit' from project 'SwiftlyImageLoader')
SwiftCompile normal arm64 (in target 'SwiftlyImageLoaderUIKit' from project 'SwiftlyImageLoader')
Building workspace SwiftlyImageLoader with scheme SwiftlyImageLoader-Package
(5 failures)
BUILD FAILURE 6.4 watchOS