The Swift Package Index logo.Swift Package Index

Build Information

Failed to build ANEEmbed, reference v1.0.0 (2ba823), with Swift 6.4 for watchOS using Xcode 27.0 on 27 Sep 2026 18:52:41 UTC.

Build Command

env DEVELOPER_DIR=/Applications/Xcode-27.0.0-Release.Candidate.app xcrun xcodebuild -IDEClonedSourcePackagesDirPathOverride=$PWD/.dependencies -skipMacroValidation -skipPackagePluginValidation -derivedDataPath $PWD/.derivedData build -scheme ANEEmbed-Package -destination generic/platform=watchOS

Build Log

========================================
RunAll
========================================
Builder version: 5.1.0
Interrupt handler set up.
========================================
Checkout
========================================
Clone URL: https://github.com/Rezarys/ane-embed-pipeline.git
Reference: v1.0.0
Initialized empty Git repository in /Users/admin/builder/spi-builder-workspace/.git/
From https://github.com/Rezarys/ane-embed-pipeline
 * tag               v1.0.0     -> FETCH_HEAD
HEAD is now at 2ba8233 v1.0.0 : paquet ANEEmbed, all-MiniLM-L6-v2 quantifie ANE, pipeline CI
Cloned https://github.com/Rezarys/ane-embed-pipeline.git
Revision (git rev-parse @):
2ba8233b26940ae17c39c044b8ec4641418c438c
SUCCESS checkout https://github.com/Rezarys/ane-embed-pipeline.git at v1.0.0
========================================
Build
========================================
Selected platform:         watchOS
Swift version:             6.4
Building package at path:  $PWD
https://github.com/Rezarys/ane-embed-pipeline.git
Command line invocation:
    /Applications/Xcode-27.0.0-Release.Candidate.app/Contents/Developer/usr/bin/xcodebuild -IDEClonedSourcePackagesDirPathOverride=/Users/admin/builder/spi-builder-workspace/.dependencies -resolvePackageDependencies
Resolve Package Graph
Resolve Package Graph
Resolved source packages:
  ANEEmbed: /Users/admin/builder/spi-builder-workspace
resolved source packages: ANEEmbed
2026-09-27 14:52:04.092 xcodebuild[529:3078] [MT] IDERunDestination: Supported platforms for the buildables in the current scheme is empty.
{
  "dependencies" : [
  ],
  "manifest_display_name" : "ANEEmbed",
  "name" : "ANEEmbed",
  "path" : "/Users/admin/builder/spi-builder-workspace",
  "platforms" : [
    {
      "name" : "macos",
      "version" : "14.0"
    }
  ],
  "products" : [
    {
      "name" : "ANEEmbed",
      "targets" : [
        "ANEEmbed"
      ],
      "type" : {
        "library" : [
          "automatic"
        ]
      }
    },
    {
      "name" : "ane-embed-demo",
      "targets" : [
        "ane-embed-demo"
      ],
      "type" : {
        "executable" : null
      }
    }
  ],
  "targets" : [
    {
      "c99name" : "ane_embed_demo",
      "module_type" : "SwiftTarget",
      "name" : "ane-embed-demo",
      "path" : "Sources/ane-embed-demo",
      "product_memberships" : [
        "ane-embed-demo"
      ],
      "sources" : [
        "main.swift"
      ],
      "target_dependencies" : [
        "ANEEmbed"
      ],
      "type" : "executable"
    },
    {
      "c99name" : "ANEEmbed",
      "module_type" : "SwiftTarget",
      "name" : "ANEEmbed",
      "path" : "Sources/ANEEmbed",
      "product_memberships" : [
        "ANEEmbed",
        "ane-embed-demo"
      ],
      "resources" : [
        {
          "path" : "/Users/admin/builder/spi-builder-workspace/Sources/ANEEmbed/Resources/all-MiniLM-L6-v2-quant8.mlpackage",
          "rule" : {
            "copy" : {
            }
          }
        },
        {
          "path" : "/Users/admin/builder/spi-builder-workspace/Sources/ANEEmbed/Resources/vocab.txt",
          "rule" : {
            "copy" : {
            }
          }
        }
      ],
      "sources" : [
        "BertTokenizer.swift",
        "Embedder.swift"
      ],
      "type" : "library"
    }
  ],
  "tools_version" : "5.9"
}
{
  "workspace" : {
    "name" : "ANEEmbed",
    "schemes" : [
      "ane-embed-demo",
      "ANEEmbed",
      "ANEEmbed-Package"
    ]
  }
}
2026-09-27 14:52:30.473 xcodebuild[626:3902] [MT] IDERunDestination: Supported platforms for the buildables in the current scheme is empty.
Running build ...
env DEVELOPER_DIR=/Applications/Xcode-27.0.0-Release.Candidate.app xcrun xcodebuild -IDEClonedSourcePackagesDirPathOverride=$PWD/.dependencies -skipMacroValidation -skipPackagePluginValidation -derivedDataPath $PWD/.derivedData build -scheme ANEEmbed-Package -destination generic/platform=watchOS
Command line invocation:
    /Applications/Xcode-27.0.0-Release.Candidate.app/Contents/Developer/usr/bin/xcodebuild -IDEClonedSourcePackagesDirPathOverride=/Users/admin/builder/spi-builder-workspace/.dependencies -skipMacroValidation -skipPackagePluginValidation -derivedDataPath /Users/admin/builder/spi-builder-workspace/.derivedData build -scheme ANEEmbed-Package -destination generic/platform=watchOS
Resolve Package Graph
Resolved source packages:
  ANEEmbed: /Users/admin/builder/spi-builder-workspace
ComputePackagePrebuildTargetDependencyGraph
Prepare packages
CreateBuildRequest
SendProjectDescription
CreateBuildOperation
ComputeTargetDependencyGraph
note: Building targets in dependency order
note: Target dependency graph (4 targets)
    Target 'ane-embed-demo-product' in project 'ANEEmbed'
        ➜ Explicit dependency on target 'ANEEmbed' in project 'ANEEmbed'
    Target 'ANEEmbed-product' in project 'ANEEmbed'
        ➜ Explicit dependency on target 'ANEEmbed' in project 'ANEEmbed'
        ➜ Explicit dependency on target 'ANEEmbed_ANEEmbed' in project 'ANEEmbed'
    Target 'ANEEmbed' in project 'ANEEmbed'
        ➜ Explicit dependency on target 'ANEEmbed_ANEEmbed' in project 'ANEEmbed'
    Target 'ANEEmbed_ANEEmbed' in project 'ANEEmbed' (no dependencies)
GatherProvisioningInputs
CreateBuildDescription
ExecuteExternalTool /Applications/Xcode-27.0.0-Release.Candidate.app/Contents/Developer/Toolchains/XcodeDefault.xctoolchain/usr/bin/clang -v -E -dM -isysroot /Applications/Xcode-27.0.0-Release.Candidate.app/Contents/Developer/Platforms/WatchOS.platform/Developer/SDKs/WatchOS27.0.sdk -x c -c /dev/null
ExecuteExternalTool /Applications/Xcode-27.0.0-Release.Candidate.app/Contents/Developer/Toolchains/XcodeDefault.xctoolchain/usr/bin/swiftc --version
ExecuteExternalTool /usr/bin/what -q /Applications/Xcode-27.0.0-Release.Candidate.app/Contents/Developer/Toolchains/XcodeDefault.xctoolchain/usr/bin/coremlc
ExecuteExternalTool /Applications/Xcode-27.0.0-Release.Candidate.app/Contents/Developer/Toolchains/XcodeDefault.xctoolchain/usr/bin/ld -version_details
ExecuteExternalTool /Applications/Xcode-27.0.0-Release.Candidate.app/Contents/Developer/Toolchains/XcodeDefault.xctoolchain/usr/bin/coremlc generate /Users/admin/builder/spi-builder-workspace/Sources/ANEEmbed/Resources/all-MiniLM-L6-v2-quant8.mlpackage /Users/admin/builder/spi-builder-workspace/.derivedData/Build/Intermediates.noindex/ANEEmbed.build/Debug-watchos/ANEEmbed-t.build/DerivedSources/CoreMLGenerated/all-MiniLM-L6-v2-quant8 --dry-run yes --deployment-target 9.0 --sdkroot /Applications/Xcode-27.0.0-Release.Candidate.app/Contents/Developer/Platforms/WatchOS.platform/Developer/SDKs/WatchOS27.0.sdk --platform watchos --output-partial-info-plist /Users/admin/builder/spi-builder-workspace/.derivedData/Build/Intermediates.noindex/ANEEmbed.build/Debug-watchos/ANEEmbed-t.build/all-MiniLM-L6-v2-quant8-CoreMLPartialInfo.plist --container swift-package --language Swift --swift-version 5 --public-access
Build description signature: 18c0980b3181c3a1f6fdb90388763587
Build description path: /Users/admin/builder/spi-builder-workspace/.derivedData/Build/Intermediates.noindex/XCBuildData/18c0980b3181c3a1f6fdb90388763587.xcbuilddata
CreateBuildDirectory /Users/admin/builder/spi-builder-workspace/.derivedData/SDKExplicitPrecompiledModules
    cd /Users/admin/builder/spi-builder-workspace/.swiftpm/xcode
    builtin-create-build-directory /Users/admin/builder/spi-builder-workspace/.derivedData/SDKExplicitPrecompiledModules
CreateBuildDirectory /Users/admin/builder/spi-builder-workspace/.derivedData/ModuleCache.noindex
    cd /Users/admin/builder/spi-builder-workspace/.swiftpm/xcode
    builtin-create-build-directory /Users/admin/builder/spi-builder-workspace/.derivedData/ModuleCache.noindex
CreateBuildDirectory /Users/admin/builder/spi-builder-workspace/.derivedData/Build/Intermediates.noindex
    cd /Users/admin/builder/spi-builder-workspace/.swiftpm/xcode
    builtin-create-build-directory /Users/admin/builder/spi-builder-workspace/.derivedData/Build/Intermediates.noindex
CreateBuildDirectory /Users/admin/builder/spi-builder-workspace/.derivedData/Build/Products
    cd /Users/admin/builder/spi-builder-workspace/.swiftpm/xcode
    builtin-create-build-directory /Users/admin/builder/spi-builder-workspace/.derivedData/Build/Products
CreateBuildDirectory /Users/admin/builder/spi-builder-workspace/.derivedData/CompilationCache.noindex
    cd /Users/admin/builder/spi-builder-workspace/.swiftpm/xcode
    builtin-create-build-directory /Users/admin/builder/spi-builder-workspace/.derivedData/CompilationCache.noindex
ClangStatCache /Applications/Xcode-27.0.0-Release.Candidate.app/Contents/Developer/Toolchains/XcodeDefault.xctoolchain/usr/bin/clang-stat-cache /Applications/Xcode-27.0.0-Release.Candidate.app/Contents/Developer/Platforms/WatchOS.platform/Developer/SDKs/WatchOS27.0.sdk /Users/admin/builder/spi-builder-workspace/.derivedData/SDKStatCaches.noindex/watchos27.0-24R360-e829b21a6f8c9b70876ba0858053c04477534ef55a1706bf4c1112bbb242f0a2.sdkstatcache
    cd /Users/admin/builder/spi-builder-workspace/.swiftpm/xcode
    /Applications/Xcode-27.0.0-Release.Candidate.app/Contents/Developer/Toolchains/XcodeDefault.xctoolchain/usr/bin/clang-stat-cache /Applications/Xcode-27.0.0-Release.Candidate.app/Contents/Developer/Platforms/WatchOS.platform/Developer/SDKs/WatchOS27.0.sdk -o /Users/admin/builder/spi-builder-workspace/.derivedData/SDKStatCaches.noindex/watchos27.0-24R360-e829b21a6f8c9b70876ba0858053c04477534ef55a1706bf4c1112bbb242f0a2.sdkstatcache
CreateBuildDirectory /Users/admin/builder/spi-builder-workspace/.derivedData/Build/Intermediates.noindex/SwiftExplicitPrecompiledModules
    cd /Users/admin/builder/spi-builder-workspace/.swiftpm/xcode
    builtin-create-build-directory /Users/admin/builder/spi-builder-workspace/.derivedData/Build/Intermediates.noindex/SwiftExplicitPrecompiledModules
CreateBuildDirectory /Users/admin/builder/spi-builder-workspace/.derivedData/Build/Intermediates.noindex/PrecompiledHeaders
    cd /Users/admin/builder/spi-builder-workspace/.swiftpm/xcode
    builtin-create-build-directory /Users/admin/builder/spi-builder-workspace/.derivedData/Build/Intermediates.noindex/PrecompiledHeaders
CreateBuildDirectory /Users/admin/builder/spi-builder-workspace/.derivedData/Build/Intermediates.noindex/ExplicitPrecompiledModules
    cd /Users/admin/builder/spi-builder-workspace/.swiftpm/xcode
    builtin-create-build-directory /Users/admin/builder/spi-builder-workspace/.derivedData/Build/Intermediates.noindex/ExplicitPrecompiledModules
CreateBuildDirectory /Users/admin/builder/spi-builder-workspace/.derivedData/Build/Products/Debug-watchos
    cd /Users/admin/builder/spi-builder-workspace/.swiftpm/xcode
    builtin-create-build-directory /Users/admin/builder/spi-builder-workspace/.derivedData/Build/Products/Debug-watchos
CreateBuildDirectory /Users/admin/builder/spi-builder-workspace/.derivedData/Build/Intermediates.noindex/EagerLinkingTBDs/Debug-watchos
    cd /Users/admin/builder/spi-builder-workspace/.swiftpm/xcode
    builtin-create-build-directory /Users/admin/builder/spi-builder-workspace/.derivedData/Build/Intermediates.noindex/EagerLinkingTBDs/Debug-watchos
CreateBuildDirectory /Users/admin/builder/spi-builder-workspace/.derivedData/Build/Products/Debug-watchos/PackageFrameworks
    cd /Users/admin/builder/spi-builder-workspace/.swiftpm/xcode
    builtin-create-build-directory /Users/admin/builder/spi-builder-workspace/.derivedData/Build/Products/Debug-watchos/PackageFrameworks
WriteAuxiliaryFile /Users/admin/builder/spi-builder-workspace/.derivedData/Build/Intermediates.noindex/ANEEmbed.build/Debug-watchos/ane-embed-demo-p.build/ane-embed-demo.DependencyStaticMetadataFileList (in target 'ane-embed-demo-product' from project 'ANEEmbed')
    cd /Users/admin/builder/spi-builder-workspace
    write-file /Users/admin/builder/spi-builder-workspace/.derivedData/Build/Intermediates.noindex/ANEEmbed.build/Debug-watchos/ane-embed-demo-p.build/ane-embed-demo.DependencyStaticMetadataFileList
WriteAuxiliaryFile /Users/admin/builder/spi-builder-workspace/.derivedData/Build/Intermediates.noindex/ANEEmbed.build/Debug-watchos/ane-embed-demo-p.build/ane-embed-demo.DependencyMetadataFileList (in target 'ane-embed-demo-product' from project 'ANEEmbed')
    cd /Users/admin/builder/spi-builder-workspace
    write-file /Users/admin/builder/spi-builder-workspace/.derivedData/Build/Intermediates.noindex/ANEEmbed.build/Debug-watchos/ane-embed-demo-p.build/ane-embed-demo.DependencyMetadataFileList
WriteAuxiliaryFile /Users/admin/builder/spi-builder-workspace/.derivedData/Build/Intermediates.noindex/ANEEmbed.build/Debug-watchos/ane-embed-demo-p.build/Objects-normal/arm64_32/ane-embed-demo-OutputFileMap.json (in target 'ane-embed-demo-product' from project 'ANEEmbed')
    cd /Users/admin/builder/spi-builder-workspace
    write-file /Users/admin/builder/spi-builder-workspace/.derivedData/Build/Intermediates.noindex/ANEEmbed.build/Debug-watchos/ane-embed-demo-p.build/Objects-normal/arm64_32/ane-embed-demo-OutputFileMap.json
WriteAuxiliaryFile /Users/admin/builder/spi-builder-workspace/.derivedData/Build/Intermediates.noindex/ANEEmbed.build/Debug-watchos/ane-embed-demo-p.build/Objects-normal/arm64_32/ane-embed-demo_const_extract_protocols.json (in target 'ane-embed-demo-product' from project 'ANEEmbed')
    cd /Users/admin/builder/spi-builder-workspace
    write-file /Users/admin/builder/spi-builder-workspace/.derivedData/Build/Intermediates.noindex/ANEEmbed.build/Debug-watchos/ane-embed-demo-p.build/Objects-normal/arm64_32/ane-embed-demo_const_extract_protocols.json
WriteAuxiliaryFile /Users/admin/builder/spi-builder-workspace/.derivedData/Build/Intermediates.noindex/ANEEmbed.build/Debug-watchos/ane-embed-demo-p.build/Objects-normal/arm64_32/ane-embed-demo.SwiftFileList (in target 'ane-embed-demo-product' from project 'ANEEmbed')
    cd /Users/admin/builder/spi-builder-workspace
    write-file /Users/admin/builder/spi-builder-workspace/.derivedData/Build/Intermediates.noindex/ANEEmbed.build/Debug-watchos/ane-embed-demo-p.build/Objects-normal/arm64_32/ane-embed-demo.SwiftFileList
WriteAuxiliaryFile /Users/admin/builder/spi-builder-workspace/.derivedData/Build/Intermediates.noindex/ANEEmbed.build/Debug-watchos/ane-embed-demo-p.build/Objects-normal/arm64/ane-embed-demo.SwiftFileList (in target 'ane-embed-demo-product' from project 'ANEEmbed')
    cd /Users/admin/builder/spi-builder-workspace
    write-file /Users/admin/builder/spi-builder-workspace/.derivedData/Build/Intermediates.noindex/ANEEmbed.build/Debug-watchos/ane-embed-demo-p.build/Objects-normal/arm64/ane-embed-demo.SwiftFileList
WriteAuxiliaryFile /Users/admin/builder/spi-builder-workspace/.derivedData/Build/Intermediates.noindex/ANEEmbed.build/Debug-watchos/ane-embed-demo-p.build/Objects-normal/arm64_32/ane-embed-demo.LinkFileList (in target 'ane-embed-demo-product' from project 'ANEEmbed')
    cd /Users/admin/builder/spi-builder-workspace
    write-file /Users/admin/builder/spi-builder-workspace/.derivedData/Build/Intermediates.noindex/ANEEmbed.build/Debug-watchos/ane-embed-demo-p.build/Objects-normal/arm64_32/ane-embed-demo.LinkFileList
WriteAuxiliaryFile /Users/admin/builder/spi-builder-workspace/.derivedData/Build/Intermediates.noindex/ANEEmbed.build/Debug-watchos/ane-embed-demo-p.build/Objects-normal/arm64/ane-embed-demo_const_extract_protocols.json (in target 'ane-embed-demo-product' from project 'ANEEmbed')
    cd /Users/admin/builder/spi-builder-workspace
    write-file /Users/admin/builder/spi-builder-workspace/.derivedData/Build/Intermediates.noindex/ANEEmbed.build/Debug-watchos/ane-embed-demo-p.build/Objects-normal/arm64/ane-embed-demo_const_extract_protocols.json
WriteAuxiliaryFile /Users/admin/builder/spi-builder-workspace/.derivedData/Build/Intermediates.noindex/ANEEmbed.build/Debug-watchos/ane-embed-demo-p.build/Objects-normal/arm64/ane-embed-demo.LinkFileList (in target 'ane-embed-demo-product' from project 'ANEEmbed')
    cd /Users/admin/builder/spi-builder-workspace
    write-file /Users/admin/builder/spi-builder-workspace/.derivedData/Build/Intermediates.noindex/ANEEmbed.build/Debug-watchos/ane-embed-demo-p.build/Objects-normal/arm64/ane-embed-demo.LinkFileList
WriteAuxiliaryFile /Users/admin/builder/spi-builder-workspace/.derivedData/Build/Intermediates.noindex/ANEEmbed.build/Debug-watchos/ane-embed-demo-p.build/Objects-normal/arm64/ane-embed-demo-OutputFileMap.json (in target 'ane-embed-demo-product' from project 'ANEEmbed')
    cd /Users/admin/builder/spi-builder-workspace
    write-file /Users/admin/builder/spi-builder-workspace/.derivedData/Build/Intermediates.noindex/ANEEmbed.build/Debug-watchos/ane-embed-demo-p.build/Objects-normal/arm64/ane-embed-demo-OutputFileMap.json
WriteAuxiliaryFile /Users/admin/builder/spi-builder-workspace/.derivedData/Build/Intermediates.noindex/ANEEmbed.build/Debug-watchos/ANEEmbed_ANEEmbed-b.build/empty-ANEEmbed_ANEEmbed.plist (in target 'ANEEmbed_ANEEmbed' from project 'ANEEmbed')
    cd /Users/admin/builder/spi-builder-workspace
    write-file /Users/admin/builder/spi-builder-workspace/.derivedData/Build/Intermediates.noindex/ANEEmbed.build/Debug-watchos/ANEEmbed_ANEEmbed-b.build/empty-ANEEmbed_ANEEmbed.plist
WriteAuxiliaryFile /Users/admin/builder/spi-builder-workspace/.derivedData/Build/Intermediates.noindex/ANEEmbed.build/Debug-watchos/ANEEmbed_ANEEmbed-b.build/ANEEmbed_ANEEmbed.DependencyMetadataFileList (in target 'ANEEmbed_ANEEmbed' from project 'ANEEmbed')
    cd /Users/admin/builder/spi-builder-workspace
    write-file /Users/admin/builder/spi-builder-workspace/.derivedData/Build/Intermediates.noindex/ANEEmbed.build/Debug-watchos/ANEEmbed_ANEEmbed-b.build/ANEEmbed_ANEEmbed.DependencyMetadataFileList
WriteAuxiliaryFile /Users/admin/builder/spi-builder-workspace/.derivedData/Build/Intermediates.noindex/ANEEmbed.build/Debug-watchos/ANEEmbed_ANEEmbed-b.build/ANEEmbed_ANEEmbed.DependencyStaticMetadataFileList (in target 'ANEEmbed_ANEEmbed' from project 'ANEEmbed')
    cd /Users/admin/builder/spi-builder-workspace
    write-file /Users/admin/builder/spi-builder-workspace/.derivedData/Build/Intermediates.noindex/ANEEmbed.build/Debug-watchos/ANEEmbed_ANEEmbed-b.build/ANEEmbed_ANEEmbed.DependencyStaticMetadataFileList
WriteAuxiliaryFile /Users/admin/builder/spi-builder-workspace/.derivedData/Build/Intermediates.noindex/ANEEmbed.build/Debug-watchos/ANEEmbed-t.build/Objects-normal/arm64_32/ANEEmbed.SwiftFileList (in target 'ANEEmbed' from project 'ANEEmbed')
    cd /Users/admin/builder/spi-builder-workspace
    write-file /Users/admin/builder/spi-builder-workspace/.derivedData/Build/Intermediates.noindex/ANEEmbed.build/Debug-watchos/ANEEmbed-t.build/Objects-normal/arm64_32/ANEEmbed.SwiftFileList
WriteAuxiliaryFile /Users/admin/builder/spi-builder-workspace/.derivedData/Build/Intermediates.noindex/ANEEmbed.build/Debug-watchos/ANEEmbed-t.build/Objects-normal/arm64_32/ANEEmbed_const_extract_protocols.json (in target 'ANEEmbed' from project 'ANEEmbed')
    cd /Users/admin/builder/spi-builder-workspace
    write-file /Users/admin/builder/spi-builder-workspace/.derivedData/Build/Intermediates.noindex/ANEEmbed.build/Debug-watchos/ANEEmbed-t.build/Objects-normal/arm64_32/ANEEmbed_const_extract_protocols.json
WriteAuxiliaryFile /Users/admin/builder/spi-builder-workspace/.derivedData/Build/Intermediates.noindex/ANEEmbed.build/Debug-watchos/ANEEmbed-t.build/Objects-normal/arm64_32/ANEEmbed.SwiftConstValuesFileList (in target 'ANEEmbed' from project 'ANEEmbed')
    cd /Users/admin/builder/spi-builder-workspace
    write-file /Users/admin/builder/spi-builder-workspace/.derivedData/Build/Intermediates.noindex/ANEEmbed.build/Debug-watchos/ANEEmbed-t.build/Objects-normal/arm64_32/ANEEmbed.SwiftConstValuesFileList
WriteAuxiliaryFile /Users/admin/builder/spi-builder-workspace/.derivedData/Build/Intermediates.noindex/ANEEmbed.build/Debug-watchos/ANEEmbed-t.build/Objects-normal/arm64_32/ANEEmbed.LinkFileList (in target 'ANEEmbed' from project 'ANEEmbed')
    cd /Users/admin/builder/spi-builder-workspace
    write-file /Users/admin/builder/spi-builder-workspace/.derivedData/Build/Intermediates.noindex/ANEEmbed.build/Debug-watchos/ANEEmbed-t.build/Objects-normal/arm64_32/ANEEmbed.LinkFileList
WriteAuxiliaryFile /Users/admin/builder/spi-builder-workspace/.derivedData/Build/Intermediates.noindex/ANEEmbed.build/Debug-watchos/ANEEmbed-t.build/Objects-normal/arm64_32/ANEEmbed-OutputFileMap.json (in target 'ANEEmbed' from project 'ANEEmbed')
    cd /Users/admin/builder/spi-builder-workspace
    write-file /Users/admin/builder/spi-builder-workspace/.derivedData/Build/Intermediates.noindex/ANEEmbed.build/Debug-watchos/ANEEmbed-t.build/Objects-normal/arm64_32/ANEEmbed-OutputFileMap.json
WriteAuxiliaryFile /Users/admin/builder/spi-builder-workspace/.derivedData/Build/Intermediates.noindex/ANEEmbed.build/Debug-watchos/ANEEmbed-t.build/Objects-normal/arm64/ANEEmbed_const_extract_protocols.json (in target 'ANEEmbed' from project 'ANEEmbed')
    cd /Users/admin/builder/spi-builder-workspace
    write-file /Users/admin/builder/spi-builder-workspace/.derivedData/Build/Intermediates.noindex/ANEEmbed.build/Debug-watchos/ANEEmbed-t.build/Objects-normal/arm64/ANEEmbed_const_extract_protocols.json
WriteAuxiliaryFile /Users/admin/builder/spi-builder-workspace/.derivedData/Build/Intermediates.noindex/ANEEmbed.build/Debug-watchos/ANEEmbed-t.build/Objects-normal/arm64/ANEEmbed.SwiftFileList (in target 'ANEEmbed' from project 'ANEEmbed')
    cd /Users/admin/builder/spi-builder-workspace
    write-file /Users/admin/builder/spi-builder-workspace/.derivedData/Build/Intermediates.noindex/ANEEmbed.build/Debug-watchos/ANEEmbed-t.build/Objects-normal/arm64/ANEEmbed.SwiftFileList
WriteAuxiliaryFile /Users/admin/builder/spi-builder-workspace/.derivedData/Build/Intermediates.noindex/ANEEmbed.build/Debug-watchos/ANEEmbed-t.build/Objects-normal/arm64/ANEEmbed.SwiftConstValuesFileList (in target 'ANEEmbed' from project 'ANEEmbed')
    cd /Users/admin/builder/spi-builder-workspace
    write-file /Users/admin/builder/spi-builder-workspace/.derivedData/Build/Intermediates.noindex/ANEEmbed.build/Debug-watchos/ANEEmbed-t.build/Objects-normal/arm64/ANEEmbed.SwiftConstValuesFileList
WriteAuxiliaryFile /Users/admin/builder/spi-builder-workspace/.derivedData/Build/Intermediates.noindex/ANEEmbed.build/Debug-watchos/ANEEmbed-t.build/Objects-normal/arm64/ANEEmbed.LinkFileList (in target 'ANEEmbed' from project 'ANEEmbed')
    cd /Users/admin/builder/spi-builder-workspace
    write-file /Users/admin/builder/spi-builder-workspace/.derivedData/Build/Intermediates.noindex/ANEEmbed.build/Debug-watchos/ANEEmbed-t.build/Objects-normal/arm64/ANEEmbed.LinkFileList
WriteAuxiliaryFile /Users/admin/builder/spi-builder-workspace/.derivedData/Build/Intermediates.noindex/ANEEmbed.build/Debug-watchos/ANEEmbed-t.build/Objects-normal/arm64/ANEEmbed-OutputFileMap.json (in target 'ANEEmbed' from project 'ANEEmbed')
    cd /Users/admin/builder/spi-builder-workspace
    write-file /Users/admin/builder/spi-builder-workspace/.derivedData/Build/Intermediates.noindex/ANEEmbed.build/Debug-watchos/ANEEmbed-t.build/Objects-normal/arm64/ANEEmbed-OutputFileMap.json
WriteAuxiliaryFile /Users/admin/builder/spi-builder-workspace/.derivedData/Build/Intermediates.noindex/ANEEmbed.build/Debug-watchos/ANEEmbed-t.build/DerivedSources/resource_bundle_accessor.swift (in target 'ANEEmbed' from project 'ANEEmbed')
    cd /Users/admin/builder/spi-builder-workspace
    write-file /Users/admin/builder/spi-builder-workspace/.derivedData/Build/Intermediates.noindex/ANEEmbed.build/Debug-watchos/ANEEmbed-t.build/DerivedSources/resource_bundle_accessor.swift
WriteAuxiliaryFile /Users/admin/builder/spi-builder-workspace/.derivedData/Build/Intermediates.noindex/ANEEmbed.build/Debug-watchos/ANEEmbed-t.build/ANEEmbed.modulemap (in target 'ANEEmbed' from project 'ANEEmbed')
    cd /Users/admin/builder/spi-builder-workspace
    write-file /Users/admin/builder/spi-builder-workspace/.derivedData/Build/Intermediates.noindex/ANEEmbed.build/Debug-watchos/ANEEmbed-t.build/ANEEmbed.modulemap
WriteAuxiliaryFile /Users/admin/builder/spi-builder-workspace/.derivedData/Build/Intermediates.noindex/ANEEmbed.build/Debug-watchos/ANEEmbed-t.build/ANEEmbed.DependencyStaticMetadataFileList (in target 'ANEEmbed' from project 'ANEEmbed')
    cd /Users/admin/builder/spi-builder-workspace
    write-file /Users/admin/builder/spi-builder-workspace/.derivedData/Build/Intermediates.noindex/ANEEmbed.build/Debug-watchos/ANEEmbed-t.build/ANEEmbed.DependencyStaticMetadataFileList
WriteAuxiliaryFile /Users/admin/builder/spi-builder-workspace/.derivedData/Build/Intermediates.noindex/ANEEmbed.build/Debug-watchos/ANEEmbed-t.build/ANEEmbed.DependencyMetadataFileList (in target 'ANEEmbed' from project 'ANEEmbed')
    cd /Users/admin/builder/spi-builder-workspace
    write-file /Users/admin/builder/spi-builder-workspace/.derivedData/Build/Intermediates.noindex/ANEEmbed.build/Debug-watchos/ANEEmbed-t.build/ANEEmbed.DependencyMetadataFileList
WriteAuxiliaryFile /Users/admin/builder/spi-builder-workspace/.derivedData/Build/Intermediates.noindex/ANEEmbed.build/Debug-watchos/ANEEmbed-t.build/067d954cb9321f8939ed80e325cd8344.sb (in target 'ANEEmbed' from project 'ANEEmbed')
    cd /Users/admin/builder/spi-builder-workspace
    write-file /Users/admin/builder/spi-builder-workspace/.derivedData/Build/Intermediates.noindex/ANEEmbed.build/Debug-watchos/ANEEmbed-t.build/067d954cb9321f8939ed80e325cd8344.sb
WriteAuxiliaryFile /Users/admin/builder/spi-builder-workspace/.derivedData/Build/Intermediates.noindex/ANEEmbed.build/Debug-watchos/ANEEmbed-t.build/014bc7a98eeb311bdf9ff98251c82bb5.sb (in target 'ANEEmbed' from project 'ANEEmbed')
    cd /Users/admin/builder/spi-builder-workspace
    write-file /Users/admin/builder/spi-builder-workspace/.derivedData/Build/Intermediates.noindex/ANEEmbed.build/Debug-watchos/ANEEmbed-t.build/014bc7a98eeb311bdf9ff98251c82bb5.sb
MkDir /Users/admin/builder/spi-builder-workspace/.derivedData/Build/Products/Debug-watchos/ANEEmbed_ANEEmbed.bundle (in target 'ANEEmbed_ANEEmbed' from project 'ANEEmbed')
    cd /Users/admin/builder/spi-builder-workspace
    /bin/mkdir -p /Users/admin/builder/spi-builder-workspace/.derivedData/Build/Products/Debug-watchos/ANEEmbed_ANEEmbed.bundle
Copy /Users/admin/builder/spi-builder-workspace/.derivedData/Build/Intermediates.noindex/GeneratedModuleMaps-watchos/ANEEmbed.modulemap /Users/admin/builder/spi-builder-workspace/.derivedData/Build/Intermediates.noindex/ANEEmbed.build/Debug-watchos/ANEEmbed-t.build/ANEEmbed.modulemap (in target 'ANEEmbed' from project 'ANEEmbed')
    cd /Users/admin/builder/spi-builder-workspace
    builtin-copy -exclude .DS_Store -exclude CVS -exclude .svn -exclude .git -exclude .hg -resolve-src-symlinks /Users/admin/builder/spi-builder-workspace/.derivedData/Build/Intermediates.noindex/ANEEmbed.build/Debug-watchos/ANEEmbed-t.build/ANEEmbed.modulemap /Users/admin/builder/spi-builder-workspace/.derivedData/Build/Intermediates.noindex/GeneratedModuleMaps-watchos
ProcessInfoPlistFile /Users/admin/builder/spi-builder-workspace/.derivedData/Build/Products/Debug-watchos/ANEEmbed_ANEEmbed.bundle/Info.plist /Users/admin/builder/spi-builder-workspace/.derivedData/Build/Intermediates.noindex/ANEEmbed.build/Debug-watchos/ANEEmbed_ANEEmbed-b.build/empty-ANEEmbed_ANEEmbed.plist (in target 'ANEEmbed_ANEEmbed' from project 'ANEEmbed')
    cd /Users/admin/builder/spi-builder-workspace
    builtin-infoPlistUtility /Users/admin/builder/spi-builder-workspace/.derivedData/Build/Intermediates.noindex/ANEEmbed.build/Debug-watchos/ANEEmbed_ANEEmbed-b.build/empty-ANEEmbed_ANEEmbed.plist -producttype com.apple.product-type.bundle -expandbuildsettings -format binary -platform watchos -o /Users/admin/builder/spi-builder-workspace/.derivedData/Build/Products/Debug-watchos/ANEEmbed_ANEEmbed.bundle/Info.plist
CpResource /Users/admin/builder/spi-builder-workspace/.derivedData/Build/Products/Debug-watchos/ANEEmbed_ANEEmbed.bundle/vocab.txt /Users/admin/builder/spi-builder-workspace/Sources/ANEEmbed/Resources/vocab.txt (in target 'ANEEmbed_ANEEmbed' from project 'ANEEmbed')
    cd /Users/admin/builder/spi-builder-workspace
    builtin-copy -exclude .DS_Store -exclude CVS -exclude .svn -exclude .git -exclude .hg -resolve-src-symlinks /Users/admin/builder/spi-builder-workspace/Sources/ANEEmbed/Resources/vocab.txt /Users/admin/builder/spi-builder-workspace/.derivedData/Build/Products/Debug-watchos/ANEEmbed_ANEEmbed.bundle
CpResource /Users/admin/builder/spi-builder-workspace/.derivedData/Build/Products/Debug-watchos/ANEEmbed_ANEEmbed.bundle/all-MiniLM-L6-v2-quant8.mlpackage /Users/admin/builder/spi-builder-workspace/Sources/ANEEmbed/Resources/all-MiniLM-L6-v2-quant8.mlpackage (in target 'ANEEmbed_ANEEmbed' from project 'ANEEmbed')
    cd /Users/admin/builder/spi-builder-workspace
    builtin-copy -exclude .DS_Store -exclude CVS -exclude .svn -exclude .git -exclude .hg -resolve-src-symlinks /Users/admin/builder/spi-builder-workspace/Sources/ANEEmbed/Resources/all-MiniLM-L6-v2-quant8.mlpackage /Users/admin/builder/spi-builder-workspace/.derivedData/Build/Products/Debug-watchos/ANEEmbed_ANEEmbed.bundle
CoreMLModelCompile /Users/admin/builder/spi-builder-workspace/.derivedData/Build/Products/Debug-watchos/ /Users/admin/builder/spi-builder-workspace/Sources/ANEEmbed/Resources/all-MiniLM-L6-v2-quant8.mlpackage (in target 'ANEEmbed' from project 'ANEEmbed')
    cd /Users/admin/builder/spi-builder-workspace
    /usr/bin/sandbox-exec -D SCRIPT_OUTPUT_FILE_0\=/Users/admin/builder/spi-builder-workspace/.derivedData/Build/Products/Debug-watchos/all-MiniLM-L6-v2-quant8.mlmodelc -D SCRIPT_OUTPUT_FILE_1\=/Users/admin/builder/spi-builder-workspace/.derivedData/Build/Intermediates.noindex/ANEEmbed.build/Debug-watchos/ANEEmbed-t.build/all-MiniLM-L6-v2-quant8-CoreMLPartialInfo.plist -D SCRIPT_INPUT_FILE_0\=/Users/admin/builder/spi-builder-workspace/Sources/ANEEmbed/Resources/all-MiniLM-L6-v2-quant8.mlpackage -D SCRIPT_INPUT_FILE_1\=/Users/admin/builder/spi-builder-workspace/Sources/ANEEmbed/Resources/all-MiniLM-L6-v2-quant8.mlpackage -D SCRIPT_INPUT_ANCESTOR_0\=/ -D SCRIPT_INPUT_ANCESTOR_1\=/Users -D SCRIPT_INPUT_ANCESTOR_2\=/Users/admin -D SCRIPT_INPUT_ANCESTOR_3\=/Users/admin/builder -D SCRIPT_INPUT_ANCESTOR_4\=/Users/admin/builder/spi-builder-workspace -D SCRIPT_INPUT_ANCESTOR_5\=/Users/admin/builder/spi-builder-workspace/Sources -D SCRIPT_INPUT_ANCESTOR_6\=/Users/admin/builder/spi-builder-workspace/Sources/ANEEmbed -D SCRIPT_INPUT_ANCESTOR_7\=/Users/admin/builder/spi-builder-workspace/Sources/ANEEmbed/Resources -D SCRIPT_OUTPUT_ANCESTOR_0\=/ -D SCRIPT_OUTPUT_ANCESTOR_1\=/Users -D SCRIPT_OUTPUT_ANCESTOR_2\=/Users/admin -D SCRIPT_OUTPUT_ANCESTOR_3\=/Users/admin/builder -D SCRIPT_OUTPUT_ANCESTOR_4\=/Users/admin/builder/spi-builder-workspace -D SCRIPT_OUTPUT_ANCESTOR_5\=/Users/admin/builder/spi-builder-workspace/.derivedData -D SCRIPT_OUTPUT_ANCESTOR_6\=/Users/admin/builder/spi-builder-workspace/.derivedData/Build -D SCRIPT_OUTPUT_ANCESTOR_7\=/Users/admin/builder/spi-builder-workspace/.derivedData/Build/Intermediates.noindex -D SCRIPT_OUTPUT_ANCESTOR_8\=/Users/admin/builder/spi-builder-workspace/.derivedData/Build/Intermediates.noindex/ANEEmbed.build -D SCRIPT_OUTPUT_ANCESTOR_9\=/Users/admin/builder/spi-builder-workspace/.derivedData/Build/Intermediates.noindex/ANEEmbed.build/Debug-watchos -D SCRIPT_OUTPUT_ANCESTOR_10\=/Users/admin/builder/spi-builder-workspace/.derivedData/Build/Intermediates.noindex/ANEEmbed.build/Debug-watchos/ANEEmbed-t.build -D SCRIPT_OUTPUT_ANCESTOR_11\=/Users/admin/builder/spi-builder-workspace/.derivedData/Build/Products -D SCRIPT_OUTPUT_ANCESTOR_12\=/Users/admin/builder/spi-builder-workspace/.derivedData/Build/Products/Debug-watchos -D SRCROOT\=/Users/admin/builder/spi-builder-workspace -D PROJECT_DIR\=/Users/admin/builder/spi-builder-workspace -D OBJROOT\=/Users/admin/builder/spi-builder-workspace/.derivedData/Build/Intermediates.noindex -D SYMROOT\=/Users/admin/builder/spi-builder-workspace/.derivedData/Build/Products -D DSTROOT\=/tmp/ANEEmbed.dst -D SHARED_PRECOMPS_DIR\=/Users/admin/builder/spi-builder-workspace/.derivedData/Build/Intermediates.noindex/PrecompiledHeaders -D CACHE_ROOT\=/var/folders/xq/y_g06wb113726d38xsyx71_h0000gn/C/com.apple.DeveloperTools/27.0-27A266a/Xcode -D CONFIGURATION_BUILD_DIR\=/Users/admin/builder/spi-builder-workspace/.derivedData/Build/Products/Debug-watchos -D CONFIGURATION_TEMP_DIR\=/Users/admin/builder/spi-builder-workspace/.derivedData/Build/Intermediates.noindex/ANEEmbed.build/Debug-watchos -D LOCROOT\=/Users/admin/builder/spi-builder-workspace -D LOCSYMROOT\=/Users/admin/builder/spi-builder-workspace -D INDEX_PRECOMPS_DIR\=/Users/admin/builder/spi-builder-workspace/.derivedData/Index.noindex/PrecompiledHeaders -D INDEX_DATA_STORE_DIR\=/Users/admin/builder/spi-builder-workspace/.derivedData/Index.noindex/DataStore -D TEMP_DIR\=/Users/admin/builder/spi-builder-workspace/.derivedData/Build/Intermediates.noindex/ANEEmbed.build/Debug-watchos/ANEEmbed-t.build -D TARGET_TEMP_DIR\=/Users/admin/builder/spi-builder-workspace/.derivedData/Build/Intermediates.noindex/ANEEmbed.build/Debug-watchos/ANEEmbed-t.build -D DERIVED_FILE_DIR\=/Users/admin/builder/spi-builder-workspace/.derivedData/Build/Intermediates.noindex/ANEEmbed.build/Debug-watchos/ANEEmbed-t.build/DerivedSources -f /Users/admin/builder/spi-builder-workspace/.derivedData/Build/Intermediates.noindex/ANEEmbed.build/Debug-watchos/ANEEmbed-t.build/014bc7a98eeb311bdf9ff98251c82bb5.sb /Applications/Xcode-27.0.0-Release.Candidate.app/Contents/Developer/Toolchains/XcodeDefault.xctoolchain/usr/bin/coremlc compile /Users/admin/builder/spi-builder-workspace/Sources/ANEEmbed/Resources/all-MiniLM-L6-v2-quant8.mlpackage /Users/admin/builder/spi-builder-workspace/.derivedData/Build/Products/Debug-watchos/ --deployment-target 9.0 --sdkroot /Applications/Xcode-27.0.0-Release.Candidate.app/Contents/Developer/Platforms/WatchOS.platform/Developer/SDKs/WatchOS27.0.sdk --platform watchos --output-partial-info-plist /Users/admin/builder/spi-builder-workspace/.derivedData/Build/Intermediates.noindex/ANEEmbed.build/Debug-watchos/ANEEmbed-t.build/all-MiniLM-L6-v2-quant8-CoreMLPartialInfo.plist --container swift-package
coremlc: warning: compile command This model is not supported on specified deployment target of watchos 9.0. It requires 10.0 or greater
/Users/admin/builder/spi-builder-workspace/.derivedData/Build/Products/Debug-watchos/all-MiniLM-L6-v2-quant8.mlmodelc/coremldata.bin
CoreMLModelCodegen /Users/admin/builder/spi-builder-workspace/Sources/ANEEmbed/Resources/all-MiniLM-L6-v2-quant8.mlpackage (in target 'ANEEmbed' from project 'ANEEmbed')
    cd /Users/admin/builder/spi-builder-workspace
    /usr/bin/sandbox-exec -D SCRIPT_OUTPUT_FILE_0\=/Users/admin/builder/spi-builder-workspace/.derivedData/Build/Intermediates.noindex/ANEEmbed.build/Debug-watchos/ANEEmbed-t.build/DerivedSources/CoreMLGenerated/all-MiniLM-L6-v2-quant8/all-MiniLM-L6-v2-quant8.swift -D SCRIPT_INPUT_FILE_0\=/Users/admin/builder/spi-builder-workspace/Sources/ANEEmbed/Resources/all-MiniLM-L6-v2-quant8.mlpackage -D SCRIPT_INPUT_ANCESTOR_0\=/ -D SCRIPT_INPUT_ANCESTOR_1\=/Users -D SCRIPT_INPUT_ANCESTOR_2\=/Users/admin -D SCRIPT_INPUT_ANCESTOR_3\=/Users/admin/builder -D SCRIPT_INPUT_ANCESTOR_4\=/Users/admin/builder/spi-builder-workspace -D SCRIPT_INPUT_ANCESTOR_5\=/Users/admin/builder/spi-builder-workspace/Sources -D SCRIPT_INPUT_ANCESTOR_6\=/Users/admin/builder/spi-builder-workspace/Sources/ANEEmbed -D SCRIPT_INPUT_ANCESTOR_7\=/Users/admin/builder/spi-builder-workspace/Sources/ANEEmbed/Resources -D SCRIPT_OUTPUT_ANCESTOR_0\=/ -D SCRIPT_OUTPUT_ANCESTOR_1\=/Users -D SCRIPT_OUTPUT_ANCESTOR_2\=/Users/admin -D SCRIPT_OUTPUT_ANCESTOR_3\=/Users/admin/builder -D SCRIPT_OUTPUT_ANCESTOR_4\=/Users/admin/builder/spi-builder-workspace -D SCRIPT_OUTPUT_ANCESTOR_5\=/Users/admin/builder/spi-builder-workspace/.derivedData -D SCRIPT_OUTPUT_ANCESTOR_6\=/Users/admin/builder/spi-builder-workspace/.derivedData/Build -D SCRIPT_OUTPUT_ANCESTOR_7\=/Users/admin/builder/spi-builder-workspace/.derivedData/Build/Intermediates.noindex -D SCRIPT_OUTPUT_ANCESTOR_8\=/Users/admin/builder/spi-builder-workspace/.derivedData/Build/Intermediates.noindex/ANEEmbed.build -D SCRIPT_OUTPUT_ANCESTOR_9\=/Users/admin/builder/spi-builder-workspace/.derivedData/Build/Intermediates.noindex/ANEEmbed.build/Debug-watchos -D SCRIPT_OUTPUT_ANCESTOR_10\=/Users/admin/builder/spi-builder-workspace/.derivedData/Build/Intermediates.noindex/ANEEmbed.build/Debug-watchos/ANEEmbed-t.build -D SCRIPT_OUTPUT_ANCESTOR_11\=/Users/admin/builder/spi-builder-workspace/.derivedData/Build/Intermediates.noindex/ANEEmbed.build/Debug-watchos/ANEEmbed-t.build/DerivedSources -D SCRIPT_OUTPUT_ANCESTOR_12\=/Users/admin/builder/spi-builder-workspace/.derivedData/Build/Intermediates.noindex/ANEEmbed.build/Debug-watchos/ANEEmbed-t.build/DerivedSources/CoreMLGenerated -D SCRIPT_OUTPUT_ANCESTOR_13\=/Users/admin/builder/spi-builder-workspace/.derivedData/Build/Intermediates.noindex/ANEEmbed.build/Debug-watchos/ANEEmbed-t.build/DerivedSources/CoreMLGenerated/all-MiniLM-L6-v2-quant8 -D SRCROOT\=/Users/admin/builder/spi-builder-workspace -D PROJECT_DIR\=/Users/admin/builder/spi-builder-workspace -D OBJROOT\=/Users/admin/builder/spi-builder-workspace/.derivedData/Build/Intermediates.noindex -D SYMROOT\=/Users/admin/builder/spi-builder-workspace/.derivedData/Build/Products -D DSTROOT\=/tmp/ANEEmbed.dst -D SHARED_PRECOMPS_DIR\=/Users/admin/builder/spi-builder-workspace/.derivedData/Build/Intermediates.noindex/PrecompiledHeaders -D CACHE_ROOT\=/var/folders/xq/y_g06wb113726d38xsyx71_h0000gn/C/com.apple.DeveloperTools/27.0-27A266a/Xcode -D CONFIGURATION_BUILD_DIR\=/Users/admin/builder/spi-builder-workspace/.derivedData/Build/Products/Debug-watchos -D CONFIGURATION_TEMP_DIR\=/Users/admin/builder/spi-builder-workspace/.derivedData/Build/Intermediates.noindex/ANEEmbed.build/Debug-watchos -D LOCROOT\=/Users/admin/builder/spi-builder-workspace -D LOCSYMROOT\=/Users/admin/builder/spi-builder-workspace -D INDEX_PRECOMPS_DIR\=/Users/admin/builder/spi-builder-workspace/.derivedData/Index.noindex/PrecompiledHeaders -D INDEX_DATA_STORE_DIR\=/Users/admin/builder/spi-builder-workspace/.derivedData/Index.noindex/DataStore -D TEMP_DIR\=/Users/admin/builder/spi-builder-workspace/.derivedData/Build/Intermediates.noindex/ANEEmbed.build/Debug-watchos/ANEEmbed-t.build -D TARGET_TEMP_DIR\=/Users/admin/builder/spi-builder-workspace/.derivedData/Build/Intermediates.noindex/ANEEmbed.build/Debug-watchos/ANEEmbed-t.build -D DERIVED_FILE_DIR\=/Users/admin/builder/spi-builder-workspace/.derivedData/Build/Intermediates.noindex/ANEEmbed.build/Debug-watchos/ANEEmbed-t.build/DerivedSources -f /Users/admin/builder/spi-builder-workspace/.derivedData/Build/Intermediates.noindex/ANEEmbed.build/Debug-watchos/ANEEmbed-t.build/067d954cb9321f8939ed80e325cd8344.sb /Applications/Xcode-27.0.0-Release.Candidate.app/Contents/Developer/Toolchains/XcodeDefault.xctoolchain/usr/bin/coremlc generate /Users/admin/builder/spi-builder-workspace/Sources/ANEEmbed/Resources/all-MiniLM-L6-v2-quant8.mlpackage /Users/admin/builder/spi-builder-workspace/.derivedData/Build/Intermediates.noindex/ANEEmbed.build/Debug-watchos/ANEEmbed-t.build/DerivedSources/CoreMLGenerated/all-MiniLM-L6-v2-quant8 --deployment-target 9.0 --sdkroot /Applications/Xcode-27.0.0-Release.Candidate.app/Contents/Developer/Platforms/WatchOS.platform/Developer/SDKs/WatchOS27.0.sdk --platform watchos --output-partial-info-plist /Users/admin/builder/spi-builder-workspace/.derivedData/Build/Intermediates.noindex/ANEEmbed.build/Debug-watchos/ANEEmbed-t.build/all-MiniLM-L6-v2-quant8-CoreMLPartialInfo.plist --container swift-package --language Swift --swift-version 5 --public-access
coremlc: warning: generate command This model is not supported on specified deployment target of watchos 9.0. It requires 10.0 or greater
/Users/admin/builder/spi-builder-workspace/.derivedData/Build/Intermediates.noindex/ANEEmbed.build/Debug-watchos/ANEEmbed-t.build/DerivedSources/CoreMLGenerated/all-MiniLM-L6-v2-quant8/all-MiniLM-L6-v2-quant8.swift
RegisterExecutionPolicyException /Users/admin/builder/spi-builder-workspace/.derivedData/Build/Products/Debug-watchos/ANEEmbed_ANEEmbed.bundle (in target 'ANEEmbed_ANEEmbed' from project 'ANEEmbed')
    cd /Users/admin/builder/spi-builder-workspace
    builtin-RegisterExecutionPolicyException /Users/admin/builder/spi-builder-workspace/.derivedData/Build/Products/Debug-watchos/ANEEmbed_ANEEmbed.bundle
Touch /Users/admin/builder/spi-builder-workspace/.derivedData/Build/Products/Debug-watchos/ANEEmbed_ANEEmbed.bundle (in target 'ANEEmbed_ANEEmbed' from project 'ANEEmbed')
    cd /Users/admin/builder/spi-builder-workspace
    /usr/bin/touch -c /Users/admin/builder/spi-builder-workspace/.derivedData/Build/Products/Debug-watchos/ANEEmbed_ANEEmbed.bundle
SwiftDriver ANEEmbed normal arm64 com.apple.xcode.tools.swift.compiler (in target 'ANEEmbed' from project 'ANEEmbed')
    cd /Users/admin/builder/spi-builder-workspace/.swiftpm/xcode
    builtin-SwiftDriver -- /Applications/Xcode-27.0.0-Release.Candidate.app/Contents/Developer/Toolchains/XcodeDefault.xctoolchain/usr/bin/swiftc -parse-as-library -module-name ANEEmbed -Onone @/Users/admin/builder/spi-builder-workspace/.derivedData/Build/Intermediates.noindex/ANEEmbed.build/Debug-watchos/ANEEmbed-t.build/Objects-normal/arm64/ANEEmbed.SwiftFileList -DSWIFT_PACKAGE -DDEBUG -DSWIFT_MODULE_RESOURCE_BUNDLE_AVAILABLE -DXcode -plugin-path /Applications/Xcode-27.0.0-Release.Candidate.app/Contents/Developer/Toolchains/XcodeDefault.xctoolchain/usr/lib/swift/host/plugins/testing -enable-experimental-feature DebugDescriptionMacro -sdk /Applications/Xcode-27.0.0-Release.Candidate.app/Contents/Developer/Platforms/WatchOS.platform/Developer/SDKs/WatchOS27.0.sdk -target arm64-apple-watchos9.0 -g -module-cache-path /Users/admin/builder/spi-builder-workspace/.derivedData/ModuleCache.noindex -Xfrontend -serialize-debugging-options -enable-testing -index-store-path /Users/admin/builder/spi-builder-workspace/.derivedData/Index.noindex/DataStore -Xcc -D_LIBCPP_HARDENING_MODE\=_LIBCPP_HARDENING_MODE_DEBUG -swift-version 5 -I /Users/admin/builder/spi-builder-workspace/.derivedData/Build/Products/Debug-watchos -Isystem /Applications/Xcode-27.0.0-Release.Candidate.app/Contents/Developer/Platforms/WatchOS.platform/Developer/usr/lib -F /Users/admin/builder/spi-builder-workspace/.derivedData/Build/Products/Debug-watchos -F /Applications/Xcode-27.0.0-Release.Candidate.app/Contents/Developer/Platforms/WatchOS.platform/Developer/Library/Frameworks -F /Applications/Xcode-27.0.0-Release.Candidate.app/Contents/Developer/Platforms/WatchOS.platform/Developer/SDKs/WatchOS27.0.sdk/Developer/Library/Frameworks -c -j10 -enable-batch-mode -incremental -Xcc -ivfsstatcache -Xcc /Users/admin/builder/spi-builder-workspace/.derivedData/SDKStatCaches.noindex/watchos27.0-24R360-e829b21a6f8c9b70876ba0858053c04477534ef55a1706bf4c1112bbb242f0a2.sdkstatcache -output-file-map /Users/admin/builder/spi-builder-workspace/.derivedData/Build/Intermediates.noindex/ANEEmbed.build/Debug-watchos/ANEEmbed-t.build/Objects-normal/arm64/ANEEmbed-OutputFileMap.json -save-temps -no-color-diagnostics -explicit-module-build -module-cache-path /Users/admin/builder/spi-builder-workspace/.derivedData/Build/Intermediates.noindex/SwiftExplicitPrecompiledModules -clang-scanner-module-cache-path /Users/admin/builder/spi-builder-workspace/.derivedData/ModuleCache.noindex -sdk-module-cache-path /Users/admin/builder/spi-builder-workspace/.derivedData/SDKExplicitPrecompiledModules -emit-dependencies -emit-module -emit-module-path /Users/admin/builder/spi-builder-workspace/.derivedData/Build/Intermediates.noindex/ANEEmbed.build/Debug-watchos/ANEEmbed-t.build/Objects-normal/arm64/ANEEmbed.swiftmodule -serialize-diagnostics -dependency-scan-serialize-diagnostics-path /Users/admin/builder/spi-builder-workspace/.derivedData/Build/Intermediates.noindex/ANEEmbed.build/Debug-watchos/ANEEmbed-t.build/Objects-normal/arm64/ANEEmbed-dependency-scan.dia -validate-clang-modules-once -clang-build-session-file /Users/admin/builder/spi-builder-workspace/.derivedData/ModuleCache.noindex/Session.modulevalidation -Xcc -fmodules-prune-interval\=86400 -Xcc -fmodules-prune-after\=345600 -package-name spi_builder_workspace -emit-const-values -const-gather-protocols-list /Users/admin/builder/spi-builder-workspace/.derivedData/Build/Intermediates.noindex/ANEEmbed.build/Debug-watchos/ANEEmbed-t.build/Objects-normal/arm64/ANEEmbed_const_extract_protocols.json -Xcc -I/Users/admin/builder/spi-builder-workspace/.derivedData/Build/Products/Debug-watchos/include -Xcc -I/Users/admin/builder/spi-builder-workspace/.derivedData/Build/Intermediates.noindex/ANEEmbed.build/Debug-watchos/ANEEmbed-t.build/DerivedSources-normal/arm64 -Xcc -I/Users/admin/builder/spi-builder-workspace/.derivedData/Build/Intermediates.noindex/ANEEmbed.build/Debug-watchos/ANEEmbed-t.build/DerivedSources/arm64 -Xcc -I/Users/admin/builder/spi-builder-workspace/.derivedData/Build/Intermediates.noindex/ANEEmbed.build/Debug-watchos/ANEEmbed-t.build/DerivedSources -Xcc -DSWIFT_PACKAGE -Xcc -DDEBUG\=1 -emit-objc-header -emit-objc-header-path /Users/admin/builder/spi-builder-workspace/.derivedData/Build/Intermediates.noindex/ANEEmbed.build/Debug-watchos/ANEEmbed-t.build/Objects-normal/arm64/ANEEmbed-Swift.h -working-directory /Users/admin/builder/spi-builder-workspace/.swiftpm/xcode -experimental-emit-module-separately -disable-cmo
SwiftDriver ANEEmbed normal arm64_32 com.apple.xcode.tools.swift.compiler (in target 'ANEEmbed' from project 'ANEEmbed')
    cd /Users/admin/builder/spi-builder-workspace/.swiftpm/xcode
    builtin-SwiftDriver -- /Applications/Xcode-27.0.0-Release.Candidate.app/Contents/Developer/Toolchains/XcodeDefault.xctoolchain/usr/bin/swiftc -parse-as-library -module-name ANEEmbed -Onone @/Users/admin/builder/spi-builder-workspace/.derivedData/Build/Intermediates.noindex/ANEEmbed.build/Debug-watchos/ANEEmbed-t.build/Objects-normal/arm64_32/ANEEmbed.SwiftFileList -DSWIFT_PACKAGE -DDEBUG -DSWIFT_MODULE_RESOURCE_BUNDLE_AVAILABLE -DXcode -plugin-path /Applications/Xcode-27.0.0-Release.Candidate.app/Contents/Developer/Toolchains/XcodeDefault.xctoolchain/usr/lib/swift/host/plugins/testing -enable-experimental-feature DebugDescriptionMacro -sdk /Applications/Xcode-27.0.0-Release.Candidate.app/Contents/Developer/Platforms/WatchOS.platform/Developer/SDKs/WatchOS27.0.sdk -target arm64_32-apple-watchos9.0 -g -module-cache-path /Users/admin/builder/spi-builder-workspace/.derivedData/ModuleCache.noindex -Xfrontend -serialize-debugging-options -enable-testing -index-store-path /Users/admin/builder/spi-builder-workspace/.derivedData/Index.noindex/DataStore -Xcc -D_LIBCPP_HARDENING_MODE\=_LIBCPP_HARDENING_MODE_DEBUG -swift-version 5 -I /Users/admin/builder/spi-builder-workspace/.derivedData/Build/Products/Debug-watchos -Isystem /Applications/Xcode-27.0.0-Release.Candidate.app/Contents/Developer/Platforms/WatchOS.platform/Developer/usr/lib -F /Users/admin/builder/spi-builder-workspace/.derivedData/Build/Products/Debug-watchos -F /Applications/Xcode-27.0.0-Release.Candidate.app/Contents/Developer/Platforms/WatchOS.platform/Developer/Library/Frameworks -F /Applications/Xcode-27.0.0-Release.Candidate.app/Contents/Developer/Platforms/WatchOS.platform/Developer/SDKs/WatchOS27.0.sdk/Developer/Library/Frameworks -c -j10 -enable-batch-mode -incremental -Xcc -ivfsstatcache -Xcc /Users/admin/builder/spi-builder-workspace/.derivedData/SDKStatCaches.noindex/watchos27.0-24R360-e829b21a6f8c9b70876ba0858053c04477534ef55a1706bf4c1112bbb242f0a2.sdkstatcache -output-file-map /Users/admin/builder/spi-builder-workspace/.derivedData/Build/Intermediates.noindex/ANEEmbed.build/Debug-watchos/ANEEmbed-t.build/Objects-normal/arm64_32/ANEEmbed-OutputFileMap.json -save-temps -no-color-diagnostics -explicit-module-build -module-cache-path /Users/admin/builder/spi-builder-workspace/.derivedData/Build/Intermediates.noindex/SwiftExplicitPrecompiledModules -clang-scanner-module-cache-path /Users/admin/builder/spi-builder-workspace/.derivedData/ModuleCache.noindex -sdk-module-cache-path /Users/admin/builder/spi-builder-workspace/.derivedData/SDKExplicitPrecompiledModules -emit-dependencies -emit-module -emit-module-path /Users/admin/builder/spi-builder-workspace/.derivedData/Build/Intermediates.noindex/ANEEmbed.build/Debug-watchos/ANEEmbed-t.build/Objects-normal/arm64_32/ANEEmbed.swiftmodule -serialize-diagnostics -dependency-scan-serialize-diagnostics-path /Users/admin/builder/spi-builder-workspace/.derivedData/Build/Intermediates.noindex/ANEEmbed.build/Debug-watchos/ANEEmbed-t.build/Objects-normal/arm64_32/ANEEmbed-dependency-scan.dia -validate-clang-modules-once -clang-build-session-file /Users/admin/builder/spi-builder-workspace/.derivedData/ModuleCache.noindex/Session.modulevalidation -Xcc -fmodules-prune-interval\=86400 -Xcc -fmodules-prune-after\=345600 -package-name spi_builder_workspace -emit-const-values -const-gather-protocols-list /Users/admin/builder/spi-builder-workspace/.derivedData/Build/Intermediates.noindex/ANEEmbed.build/Debug-watchos/ANEEmbed-t.build/Objects-normal/arm64_32/ANEEmbed_const_extract_protocols.json -Xcc -I/Users/admin/builder/spi-builder-workspace/.derivedData/Build/Products/Debug-watchos/include -Xcc -I/Users/admin/builder/spi-builder-workspace/.derivedData/Build/Intermediates.noindex/ANEEmbed.build/Debug-watchos/ANEEmbed-t.build/DerivedSources-normal/arm64_32 -Xcc -I/Users/admin/builder/spi-builder-workspace/.derivedData/Build/Intermediates.noindex/ANEEmbed.build/Debug-watchos/ANEEmbed-t.build/DerivedSources/arm64_32 -Xcc -I/Users/admin/builder/spi-builder-workspace/.derivedData/Build/Intermediates.noindex/ANEEmbed.build/Debug-watchos/ANEEmbed-t.build/DerivedSources -Xcc -DSWIFT_PACKAGE -Xcc -DDEBUG\=1 -emit-objc-header -emit-objc-header-path /Users/admin/builder/spi-builder-workspace/.derivedData/Build/Intermediates.noindex/ANEEmbed.build/Debug-watchos/ANEEmbed-t.build/Objects-normal/arm64_32/ANEEmbed-Swift.h -working-directory /Users/admin/builder/spi-builder-workspace/.swiftpm/xcode -experimental-emit-module-separately -disable-cmo
SwiftExplicitDependencyGeneratePcm arm64_32 /Users/admin/builder/spi-builder-workspace/.derivedData/SDKExplicitPrecompiledModules/_Builtin_stdarg-D305JG44A2WPI6CJY37X3QJE8.pcm
SwiftExplicitDependencyGeneratePcm arm64_32 /Users/admin/builder/spi-builder-workspace/.derivedData/SDKExplicitPrecompiledModules/SwiftShims-9CQQGWTSNTN9EB5NSHDWUJICH.pcm
SwiftExplicitDependencyGeneratePcm arm64_32 /Users/admin/builder/spi-builder-workspace/.derivedData/SDKExplicitPrecompiledModules/ptrauth-BFXF358ME5AK535N5A9Z766WU.pcm
SwiftExplicitDependencyGeneratePcm arm64_32 /Users/admin/builder/spi-builder-workspace/.derivedData/SDKExplicitPrecompiledModules/_SwiftConcurrencyShims-6RTBPQ03V7BM9SPRK8SUE055H.pcm
SwiftExplicitDependencyGeneratePcm arm64_32 /Users/admin/builder/spi-builder-workspace/.derivedData/SDKExplicitPrecompiledModules/_AvailabilityInternal-244WAN3Z1QBT7PIA64EZEFY1R.pcm
SwiftExplicitDependencyGeneratePcm arm64_32 /Users/admin/builder/spi-builder-workspace/.derivedData/SDKExplicitPrecompiledModules/_Builtin_float-6KO8O3PEWRCA4WC6PPLOYO6WJ.pcm
SwiftExplicitDependencyGeneratePcm arm64_32 /Users/admin/builder/spi-builder-workspace/.derivedData/SDKExplicitPrecompiledModules/ptrcheck-7ELIH9BTIGVKX3UBITM9N72WD.pcm
SwiftExplicitDependencyGeneratePcm arm64_32 /Users/admin/builder/spi-builder-workspace/.derivedData/SDKExplicitPrecompiledModules/_Builtin_stdbool-A967K8W8YUYEC9SN52KJ7OO88.pcm
SwiftExplicitDependencyGeneratePcm arm64_32 /Users/admin/builder/spi-builder-workspace/.derivedData/SDKExplicitPrecompiledModules/_Builtin_stddef-H44EFHQX6XSS5MZ7QP6YJZ76.pcm
SwiftExplicitDependencyGeneratePcm arm64 /Users/admin/builder/spi-builder-workspace/.derivedData/SDKExplicitPrecompiledModules/_AvailabilityInternal-BUNV3UXM65NT37THI4W1AM0SF.pcm
SwiftExplicitDependencyGeneratePcm arm64 /Users/admin/builder/spi-builder-workspace/.derivedData/SDKExplicitPrecompiledModules/_Builtin_stddef-1FU30Y8SWFB7OUUHMJQH5J6FM.pcm
SwiftExplicitDependencyGeneratePcm arm64 /Users/admin/builder/spi-builder-workspace/.derivedData/SDKExplicitPrecompiledModules/_Builtin_float-C0CW5Q4HGBQYKE77TC42IAFB5.pcm
SwiftExplicitDependencyGeneratePcm arm64 /Users/admin/builder/spi-builder-workspace/.derivedData/SDKExplicitPrecompiledModules/_SwiftConcurrencyShims-659N52XSKR5F0QSB880BH2FJR.pcm
SwiftExplicitDependencyGeneratePcm arm64 /Users/admin/builder/spi-builder-workspace/.derivedData/SDKExplicitPrecompiledModules/_Builtin_stdbool-83J96QSOFE9VX04AAS6310UAE.pcm
SwiftExplicitDependencyGeneratePcm arm64 /Users/admin/builder/spi-builder-workspace/.derivedData/SDKExplicitPrecompiledModules/ptrauth-3TZ9WJCGLYD25HQPWH4968ONX.pcm
SwiftExplicitDependencyGeneratePcm arm64 /Users/admin/builder/spi-builder-workspace/.derivedData/SDKExplicitPrecompiledModules/ptrcheck-AIF0NDOYZ8ORBNHQAQR5NNB8M.pcm
SwiftExplicitDependencyGeneratePcm arm64 /Users/admin/builder/spi-builder-workspace/.derivedData/SDKExplicitPrecompiledModules/SwiftShims-4MXFZPV6FEB0XBYXCGPWAMQGL.pcm
SwiftExplicitDependencyGeneratePcm arm64 /Users/admin/builder/spi-builder-workspace/.derivedData/SDKExplicitPrecompiledModules/_Builtin_stdarg-A7UU8LE6MP85SM26YO7PBZNUQ.pcm
SwiftExplicitDependencyGeneratePcm arm64_32 /Users/admin/builder/spi-builder-workspace/.derivedData/SDKExplicitPrecompiledModules/_DarwinFoundation1-2GWF9RFMPLQW4PDHS3NARVI3G.pcm
SwiftExplicitDependencyGeneratePcm arm64 /Users/admin/builder/spi-builder-workspace/.derivedData/SDKExplicitPrecompiledModules/_DarwinFoundation1-7SPX3MD0HMP55E4OLNCPNDQ53.pcm
SwiftExplicitDependencyGeneratePcm arm64_32 /Users/admin/builder/spi-builder-workspace/.derivedData/SDKExplicitPrecompiledModules/_Builtin_limits-3VKBU2AFTD65PAJZ5CJ3LHFM2.pcm
SwiftExplicitDependencyGeneratePcm arm64_32 /Users/admin/builder/spi-builder-workspace/.derivedData/SDKExplicitPrecompiledModules/_DarwinFoundation2-9MY8GOSYRO0M9MKNXF6D3MBNK.pcm
SwiftExplicitDependencyGeneratePcm arm64 /Users/admin/builder/spi-builder-workspace/.derivedData/SDKExplicitPrecompiledModules/_Builtin_limits-9GWPA2B0H20DYUNYHYCWKABJG.pcm
SwiftExplicitDependencyGeneratePcm arm64 /Users/admin/builder/spi-builder-workspace/.derivedData/SDKExplicitPrecompiledModules/_DarwinFoundation2-D0XAPJU49S5E9XMKYOFGSTB1Q.pcm
SwiftExplicitDependencyGeneratePcm arm64_32 /Users/admin/builder/spi-builder-workspace/.derivedData/SDKExplicitPrecompiledModules/sys_types-8TLLMW08ZJWDGIIPKOYFGHHZW.pcm
SwiftExplicitDependencyGeneratePcm arm64_32 /Users/admin/builder/spi-builder-workspace/.derivedData/SDKExplicitPrecompiledModules/_Builtin_stdint-1HMXWI3V0V4TXHRWZOMZGZ80Y.pcm
SwiftExplicitDependencyGeneratePcm arm64_32 /Users/admin/builder/spi-builder-workspace/.derivedData/SDKExplicitPrecompiledModules/string_h-BFVLUQUSBZWYMLCU9QI7VZALW.pcm
SwiftExplicitDependencyGeneratePcm arm64 /Users/admin/builder/spi-builder-workspace/.derivedData/SDKExplicitPrecompiledModules/string_h-E6PRXK75PHIPCZFWOFCQ3QBMK.pcm
SwiftExplicitDependencyGeneratePcm arm64 /Users/admin/builder/spi-builder-workspace/.derivedData/SDKExplicitPrecompiledModules/sys_types-2KXQLI78OUCDP779AE68GZJ2.pcm
SwiftExplicitDependencyGeneratePcm arm64 /Users/admin/builder/spi-builder-workspace/.derivedData/SDKExplicitPrecompiledModules/_Builtin_stdint-8XMILLJZEGRN2XG7XZUXZ5RLX.pcm
SwiftExplicitDependencyGeneratePcm arm64_32 /Users/admin/builder/spi-builder-workspace/.derivedData/SDKExplicitPrecompiledModules/_DarwinFoundation3-3DUTYQDQSD9HUAAVY947NMWOI.pcm
SwiftExplicitDependencyGeneratePcm arm64 /Users/admin/builder/spi-builder-workspace/.derivedData/SDKExplicitPrecompiledModules/_DarwinFoundation3-B97LRG0E9GON2NUE65TVG81HU.pcm
SwiftExplicitDependencyGeneratePcm arm64_32 /Users/admin/builder/spi-builder-workspace/.derivedData/SDKExplicitPrecompiledModules/_Builtin_inttypes-D2KPCR4PEX9AQA33NGLUT5SBR.pcm
SwiftExplicitDependencyGeneratePcm arm64 /Users/admin/builder/spi-builder-workspace/.derivedData/SDKExplicitPrecompiledModules/_Builtin_inttypes-3UQSCM7WNM9EK4HZML8TY5J3D.pcm
SwiftExplicitDependencyGeneratePcm arm64_32 /Users/admin/builder/spi-builder-workspace/.derivedData/SDKExplicitPrecompiledModules/Darwin-3FVT1SKLN2ZQ5RVOABMTQBB34.pcm
SwiftExplicitDependencyGeneratePcm arm64 /Users/admin/builder/spi-builder-workspace/.derivedData/SDKExplicitPrecompiledModules/Darwin-3984OXKFNSPE77NT743WK8SEX.pcm
SwiftExplicitDependencyGeneratePcm arm64_32 /Users/admin/builder/spi-builder-workspace/.derivedData/SDKExplicitPrecompiledModules/ObjectiveC-6IJNELR2E80E7LUKESVCP2KET.pcm
SwiftExplicitDependencyGeneratePcm arm64 /Users/admin/builder/spi-builder-workspace/.derivedData/SDKExplicitPrecompiledModules/ObjectiveC-72IVD3VS2RS8Q28D9PIMY0KQP.pcm
SwiftExplicitDependencyGeneratePcm arm64_32 /Users/admin/builder/spi-builder-workspace/.derivedData/SDKExplicitPrecompiledModules/os_object-5YWTC6L4756IWSTPGXS5NM0D0.pcm
SwiftExplicitDependencyGeneratePcm arm64 /Users/admin/builder/spi-builder-workspace/.derivedData/SDKExplicitPrecompiledModules/os_object-3SDKD7F87FTZ26OON37DRYT6O.pcm
SwiftExplicitDependencyGeneratePcm arm64_32 /Users/admin/builder/spi-builder-workspace/.derivedData/SDKExplicitPrecompiledModules/os_workgroup-5JHTPDMNBUNHLJI8LPHKQK1JK.pcm
SwiftExplicitDependencyGeneratePcm arm64 /Users/admin/builder/spi-builder-workspace/.derivedData/SDKExplicitPrecompiledModules/os_workgroup-89GG5G7YC2D0ZTK6AZXXQ20DH.pcm
SwiftExplicitDependencyGeneratePcm arm64_32 /Users/admin/builder/spi-builder-workspace/.derivedData/SDKExplicitPrecompiledModules/Dispatch-2P62F1T4XV63S4P99TUDTOK2Q.pcm
SwiftExplicitDependencyGeneratePcm arm64 /Users/admin/builder/spi-builder-workspace/.derivedData/SDKExplicitPrecompiledModules/Dispatch-1NLJOVAK60XP0DUB05XA59EIM.pcm
SwiftExplicitDependencyGeneratePcm arm64_32 /Users/admin/builder/spi-builder-workspace/.derivedData/SDKExplicitPrecompiledModules/CoreFoundation-8E6Y4BA3EXYKUGJ24GT9LGV3N.pcm
SwiftExplicitDependencyGeneratePcm arm64_32 /Users/admin/builder/spi-builder-workspace/.derivedData/SDKExplicitPrecompiledModules/XPC-81Y45QFY96XYYFCW2GT6FY8S4.pcm
SwiftExplicitDependencyGeneratePcm arm64 /Users/admin/builder/spi-builder-workspace/.derivedData/SDKExplicitPrecompiledModules/CoreFoundation-8T2L24YC5NU7WO6WQJWRY7W08.pcm
SwiftExplicitDependencyGeneratePcm arm64 /Users/admin/builder/spi-builder-workspace/.derivedData/SDKExplicitPrecompiledModules/XPC-40DR0X1DHKGCV4J1IOLFS8MOU.pcm
SwiftExplicitDependencyGeneratePcm arm64_32 /Users/admin/builder/spi-builder-workspace/.derivedData/SDKExplicitPrecompiledModules/Security-D7TOWF88VWF67TB9HAFP5UWB1.pcm
SwiftExplicitDependencyGeneratePcm arm64_32 /Users/admin/builder/spi-builder-workspace/.derivedData/SDKExplicitPrecompiledModules/CoreGraphics-9FDXYX6BKBUT6TJ2VF819E7T5.pcm
SwiftExplicitDependencyGeneratePcm arm64 /Users/admin/builder/spi-builder-workspace/.derivedData/SDKExplicitPrecompiledModules/Security-6RZ6YBRU8WCUHRFFRVUK5WKMM.pcm
SwiftExplicitDependencyGeneratePcm arm64 /Users/admin/builder/spi-builder-workspace/.derivedData/SDKExplicitPrecompiledModules/CoreGraphics-DWNZ73GEH98SBJXZ7DEXB420K.pcm
SwiftExplicitDependencyGeneratePcm arm64_32 /Users/admin/builder/spi-builder-workspace/.derivedData/SDKExplicitPrecompiledModules/Foundation-BJ2VQGI3OGR34500MEQ1VKHPH.pcm
SwiftExplicitDependencyGeneratePcm arm64_32 /Users/admin/builder/spi-builder-workspace/.derivedData/SDKExplicitPrecompiledModules/CoreVideo-2P8HI0403J99LBDPKNFJ5D4DL.pcm
SwiftExplicitDependencyGeneratePcm arm64_32 /Users/admin/builder/spi-builder-workspace/.derivedData/SDKExplicitPrecompiledModules/ImageIO-2Y4S05VUFWLNTRW92S35BUMG8.pcm
SwiftExplicitDependencyGeneratePcm arm64 /Users/admin/builder/spi-builder-workspace/.derivedData/SDKExplicitPrecompiledModules/Foundation-DLBKUSGXN8QHAT8W0OARR9S8A.pcm
SwiftExplicitDependencyGeneratePcm arm64 /Users/admin/builder/spi-builder-workspace/.derivedData/SDKExplicitPrecompiledModules/ImageIO-208F4GO13XRG67XXLAMH07N4X.pcm
SwiftExplicitDependencyGeneratePcm arm64 /Users/admin/builder/spi-builder-workspace/.derivedData/SDKExplicitPrecompiledModules/CoreVideo-8MRR5MNWUOAW2DBPGUQ8FKK4.pcm
SwiftExplicitDependencyGeneratePcm arm64_32 /Users/admin/builder/spi-builder-workspace/.derivedData/SDKExplicitPrecompiledModules/CoreML-BTANJPQOKEJF4X1ID6TTJCWEW.pcm
SwiftExplicitDependencyGeneratePcm arm64_32 /Users/admin/builder/spi-builder-workspace/.derivedData/SDKExplicitPrecompiledModules/UniformTypeIdentifiers-CJZ3NTHPSBH4XWX5EVOG56UZS.pcm
SwiftExplicitDependencyGeneratePcm arm64 /Users/admin/builder/spi-builder-workspace/.derivedData/SDKExplicitPrecompiledModules/CoreML-9IMR58NS6CRUNQL5H60RIBDD8.pcm
SwiftExplicitDependencyGeneratePcm arm64 /Users/admin/builder/spi-builder-workspace/.derivedData/SDKExplicitPrecompiledModules/UniformTypeIdentifiers-8L08Q8DQJV8C4AW84YVGFGTRN.pcm
SwiftCompile normal arm64_32 Compiling\ Embedder.swift /Users/admin/builder/spi-builder-workspace/Sources/ANEEmbed/Embedder.swift (in target 'ANEEmbed' from project 'ANEEmbed')
SwiftCompile normal arm64_32 /Users/admin/builder/spi-builder-workspace/Sources/ANEEmbed/Embedder.swift (in target 'ANEEmbed' from project 'ANEEmbed')
    cd /Users/admin/builder/spi-builder-workspace/.swiftpm/xcode
    builtin-SwiftPerFileCompile Embedder.swift
/Users/admin/builder/spi-builder-workspace/Sources/ANEEmbed/Embedder.swift:33:39: error: 'compileModel(at:)' is unavailable in watchOS
31 |         }
32 |
33 |         let compiledURL = try MLModel.compileModel(at: mlpackageURL)
   |                                       `- error: 'compileModel(at:)' is unavailable in watchOS
34 |         let config = MLModelConfiguration()
35 |         config.computeUnits = .cpuAndNeuralEngine
/Applications/Xcode-27.0.0-Release.Candidate.app/Contents/Developer/Platforms/WatchOS.platform/Developer/SDKs/WatchOS27.0.sdk/System/Library/Frameworks/CoreML.framework/Headers/MLModel+MLModelCompilation.h:35:1: note: 'compileModel(at:)' has been explicitly marked unavailable here
33 |  *
34 |  */
35 | + (nullable NSURL *)compileModelAtURL:(NSURL *)modelURL
   | `- note: 'compileModel(at:)' has been explicitly marked unavailable here
36 |                                 error:(NSError **)error
37 |                                 API_UNAVAILABLE(watchos)
Failed frontend command:
/Applications/Xcode-27.0.0-Release.Candidate.app/Contents/Developer/Toolchains/XcodeDefault.xctoolchain/usr/bin/swift-frontend -frontend -c /Users/admin/builder/spi-builder-workspace/.derivedData/Build/Intermediates.noindex/ANEEmbed.build/Debug-watchos/ANEEmbed-t.build/DerivedSources/resource_bundle_accessor.swift /Users/admin/builder/spi-builder-workspace/Sources/ANEEmbed/BertTokenizer.swift -primary-file /Users/admin/builder/spi-builder-workspace/Sources/ANEEmbed/Embedder.swift /Users/admin/builder/spi-builder-workspace/.derivedData/Build/Intermediates.noindex/ANEEmbed.build/Debug-watchos/ANEEmbed-t.build/DerivedSources/CoreMLGenerated/all-MiniLM-L6-v2-quant8/all-MiniLM-L6-v2-quant8.swift -emit-dependencies-path /Users/admin/builder/spi-builder-workspace/.derivedData/Build/Intermediates.noindex/ANEEmbed.build/Debug-watchos/ANEEmbed-t.build/Objects-normal/arm64_32/Embedder.d -emit-const-values-path /Users/admin/builder/spi-builder-workspace/.derivedData/Build/Intermediates.noindex/ANEEmbed.build/Debug-watchos/ANEEmbed-t.build/Objects-normal/arm64_32/Embedder.swiftconstvalues -emit-reference-dependencies-path /Users/admin/builder/spi-builder-workspace/.derivedData/Build/Intermediates.noindex/ANEEmbed.build/Debug-watchos/ANEEmbed-t.build/Objects-normal/arm64_32/Embedder.swiftdeps -serialize-diagnostics-path /Users/admin/builder/spi-builder-workspace/.derivedData/Build/Intermediates.noindex/ANEEmbed.build/Debug-watchos/ANEEmbed-t.build/Objects-normal/arm64_32/Embedder.dia -target arm64_32-apple-watchos9.0 -disable-cross-import-overlay-search -load-resolved-plugin /Applications/Xcode-27.0.0-Release.Candidate.app/Contents/Developer/Platforms/WatchOS.platform/Developer/usr/lib/swift/host/plugins/libFoundationMacros.dylib\#/Applications/Xcode-27.0.0-Release.Candidate.app/Contents/Developer/Platforms/WatchOS.platform/Developer/usr/bin/swift-plugin-server\#FoundationMacros -load-resolved-plugin /Applications/Xcode-27.0.0-Release.Candidate.app/Contents/Developer/Platforms/WatchOS.platform/Developer/usr/lib/swift/host/plugins/libObservationMacros.dylib\#/Applications/Xcode-27.0.0-Release.Candidate.app/Contents/Developer/Platforms/WatchOS.platform/Developer/usr/bin/swift-plugin-server\#ObservationMacros -load-resolved-plugin /Applications/Xcode-27.0.0-Release.Candidate.app/Contents/Developer/Platforms/WatchOS.platform/Developer/usr/lib/swift/host/plugins/libSwiftMacros.dylib\#/Applications/Xcode-27.0.0-Release.Candidate.app/Contents/Developer/Platforms/WatchOS.platform/Developer/usr/bin/swift-plugin-server\#SwiftMacros -disable-implicit-swift-modules -Xcc -fno-implicit-modules -Xcc -fno-implicit-module-maps -explicit-swift-module-map-file /Users/admin/builder/spi-builder-workspace/.derivedData/Build/Intermediates.noindex/ANEEmbed.build/Debug-watchos/ANEEmbed-t.build/Objects-normal/arm64_32/ANEEmbed-dependencies-2.json -enable-objc-interop -sdk /Applications/Xcode-27.0.0-Release.Candidate.app/Contents/Developer/Platforms/WatchOS.platform/Developer/SDKs/WatchOS27.0.sdk -I /Users/admin/builder/spi-builder-workspace/.derivedData/Build/Products/Debug-watchos -Isystem /Applications/Xcode-27.0.0-Release.Candidate.app/Contents/Developer/Platforms/WatchOS.platform/Developer/usr/lib -F /Users/admin/builder/spi-builder-workspace/.derivedData/Build/Products/Debug-watchos -F /Applications/Xcode-27.0.0-Release.Candidate.app/Contents/Developer/Platforms/WatchOS.platform/Developer/Library/Frameworks -F /Applications/Xcode-27.0.0-Release.Candidate.app/Contents/Developer/Platforms/WatchOS.platform/Developer/SDKs/WatchOS27.0.sdk/Developer/Library/Frameworks -module-cache-path /Users/admin/builder/spi-builder-workspace/.derivedData/Build/Intermediates.noindex/SwiftExplicitPrecompiledModules -no-color-diagnostics -Xcc -fno-color-diagnostics -enable-testing -g -debug-info-format\=dwarf -dwarf-version\=4 -swift-version 5 -Onone -D SWIFT_PACKAGE -D DEBUG -D SWIFT_MODULE_RESOURCE_BUNDLE_AVAILABLE -D Xcode -serialize-debugging-options -enable-experimental-feature DebugDescriptionMacro -empty-abi-descriptor -validate-clang-modules-once -clang-build-session-file /Users/admin/builder/spi-builder-workspace/.derivedData/ModuleCache.noindex/Session.modulevalidation -Xcc -working-directory -Xcc /Users/admin/builder/spi-builder-workspace/.swiftpm/xcode -enable-anonymous-context-mangled-names -file-compilation-dir /Users/admin/builder/spi-builder-workspace/.swiftpm/xcode -Xcc -D_LIBCPP_HARDENING_MODE\=_LIBCPP_HARDENING_MODE_DEBUG -Xcc -ivfsstatcache -Xcc /Users/admin/builder/spi-builder-workspace/.derivedData/SDKStatCaches.noindex/watchos27.0-24R360-e829b21a6f8c9b70876ba0858053c04477534ef55a1706bf4c1112bbb242f0a2.sdkstatcache -Xcc -fmodules-prune-interval\=86400 -Xcc -fmodules-prune-after\=345600 -Xcc -I/Users/admin/builder/spi-builder-workspace/.derivedData/Build/Products/Debug-watchos/include -Xcc -I/Users/admin/builder/spi-builder-workspace/.derivedData/Build/Intermediates.noindex/ANEEmbed.build/Debug-watchos/ANEEmbed-t.build/DerivedSources-normal/arm64_32 -Xcc -I/Users/admin/builder/spi-builder-workspace/.derivedData/Build/Intermediates.noindex/ANEEmbed.build/Debug-watchos/ANEEmbed-t.build/DerivedSources/arm64_32 -Xcc -I/Users/admin/builder/spi-builder-workspace/.derivedData/Build/Intermediates.noindex/ANEEmbed.build/Debug-watchos/ANEEmbed-t.build/DerivedSources -Xcc -DSWIFT_PACKAGE -Xcc -DDEBUG\=1 -no-auto-bridging-header-chaining -module-name ANEEmbed -package-name spi_builder_workspace -const-gather-protocols-file /Users/admin/builder/spi-builder-workspace/.derivedData/Build/Intermediates.noindex/ANEEmbed.build/Debug-watchos/ANEEmbed-t.build/Objects-normal/arm64_32/ANEEmbed_const_extract_protocols.json -disable-clang-spi -clang-target arm64_32-apple-watchos27.0 -target-sdk-version 27.0 -target-sdk-name watchos27.0 -in-process-plugin-server-path /Applications/Xcode-27.0.0-Release.Candidate.app/Contents/Developer/Toolchains/XcodeDefault.xctoolchain/usr/lib/swift/host/libSwiftInProcPluginServer.dylib -parse-as-library -o /Users/admin/builder/spi-builder-workspace/.derivedData/Build/Intermediates.noindex/ANEEmbed.build/Debug-watchos/ANEEmbed-t.build/Objects-normal/arm64_32/Embedder.o -debug-module-path /Users/admin/builder/spi-builder-workspace/.derivedData/Build/Intermediates.noindex/ANEEmbed.build/Debug-watchos/ANEEmbed-t.build/Objects-normal/arm64_32/ANEEmbed.swiftmodule -index-unit-output-path /ANEEmbed.build/Debug-watchos/ANEEmbed-t.build/Objects-normal/arm64_32/Embedder.o -index-store-path /Users/admin/builder/spi-builder-workspace/.derivedData/Index.noindex/DataStore -index-system-modules
SwiftCompile normal arm64_32 Compiling\ all-MiniLM-L6-v2-quant8.swift /Users/admin/builder/spi-builder-workspace/.derivedData/Build/Intermediates.noindex/ANEEmbed.build/Debug-watchos/ANEEmbed-t.build/DerivedSources/CoreMLGenerated/all-MiniLM-L6-v2-quant8/all-MiniLM-L6-v2-quant8.swift (in target 'ANEEmbed' from project 'ANEEmbed')
SwiftCompile normal arm64_32 /Users/admin/builder/spi-builder-workspace/.derivedData/Build/Intermediates.noindex/ANEEmbed.build/Debug-watchos/ANEEmbed-t.build/DerivedSources/CoreMLGenerated/all-MiniLM-L6-v2-quant8/all-MiniLM-L6-v2-quant8.swift (in target 'ANEEmbed' from project 'ANEEmbed')
    cd /Users/admin/builder/spi-builder-workspace/.swiftpm/xcode
    builtin-SwiftPerFileCompile all-MiniLM-L6-v2-quant8.swift
SwiftEmitModule normal arm64_32 Emitting\ module\ for\ ANEEmbed (in target 'ANEEmbed' from project 'ANEEmbed')
SwiftCompile normal arm64_32 (in target 'ANEEmbed' from project 'ANEEmbed')
    cd /Users/admin/builder/spi-builder-workspace/.swiftpm/xcode

SwiftCompile normal arm64_32 Compiling\ BertTokenizer.swift /Users/admin/builder/spi-builder-workspace/Sources/ANEEmbed/BertTokenizer.swift (in target 'ANEEmbed' from project 'ANEEmbed')
SwiftCompile normal arm64_32 /Users/admin/builder/spi-builder-workspace/Sources/ANEEmbed/BertTokenizer.swift (in target 'ANEEmbed' from project 'ANEEmbed')
    cd /Users/admin/builder/spi-builder-workspace/.swiftpm/xcode
    builtin-SwiftPerFileCompile BertTokenizer.swift
SwiftCompile normal arm64_32 Compiling\ resource_bundle_accessor.swift /Users/admin/builder/spi-builder-workspace/.derivedData/Build/Intermediates.noindex/ANEEmbed.build/Debug-watchos/ANEEmbed-t.build/DerivedSources/resource_bundle_accessor.swift (in target 'ANEEmbed' from project 'ANEEmbed')
SwiftCompile normal arm64_32 /Users/admin/builder/spi-builder-workspace/.derivedData/Build/Intermediates.noindex/ANEEmbed.build/Debug-watchos/ANEEmbed-t.build/DerivedSources/resource_bundle_accessor.swift (in target 'ANEEmbed' from project 'ANEEmbed')
    cd /Users/admin/builder/spi-builder-workspace/.swiftpm/xcode
    builtin-SwiftPerFileCompile resource_bundle_accessor.swift
SwiftEmitModule normal arm64 Emitting\ module\ for\ ANEEmbed (in target 'ANEEmbed' from project 'ANEEmbed')
SwiftCompile normal arm64 (in target 'ANEEmbed' from project 'ANEEmbed')
    cd /Users/admin/builder/spi-builder-workspace/.swiftpm/xcode

SwiftCompile normal arm64 Compiling\ all-MiniLM-L6-v2-quant8.swift /Users/admin/builder/spi-builder-workspace/.derivedData/Build/Intermediates.noindex/ANEEmbed.build/Debug-watchos/ANEEmbed-t.build/DerivedSources/CoreMLGenerated/all-MiniLM-L6-v2-quant8/all-MiniLM-L6-v2-quant8.swift (in target 'ANEEmbed' from project 'ANEEmbed')
SwiftCompile normal arm64 /Users/admin/builder/spi-builder-workspace/.derivedData/Build/Intermediates.noindex/ANEEmbed.build/Debug-watchos/ANEEmbed-t.build/DerivedSources/CoreMLGenerated/all-MiniLM-L6-v2-quant8/all-MiniLM-L6-v2-quant8.swift (in target 'ANEEmbed' from project 'ANEEmbed')
    cd /Users/admin/builder/spi-builder-workspace/.swiftpm/xcode
    builtin-SwiftPerFileCompile all-MiniLM-L6-v2-quant8.swift
SwiftCompile normal arm64 Compiling\ Embedder.swift /Users/admin/builder/spi-builder-workspace/Sources/ANEEmbed/Embedder.swift (in target 'ANEEmbed' from project 'ANEEmbed')
/Users/admin/builder/spi-builder-workspace/Sources/ANEEmbed/Embedder.swift:33:39: error: 'compileModel(at:)' is unavailable in watchOS
31 |         }
32 |
33 |         let compiledURL = try MLModel.compileModel(at: mlpackageURL)
   |                                       `- error: 'compileModel(at:)' is unavailable in watchOS
34 |         let config = MLModelConfiguration()
35 |         config.computeUnits = .cpuAndNeuralEngine
/Applications/Xcode-27.0.0-Release.Candidate.app/Contents/Developer/Platforms/WatchOS.platform/Developer/SDKs/WatchOS27.0.sdk/System/Library/Frameworks/CoreML.framework/Headers/MLModel+MLModelCompilation.h:35:1: note: 'compileModel(at:)' has been explicitly marked unavailable here
33 |  *
34 |  */
35 | + (nullable NSURL *)compileModelAtURL:(NSURL *)modelURL
   | `- note: 'compileModel(at:)' has been explicitly marked unavailable here
36 |                                 error:(NSError **)error
37 |                                 API_UNAVAILABLE(watchos)
Failed frontend command:
/Applications/Xcode-27.0.0-Release.Candidate.app/Contents/Developer/Toolchains/XcodeDefault.xctoolchain/usr/bin/swift-frontend -frontend -c /Users/admin/builder/spi-builder-workspace/.derivedData/Build/Intermediates.noindex/ANEEmbed.build/Debug-watchos/ANEEmbed-t.build/DerivedSources/resource_bundle_accessor.swift /Users/admin/builder/spi-builder-workspace/Sources/ANEEmbed/BertTokenizer.swift -primary-file /Users/admin/builder/spi-builder-workspace/Sources/ANEEmbed/Embedder.swift /Users/admin/builder/spi-builder-workspace/.derivedData/Build/Intermediates.noindex/ANEEmbed.build/Debug-watchos/ANEEmbed-t.build/DerivedSources/CoreMLGenerated/all-MiniLM-L6-v2-quant8/all-MiniLM-L6-v2-quant8.swift -emit-dependencies-path /Users/admin/builder/spi-builder-workspace/.derivedData/Build/Intermediates.noindex/ANEEmbed.build/Debug-watchos/ANEEmbed-t.build/Objects-normal/arm64/Embedder.d -emit-const-values-path /Users/admin/builder/spi-builder-workspace/.derivedData/Build/Intermediates.noindex/ANEEmbed.build/Debug-watchos/ANEEmbed-t.build/Objects-normal/arm64/Embedder.swiftconstvalues -emit-reference-dependencies-path /Users/admin/builder/spi-builder-workspace/.derivedData/Build/Intermediates.noindex/ANEEmbed.build/Debug-watchos/ANEEmbed-t.build/Objects-normal/arm64/Embedder.swiftdeps -serialize-diagnostics-path /Users/admin/builder/spi-builder-workspace/.derivedData/Build/Intermediates.noindex/ANEEmbed.build/Debug-watchos/ANEEmbed-t.build/Objects-normal/arm64/Embedder.dia -target arm64-apple-watchos9.0 -disable-cross-import-overlay-search -load-resolved-plugin /Applications/Xcode-27.0.0-Release.Candidate.app/Contents/Developer/Platforms/WatchOS.platform/Developer/usr/lib/swift/host/plugins/libFoundationMacros.dylib\#/Applications/Xcode-27.0.0-Release.Candidate.app/Contents/Developer/Platforms/WatchOS.platform/Developer/usr/bin/swift-plugin-server\#FoundationMacros -load-resolved-plugin /Applications/Xcode-27.0.0-Release.Candidate.app/Contents/Developer/Platforms/WatchOS.platform/Developer/usr/lib/swift/host/plugins/libObservationMacros.dylib\#/Applications/Xcode-27.0.0-Release.Candidate.app/Contents/Developer/Platforms/WatchOS.platform/Developer/usr/bin/swift-plugin-server\#ObservationMacros -load-resolved-plugin /Applications/Xcode-27.0.0-Release.Candidate.app/Contents/Developer/Platforms/WatchOS.platform/Developer/usr/lib/swift/host/plugins/libSwiftMacros.dylib\#/Applications/Xcode-27.0.0-Release.Candidate.app/Contents/Developer/Platforms/WatchOS.platform/Developer/usr/bin/swift-plugin-server\#SwiftMacros -disable-implicit-swift-modules -Xcc -fno-implicit-modules -Xcc -fno-implicit-module-maps -explicit-swift-module-map-file /Users/admin/builder/spi-builder-workspace/.derivedData/Build/Intermediates.noindex/ANEEmbed.build/Debug-watchos/ANEEmbed-t.build/Objects-normal/arm64/ANEEmbed-dependencies-1.json -Xllvm -aarch64-use-tbi -enable-objc-interop -stack-check -sdk /Applications/Xcode-27.0.0-Release.Candidate.app/Contents/Developer/Platforms/WatchOS.platform/Developer/SDKs/WatchOS27.0.sdk -I /Users/admin/builder/spi-builder-workspace/.derivedData/Build/Products/Debug-watchos -Isystem /Applications/Xcode-27.0.0-Release.Candidate.app/Contents/Developer/Platforms/WatchOS.platform/Developer/usr/lib -F /Users/admin/builder/spi-builder-workspace/.derivedData/Build/Products/Debug-watchos -F /Applications/Xcode-27.0.0-Release.Candidate.app/Contents/Developer/Platforms/WatchOS.platform/Developer/Library/Frameworks -F /Applications/Xcode-27.0.0-Release.Candidate.app/Contents/Developer/Platforms/WatchOS.platform/Developer/SDKs/WatchOS27.0.sdk/Developer/Library/Frameworks -module-cache-path /Users/admin/builder/spi-builder-workspace/.derivedData/Build/Intermediates.noindex/SwiftExplicitPrecompiledModules -no-color-diagnostics -Xcc -fno-color-diagnostics -enable-testing -g -debug-info-format\=dwarf -dwarf-version\=4 -swift-version 5 -Onone -D SWIFT_PACKAGE -D DEBUG -D SWIFT_MODULE_RESOURCE_BUNDLE_AVAILABLE -D Xcode -serialize-debugging-options -enable-experimental-feature DebugDescriptionMacro -empty-abi-descriptor -validate-clang-modules-once -clang-build-session-file /Users/admin/builder/spi-builder-workspace/.derivedData/ModuleCache.noindex/Session.modulevalidation -Xcc -working-directory -Xcc /Users/admin/builder/spi-builder-workspace/.swiftpm/xcode -enable-anonymous-context-mangled-names -file-compilation-dir /Users/admin/builder/spi-builder-workspace/.swiftpm/xcode -Xcc -D_LIBCPP_HARDENING_MODE\=_LIBCPP_HARDENING_MODE_DEBUG -Xcc -ivfsstatcache -Xcc /Users/admin/builder/spi-builder-workspace/.derivedData/SDKStatCaches.noindex/watchos27.0-24R360-e829b21a6f8c9b70876ba0858053c04477534ef55a1706bf4c1112bbb242f0a2.sdkstatcache -Xcc -fmodules-prune-interval\=86400 -Xcc -fmodules-prune-after\=345600 -Xcc -I/Users/admin/builder/spi-builder-workspace/.derivedData/Build/Products/Debug-watchos/include -Xcc -I/Users/admin/builder/spi-builder-workspace/.derivedData/Build/Intermediates.noindex/ANEEmbed.build/Debug-watchos/ANEEmbed-t.build/DerivedSources-normal/arm64 -Xcc -I/Users/admin/builder/spi-builder-workspace/.derivedData/Build/Intermediates.noindex/ANEEmbed.build/Debug-watchos/ANEEmbed-t.build/DerivedSources/arm64 -Xcc -I/Users/admin/builder/spi-builder-workspace/.derivedData/Build/Intermediates.noindex/ANEEmbed.build/Debug-watchos/ANEEmbed-t.build/DerivedSources -Xcc -DSWIFT_PACKAGE -Xcc -DDEBUG\=1 -no-auto-bridging-header-chaining -module-name ANEEmbed -package-name spi_builder_workspace -const-gather-protocols-file /Users/admin/builder/spi-builder-workspace/.derivedData/Build/Intermediates.noindex/ANEEmbed.build/Debug-watchos/ANEEmbed-t.build/Objects-normal/arm64/ANEEmbed_const_extract_protocols.json -disable-clang-spi -clang-target arm64-apple-watchos27.0 -target-sdk-version 27.0 -target-sdk-name watchos27.0 -in-process-plugin-server-path /Applications/Xcode-27.0.0-Release.Candidate.app/Contents/Developer/Toolchains/XcodeDefault.xctoolchain/usr/lib/swift/host/libSwiftInProcPluginServer.dylib -parse-as-library -o /Users/admin/builder/spi-builder-workspace/.derivedData/Build/Intermediates.noindex/ANEEmbed.build/Debug-watchos/ANEEmbed-t.build/Objects-normal/arm64/Embedder.o -debug-module-path /Users/admin/builder/spi-builder-workspace/.derivedData/Build/Intermediates.noindex/ANEEmbed.build/Debug-watchos/ANEEmbed-t.build/Objects-normal/arm64/ANEEmbed.swiftmodule -index-unit-output-path /ANEEmbed.build/Debug-watchos/ANEEmbed-t.build/Objects-normal/arm64/Embedder.o -index-store-path /Users/admin/builder/spi-builder-workspace/.derivedData/Index.noindex/DataStore -index-system-modules
SwiftCompile normal arm64 /Users/admin/builder/spi-builder-workspace/Sources/ANEEmbed/Embedder.swift (in target 'ANEEmbed' from project 'ANEEmbed')
    cd /Users/admin/builder/spi-builder-workspace/.swiftpm/xcode
    builtin-SwiftPerFileCompile Embedder.swift
SwiftCompile normal arm64 Compiling\ BertTokenizer.swift /Users/admin/builder/spi-builder-workspace/Sources/ANEEmbed/BertTokenizer.swift (in target 'ANEEmbed' from project 'ANEEmbed')
SwiftCompile normal arm64 /Users/admin/builder/spi-builder-workspace/Sources/ANEEmbed/BertTokenizer.swift (in target 'ANEEmbed' from project 'ANEEmbed')
    cd /Users/admin/builder/spi-builder-workspace/.swiftpm/xcode
    builtin-SwiftPerFileCompile BertTokenizer.swift
SwiftCompile normal arm64 Compiling\ resource_bundle_accessor.swift /Users/admin/builder/spi-builder-workspace/.derivedData/Build/Intermediates.noindex/ANEEmbed.build/Debug-watchos/ANEEmbed-t.build/DerivedSources/resource_bundle_accessor.swift (in target 'ANEEmbed' from project 'ANEEmbed')
SwiftCompile normal arm64 /Users/admin/builder/spi-builder-workspace/.derivedData/Build/Intermediates.noindex/ANEEmbed.build/Debug-watchos/ANEEmbed-t.build/DerivedSources/resource_bundle_accessor.swift (in target 'ANEEmbed' from project 'ANEEmbed')
    cd /Users/admin/builder/spi-builder-workspace/.swiftpm/xcode
    builtin-SwiftPerFileCompile resource_bundle_accessor.swift
SwiftDriverJobDiscovery normal arm64_32 Emitting module for ANEEmbed (in target 'ANEEmbed' from project 'ANEEmbed')
SwiftDriver\ Compilation\ Requirements ANEEmbed normal arm64_32 com.apple.xcode.tools.swift.compiler (in target 'ANEEmbed' from project 'ANEEmbed')
    cd /Users/admin/builder/spi-builder-workspace/.swiftpm/xcode
    builtin-Swift-Compilation-Requirements -- /Applications/Xcode-27.0.0-Release.Candidate.app/Contents/Developer/Toolchains/XcodeDefault.xctoolchain/usr/bin/swiftc -parse-as-library -module-name ANEEmbed -Onone @/Users/admin/builder/spi-builder-workspace/.derivedData/Build/Intermediates.noindex/ANEEmbed.build/Debug-watchos/ANEEmbed-t.build/Objects-normal/arm64_32/ANEEmbed.SwiftFileList -DSWIFT_PACKAGE -DDEBUG -DSWIFT_MODULE_RESOURCE_BUNDLE_AVAILABLE -DXcode -plugin-path /Applications/Xcode-27.0.0-Release.Candidate.app/Contents/Developer/Toolchains/XcodeDefault.xctoolchain/usr/lib/swift/host/plugins/testing -enable-experimental-feature DebugDescriptionMacro -sdk /Applications/Xcode-27.0.0-Release.Candidate.app/Contents/Developer/Platforms/WatchOS.platform/Developer/SDKs/WatchOS27.0.sdk -target arm64_32-apple-watchos9.0 -g -module-cache-path /Users/admin/builder/spi-builder-workspace/.derivedData/ModuleCache.noindex -Xfrontend -serialize-debugging-options -enable-testing -index-store-path /Users/admin/builder/spi-builder-workspace/.derivedData/Index.noindex/DataStore -Xcc -D_LIBCPP_HARDENING_MODE\=_LIBCPP_HARDENING_MODE_DEBUG -swift-version 5 -I /Users/admin/builder/spi-builder-workspace/.derivedData/Build/Products/Debug-watchos -Isystem /Applications/Xcode-27.0.0-Release.Candidate.app/Contents/Developer/Platforms/WatchOS.platform/Developer/usr/lib -F /Users/admin/builder/spi-builder-workspace/.derivedData/Build/Products/Debug-watchos -F /Applications/Xcode-27.0.0-Release.Candidate.app/Contents/Developer/Platforms/WatchOS.platform/Developer/Library/Frameworks -F /Applications/Xcode-27.0.0-Release.Candidate.app/Contents/Developer/Platforms/WatchOS.platform/Developer/SDKs/WatchOS27.0.sdk/Developer/Library/Frameworks -c -j10 -enable-batch-mode -incremental -Xcc -ivfsstatcache -Xcc /Users/admin/builder/spi-builder-workspace/.derivedData/SDKStatCaches.noindex/watchos27.0-24R360-e829b21a6f8c9b70876ba0858053c04477534ef55a1706bf4c1112bbb242f0a2.sdkstatcache -output-file-map /Users/admin/builder/spi-builder-workspace/.derivedData/Build/Intermediates.noindex/ANEEmbed.build/Debug-watchos/ANEEmbed-t.build/Objects-normal/arm64_32/ANEEmbed-OutputFileMap.json -save-temps -no-color-diagnostics -explicit-module-build -module-cache-path /Users/admin/builder/spi-builder-workspace/.derivedData/Build/Intermediates.noindex/SwiftExplicitPrecompiledModules -clang-scanner-module-cache-path /Users/admin/builder/spi-builder-workspace/.derivedData/ModuleCache.noindex -sdk-module-cache-path /Users/admin/builder/spi-builder-workspace/.derivedData/SDKExplicitPrecompiledModules -emit-dependencies -emit-module -emit-module-path /Users/admin/builder/spi-builder-workspace/.derivedData/Build/Intermediates.noindex/ANEEmbed.build/Debug-watchos/ANEEmbed-t.build/Objects-normal/arm64_32/ANEEmbed.swiftmodule -serialize-diagnostics -dependency-scan-serialize-diagnostics-path /Users/admin/builder/spi-builder-workspace/.derivedData/Build/Intermediates.noindex/ANEEmbed.build/Debug-watchos/ANEEmbed-t.build/Objects-normal/arm64_32/ANEEmbed-dependency-scan.dia -validate-clang-modules-once -clang-build-session-file /Users/admin/builder/spi-builder-workspace/.derivedData/ModuleCache.noindex/Session.modulevalidation -Xcc -fmodules-prune-interval\=86400 -Xcc -fmodules-prune-after\=345600 -package-name spi_builder_workspace -emit-const-values -const-gather-protocols-list /Users/admin/builder/spi-builder-workspace/.derivedData/Build/Intermediates.noindex/ANEEmbed.build/Debug-watchos/ANEEmbed-t.build/Objects-normal/arm64_32/ANEEmbed_const_extract_protocols.json -Xcc -I/Users/admin/builder/spi-builder-workspace/.derivedData/Build/Products/Debug-watchos/include -Xcc -I/Users/admin/builder/spi-builder-workspace/.derivedData/Build/Intermediates.noindex/ANEEmbed.build/Debug-watchos/ANEEmbed-t.build/DerivedSources-normal/arm64_32 -Xcc -I/Users/admin/builder/spi-builder-workspace/.derivedData/Build/Intermediates.noindex/ANEEmbed.build/Debug-watchos/ANEEmbed-t.build/DerivedSources/arm64_32 -Xcc -I/Users/admin/builder/spi-builder-workspace/.derivedData/Build/Intermediates.noindex/ANEEmbed.build/Debug-watchos/ANEEmbed-t.build/DerivedSources -Xcc -DSWIFT_PACKAGE -Xcc -DDEBUG\=1 -emit-objc-header -emit-objc-header-path /Users/admin/builder/spi-builder-workspace/.derivedData/Build/Intermediates.noindex/ANEEmbed.build/Debug-watchos/ANEEmbed-t.build/Objects-normal/arm64_32/ANEEmbed-Swift.h -working-directory /Users/admin/builder/spi-builder-workspace/.swiftpm/xcode -experimental-emit-module-separately -disable-cmo
Copy /Users/admin/builder/spi-builder-workspace/.derivedData/Build/Products/Debug-watchos/ANEEmbed.swiftmodule/arm64_32-apple-watchos.swiftmodule /Users/admin/builder/spi-builder-workspace/.derivedData/Build/Intermediates.noindex/ANEEmbed.build/Debug-watchos/ANEEmbed-t.build/Objects-normal/arm64_32/ANEEmbed.swiftmodule (in target 'ANEEmbed' from project 'ANEEmbed')
    cd /Users/admin/builder/spi-builder-workspace
    builtin-copy -exclude .DS_Store -exclude CVS -exclude .svn -exclude .git -exclude .hg -resolve-src-symlinks -rename /Users/admin/builder/spi-builder-workspace/.derivedData/Build/Intermediates.noindex/ANEEmbed.build/Debug-watchos/ANEEmbed-t.build/Objects-normal/arm64_32/ANEEmbed.swiftmodule /Users/admin/builder/spi-builder-workspace/.derivedData/Build/Products/Debug-watchos/ANEEmbed.swiftmodule/arm64_32-apple-watchos.swiftmodule
Copy /Users/admin/builder/spi-builder-workspace/.derivedData/Build/Products/Debug-watchos/ANEEmbed.swiftmodule/arm64_32-apple-watchos.swiftdoc /Users/admin/builder/spi-builder-workspace/.derivedData/Build/Intermediates.noindex/ANEEmbed.build/Debug-watchos/ANEEmbed-t.build/Objects-normal/arm64_32/ANEEmbed.swiftdoc (in target 'ANEEmbed' from project 'ANEEmbed')
    cd /Users/admin/builder/spi-builder-workspace
    builtin-copy -exclude .DS_Store -exclude CVS -exclude .svn -exclude .git -exclude .hg -resolve-src-symlinks -rename /Users/admin/builder/spi-builder-workspace/.derivedData/Build/Intermediates.noindex/ANEEmbed.build/Debug-watchos/ANEEmbed-t.build/Objects-normal/arm64_32/ANEEmbed.swiftdoc /Users/admin/builder/spi-builder-workspace/.derivedData/Build/Products/Debug-watchos/ANEEmbed.swiftmodule/arm64_32-apple-watchos.swiftdoc
Copy /Users/admin/builder/spi-builder-workspace/.derivedData/Build/Products/Debug-watchos/ANEEmbed.swiftmodule/arm64_32-apple-watchos.abi.json /Users/admin/builder/spi-builder-workspace/.derivedData/Build/Intermediates.noindex/ANEEmbed.build/Debug-watchos/ANEEmbed-t.build/Objects-normal/arm64_32/ANEEmbed.abi.json (in target 'ANEEmbed' from project 'ANEEmbed')
    cd /Users/admin/builder/spi-builder-workspace
    builtin-copy -exclude .DS_Store -exclude CVS -exclude .svn -exclude .git -exclude .hg -resolve-src-symlinks -rename /Users/admin/builder/spi-builder-workspace/.derivedData/Build/Intermediates.noindex/ANEEmbed.build/Debug-watchos/ANEEmbed-t.build/Objects-normal/arm64_32/ANEEmbed.abi.json /Users/admin/builder/spi-builder-workspace/.derivedData/Build/Products/Debug-watchos/ANEEmbed.swiftmodule/arm64_32-apple-watchos.abi.json
Copy /Users/admin/builder/spi-builder-workspace/.derivedData/Build/Products/Debug-watchos/ANEEmbed.swiftmodule/Project/arm64_32-apple-watchos.swiftsourceinfo /Users/admin/builder/spi-builder-workspace/.derivedData/Build/Intermediates.noindex/ANEEmbed.build/Debug-watchos/ANEEmbed-t.build/Objects-normal/arm64_32/ANEEmbed.swiftsourceinfo (in target 'ANEEmbed' from project 'ANEEmbed')
    cd /Users/admin/builder/spi-builder-workspace
    builtin-copy -exclude .DS_Store -exclude CVS -exclude .svn -exclude .git -exclude .hg -resolve-src-symlinks -rename /Users/admin/builder/spi-builder-workspace/.derivedData/Build/Intermediates.noindex/ANEEmbed.build/Debug-watchos/ANEEmbed-t.build/Objects-normal/arm64_32/ANEEmbed.swiftsourceinfo /Users/admin/builder/spi-builder-workspace/.derivedData/Build/Products/Debug-watchos/ANEEmbed.swiftmodule/Project/arm64_32-apple-watchos.swiftsourceinfo
SwiftDriverJobDiscovery normal arm64 Emitting module for ANEEmbed (in target 'ANEEmbed' from project 'ANEEmbed')
SwiftDriver\ Compilation\ Requirements ANEEmbed normal arm64 com.apple.xcode.tools.swift.compiler (in target 'ANEEmbed' from project 'ANEEmbed')
    cd /Users/admin/builder/spi-builder-workspace/.swiftpm/xcode
    builtin-Swift-Compilation-Requirements -- /Applications/Xcode-27.0.0-Release.Candidate.app/Contents/Developer/Toolchains/XcodeDefault.xctoolchain/usr/bin/swiftc -parse-as-library -module-name ANEEmbed -Onone @/Users/admin/builder/spi-builder-workspace/.derivedData/Build/Intermediates.noindex/ANEEmbed.build/Debug-watchos/ANEEmbed-t.build/Objects-normal/arm64/ANEEmbed.SwiftFileList -DSWIFT_PACKAGE -DDEBUG -DSWIFT_MODULE_RESOURCE_BUNDLE_AVAILABLE -DXcode -plugin-path /Applications/Xcode-27.0.0-Release.Candidate.app/Contents/Developer/Toolchains/XcodeDefault.xctoolchain/usr/lib/swift/host/plugins/testing -enable-experimental-feature DebugDescriptionMacro -sdk /Applications/Xcode-27.0.0-Release.Candidate.app/Contents/Developer/Platforms/WatchOS.platform/Developer/SDKs/WatchOS27.0.sdk -target arm64-apple-watchos9.0 -g -module-cache-path /Users/admin/builder/spi-builder-workspace/.derivedData/ModuleCache.noindex -Xfrontend -serialize-debugging-options -enable-testing -index-store-path /Users/admin/builder/spi-builder-workspace/.derivedData/Index.noindex/DataStore -Xcc -D_LIBCPP_HARDENING_MODE\=_LIBCPP_HARDENING_MODE_DEBUG -swift-version 5 -I /Users/admin/builder/spi-builder-workspace/.derivedData/Build/Products/Debug-watchos -Isystem /Applications/Xcode-27.0.0-Release.Candidate.app/Contents/Developer/Platforms/WatchOS.platform/Developer/usr/lib -F /Users/admin/builder/spi-builder-workspace/.derivedData/Build/Products/Debug-watchos -F /Applications/Xcode-27.0.0-Release.Candidate.app/Contents/Developer/Platforms/WatchOS.platform/Developer/Library/Frameworks -F /Applications/Xcode-27.0.0-Release.Candidate.app/Contents/Developer/Platforms/WatchOS.platform/Developer/SDKs/WatchOS27.0.sdk/Developer/Library/Frameworks -c -j10 -enable-batch-mode -incremental -Xcc -ivfsstatcache -Xcc /Users/admin/builder/spi-builder-workspace/.derivedData/SDKStatCaches.noindex/watchos27.0-24R360-e829b21a6f8c9b70876ba0858053c04477534ef55a1706bf4c1112bbb242f0a2.sdkstatcache -output-file-map /Users/admin/builder/spi-builder-workspace/.derivedData/Build/Intermediates.noindex/ANEEmbed.build/Debug-watchos/ANEEmbed-t.build/Objects-normal/arm64/ANEEmbed-OutputFileMap.json -save-temps -no-color-diagnostics -explicit-module-build -module-cache-path /Users/admin/builder/spi-builder-workspace/.derivedData/Build/Intermediates.noindex/SwiftExplicitPrecompiledModules -clang-scanner-module-cache-path /Users/admin/builder/spi-builder-workspace/.derivedData/ModuleCache.noindex -sdk-module-cache-path /Users/admin/builder/spi-builder-workspace/.derivedData/SDKExplicitPrecompiledModules -emit-dependencies -emit-module -emit-module-path /Users/admin/builder/spi-builder-workspace/.derivedData/Build/Intermediates.noindex/ANEEmbed.build/Debug-watchos/ANEEmbed-t.build/Objects-normal/arm64/ANEEmbed.swiftmodule -serialize-diagnostics -dependency-scan-serialize-diagnostics-path /Users/admin/builder/spi-builder-workspace/.derivedData/Build/Intermediates.noindex/ANEEmbed.build/Debug-watchos/ANEEmbed-t.build/Objects-normal/arm64/ANEEmbed-dependency-scan.dia -validate-clang-modules-once -clang-build-session-file /Users/admin/builder/spi-builder-workspace/.derivedData/ModuleCache.noindex/Session.modulevalidation -Xcc -fmodules-prune-interval\=86400 -Xcc -fmodules-prune-after\=345600 -package-name spi_builder_workspace -emit-const-values -const-gather-protocols-list /Users/admin/builder/spi-builder-workspace/.derivedData/Build/Intermediates.noindex/ANEEmbed.build/Debug-watchos/ANEEmbed-t.build/Objects-normal/arm64/ANEEmbed_const_extract_protocols.json -Xcc -I/Users/admin/builder/spi-builder-workspace/.derivedData/Build/Products/Debug-watchos/include -Xcc -I/Users/admin/builder/spi-builder-workspace/.derivedData/Build/Intermediates.noindex/ANEEmbed.build/Debug-watchos/ANEEmbed-t.build/DerivedSources-normal/arm64 -Xcc -I/Users/admin/builder/spi-builder-workspace/.derivedData/Build/Intermediates.noindex/ANEEmbed.build/Debug-watchos/ANEEmbed-t.build/DerivedSources/arm64 -Xcc -I/Users/admin/builder/spi-builder-workspace/.derivedData/Build/Intermediates.noindex/ANEEmbed.build/Debug-watchos/ANEEmbed-t.build/DerivedSources -Xcc -DSWIFT_PACKAGE -Xcc -DDEBUG\=1 -emit-objc-header -emit-objc-header-path /Users/admin/builder/spi-builder-workspace/.derivedData/Build/Intermediates.noindex/ANEEmbed.build/Debug-watchos/ANEEmbed-t.build/Objects-normal/arm64/ANEEmbed-Swift.h -working-directory /Users/admin/builder/spi-builder-workspace/.swiftpm/xcode -experimental-emit-module-separately -disable-cmo
SwiftMergeGeneratedHeaders /Users/admin/builder/spi-builder-workspace/.derivedData/Build/Intermediates.noindex/GeneratedModuleMaps-watchos/ANEEmbed-Swift.h /Users/admin/builder/spi-builder-workspace/.derivedData/Build/Intermediates.noindex/ANEEmbed.build/Debug-watchos/ANEEmbed-t.build/Objects-normal/arm64/ANEEmbed-Swift.h /Users/admin/builder/spi-builder-workspace/.derivedData/Build/Intermediates.noindex/ANEEmbed.build/Debug-watchos/ANEEmbed-t.build/Objects-normal/arm64_32/ANEEmbed-Swift.h (in target 'ANEEmbed' from project 'ANEEmbed')
    cd /Users/admin/builder/spi-builder-workspace
    builtin-swiftHeaderTool -arch arm64 /Users/admin/builder/spi-builder-workspace/.derivedData/Build/Intermediates.noindex/ANEEmbed.build/Debug-watchos/ANEEmbed-t.build/Objects-normal/arm64/ANEEmbed-Swift.h -arch arm64_32 /Users/admin/builder/spi-builder-workspace/.derivedData/Build/Intermediates.noindex/ANEEmbed.build/Debug-watchos/ANEEmbed-t.build/Objects-normal/arm64_32/ANEEmbed-Swift.h -o /Users/admin/builder/spi-builder-workspace/.derivedData/Build/Intermediates.noindex/GeneratedModuleMaps-watchos/ANEEmbed-Swift.h
Copy /Users/admin/builder/spi-builder-workspace/.derivedData/Build/Products/Debug-watchos/ANEEmbed.swiftmodule/arm64-apple-watchos.swiftmodule /Users/admin/builder/spi-builder-workspace/.derivedData/Build/Intermediates.noindex/ANEEmbed.build/Debug-watchos/ANEEmbed-t.build/Objects-normal/arm64/ANEEmbed.swiftmodule (in target 'ANEEmbed' from project 'ANEEmbed')
    cd /Users/admin/builder/spi-builder-workspace
    builtin-copy -exclude .DS_Store -exclude CVS -exclude .svn -exclude .git -exclude .hg -resolve-src-symlinks -rename /Users/admin/builder/spi-builder-workspace/.derivedData/Build/Intermediates.noindex/ANEEmbed.build/Debug-watchos/ANEEmbed-t.build/Objects-normal/arm64/ANEEmbed.swiftmodule /Users/admin/builder/spi-builder-workspace/.derivedData/Build/Products/Debug-watchos/ANEEmbed.swiftmodule/arm64-apple-watchos.swiftmodule
Copy /Users/admin/builder/spi-builder-workspace/.derivedData/Build/Products/Debug-watchos/ANEEmbed.swiftmodule/arm64-apple-watchos.swiftdoc /Users/admin/builder/spi-builder-workspace/.derivedData/Build/Intermediates.noindex/ANEEmbed.build/Debug-watchos/ANEEmbed-t.build/Objects-normal/arm64/ANEEmbed.swiftdoc (in target 'ANEEmbed' from project 'ANEEmbed')
    cd /Users/admin/builder/spi-builder-workspace
    builtin-copy -exclude .DS_Store -exclude CVS -exclude .svn -exclude .git -exclude .hg -resolve-src-symlinks -rename /Users/admin/builder/spi-builder-workspace/.derivedData/Build/Intermediates.noindex/ANEEmbed.build/Debug-watchos/ANEEmbed-t.build/Objects-normal/arm64/ANEEmbed.swiftdoc /Users/admin/builder/spi-builder-workspace/.derivedData/Build/Products/Debug-watchos/ANEEmbed.swiftmodule/arm64-apple-watchos.swiftdoc
Copy /Users/admin/builder/spi-builder-workspace/.derivedData/Build/Products/Debug-watchos/ANEEmbed.swiftmodule/arm64-apple-watchos.abi.json /Users/admin/builder/spi-builder-workspace/.derivedData/Build/Intermediates.noindex/ANEEmbed.build/Debug-watchos/ANEEmbed-t.build/Objects-normal/arm64/ANEEmbed.abi.json (in target 'ANEEmbed' from project 'ANEEmbed')
    cd /Users/admin/builder/spi-builder-workspace
    builtin-copy -exclude .DS_Store -exclude CVS -exclude .svn -exclude .git -exclude .hg -resolve-src-symlinks -rename /Users/admin/builder/spi-builder-workspace/.derivedData/Build/Intermediates.noindex/ANEEmbed.build/Debug-watchos/ANEEmbed-t.build/Objects-normal/arm64/ANEEmbed.abi.json /Users/admin/builder/spi-builder-workspace/.derivedData/Build/Products/Debug-watchos/ANEEmbed.swiftmodule/arm64-apple-watchos.abi.json
Copy /Users/admin/builder/spi-builder-workspace/.derivedData/Build/Products/Debug-watchos/ANEEmbed.swiftmodule/Project/arm64-apple-watchos.swiftsourceinfo /Users/admin/builder/spi-builder-workspace/.derivedData/Build/Intermediates.noindex/ANEEmbed.build/Debug-watchos/ANEEmbed-t.build/Objects-normal/arm64/ANEEmbed.swiftsourceinfo (in target 'ANEEmbed' from project 'ANEEmbed')
    cd /Users/admin/builder/spi-builder-workspace
    builtin-copy -exclude .DS_Store -exclude CVS -exclude .svn -exclude .git -exclude .hg -resolve-src-symlinks -rename /Users/admin/builder/spi-builder-workspace/.derivedData/Build/Intermediates.noindex/ANEEmbed.build/Debug-watchos/ANEEmbed-t.build/Objects-normal/arm64/ANEEmbed.swiftsourceinfo /Users/admin/builder/spi-builder-workspace/.derivedData/Build/Products/Debug-watchos/ANEEmbed.swiftmodule/Project/arm64-apple-watchos.swiftsourceinfo
SwiftDriver ane-embed-demo normal arm64_32 com.apple.xcode.tools.swift.compiler (in target 'ane-embed-demo-product' from project 'ANEEmbed')
    cd /Users/admin/builder/spi-builder-workspace/.swiftpm/xcode
    builtin-SwiftDriver -- /Applications/Xcode-27.0.0-Release.Candidate.app/Contents/Developer/Toolchains/XcodeDefault.xctoolchain/usr/bin/swiftc -module-name ane_embed_demo -Onone @/Users/admin/builder/spi-builder-workspace/.derivedData/Build/Intermediates.noindex/ANEEmbed.build/Debug-watchos/ane-embed-demo-p.build/Objects-normal/arm64_32/ane-embed-demo.SwiftFileList -DSWIFT_PACKAGE -DDEBUG -DXcode -plugin-path /Applications/Xcode-27.0.0-Release.Candidate.app/Contents/Developer/Toolchains/XcodeDefault.xctoolchain/usr/lib/swift/host/plugins/testing -enable-experimental-feature DebugDescriptionMacro -sdk /Applications/Xcode-27.0.0-Release.Candidate.app/Contents/Developer/Platforms/WatchOS.platform/Developer/SDKs/WatchOS27.0.sdk -target arm64_32-apple-watchos9.0 -g -module-cache-path /Users/admin/builder/spi-builder-workspace/.derivedData/ModuleCache.noindex -Xfrontend -serialize-debugging-options -enable-testing -index-store-path /Users/admin/builder/spi-builder-workspace/.derivedData/Index.noindex/DataStore -Xcc -D_LIBCPP_HARDENING_MODE\=_LIBCPP_HARDENING_MODE_DEBUG -swift-version 5 -I /Users/admin/builder/spi-builder-workspace/.derivedData/Build/Products/Debug-watchos -Isystem /Applications/Xcode-27.0.0-Release.Candidate.app/Contents/Developer/Platforms/WatchOS.platform/Developer/usr/lib -F /Users/admin/builder/spi-builder-workspace/.derivedData/Build/Products/Debug-watchos/PackageFrameworks -F /Users/admin/builder/spi-builder-workspace/.derivedData/Build/Products/Debug-watchos -F /Applications/Xcode-27.0.0-Release.Candidate.app/Contents/Developer/Platforms/WatchOS.platform/Developer/Library/Frameworks -F /Applications/Xcode-27.0.0-Release.Candidate.app/Contents/Developer/Platforms/WatchOS.platform/Developer/SDKs/WatchOS27.0.sdk/Developer/Library/Frameworks -c -j10 -enable-batch-mode -incremental -Xcc -ivfsstatcache -Xcc /Users/admin/builder/spi-builder-workspace/.derivedData/SDKStatCaches.noindex/watchos27.0-24R360-e829b21a6f8c9b70876ba0858053c04477534ef55a1706bf4c1112bbb242f0a2.sdkstatcache -output-file-map /Users/admin/builder/spi-builder-workspace/.derivedData/Build/Intermediates.noindex/ANEEmbed.build/Debug-watchos/ane-embed-demo-p.build/Objects-normal/arm64_32/ane-embed-demo-OutputFileMap.json -save-temps -no-color-diagnostics -explicit-module-build -module-cache-path /Users/admin/builder/spi-builder-workspace/.derivedData/Build/Intermediates.noindex/SwiftExplicitPrecompiledModules -clang-scanner-module-cache-path /Users/admin/builder/spi-builder-workspace/.derivedData/ModuleCache.noindex -sdk-module-cache-path /Users/admin/builder/spi-builder-workspace/.derivedData/SDKExplicitPrecompiledModules -emit-dependencies -emit-module -emit-module-path /Users/admin/builder/spi-builder-workspace/.derivedData/Build/Intermediates.noindex/ANEEmbed.build/Debug-watchos/ane-embed-demo-p.build/Objects-normal/arm64_32/ane_embed_demo.swiftmodule -serialize-diagnostics -dependency-scan-serialize-diagnostics-path /Users/admin/builder/spi-builder-workspace/.derivedData/Build/Intermediates.noindex/ANEEmbed.build/Debug-watchos/ane-embed-demo-p.build/Objects-normal/arm64_32/ane_embed_demo-dependency-scan.dia -validate-clang-modules-once -clang-build-session-file /Users/admin/builder/spi-builder-workspace/.derivedData/ModuleCache.noindex/Session.modulevalidation -Xcc -fmodules-prune-interval\=86400 -Xcc -fmodules-prune-after\=345600 -package-name spi_builder_workspace -emit-const-values -const-gather-protocols-list /Users/admin/builder/spi-builder-workspace/.derivedData/Build/Intermediates.noindex/ANEEmbed.build/Debug-watchos/ane-embed-demo-p.build/Objects-normal/arm64_32/ane-embed-demo_const_extract_protocols.json -Xcc -I/Users/admin/builder/spi-builder-workspace/.derivedData/Build/Products/Debug-watchos/include -Xcc -I/Users/admin/builder/spi-builder-workspace/.derivedData/Build/Intermediates.noindex/ANEEmbed.build/Debug-watchos/ane-embed-demo-p.build/DerivedSources-normal/arm64_32 -Xcc -I/Users/admin/builder/spi-builder-workspace/.derivedData/Build/Intermediates.noindex/ANEEmbed.build/Debug-watchos/ane-embed-demo-p.build/DerivedSources/arm64_32 -Xcc -I/Users/admin/builder/spi-builder-workspace/.derivedData/Build/Intermediates.noindex/ANEEmbed.build/Debug-watchos/ane-embed-demo-p.build/DerivedSources -Xcc -DSWIFT_PACKAGE -Xcc -DDEBUG\=1 -working-directory /Users/admin/builder/spi-builder-workspace/.swiftpm/xcode -experimental-emit-module-separately -disable-cmo
SwiftDriver ane-embed-demo normal arm64 com.apple.xcode.tools.swift.compiler (in target 'ane-embed-demo-product' from project 'ANEEmbed')
    cd /Users/admin/builder/spi-builder-workspace/.swiftpm/xcode
    builtin-SwiftDriver -- /Applications/Xcode-27.0.0-Release.Candidate.app/Contents/Developer/Toolchains/XcodeDefault.xctoolchain/usr/bin/swiftc -module-name ane_embed_demo -Onone @/Users/admin/builder/spi-builder-workspace/.derivedData/Build/Intermediates.noindex/ANEEmbed.build/Debug-watchos/ane-embed-demo-p.build/Objects-normal/arm64/ane-embed-demo.SwiftFileList -DSWIFT_PACKAGE -DDEBUG -DXcode -plugin-path /Applications/Xcode-27.0.0-Release.Candidate.app/Contents/Developer/Toolchains/XcodeDefault.xctoolchain/usr/lib/swift/host/plugins/testing -enable-experimental-feature DebugDescriptionMacro -sdk /Applications/Xcode-27.0.0-Release.Candidate.app/Contents/Developer/Platforms/WatchOS.platform/Developer/SDKs/WatchOS27.0.sdk -target arm64-apple-watchos9.0 -g -module-cache-path /Users/admin/builder/spi-builder-workspace/.derivedData/ModuleCache.noindex -Xfrontend -serialize-debugging-options -enable-testing -index-store-path /Users/admin/builder/spi-builder-workspace/.derivedData/Index.noindex/DataStore -Xcc -D_LIBCPP_HARDENING_MODE\=_LIBCPP_HARDENING_MODE_DEBUG -swift-version 5 -I /Users/admin/builder/spi-builder-workspace/.derivedData/Build/Products/Debug-watchos -Isystem /Applications/Xcode-27.0.0-Release.Candidate.app/Contents/Developer/Platforms/WatchOS.platform/Developer/usr/lib -F /Users/admin/builder/spi-builder-workspace/.derivedData/Build/Products/Debug-watchos/PackageFrameworks -F /Users/admin/builder/spi-builder-workspace/.derivedData/Build/Products/Debug-watchos -F /Applications/Xcode-27.0.0-Release.Candidate.app/Contents/Developer/Platforms/WatchOS.platform/Developer/Library/Frameworks -F /Applications/Xcode-27.0.0-Release.Candidate.app/Contents/Developer/Platforms/WatchOS.platform/Developer/SDKs/WatchOS27.0.sdk/Developer/Library/Frameworks -c -j10 -enable-batch-mode -incremental -Xcc -ivfsstatcache -Xcc /Users/admin/builder/spi-builder-workspace/.derivedData/SDKStatCaches.noindex/watchos27.0-24R360-e829b21a6f8c9b70876ba0858053c04477534ef55a1706bf4c1112bbb242f0a2.sdkstatcache -output-file-map /Users/admin/builder/spi-builder-workspace/.derivedData/Build/Intermediates.noindex/ANEEmbed.build/Debug-watchos/ane-embed-demo-p.build/Objects-normal/arm64/ane-embed-demo-OutputFileMap.json -save-temps -no-color-diagnostics -explicit-module-build -module-cache-path /Users/admin/builder/spi-builder-workspace/.derivedData/Build/Intermediates.noindex/SwiftExplicitPrecompiledModules -clang-scanner-module-cache-path /Users/admin/builder/spi-builder-workspace/.derivedData/ModuleCache.noindex -sdk-module-cache-path /Users/admin/builder/spi-builder-workspace/.derivedData/SDKExplicitPrecompiledModules -emit-dependencies -emit-module -emit-module-path /Users/admin/builder/spi-builder-workspace/.derivedData/Build/Intermediates.noindex/ANEEmbed.build/Debug-watchos/ane-embed-demo-p.build/Objects-normal/arm64/ane_embed_demo.swiftmodule -serialize-diagnostics -dependency-scan-serialize-diagnostics-path /Users/admin/builder/spi-builder-workspace/.derivedData/Build/Intermediates.noindex/ANEEmbed.build/Debug-watchos/ane-embed-demo-p.build/Objects-normal/arm64/ane_embed_demo-dependency-scan.dia -validate-clang-modules-once -clang-build-session-file /Users/admin/builder/spi-builder-workspace/.derivedData/ModuleCache.noindex/Session.modulevalidation -Xcc -fmodules-prune-interval\=86400 -Xcc -fmodules-prune-after\=345600 -package-name spi_builder_workspace -emit-const-values -const-gather-protocols-list /Users/admin/builder/spi-builder-workspace/.derivedData/Build/Intermediates.noindex/ANEEmbed.build/Debug-watchos/ane-embed-demo-p.build/Objects-normal/arm64/ane-embed-demo_const_extract_protocols.json -Xcc -I/Users/admin/builder/spi-builder-workspace/.derivedData/Build/Products/Debug-watchos/include -Xcc -I/Users/admin/builder/spi-builder-workspace/.derivedData/Build/Intermediates.noindex/ANEEmbed.build/Debug-watchos/ane-embed-demo-p.build/DerivedSources-normal/arm64 -Xcc -I/Users/admin/builder/spi-builder-workspace/.derivedData/Build/Intermediates.noindex/ANEEmbed.build/Debug-watchos/ane-embed-demo-p.build/DerivedSources/arm64 -Xcc -I/Users/admin/builder/spi-builder-workspace/.derivedData/Build/Intermediates.noindex/ANEEmbed.build/Debug-watchos/ane-embed-demo-p.build/DerivedSources -Xcc -DSWIFT_PACKAGE -Xcc -DDEBUG\=1 -working-directory /Users/admin/builder/spi-builder-workspace/.swiftpm/xcode -experimental-emit-module-separately -disable-cmo
SwiftEmitModule normal arm64_32 Emitting\ module\ for\ ane_embed_demo (in target 'ane-embed-demo-product' from project 'ANEEmbed')
SwiftCompile normal arm64_32 (in target 'ane-embed-demo-product' from project 'ANEEmbed')
    cd /Users/admin/builder/spi-builder-workspace/.swiftpm/xcode

SwiftEmitModule normal arm64 Emitting\ module\ for\ ane_embed_demo (in target 'ane-embed-demo-product' from project 'ANEEmbed')
SwiftCompile normal arm64 (in target 'ane-embed-demo-product' from project 'ANEEmbed')
    cd /Users/admin/builder/spi-builder-workspace/.swiftpm/xcode

SwiftCompile normal arm64 Compiling\ main.swift /Users/admin/builder/spi-builder-workspace/Sources/ane-embed-demo/main.swift (in target 'ane-embed-demo-product' from project 'ANEEmbed')
SwiftCompile normal arm64 /Users/admin/builder/spi-builder-workspace/Sources/ane-embed-demo/main.swift (in target 'ane-embed-demo-product' from project 'ANEEmbed')
    cd /Users/admin/builder/spi-builder-workspace/.swiftpm/xcode
    builtin-SwiftPerFileCompile main.swift
SwiftDriverJobDiscovery normal arm64_32 Emitting module for ane_embed_demo (in target 'ane-embed-demo-product' from project 'ANEEmbed')
SwiftDriver\ Compilation\ Requirements ane-embed-demo normal arm64_32 com.apple.xcode.tools.swift.compiler (in target 'ane-embed-demo-product' from project 'ANEEmbed')
    cd /Users/admin/builder/spi-builder-workspace/.swiftpm/xcode
    builtin-Swift-Compilation-Requirements -- /Applications/Xcode-27.0.0-Release.Candidate.app/Contents/Developer/Toolchains/XcodeDefault.xctoolchain/usr/bin/swiftc -module-name ane_embed_demo -Onone @/Users/admin/builder/spi-builder-workspace/.derivedData/Build/Intermediates.noindex/ANEEmbed.build/Debug-watchos/ane-embed-demo-p.build/Objects-normal/arm64_32/ane-embed-demo.SwiftFileList -DSWIFT_PACKAGE -DDEBUG -DXcode -plugin-path /Applications/Xcode-27.0.0-Release.Candidate.app/Contents/Developer/Toolchains/XcodeDefault.xctoolchain/usr/lib/swift/host/plugins/testing -enable-experimental-feature DebugDescriptionMacro -sdk /Applications/Xcode-27.0.0-Release.Candidate.app/Contents/Developer/Platforms/WatchOS.platform/Developer/SDKs/WatchOS27.0.sdk -target arm64_32-apple-watchos9.0 -g -module-cache-path /Users/admin/builder/spi-builder-workspace/.derivedData/ModuleCache.noindex -Xfrontend -serialize-debugging-options -enable-testing -index-store-path /Users/admin/builder/spi-builder-workspace/.derivedData/Index.noindex/DataStore -Xcc -D_LIBCPP_HARDENING_MODE\=_LIBCPP_HARDENING_MODE_DEBUG -swift-version 5 -I /Users/admin/builder/spi-builder-workspace/.derivedData/Build/Products/Debug-watchos -Isystem /Applications/Xcode-27.0.0-Release.Candidate.app/Contents/Developer/Platforms/WatchOS.platform/Developer/usr/lib -F /Users/admin/builder/spi-builder-workspace/.derivedData/Build/Products/Debug-watchos/PackageFrameworks -F /Users/admin/builder/spi-builder-workspace/.derivedData/Build/Products/Debug-watchos -F /Applications/Xcode-27.0.0-Release.Candidate.app/Contents/Developer/Platforms/WatchOS.platform/Developer/Library/Frameworks -F /Applications/Xcode-27.0.0-Release.Candidate.app/Contents/Developer/Platforms/WatchOS.platform/Developer/SDKs/WatchOS27.0.sdk/Developer/Library/Frameworks -c -j10 -enable-batch-mode -incremental -Xcc -ivfsstatcache -Xcc /Users/admin/builder/spi-builder-workspace/.derivedData/SDKStatCaches.noindex/watchos27.0-24R360-e829b21a6f8c9b70876ba0858053c04477534ef55a1706bf4c1112bbb242f0a2.sdkstatcache -output-file-map /Users/admin/builder/spi-builder-workspace/.derivedData/Build/Intermediates.noindex/ANEEmbed.build/Debug-watchos/ane-embed-demo-p.build/Objects-normal/arm64_32/ane-embed-demo-OutputFileMap.json -save-temps -no-color-diagnostics -explicit-module-build -module-cache-path /Users/admin/builder/spi-builder-workspace/.derivedData/Build/Intermediates.noindex/SwiftExplicitPrecompiledModules -clang-scanner-module-cache-path /Users/admin/builder/spi-builder-workspace/.derivedData/ModuleCache.noindex -sdk-module-cache-path /Users/admin/builder/spi-builder-workspace/.derivedData/SDKExplicitPrecompiledModules -emit-dependencies -emit-module -emit-module-path /Users/admin/builder/spi-builder-workspace/.derivedData/Build/Intermediates.noindex/ANEEmbed.build/Debug-watchos/ane-embed-demo-p.build/Objects-normal/arm64_32/ane_embed_demo.swiftmodule -serialize-diagnostics -dependency-scan-serialize-diagnostics-path /Users/admin/builder/spi-builder-workspace/.derivedData/Build/Intermediates.noindex/ANEEmbed.build/Debug-watchos/ane-embed-demo-p.build/Objects-normal/arm64_32/ane_embed_demo-dependency-scan.dia -validate-clang-modules-once -clang-build-session-file /Users/admin/builder/spi-builder-workspace/.derivedData/ModuleCache.noindex/Session.modulevalidation -Xcc -fmodules-prune-interval\=86400 -Xcc -fmodules-prune-after\=345600 -package-name spi_builder_workspace -emit-const-values -const-gather-protocols-list /Users/admin/builder/spi-builder-workspace/.derivedData/Build/Intermediates.noindex/ANEEmbed.build/Debug-watchos/ane-embed-demo-p.build/Objects-normal/arm64_32/ane-embed-demo_const_extract_protocols.json -Xcc -I/Users/admin/builder/spi-builder-workspace/.derivedData/Build/Products/Debug-watchos/include -Xcc -I/Users/admin/builder/spi-builder-workspace/.derivedData/Build/Intermediates.noindex/ANEEmbed.build/Debug-watchos/ane-embed-demo-p.build/DerivedSources-normal/arm64_32 -Xcc -I/Users/admin/builder/spi-builder-workspace/.derivedData/Build/Intermediates.noindex/ANEEmbed.build/Debug-watchos/ane-embed-demo-p.build/DerivedSources/arm64_32 -Xcc -I/Users/admin/builder/spi-builder-workspace/.derivedData/Build/Intermediates.noindex/ANEEmbed.build/Debug-watchos/ane-embed-demo-p.build/DerivedSources -Xcc -DSWIFT_PACKAGE -Xcc -DDEBUG\=1 -working-directory /Users/admin/builder/spi-builder-workspace/.swiftpm/xcode -experimental-emit-module-separately -disable-cmo
SwiftDriverJobDiscovery normal arm64 Emitting module for ane_embed_demo (in target 'ane-embed-demo-product' from project 'ANEEmbed')
SwiftDriver\ Compilation\ Requirements ane-embed-demo normal arm64 com.apple.xcode.tools.swift.compiler (in target 'ane-embed-demo-product' from project 'ANEEmbed')
    cd /Users/admin/builder/spi-builder-workspace/.swiftpm/xcode
    builtin-Swift-Compilation-Requirements -- /Applications/Xcode-27.0.0-Release.Candidate.app/Contents/Developer/Toolchains/XcodeDefault.xctoolchain/usr/bin/swiftc -module-name ane_embed_demo -Onone @/Users/admin/builder/spi-builder-workspace/.derivedData/Build/Intermediates.noindex/ANEEmbed.build/Debug-watchos/ane-embed-demo-p.build/Objects-normal/arm64/ane-embed-demo.SwiftFileList -DSWIFT_PACKAGE -DDEBUG -DXcode -plugin-path /Applications/Xcode-27.0.0-Release.Candidate.app/Contents/Developer/Toolchains/XcodeDefault.xctoolchain/usr/lib/swift/host/plugins/testing -enable-experimental-feature DebugDescriptionMacro -sdk /Applications/Xcode-27.0.0-Release.Candidate.app/Contents/Developer/Platforms/WatchOS.platform/Developer/SDKs/WatchOS27.0.sdk -target arm64-apple-watchos9.0 -g -module-cache-path /Users/admin/builder/spi-builder-workspace/.derivedData/ModuleCache.noindex -Xfrontend -serialize-debugging-options -enable-testing -index-store-path /Users/admin/builder/spi-builder-workspace/.derivedData/Index.noindex/DataStore -Xcc -D_LIBCPP_HARDENING_MODE\=_LIBCPP_HARDENING_MODE_DEBUG -swift-version 5 -I /Users/admin/builder/spi-builder-workspace/.derivedData/Build/Products/Debug-watchos -Isystem /Applications/Xcode-27.0.0-Release.Candidate.app/Contents/Developer/Platforms/WatchOS.platform/Developer/usr/lib -F /Users/admin/builder/spi-builder-workspace/.derivedData/Build/Products/Debug-watchos/PackageFrameworks -F /Users/admin/builder/spi-builder-workspace/.derivedData/Build/Products/Debug-watchos -F /Applications/Xcode-27.0.0-Release.Candidate.app/Contents/Developer/Platforms/WatchOS.platform/Developer/Library/Frameworks -F /Applications/Xcode-27.0.0-Release.Candidate.app/Contents/Developer/Platforms/WatchOS.platform/Developer/SDKs/WatchOS27.0.sdk/Developer/Library/Frameworks -c -j10 -enable-batch-mode -incremental -Xcc -ivfsstatcache -Xcc /Users/admin/builder/spi-builder-workspace/.derivedData/SDKStatCaches.noindex/watchos27.0-24R360-e829b21a6f8c9b70876ba0858053c04477534ef55a1706bf4c1112bbb242f0a2.sdkstatcache -output-file-map /Users/admin/builder/spi-builder-workspace/.derivedData/Build/Intermediates.noindex/ANEEmbed.build/Debug-watchos/ane-embed-demo-p.build/Objects-normal/arm64/ane-embed-demo-OutputFileMap.json -save-temps -no-color-diagnostics -explicit-module-build -module-cache-path /Users/admin/builder/spi-builder-workspace/.derivedData/Build/Intermediates.noindex/SwiftExplicitPrecompiledModules -clang-scanner-module-cache-path /Users/admin/builder/spi-builder-workspace/.derivedData/ModuleCache.noindex -sdk-module-cache-path /Users/admin/builder/spi-builder-workspace/.derivedData/SDKExplicitPrecompiledModules -emit-dependencies -emit-module -emit-module-path /Users/admin/builder/spi-builder-workspace/.derivedData/Build/Intermediates.noindex/ANEEmbed.build/Debug-watchos/ane-embed-demo-p.build/Objects-normal/arm64/ane_embed_demo.swiftmodule -serialize-diagnostics -dependency-scan-serialize-diagnostics-path /Users/admin/builder/spi-builder-workspace/.derivedData/Build/Intermediates.noindex/ANEEmbed.build/Debug-watchos/ane-embed-demo-p.build/Objects-normal/arm64/ane_embed_demo-dependency-scan.dia -validate-clang-modules-once -clang-build-session-file /Users/admin/builder/spi-builder-workspace/.derivedData/ModuleCache.noindex/Session.modulevalidation -Xcc -fmodules-prune-interval\=86400 -Xcc -fmodules-prune-after\=345600 -package-name spi_builder_workspace -emit-const-values -const-gather-protocols-list /Users/admin/builder/spi-builder-workspace/.derivedData/Build/Intermediates.noindex/ANEEmbed.build/Debug-watchos/ane-embed-demo-p.build/Objects-normal/arm64/ane-embed-demo_const_extract_protocols.json -Xcc -I/Users/admin/builder/spi-builder-workspace/.derivedData/Build/Products/Debug-watchos/include -Xcc -I/Users/admin/builder/spi-builder-workspace/.derivedData/Build/Intermediates.noindex/ANEEmbed.build/Debug-watchos/ane-embed-demo-p.build/DerivedSources-normal/arm64 -Xcc -I/Users/admin/builder/spi-builder-workspace/.derivedData/Build/Intermediates.noindex/ANEEmbed.build/Debug-watchos/ane-embed-demo-p.build/DerivedSources/arm64 -Xcc -I/Users/admin/builder/spi-builder-workspace/.derivedData/Build/Intermediates.noindex/ANEEmbed.build/Debug-watchos/ane-embed-demo-p.build/DerivedSources -Xcc -DSWIFT_PACKAGE -Xcc -DDEBUG\=1 -working-directory /Users/admin/builder/spi-builder-workspace/.swiftpm/xcode -experimental-emit-module-separately -disable-cmo
SwiftCompile normal arm64_32 Compiling\ main.swift /Users/admin/builder/spi-builder-workspace/Sources/ane-embed-demo/main.swift (in target 'ane-embed-demo-product' from project 'ANEEmbed')
SwiftCompile normal arm64_32 /Users/admin/builder/spi-builder-workspace/Sources/ane-embed-demo/main.swift (in target 'ane-embed-demo-product' from project 'ANEEmbed')
    cd /Users/admin/builder/spi-builder-workspace/.swiftpm/xcode
    builtin-SwiftPerFileCompile main.swift
SwiftDriverJobDiscovery normal arm64 Compiling resource_bundle_accessor.swift (in target 'ANEEmbed' from project 'ANEEmbed')
SwiftDriverJobDiscovery normal arm64_32 Compiling resource_bundle_accessor.swift (in target 'ANEEmbed' from project 'ANEEmbed')
SwiftDriverJobDiscovery normal arm64 Compiling BertTokenizer.swift (in target 'ANEEmbed' from project 'ANEEmbed')
SwiftDriverJobDiscovery normal arm64_32 Compiling BertTokenizer.swift (in target 'ANEEmbed' from project 'ANEEmbed')
SwiftDriverJobDiscovery normal arm64 Compiling main.swift (in target 'ane-embed-demo-product' from project 'ANEEmbed')
SwiftDriver\ Compilation ane-embed-demo normal arm64 com.apple.xcode.tools.swift.compiler (in target 'ane-embed-demo-product' from project 'ANEEmbed')
    cd /Users/admin/builder/spi-builder-workspace/.swiftpm/xcode
    builtin-Swift-Compilation -- /Applications/Xcode-27.0.0-Release.Candidate.app/Contents/Developer/Toolchains/XcodeDefault.xctoolchain/usr/bin/swiftc -module-name ane_embed_demo -Onone @/Users/admin/builder/spi-builder-workspace/.derivedData/Build/Intermediates.noindex/ANEEmbed.build/Debug-watchos/ane-embed-demo-p.build/Objects-normal/arm64/ane-embed-demo.SwiftFileList -DSWIFT_PACKAGE -DDEBUG -DXcode -plugin-path /Applications/Xcode-27.0.0-Release.Candidate.app/Contents/Developer/Toolchains/XcodeDefault.xctoolchain/usr/lib/swift/host/plugins/testing -enable-experimental-feature DebugDescriptionMacro -sdk /Applications/Xcode-27.0.0-Release.Candidate.app/Contents/Developer/Platforms/WatchOS.platform/Developer/SDKs/WatchOS27.0.sdk -target arm64-apple-watchos9.0 -g -module-cache-path /Users/admin/builder/spi-builder-workspace/.derivedData/ModuleCache.noindex -Xfrontend -serialize-debugging-options -enable-testing -index-store-path /Users/admin/builder/spi-builder-workspace/.derivedData/Index.noindex/DataStore -Xcc -D_LIBCPP_HARDENING_MODE\=_LIBCPP_HARDENING_MODE_DEBUG -swift-version 5 -I /Users/admin/builder/spi-builder-workspace/.derivedData/Build/Products/Debug-watchos -Isystem /Applications/Xcode-27.0.0-Release.Candidate.app/Contents/Developer/Platforms/WatchOS.platform/Developer/usr/lib -F /Users/admin/builder/spi-builder-workspace/.derivedData/Build/Products/Debug-watchos/PackageFrameworks -F /Users/admin/builder/spi-builder-workspace/.derivedData/Build/Products/Debug-watchos -F /Applications/Xcode-27.0.0-Release.Candidate.app/Contents/Developer/Platforms/WatchOS.platform/Developer/Library/Frameworks -F /Applications/Xcode-27.0.0-Release.Candidate.app/Contents/Developer/Platforms/WatchOS.platform/Developer/SDKs/WatchOS27.0.sdk/Developer/Library/Frameworks -c -j10 -enable-batch-mode -incremental -Xcc -ivfsstatcache -Xcc /Users/admin/builder/spi-builder-workspace/.derivedData/SDKStatCaches.noindex/watchos27.0-24R360-e829b21a6f8c9b70876ba0858053c04477534ef55a1706bf4c1112bbb242f0a2.sdkstatcache -output-file-map /Users/admin/builder/spi-builder-workspace/.derivedData/Build/Intermediates.noindex/ANEEmbed.build/Debug-watchos/ane-embed-demo-p.build/Objects-normal/arm64/ane-embed-demo-OutputFileMap.json -save-temps -no-color-diagnostics -explicit-module-build -module-cache-path /Users/admin/builder/spi-builder-workspace/.derivedData/Build/Intermediates.noindex/SwiftExplicitPrecompiledModules -clang-scanner-module-cache-path /Users/admin/builder/spi-builder-workspace/.derivedData/ModuleCache.noindex -sdk-module-cache-path /Users/admin/builder/spi-builder-workspace/.derivedData/SDKExplicitPrecompiledModules -emit-dependencies -emit-module -emit-module-path /Users/admin/builder/spi-builder-workspace/.derivedData/Build/Intermediates.noindex/ANEEmbed.build/Debug-watchos/ane-embed-demo-p.build/Objects-normal/arm64/ane_embed_demo.swiftmodule -serialize-diagnostics -dependency-scan-serialize-diagnostics-path /Users/admin/builder/spi-builder-workspace/.derivedData/Build/Intermediates.noindex/ANEEmbed.build/Debug-watchos/ane-embed-demo-p.build/Objects-normal/arm64/ane_embed_demo-dependency-scan.dia -validate-clang-modules-once -clang-build-session-file /Users/admin/builder/spi-builder-workspace/.derivedData/ModuleCache.noindex/Session.modulevalidation -Xcc -fmodules-prune-interval\=86400 -Xcc -fmodules-prune-after\=345600 -package-name spi_builder_workspace -emit-const-values -const-gather-protocols-list /Users/admin/builder/spi-builder-workspace/.derivedData/Build/Intermediates.noindex/ANEEmbed.build/Debug-watchos/ane-embed-demo-p.build/Objects-normal/arm64/ane-embed-demo_const_extract_protocols.json -Xcc -I/Users/admin/builder/spi-builder-workspace/.derivedData/Build/Products/Debug-watchos/include -Xcc -I/Users/admin/builder/spi-builder-workspace/.derivedData/Build/Intermediates.noindex/ANEEmbed.build/Debug-watchos/ane-embed-demo-p.build/DerivedSources-normal/arm64 -Xcc -I/Users/admin/builder/spi-builder-workspace/.derivedData/Build/Intermediates.noindex/ANEEmbed.build/Debug-watchos/ane-embed-demo-p.build/DerivedSources/arm64 -Xcc -I/Users/admin/builder/spi-builder-workspace/.derivedData/Build/Intermediates.noindex/ANEEmbed.build/Debug-watchos/ane-embed-demo-p.build/DerivedSources -Xcc -DSWIFT_PACKAGE -Xcc -DDEBUG\=1 -working-directory /Users/admin/builder/spi-builder-workspace/.swiftpm/xcode -experimental-emit-module-separately -disable-cmo
PruneExplicitPrecompiledModules /Users/admin/builder/spi-builder-workspace/.derivedData/Build/Intermediates.noindex/SwiftExplicitPrecompiledModules
PruneExplicitPrecompiledModules /Users/admin/builder/spi-builder-workspace/.derivedData/Build/Intermediates.noindex/ExplicitPrecompiledModules
PruneExplicitPrecompiledModules /Users/admin/builder/spi-builder-workspace/.derivedData/SDKExplicitPrecompiledModules
2026-09-27 14:52:31.935 xcodebuild[627:3949] [MT] IDERunDestination: Supported platforms for the buildables in the current scheme is empty.
** BUILD FAILED **
The following build commands failed:
	SwiftCompile normal arm64_32 /Users/admin/builder/spi-builder-workspace/Sources/ANEEmbed/Embedder.swift (in target 'ANEEmbed' from project 'ANEEmbed')
	SwiftCompile normal arm64_32 Compiling\ Embedder.swift /Users/admin/builder/spi-builder-workspace/Sources/ANEEmbed/Embedder.swift (in target 'ANEEmbed' from project 'ANEEmbed')
	SwiftCompile normal arm64 Compiling\ Embedder.swift /Users/admin/builder/spi-builder-workspace/Sources/ANEEmbed/Embedder.swift (in target 'ANEEmbed' from project 'ANEEmbed')
	SwiftCompile normal arm64 /Users/admin/builder/spi-builder-workspace/Sources/ANEEmbed/Embedder.swift (in target 'ANEEmbed' from project 'ANEEmbed')
	Building workspace ANEEmbed with scheme ANEEmbed-Package
(5 failures)
Command line invocation:
    /Applications/Xcode-27.0.0-Release.Candidate.app/Contents/Developer/usr/bin/xcodebuild -IDEClonedSourcePackagesDirPathOverride=/Users/admin/builder/spi-builder-workspace/.dependencies -resolvePackageDependencies
Resolve Package Graph
Resolved source packages:
  ANEEmbed: /Users/admin/builder/spi-builder-workspace
resolved source packages: ANEEmbed
2026-09-27 14:52:38.407 xcodebuild[724:4431] [MT] IDERunDestination: Supported platforms for the buildables in the current scheme is empty.
{
  "dependencies" : [
  ],
  "manifest_display_name" : "ANEEmbed",
  "name" : "ANEEmbed",
  "path" : "/Users/admin/builder/spi-builder-workspace",
  "platforms" : [
    {
      "name" : "macos",
      "version" : "14.0"
    }
  ],
  "products" : [
    {
      "name" : "ANEEmbed",
      "targets" : [
        "ANEEmbed"
      ],
      "type" : {
        "library" : [
          "automatic"
        ]
      }
    },
    {
      "name" : "ane-embed-demo",
      "targets" : [
        "ane-embed-demo"
      ],
      "type" : {
        "executable" : null
      }
    }
  ],
  "targets" : [
    {
      "c99name" : "ane_embed_demo",
      "module_type" : "SwiftTarget",
      "name" : "ane-embed-demo",
      "path" : "Sources/ane-embed-demo",
      "product_memberships" : [
        "ane-embed-demo"
      ],
      "sources" : [
        "main.swift"
      ],
      "target_dependencies" : [
        "ANEEmbed"
      ],
      "type" : "executable"
    },
    {
      "c99name" : "ANEEmbed",
      "module_type" : "SwiftTarget",
      "name" : "ANEEmbed",
      "path" : "Sources/ANEEmbed",
      "product_memberships" : [
        "ANEEmbed",
        "ane-embed-demo"
      ],
      "resources" : [
        {
          "path" : "/Users/admin/builder/spi-builder-workspace/Sources/ANEEmbed/Resources/all-MiniLM-L6-v2-quant8.mlpackage",
          "rule" : {
            "copy" : {
            }
          }
        },
        {
          "path" : "/Users/admin/builder/spi-builder-workspace/Sources/ANEEmbed/Resources/vocab.txt",
          "rule" : {
            "copy" : {
            }
          }
        }
      ],
      "sources" : [
        "BertTokenizer.swift",
        "Embedder.swift"
      ],
      "type" : "library"
    }
  ],
  "tools_version" : "5.9"
}
{
  "workspace" : {
    "name" : "ANEEmbed",
    "schemes" : [
      "ane-embed-demo",
      "ANEEmbed",
      "ANEEmbed-Package"
    ]
  }
}
2026-09-27 14:52:39.714 xcodebuild[752:4669] [MT] IDERunDestination: Supported platforms for the buildables in the current scheme is empty.
Running build ...
env DEVELOPER_DIR=/Applications/Xcode-27.0.0-Release.Candidate.app xcrun xcodebuild -IDEClonedSourcePackagesDirPathOverride=$PWD/.dependencies -skipMacroValidation -skipPackagePluginValidation -derivedDataPath $PWD/.derivedData build -scheme ANEEmbed-Package -destination generic/platform=watchOS
Command line invocation:
    /Applications/Xcode-27.0.0-Release.Candidate.app/Contents/Developer/usr/bin/xcodebuild -IDEClonedSourcePackagesDirPathOverride=/Users/admin/builder/spi-builder-workspace/.dependencies -skipMacroValidation -skipPackagePluginValidation -derivedDataPath /Users/admin/builder/spi-builder-workspace/.derivedData build -scheme ANEEmbed-Package -destination generic/platform=watchOS
Resolve Package Graph
Resolved source packages:
  ANEEmbed: /Users/admin/builder/spi-builder-workspace
ComputePackagePrebuildTargetDependencyGraph
Prepare packages
CreateBuildRequest
SendProjectDescription
CreateBuildOperation
ComputeTargetDependencyGraph
note: Building targets in dependency order
note: Target dependency graph (4 targets)
    Target 'ane-embed-demo-product' in project 'ANEEmbed'
        ➜ Explicit dependency on target 'ANEEmbed' in project 'ANEEmbed'
    Target 'ANEEmbed-product' in project 'ANEEmbed'
        ➜ Explicit dependency on target 'ANEEmbed' in project 'ANEEmbed'
        ➜ Explicit dependency on target 'ANEEmbed_ANEEmbed' in project 'ANEEmbed'
    Target 'ANEEmbed' in project 'ANEEmbed'
        ➜ Explicit dependency on target 'ANEEmbed_ANEEmbed' in project 'ANEEmbed'
    Target 'ANEEmbed_ANEEmbed' in project 'ANEEmbed' (no dependencies)
GatherProvisioningInputs
CreateBuildDescription
ClangStatCache /Applications/Xcode-27.0.0-Release.Candidate.app/Contents/Developer/Toolchains/XcodeDefault.xctoolchain/usr/bin/clang-stat-cache /Applications/Xcode-27.0.0-Release.Candidate.app/Contents/Developer/Platforms/WatchOS.platform/Developer/SDKs/WatchOS27.0.sdk /Users/admin/builder/spi-builder-workspace/.derivedData/SDKStatCaches.noindex/watchos27.0-24R360-e829b21a6f8c9b70876ba0858053c04477534ef55a1706bf4c1112bbb242f0a2.sdkstatcache
    cd /Users/admin/builder/spi-builder-workspace/.swiftpm/xcode
    /Applications/Xcode-27.0.0-Release.Candidate.app/Contents/Developer/Toolchains/XcodeDefault.xctoolchain/usr/bin/clang-stat-cache /Applications/Xcode-27.0.0-Release.Candidate.app/Contents/Developer/Platforms/WatchOS.platform/Developer/SDKs/WatchOS27.0.sdk -o /Users/admin/builder/spi-builder-workspace/.derivedData/SDKStatCaches.noindex/watchos27.0-24R360-e829b21a6f8c9b70876ba0858053c04477534ef55a1706bf4c1112bbb242f0a2.sdkstatcache
SwiftDriver ANEEmbed normal arm64 com.apple.xcode.tools.swift.compiler (in target 'ANEEmbed' from project 'ANEEmbed')
    cd /Users/admin/builder/spi-builder-workspace/.swiftpm/xcode
    builtin-SwiftDriver -- /Applications/Xcode-27.0.0-Release.Candidate.app/Contents/Developer/Toolchains/XcodeDefault.xctoolchain/usr/bin/swiftc -parse-as-library -module-name ANEEmbed -Onone @/Users/admin/builder/spi-builder-workspace/.derivedData/Build/Intermediates.noindex/ANEEmbed.build/Debug-watchos/ANEEmbed-t.build/Objects-normal/arm64/ANEEmbed.SwiftFileList -DSWIFT_PACKAGE -DDEBUG -DSWIFT_MODULE_RESOURCE_BUNDLE_AVAILABLE -DXcode -plugin-path /Applications/Xcode-27.0.0-Release.Candidate.app/Contents/Developer/Toolchains/XcodeDefault.xctoolchain/usr/lib/swift/host/plugins/testing -enable-experimental-feature DebugDescriptionMacro -sdk /Applications/Xcode-27.0.0-Release.Candidate.app/Contents/Developer/Platforms/WatchOS.platform/Developer/SDKs/WatchOS27.0.sdk -target arm64-apple-watchos9.0 -g -module-cache-path /Users/admin/builder/spi-builder-workspace/.derivedData/ModuleCache.noindex -Xfrontend -serialize-debugging-options -enable-testing -index-store-path /Users/admin/builder/spi-builder-workspace/.derivedData/Index.noindex/DataStore -Xcc -D_LIBCPP_HARDENING_MODE\=_LIBCPP_HARDENING_MODE_DEBUG -swift-version 5 -I /Users/admin/builder/spi-builder-workspace/.derivedData/Build/Products/Debug-watchos -Isystem /Applications/Xcode-27.0.0-Release.Candidate.app/Contents/Developer/Platforms/WatchOS.platform/Developer/usr/lib -F /Users/admin/builder/spi-builder-workspace/.derivedData/Build/Products/Debug-watchos -F /Applications/Xcode-27.0.0-Release.Candidate.app/Contents/Developer/Platforms/WatchOS.platform/Developer/Library/Frameworks -F /Applications/Xcode-27.0.0-Release.Candidate.app/Contents/Developer/Platforms/WatchOS.platform/Developer/SDKs/WatchOS27.0.sdk/Developer/Library/Frameworks -c -j10 -enable-batch-mode -incremental -Xcc -ivfsstatcache -Xcc /Users/admin/builder/spi-builder-workspace/.derivedData/SDKStatCaches.noindex/watchos27.0-24R360-e829b21a6f8c9b70876ba0858053c04477534ef55a1706bf4c1112bbb242f0a2.sdkstatcache -output-file-map /Users/admin/builder/spi-builder-workspace/.derivedData/Build/Intermediates.noindex/ANEEmbed.build/Debug-watchos/ANEEmbed-t.build/Objects-normal/arm64/ANEEmbed-OutputFileMap.json -save-temps -no-color-diagnostics -explicit-module-build -module-cache-path /Users/admin/builder/spi-builder-workspace/.derivedData/Build/Intermediates.noindex/SwiftExplicitPrecompiledModules -clang-scanner-module-cache-path /Users/admin/builder/spi-builder-workspace/.derivedData/ModuleCache.noindex -sdk-module-cache-path /Users/admin/builder/spi-builder-workspace/.derivedData/SDKExplicitPrecompiledModules -emit-dependencies -emit-module -emit-module-path /Users/admin/builder/spi-builder-workspace/.derivedData/Build/Intermediates.noindex/ANEEmbed.build/Debug-watchos/ANEEmbed-t.build/Objects-normal/arm64/ANEEmbed.swiftmodule -serialize-diagnostics -dependency-scan-serialize-diagnostics-path /Users/admin/builder/spi-builder-workspace/.derivedData/Build/Intermediates.noindex/ANEEmbed.build/Debug-watchos/ANEEmbed-t.build/Objects-normal/arm64/ANEEmbed-dependency-scan.dia -validate-clang-modules-once -clang-build-session-file /Users/admin/builder/spi-builder-workspace/.derivedData/ModuleCache.noindex/Session.modulevalidation -Xcc -fmodules-prune-interval\=86400 -Xcc -fmodules-prune-after\=345600 -package-name spi_builder_workspace -emit-const-values -const-gather-protocols-list /Users/admin/builder/spi-builder-workspace/.derivedData/Build/Intermediates.noindex/ANEEmbed.build/Debug-watchos/ANEEmbed-t.build/Objects-normal/arm64/ANEEmbed_const_extract_protocols.json -Xcc -I/Users/admin/builder/spi-builder-workspace/.derivedData/Build/Products/Debug-watchos/include -Xcc -I/Users/admin/builder/spi-builder-workspace/.derivedData/Build/Intermediates.noindex/ANEEmbed.build/Debug-watchos/ANEEmbed-t.build/DerivedSources-normal/arm64 -Xcc -I/Users/admin/builder/spi-builder-workspace/.derivedData/Build/Intermediates.noindex/ANEEmbed.build/Debug-watchos/ANEEmbed-t.build/DerivedSources/arm64 -Xcc -I/Users/admin/builder/spi-builder-workspace/.derivedData/Build/Intermediates.noindex/ANEEmbed.build/Debug-watchos/ANEEmbed-t.build/DerivedSources -Xcc -DSWIFT_PACKAGE -Xcc -DDEBUG\=1 -emit-objc-header -emit-objc-header-path /Users/admin/builder/spi-builder-workspace/.derivedData/Build/Intermediates.noindex/ANEEmbed.build/Debug-watchos/ANEEmbed-t.build/Objects-normal/arm64/ANEEmbed-Swift.h -working-directory /Users/admin/builder/spi-builder-workspace/.swiftpm/xcode -experimental-emit-module-separately -disable-cmo
SwiftDriver ane-embed-demo normal arm64_32 com.apple.xcode.tools.swift.compiler (in target 'ane-embed-demo-product' from project 'ANEEmbed')
    cd /Users/admin/builder/spi-builder-workspace/.swiftpm/xcode
    builtin-SwiftDriver -- /Applications/Xcode-27.0.0-Release.Candidate.app/Contents/Developer/Toolchains/XcodeDefault.xctoolchain/usr/bin/swiftc -module-name ane_embed_demo -Onone @/Users/admin/builder/spi-builder-workspace/.derivedData/Build/Intermediates.noindex/ANEEmbed.build/Debug-watchos/ane-embed-demo-p.build/Objects-normal/arm64_32/ane-embed-demo.SwiftFileList -DSWIFT_PACKAGE -DDEBUG -DXcode -plugin-path /Applications/Xcode-27.0.0-Release.Candidate.app/Contents/Developer/Toolchains/XcodeDefault.xctoolchain/usr/lib/swift/host/plugins/testing -enable-experimental-feature DebugDescriptionMacro -sdk /Applications/Xcode-27.0.0-Release.Candidate.app/Contents/Developer/Platforms/WatchOS.platform/Developer/SDKs/WatchOS27.0.sdk -target arm64_32-apple-watchos9.0 -g -module-cache-path /Users/admin/builder/spi-builder-workspace/.derivedData/ModuleCache.noindex -Xfrontend -serialize-debugging-options -enable-testing -index-store-path /Users/admin/builder/spi-builder-workspace/.derivedData/Index.noindex/DataStore -Xcc -D_LIBCPP_HARDENING_MODE\=_LIBCPP_HARDENING_MODE_DEBUG -swift-version 5 -I /Users/admin/builder/spi-builder-workspace/.derivedData/Build/Products/Debug-watchos -Isystem /Applications/Xcode-27.0.0-Release.Candidate.app/Contents/Developer/Platforms/WatchOS.platform/Developer/usr/lib -F /Users/admin/builder/spi-builder-workspace/.derivedData/Build/Products/Debug-watchos/PackageFrameworks -F /Users/admin/builder/spi-builder-workspace/.derivedData/Build/Products/Debug-watchos -F /Applications/Xcode-27.0.0-Release.Candidate.app/Contents/Developer/Platforms/WatchOS.platform/Developer/Library/Frameworks -F /Applications/Xcode-27.0.0-Release.Candidate.app/Contents/Developer/Platforms/WatchOS.platform/Developer/SDKs/WatchOS27.0.sdk/Developer/Library/Frameworks -c -j10 -enable-batch-mode -incremental -Xcc -ivfsstatcache -Xcc /Users/admin/builder/spi-builder-workspace/.derivedData/SDKStatCaches.noindex/watchos27.0-24R360-e829b21a6f8c9b70876ba0858053c04477534ef55a1706bf4c1112bbb242f0a2.sdkstatcache -output-file-map /Users/admin/builder/spi-builder-workspace/.derivedData/Build/Intermediates.noindex/ANEEmbed.build/Debug-watchos/ane-embed-demo-p.build/Objects-normal/arm64_32/ane-embed-demo-OutputFileMap.json -save-temps -no-color-diagnostics -explicit-module-build -module-cache-path /Users/admin/builder/spi-builder-workspace/.derivedData/Build/Intermediates.noindex/SwiftExplicitPrecompiledModules -clang-scanner-module-cache-path /Users/admin/builder/spi-builder-workspace/.derivedData/ModuleCache.noindex -sdk-module-cache-path /Users/admin/builder/spi-builder-workspace/.derivedData/SDKExplicitPrecompiledModules -emit-dependencies -emit-module -emit-module-path /Users/admin/builder/spi-builder-workspace/.derivedData/Build/Intermediates.noindex/ANEEmbed.build/Debug-watchos/ane-embed-demo-p.build/Objects-normal/arm64_32/ane_embed_demo.swiftmodule -serialize-diagnostics -dependency-scan-serialize-diagnostics-path /Users/admin/builder/spi-builder-workspace/.derivedData/Build/Intermediates.noindex/ANEEmbed.build/Debug-watchos/ane-embed-demo-p.build/Objects-normal/arm64_32/ane_embed_demo-dependency-scan.dia -validate-clang-modules-once -clang-build-session-file /Users/admin/builder/spi-builder-workspace/.derivedData/ModuleCache.noindex/Session.modulevalidation -Xcc -fmodules-prune-interval\=86400 -Xcc -fmodules-prune-after\=345600 -package-name spi_builder_workspace -emit-const-values -const-gather-protocols-list /Users/admin/builder/spi-builder-workspace/.derivedData/Build/Intermediates.noindex/ANEEmbed.build/Debug-watchos/ane-embed-demo-p.build/Objects-normal/arm64_32/ane-embed-demo_const_extract_protocols.json -Xcc -I/Users/admin/builder/spi-builder-workspace/.derivedData/Build/Products/Debug-watchos/include -Xcc -I/Users/admin/builder/spi-builder-workspace/.derivedData/Build/Intermediates.noindex/ANEEmbed.build/Debug-watchos/ane-embed-demo-p.build/DerivedSources-normal/arm64_32 -Xcc -I/Users/admin/builder/spi-builder-workspace/.derivedData/Build/Intermediates.noindex/ANEEmbed.build/Debug-watchos/ane-embed-demo-p.build/DerivedSources/arm64_32 -Xcc -I/Users/admin/builder/spi-builder-workspace/.derivedData/Build/Intermediates.noindex/ANEEmbed.build/Debug-watchos/ane-embed-demo-p.build/DerivedSources -Xcc -DSWIFT_PACKAGE -Xcc -DDEBUG\=1 -working-directory /Users/admin/builder/spi-builder-workspace/.swiftpm/xcode -experimental-emit-module-separately -disable-cmo
SwiftDriver ANEEmbed normal arm64_32 com.apple.xcode.tools.swift.compiler (in target 'ANEEmbed' from project 'ANEEmbed')
    cd /Users/admin/builder/spi-builder-workspace/.swiftpm/xcode
    builtin-SwiftDriver -- /Applications/Xcode-27.0.0-Release.Candidate.app/Contents/Developer/Toolchains/XcodeDefault.xctoolchain/usr/bin/swiftc -parse-as-library -module-name ANEEmbed -Onone @/Users/admin/builder/spi-builder-workspace/.derivedData/Build/Intermediates.noindex/ANEEmbed.build/Debug-watchos/ANEEmbed-t.build/Objects-normal/arm64_32/ANEEmbed.SwiftFileList -DSWIFT_PACKAGE -DDEBUG -DSWIFT_MODULE_RESOURCE_BUNDLE_AVAILABLE -DXcode -plugin-path /Applications/Xcode-27.0.0-Release.Candidate.app/Contents/Developer/Toolchains/XcodeDefault.xctoolchain/usr/lib/swift/host/plugins/testing -enable-experimental-feature DebugDescriptionMacro -sdk /Applications/Xcode-27.0.0-Release.Candidate.app/Contents/Developer/Platforms/WatchOS.platform/Developer/SDKs/WatchOS27.0.sdk -target arm64_32-apple-watchos9.0 -g -module-cache-path /Users/admin/builder/spi-builder-workspace/.derivedData/ModuleCache.noindex -Xfrontend -serialize-debugging-options -enable-testing -index-store-path /Users/admin/builder/spi-builder-workspace/.derivedData/Index.noindex/DataStore -Xcc -D_LIBCPP_HARDENING_MODE\=_LIBCPP_HARDENING_MODE_DEBUG -swift-version 5 -I /Users/admin/builder/spi-builder-workspace/.derivedData/Build/Products/Debug-watchos -Isystem /Applications/Xcode-27.0.0-Release.Candidate.app/Contents/Developer/Platforms/WatchOS.platform/Developer/usr/lib -F /Users/admin/builder/spi-builder-workspace/.derivedData/Build/Products/Debug-watchos -F /Applications/Xcode-27.0.0-Release.Candidate.app/Contents/Developer/Platforms/WatchOS.platform/Developer/Library/Frameworks -F /Applications/Xcode-27.0.0-Release.Candidate.app/Contents/Developer/Platforms/WatchOS.platform/Developer/SDKs/WatchOS27.0.sdk/Developer/Library/Frameworks -c -j10 -enable-batch-mode -incremental -Xcc -ivfsstatcache -Xcc /Users/admin/builder/spi-builder-workspace/.derivedData/SDKStatCaches.noindex/watchos27.0-24R360-e829b21a6f8c9b70876ba0858053c04477534ef55a1706bf4c1112bbb242f0a2.sdkstatcache -output-file-map /Users/admin/builder/spi-builder-workspace/.derivedData/Build/Intermediates.noindex/ANEEmbed.build/Debug-watchos/ANEEmbed-t.build/Objects-normal/arm64_32/ANEEmbed-OutputFileMap.json -save-temps -no-color-diagnostics -explicit-module-build -module-cache-path /Users/admin/builder/spi-builder-workspace/.derivedData/Build/Intermediates.noindex/SwiftExplicitPrecompiledModules -clang-scanner-module-cache-path /Users/admin/builder/spi-builder-workspace/.derivedData/ModuleCache.noindex -sdk-module-cache-path /Users/admin/builder/spi-builder-workspace/.derivedData/SDKExplicitPrecompiledModules -emit-dependencies -emit-module -emit-module-path /Users/admin/builder/spi-builder-workspace/.derivedData/Build/Intermediates.noindex/ANEEmbed.build/Debug-watchos/ANEEmbed-t.build/Objects-normal/arm64_32/ANEEmbed.swiftmodule -serialize-diagnostics -dependency-scan-serialize-diagnostics-path /Users/admin/builder/spi-builder-workspace/.derivedData/Build/Intermediates.noindex/ANEEmbed.build/Debug-watchos/ANEEmbed-t.build/Objects-normal/arm64_32/ANEEmbed-dependency-scan.dia -validate-clang-modules-once -clang-build-session-file /Users/admin/builder/spi-builder-workspace/.derivedData/ModuleCache.noindex/Session.modulevalidation -Xcc -fmodules-prune-interval\=86400 -Xcc -fmodules-prune-after\=345600 -package-name spi_builder_workspace -emit-const-values -const-gather-protocols-list /Users/admin/builder/spi-builder-workspace/.derivedData/Build/Intermediates.noindex/ANEEmbed.build/Debug-watchos/ANEEmbed-t.build/Objects-normal/arm64_32/ANEEmbed_const_extract_protocols.json -Xcc -I/Users/admin/builder/spi-builder-workspace/.derivedData/Build/Products/Debug-watchos/include -Xcc -I/Users/admin/builder/spi-builder-workspace/.derivedData/Build/Intermediates.noindex/ANEEmbed.build/Debug-watchos/ANEEmbed-t.build/DerivedSources-normal/arm64_32 -Xcc -I/Users/admin/builder/spi-builder-workspace/.derivedData/Build/Intermediates.noindex/ANEEmbed.build/Debug-watchos/ANEEmbed-t.build/DerivedSources/arm64_32 -Xcc -I/Users/admin/builder/spi-builder-workspace/.derivedData/Build/Intermediates.noindex/ANEEmbed.build/Debug-watchos/ANEEmbed-t.build/DerivedSources -Xcc -DSWIFT_PACKAGE -Xcc -DDEBUG\=1 -emit-objc-header -emit-objc-header-path /Users/admin/builder/spi-builder-workspace/.derivedData/Build/Intermediates.noindex/ANEEmbed.build/Debug-watchos/ANEEmbed-t.build/Objects-normal/arm64_32/ANEEmbed-Swift.h -working-directory /Users/admin/builder/spi-builder-workspace/.swiftpm/xcode -experimental-emit-module-separately -disable-cmo
SwiftEmitModule normal arm64_32 Emitting\ module\ for\ ANEEmbed (in target 'ANEEmbed' from project 'ANEEmbed')
SwiftCompile normal arm64_32 (in target 'ANEEmbed' from project 'ANEEmbed')
    cd /Users/admin/builder/spi-builder-workspace/.swiftpm/xcode

SwiftCompile normal arm64_32 Compiling\ Embedder.swift /Users/admin/builder/spi-builder-workspace/Sources/ANEEmbed/Embedder.swift (in target 'ANEEmbed' from project 'ANEEmbed')
/Users/admin/builder/spi-builder-workspace/Sources/ANEEmbed/Embedder.swift:33:39: error: 'compileModel(at:)' is unavailable in watchOS
31 |         }
32 |
33 |         let compiledURL = try MLModel.compileModel(at: mlpackageURL)
   |                                       `- error: 'compileModel(at:)' is unavailable in watchOS
34 |         let config = MLModelConfiguration()
35 |         config.computeUnits = .cpuAndNeuralEngine
/Applications/Xcode-27.0.0-Release.Candidate.app/Contents/Developer/Platforms/WatchOS.platform/Developer/SDKs/WatchOS27.0.sdk/System/Library/Frameworks/CoreML.framework/Headers/MLModel+MLModelCompilation.h:35:1: note: 'compileModel(at:)' has been explicitly marked unavailable here
33 |  *
34 |  */
35 | + (nullable NSURL *)compileModelAtURL:(NSURL *)modelURL
   | `- note: 'compileModel(at:)' has been explicitly marked unavailable here
36 |                                 error:(NSError **)error
37 |                                 API_UNAVAILABLE(watchos)
Failed frontend command:
/Applications/Xcode-27.0.0-Release.Candidate.app/Contents/Developer/Toolchains/XcodeDefault.xctoolchain/usr/bin/swift-frontend -frontend -c /Users/admin/builder/spi-builder-workspace/.derivedData/Build/Intermediates.noindex/ANEEmbed.build/Debug-watchos/ANEEmbed-t.build/DerivedSources/resource_bundle_accessor.swift /Users/admin/builder/spi-builder-workspace/Sources/ANEEmbed/BertTokenizer.swift -primary-file /Users/admin/builder/spi-builder-workspace/Sources/ANEEmbed/Embedder.swift /Users/admin/builder/spi-builder-workspace/.derivedData/Build/Intermediates.noindex/ANEEmbed.build/Debug-watchos/ANEEmbed-t.build/DerivedSources/CoreMLGenerated/all-MiniLM-L6-v2-quant8/all-MiniLM-L6-v2-quant8.swift -emit-dependencies-path /Users/admin/builder/spi-builder-workspace/.derivedData/Build/Intermediates.noindex/ANEEmbed.build/Debug-watchos/ANEEmbed-t.build/Objects-normal/arm64_32/Embedder.d -emit-const-values-path /Users/admin/builder/spi-builder-workspace/.derivedData/Build/Intermediates.noindex/ANEEmbed.build/Debug-watchos/ANEEmbed-t.build/Objects-normal/arm64_32/Embedder.swiftconstvalues -emit-reference-dependencies-path /Users/admin/builder/spi-builder-workspace/.derivedData/Build/Intermediates.noindex/ANEEmbed.build/Debug-watchos/ANEEmbed-t.build/Objects-normal/arm64_32/Embedder.swiftdeps -serialize-diagnostics-path /Users/admin/builder/spi-builder-workspace/.derivedData/Build/Intermediates.noindex/ANEEmbed.build/Debug-watchos/ANEEmbed-t.build/Objects-normal/arm64_32/Embedder.dia -target arm64_32-apple-watchos9.0 -disable-cross-import-overlay-search -load-resolved-plugin /Applications/Xcode-27.0.0-Release.Candidate.app/Contents/Developer/Platforms/WatchOS.platform/Developer/usr/lib/swift/host/plugins/libFoundationMacros.dylib\#/Applications/Xcode-27.0.0-Release.Candidate.app/Contents/Developer/Platforms/WatchOS.platform/Developer/usr/bin/swift-plugin-server\#FoundationMacros -load-resolved-plugin /Applications/Xcode-27.0.0-Release.Candidate.app/Contents/Developer/Platforms/WatchOS.platform/Developer/usr/lib/swift/host/plugins/libObservationMacros.dylib\#/Applications/Xcode-27.0.0-Release.Candidate.app/Contents/Developer/Platforms/WatchOS.platform/Developer/usr/bin/swift-plugin-server\#ObservationMacros -load-resolved-plugin /Applications/Xcode-27.0.0-Release.Candidate.app/Contents/Developer/Platforms/WatchOS.platform/Developer/usr/lib/swift/host/plugins/libSwiftMacros.dylib\#/Applications/Xcode-27.0.0-Release.Candidate.app/Contents/Developer/Platforms/WatchOS.platform/Developer/usr/bin/swift-plugin-server\#SwiftMacros -disable-implicit-swift-modules -Xcc -fno-implicit-modules -Xcc -fno-implicit-module-maps -explicit-swift-module-map-file /Users/admin/builder/spi-builder-workspace/.derivedData/Build/Intermediates.noindex/ANEEmbed.build/Debug-watchos/ANEEmbed-t.build/Objects-normal/arm64_32/ANEEmbed-dependencies-2.json -enable-objc-interop -sdk /Applications/Xcode-27.0.0-Release.Candidate.app/Contents/Developer/Platforms/WatchOS.platform/Developer/SDKs/WatchOS27.0.sdk -I /Users/admin/builder/spi-builder-workspace/.derivedData/Build/Products/Debug-watchos -Isystem /Applications/Xcode-27.0.0-Release.Candidate.app/Contents/Developer/Platforms/WatchOS.platform/Developer/usr/lib -F /Users/admin/builder/spi-builder-workspace/.derivedData/Build/Products/Debug-watchos -F /Applications/Xcode-27.0.0-Release.Candidate.app/Contents/Developer/Platforms/WatchOS.platform/Developer/Library/Frameworks -F /Applications/Xcode-27.0.0-Release.Candidate.app/Contents/Developer/Platforms/WatchOS.platform/Developer/SDKs/WatchOS27.0.sdk/Developer/Library/Frameworks -module-cache-path /Users/admin/builder/spi-builder-workspace/.derivedData/Build/Intermediates.noindex/SwiftExplicitPrecompiledModules -no-color-diagnostics -Xcc -fno-color-diagnostics -enable-testing -g -debug-info-format\=dwarf -dwarf-version\=4 -swift-version 5 -Onone -D SWIFT_PACKAGE -D DEBUG -D SWIFT_MODULE_RESOURCE_BUNDLE_AVAILABLE -D Xcode -serialize-debugging-options -enable-experimental-feature DebugDescriptionMacro -empty-abi-descriptor -validate-clang-modules-once -clang-build-session-file /Users/admin/builder/spi-builder-workspace/.derivedData/ModuleCache.noindex/Session.modulevalidation -Xcc -working-directory -Xcc /Users/admin/builder/spi-builder-workspace/.swiftpm/xcode -enable-anonymous-context-mangled-names -file-compilation-dir /Users/admin/builder/spi-builder-workspace/.swiftpm/xcode -Xcc -D_LIBCPP_HARDENING_MODE\=_LIBCPP_HARDENING_MODE_DEBUG -Xcc -ivfsstatcache -Xcc /Users/admin/builder/spi-builder-workspace/.derivedData/SDKStatCaches.noindex/watchos27.0-24R360-e829b21a6f8c9b70876ba0858053c04477534ef55a1706bf4c1112bbb242f0a2.sdkstatcache -Xcc -fmodules-prune-interval\=86400 -Xcc -fmodules-prune-after\=345600 -Xcc -I/Users/admin/builder/spi-builder-workspace/.derivedData/Build/Products/Debug-watchos/include -Xcc -I/Users/admin/builder/spi-builder-workspace/.derivedData/Build/Intermediates.noindex/ANEEmbed.build/Debug-watchos/ANEEmbed-t.build/DerivedSources-normal/arm64_32 -Xcc -I/Users/admin/builder/spi-builder-workspace/.derivedData/Build/Intermediates.noindex/ANEEmbed.build/Debug-watchos/ANEEmbed-t.build/DerivedSources/arm64_32 -Xcc -I/Users/admin/builder/spi-builder-workspace/.derivedData/Build/Intermediates.noindex/ANEEmbed.build/Debug-watchos/ANEEmbed-t.build/DerivedSources -Xcc -DSWIFT_PACKAGE -Xcc -DDEBUG\=1 -no-auto-bridging-header-chaining -module-name ANEEmbed -package-name spi_builder_workspace -const-gather-protocols-file /Users/admin/builder/spi-builder-workspace/.derivedData/Build/Intermediates.noindex/ANEEmbed.build/Debug-watchos/ANEEmbed-t.build/Objects-normal/arm64_32/ANEEmbed_const_extract_protocols.json -disable-clang-spi -clang-target arm64_32-apple-watchos27.0 -target-sdk-version 27.0 -target-sdk-name watchos27.0 -in-process-plugin-server-path /Applications/Xcode-27.0.0-Release.Candidate.app/Contents/Developer/Toolchains/XcodeDefault.xctoolchain/usr/lib/swift/host/libSwiftInProcPluginServer.dylib -parse-as-library -o /Users/admin/builder/spi-builder-workspace/.derivedData/Build/Intermediates.noindex/ANEEmbed.build/Debug-watchos/ANEEmbed-t.build/Objects-normal/arm64_32/Embedder.o -debug-module-path /Users/admin/builder/spi-builder-workspace/.derivedData/Build/Intermediates.noindex/ANEEmbed.build/Debug-watchos/ANEEmbed-t.build/Objects-normal/arm64_32/ANEEmbed.swiftmodule -index-unit-output-path /ANEEmbed.build/Debug-watchos/ANEEmbed-t.build/Objects-normal/arm64_32/Embedder.o -index-store-path /Users/admin/builder/spi-builder-workspace/.derivedData/Index.noindex/DataStore -index-system-modules
SwiftCompile normal arm64_32 /Users/admin/builder/spi-builder-workspace/Sources/ANEEmbed/Embedder.swift (in target 'ANEEmbed' from project 'ANEEmbed')
    cd /Users/admin/builder/spi-builder-workspace/.swiftpm/xcode
    builtin-SwiftPerFileCompile Embedder.swift
SwiftEmitModule normal arm64 Emitting\ module\ for\ ANEEmbed (in target 'ANEEmbed' from project 'ANEEmbed')
SwiftCompile normal arm64 (in target 'ANEEmbed' from project 'ANEEmbed')
    cd /Users/admin/builder/spi-builder-workspace/.swiftpm/xcode

SwiftCompile normal arm64 Compiling\ Embedder.swift /Users/admin/builder/spi-builder-workspace/Sources/ANEEmbed/Embedder.swift (in target 'ANEEmbed' from project 'ANEEmbed')
/Users/admin/builder/spi-builder-workspace/Sources/ANEEmbed/Embedder.swift:33:39: error: 'compileModel(at:)' is unavailable in watchOS
31 |         }
32 |
33 |         let compiledURL = try MLModel.compileModel(at: mlpackageURL)
   |                                       `- error: 'compileModel(at:)' is unavailable in watchOS
34 |         let config = MLModelConfiguration()
35 |         config.computeUnits = .cpuAndNeuralEngine
/Applications/Xcode-27.0.0-Release.Candidate.app/Contents/Developer/Platforms/WatchOS.platform/Developer/SDKs/WatchOS27.0.sdk/System/Library/Frameworks/CoreML.framework/Headers/MLModel+MLModelCompilation.h:35:1: note: 'compileModel(at:)' has been explicitly marked unavailable here
33 |  *
34 |  */
35 | + (nullable NSURL *)compileModelAtURL:(NSURL *)modelURL
   | `- note: 'compileModel(at:)' has been explicitly marked unavailable here
36 |                                 error:(NSError **)error
37 |                                 API_UNAVAILABLE(watchos)
Failed frontend command:
/Applications/Xcode-27.0.0-Release.Candidate.app/Contents/Developer/Toolchains/XcodeDefault.xctoolchain/usr/bin/swift-frontend -frontend -c /Users/admin/builder/spi-builder-workspace/.derivedData/Build/Intermediates.noindex/ANEEmbed.build/Debug-watchos/ANEEmbed-t.build/DerivedSources/resource_bundle_accessor.swift /Users/admin/builder/spi-builder-workspace/Sources/ANEEmbed/BertTokenizer.swift -primary-file /Users/admin/builder/spi-builder-workspace/Sources/ANEEmbed/Embedder.swift /Users/admin/builder/spi-builder-workspace/.derivedData/Build/Intermediates.noindex/ANEEmbed.build/Debug-watchos/ANEEmbed-t.build/DerivedSources/CoreMLGenerated/all-MiniLM-L6-v2-quant8/all-MiniLM-L6-v2-quant8.swift -emit-dependencies-path /Users/admin/builder/spi-builder-workspace/.derivedData/Build/Intermediates.noindex/ANEEmbed.build/Debug-watchos/ANEEmbed-t.build/Objects-normal/arm64/Embedder.d -emit-const-values-path /Users/admin/builder/spi-builder-workspace/.derivedData/Build/Intermediates.noindex/ANEEmbed.build/Debug-watchos/ANEEmbed-t.build/Objects-normal/arm64/Embedder.swiftconstvalues -emit-reference-dependencies-path /Users/admin/builder/spi-builder-workspace/.derivedData/Build/Intermediates.noindex/ANEEmbed.build/Debug-watchos/ANEEmbed-t.build/Objects-normal/arm64/Embedder.swiftdeps -serialize-diagnostics-path /Users/admin/builder/spi-builder-workspace/.derivedData/Build/Intermediates.noindex/ANEEmbed.build/Debug-watchos/ANEEmbed-t.build/Objects-normal/arm64/Embedder.dia -target arm64-apple-watchos9.0 -disable-cross-import-overlay-search -load-resolved-plugin /Applications/Xcode-27.0.0-Release.Candidate.app/Contents/Developer/Platforms/WatchOS.platform/Developer/usr/lib/swift/host/plugins/libFoundationMacros.dylib\#/Applications/Xcode-27.0.0-Release.Candidate.app/Contents/Developer/Platforms/WatchOS.platform/Developer/usr/bin/swift-plugin-server\#FoundationMacros -load-resolved-plugin /Applications/Xcode-27.0.0-Release.Candidate.app/Contents/Developer/Platforms/WatchOS.platform/Developer/usr/lib/swift/host/plugins/libObservationMacros.dylib\#/Applications/Xcode-27.0.0-Release.Candidate.app/Contents/Developer/Platforms/WatchOS.platform/Developer/usr/bin/swift-plugin-server\#ObservationMacros -load-resolved-plugin /Applications/Xcode-27.0.0-Release.Candidate.app/Contents/Developer/Platforms/WatchOS.platform/Developer/usr/lib/swift/host/plugins/libSwiftMacros.dylib\#/Applications/Xcode-27.0.0-Release.Candidate.app/Contents/Developer/Platforms/WatchOS.platform/Developer/usr/bin/swift-plugin-server\#SwiftMacros -disable-implicit-swift-modules -Xcc -fno-implicit-modules -Xcc -fno-implicit-module-maps -explicit-swift-module-map-file /Users/admin/builder/spi-builder-workspace/.derivedData/Build/Intermediates.noindex/ANEEmbed.build/Debug-watchos/ANEEmbed-t.build/Objects-normal/arm64/ANEEmbed-dependencies-1.json -Xllvm -aarch64-use-tbi -enable-objc-interop -stack-check -sdk /Applications/Xcode-27.0.0-Release.Candidate.app/Contents/Developer/Platforms/WatchOS.platform/Developer/SDKs/WatchOS27.0.sdk -I /Users/admin/builder/spi-builder-workspace/.derivedData/Build/Products/Debug-watchos -Isystem /Applications/Xcode-27.0.0-Release.Candidate.app/Contents/Developer/Platforms/WatchOS.platform/Developer/usr/lib -F /Users/admin/builder/spi-builder-workspace/.derivedData/Build/Products/Debug-watchos -F /Applications/Xcode-27.0.0-Release.Candidate.app/Contents/Developer/Platforms/WatchOS.platform/Developer/Library/Frameworks -F /Applications/Xcode-27.0.0-Release.Candidate.app/Contents/Developer/Platforms/WatchOS.platform/Developer/SDKs/WatchOS27.0.sdk/Developer/Library/Frameworks -module-cache-path /Users/admin/builder/spi-builder-workspace/.derivedData/Build/Intermediates.noindex/SwiftExplicitPrecompiledModules -no-color-diagnostics -Xcc -fno-color-diagnostics -enable-testing -g -debug-info-format\=dwarf -dwarf-version\=4 -swift-version 5 -Onone -D SWIFT_PACKAGE -D DEBUG -D SWIFT_MODULE_RESOURCE_BUNDLE_AVAILABLE -D Xcode -serialize-debugging-options -enable-experimental-feature DebugDescriptionMacro -empty-abi-descriptor -validate-clang-modules-once -clang-build-session-file /Users/admin/builder/spi-builder-workspace/.derivedData/ModuleCache.noindex/Session.modulevalidation -Xcc -working-directory -Xcc /Users/admin/builder/spi-builder-workspace/.swiftpm/xcode -enable-anonymous-context-mangled-names -file-compilation-dir /Users/admin/builder/spi-builder-workspace/.swiftpm/xcode -Xcc -D_LIBCPP_HARDENING_MODE\=_LIBCPP_HARDENING_MODE_DEBUG -Xcc -ivfsstatcache -Xcc /Users/admin/builder/spi-builder-workspace/.derivedData/SDKStatCaches.noindex/watchos27.0-24R360-e829b21a6f8c9b70876ba0858053c04477534ef55a1706bf4c1112bbb242f0a2.sdkstatcache -Xcc -fmodules-prune-interval\=86400 -Xcc -fmodules-prune-after\=345600 -Xcc -I/Users/admin/builder/spi-builder-workspace/.derivedData/Build/Products/Debug-watchos/include -Xcc -I/Users/admin/builder/spi-builder-workspace/.derivedData/Build/Intermediates.noindex/ANEEmbed.build/Debug-watchos/ANEEmbed-t.build/DerivedSources-normal/arm64 -Xcc -I/Users/admin/builder/spi-builder-workspace/.derivedData/Build/Intermediates.noindex/ANEEmbed.build/Debug-watchos/ANEEmbed-t.build/DerivedSources/arm64 -Xcc -I/Users/admin/builder/spi-builder-workspace/.derivedData/Build/Intermediates.noindex/ANEEmbed.build/Debug-watchos/ANEEmbed-t.build/DerivedSources -Xcc -DSWIFT_PACKAGE -Xcc -DDEBUG\=1 -no-auto-bridging-header-chaining -module-name ANEEmbed -package-name spi_builder_workspace -const-gather-protocols-file /Users/admin/builder/spi-builder-workspace/.derivedData/Build/Intermediates.noindex/ANEEmbed.build/Debug-watchos/ANEEmbed-t.build/Objects-normal/arm64/ANEEmbed_const_extract_protocols.json -disable-clang-spi -clang-target arm64-apple-watchos27.0 -target-sdk-version 27.0 -target-sdk-name watchos27.0 -in-process-plugin-server-path /Applications/Xcode-27.0.0-Release.Candidate.app/Contents/Developer/Toolchains/XcodeDefault.xctoolchain/usr/lib/swift/host/libSwiftInProcPluginServer.dylib -parse-as-library -o /Users/admin/builder/spi-builder-workspace/.derivedData/Build/Intermediates.noindex/ANEEmbed.build/Debug-watchos/ANEEmbed-t.build/Objects-normal/arm64/Embedder.o -debug-module-path /Users/admin/builder/spi-builder-workspace/.derivedData/Build/Intermediates.noindex/ANEEmbed.build/Debug-watchos/ANEEmbed-t.build/Objects-normal/arm64/ANEEmbed.swiftmodule -index-unit-output-path /ANEEmbed.build/Debug-watchos/ANEEmbed-t.build/Objects-normal/arm64/Embedder.o -index-store-path /Users/admin/builder/spi-builder-workspace/.derivedData/Index.noindex/DataStore -index-system-modules
SwiftCompile normal arm64 /Users/admin/builder/spi-builder-workspace/Sources/ANEEmbed/Embedder.swift (in target 'ANEEmbed' from project 'ANEEmbed')
    cd /Users/admin/builder/spi-builder-workspace/.swiftpm/xcode
    builtin-SwiftPerFileCompile Embedder.swift
SwiftCompile normal arm64_32 Compiling\ all-MiniLM-L6-v2-quant8.swift /Users/admin/builder/spi-builder-workspace/.derivedData/Build/Intermediates.noindex/ANEEmbed.build/Debug-watchos/ANEEmbed-t.build/DerivedSources/CoreMLGenerated/all-MiniLM-L6-v2-quant8/all-MiniLM-L6-v2-quant8.swift (in target 'ANEEmbed' from project 'ANEEmbed')
SwiftCompile normal arm64_32 /Users/admin/builder/spi-builder-workspace/.derivedData/Build/Intermediates.noindex/ANEEmbed.build/Debug-watchos/ANEEmbed-t.build/DerivedSources/CoreMLGenerated/all-MiniLM-L6-v2-quant8/all-MiniLM-L6-v2-quant8.swift (in target 'ANEEmbed' from project 'ANEEmbed')
    cd /Users/admin/builder/spi-builder-workspace/.swiftpm/xcode
    builtin-SwiftPerFileCompile all-MiniLM-L6-v2-quant8.swift
SwiftCompile normal arm64 Compiling\ all-MiniLM-L6-v2-quant8.swift /Users/admin/builder/spi-builder-workspace/.derivedData/Build/Intermediates.noindex/ANEEmbed.build/Debug-watchos/ANEEmbed-t.build/DerivedSources/CoreMLGenerated/all-MiniLM-L6-v2-quant8/all-MiniLM-L6-v2-quant8.swift (in target 'ANEEmbed' from project 'ANEEmbed')
SwiftCompile normal arm64 /Users/admin/builder/spi-builder-workspace/.derivedData/Build/Intermediates.noindex/ANEEmbed.build/Debug-watchos/ANEEmbed-t.build/DerivedSources/CoreMLGenerated/all-MiniLM-L6-v2-quant8/all-MiniLM-L6-v2-quant8.swift (in target 'ANEEmbed' from project 'ANEEmbed')
    cd /Users/admin/builder/spi-builder-workspace/.swiftpm/xcode
    builtin-SwiftPerFileCompile all-MiniLM-L6-v2-quant8.swift
SwiftEmitModule normal arm64_32 Emitting\ module\ for\ ane_embed_demo (in target 'ane-embed-demo-product' from project 'ANEEmbed')
SwiftCompile normal arm64_32 (in target 'ane-embed-demo-product' from project 'ANEEmbed')
    cd /Users/admin/builder/spi-builder-workspace/.swiftpm/xcode

SwiftCompile normal arm64_32 Compiling\ main.swift /Users/admin/builder/spi-builder-workspace/Sources/ane-embed-demo/main.swift (in target 'ane-embed-demo-product' from project 'ANEEmbed')
SwiftCompile normal arm64_32 /Users/admin/builder/spi-builder-workspace/Sources/ane-embed-demo/main.swift (in target 'ane-embed-demo-product' from project 'ANEEmbed')
    cd /Users/admin/builder/spi-builder-workspace/.swiftpm/xcode
    builtin-SwiftPerFileCompile main.swift
PruneExplicitPrecompiledModules /Users/admin/builder/spi-builder-workspace/.derivedData/Build/Intermediates.noindex/ExplicitPrecompiledModules
PruneExplicitPrecompiledModules /Users/admin/builder/spi-builder-workspace/.derivedData/SDKExplicitPrecompiledModules
PruneExplicitPrecompiledModules /Users/admin/builder/spi-builder-workspace/.derivedData/Build/Intermediates.noindex/SwiftExplicitPrecompiledModules
2026-09-27 14:52:40.678 xcodebuild[753:4694] [MT] IDERunDestination: Supported platforms for the buildables in the current scheme is empty.
** BUILD FAILED **
The following build commands failed:
	SwiftCompile normal arm64_32 Compiling\ Embedder.swift /Users/admin/builder/spi-builder-workspace/Sources/ANEEmbed/Embedder.swift (in target 'ANEEmbed' from project 'ANEEmbed')
	SwiftCompile normal arm64_32 /Users/admin/builder/spi-builder-workspace/Sources/ANEEmbed/Embedder.swift (in target 'ANEEmbed' from project 'ANEEmbed')
	SwiftCompile normal arm64 Compiling\ Embedder.swift /Users/admin/builder/spi-builder-workspace/Sources/ANEEmbed/Embedder.swift (in target 'ANEEmbed' from project 'ANEEmbed')
	SwiftCompile normal arm64 /Users/admin/builder/spi-builder-workspace/Sources/ANEEmbed/Embedder.swift (in target 'ANEEmbed' from project 'ANEEmbed')
	Building workspace ANEEmbed with scheme ANEEmbed-Package
(5 failures)
BUILD FAILURE 6.4 watchOS