Build Information
Failed to build PerfectCrypto, reference master (39ddac), with Swift 6.4 for watchOS using Xcode 27.0 on 16 Sep 2026 13:04:07 UTC.
Build Command
env DEVELOPER_DIR=/Applications/Xcode-27.0.0-Release.Candidate.app xcrun xcodebuild -IDEClonedSourcePackagesDirPathOverride=$PWD/.dependencies -skipMacroValidation -skipPackagePluginValidation -derivedDataPath $PWD/.derivedData build -scheme PerfectCrypto -destination generic/platform=watchOSBuild Log
SwiftDriver PerfectLib normal arm64_32 com.apple.xcode.tools.swift.compiler (in target 'PerfectLib' from project 'PerfectLib')
cd /Users/admin/builder/spi-builder-workspace/.swiftpm/xcode
builtin-SwiftDriver -- /Applications/Xcode-27.0.0-Release.Candidate.app/Contents/Developer/Toolchains/XcodeDefault.xctoolchain/usr/bin/swiftc -parse-as-library -module-name PerfectLib -Onone @/Users/admin/builder/spi-builder-workspace/.derivedData/Build/Intermediates.noindex/PerfectLib.build/Debug-watchos/PerfectLib-t.build/Objects-normal/arm64_32/PerfectLib.SwiftFileList -DSWIFT_PACKAGE -DDEBUG -DSWIFT_MODULE_RESOURCE_BUNDLE_UNAVAILABLE -DXcode -plugin-path /Applications/Xcode-27.0.0-Release.Candidate.app/Contents/Developer/Toolchains/XcodeDefault.xctoolchain/usr/lib/swift/host/plugins/testing -enable-experimental-feature DebugDescriptionMacro -sdk /Applications/Xcode-27.0.0-Release.Candidate.app/Contents/Developer/Platforms/WatchOS.platform/Developer/SDKs/WatchOS27.0.sdk -target arm64_32-apple-watchos9.0 -g -module-cache-path /Users/admin/builder/spi-builder-workspace/.derivedData/ModuleCache.noindex -Xfrontend -serialize-debugging-options -profile-coverage-mapping -profile-generate -enable-testing -suppress-warnings -index-store-path /Users/admin/builder/spi-builder-workspace/.derivedData/Index.noindex/DataStore -Xcc -D_LIBCPP_HARDENING_MODE\=_LIBCPP_HARDENING_MODE_DEBUG -swift-version 5 -I /Users/admin/builder/spi-builder-workspace/.derivedData/Build/Products/Debug-watchos -Isystem /Applications/Xcode-27.0.0-Release.Candidate.app/Contents/Developer/Platforms/WatchOS.platform/Developer/usr/lib -F /Users/admin/builder/spi-builder-workspace/.derivedData/Build/Products/Debug-watchos -F /Applications/Xcode-27.0.0-Release.Candidate.app/Contents/Developer/Platforms/WatchOS.platform/Developer/Library/Frameworks -F /Applications/Xcode-27.0.0-Release.Candidate.app/Contents/Developer/Platforms/WatchOS.platform/Developer/SDKs/WatchOS27.0.sdk/Developer/Library/Frameworks -c -j10 -enable-batch-mode -incremental -Xcc -ivfsstatcache -Xcc /Users/admin/builder/spi-builder-workspace/.derivedData/SDKStatCaches.noindex/watchos27.0-24R360-e829b21a6f8c9b70876ba0858053c04477534ef55a1706bf4c1112bbb242f0a2.sdkstatcache -output-file-map /Users/admin/builder/spi-builder-workspace/.derivedData/Build/Intermediates.noindex/PerfectLib.build/Debug-watchos/PerfectLib-t.build/Objects-normal/arm64_32/PerfectLib-OutputFileMap.json -save-temps -no-color-diagnostics -explicit-module-build -module-cache-path /Users/admin/builder/spi-builder-workspace/.derivedData/Build/Intermediates.noindex/SwiftExplicitPrecompiledModules -clang-scanner-module-cache-path /Users/admin/builder/spi-builder-workspace/.derivedData/ModuleCache.noindex -sdk-module-cache-path /Users/admin/builder/spi-builder-workspace/.derivedData/SDKExplicitPrecompiledModules -emit-dependencies -emit-module -emit-module-path /Users/admin/builder/spi-builder-workspace/.derivedData/Build/Intermediates.noindex/PerfectLib.build/Debug-watchos/PerfectLib-t.build/Objects-normal/arm64_32/PerfectLib.swiftmodule -serialize-diagnostics -dependency-scan-serialize-diagnostics-path /Users/admin/builder/spi-builder-workspace/.derivedData/Build/Intermediates.noindex/PerfectLib.build/Debug-watchos/PerfectLib-t.build/Objects-normal/arm64_32/PerfectLib-dependency-scan.dia -validate-clang-modules-once -clang-build-session-file /Users/admin/builder/spi-builder-workspace/.derivedData/ModuleCache.noindex/Session.modulevalidation -Xcc -fmodules-prune-interval\=86400 -Xcc -fmodules-prune-after\=345600 -emit-const-values -const-gather-protocols-list /Users/admin/builder/spi-builder-workspace/.derivedData/Build/Intermediates.noindex/PerfectLib.build/Debug-watchos/PerfectLib-t.build/Objects-normal/arm64_32/PerfectLib_const_extract_protocols.json -Xcc -I/Users/admin/builder/spi-builder-workspace/.derivedData/Build/Products/Debug-watchos/include -Xcc -I/Users/admin/builder/spi-builder-workspace/.derivedData/Build/Intermediates.noindex/PerfectLib.build/Debug-watchos/PerfectLib-t.build/DerivedSources-normal/arm64_32 -Xcc -I/Users/admin/builder/spi-builder-workspace/.derivedData/Build/Intermediates.noindex/PerfectLib.build/Debug-watchos/PerfectLib-t.build/DerivedSources/arm64_32 -Xcc -I/Users/admin/builder/spi-builder-workspace/.derivedData/Build/Intermediates.noindex/PerfectLib.build/Debug-watchos/PerfectLib-t.build/DerivedSources -Xcc -DSWIFT_PACKAGE -Xcc -DDEBUG\=1 -emit-objc-header -emit-objc-header-path /Users/admin/builder/spi-builder-workspace/.derivedData/Build/Intermediates.noindex/PerfectLib.build/Debug-watchos/PerfectLib-t.build/Objects-normal/arm64_32/PerfectLib-Swift.h -working-directory /Users/admin/builder/spi-builder-workspace/.swiftpm/xcode -experimental-emit-module-separately -disable-cmo
ScanDependencies /Users/admin/builder/spi-builder-workspace/.derivedData/Build/Intermediates.noindex/COpenSSL.build/Debug-watchos/COpenSSL-t.build/Objects-normal/arm64_32/n_pkey.o /Users/admin/builder/spi-builder-workspace/.dependencies/checkouts/Perfect-COpenSSL/COpenSSL/n_pkey.c normal arm64_32 c com.apple.compilers.llvm.clang.1_0.compiler (in target 'COpenSSL' from project 'COpenSSL')
cd /Users/admin/builder/spi-builder-workspace/.swiftpm/xcode
Using response file: /Users/admin/builder/spi-builder-workspace/.derivedData/Build/Intermediates.noindex/COpenSSL.build/Debug-watchos/COpenSSL-t.build/Objects-normal/arm64_32/7187679823f38a2a940e0043cdf9d637-common-args.resp
builtin-ScanDependencies -o /Users/admin/builder/spi-builder-workspace/.derivedData/Build/Intermediates.noindex/COpenSSL.build/Debug-watchos/COpenSSL-t.build/Objects-normal/arm64_32/n_pkey.o.scan -- /Applications/Xcode-27.0.0-Release.Candidate.app/Contents/Developer/Toolchains/XcodeDefault.xctoolchain/usr/bin/clang -x c -ivfsstatcache /Users/admin/builder/spi-builder-workspace/.derivedData/SDKStatCaches.noindex/watchos27.0-24R360-e829b21a6f8c9b70876ba0858053c04477534ef55a1706bf4c1112bbb242f0a2.sdkstatcache -target arm64_32-apple-watchos9.0 -fmessage-length\=0 -fdiagnostics-show-note-include-stack -fmacro-backtrace-limit\=0 -fno-color-diagnostics -fmodules-prune-interval\=86400 -fmodules-prune-after\=345600 -fbuild-session-file\=/Users/admin/builder/spi-builder-workspace/.derivedData/ModuleCache.noindex/Session.modulevalidation -fmodules-validate-once-per-build-session -Wnon-modular-include-in-framework-module -Werror\=non-modular-include-in-framework-module -Wno-trigraphs -Wno-missing-field-initializers -Wno-missing-prototypes -Wno-return-type -Wno-missing-braces -Wparentheses -Wswitch -Wno-unused-function -Wno-unused-label -Wno-unused-parameter -Wno-unused-variable -Wunused-value -Wno-empty-body -Wno-uninitialized -Wno-unknown-pragmas -w -Wno-shadow -Wno-four-char-constants -Wno-conversion -Wno-constant-conversion -Wno-int-conversion -Wno-bool-conversion -Wno-enum-conversion -Wno-float-conversion -Wno-non-literal-null-conversion -Wno-objc-literal-conversion -Wno-shorten-64-to-32 -Wpointer-sign -Wno-newline-eof -Wno-implicit-fallthrough -isysroot /Applications/Xcode-27.0.0-Release.Candidate.app/Contents/Developer/Platforms/WatchOS.platform/Developer/SDKs/WatchOS27.0.sdk -fstrict-aliasing -Wdeprecated-declarations -Wno-sign-conversion -Wno-infinite-recursion -Wno-comma -Wno-block-capture-autoreleasing -Wno-strict-prototypes -Wno-semicolon-before-method-body -index-store-path /Users/admin/builder/spi-builder-workspace/.derivedData/Index.noindex/DataStore @/Users/admin/builder/spi-builder-workspace/.derivedData/Build/Intermediates.noindex/COpenSSL.build/Debug-watchos/COpenSSL-t.build/Objects-normal/arm64_32/7187679823f38a2a940e0043cdf9d637-common-args.resp -MMD -MT dependencies -MF /Users/admin/builder/spi-builder-workspace/.derivedData/Build/Intermediates.noindex/COpenSSL.build/Debug-watchos/COpenSSL-t.build/Objects-normal/arm64_32/n_pkey.d --serialize-diagnostics /Users/admin/builder/spi-builder-workspace/.derivedData/Build/Intermediates.noindex/COpenSSL.build/Debug-watchos/COpenSSL-t.build/Objects-normal/arm64_32/n_pkey.dia -c /Users/admin/builder/spi-builder-workspace/.dependencies/checkouts/Perfect-COpenSSL/COpenSSL/n_pkey.c -o /Users/admin/builder/spi-builder-workspace/.derivedData/Build/Intermediates.noindex/COpenSSL.build/Debug-watchos/COpenSSL-t.build/Objects-normal/arm64_32/n_pkey.o -index-unit-output-path /COpenSSL.build/Debug-watchos/COpenSSL-t.build/Objects-normal/arm64_32/n_pkey.o
ScanDependencies /Users/admin/builder/spi-builder-workspace/.derivedData/Build/Intermediates.noindex/COpenSSL.build/Debug-watchos/COpenSSL-t.build/Objects-normal/arm64_32/mem_.o /Users/admin/builder/spi-builder-workspace/.dependencies/checkouts/Perfect-COpenSSL/COpenSSL/mem_.c normal arm64_32 c com.apple.compilers.llvm.clang.1_0.compiler (in target 'COpenSSL' from project 'COpenSSL')
cd /Users/admin/builder/spi-builder-workspace/.swiftpm/xcode
Using response file: /Users/admin/builder/spi-builder-workspace/.derivedData/Build/Intermediates.noindex/COpenSSL.build/Debug-watchos/COpenSSL-t.build/Objects-normal/arm64_32/7187679823f38a2a940e0043cdf9d637-common-args.resp
builtin-ScanDependencies -o /Users/admin/builder/spi-builder-workspace/.derivedData/Build/Intermediates.noindex/COpenSSL.build/Debug-watchos/COpenSSL-t.build/Objects-normal/arm64_32/mem_.o.scan -- /Applications/Xcode-27.0.0-Release.Candidate.app/Contents/Developer/Toolchains/XcodeDefault.xctoolchain/usr/bin/clang -x c -ivfsstatcache /Users/admin/builder/spi-builder-workspace/.derivedData/SDKStatCaches.noindex/watchos27.0-24R360-e829b21a6f8c9b70876ba0858053c04477534ef55a1706bf4c1112bbb242f0a2.sdkstatcache -target arm64_32-apple-watchos9.0 -fmessage-length\=0 -fdiagnostics-show-note-include-stack -fmacro-backtrace-limit\=0 -fno-color-diagnostics -fmodules-prune-interval\=86400 -fmodules-prune-after\=345600 -fbuild-session-file\=/Users/admin/builder/spi-builder-workspace/.derivedData/ModuleCache.noindex/Session.modulevalidation -fmodules-validate-once-per-build-session -Wnon-modular-include-in-framework-module -Werror\=non-modular-include-in-framework-module -Wno-trigraphs -Wno-missing-field-initializers -Wno-missing-prototypes -Wno-return-type -Wno-missing-braces -Wparentheses -Wswitch -Wno-unused-function -Wno-unused-label -Wno-unused-parameter -Wno-unused-variable -Wunused-value -Wno-empty-body -Wno-uninitialized -Wno-unknown-pragmas -w -Wno-shadow -Wno-four-char-constants -Wno-conversion -Wno-constant-conversion -Wno-int-conversion -Wno-bool-conversion -Wno-enum-conversion -Wno-float-conversion -Wno-non-literal-null-conversion -Wno-objc-literal-conversion -Wno-shorten-64-to-32 -Wpointer-sign -Wno-newline-eof -Wno-implicit-fallthrough -isysroot /Applications/Xcode-27.0.0-Release.Candidate.app/Contents/Developer/Platforms/WatchOS.platform/Developer/SDKs/WatchOS27.0.sdk -fstrict-aliasing -Wdeprecated-declarations -Wno-sign-conversion -Wno-infinite-recursion -Wno-comma -Wno-block-capture-autoreleasing -Wno-strict-prototypes -Wno-semicolon-before-method-body -index-store-path /Users/admin/builder/spi-builder-workspace/.derivedData/Index.noindex/DataStore @/Users/admin/builder/spi-builder-workspace/.derivedData/Build/Intermediates.noindex/COpenSSL.build/Debug-watchos/COpenSSL-t.build/Objects-normal/arm64_32/7187679823f38a2a940e0043cdf9d637-common-args.resp -MMD -MT dependencies -MF /Users/admin/builder/spi-builder-workspace/.derivedData/Build/Intermediates.noindex/COpenSSL.build/Debug-watchos/COpenSSL-t.build/Objects-normal/arm64_32/mem_.d --serialize-diagnostics /Users/admin/builder/spi-builder-workspace/.derivedData/Build/Intermediates.noindex/COpenSSL.build/Debug-watchos/COpenSSL-t.build/Objects-normal/arm64_32/mem_.dia -c /Users/admin/builder/spi-builder-workspace/.dependencies/checkouts/Perfect-COpenSSL/COpenSSL/mem_.c -o /Users/admin/builder/spi-builder-workspace/.derivedData/Build/Intermediates.noindex/COpenSSL.build/Debug-watchos/COpenSSL-t.build/Objects-normal/arm64_32/mem_.o -index-unit-output-path /COpenSSL.build/Debug-watchos/COpenSSL-t.build/Objects-normal/arm64_32/mem_.o
ScanDependencies /Users/admin/builder/spi-builder-workspace/.derivedData/Build/Intermediates.noindex/COpenSSL.build/Debug-watchos/COpenSSL-t.build/Objects-normal/arm64_32/mem.o /Users/admin/builder/spi-builder-workspace/.dependencies/checkouts/Perfect-COpenSSL/COpenSSL/mem.c normal arm64_32 c com.apple.compilers.llvm.clang.1_0.compiler (in target 'COpenSSL' from project 'COpenSSL')
cd /Users/admin/builder/spi-builder-workspace/.swiftpm/xcode
Using response file: /Users/admin/builder/spi-builder-workspace/.derivedData/Build/Intermediates.noindex/COpenSSL.build/Debug-watchos/COpenSSL-t.build/Objects-normal/arm64_32/7187679823f38a2a940e0043cdf9d637-common-args.resp
builtin-ScanDependencies -o /Users/admin/builder/spi-builder-workspace/.derivedData/Build/Intermediates.noindex/COpenSSL.build/Debug-watchos/COpenSSL-t.build/Objects-normal/arm64_32/mem.o.scan -- /Applications/Xcode-27.0.0-Release.Candidate.app/Contents/Developer/Toolchains/XcodeDefault.xctoolchain/usr/bin/clang -x c -ivfsstatcache /Users/admin/builder/spi-builder-workspace/.derivedData/SDKStatCaches.noindex/watchos27.0-24R360-e829b21a6f8c9b70876ba0858053c04477534ef55a1706bf4c1112bbb242f0a2.sdkstatcache -target arm64_32-apple-watchos9.0 -fmessage-length\=0 -fdiagnostics-show-note-include-stack -fmacro-backtrace-limit\=0 -fno-color-diagnostics -fmodules-prune-interval\=86400 -fmodules-prune-after\=345600 -fbuild-session-file\=/Users/admin/builder/spi-builder-workspace/.derivedData/ModuleCache.noindex/Session.modulevalidation -fmodules-validate-once-per-build-session -Wnon-modular-include-in-framework-module -Werror\=non-modular-include-in-framework-module -Wno-trigraphs -Wno-missing-field-initializers -Wno-missing-prototypes -Wno-return-type -Wno-missing-braces -Wparentheses -Wswitch -Wno-unused-function -Wno-unused-label -Wno-unused-parameter -Wno-unused-variable -Wunused-value -Wno-empty-body -Wno-uninitialized -Wno-unknown-pragmas -w -Wno-shadow -Wno-four-char-constants -Wno-conversion -Wno-constant-conversion -Wno-int-conversion -Wno-bool-conversion -Wno-enum-conversion -Wno-float-conversion -Wno-non-literal-null-conversion -Wno-objc-literal-conversion -Wno-shorten-64-to-32 -Wpointer-sign -Wno-newline-eof -Wno-implicit-fallthrough -isysroot /Applications/Xcode-27.0.0-Release.Candidate.app/Contents/Developer/Platforms/WatchOS.platform/Developer/SDKs/WatchOS27.0.sdk -fstrict-aliasing -Wdeprecated-declarations -Wno-sign-conversion -Wno-infinite-recursion -Wno-comma -Wno-block-capture-autoreleasing -Wno-strict-prototypes -Wno-semicolon-before-method-body -index-store-path /Users/admin/builder/spi-builder-workspace/.derivedData/Index.noindex/DataStore @/Users/admin/builder/spi-builder-workspace/.derivedData/Build/Intermediates.noindex/COpenSSL.build/Debug-watchos/COpenSSL-t.build/Objects-normal/arm64_32/7187679823f38a2a940e0043cdf9d637-common-args.resp -MMD -MT dependencies -MF /Users/admin/builder/spi-builder-workspace/.derivedData/Build/Intermediates.noindex/COpenSSL.build/Debug-watchos/COpenSSL-t.build/Objects-normal/arm64_32/mem.d --serialize-diagnostics /Users/admin/builder/spi-builder-workspace/.derivedData/Build/Intermediates.noindex/COpenSSL.build/Debug-watchos/COpenSSL-t.build/Objects-normal/arm64_32/mem.dia -c /Users/admin/builder/spi-builder-workspace/.dependencies/checkouts/Perfect-COpenSSL/COpenSSL/mem.c -o /Users/admin/builder/spi-builder-workspace/.derivedData/Build/Intermediates.noindex/COpenSSL.build/Debug-watchos/COpenSSL-t.build/Objects-normal/arm64_32/mem.o -index-unit-output-path /COpenSSL.build/Debug-watchos/COpenSSL-t.build/Objects-normal/arm64_32/mem.o
ScanDependencies /Users/admin/builder/spi-builder-workspace/.derivedData/Build/Intermediates.noindex/COpenSSL.build/Debug-watchos/COpenSSL-t.build/Objects-normal/arm64_32/mdc2dgst.o /Users/admin/builder/spi-builder-workspace/.dependencies/checkouts/Perfect-COpenSSL/COpenSSL/mdc2dgst.c normal arm64_32 c com.apple.compilers.llvm.clang.1_0.compiler (in target 'COpenSSL' from project 'COpenSSL')
cd /Users/admin/builder/spi-builder-workspace/.swiftpm/xcode
Using response file: /Users/admin/builder/spi-builder-workspace/.derivedData/Build/Intermediates.noindex/COpenSSL.build/Debug-watchos/COpenSSL-t.build/Objects-normal/arm64_32/7187679823f38a2a940e0043cdf9d637-common-args.resp
builtin-ScanDependencies -o /Users/admin/builder/spi-builder-workspace/.derivedData/Build/Intermediates.noindex/COpenSSL.build/Debug-watchos/COpenSSL-t.build/Objects-normal/arm64_32/mdc2dgst.o.scan -- /Applications/Xcode-27.0.0-Release.Candidate.app/Contents/Developer/Toolchains/XcodeDefault.xctoolchain/usr/bin/clang -x c -ivfsstatcache /Users/admin/builder/spi-builder-workspace/.derivedData/SDKStatCaches.noindex/watchos27.0-24R360-e829b21a6f8c9b70876ba0858053c04477534ef55a1706bf4c1112bbb242f0a2.sdkstatcache -target arm64_32-apple-watchos9.0 -fmessage-length\=0 -fdiagnostics-show-note-include-stack -fmacro-backtrace-limit\=0 -fno-color-diagnostics -fmodules-prune-interval\=86400 -fmodules-prune-after\=345600 -fbuild-session-file\=/Users/admin/builder/spi-builder-workspace/.derivedData/ModuleCache.noindex/Session.modulevalidation -fmodules-validate-once-per-build-session -Wnon-modular-include-in-framework-module -Werror\=non-modular-include-in-framework-module -Wno-trigraphs -Wno-missing-field-initializers -Wno-missing-prototypes -Wno-return-type -Wno-missing-braces -Wparentheses -Wswitch -Wno-unused-function -Wno-unused-label -Wno-unused-parameter -Wno-unused-variable -Wunused-value -Wno-empty-body -Wno-uninitialized -Wno-unknown-pragmas -w -Wno-shadow -Wno-four-char-constants -Wno-conversion -Wno-constant-conversion -Wno-int-conversion -Wno-bool-conversion -Wno-enum-conversion -Wno-float-conversion -Wno-non-literal-null-conversion -Wno-objc-literal-conversion -Wno-shorten-64-to-32 -Wpointer-sign -Wno-newline-eof -Wno-implicit-fallthrough -isysroot /Applications/Xcode-27.0.0-Release.Candidate.app/Contents/Developer/Platforms/WatchOS.platform/Developer/SDKs/WatchOS27.0.sdk -fstrict-aliasing -Wdeprecated-declarations -Wno-sign-conversion -Wno-infinite-recursion -Wno-comma -Wno-block-capture-autoreleasing -Wno-strict-prototypes -Wno-semicolon-before-method-body -index-store-path /Users/admin/builder/spi-builder-workspace/.derivedData/Index.noindex/DataStore @/Users/admin/builder/spi-builder-workspace/.derivedData/Build/Intermediates.noindex/COpenSSL.build/Debug-watchos/COpenSSL-t.build/Objects-normal/arm64_32/7187679823f38a2a940e0043cdf9d637-common-args.resp -MMD -MT dependencies -MF /Users/admin/builder/spi-builder-workspace/.derivedData/Build/Intermediates.noindex/COpenSSL.build/Debug-watchos/COpenSSL-t.build/Objects-normal/arm64_32/mdc2dgst.d --serialize-diagnostics /Users/admin/builder/spi-builder-workspace/.derivedData/Build/Intermediates.noindex/COpenSSL.build/Debug-watchos/COpenSSL-t.build/Objects-normal/arm64_32/mdc2dgst.dia -c /Users/admin/builder/spi-builder-workspace/.dependencies/checkouts/Perfect-COpenSSL/COpenSSL/mdc2dgst.c -o /Users/admin/builder/spi-builder-workspace/.derivedData/Build/Intermediates.noindex/COpenSSL.build/Debug-watchos/COpenSSL-t.build/Objects-normal/arm64_32/mdc2dgst.o -index-unit-output-path /COpenSSL.build/Debug-watchos/COpenSSL-t.build/Objects-normal/arm64_32/mdc2dgst.o
CompileC /Users/admin/builder/spi-builder-workspace/.derivedData/Build/Intermediates.noindex/COpenSSL.build/Debug-watchos/COpenSSL-t.build/Objects-normal/arm64_32/ofb_enc.o /Users/admin/builder/spi-builder-workspace/.dependencies/checkouts/Perfect-COpenSSL/COpenSSL/ofb_enc.c normal arm64_32 c com.apple.compilers.llvm.clang.1_0.compiler (in target 'COpenSSL' from project 'COpenSSL')
cd /Users/admin/builder/spi-builder-workspace/.swiftpm/xcode
Using response file: /Users/admin/builder/spi-builder-workspace/.derivedData/Build/Intermediates.noindex/COpenSSL.build/Debug-watchos/COpenSSL-t.build/Objects-normal/arm64_32/7187679823f38a2a940e0043cdf9d637-common-args.resp
/Applications/Xcode-27.0.0-Release.Candidate.app/Contents/Developer/Toolchains/XcodeDefault.xctoolchain/usr/bin/clang -x c -ivfsstatcache /Users/admin/builder/spi-builder-workspace/.derivedData/SDKStatCaches.noindex/watchos27.0-24R360-e829b21a6f8c9b70876ba0858053c04477534ef55a1706bf4c1112bbb242f0a2.sdkstatcache -target arm64_32-apple-watchos9.0 -fmessage-length\=0 -fdiagnostics-show-note-include-stack -fmacro-backtrace-limit\=0 -fno-color-diagnostics -fmodules-prune-interval\=86400 -fmodules-prune-after\=345600 -fbuild-session-file\=/Users/admin/builder/spi-builder-workspace/.derivedData/ModuleCache.noindex/Session.modulevalidation -fmodules-validate-once-per-build-session -Wnon-modular-include-in-framework-module -Werror\=non-modular-include-in-framework-module -Wno-trigraphs -Wno-missing-field-initializers -Wno-missing-prototypes -Wno-return-type -Wno-missing-braces -Wparentheses -Wswitch -Wno-unused-function -Wno-unused-label -Wno-unused-parameter -Wno-unused-variable -Wunused-value -Wno-empty-body -Wno-uninitialized -Wno-unknown-pragmas -w -Wno-shadow -Wno-four-char-constants -Wno-conversion -Wno-constant-conversion -Wno-int-conversion -Wno-bool-conversion -Wno-enum-conversion -Wno-float-conversion -Wno-non-literal-null-conversion -Wno-objc-literal-conversion -Wno-shorten-64-to-32 -Wpointer-sign -Wno-newline-eof -Wno-implicit-fallthrough -isysroot /Applications/Xcode-27.0.0-Release.Candidate.app/Contents/Developer/Platforms/WatchOS.platform/Developer/SDKs/WatchOS27.0.sdk -fstrict-aliasing -Wdeprecated-declarations -Wno-sign-conversion -Wno-infinite-recursion -Wno-comma -Wno-block-capture-autoreleasing -Wno-strict-prototypes -Wno-semicolon-before-method-body -index-store-path /Users/admin/builder/spi-builder-workspace/.derivedData/Index.noindex/DataStore @/Users/admin/builder/spi-builder-workspace/.derivedData/Build/Intermediates.noindex/COpenSSL.build/Debug-watchos/COpenSSL-t.build/Objects-normal/arm64_32/7187679823f38a2a940e0043cdf9d637-common-args.resp -MMD -MT dependencies -MF /Users/admin/builder/spi-builder-workspace/.derivedData/Build/Intermediates.noindex/COpenSSL.build/Debug-watchos/COpenSSL-t.build/Objects-normal/arm64_32/ofb_enc.d --serialize-diagnostics /Users/admin/builder/spi-builder-workspace/.derivedData/Build/Intermediates.noindex/COpenSSL.build/Debug-watchos/COpenSSL-t.build/Objects-normal/arm64_32/ofb_enc.dia -c /Users/admin/builder/spi-builder-workspace/.dependencies/checkouts/Perfect-COpenSSL/COpenSSL/ofb_enc.c -o /Users/admin/builder/spi-builder-workspace/.derivedData/Build/Intermediates.noindex/COpenSSL.build/Debug-watchos/COpenSSL-t.build/Objects-normal/arm64_32/ofb_enc.o -index-unit-output-path /COpenSSL.build/Debug-watchos/COpenSSL-t.build/Objects-normal/arm64_32/ofb_enc.o
CompileC /Users/admin/builder/spi-builder-workspace/.derivedData/Build/Intermediates.noindex/COpenSSL.build/Debug-watchos/COpenSSL-t.build/Objects-normal/arm64_32/ofb64enc.o /Users/admin/builder/spi-builder-workspace/.dependencies/checkouts/Perfect-COpenSSL/COpenSSL/ofb64enc.c normal arm64_32 c com.apple.compilers.llvm.clang.1_0.compiler (in target 'COpenSSL' from project 'COpenSSL')
cd /Users/admin/builder/spi-builder-workspace/.swiftpm/xcode
Using response file: /Users/admin/builder/spi-builder-workspace/.derivedData/Build/Intermediates.noindex/COpenSSL.build/Debug-watchos/COpenSSL-t.build/Objects-normal/arm64_32/7187679823f38a2a940e0043cdf9d637-common-args.resp
/Applications/Xcode-27.0.0-Release.Candidate.app/Contents/Developer/Toolchains/XcodeDefault.xctoolchain/usr/bin/clang -x c -ivfsstatcache /Users/admin/builder/spi-builder-workspace/.derivedData/SDKStatCaches.noindex/watchos27.0-24R360-e829b21a6f8c9b70876ba0858053c04477534ef55a1706bf4c1112bbb242f0a2.sdkstatcache -target arm64_32-apple-watchos9.0 -fmessage-length\=0 -fdiagnostics-show-note-include-stack -fmacro-backtrace-limit\=0 -fno-color-diagnostics -fmodules-prune-interval\=86400 -fmodules-prune-after\=345600 -fbuild-session-file\=/Users/admin/builder/spi-builder-workspace/.derivedData/ModuleCache.noindex/Session.modulevalidation -fmodules-validate-once-per-build-session -Wnon-modular-include-in-framework-module -Werror\=non-modular-include-in-framework-module -Wno-trigraphs -Wno-missing-field-initializers -Wno-missing-prototypes -Wno-return-type -Wno-missing-braces -Wparentheses -Wswitch -Wno-unused-function -Wno-unused-label -Wno-unused-parameter -Wno-unused-variable -Wunused-value -Wno-empty-body -Wno-uninitialized -Wno-unknown-pragmas -w -Wno-shadow -Wno-four-char-constants -Wno-conversion -Wno-constant-conversion -Wno-int-conversion -Wno-bool-conversion -Wno-enum-conversion -Wno-float-conversion -Wno-non-literal-null-conversion -Wno-objc-literal-conversion -Wno-shorten-64-to-32 -Wpointer-sign -Wno-newline-eof -Wno-implicit-fallthrough -isysroot /Applications/Xcode-27.0.0-Release.Candidate.app/Contents/Developer/Platforms/WatchOS.platform/Developer/SDKs/WatchOS27.0.sdk -fstrict-aliasing -Wdeprecated-declarations -Wno-sign-conversion -Wno-infinite-recursion -Wno-comma -Wno-block-capture-autoreleasing -Wno-strict-prototypes -Wno-semicolon-before-method-body -index-store-path /Users/admin/builder/spi-builder-workspace/.derivedData/Index.noindex/DataStore @/Users/admin/builder/spi-builder-workspace/.derivedData/Build/Intermediates.noindex/COpenSSL.build/Debug-watchos/COpenSSL-t.build/Objects-normal/arm64_32/7187679823f38a2a940e0043cdf9d637-common-args.resp -MMD -MT dependencies -MF /Users/admin/builder/spi-builder-workspace/.derivedData/Build/Intermediates.noindex/COpenSSL.build/Debug-watchos/COpenSSL-t.build/Objects-normal/arm64_32/ofb64enc.d --serialize-diagnostics /Users/admin/builder/spi-builder-workspace/.derivedData/Build/Intermediates.noindex/COpenSSL.build/Debug-watchos/COpenSSL-t.build/Objects-normal/arm64_32/ofb64enc.dia -c /Users/admin/builder/spi-builder-workspace/.dependencies/checkouts/Perfect-COpenSSL/COpenSSL/ofb64enc.c -o /Users/admin/builder/spi-builder-workspace/.derivedData/Build/Intermediates.noindex/COpenSSL.build/Debug-watchos/COpenSSL-t.build/Objects-normal/arm64_32/ofb64enc.o -index-unit-output-path /COpenSSL.build/Debug-watchos/COpenSSL-t.build/Objects-normal/arm64_32/ofb64enc.o
CompileC /Users/admin/builder/spi-builder-workspace/.derivedData/Build/Intermediates.noindex/COpenSSL.build/Debug-watchos/COpenSSL-t.build/Objects-normal/arm64_32/ofb64ede.o /Users/admin/builder/spi-builder-workspace/.dependencies/checkouts/Perfect-COpenSSL/COpenSSL/ofb64ede.c normal arm64_32 c com.apple.compilers.llvm.clang.1_0.compiler (in target 'COpenSSL' from project 'COpenSSL')
cd /Users/admin/builder/spi-builder-workspace/.swiftpm/xcode
Using response file: /Users/admin/builder/spi-builder-workspace/.derivedData/Build/Intermediates.noindex/COpenSSL.build/Debug-watchos/COpenSSL-t.build/Objects-normal/arm64_32/7187679823f38a2a940e0043cdf9d637-common-args.resp
/Applications/Xcode-27.0.0-Release.Candidate.app/Contents/Developer/Toolchains/XcodeDefault.xctoolchain/usr/bin/clang -x c -ivfsstatcache /Users/admin/builder/spi-builder-workspace/.derivedData/SDKStatCaches.noindex/watchos27.0-24R360-e829b21a6f8c9b70876ba0858053c04477534ef55a1706bf4c1112bbb242f0a2.sdkstatcache -target arm64_32-apple-watchos9.0 -fmessage-length\=0 -fdiagnostics-show-note-include-stack -fmacro-backtrace-limit\=0 -fno-color-diagnostics -fmodules-prune-interval\=86400 -fmodules-prune-after\=345600 -fbuild-session-file\=/Users/admin/builder/spi-builder-workspace/.derivedData/ModuleCache.noindex/Session.modulevalidation -fmodules-validate-once-per-build-session -Wnon-modular-include-in-framework-module -Werror\=non-modular-include-in-framework-module -Wno-trigraphs -Wno-missing-field-initializers -Wno-missing-prototypes -Wno-return-type -Wno-missing-braces -Wparentheses -Wswitch -Wno-unused-function -Wno-unused-label -Wno-unused-parameter -Wno-unused-variable -Wunused-value -Wno-empty-body -Wno-uninitialized -Wno-unknown-pragmas -w -Wno-shadow -Wno-four-char-constants -Wno-conversion -Wno-constant-conversion -Wno-int-conversion -Wno-bool-conversion -Wno-enum-conversion -Wno-float-conversion -Wno-non-literal-null-conversion -Wno-objc-literal-conversion -Wno-shorten-64-to-32 -Wpointer-sign -Wno-newline-eof -Wno-implicit-fallthrough -isysroot /Applications/Xcode-27.0.0-Release.Candidate.app/Contents/Developer/Platforms/WatchOS.platform/Developer/SDKs/WatchOS27.0.sdk -fstrict-aliasing -Wdeprecated-declarations -Wno-sign-conversion -Wno-infinite-recursion -Wno-comma -Wno-block-capture-autoreleasing -Wno-strict-prototypes -Wno-semicolon-before-method-body -index-store-path /Users/admin/builder/spi-builder-workspace/.derivedData/Index.noindex/DataStore @/Users/admin/builder/spi-builder-workspace/.derivedData/Build/Intermediates.noindex/COpenSSL.build/Debug-watchos/COpenSSL-t.build/Objects-normal/arm64_32/7187679823f38a2a940e0043cdf9d637-common-args.resp -MMD -MT dependencies -MF /Users/admin/builder/spi-builder-workspace/.derivedData/Build/Intermediates.noindex/COpenSSL.build/Debug-watchos/COpenSSL-t.build/Objects-normal/arm64_32/ofb64ede.d --serialize-diagnostics /Users/admin/builder/spi-builder-workspace/.derivedData/Build/Intermediates.noindex/COpenSSL.build/Debug-watchos/COpenSSL-t.build/Objects-normal/arm64_32/ofb64ede.dia -c /Users/admin/builder/spi-builder-workspace/.dependencies/checkouts/Perfect-COpenSSL/COpenSSL/ofb64ede.c -o /Users/admin/builder/spi-builder-workspace/.derivedData/Build/Intermediates.noindex/COpenSSL.build/Debug-watchos/COpenSSL-t.build/Objects-normal/arm64_32/ofb64ede.o -index-unit-output-path /COpenSSL.build/Debug-watchos/COpenSSL-t.build/Objects-normal/arm64_32/ofb64ede.o
CompileC /Users/admin/builder/spi-builder-workspace/.derivedData/Build/Intermediates.noindex/COpenSSL.build/Debug-watchos/COpenSSL-t.build/Objects-normal/arm64_32/ofb128.o /Users/admin/builder/spi-builder-workspace/.dependencies/checkouts/Perfect-COpenSSL/COpenSSL/ofb128.c normal arm64_32 c com.apple.compilers.llvm.clang.1_0.compiler (in target 'COpenSSL' from project 'COpenSSL')
cd /Users/admin/builder/spi-builder-workspace/.swiftpm/xcode
Using response file: /Users/admin/builder/spi-builder-workspace/.derivedData/Build/Intermediates.noindex/COpenSSL.build/Debug-watchos/COpenSSL-t.build/Objects-normal/arm64_32/7187679823f38a2a940e0043cdf9d637-common-args.resp
/Applications/Xcode-27.0.0-Release.Candidate.app/Contents/Developer/Toolchains/XcodeDefault.xctoolchain/usr/bin/clang -x c -ivfsstatcache /Users/admin/builder/spi-builder-workspace/.derivedData/SDKStatCaches.noindex/watchos27.0-24R360-e829b21a6f8c9b70876ba0858053c04477534ef55a1706bf4c1112bbb242f0a2.sdkstatcache -target arm64_32-apple-watchos9.0 -fmessage-length\=0 -fdiagnostics-show-note-include-stack -fmacro-backtrace-limit\=0 -fno-color-diagnostics -fmodules-prune-interval\=86400 -fmodules-prune-after\=345600 -fbuild-session-file\=/Users/admin/builder/spi-builder-workspace/.derivedData/ModuleCache.noindex/Session.modulevalidation -fmodules-validate-once-per-build-session -Wnon-modular-include-in-framework-module -Werror\=non-modular-include-in-framework-module -Wno-trigraphs -Wno-missing-field-initializers -Wno-missing-prototypes -Wno-return-type -Wno-missing-braces -Wparentheses -Wswitch -Wno-unused-function -Wno-unused-label -Wno-unused-parameter -Wno-unused-variable -Wunused-value -Wno-empty-body -Wno-uninitialized -Wno-unknown-pragmas -w -Wno-shadow -Wno-four-char-constants -Wno-conversion -Wno-constant-conversion -Wno-int-conversion -Wno-bool-conversion -Wno-enum-conversion -Wno-float-conversion -Wno-non-literal-null-conversion -Wno-objc-literal-conversion -Wno-shorten-64-to-32 -Wpointer-sign -Wno-newline-eof -Wno-implicit-fallthrough -isysroot /Applications/Xcode-27.0.0-Release.Candidate.app/Contents/Developer/Platforms/WatchOS.platform/Developer/SDKs/WatchOS27.0.sdk -fstrict-aliasing -Wdeprecated-declarations -Wno-sign-conversion -Wno-infinite-recursion -Wno-comma -Wno-block-capture-autoreleasing -Wno-strict-prototypes -Wno-semicolon-before-method-body -index-store-path /Users/admin/builder/spi-builder-workspace/.derivedData/Index.noindex/DataStore @/Users/admin/builder/spi-builder-workspace/.derivedData/Build/Intermediates.noindex/COpenSSL.build/Debug-watchos/COpenSSL-t.build/Objects-normal/arm64_32/7187679823f38a2a940e0043cdf9d637-common-args.resp -MMD -MT dependencies -MF /Users/admin/builder/spi-builder-workspace/.derivedData/Build/Intermediates.noindex/COpenSSL.build/Debug-watchos/COpenSSL-t.build/Objects-normal/arm64_32/ofb128.d --serialize-diagnostics /Users/admin/builder/spi-builder-workspace/.derivedData/Build/Intermediates.noindex/COpenSSL.build/Debug-watchos/COpenSSL-t.build/Objects-normal/arm64_32/ofb128.dia -c /Users/admin/builder/spi-builder-workspace/.dependencies/checkouts/Perfect-COpenSSL/COpenSSL/ofb128.c -o /Users/admin/builder/spi-builder-workspace/.derivedData/Build/Intermediates.noindex/COpenSSL.build/Debug-watchos/COpenSSL-t.build/Objects-normal/arm64_32/ofb128.o -index-unit-output-path /COpenSSL.build/Debug-watchos/COpenSSL-t.build/Objects-normal/arm64_32/ofb128.o
CompileC /Users/admin/builder/spi-builder-workspace/.derivedData/Build/Intermediates.noindex/COpenSSL.build/Debug-watchos/COpenSSL-t.build/Objects-normal/arm64_32/ocsp_.o /Users/admin/builder/spi-builder-workspace/.dependencies/checkouts/Perfect-COpenSSL/COpenSSL/ocsp_.c normal arm64_32 c com.apple.compilers.llvm.clang.1_0.compiler (in target 'COpenSSL' from project 'COpenSSL')
cd /Users/admin/builder/spi-builder-workspace/.swiftpm/xcode
Using response file: /Users/admin/builder/spi-builder-workspace/.derivedData/Build/Intermediates.noindex/COpenSSL.build/Debug-watchos/COpenSSL-t.build/Objects-normal/arm64_32/7187679823f38a2a940e0043cdf9d637-common-args.resp
/Applications/Xcode-27.0.0-Release.Candidate.app/Contents/Developer/Toolchains/XcodeDefault.xctoolchain/usr/bin/clang -x c -ivfsstatcache /Users/admin/builder/spi-builder-workspace/.derivedData/SDKStatCaches.noindex/watchos27.0-24R360-e829b21a6f8c9b70876ba0858053c04477534ef55a1706bf4c1112bbb242f0a2.sdkstatcache -target arm64_32-apple-watchos9.0 -fmessage-length\=0 -fdiagnostics-show-note-include-stack -fmacro-backtrace-limit\=0 -fno-color-diagnostics -fmodules-prune-interval\=86400 -fmodules-prune-after\=345600 -fbuild-session-file\=/Users/admin/builder/spi-builder-workspace/.derivedData/ModuleCache.noindex/Session.modulevalidation -fmodules-validate-once-per-build-session -Wnon-modular-include-in-framework-module -Werror\=non-modular-include-in-framework-module -Wno-trigraphs -Wno-missing-field-initializers -Wno-missing-prototypes -Wno-return-type -Wno-missing-braces -Wparentheses -Wswitch -Wno-unused-function -Wno-unused-label -Wno-unused-parameter -Wno-unused-variable -Wunused-value -Wno-empty-body -Wno-uninitialized -Wno-unknown-pragmas -w -Wno-shadow -Wno-four-char-constants -Wno-conversion -Wno-constant-conversion -Wno-int-conversion -Wno-bool-conversion -Wno-enum-conversion -Wno-float-conversion -Wno-non-literal-null-conversion -Wno-objc-literal-conversion -Wno-shorten-64-to-32 -Wpointer-sign -Wno-newline-eof -Wno-implicit-fallthrough -isysroot /Applications/Xcode-27.0.0-Release.Candidate.app/Contents/Developer/Platforms/WatchOS.platform/Developer/SDKs/WatchOS27.0.sdk -fstrict-aliasing -Wdeprecated-declarations -Wno-sign-conversion -Wno-infinite-recursion -Wno-comma -Wno-block-capture-autoreleasing -Wno-strict-prototypes -Wno-semicolon-before-method-body -index-store-path /Users/admin/builder/spi-builder-workspace/.derivedData/Index.noindex/DataStore @/Users/admin/builder/spi-builder-workspace/.derivedData/Build/Intermediates.noindex/COpenSSL.build/Debug-watchos/COpenSSL-t.build/Objects-normal/arm64_32/7187679823f38a2a940e0043cdf9d637-common-args.resp -MMD -MT dependencies -MF /Users/admin/builder/spi-builder-workspace/.derivedData/Build/Intermediates.noindex/COpenSSL.build/Debug-watchos/COpenSSL-t.build/Objects-normal/arm64_32/ocsp_.d --serialize-diagnostics /Users/admin/builder/spi-builder-workspace/.derivedData/Build/Intermediates.noindex/COpenSSL.build/Debug-watchos/COpenSSL-t.build/Objects-normal/arm64_32/ocsp_.dia -c /Users/admin/builder/spi-builder-workspace/.dependencies/checkouts/Perfect-COpenSSL/COpenSSL/ocsp_.c -o /Users/admin/builder/spi-builder-workspace/.derivedData/Build/Intermediates.noindex/COpenSSL.build/Debug-watchos/COpenSSL-t.build/Objects-normal/arm64_32/ocsp_.o -index-unit-output-path /COpenSSL.build/Debug-watchos/COpenSSL-t.build/Objects-normal/arm64_32/ocsp_.o
CompileC /Users/admin/builder/spi-builder-workspace/.derivedData/Build/Intermediates.noindex/COpenSSL.build/Debug-watchos/COpenSSL-t.build/Objects-normal/arm64_32/obj_.o /Users/admin/builder/spi-builder-workspace/.dependencies/checkouts/Perfect-COpenSSL/COpenSSL/obj_.c normal arm64_32 c com.apple.compilers.llvm.clang.1_0.compiler (in target 'COpenSSL' from project 'COpenSSL')
cd /Users/admin/builder/spi-builder-workspace/.swiftpm/xcode
Using response file: /Users/admin/builder/spi-builder-workspace/.derivedData/Build/Intermediates.noindex/COpenSSL.build/Debug-watchos/COpenSSL-t.build/Objects-normal/arm64_32/7187679823f38a2a940e0043cdf9d637-common-args.resp
/Applications/Xcode-27.0.0-Release.Candidate.app/Contents/Developer/Toolchains/XcodeDefault.xctoolchain/usr/bin/clang -x c -ivfsstatcache /Users/admin/builder/spi-builder-workspace/.derivedData/SDKStatCaches.noindex/watchos27.0-24R360-e829b21a6f8c9b70876ba0858053c04477534ef55a1706bf4c1112bbb242f0a2.sdkstatcache -target arm64_32-apple-watchos9.0 -fmessage-length\=0 -fdiagnostics-show-note-include-stack -fmacro-backtrace-limit\=0 -fno-color-diagnostics -fmodules-prune-interval\=86400 -fmodules-prune-after\=345600 -fbuild-session-file\=/Users/admin/builder/spi-builder-workspace/.derivedData/ModuleCache.noindex/Session.modulevalidation -fmodules-validate-once-per-build-session -Wnon-modular-include-in-framework-module -Werror\=non-modular-include-in-framework-module -Wno-trigraphs -Wno-missing-field-initializers -Wno-missing-prototypes -Wno-return-type -Wno-missing-braces -Wparentheses -Wswitch -Wno-unused-function -Wno-unused-label -Wno-unused-parameter -Wno-unused-variable -Wunused-value -Wno-empty-body -Wno-uninitialized -Wno-unknown-pragmas -w -Wno-shadow -Wno-four-char-constants -Wno-conversion -Wno-constant-conversion -Wno-int-conversion -Wno-bool-conversion -Wno-enum-conversion -Wno-float-conversion -Wno-non-literal-null-conversion -Wno-objc-literal-conversion -Wno-shorten-64-to-32 -Wpointer-sign -Wno-newline-eof -Wno-implicit-fallthrough -isysroot /Applications/Xcode-27.0.0-Release.Candidate.app/Contents/Developer/Platforms/WatchOS.platform/Developer/SDKs/WatchOS27.0.sdk -fstrict-aliasing -Wdeprecated-declarations -Wno-sign-conversion -Wno-infinite-recursion -Wno-comma -Wno-block-capture-autoreleasing -Wno-strict-prototypes -Wno-semicolon-before-method-body -index-store-path /Users/admin/builder/spi-builder-workspace/.derivedData/Index.noindex/DataStore @/Users/admin/builder/spi-builder-workspace/.derivedData/Build/Intermediates.noindex/COpenSSL.build/Debug-watchos/COpenSSL-t.build/Objects-normal/arm64_32/7187679823f38a2a940e0043cdf9d637-common-args.resp -MMD -MT dependencies -MF /Users/admin/builder/spi-builder-workspace/.derivedData/Build/Intermediates.noindex/COpenSSL.build/Debug-watchos/COpenSSL-t.build/Objects-normal/arm64_32/obj_.d --serialize-diagnostics /Users/admin/builder/spi-builder-workspace/.derivedData/Build/Intermediates.noindex/COpenSSL.build/Debug-watchos/COpenSSL-t.build/Objects-normal/arm64_32/obj_.dia -c /Users/admin/builder/spi-builder-workspace/.dependencies/checkouts/Perfect-COpenSSL/COpenSSL/obj_.c -o /Users/admin/builder/spi-builder-workspace/.derivedData/Build/Intermediates.noindex/COpenSSL.build/Debug-watchos/COpenSSL-t.build/Objects-normal/arm64_32/obj_.o -index-unit-output-path /COpenSSL.build/Debug-watchos/COpenSSL-t.build/Objects-normal/arm64_32/obj_.o
CompileC /Users/admin/builder/spi-builder-workspace/.derivedData/Build/Intermediates.noindex/COpenSSL.build/Debug-watchos/COpenSSL-t.build/Objects-normal/arm64_32/o_.o /Users/admin/builder/spi-builder-workspace/.dependencies/checkouts/Perfect-COpenSSL/COpenSSL/o_.c normal arm64_32 c com.apple.compilers.llvm.clang.1_0.compiler (in target 'COpenSSL' from project 'COpenSSL')
cd /Users/admin/builder/spi-builder-workspace/.swiftpm/xcode
Using response file: /Users/admin/builder/spi-builder-workspace/.derivedData/Build/Intermediates.noindex/COpenSSL.build/Debug-watchos/COpenSSL-t.build/Objects-normal/arm64_32/7187679823f38a2a940e0043cdf9d637-common-args.resp
/Applications/Xcode-27.0.0-Release.Candidate.app/Contents/Developer/Toolchains/XcodeDefault.xctoolchain/usr/bin/clang -x c -ivfsstatcache /Users/admin/builder/spi-builder-workspace/.derivedData/SDKStatCaches.noindex/watchos27.0-24R360-e829b21a6f8c9b70876ba0858053c04477534ef55a1706bf4c1112bbb242f0a2.sdkstatcache -target arm64_32-apple-watchos9.0 -fmessage-length\=0 -fdiagnostics-show-note-include-stack -fmacro-backtrace-limit\=0 -fno-color-diagnostics -fmodules-prune-interval\=86400 -fmodules-prune-after\=345600 -fbuild-session-file\=/Users/admin/builder/spi-builder-workspace/.derivedData/ModuleCache.noindex/Session.modulevalidation -fmodules-validate-once-per-build-session -Wnon-modular-include-in-framework-module -Werror\=non-modular-include-in-framework-module -Wno-trigraphs -Wno-missing-field-initializers -Wno-missing-prototypes -Wno-return-type -Wno-missing-braces -Wparentheses -Wswitch -Wno-unused-function -Wno-unused-label -Wno-unused-parameter -Wno-unused-variable -Wunused-value -Wno-empty-body -Wno-uninitialized -Wno-unknown-pragmas -w -Wno-shadow -Wno-four-char-constants -Wno-conversion -Wno-constant-conversion -Wno-int-conversion -Wno-bool-conversion -Wno-enum-conversion -Wno-float-conversion -Wno-non-literal-null-conversion -Wno-objc-literal-conversion -Wno-shorten-64-to-32 -Wpointer-sign -Wno-newline-eof -Wno-implicit-fallthrough -isysroot /Applications/Xcode-27.0.0-Release.Candidate.app/Contents/Developer/Platforms/WatchOS.platform/Developer/SDKs/WatchOS27.0.sdk -fstrict-aliasing -Wdeprecated-declarations -Wno-sign-conversion -Wno-infinite-recursion -Wno-comma -Wno-block-capture-autoreleasing -Wno-strict-prototypes -Wno-semicolon-before-method-body -index-store-path /Users/admin/builder/spi-builder-workspace/.derivedData/Index.noindex/DataStore @/Users/admin/builder/spi-builder-workspace/.derivedData/Build/Intermediates.noindex/COpenSSL.build/Debug-watchos/COpenSSL-t.build/Objects-normal/arm64_32/7187679823f38a2a940e0043cdf9d637-common-args.resp -MMD -MT dependencies -MF /Users/admin/builder/spi-builder-workspace/.derivedData/Build/Intermediates.noindex/COpenSSL.build/Debug-watchos/COpenSSL-t.build/Objects-normal/arm64_32/o_.d --serialize-diagnostics /Users/admin/builder/spi-builder-workspace/.derivedData/Build/Intermediates.noindex/COpenSSL.build/Debug-watchos/COpenSSL-t.build/Objects-normal/arm64_32/o_.dia -c /Users/admin/builder/spi-builder-workspace/.dependencies/checkouts/Perfect-COpenSSL/COpenSSL/o_.c -o /Users/admin/builder/spi-builder-workspace/.derivedData/Build/Intermediates.noindex/COpenSSL.build/Debug-watchos/COpenSSL-t.build/Objects-normal/arm64_32/o_.o -index-unit-output-path /COpenSSL.build/Debug-watchos/COpenSSL-t.build/Objects-normal/arm64_32/o_.o
CompileC /Users/admin/builder/spi-builder-workspace/.derivedData/Build/Intermediates.noindex/COpenSSL.build/Debug-watchos/COpenSSL-t.build/Objects-normal/arm64_32/nsseq.o /Users/admin/builder/spi-builder-workspace/.dependencies/checkouts/Perfect-COpenSSL/COpenSSL/nsseq.c normal arm64_32 c com.apple.compilers.llvm.clang.1_0.compiler (in target 'COpenSSL' from project 'COpenSSL')
cd /Users/admin/builder/spi-builder-workspace/.swiftpm/xcode
Using response file: /Users/admin/builder/spi-builder-workspace/.derivedData/Build/Intermediates.noindex/COpenSSL.build/Debug-watchos/COpenSSL-t.build/Objects-normal/arm64_32/7187679823f38a2a940e0043cdf9d637-common-args.resp
/Applications/Xcode-27.0.0-Release.Candidate.app/Contents/Developer/Toolchains/XcodeDefault.xctoolchain/usr/bin/clang -x c -ivfsstatcache /Users/admin/builder/spi-builder-workspace/.derivedData/SDKStatCaches.noindex/watchos27.0-24R360-e829b21a6f8c9b70876ba0858053c04477534ef55a1706bf4c1112bbb242f0a2.sdkstatcache -target arm64_32-apple-watchos9.0 -fmessage-length\=0 -fdiagnostics-show-note-include-stack -fmacro-backtrace-limit\=0 -fno-color-diagnostics -fmodules-prune-interval\=86400 -fmodules-prune-after\=345600 -fbuild-session-file\=/Users/admin/builder/spi-builder-workspace/.derivedData/ModuleCache.noindex/Session.modulevalidation -fmodules-validate-once-per-build-session -Wnon-modular-include-in-framework-module -Werror\=non-modular-include-in-framework-module -Wno-trigraphs -Wno-missing-field-initializers -Wno-missing-prototypes -Wno-return-type -Wno-missing-braces -Wparentheses -Wswitch -Wno-unused-function -Wno-unused-label -Wno-unused-parameter -Wno-unused-variable -Wunused-value -Wno-empty-body -Wno-uninitialized -Wno-unknown-pragmas -w -Wno-shadow -Wno-four-char-constants -Wno-conversion -Wno-constant-conversion -Wno-int-conversion -Wno-bool-conversion -Wno-enum-conversion -Wno-float-conversion -Wno-non-literal-null-conversion -Wno-objc-literal-conversion -Wno-shorten-64-to-32 -Wpointer-sign -Wno-newline-eof -Wno-implicit-fallthrough -isysroot /Applications/Xcode-27.0.0-Release.Candidate.app/Contents/Developer/Platforms/WatchOS.platform/Developer/SDKs/WatchOS27.0.sdk -fstrict-aliasing -Wdeprecated-declarations -Wno-sign-conversion -Wno-infinite-recursion -Wno-comma -Wno-block-capture-autoreleasing -Wno-strict-prototypes -Wno-semicolon-before-method-body -index-store-path /Users/admin/builder/spi-builder-workspace/.derivedData/Index.noindex/DataStore @/Users/admin/builder/spi-builder-workspace/.derivedData/Build/Intermediates.noindex/COpenSSL.build/Debug-watchos/COpenSSL-t.build/Objects-normal/arm64_32/7187679823f38a2a940e0043cdf9d637-common-args.resp -MMD -MT dependencies -MF /Users/admin/builder/spi-builder-workspace/.derivedData/Build/Intermediates.noindex/COpenSSL.build/Debug-watchos/COpenSSL-t.build/Objects-normal/arm64_32/nsseq.d --serialize-diagnostics /Users/admin/builder/spi-builder-workspace/.derivedData/Build/Intermediates.noindex/COpenSSL.build/Debug-watchos/COpenSSL-t.build/Objects-normal/arm64_32/nsseq.dia -c /Users/admin/builder/spi-builder-workspace/.dependencies/checkouts/Perfect-COpenSSL/COpenSSL/nsseq.c -o /Users/admin/builder/spi-builder-workspace/.derivedData/Build/Intermediates.noindex/COpenSSL.build/Debug-watchos/COpenSSL-t.build/Objects-normal/arm64_32/nsseq.o -index-unit-output-path /COpenSSL.build/Debug-watchos/COpenSSL-t.build/Objects-normal/arm64_32/nsseq.o
CompileC /Users/admin/builder/spi-builder-workspace/.derivedData/Build/Intermediates.noindex/COpenSSL.build/Debug-watchos/COpenSSL-t.build/Objects-normal/arm64_32/names.o /Users/admin/builder/spi-builder-workspace/.dependencies/checkouts/Perfect-COpenSSL/COpenSSL/names.c normal arm64_32 c com.apple.compilers.llvm.clang.1_0.compiler (in target 'COpenSSL' from project 'COpenSSL')
cd /Users/admin/builder/spi-builder-workspace/.swiftpm/xcode
Using response file: /Users/admin/builder/spi-builder-workspace/.derivedData/Build/Intermediates.noindex/COpenSSL.build/Debug-watchos/COpenSSL-t.build/Objects-normal/arm64_32/7187679823f38a2a940e0043cdf9d637-common-args.resp
/Applications/Xcode-27.0.0-Release.Candidate.app/Contents/Developer/Toolchains/XcodeDefault.xctoolchain/usr/bin/clang -x c -ivfsstatcache /Users/admin/builder/spi-builder-workspace/.derivedData/SDKStatCaches.noindex/watchos27.0-24R360-e829b21a6f8c9b70876ba0858053c04477534ef55a1706bf4c1112bbb242f0a2.sdkstatcache -target arm64_32-apple-watchos9.0 -fmessage-length\=0 -fdiagnostics-show-note-include-stack -fmacro-backtrace-limit\=0 -fno-color-diagnostics -fmodules-prune-interval\=86400 -fmodules-prune-after\=345600 -fbuild-session-file\=/Users/admin/builder/spi-builder-workspace/.derivedData/ModuleCache.noindex/Session.modulevalidation -fmodules-validate-once-per-build-session -Wnon-modular-include-in-framework-module -Werror\=non-modular-include-in-framework-module -Wno-trigraphs -Wno-missing-field-initializers -Wno-missing-prototypes -Wno-return-type -Wno-missing-braces -Wparentheses -Wswitch -Wno-unused-function -Wno-unused-label -Wno-unused-parameter -Wno-unused-variable -Wunused-value -Wno-empty-body -Wno-uninitialized -Wno-unknown-pragmas -w -Wno-shadow -Wno-four-char-constants -Wno-conversion -Wno-constant-conversion -Wno-int-conversion -Wno-bool-conversion -Wno-enum-conversion -Wno-float-conversion -Wno-non-literal-null-conversion -Wno-objc-literal-conversion -Wno-shorten-64-to-32 -Wpointer-sign -Wno-newline-eof -Wno-implicit-fallthrough -isysroot /Applications/Xcode-27.0.0-Release.Candidate.app/Contents/Developer/Platforms/WatchOS.platform/Developer/SDKs/WatchOS27.0.sdk -fstrict-aliasing -Wdeprecated-declarations -Wno-sign-conversion -Wno-infinite-recursion -Wno-comma -Wno-block-capture-autoreleasing -Wno-strict-prototypes -Wno-semicolon-before-method-body -index-store-path /Users/admin/builder/spi-builder-workspace/.derivedData/Index.noindex/DataStore @/Users/admin/builder/spi-builder-workspace/.derivedData/Build/Intermediates.noindex/COpenSSL.build/Debug-watchos/COpenSSL-t.build/Objects-normal/arm64_32/7187679823f38a2a940e0043cdf9d637-common-args.resp -MMD -MT dependencies -MF /Users/admin/builder/spi-builder-workspace/.derivedData/Build/Intermediates.noindex/COpenSSL.build/Debug-watchos/COpenSSL-t.build/Objects-normal/arm64_32/names.d --serialize-diagnostics /Users/admin/builder/spi-builder-workspace/.derivedData/Build/Intermediates.noindex/COpenSSL.build/Debug-watchos/COpenSSL-t.build/Objects-normal/arm64_32/names.dia -c /Users/admin/builder/spi-builder-workspace/.dependencies/checkouts/Perfect-COpenSSL/COpenSSL/names.c -o /Users/admin/builder/spi-builder-workspace/.derivedData/Build/Intermediates.noindex/COpenSSL.build/Debug-watchos/COpenSSL-t.build/Objects-normal/arm64_32/names.o -index-unit-output-path /COpenSSL.build/Debug-watchos/COpenSSL-t.build/Objects-normal/arm64_32/names.o
CreateUniversalBinary /Users/admin/builder/spi-builder-workspace/.derivedData/Build/Products/Debug-watchos/PerfectThread.o normal arm64\ arm64_32 (in target 'PerfectThread' from project 'PerfectThread')
cd /Users/admin/builder/spi-builder-workspace/.dependencies/checkouts/Perfect-Thread
/Applications/Xcode-27.0.0-Release.Candidate.app/Contents/Developer/Toolchains/XcodeDefault.xctoolchain/usr/bin/lipo -create /Users/admin/builder/spi-builder-workspace/.derivedData/Build/Intermediates.noindex/PerfectThread.build/Debug-watchos/PerfectThread-t.build/Objects-normal/arm64/Binary/PerfectThread.o /Users/admin/builder/spi-builder-workspace/.derivedData/Build/Intermediates.noindex/PerfectThread.build/Debug-watchos/PerfectThread-t.build/Objects-normal/arm64_32/Binary/PerfectThread.o -output /Users/admin/builder/spi-builder-workspace/.derivedData/Build/Products/Debug-watchos/PerfectThread.o
CompileC /Users/admin/builder/spi-builder-workspace/.derivedData/Build/Intermediates.noindex/COpenSSL.build/Debug-watchos/COpenSSL-t.build/Objects-normal/arm64_32/n_pkey.o /Users/admin/builder/spi-builder-workspace/.dependencies/checkouts/Perfect-COpenSSL/COpenSSL/n_pkey.c normal arm64_32 c com.apple.compilers.llvm.clang.1_0.compiler (in target 'COpenSSL' from project 'COpenSSL')
cd /Users/admin/builder/spi-builder-workspace/.swiftpm/xcode
Using response file: /Users/admin/builder/spi-builder-workspace/.derivedData/Build/Intermediates.noindex/COpenSSL.build/Debug-watchos/COpenSSL-t.build/Objects-normal/arm64_32/7187679823f38a2a940e0043cdf9d637-common-args.resp
/Applications/Xcode-27.0.0-Release.Candidate.app/Contents/Developer/Toolchains/XcodeDefault.xctoolchain/usr/bin/clang -x c -ivfsstatcache /Users/admin/builder/spi-builder-workspace/.derivedData/SDKStatCaches.noindex/watchos27.0-24R360-e829b21a6f8c9b70876ba0858053c04477534ef55a1706bf4c1112bbb242f0a2.sdkstatcache -target arm64_32-apple-watchos9.0 -fmessage-length\=0 -fdiagnostics-show-note-include-stack -fmacro-backtrace-limit\=0 -fno-color-diagnostics -fmodules-prune-interval\=86400 -fmodules-prune-after\=345600 -fbuild-session-file\=/Users/admin/builder/spi-builder-workspace/.derivedData/ModuleCache.noindex/Session.modulevalidation -fmodules-validate-once-per-build-session -Wnon-modular-include-in-framework-module -Werror\=non-modular-include-in-framework-module -Wno-trigraphs -Wno-missing-field-initializers -Wno-missing-prototypes -Wno-return-type -Wno-missing-braces -Wparentheses -Wswitch -Wno-unused-function -Wno-unused-label -Wno-unused-parameter -Wno-unused-variable -Wunused-value -Wno-empty-body -Wno-uninitialized -Wno-unknown-pragmas -w -Wno-shadow -Wno-four-char-constants -Wno-conversion -Wno-constant-conversion -Wno-int-conversion -Wno-bool-conversion -Wno-enum-conversion -Wno-float-conversion -Wno-non-literal-null-conversion -Wno-objc-literal-conversion -Wno-shorten-64-to-32 -Wpointer-sign -Wno-newline-eof -Wno-implicit-fallthrough -isysroot /Applications/Xcode-27.0.0-Release.Candidate.app/Contents/Developer/Platforms/WatchOS.platform/Developer/SDKs/WatchOS27.0.sdk -fstrict-aliasing -Wdeprecated-declarations -Wno-sign-conversion -Wno-infinite-recursion -Wno-comma -Wno-block-capture-autoreleasing -Wno-strict-prototypes -Wno-semicolon-before-method-body -index-store-path /Users/admin/builder/spi-builder-workspace/.derivedData/Index.noindex/DataStore @/Users/admin/builder/spi-builder-workspace/.derivedData/Build/Intermediates.noindex/COpenSSL.build/Debug-watchos/COpenSSL-t.build/Objects-normal/arm64_32/7187679823f38a2a940e0043cdf9d637-common-args.resp -MMD -MT dependencies -MF /Users/admin/builder/spi-builder-workspace/.derivedData/Build/Intermediates.noindex/COpenSSL.build/Debug-watchos/COpenSSL-t.build/Objects-normal/arm64_32/n_pkey.d --serialize-diagnostics /Users/admin/builder/spi-builder-workspace/.derivedData/Build/Intermediates.noindex/COpenSSL.build/Debug-watchos/COpenSSL-t.build/Objects-normal/arm64_32/n_pkey.dia -c /Users/admin/builder/spi-builder-workspace/.dependencies/checkouts/Perfect-COpenSSL/COpenSSL/n_pkey.c -o /Users/admin/builder/spi-builder-workspace/.derivedData/Build/Intermediates.noindex/COpenSSL.build/Debug-watchos/COpenSSL-t.build/Objects-normal/arm64_32/n_pkey.o -index-unit-output-path /COpenSSL.build/Debug-watchos/COpenSSL-t.build/Objects-normal/arm64_32/n_pkey.o
CompileC /Users/admin/builder/spi-builder-workspace/.derivedData/Build/Intermediates.noindex/COpenSSL.build/Debug-watchos/COpenSSL-t.build/Objects-normal/arm64_32/mem_.o /Users/admin/builder/spi-builder-workspace/.dependencies/checkouts/Perfect-COpenSSL/COpenSSL/mem_.c normal arm64_32 c com.apple.compilers.llvm.clang.1_0.compiler (in target 'COpenSSL' from project 'COpenSSL')
cd /Users/admin/builder/spi-builder-workspace/.swiftpm/xcode
Using response file: /Users/admin/builder/spi-builder-workspace/.derivedData/Build/Intermediates.noindex/COpenSSL.build/Debug-watchos/COpenSSL-t.build/Objects-normal/arm64_32/7187679823f38a2a940e0043cdf9d637-common-args.resp
/Applications/Xcode-27.0.0-Release.Candidate.app/Contents/Developer/Toolchains/XcodeDefault.xctoolchain/usr/bin/clang -x c -ivfsstatcache /Users/admin/builder/spi-builder-workspace/.derivedData/SDKStatCaches.noindex/watchos27.0-24R360-e829b21a6f8c9b70876ba0858053c04477534ef55a1706bf4c1112bbb242f0a2.sdkstatcache -target arm64_32-apple-watchos9.0 -fmessage-length\=0 -fdiagnostics-show-note-include-stack -fmacro-backtrace-limit\=0 -fno-color-diagnostics -fmodules-prune-interval\=86400 -fmodules-prune-after\=345600 -fbuild-session-file\=/Users/admin/builder/spi-builder-workspace/.derivedData/ModuleCache.noindex/Session.modulevalidation -fmodules-validate-once-per-build-session -Wnon-modular-include-in-framework-module -Werror\=non-modular-include-in-framework-module -Wno-trigraphs -Wno-missing-field-initializers -Wno-missing-prototypes -Wno-return-type -Wno-missing-braces -Wparentheses -Wswitch -Wno-unused-function -Wno-unused-label -Wno-unused-parameter -Wno-unused-variable -Wunused-value -Wno-empty-body -Wno-uninitialized -Wno-unknown-pragmas -w -Wno-shadow -Wno-four-char-constants -Wno-conversion -Wno-constant-conversion -Wno-int-conversion -Wno-bool-conversion -Wno-enum-conversion -Wno-float-conversion -Wno-non-literal-null-conversion -Wno-objc-literal-conversion -Wno-shorten-64-to-32 -Wpointer-sign -Wno-newline-eof -Wno-implicit-fallthrough -isysroot /Applications/Xcode-27.0.0-Release.Candidate.app/Contents/Developer/Platforms/WatchOS.platform/Developer/SDKs/WatchOS27.0.sdk -fstrict-aliasing -Wdeprecated-declarations -Wno-sign-conversion -Wno-infinite-recursion -Wno-comma -Wno-block-capture-autoreleasing -Wno-strict-prototypes -Wno-semicolon-before-method-body -index-store-path /Users/admin/builder/spi-builder-workspace/.derivedData/Index.noindex/DataStore @/Users/admin/builder/spi-builder-workspace/.derivedData/Build/Intermediates.noindex/COpenSSL.build/Debug-watchos/COpenSSL-t.build/Objects-normal/arm64_32/7187679823f38a2a940e0043cdf9d637-common-args.resp -MMD -MT dependencies -MF /Users/admin/builder/spi-builder-workspace/.derivedData/Build/Intermediates.noindex/COpenSSL.build/Debug-watchos/COpenSSL-t.build/Objects-normal/arm64_32/mem_.d --serialize-diagnostics /Users/admin/builder/spi-builder-workspace/.derivedData/Build/Intermediates.noindex/COpenSSL.build/Debug-watchos/COpenSSL-t.build/Objects-normal/arm64_32/mem_.dia -c /Users/admin/builder/spi-builder-workspace/.dependencies/checkouts/Perfect-COpenSSL/COpenSSL/mem_.c -o /Users/admin/builder/spi-builder-workspace/.derivedData/Build/Intermediates.noindex/COpenSSL.build/Debug-watchos/COpenSSL-t.build/Objects-normal/arm64_32/mem_.o -index-unit-output-path /COpenSSL.build/Debug-watchos/COpenSSL-t.build/Objects-normal/arm64_32/mem_.o
CompileC /Users/admin/builder/spi-builder-workspace/.derivedData/Build/Intermediates.noindex/COpenSSL.build/Debug-watchos/COpenSSL-t.build/Objects-normal/arm64_32/mem.o /Users/admin/builder/spi-builder-workspace/.dependencies/checkouts/Perfect-COpenSSL/COpenSSL/mem.c normal arm64_32 c com.apple.compilers.llvm.clang.1_0.compiler (in target 'COpenSSL' from project 'COpenSSL')
cd /Users/admin/builder/spi-builder-workspace/.swiftpm/xcode
Using response file: /Users/admin/builder/spi-builder-workspace/.derivedData/Build/Intermediates.noindex/COpenSSL.build/Debug-watchos/COpenSSL-t.build/Objects-normal/arm64_32/7187679823f38a2a940e0043cdf9d637-common-args.resp
/Applications/Xcode-27.0.0-Release.Candidate.app/Contents/Developer/Toolchains/XcodeDefault.xctoolchain/usr/bin/clang -x c -ivfsstatcache /Users/admin/builder/spi-builder-workspace/.derivedData/SDKStatCaches.noindex/watchos27.0-24R360-e829b21a6f8c9b70876ba0858053c04477534ef55a1706bf4c1112bbb242f0a2.sdkstatcache -target arm64_32-apple-watchos9.0 -fmessage-length\=0 -fdiagnostics-show-note-include-stack -fmacro-backtrace-limit\=0 -fno-color-diagnostics -fmodules-prune-interval\=86400 -fmodules-prune-after\=345600 -fbuild-session-file\=/Users/admin/builder/spi-builder-workspace/.derivedData/ModuleCache.noindex/Session.modulevalidation -fmodules-validate-once-per-build-session -Wnon-modular-include-in-framework-module -Werror\=non-modular-include-in-framework-module -Wno-trigraphs -Wno-missing-field-initializers -Wno-missing-prototypes -Wno-return-type -Wno-missing-braces -Wparentheses -Wswitch -Wno-unused-function -Wno-unused-label -Wno-unused-parameter -Wno-unused-variable -Wunused-value -Wno-empty-body -Wno-uninitialized -Wno-unknown-pragmas -w -Wno-shadow -Wno-four-char-constants -Wno-conversion -Wno-constant-conversion -Wno-int-conversion -Wno-bool-conversion -Wno-enum-conversion -Wno-float-conversion -Wno-non-literal-null-conversion -Wno-objc-literal-conversion -Wno-shorten-64-to-32 -Wpointer-sign -Wno-newline-eof -Wno-implicit-fallthrough -isysroot /Applications/Xcode-27.0.0-Release.Candidate.app/Contents/Developer/Platforms/WatchOS.platform/Developer/SDKs/WatchOS27.0.sdk -fstrict-aliasing -Wdeprecated-declarations -Wno-sign-conversion -Wno-infinite-recursion -Wno-comma -Wno-block-capture-autoreleasing -Wno-strict-prototypes -Wno-semicolon-before-method-body -index-store-path /Users/admin/builder/spi-builder-workspace/.derivedData/Index.noindex/DataStore @/Users/admin/builder/spi-builder-workspace/.derivedData/Build/Intermediates.noindex/COpenSSL.build/Debug-watchos/COpenSSL-t.build/Objects-normal/arm64_32/7187679823f38a2a940e0043cdf9d637-common-args.resp -MMD -MT dependencies -MF /Users/admin/builder/spi-builder-workspace/.derivedData/Build/Intermediates.noindex/COpenSSL.build/Debug-watchos/COpenSSL-t.build/Objects-normal/arm64_32/mem.d --serialize-diagnostics /Users/admin/builder/spi-builder-workspace/.derivedData/Build/Intermediates.noindex/COpenSSL.build/Debug-watchos/COpenSSL-t.build/Objects-normal/arm64_32/mem.dia -c /Users/admin/builder/spi-builder-workspace/.dependencies/checkouts/Perfect-COpenSSL/COpenSSL/mem.c -o /Users/admin/builder/spi-builder-workspace/.derivedData/Build/Intermediates.noindex/COpenSSL.build/Debug-watchos/COpenSSL-t.build/Objects-normal/arm64_32/mem.o -index-unit-output-path /COpenSSL.build/Debug-watchos/COpenSSL-t.build/Objects-normal/arm64_32/mem.o
CompileC /Users/admin/builder/spi-builder-workspace/.derivedData/Build/Intermediates.noindex/COpenSSL.build/Debug-watchos/COpenSSL-t.build/Objects-normal/arm64_32/mdc2dgst.o /Users/admin/builder/spi-builder-workspace/.dependencies/checkouts/Perfect-COpenSSL/COpenSSL/mdc2dgst.c normal arm64_32 c com.apple.compilers.llvm.clang.1_0.compiler (in target 'COpenSSL' from project 'COpenSSL')
cd /Users/admin/builder/spi-builder-workspace/.swiftpm/xcode
Using response file: /Users/admin/builder/spi-builder-workspace/.derivedData/Build/Intermediates.noindex/COpenSSL.build/Debug-watchos/COpenSSL-t.build/Objects-normal/arm64_32/7187679823f38a2a940e0043cdf9d637-common-args.resp
/Applications/Xcode-27.0.0-Release.Candidate.app/Contents/Developer/Toolchains/XcodeDefault.xctoolchain/usr/bin/clang -x c -ivfsstatcache /Users/admin/builder/spi-builder-workspace/.derivedData/SDKStatCaches.noindex/watchos27.0-24R360-e829b21a6f8c9b70876ba0858053c04477534ef55a1706bf4c1112bbb242f0a2.sdkstatcache -target arm64_32-apple-watchos9.0 -fmessage-length\=0 -fdiagnostics-show-note-include-stack -fmacro-backtrace-limit\=0 -fno-color-diagnostics -fmodules-prune-interval\=86400 -fmodules-prune-after\=345600 -fbuild-session-file\=/Users/admin/builder/spi-builder-workspace/.derivedData/ModuleCache.noindex/Session.modulevalidation -fmodules-validate-once-per-build-session -Wnon-modular-include-in-framework-module -Werror\=non-modular-include-in-framework-module -Wno-trigraphs -Wno-missing-field-initializers -Wno-missing-prototypes -Wno-return-type -Wno-missing-braces -Wparentheses -Wswitch -Wno-unused-function -Wno-unused-label -Wno-unused-parameter -Wno-unused-variable -Wunused-value -Wno-empty-body -Wno-uninitialized -Wno-unknown-pragmas -w -Wno-shadow -Wno-four-char-constants -Wno-conversion -Wno-constant-conversion -Wno-int-conversion -Wno-bool-conversion -Wno-enum-conversion -Wno-float-conversion -Wno-non-literal-null-conversion -Wno-objc-literal-conversion -Wno-shorten-64-to-32 -Wpointer-sign -Wno-newline-eof -Wno-implicit-fallthrough -isysroot /Applications/Xcode-27.0.0-Release.Candidate.app/Contents/Developer/Platforms/WatchOS.platform/Developer/SDKs/WatchOS27.0.sdk -fstrict-aliasing -Wdeprecated-declarations -Wno-sign-conversion -Wno-infinite-recursion -Wno-comma -Wno-block-capture-autoreleasing -Wno-strict-prototypes -Wno-semicolon-before-method-body -index-store-path /Users/admin/builder/spi-builder-workspace/.derivedData/Index.noindex/DataStore @/Users/admin/builder/spi-builder-workspace/.derivedData/Build/Intermediates.noindex/COpenSSL.build/Debug-watchos/COpenSSL-t.build/Objects-normal/arm64_32/7187679823f38a2a940e0043cdf9d637-common-args.resp -MMD -MT dependencies -MF /Users/admin/builder/spi-builder-workspace/.derivedData/Build/Intermediates.noindex/COpenSSL.build/Debug-watchos/COpenSSL-t.build/Objects-normal/arm64_32/mdc2dgst.d --serialize-diagnostics /Users/admin/builder/spi-builder-workspace/.derivedData/Build/Intermediates.noindex/COpenSSL.build/Debug-watchos/COpenSSL-t.build/Objects-normal/arm64_32/mdc2dgst.dia -c /Users/admin/builder/spi-builder-workspace/.dependencies/checkouts/Perfect-COpenSSL/COpenSSL/mdc2dgst.c -o /Users/admin/builder/spi-builder-workspace/.derivedData/Build/Intermediates.noindex/COpenSSL.build/Debug-watchos/COpenSSL-t.build/Objects-normal/arm64_32/mdc2dgst.o -index-unit-output-path /COpenSSL.build/Debug-watchos/COpenSSL-t.build/Objects-normal/arm64_32/mdc2dgst.o
ScanDependencies /Users/admin/builder/spi-builder-workspace/.derivedData/Build/Intermediates.noindex/COpenSSL.build/Debug-watchos/COpenSSL-t.build/Objects-normal/arm64_32/mdc2_one.o /Users/admin/builder/spi-builder-workspace/.dependencies/checkouts/Perfect-COpenSSL/COpenSSL/mdc2_one.c normal arm64_32 c com.apple.compilers.llvm.clang.1_0.compiler (in target 'COpenSSL' from project 'COpenSSL')
cd /Users/admin/builder/spi-builder-workspace/.swiftpm/xcode
Using response file: /Users/admin/builder/spi-builder-workspace/.derivedData/Build/Intermediates.noindex/COpenSSL.build/Debug-watchos/COpenSSL-t.build/Objects-normal/arm64_32/7187679823f38a2a940e0043cdf9d637-common-args.resp
builtin-ScanDependencies -o /Users/admin/builder/spi-builder-workspace/.derivedData/Build/Intermediates.noindex/COpenSSL.build/Debug-watchos/COpenSSL-t.build/Objects-normal/arm64_32/mdc2_one.o.scan -- /Applications/Xcode-27.0.0-Release.Candidate.app/Contents/Developer/Toolchains/XcodeDefault.xctoolchain/usr/bin/clang -x c -ivfsstatcache /Users/admin/builder/spi-builder-workspace/.derivedData/SDKStatCaches.noindex/watchos27.0-24R360-e829b21a6f8c9b70876ba0858053c04477534ef55a1706bf4c1112bbb242f0a2.sdkstatcache -target arm64_32-apple-watchos9.0 -fmessage-length\=0 -fdiagnostics-show-note-include-stack -fmacro-backtrace-limit\=0 -fno-color-diagnostics -fmodules-prune-interval\=86400 -fmodules-prune-after\=345600 -fbuild-session-file\=/Users/admin/builder/spi-builder-workspace/.derivedData/ModuleCache.noindex/Session.modulevalidation -fmodules-validate-once-per-build-session -Wnon-modular-include-in-framework-module -Werror\=non-modular-include-in-framework-module -Wno-trigraphs -Wno-missing-field-initializers -Wno-missing-prototypes -Wno-return-type -Wno-missing-braces -Wparentheses -Wswitch -Wno-unused-function -Wno-unused-label -Wno-unused-parameter -Wno-unused-variable -Wunused-value -Wno-empty-body -Wno-uninitialized -Wno-unknown-pragmas -w -Wno-shadow -Wno-four-char-constants -Wno-conversion -Wno-constant-conversion -Wno-int-conversion -Wno-bool-conversion -Wno-enum-conversion -Wno-float-conversion -Wno-non-literal-null-conversion -Wno-objc-literal-conversion -Wno-shorten-64-to-32 -Wpointer-sign -Wno-newline-eof -Wno-implicit-fallthrough -isysroot /Applications/Xcode-27.0.0-Release.Candidate.app/Contents/Developer/Platforms/WatchOS.platform/Developer/SDKs/WatchOS27.0.sdk -fstrict-aliasing -Wdeprecated-declarations -Wno-sign-conversion -Wno-infinite-recursion -Wno-comma -Wno-block-capture-autoreleasing -Wno-strict-prototypes -Wno-semicolon-before-method-body -index-store-path /Users/admin/builder/spi-builder-workspace/.derivedData/Index.noindex/DataStore @/Users/admin/builder/spi-builder-workspace/.derivedData/Build/Intermediates.noindex/COpenSSL.build/Debug-watchos/COpenSSL-t.build/Objects-normal/arm64_32/7187679823f38a2a940e0043cdf9d637-common-args.resp -MMD -MT dependencies -MF /Users/admin/builder/spi-builder-workspace/.derivedData/Build/Intermediates.noindex/COpenSSL.build/Debug-watchos/COpenSSL-t.build/Objects-normal/arm64_32/mdc2_one.d --serialize-diagnostics /Users/admin/builder/spi-builder-workspace/.derivedData/Build/Intermediates.noindex/COpenSSL.build/Debug-watchos/COpenSSL-t.build/Objects-normal/arm64_32/mdc2_one.dia -c /Users/admin/builder/spi-builder-workspace/.dependencies/checkouts/Perfect-COpenSSL/COpenSSL/mdc2_one.c -o /Users/admin/builder/spi-builder-workspace/.derivedData/Build/Intermediates.noindex/COpenSSL.build/Debug-watchos/COpenSSL-t.build/Objects-normal/arm64_32/mdc2_one.o -index-unit-output-path /COpenSSL.build/Debug-watchos/COpenSSL-t.build/Objects-normal/arm64_32/mdc2_one.o
ScanDependencies /Users/admin/builder/spi-builder-workspace/.derivedData/Build/Intermediates.noindex/COpenSSL.build/Debug-watchos/COpenSSL-t.build/Objects-normal/arm64_32/md_rand.o /Users/admin/builder/spi-builder-workspace/.dependencies/checkouts/Perfect-COpenSSL/COpenSSL/md_rand.c normal arm64_32 c com.apple.compilers.llvm.clang.1_0.compiler (in target 'COpenSSL' from project 'COpenSSL')
cd /Users/admin/builder/spi-builder-workspace/.swiftpm/xcode
Using response file: /Users/admin/builder/spi-builder-workspace/.derivedData/Build/Intermediates.noindex/COpenSSL.build/Debug-watchos/COpenSSL-t.build/Objects-normal/arm64_32/7187679823f38a2a940e0043cdf9d637-common-args.resp
builtin-ScanDependencies -o /Users/admin/builder/spi-builder-workspace/.derivedData/Build/Intermediates.noindex/COpenSSL.build/Debug-watchos/COpenSSL-t.build/Objects-normal/arm64_32/md_rand.o.scan -- /Applications/Xcode-27.0.0-Release.Candidate.app/Contents/Developer/Toolchains/XcodeDefault.xctoolchain/usr/bin/clang -x c -ivfsstatcache /Users/admin/builder/spi-builder-workspace/.derivedData/SDKStatCaches.noindex/watchos27.0-24R360-e829b21a6f8c9b70876ba0858053c04477534ef55a1706bf4c1112bbb242f0a2.sdkstatcache -target arm64_32-apple-watchos9.0 -fmessage-length\=0 -fdiagnostics-show-note-include-stack -fmacro-backtrace-limit\=0 -fno-color-diagnostics -fmodules-prune-interval\=86400 -fmodules-prune-after\=345600 -fbuild-session-file\=/Users/admin/builder/spi-builder-workspace/.derivedData/ModuleCache.noindex/Session.modulevalidation -fmodules-validate-once-per-build-session -Wnon-modular-include-in-framework-module -Werror\=non-modular-include-in-framework-module -Wno-trigraphs -Wno-missing-field-initializers -Wno-missing-prototypes -Wno-return-type -Wno-missing-braces -Wparentheses -Wswitch -Wno-unused-function -Wno-unused-label -Wno-unused-parameter -Wno-unused-variable -Wunused-value -Wno-empty-body -Wno-uninitialized -Wno-unknown-pragmas -w -Wno-shadow -Wno-four-char-constants -Wno-conversion -Wno-constant-conversion -Wno-int-conversion -Wno-bool-conversion -Wno-enum-conversion -Wno-float-conversion -Wno-non-literal-null-conversion -Wno-objc-literal-conversion -Wno-shorten-64-to-32 -Wpointer-sign -Wno-newline-eof -Wno-implicit-fallthrough -isysroot /Applications/Xcode-27.0.0-Release.Candidate.app/Contents/Developer/Platforms/WatchOS.platform/Developer/SDKs/WatchOS27.0.sdk -fstrict-aliasing -Wdeprecated-declarations -Wno-sign-conversion -Wno-infinite-recursion -Wno-comma -Wno-block-capture-autoreleasing -Wno-strict-prototypes -Wno-semicolon-before-method-body -index-store-path /Users/admin/builder/spi-builder-workspace/.derivedData/Index.noindex/DataStore @/Users/admin/builder/spi-builder-workspace/.derivedData/Build/Intermediates.noindex/COpenSSL.build/Debug-watchos/COpenSSL-t.build/Objects-normal/arm64_32/7187679823f38a2a940e0043cdf9d637-common-args.resp -MMD -MT dependencies -MF /Users/admin/builder/spi-builder-workspace/.derivedData/Build/Intermediates.noindex/COpenSSL.build/Debug-watchos/COpenSSL-t.build/Objects-normal/arm64_32/md_rand.d --serialize-diagnostics /Users/admin/builder/spi-builder-workspace/.derivedData/Build/Intermediates.noindex/COpenSSL.build/Debug-watchos/COpenSSL-t.build/Objects-normal/arm64_32/md_rand.dia -c /Users/admin/builder/spi-builder-workspace/.dependencies/checkouts/Perfect-COpenSSL/COpenSSL/md_rand.c -o /Users/admin/builder/spi-builder-workspace/.derivedData/Build/Intermediates.noindex/COpenSSL.build/Debug-watchos/COpenSSL-t.build/Objects-normal/arm64_32/md_rand.o -index-unit-output-path /COpenSSL.build/Debug-watchos/COpenSSL-t.build/Objects-normal/arm64_32/md_rand.o
ScanDependencies /Users/admin/builder/spi-builder-workspace/.derivedData/Build/Intermediates.noindex/COpenSSL.build/Debug-watchos/COpenSSL-t.build/Objects-normal/arm64_32/md5_.o /Users/admin/builder/spi-builder-workspace/.dependencies/checkouts/Perfect-COpenSSL/COpenSSL/md5_.c normal arm64_32 c com.apple.compilers.llvm.clang.1_0.compiler (in target 'COpenSSL' from project 'COpenSSL')
cd /Users/admin/builder/spi-builder-workspace/.swiftpm/xcode
Using response file: /Users/admin/builder/spi-builder-workspace/.derivedData/Build/Intermediates.noindex/COpenSSL.build/Debug-watchos/COpenSSL-t.build/Objects-normal/arm64_32/7187679823f38a2a940e0043cdf9d637-common-args.resp
builtin-ScanDependencies -o /Users/admin/builder/spi-builder-workspace/.derivedData/Build/Intermediates.noindex/COpenSSL.build/Debug-watchos/COpenSSL-t.build/Objects-normal/arm64_32/md5_.o.scan -- /Applications/Xcode-27.0.0-Release.Candidate.app/Contents/Developer/Toolchains/XcodeDefault.xctoolchain/usr/bin/clang -x c -ivfsstatcache /Users/admin/builder/spi-builder-workspace/.derivedData/SDKStatCaches.noindex/watchos27.0-24R360-e829b21a6f8c9b70876ba0858053c04477534ef55a1706bf4c1112bbb242f0a2.sdkstatcache -target arm64_32-apple-watchos9.0 -fmessage-length\=0 -fdiagnostics-show-note-include-stack -fmacro-backtrace-limit\=0 -fno-color-diagnostics -fmodules-prune-interval\=86400 -fmodules-prune-after\=345600 -fbuild-session-file\=/Users/admin/builder/spi-builder-workspace/.derivedData/ModuleCache.noindex/Session.modulevalidation -fmodules-validate-once-per-build-session -Wnon-modular-include-in-framework-module -Werror\=non-modular-include-in-framework-module -Wno-trigraphs -Wno-missing-field-initializers -Wno-missing-prototypes -Wno-return-type -Wno-missing-braces -Wparentheses -Wswitch -Wno-unused-function -Wno-unused-label -Wno-unused-parameter -Wno-unused-variable -Wunused-value -Wno-empty-body -Wno-uninitialized -Wno-unknown-pragmas -w -Wno-shadow -Wno-four-char-constants -Wno-conversion -Wno-constant-conversion -Wno-int-conversion -Wno-bool-conversion -Wno-enum-conversion -Wno-float-conversion -Wno-non-literal-null-conversion -Wno-objc-literal-conversion -Wno-shorten-64-to-32 -Wpointer-sign -Wno-newline-eof -Wno-implicit-fallthrough -isysroot /Applications/Xcode-27.0.0-Release.Candidate.app/Contents/Developer/Platforms/WatchOS.platform/Developer/SDKs/WatchOS27.0.sdk -fstrict-aliasing -Wdeprecated-declarations -Wno-sign-conversion -Wno-infinite-recursion -Wno-comma -Wno-block-capture-autoreleasing -Wno-strict-prototypes -Wno-semicolon-before-method-body -index-store-path /Users/admin/builder/spi-builder-workspace/.derivedData/Index.noindex/DataStore @/Users/admin/builder/spi-builder-workspace/.derivedData/Build/Intermediates.noindex/COpenSSL.build/Debug-watchos/COpenSSL-t.build/Objects-normal/arm64_32/7187679823f38a2a940e0043cdf9d637-common-args.resp -MMD -MT dependencies -MF /Users/admin/builder/spi-builder-workspace/.derivedData/Build/Intermediates.noindex/COpenSSL.build/Debug-watchos/COpenSSL-t.build/Objects-normal/arm64_32/md5_.d --serialize-diagnostics /Users/admin/builder/spi-builder-workspace/.derivedData/Build/Intermediates.noindex/COpenSSL.build/Debug-watchos/COpenSSL-t.build/Objects-normal/arm64_32/md5_.dia -c /Users/admin/builder/spi-builder-workspace/.dependencies/checkouts/Perfect-COpenSSL/COpenSSL/md5_.c -o /Users/admin/builder/spi-builder-workspace/.derivedData/Build/Intermediates.noindex/COpenSSL.build/Debug-watchos/COpenSSL-t.build/Objects-normal/arm64_32/md5_.o -index-unit-output-path /COpenSSL.build/Debug-watchos/COpenSSL-t.build/Objects-normal/arm64_32/md5_.o
ScanDependencies /Users/admin/builder/spi-builder-workspace/.derivedData/Build/Intermediates.noindex/COpenSSL.build/Debug-watchos/COpenSSL-t.build/Objects-normal/arm64_32/md4_.o /Users/admin/builder/spi-builder-workspace/.dependencies/checkouts/Perfect-COpenSSL/COpenSSL/md4_.c normal arm64_32 c com.apple.compilers.llvm.clang.1_0.compiler (in target 'COpenSSL' from project 'COpenSSL')
cd /Users/admin/builder/spi-builder-workspace/.swiftpm/xcode
Using response file: /Users/admin/builder/spi-builder-workspace/.derivedData/Build/Intermediates.noindex/COpenSSL.build/Debug-watchos/COpenSSL-t.build/Objects-normal/arm64_32/7187679823f38a2a940e0043cdf9d637-common-args.resp
builtin-ScanDependencies -o /Users/admin/builder/spi-builder-workspace/.derivedData/Build/Intermediates.noindex/COpenSSL.build/Debug-watchos/COpenSSL-t.build/Objects-normal/arm64_32/md4_.o.scan -- /Applications/Xcode-27.0.0-Release.Candidate.app/Contents/Developer/Toolchains/XcodeDefault.xctoolchain/usr/bin/clang -x c -ivfsstatcache /Users/admin/builder/spi-builder-workspace/.derivedData/SDKStatCaches.noindex/watchos27.0-24R360-e829b21a6f8c9b70876ba0858053c04477534ef55a1706bf4c1112bbb242f0a2.sdkstatcache -target arm64_32-apple-watchos9.0 -fmessage-length\=0 -fdiagnostics-show-note-include-stack -fmacro-backtrace-limit\=0 -fno-color-diagnostics -fmodules-prune-interval\=86400 -fmodules-prune-after\=345600 -fbuild-session-file\=/Users/admin/builder/spi-builder-workspace/.derivedData/ModuleCache.noindex/Session.modulevalidation -fmodules-validate-once-per-build-session -Wnon-modular-include-in-framework-module -Werror\=non-modular-include-in-framework-module -Wno-trigraphs -Wno-missing-field-initializers -Wno-missing-prototypes -Wno-return-type -Wno-missing-braces -Wparentheses -Wswitch -Wno-unused-function -Wno-unused-label -Wno-unused-parameter -Wno-unused-variable -Wunused-value -Wno-empty-body -Wno-uninitialized -Wno-unknown-pragmas -w -Wno-shadow -Wno-four-char-constants -Wno-conversion -Wno-constant-conversion -Wno-int-conversion -Wno-bool-conversion -Wno-enum-conversion -Wno-float-conversion -Wno-non-literal-null-conversion -Wno-objc-literal-conversion -Wno-shorten-64-to-32 -Wpointer-sign -Wno-newline-eof -Wno-implicit-fallthrough -isysroot /Applications/Xcode-27.0.0-Release.Candidate.app/Contents/Developer/Platforms/WatchOS.platform/Developer/SDKs/WatchOS27.0.sdk -fstrict-aliasing -Wdeprecated-declarations -Wno-sign-conversion -Wno-infinite-recursion -Wno-comma -Wno-block-capture-autoreleasing -Wno-strict-prototypes -Wno-semicolon-before-method-body -index-store-path /Users/admin/builder/spi-builder-workspace/.derivedData/Index.noindex/DataStore @/Users/admin/builder/spi-builder-workspace/.derivedData/Build/Intermediates.noindex/COpenSSL.build/Debug-watchos/COpenSSL-t.build/Objects-normal/arm64_32/7187679823f38a2a940e0043cdf9d637-common-args.resp -MMD -MT dependencies -MF /Users/admin/builder/spi-builder-workspace/.derivedData/Build/Intermediates.noindex/COpenSSL.build/Debug-watchos/COpenSSL-t.build/Objects-normal/arm64_32/md4_.d --serialize-diagnostics /Users/admin/builder/spi-builder-workspace/.derivedData/Build/Intermediates.noindex/COpenSSL.build/Debug-watchos/COpenSSL-t.build/Objects-normal/arm64_32/md4_.dia -c /Users/admin/builder/spi-builder-workspace/.dependencies/checkouts/Perfect-COpenSSL/COpenSSL/md4_.c -o /Users/admin/builder/spi-builder-workspace/.derivedData/Build/Intermediates.noindex/COpenSSL.build/Debug-watchos/COpenSSL-t.build/Objects-normal/arm64_32/md4_.o -index-unit-output-path /COpenSSL.build/Debug-watchos/COpenSSL-t.build/Objects-normal/arm64_32/md4_.o
ScanDependencies /Users/admin/builder/spi-builder-workspace/.derivedData/Build/Intermediates.noindex/COpenSSL.build/Debug-watchos/COpenSSL-t.build/Objects-normal/arm64_32/m_wp.o /Users/admin/builder/spi-builder-workspace/.dependencies/checkouts/Perfect-COpenSSL/COpenSSL/m_wp.c normal arm64_32 c com.apple.compilers.llvm.clang.1_0.compiler (in target 'COpenSSL' from project 'COpenSSL')
cd /Users/admin/builder/spi-builder-workspace/.swiftpm/xcode
Using response file: /Users/admin/builder/spi-builder-workspace/.derivedData/Build/Intermediates.noindex/COpenSSL.build/Debug-watchos/COpenSSL-t.build/Objects-normal/arm64_32/7187679823f38a2a940e0043cdf9d637-common-args.resp
builtin-ScanDependencies -o /Users/admin/builder/spi-builder-workspace/.derivedData/Build/Intermediates.noindex/COpenSSL.build/Debug-watchos/COpenSSL-t.build/Objects-normal/arm64_32/m_wp.o.scan -- /Applications/Xcode-27.0.0-Release.Candidate.app/Contents/Developer/Toolchains/XcodeDefault.xctoolchain/usr/bin/clang -x c -ivfsstatcache /Users/admin/builder/spi-builder-workspace/.derivedData/SDKStatCaches.noindex/watchos27.0-24R360-e829b21a6f8c9b70876ba0858053c04477534ef55a1706bf4c1112bbb242f0a2.sdkstatcache -target arm64_32-apple-watchos9.0 -fmessage-length\=0 -fdiagnostics-show-note-include-stack -fmacro-backtrace-limit\=0 -fno-color-diagnostics -fmodules-prune-interval\=86400 -fmodules-prune-after\=345600 -fbuild-session-file\=/Users/admin/builder/spi-builder-workspace/.derivedData/ModuleCache.noindex/Session.modulevalidation -fmodules-validate-once-per-build-session -Wnon-modular-include-in-framework-module -Werror\=non-modular-include-in-framework-module -Wno-trigraphs -Wno-missing-field-initializers -Wno-missing-prototypes -Wno-return-type -Wno-missing-braces -Wparentheses -Wswitch -Wno-unused-function -Wno-unused-label -Wno-unused-parameter -Wno-unused-variable -Wunused-value -Wno-empty-body -Wno-uninitialized -Wno-unknown-pragmas -w -Wno-shadow -Wno-four-char-constants -Wno-conversion -Wno-constant-conversion -Wno-int-conversion -Wno-bool-conversion -Wno-enum-conversion -Wno-float-conversion -Wno-non-literal-null-conversion -Wno-objc-literal-conversion -Wno-shorten-64-to-32 -Wpointer-sign -Wno-newline-eof -Wno-implicit-fallthrough -isysroot /Applications/Xcode-27.0.0-Release.Candidate.app/Contents/Developer/Platforms/WatchOS.platform/Developer/SDKs/WatchOS27.0.sdk -fstrict-aliasing -Wdeprecated-declarations -Wno-sign-conversion -Wno-infinite-recursion -Wno-comma -Wno-block-capture-autoreleasing -Wno-strict-prototypes -Wno-semicolon-before-method-body -index-store-path /Users/admin/builder/spi-builder-workspace/.derivedData/Index.noindex/DataStore @/Users/admin/builder/spi-builder-workspace/.derivedData/Build/Intermediates.noindex/COpenSSL.build/Debug-watchos/COpenSSL-t.build/Objects-normal/arm64_32/7187679823f38a2a940e0043cdf9d637-common-args.resp -MMD -MT dependencies -MF /Users/admin/builder/spi-builder-workspace/.derivedData/Build/Intermediates.noindex/COpenSSL.build/Debug-watchos/COpenSSL-t.build/Objects-normal/arm64_32/m_wp.d --serialize-diagnostics /Users/admin/builder/spi-builder-workspace/.derivedData/Build/Intermediates.noindex/COpenSSL.build/Debug-watchos/COpenSSL-t.build/Objects-normal/arm64_32/m_wp.dia -c /Users/admin/builder/spi-builder-workspace/.dependencies/checkouts/Perfect-COpenSSL/COpenSSL/m_wp.c -o /Users/admin/builder/spi-builder-workspace/.derivedData/Build/Intermediates.noindex/COpenSSL.build/Debug-watchos/COpenSSL-t.build/Objects-normal/arm64_32/m_wp.o -index-unit-output-path /COpenSSL.build/Debug-watchos/COpenSSL-t.build/Objects-normal/arm64_32/m_wp.o
ScanDependencies /Users/admin/builder/spi-builder-workspace/.derivedData/Build/Intermediates.noindex/COpenSSL.build/Debug-watchos/COpenSSL-t.build/Objects-normal/arm64_32/m_sigver.o /Users/admin/builder/spi-builder-workspace/.dependencies/checkouts/Perfect-COpenSSL/COpenSSL/m_sigver.c normal arm64_32 c com.apple.compilers.llvm.clang.1_0.compiler (in target 'COpenSSL' from project 'COpenSSL')
cd /Users/admin/builder/spi-builder-workspace/.swiftpm/xcode
Using response file: /Users/admin/builder/spi-builder-workspace/.derivedData/Build/Intermediates.noindex/COpenSSL.build/Debug-watchos/COpenSSL-t.build/Objects-normal/arm64_32/7187679823f38a2a940e0043cdf9d637-common-args.resp
builtin-ScanDependencies -o /Users/admin/builder/spi-builder-workspace/.derivedData/Build/Intermediates.noindex/COpenSSL.build/Debug-watchos/COpenSSL-t.build/Objects-normal/arm64_32/m_sigver.o.scan -- /Applications/Xcode-27.0.0-Release.Candidate.app/Contents/Developer/Toolchains/XcodeDefault.xctoolchain/usr/bin/clang -x c -ivfsstatcache /Users/admin/builder/spi-builder-workspace/.derivedData/SDKStatCaches.noindex/watchos27.0-24R360-e829b21a6f8c9b70876ba0858053c04477534ef55a1706bf4c1112bbb242f0a2.sdkstatcache -target arm64_32-apple-watchos9.0 -fmessage-length\=0 -fdiagnostics-show-note-include-stack -fmacro-backtrace-limit\=0 -fno-color-diagnostics -fmodules-prune-interval\=86400 -fmodules-prune-after\=345600 -fbuild-session-file\=/Users/admin/builder/spi-builder-workspace/.derivedData/ModuleCache.noindex/Session.modulevalidation -fmodules-validate-once-per-build-session -Wnon-modular-include-in-framework-module -Werror\=non-modular-include-in-framework-module -Wno-trigraphs -Wno-missing-field-initializers -Wno-missing-prototypes -Wno-return-type -Wno-missing-braces -Wparentheses -Wswitch -Wno-unused-function -Wno-unused-label -Wno-unused-parameter -Wno-unused-variable -Wunused-value -Wno-empty-body -Wno-uninitialized -Wno-unknown-pragmas -w -Wno-shadow -Wno-four-char-constants -Wno-conversion -Wno-constant-conversion -Wno-int-conversion -Wno-bool-conversion -Wno-enum-conversion -Wno-float-conversion -Wno-non-literal-null-conversion -Wno-objc-literal-conversion -Wno-shorten-64-to-32 -Wpointer-sign -Wno-newline-eof -Wno-implicit-fallthrough -isysroot /Applications/Xcode-27.0.0-Release.Candidate.app/Contents/Developer/Platforms/WatchOS.platform/Developer/SDKs/WatchOS27.0.sdk -fstrict-aliasing -Wdeprecated-declarations -Wno-sign-conversion -Wno-infinite-recursion -Wno-comma -Wno-block-capture-autoreleasing -Wno-strict-prototypes -Wno-semicolon-before-method-body -index-store-path /Users/admin/builder/spi-builder-workspace/.derivedData/Index.noindex/DataStore @/Users/admin/builder/spi-builder-workspace/.derivedData/Build/Intermediates.noindex/COpenSSL.build/Debug-watchos/COpenSSL-t.build/Objects-normal/arm64_32/7187679823f38a2a940e0043cdf9d637-common-args.resp -MMD -MT dependencies -MF /Users/admin/builder/spi-builder-workspace/.derivedData/Build/Intermediates.noindex/COpenSSL.build/Debug-watchos/COpenSSL-t.build/Objects-normal/arm64_32/m_sigver.d --serialize-diagnostics /Users/admin/builder/spi-builder-workspace/.derivedData/Build/Intermediates.noindex/COpenSSL.build/Debug-watchos/COpenSSL-t.build/Objects-normal/arm64_32/m_sigver.dia -c /Users/admin/builder/spi-builder-workspace/.dependencies/checkouts/Perfect-COpenSSL/COpenSSL/m_sigver.c -o /Users/admin/builder/spi-builder-workspace/.derivedData/Build/Intermediates.noindex/COpenSSL.build/Debug-watchos/COpenSSL-t.build/Objects-normal/arm64_32/m_sigver.o -index-unit-output-path /COpenSSL.build/Debug-watchos/COpenSSL-t.build/Objects-normal/arm64_32/m_sigver.o
CompileC /Users/admin/builder/spi-builder-workspace/.derivedData/Build/Intermediates.noindex/COpenSSL.build/Debug-watchos/COpenSSL-t.build/Objects-normal/arm64_32/mdc2_one.o /Users/admin/builder/spi-builder-workspace/.dependencies/checkouts/Perfect-COpenSSL/COpenSSL/mdc2_one.c normal arm64_32 c com.apple.compilers.llvm.clang.1_0.compiler (in target 'COpenSSL' from project 'COpenSSL')
cd /Users/admin/builder/spi-builder-workspace/.swiftpm/xcode
Using response file: /Users/admin/builder/spi-builder-workspace/.derivedData/Build/Intermediates.noindex/COpenSSL.build/Debug-watchos/COpenSSL-t.build/Objects-normal/arm64_32/7187679823f38a2a940e0043cdf9d637-common-args.resp
/Applications/Xcode-27.0.0-Release.Candidate.app/Contents/Developer/Toolchains/XcodeDefault.xctoolchain/usr/bin/clang -x c -ivfsstatcache /Users/admin/builder/spi-builder-workspace/.derivedData/SDKStatCaches.noindex/watchos27.0-24R360-e829b21a6f8c9b70876ba0858053c04477534ef55a1706bf4c1112bbb242f0a2.sdkstatcache -target arm64_32-apple-watchos9.0 -fmessage-length\=0 -fdiagnostics-show-note-include-stack -fmacro-backtrace-limit\=0 -fno-color-diagnostics -fmodules-prune-interval\=86400 -fmodules-prune-after\=345600 -fbuild-session-file\=/Users/admin/builder/spi-builder-workspace/.derivedData/ModuleCache.noindex/Session.modulevalidation -fmodules-validate-once-per-build-session -Wnon-modular-include-in-framework-module -Werror\=non-modular-include-in-framework-module -Wno-trigraphs -Wno-missing-field-initializers -Wno-missing-prototypes -Wno-return-type -Wno-missing-braces -Wparentheses -Wswitch -Wno-unused-function -Wno-unused-label -Wno-unused-parameter -Wno-unused-variable -Wunused-value -Wno-empty-body -Wno-uninitialized -Wno-unknown-pragmas -w -Wno-shadow -Wno-four-char-constants -Wno-conversion -Wno-constant-conversion -Wno-int-conversion -Wno-bool-conversion -Wno-enum-conversion -Wno-float-conversion -Wno-non-literal-null-conversion -Wno-objc-literal-conversion -Wno-shorten-64-to-32 -Wpointer-sign -Wno-newline-eof -Wno-implicit-fallthrough -isysroot /Applications/Xcode-27.0.0-Release.Candidate.app/Contents/Developer/Platforms/WatchOS.platform/Developer/SDKs/WatchOS27.0.sdk -fstrict-aliasing -Wdeprecated-declarations -Wno-sign-conversion -Wno-infinite-recursion -Wno-comma -Wno-block-capture-autoreleasing -Wno-strict-prototypes -Wno-semicolon-before-method-body -index-store-path /Users/admin/builder/spi-builder-workspace/.derivedData/Index.noindex/DataStore @/Users/admin/builder/spi-builder-workspace/.derivedData/Build/Intermediates.noindex/COpenSSL.build/Debug-watchos/COpenSSL-t.build/Objects-normal/arm64_32/7187679823f38a2a940e0043cdf9d637-common-args.resp -MMD -MT dependencies -MF /Users/admin/builder/spi-builder-workspace/.derivedData/Build/Intermediates.noindex/COpenSSL.build/Debug-watchos/COpenSSL-t.build/Objects-normal/arm64_32/mdc2_one.d --serialize-diagnostics /Users/admin/builder/spi-builder-workspace/.derivedData/Build/Intermediates.noindex/COpenSSL.build/Debug-watchos/COpenSSL-t.build/Objects-normal/arm64_32/mdc2_one.dia -c /Users/admin/builder/spi-builder-workspace/.dependencies/checkouts/Perfect-COpenSSL/COpenSSL/mdc2_one.c -o /Users/admin/builder/spi-builder-workspace/.derivedData/Build/Intermediates.noindex/COpenSSL.build/Debug-watchos/COpenSSL-t.build/Objects-normal/arm64_32/mdc2_one.o -index-unit-output-path /COpenSSL.build/Debug-watchos/COpenSSL-t.build/Objects-normal/arm64_32/mdc2_one.o
CompileC /Users/admin/builder/spi-builder-workspace/.derivedData/Build/Intermediates.noindex/COpenSSL.build/Debug-watchos/COpenSSL-t.build/Objects-normal/arm64_32/md5_.o /Users/admin/builder/spi-builder-workspace/.dependencies/checkouts/Perfect-COpenSSL/COpenSSL/md5_.c normal arm64_32 c com.apple.compilers.llvm.clang.1_0.compiler (in target 'COpenSSL' from project 'COpenSSL')
cd /Users/admin/builder/spi-builder-workspace/.swiftpm/xcode
Using response file: /Users/admin/builder/spi-builder-workspace/.derivedData/Build/Intermediates.noindex/COpenSSL.build/Debug-watchos/COpenSSL-t.build/Objects-normal/arm64_32/7187679823f38a2a940e0043cdf9d637-common-args.resp
/Applications/Xcode-27.0.0-Release.Candidate.app/Contents/Developer/Toolchains/XcodeDefault.xctoolchain/usr/bin/clang -x c -ivfsstatcache /Users/admin/builder/spi-builder-workspace/.derivedData/SDKStatCaches.noindex/watchos27.0-24R360-e829b21a6f8c9b70876ba0858053c04477534ef55a1706bf4c1112bbb242f0a2.sdkstatcache -target arm64_32-apple-watchos9.0 -fmessage-length\=0 -fdiagnostics-show-note-include-stack -fmacro-backtrace-limit\=0 -fno-color-diagnostics -fmodules-prune-interval\=86400 -fmodules-prune-after\=345600 -fbuild-session-file\=/Users/admin/builder/spi-builder-workspace/.derivedData/ModuleCache.noindex/Session.modulevalidation -fmodules-validate-once-per-build-session -Wnon-modular-include-in-framework-module -Werror\=non-modular-include-in-framework-module -Wno-trigraphs -Wno-missing-field-initializers -Wno-missing-prototypes -Wno-return-type -Wno-missing-braces -Wparentheses -Wswitch -Wno-unused-function -Wno-unused-label -Wno-unused-parameter -Wno-unused-variable -Wunused-value -Wno-empty-body -Wno-uninitialized -Wno-unknown-pragmas -w -Wno-shadow -Wno-four-char-constants -Wno-conversion -Wno-constant-conversion -Wno-int-conversion -Wno-bool-conversion -Wno-enum-conversion -Wno-float-conversion -Wno-non-literal-null-conversion -Wno-objc-literal-conversion -Wno-shorten-64-to-32 -Wpointer-sign -Wno-newline-eof -Wno-implicit-fallthrough -isysroot /Applications/Xcode-27.0.0-Release.Candidate.app/Contents/Developer/Platforms/WatchOS.platform/Developer/SDKs/WatchOS27.0.sdk -fstrict-aliasing -Wdeprecated-declarations -Wno-sign-conversion -Wno-infinite-recursion -Wno-comma -Wno-block-capture-autoreleasing -Wno-strict-prototypes -Wno-semicolon-before-method-body -index-store-path /Users/admin/builder/spi-builder-workspace/.derivedData/Index.noindex/DataStore @/Users/admin/builder/spi-builder-workspace/.derivedData/Build/Intermediates.noindex/COpenSSL.build/Debug-watchos/COpenSSL-t.build/Objects-normal/arm64_32/7187679823f38a2a940e0043cdf9d637-common-args.resp -MMD -MT dependencies -MF /Users/admin/builder/spi-builder-workspace/.derivedData/Build/Intermediates.noindex/COpenSSL.build/Debug-watchos/COpenSSL-t.build/Objects-normal/arm64_32/md5_.d --serialize-diagnostics /Users/admin/builder/spi-builder-workspace/.derivedData/Build/Intermediates.noindex/COpenSSL.build/Debug-watchos/COpenSSL-t.build/Objects-normal/arm64_32/md5_.dia -c /Users/admin/builder/spi-builder-workspace/.dependencies/checkouts/Perfect-COpenSSL/COpenSSL/md5_.c -o /Users/admin/builder/spi-builder-workspace/.derivedData/Build/Intermediates.noindex/COpenSSL.build/Debug-watchos/COpenSSL-t.build/Objects-normal/arm64_32/md5_.o -index-unit-output-path /COpenSSL.build/Debug-watchos/COpenSSL-t.build/Objects-normal/arm64_32/md5_.o
ScanDependencies /Users/admin/builder/spi-builder-workspace/.derivedData/Build/Intermediates.noindex/COpenSSL.build/Debug-watchos/COpenSSL-t.build/Objects-normal/arm64_32/m_sha1.o /Users/admin/builder/spi-builder-workspace/.dependencies/checkouts/Perfect-COpenSSL/COpenSSL/m_sha1.c normal arm64_32 c com.apple.compilers.llvm.clang.1_0.compiler (in target 'COpenSSL' from project 'COpenSSL')
cd /Users/admin/builder/spi-builder-workspace/.swiftpm/xcode
Using response file: /Users/admin/builder/spi-builder-workspace/.derivedData/Build/Intermediates.noindex/COpenSSL.build/Debug-watchos/COpenSSL-t.build/Objects-normal/arm64_32/7187679823f38a2a940e0043cdf9d637-common-args.resp
builtin-ScanDependencies -o /Users/admin/builder/spi-builder-workspace/.derivedData/Build/Intermediates.noindex/COpenSSL.build/Debug-watchos/COpenSSL-t.build/Objects-normal/arm64_32/m_sha1.o.scan -- /Applications/Xcode-27.0.0-Release.Candidate.app/Contents/Developer/Toolchains/XcodeDefault.xctoolchain/usr/bin/clang -x c -ivfsstatcache /Users/admin/builder/spi-builder-workspace/.derivedData/SDKStatCaches.noindex/watchos27.0-24R360-e829b21a6f8c9b70876ba0858053c04477534ef55a1706bf4c1112bbb242f0a2.sdkstatcache -target arm64_32-apple-watchos9.0 -fmessage-length\=0 -fdiagnostics-show-note-include-stack -fmacro-backtrace-limit\=0 -fno-color-diagnostics -fmodules-prune-interval\=86400 -fmodules-prune-after\=345600 -fbuild-session-file\=/Users/admin/builder/spi-builder-workspace/.derivedData/ModuleCache.noindex/Session.modulevalidation -fmodules-validate-once-per-build-session -Wnon-modular-include-in-framework-module -Werror\=non-modular-include-in-framework-module -Wno-trigraphs -Wno-missing-field-initializers -Wno-missing-prototypes -Wno-return-type -Wno-missing-braces -Wparentheses -Wswitch -Wno-unused-function -Wno-unused-label -Wno-unused-parameter -Wno-unused-variable -Wunused-value -Wno-empty-body -Wno-uninitialized -Wno-unknown-pragmas -w -Wno-shadow -Wno-four-char-constants -Wno-conversion -Wno-constant-conversion -Wno-int-conversion -Wno-bool-conversion -Wno-enum-conversion -Wno-float-conversion -Wno-non-literal-null-conversion -Wno-objc-literal-conversion -Wno-shorten-64-to-32 -Wpointer-sign -Wno-newline-eof -Wno-implicit-fallthrough -isysroot /Applications/Xcode-27.0.0-Release.Candidate.app/Contents/Developer/Platforms/WatchOS.platform/Developer/SDKs/WatchOS27.0.sdk -fstrict-aliasing -Wdeprecated-declarations -Wno-sign-conversion -Wno-infinite-recursion -Wno-comma -Wno-block-capture-autoreleasing -Wno-strict-prototypes -Wno-semicolon-before-method-body -index-store-path /Users/admin/builder/spi-builder-workspace/.derivedData/Index.noindex/DataStore @/Users/admin/builder/spi-builder-workspace/.derivedData/Build/Intermediates.noindex/COpenSSL.build/Debug-watchos/COpenSSL-t.build/Objects-normal/arm64_32/7187679823f38a2a940e0043cdf9d637-common-args.resp -MMD -MT dependencies -MF /Users/admin/builder/spi-builder-workspace/.derivedData/Build/Intermediates.noindex/COpenSSL.build/Debug-watchos/COpenSSL-t.build/Objects-normal/arm64_32/m_sha1.d --serialize-diagnostics /Users/admin/builder/spi-builder-workspace/.derivedData/Build/Intermediates.noindex/COpenSSL.build/Debug-watchos/COpenSSL-t.build/Objects-normal/arm64_32/m_sha1.dia -c /Users/admin/builder/spi-builder-workspace/.dependencies/checkouts/Perfect-COpenSSL/COpenSSL/m_sha1.c -o /Users/admin/builder/spi-builder-workspace/.derivedData/Build/Intermediates.noindex/COpenSSL.build/Debug-watchos/COpenSSL-t.build/Objects-normal/arm64_32/m_sha1.o -index-unit-output-path /COpenSSL.build/Debug-watchos/COpenSSL-t.build/Objects-normal/arm64_32/m_sha1.o
CompileC /Users/admin/builder/spi-builder-workspace/.derivedData/Build/Intermediates.noindex/COpenSSL.build/Debug-watchos/COpenSSL-t.build/Objects-normal/arm64_32/md_rand.o /Users/admin/builder/spi-builder-workspace/.dependencies/checkouts/Perfect-COpenSSL/COpenSSL/md_rand.c normal arm64_32 c com.apple.compilers.llvm.clang.1_0.compiler (in target 'COpenSSL' from project 'COpenSSL')
cd /Users/admin/builder/spi-builder-workspace/.swiftpm/xcode
Using response file: /Users/admin/builder/spi-builder-workspace/.derivedData/Build/Intermediates.noindex/COpenSSL.build/Debug-watchos/COpenSSL-t.build/Objects-normal/arm64_32/7187679823f38a2a940e0043cdf9d637-common-args.resp
/Applications/Xcode-27.0.0-Release.Candidate.app/Contents/Developer/Toolchains/XcodeDefault.xctoolchain/usr/bin/clang -x c -ivfsstatcache /Users/admin/builder/spi-builder-workspace/.derivedData/SDKStatCaches.noindex/watchos27.0-24R360-e829b21a6f8c9b70876ba0858053c04477534ef55a1706bf4c1112bbb242f0a2.sdkstatcache -target arm64_32-apple-watchos9.0 -fmessage-length\=0 -fdiagnostics-show-note-include-stack -fmacro-backtrace-limit\=0 -fno-color-diagnostics -fmodules-prune-interval\=86400 -fmodules-prune-after\=345600 -fbuild-session-file\=/Users/admin/builder/spi-builder-workspace/.derivedData/ModuleCache.noindex/Session.modulevalidation -fmodules-validate-once-per-build-session -Wnon-modular-include-in-framework-module -Werror\=non-modular-include-in-framework-module -Wno-trigraphs -Wno-missing-field-initializers -Wno-missing-prototypes -Wno-return-type -Wno-missing-braces -Wparentheses -Wswitch -Wno-unused-function -Wno-unused-label -Wno-unused-parameter -Wno-unused-variable -Wunused-value -Wno-empty-body -Wno-uninitialized -Wno-unknown-pragmas -w -Wno-shadow -Wno-four-char-constants -Wno-conversion -Wno-constant-conversion -Wno-int-conversion -Wno-bool-conversion -Wno-enum-conversion -Wno-float-conversion -Wno-non-literal-null-conversion -Wno-objc-literal-conversion -Wno-shorten-64-to-32 -Wpointer-sign -Wno-newline-eof -Wno-implicit-fallthrough -isysroot /Applications/Xcode-27.0.0-Release.Candidate.app/Contents/Developer/Platforms/WatchOS.platform/Developer/SDKs/WatchOS27.0.sdk -fstrict-aliasing -Wdeprecated-declarations -Wno-sign-conversion -Wno-infinite-recursion -Wno-comma -Wno-block-capture-autoreleasing -Wno-strict-prototypes -Wno-semicolon-before-method-body -index-store-path /Users/admin/builder/spi-builder-workspace/.derivedData/Index.noindex/DataStore @/Users/admin/builder/spi-builder-workspace/.derivedData/Build/Intermediates.noindex/COpenSSL.build/Debug-watchos/COpenSSL-t.build/Objects-normal/arm64_32/7187679823f38a2a940e0043cdf9d637-common-args.resp -MMD -MT dependencies -MF /Users/admin/builder/spi-builder-workspace/.derivedData/Build/Intermediates.noindex/COpenSSL.build/Debug-watchos/COpenSSL-t.build/Objects-normal/arm64_32/md_rand.d --serialize-diagnostics /Users/admin/builder/spi-builder-workspace/.derivedData/Build/Intermediates.noindex/COpenSSL.build/Debug-watchos/COpenSSL-t.build/Objects-normal/arm64_32/md_rand.dia -c /Users/admin/builder/spi-builder-workspace/.dependencies/checkouts/Perfect-COpenSSL/COpenSSL/md_rand.c -o /Users/admin/builder/spi-builder-workspace/.derivedData/Build/Intermediates.noindex/COpenSSL.build/Debug-watchos/COpenSSL-t.build/Objects-normal/arm64_32/md_rand.o -index-unit-output-path /COpenSSL.build/Debug-watchos/COpenSSL-t.build/Objects-normal/arm64_32/md_rand.o
CompileC /Users/admin/builder/spi-builder-workspace/.derivedData/Build/Intermediates.noindex/COpenSSL.build/Debug-watchos/COpenSSL-t.build/Objects-normal/arm64_32/md4_.o /Users/admin/builder/spi-builder-workspace/.dependencies/checkouts/Perfect-COpenSSL/COpenSSL/md4_.c normal arm64_32 c com.apple.compilers.llvm.clang.1_0.compiler (in target 'COpenSSL' from project 'COpenSSL')
cd /Users/admin/builder/spi-builder-workspace/.swiftpm/xcode
Using response file: /Users/admin/builder/spi-builder-workspace/.derivedData/Build/Intermediates.noindex/COpenSSL.build/Debug-watchos/COpenSSL-t.build/Objects-normal/arm64_32/7187679823f38a2a940e0043cdf9d637-common-args.resp
/Applications/Xcode-27.0.0-Release.Candidate.app/Contents/Developer/Toolchains/XcodeDefault.xctoolchain/usr/bin/clang -x c -ivfsstatcache /Users/admin/builder/spi-builder-workspace/.derivedData/SDKStatCaches.noindex/watchos27.0-24R360-e829b21a6f8c9b70876ba0858053c04477534ef55a1706bf4c1112bbb242f0a2.sdkstatcache -target arm64_32-apple-watchos9.0 -fmessage-length\=0 -fdiagnostics-show-note-include-stack -fmacro-backtrace-limit\=0 -fno-color-diagnostics -fmodules-prune-interval\=86400 -fmodules-prune-after\=345600 -fbuild-session-file\=/Users/admin/builder/spi-builder-workspace/.derivedData/ModuleCache.noindex/Session.modulevalidation -fmodules-validate-once-per-build-session -Wnon-modular-include-in-framework-module -Werror\=non-modular-include-in-framework-module -Wno-trigraphs -Wno-missing-field-initializers -Wno-missing-prototypes -Wno-return-type -Wno-missing-braces -Wparentheses -Wswitch -Wno-unused-function -Wno-unused-label -Wno-unused-parameter -Wno-unused-variable -Wunused-value -Wno-empty-body -Wno-uninitialized -Wno-unknown-pragmas -w -Wno-shadow -Wno-four-char-constants -Wno-conversion -Wno-constant-conversion -Wno-int-conversion -Wno-bool-conversion -Wno-enum-conversion -Wno-float-conversion -Wno-non-literal-null-conversion -Wno-objc-literal-conversion -Wno-shorten-64-to-32 -Wpointer-sign -Wno-newline-eof -Wno-implicit-fallthrough -isysroot /Applications/Xcode-27.0.0-Release.Candidate.app/Contents/Developer/Platforms/WatchOS.platform/Developer/SDKs/WatchOS27.0.sdk -fstrict-aliasing -Wdeprecated-declarations -Wno-sign-conversion -Wno-infinite-recursion -Wno-comma -Wno-block-capture-autoreleasing -Wno-strict-prototypes -Wno-semicolon-before-method-body -index-store-path /Users/admin/builder/spi-builder-workspace/.derivedData/Index.noindex/DataStore @/Users/admin/builder/spi-builder-workspace/.derivedData/Build/Intermediates.noindex/COpenSSL.build/Debug-watchos/COpenSSL-t.build/Objects-normal/arm64_32/7187679823f38a2a940e0043cdf9d637-common-args.resp -MMD -MT dependencies -MF /Users/admin/builder/spi-builder-workspace/.derivedData/Build/Intermediates.noindex/COpenSSL.build/Debug-watchos/COpenSSL-t.build/Objects-normal/arm64_32/md4_.d --serialize-diagnostics /Users/admin/builder/spi-builder-workspace/.derivedData/Build/Intermediates.noindex/COpenSSL.build/Debug-watchos/COpenSSL-t.build/Objects-normal/arm64_32/md4_.dia -c /Users/admin/builder/spi-builder-workspace/.dependencies/checkouts/Perfect-COpenSSL/COpenSSL/md4_.c -o /Users/admin/builder/spi-builder-workspace/.derivedData/Build/Intermediates.noindex/COpenSSL.build/Debug-watchos/COpenSSL-t.build/Objects-normal/arm64_32/md4_.o -index-unit-output-path /COpenSSL.build/Debug-watchos/COpenSSL-t.build/Objects-normal/arm64_32/md4_.o
CompileC /Users/admin/builder/spi-builder-workspace/.derivedData/Build/Intermediates.noindex/COpenSSL.build/Debug-watchos/COpenSSL-t.build/Objects-normal/arm64_32/m_wp.o /Users/admin/builder/spi-builder-workspace/.dependencies/checkouts/Perfect-COpenSSL/COpenSSL/m_wp.c normal arm64_32 c com.apple.compilers.llvm.clang.1_0.compiler (in target 'COpenSSL' from project 'COpenSSL')
cd /Users/admin/builder/spi-builder-workspace/.swiftpm/xcode
Using response file: /Users/admin/builder/spi-builder-workspace/.derivedData/Build/Intermediates.noindex/COpenSSL.build/Debug-watchos/COpenSSL-t.build/Objects-normal/arm64_32/7187679823f38a2a940e0043cdf9d637-common-args.resp
/Applications/Xcode-27.0.0-Release.Candidate.app/Contents/Developer/Toolchains/XcodeDefault.xctoolchain/usr/bin/clang -x c -ivfsstatcache /Users/admin/builder/spi-builder-workspace/.derivedData/SDKStatCaches.noindex/watchos27.0-24R360-e829b21a6f8c9b70876ba0858053c04477534ef55a1706bf4c1112bbb242f0a2.sdkstatcache -target arm64_32-apple-watchos9.0 -fmessage-length\=0 -fdiagnostics-show-note-include-stack -fmacro-backtrace-limit\=0 -fno-color-diagnostics -fmodules-prune-interval\=86400 -fmodules-prune-after\=345600 -fbuild-session-file\=/Users/admin/builder/spi-builder-workspace/.derivedData/ModuleCache.noindex/Session.modulevalidation -fmodules-validate-once-per-build-session -Wnon-modular-include-in-framework-module -Werror\=non-modular-include-in-framework-module -Wno-trigraphs -Wno-missing-field-initializers -Wno-missing-prototypes -Wno-return-type -Wno-missing-braces -Wparentheses -Wswitch -Wno-unused-function -Wno-unused-label -Wno-unused-parameter -Wno-unused-variable -Wunused-value -Wno-empty-body -Wno-uninitialized -Wno-unknown-pragmas -w -Wno-shadow -Wno-four-char-constants -Wno-conversion -Wno-constant-conversion -Wno-int-conversion -Wno-bool-conversion -Wno-enum-conversion -Wno-float-conversion -Wno-non-literal-null-conversion -Wno-objc-literal-conversion -Wno-shorten-64-to-32 -Wpointer-sign -Wno-newline-eof -Wno-implicit-fallthrough -isysroot /Applications/Xcode-27.0.0-Release.Candidate.app/Contents/Developer/Platforms/WatchOS.platform/Developer/SDKs/WatchOS27.0.sdk -fstrict-aliasing -Wdeprecated-declarations -Wno-sign-conversion -Wno-infinite-recursion -Wno-comma -Wno-block-capture-autoreleasing -Wno-strict-prototypes -Wno-semicolon-before-method-body -index-store-path /Users/admin/builder/spi-builder-workspace/.derivedData/Index.noindex/DataStore @/Users/admin/builder/spi-builder-workspace/.derivedData/Build/Intermediates.noindex/COpenSSL.build/Debug-watchos/COpenSSL-t.build/Objects-normal/arm64_32/7187679823f38a2a940e0043cdf9d637-common-args.resp -MMD -MT dependencies -MF /Users/admin/builder/spi-builder-workspace/.derivedData/Build/Intermediates.noindex/COpenSSL.build/Debug-watchos/COpenSSL-t.build/Objects-normal/arm64_32/m_wp.d --serialize-diagnostics /Users/admin/builder/spi-builder-workspace/.derivedData/Build/Intermediates.noindex/COpenSSL.build/Debug-watchos/COpenSSL-t.build/Objects-normal/arm64_32/m_wp.dia -c /Users/admin/builder/spi-builder-workspace/.dependencies/checkouts/Perfect-COpenSSL/COpenSSL/m_wp.c -o /Users/admin/builder/spi-builder-workspace/.derivedData/Build/Intermediates.noindex/COpenSSL.build/Debug-watchos/COpenSSL-t.build/Objects-normal/arm64_32/m_wp.o -index-unit-output-path /COpenSSL.build/Debug-watchos/COpenSSL-t.build/Objects-normal/arm64_32/m_wp.o
CompileC /Users/admin/builder/spi-builder-workspace/.derivedData/Build/Intermediates.noindex/COpenSSL.build/Debug-watchos/COpenSSL-t.build/Objects-normal/arm64_32/m_sigver.o /Users/admin/builder/spi-builder-workspace/.dependencies/checkouts/Perfect-COpenSSL/COpenSSL/m_sigver.c normal arm64_32 c com.apple.compilers.llvm.clang.1_0.compiler (in target 'COpenSSL' from project 'COpenSSL')
cd /Users/admin/builder/spi-builder-workspace/.swiftpm/xcode
Using response file: /Users/admin/builder/spi-builder-workspace/.derivedData/Build/Intermediates.noindex/COpenSSL.build/Debug-watchos/COpenSSL-t.build/Objects-normal/arm64_32/7187679823f38a2a940e0043cdf9d637-common-args.resp
/Applications/Xcode-27.0.0-Release.Candidate.app/Contents/Developer/Toolchains/XcodeDefault.xctoolchain/usr/bin/clang -x c -ivfsstatcache /Users/admin/builder/spi-builder-workspace/.derivedData/SDKStatCaches.noindex/watchos27.0-24R360-e829b21a6f8c9b70876ba0858053c04477534ef55a1706bf4c1112bbb242f0a2.sdkstatcache -target arm64_32-apple-watchos9.0 -fmessage-length\=0 -fdiagnostics-show-note-include-stack -fmacro-backtrace-limit\=0 -fno-color-diagnostics -fmodules-prune-interval\=86400 -fmodules-prune-after\=345600 -fbuild-session-file\=/Users/admin/builder/spi-builder-workspace/.derivedData/ModuleCache.noindex/Session.modulevalidation -fmodules-validate-once-per-build-session -Wnon-modular-include-in-framework-module -Werror\=non-modular-include-in-framework-module -Wno-trigraphs -Wno-missing-field-initializers -Wno-missing-prototypes -Wno-return-type -Wno-missing-braces -Wparentheses -Wswitch -Wno-unused-function -Wno-unused-label -Wno-unused-parameter -Wno-unused-variable -Wunused-value -Wno-empty-body -Wno-uninitialized -Wno-unknown-pragmas -w -Wno-shadow -Wno-four-char-constants -Wno-conversion -Wno-constant-conversion -Wno-int-conversion -Wno-bool-conversion -Wno-enum-conversion -Wno-float-conversion -Wno-non-literal-null-conversion -Wno-objc-literal-conversion -Wno-shorten-64-to-32 -Wpointer-sign -Wno-newline-eof -Wno-implicit-fallthrough -isysroot /Applications/Xcode-27.0.0-Release.Candidate.app/Contents/Developer/Platforms/WatchOS.platform/Developer/SDKs/WatchOS27.0.sdk -fstrict-aliasing -Wdeprecated-declarations -Wno-sign-conversion -Wno-infinite-recursion -Wno-comma -Wno-block-capture-autoreleasing -Wno-strict-prototypes -Wno-semicolon-before-method-body -index-store-path /Users/admin/builder/spi-builder-workspace/.derivedData/Index.noindex/DataStore @/Users/admin/builder/spi-builder-workspace/.derivedData/Build/Intermediates.noindex/COpenSSL.build/Debug-watchos/COpenSSL-t.build/Objects-normal/arm64_32/7187679823f38a2a940e0043cdf9d637-common-args.resp -MMD -MT dependencies -MF /Users/admin/builder/spi-builder-workspace/.derivedData/Build/Intermediates.noindex/COpenSSL.build/Debug-watchos/COpenSSL-t.build/Objects-normal/arm64_32/m_sigver.d --serialize-diagnostics /Users/admin/builder/spi-builder-workspace/.derivedData/Build/Intermediates.noindex/COpenSSL.build/Debug-watchos/COpenSSL-t.build/Objects-normal/arm64_32/m_sigver.dia -c /Users/admin/builder/spi-builder-workspace/.dependencies/checkouts/Perfect-COpenSSL/COpenSSL/m_sigver.c -o /Users/admin/builder/spi-builder-workspace/.derivedData/Build/Intermediates.noindex/COpenSSL.build/Debug-watchos/COpenSSL-t.build/Objects-normal/arm64_32/m_sigver.o -index-unit-output-path /COpenSSL.build/Debug-watchos/COpenSSL-t.build/Objects-normal/arm64_32/m_sigver.o
CompileC /Users/admin/builder/spi-builder-workspace/.derivedData/Build/Intermediates.noindex/COpenSSL.build/Debug-watchos/COpenSSL-t.build/Objects-normal/arm64_32/m_sha1.o /Users/admin/builder/spi-builder-workspace/.dependencies/checkouts/Perfect-COpenSSL/COpenSSL/m_sha1.c normal arm64_32 c com.apple.compilers.llvm.clang.1_0.compiler (in target 'COpenSSL' from project 'COpenSSL')
cd /Users/admin/builder/spi-builder-workspace/.swiftpm/xcode
Using response file: /Users/admin/builder/spi-builder-workspace/.derivedData/Build/Intermediates.noindex/COpenSSL.build/Debug-watchos/COpenSSL-t.build/Objects-normal/arm64_32/7187679823f38a2a940e0043cdf9d637-common-args.resp
/Applications/Xcode-27.0.0-Release.Candidate.app/Contents/Developer/Toolchains/XcodeDefault.xctoolchain/usr/bin/clang -x c -ivfsstatcache /Users/admin/builder/spi-builder-workspace/.derivedData/SDKStatCaches.noindex/watchos27.0-24R360-e829b21a6f8c9b70876ba0858053c04477534ef55a1706bf4c1112bbb242f0a2.sdkstatcache -target arm64_32-apple-watchos9.0 -fmessage-length\=0 -fdiagnostics-show-note-include-stack -fmacro-backtrace-limit\=0 -fno-color-diagnostics -fmodules-prune-interval\=86400 -fmodules-prune-after\=345600 -fbuild-session-file\=/Users/admin/builder/spi-builder-workspace/.derivedData/ModuleCache.noindex/Session.modulevalidation -fmodules-validate-once-per-build-session -Wnon-modular-include-in-framework-module -Werror\=non-modular-include-in-framework-module -Wno-trigraphs -Wno-missing-field-initializers -Wno-missing-prototypes -Wno-return-type -Wno-missing-braces -Wparentheses -Wswitch -Wno-unused-function -Wno-unused-label -Wno-unused-parameter -Wno-unused-variable -Wunused-value -Wno-empty-body -Wno-uninitialized -Wno-unknown-pragmas -w -Wno-shadow -Wno-four-char-constants -Wno-conversion -Wno-constant-conversion -Wno-int-conversion -Wno-bool-conversion -Wno-enum-conversion -Wno-float-conversion -Wno-non-literal-null-conversion -Wno-objc-literal-conversion -Wno-shorten-64-to-32 -Wpointer-sign -Wno-newline-eof -Wno-implicit-fallthrough -isysroot /Applications/Xcode-27.0.0-Release.Candidate.app/Contents/Developer/Platforms/WatchOS.platform/Developer/SDKs/WatchOS27.0.sdk -fstrict-aliasing -Wdeprecated-declarations -Wno-sign-conversion -Wno-infinite-recursion -Wno-comma -Wno-block-capture-autoreleasing -Wno-strict-prototypes -Wno-semicolon-before-method-body -index-store-path /Users/admin/builder/spi-builder-workspace/.derivedData/Index.noindex/DataStore @/Users/admin/builder/spi-builder-workspace/.derivedData/Build/Intermediates.noindex/COpenSSL.build/Debug-watchos/COpenSSL-t.build/Objects-normal/arm64_32/7187679823f38a2a940e0043cdf9d637-common-args.resp -MMD -MT dependencies -MF /Users/admin/builder/spi-builder-workspace/.derivedData/Build/Intermediates.noindex/COpenSSL.build/Debug-watchos/COpenSSL-t.build/Objects-normal/arm64_32/m_sha1.d --serialize-diagnostics /Users/admin/builder/spi-builder-workspace/.derivedData/Build/Intermediates.noindex/COpenSSL.build/Debug-watchos/COpenSSL-t.build/Objects-normal/arm64_32/m_sha1.dia -c /Users/admin/builder/spi-builder-workspace/.dependencies/checkouts/Perfect-COpenSSL/COpenSSL/m_sha1.c -o /Users/admin/builder/spi-builder-workspace/.derivedData/Build/Intermediates.noindex/COpenSSL.build/Debug-watchos/COpenSSL-t.build/Objects-normal/arm64_32/m_sha1.o -index-unit-output-path /COpenSSL.build/Debug-watchos/COpenSSL-t.build/Objects-normal/arm64_32/m_sha1.o
ScanDependencies /Users/admin/builder/spi-builder-workspace/.derivedData/Build/Intermediates.noindex/COpenSSL.build/Debug-watchos/COpenSSL-t.build/Objects-normal/arm64_32/m_sha.o /Users/admin/builder/spi-builder-workspace/.dependencies/checkouts/Perfect-COpenSSL/COpenSSL/m_sha.c normal arm64_32 c com.apple.compilers.llvm.clang.1_0.compiler (in target 'COpenSSL' from project 'COpenSSL')
cd /Users/admin/builder/spi-builder-workspace/.swiftpm/xcode
Using response file: /Users/admin/builder/spi-builder-workspace/.derivedData/Build/Intermediates.noindex/COpenSSL.build/Debug-watchos/COpenSSL-t.build/Objects-normal/arm64_32/7187679823f38a2a940e0043cdf9d637-common-args.resp
builtin-ScanDependencies -o /Users/admin/builder/spi-builder-workspace/.derivedData/Build/Intermediates.noindex/COpenSSL.build/Debug-watchos/COpenSSL-t.build/Objects-normal/arm64_32/m_sha.o.scan -- /Applications/Xcode-27.0.0-Release.Candidate.app/Contents/Developer/Toolchains/XcodeDefault.xctoolchain/usr/bin/clang -x c -ivfsstatcache /Users/admin/builder/spi-builder-workspace/.derivedData/SDKStatCaches.noindex/watchos27.0-24R360-e829b21a6f8c9b70876ba0858053c04477534ef55a1706bf4c1112bbb242f0a2.sdkstatcache -target arm64_32-apple-watchos9.0 -fmessage-length\=0 -fdiagnostics-show-note-include-stack -fmacro-backtrace-limit\=0 -fno-color-diagnostics -fmodules-prune-interval\=86400 -fmodules-prune-after\=345600 -fbuild-session-file\=/Users/admin/builder/spi-builder-workspace/.derivedData/ModuleCache.noindex/Session.modulevalidation -fmodules-validate-once-per-build-session -Wnon-modular-include-in-framework-module -Werror\=non-modular-include-in-framework-module -Wno-trigraphs -Wno-missing-field-initializers -Wno-missing-prototypes -Wno-return-type -Wno-missing-braces -Wparentheses -Wswitch -Wno-unused-function -Wno-unused-label -Wno-unused-parameter -Wno-unused-variable -Wunused-value -Wno-empty-body -Wno-uninitialized -Wno-unknown-pragmas -w -Wno-shadow -Wno-four-char-constants -Wno-conversion -Wno-constant-conversion -Wno-int-conversion -Wno-bool-conversion -Wno-enum-conversion -Wno-float-conversion -Wno-non-literal-null-conversion -Wno-objc-literal-conversion -Wno-shorten-64-to-32 -Wpointer-sign -Wno-newline-eof -Wno-implicit-fallthrough -isysroot /Applications/Xcode-27.0.0-Release.Candidate.app/Contents/Developer/Platforms/WatchOS.platform/Developer/SDKs/WatchOS27.0.sdk -fstrict-aliasing -Wdeprecated-declarations -Wno-sign-conversion -Wno-infinite-recursion -Wno-comma -Wno-block-capture-autoreleasing -Wno-strict-prototypes -Wno-semicolon-before-method-body -index-store-path /Users/admin/builder/spi-builder-workspace/.derivedData/Index.noindex/DataStore @/Users/admin/builder/spi-builder-workspace/.derivedData/Build/Intermediates.noindex/COpenSSL.build/Debug-watchos/COpenSSL-t.build/Objects-normal/arm64_32/7187679823f38a2a940e0043cdf9d637-common-args.resp -MMD -MT dependencies -MF /Users/admin/builder/spi-builder-workspace/.derivedData/Build/Intermediates.noindex/COpenSSL.build/Debug-watchos/COpenSSL-t.build/Objects-normal/arm64_32/m_sha.d --serialize-diagnostics /Users/admin/builder/spi-builder-workspace/.derivedData/Build/Intermediates.noindex/COpenSSL.build/Debug-watchos/COpenSSL-t.build/Objects-normal/arm64_32/m_sha.dia -c /Users/admin/builder/spi-builder-workspace/.dependencies/checkouts/Perfect-COpenSSL/COpenSSL/m_sha.c -o /Users/admin/builder/spi-builder-workspace/.derivedData/Build/Intermediates.noindex/COpenSSL.build/Debug-watchos/COpenSSL-t.build/Objects-normal/arm64_32/m_sha.o -index-unit-output-path /COpenSSL.build/Debug-watchos/COpenSSL-t.build/Objects-normal/arm64_32/m_sha.o
ScanDependencies /Users/admin/builder/spi-builder-workspace/.derivedData/Build/Intermediates.noindex/COpenSSL.build/Debug-watchos/COpenSSL-t.build/Objects-normal/arm64_32/m_ripemd.o /Users/admin/builder/spi-builder-workspace/.dependencies/checkouts/Perfect-COpenSSL/COpenSSL/m_ripemd.c normal arm64_32 c com.apple.compilers.llvm.clang.1_0.compiler (in target 'COpenSSL' from project 'COpenSSL')
cd /Users/admin/builder/spi-builder-workspace/.swiftpm/xcode
Using response file: /Users/admin/builder/spi-builder-workspace/.derivedData/Build/Intermediates.noindex/COpenSSL.build/Debug-watchos/COpenSSL-t.build/Objects-normal/arm64_32/7187679823f38a2a940e0043cdf9d637-common-args.resp
builtin-ScanDependencies -o /Users/admin/builder/spi-builder-workspace/.derivedData/Build/Intermediates.noindex/COpenSSL.build/Debug-watchos/COpenSSL-t.build/Objects-normal/arm64_32/m_ripemd.o.scan -- /Applications/Xcode-27.0.0-Release.Candidate.app/Contents/Developer/Toolchains/XcodeDefault.xctoolchain/usr/bin/clang -x c -ivfsstatcache /Users/admin/builder/spi-builder-workspace/.derivedData/SDKStatCaches.noindex/watchos27.0-24R360-e829b21a6f8c9b70876ba0858053c04477534ef55a1706bf4c1112bbb242f0a2.sdkstatcache -target arm64_32-apple-watchos9.0 -fmessage-length\=0 -fdiagnostics-show-note-include-stack -fmacro-backtrace-limit\=0 -fno-color-diagnostics -fmodules-prune-interval\=86400 -fmodules-prune-after\=345600 -fbuild-session-file\=/Users/admin/builder/spi-builder-workspace/.derivedData/ModuleCache.noindex/Session.modulevalidation -fmodules-validate-once-per-build-session -Wnon-modular-include-in-framework-module -Werror\=non-modular-include-in-framework-module -Wno-trigraphs -Wno-missing-field-initializers -Wno-missing-prototypes -Wno-return-type -Wno-missing-braces -Wparentheses -Wswitch -Wno-unused-function -Wno-unused-label -Wno-unused-parameter -Wno-unused-variable -Wunused-value -Wno-empty-body -Wno-uninitialized -Wno-unknown-pragmas -w -Wno-shadow -Wno-four-char-constants -Wno-conversion -Wno-constant-conversion -Wno-int-conversion -Wno-bool-conversion -Wno-enum-conversion -Wno-float-conversion -Wno-non-literal-null-conversion -Wno-objc-literal-conversion -Wno-shorten-64-to-32 -Wpointer-sign -Wno-newline-eof -Wno-implicit-fallthrough -isysroot /Applications/Xcode-27.0.0-Release.Candidate.app/Contents/Developer/Platforms/WatchOS.platform/Developer/SDKs/WatchOS27.0.sdk -fstrict-aliasing -Wdeprecated-declarations -Wno-sign-conversion -Wno-infinite-recursion -Wno-comma -Wno-block-capture-autoreleasing -Wno-strict-prototypes -Wno-semicolon-before-method-body -index-store-path /Users/admin/builder/spi-builder-workspace/.derivedData/Index.noindex/DataStore @/Users/admin/builder/spi-builder-workspace/.derivedData/Build/Intermediates.noindex/COpenSSL.build/Debug-watchos/COpenSSL-t.build/Objects-normal/arm64_32/7187679823f38a2a940e0043cdf9d637-common-args.resp -MMD -MT dependencies -MF /Users/admin/builder/spi-builder-workspace/.derivedData/Build/Intermediates.noindex/COpenSSL.build/Debug-watchos/COpenSSL-t.build/Objects-normal/arm64_32/m_ripemd.d --serialize-diagnostics /Users/admin/builder/spi-builder-workspace/.derivedData/Build/Intermediates.noindex/COpenSSL.build/Debug-watchos/COpenSSL-t.build/Objects-normal/arm64_32/m_ripemd.dia -c /Users/admin/builder/spi-builder-workspace/.dependencies/checkouts/Perfect-COpenSSL/COpenSSL/m_ripemd.c -o /Users/admin/builder/spi-builder-workspace/.derivedData/Build/Intermediates.noindex/COpenSSL.build/Debug-watchos/COpenSSL-t.build/Objects-normal/arm64_32/m_ripemd.o -index-unit-output-path /COpenSSL.build/Debug-watchos/COpenSSL-t.build/Objects-normal/arm64_32/m_ripemd.o
SwiftEmitModule normal arm64 Emitting\ module\ for\ PerfectLib (in target 'PerfectLib' from project 'PerfectLib')
/Users/admin/builder/spi-builder-workspace/.dependencies/checkouts/PerfectLib/Sources/PerfectLib/SysProcess.swift:108:3: error: 'posix_spawn_file_actions_init' is unavailable in watchOS
106 | var spawnRes = 0
107 | #else
108 | posix_spawn_file_actions_init(&action);
| `- error: 'posix_spawn_file_actions_init' is unavailable in watchOS
109 | posix_spawn_file_actions_adddup2(&action, fSTDOUT[1], STDOUT_FILENO);
110 | posix_spawn_file_actions_adddup2(&action, fSTDIN[0], STDIN_FILENO);
/Applications/Xcode-27.0.0-Release.Candidate.app/Contents/Developer/Platforms/WatchOS.platform/Developer/SDKs/WatchOS27.0.sdk/usr/include/spawn.h:89:9: note: 'posix_spawn_file_actions_init' has been explicitly marked unavailable here
87 | int posix_spawn_file_actions_destroy(posix_spawn_file_actions_t *) __API_AVAILABLE(macos(10.5), ios(2.0)) __API_UNAVAILABLE(watchos, tvos);
88 |
89 | int posix_spawn_file_actions_init(posix_spawn_file_actions_t *) __API_AVAILABLE(macos(10.5), ios(2.0)) __API_UNAVAILABLE(watchos, tvos);
| `- note: 'posix_spawn_file_actions_init' has been explicitly marked unavailable here
90 |
91 | int posix_spawnattr_destroy(posix_spawnattr_t *) __API_AVAILABLE(macos(10.5), ios(2.0)) __API_UNAVAILABLE(watchos, tvos);
/Users/admin/builder/spi-builder-workspace/.dependencies/checkouts/PerfectLib/Sources/PerfectLib/SysProcess.swift:109:3: error: 'posix_spawn_file_actions_adddup2' is unavailable in watchOS
107 | #else
108 | posix_spawn_file_actions_init(&action);
109 | posix_spawn_file_actions_adddup2(&action, fSTDOUT[1], STDOUT_FILENO);
| `- error: 'posix_spawn_file_actions_adddup2' is unavailable in watchOS
110 | posix_spawn_file_actions_adddup2(&action, fSTDIN[0], STDIN_FILENO);
111 | posix_spawn_file_actions_adddup2(&action, fSTDERR[1], STDERR_FILENO);
/Applications/Xcode-27.0.0-Release.Candidate.app/Contents/Developer/Platforms/WatchOS.platform/Developer/SDKs/WatchOS27.0.sdk/usr/include/spawn.h:80:9: note: 'posix_spawn_file_actions_adddup2' has been explicitly marked unavailable here
78 | int posix_spawn_file_actions_addclose(posix_spawn_file_actions_t *, int) __API_AVAILABLE(macos(10.5), ios(2.0)) __API_UNAVAILABLE(watchos, tvos);
79 |
80 | int posix_spawn_file_actions_adddup2(posix_spawn_file_actions_t *, int,
| `- note: 'posix_spawn_file_actions_adddup2' has been explicitly marked unavailable here
81 | int) __API_AVAILABLE(macos(10.5), ios(2.0)) __API_UNAVAILABLE(watchos, tvos);
82 |
/Users/admin/builder/spi-builder-workspace/.dependencies/checkouts/PerfectLib/Sources/PerfectLib/SysProcess.swift:110:3: error: 'posix_spawn_file_actions_adddup2' is unavailable in watchOS
108 | posix_spawn_file_actions_init(&action);
109 | posix_spawn_file_actions_adddup2(&action, fSTDOUT[1], STDOUT_FILENO);
110 | posix_spawn_file_actions_adddup2(&action, fSTDIN[0], STDIN_FILENO);
| `- error: 'posix_spawn_file_actions_adddup2' is unavailable in watchOS
111 | posix_spawn_file_actions_adddup2(&action, fSTDERR[1], STDERR_FILENO);
112 |
/Applications/Xcode-27.0.0-Release.Candidate.app/Contents/Developer/Platforms/WatchOS.platform/Developer/SDKs/WatchOS27.0.sdk/usr/include/spawn.h:80:9: note: 'posix_spawn_file_actions_adddup2' has been explicitly marked unavailable here
78 | int posix_spawn_file_actions_addclose(posix_spawn_file_actions_t *, int) __API_AVAILABLE(macos(10.5), ios(2.0)) __API_UNAVAILABLE(watchos, tvos);
79 |
80 | int posix_spawn_file_actions_adddup2(posix_spawn_file_actions_t *, int,
| `- note: 'posix_spawn_file_actions_adddup2' has been explicitly marked unavailable here
81 | int) __API_AVAILABLE(macos(10.5), ios(2.0)) __API_UNAVAILABLE(watchos, tvos);
82 |
/Users/admin/builder/spi-builder-workspace/.dependencies/checkouts/PerfectLib/Sources/PerfectLib/SysProcess.swift:111:3: error: 'posix_spawn_file_actions_adddup2' is unavailable in watchOS
109 | posix_spawn_file_actions_adddup2(&action, fSTDOUT[1], STDOUT_FILENO);
110 | posix_spawn_file_actions_adddup2(&action, fSTDIN[0], STDIN_FILENO);
111 | posix_spawn_file_actions_adddup2(&action, fSTDERR[1], STDERR_FILENO);
| `- error: 'posix_spawn_file_actions_adddup2' is unavailable in watchOS
112 |
113 | posix_spawn_file_actions_addclose(&action, fSTDOUT[0]);
/Applications/Xcode-27.0.0-Release.Candidate.app/Contents/Developer/Platforms/WatchOS.platform/Developer/SDKs/WatchOS27.0.sdk/usr/include/spawn.h:80:9: note: 'posix_spawn_file_actions_adddup2' has been explicitly marked unavailable here
78 | int posix_spawn_file_actions_addclose(posix_spawn_file_actions_t *, int) __API_AVAILABLE(macos(10.5), ios(2.0)) __API_UNAVAILABLE(watchos, tvos);
79 |
80 | int posix_spawn_file_actions_adddup2(posix_spawn_file_actions_t *, int,
| `- note: 'posix_spawn_file_actions_adddup2' has been explicitly marked unavailable here
81 | int) __API_AVAILABLE(macos(10.5), ios(2.0)) __API_UNAVAILABLE(watchos, tvos);
82 |
/Users/admin/builder/spi-builder-workspace/.dependencies/checkouts/PerfectLib/Sources/PerfectLib/SysProcess.swift:113:3: error: 'posix_spawn_file_actions_addclose' is unavailable in watchOS
111 | posix_spawn_file_actions_adddup2(&action, fSTDERR[1], STDERR_FILENO);
112 |
113 | posix_spawn_file_actions_addclose(&action, fSTDOUT[0]);
| `- error: 'posix_spawn_file_actions_addclose' is unavailable in watchOS
114 | posix_spawn_file_actions_addclose(&action, fSTDIN[0]);
115 | posix_spawn_file_actions_addclose(&action, fSTDERR[0]);
/Applications/Xcode-27.0.0-Release.Candidate.app/Contents/Developer/Platforms/WatchOS.platform/Developer/SDKs/WatchOS27.0.sdk/usr/include/spawn.h:78:9: note: 'posix_spawn_file_actions_addclose' has been explicitly marked unavailable here
76 | int) __API_AVAILABLE(macos(26.0)) __API_UNAVAILABLE(ios, tvos, watchos, visionos);
77 |
78 | int posix_spawn_file_actions_addclose(posix_spawn_file_actions_t *, int) __API_AVAILABLE(macos(10.5), ios(2.0)) __API_UNAVAILABLE(watchos, tvos);
| `- note: 'posix_spawn_file_actions_addclose' has been explicitly marked unavailable here
79 |
80 | int posix_spawn_file_actions_adddup2(posix_spawn_file_actions_t *, int,
/Users/admin/builder/spi-builder-workspace/.dependencies/checkouts/PerfectLib/Sources/PerfectLib/SysProcess.swift:114:3: error: 'posix_spawn_file_actions_addclose' is unavailable in watchOS
112 |
113 | posix_spawn_file_actions_addclose(&action, fSTDOUT[0]);
114 | posix_spawn_file_actions_addclose(&action, fSTDIN[0]);
| `- error: 'posix_spawn_file_actions_addclose' is unavailable in watchOS
115 | posix_spawn_file_actions_addclose(&action, fSTDERR[0]);
116 | posix_spawn_file_actions_addclose(&action, fSTDOUT[1]);
/Applications/Xcode-27.0.0-Release.Candidate.app/Contents/Developer/Platforms/WatchOS.platform/Developer/SDKs/WatchOS27.0.sdk/usr/include/spawn.h:78:9: note: 'posix_spawn_file_actions_addclose' has been explicitly marked unavailable here
76 | int) __API_AVAILABLE(macos(26.0)) __API_UNAVAILABLE(ios, tvos, watchos, visionos);
77 |
78 | int posix_spawn_file_actions_addclose(posix_spawn_file_actions_t *, int) __API_AVAILABLE(macos(10.5), ios(2.0)) __API_UNAVAILABLE(watchos, tvos);
| `- note: 'posix_spawn_file_actions_addclose' has been explicitly marked unavailable here
79 |
80 | int posix_spawn_file_actions_adddup2(posix_spawn_file_actions_t *, int,
/Users/admin/builder/spi-builder-workspace/.dependencies/checkouts/PerfectLib/Sources/PerfectLib/SysProcess.swift:115:3: error: 'posix_spawn_file_actions_addclose' is unavailable in watchOS
113 | posix_spawn_file_actions_addclose(&action, fSTDOUT[0]);
114 | posix_spawn_file_actions_addclose(&action, fSTDIN[0]);
115 | posix_spawn_file_actions_addclose(&action, fSTDERR[0]);
| `- error: 'posix_spawn_file_actions_addclose' is unavailable in watchOS
116 | posix_spawn_file_actions_addclose(&action, fSTDOUT[1]);
117 | posix_spawn_file_actions_addclose(&action, fSTDIN[1]);
/Applications/Xcode-27.0.0-Release.Candidate.app/Contents/Developer/Platforms/WatchOS.platform/Developer/SDKs/WatchOS27.0.sdk/usr/include/spawn.h:78:9: note: 'posix_spawn_file_actions_addclose' has been explicitly marked unavailable here
76 | int) __API_AVAILABLE(macos(26.0)) __API_UNAVAILABLE(ios, tvos, watchos, visionos);
77 |
78 | int posix_spawn_file_actions_addclose(posix_spawn_file_actions_t *, int) __API_AVAILABLE(macos(10.5), ios(2.0)) __API_UNAVAILABLE(watchos, tvos);
| `- note: 'posix_spawn_file_actions_addclose' has been explicitly marked unavailable here
79 |
80 | int posix_spawn_file_actions_adddup2(posix_spawn_file_actions_t *, int,
/Users/admin/builder/spi-builder-workspace/.dependencies/checkouts/PerfectLib/Sources/PerfectLib/SysProcess.swift:116:3: error: 'posix_spawn_file_actions_addclose' is unavailable in watchOS
114 | posix_spawn_file_actions_addclose(&action, fSTDIN[0]);
115 | posix_spawn_file_actions_addclose(&action, fSTDERR[0]);
116 | posix_spawn_file_actions_addclose(&action, fSTDOUT[1]);
| `- error: 'posix_spawn_file_actions_addclose' is unavailable in watchOS
117 | posix_spawn_file_actions_addclose(&action, fSTDIN[1]);
118 | posix_spawn_file_actions_addclose(&action, fSTDERR[1]);
/Applications/Xcode-27.0.0-Release.Candidate.app/Contents/Developer/Platforms/WatchOS.platform/Developer/SDKs/WatchOS27.0.sdk/usr/include/spawn.h:78:9: note: 'posix_spawn_file_actions_addclose' has been explicitly marked unavailable here
76 | int) __API_AVAILABLE(macos(26.0)) __API_UNAVAILABLE(ios, tvos, watchos, visionos);
77 |
78 | int posix_spawn_file_actions_addclose(posix_spawn_file_actions_t *, int) __API_AVAILABLE(macos(10.5), ios(2.0)) __API_UNAVAILABLE(watchos, tvos);
| `- note: 'posix_spawn_file_actions_addclose' has been explicitly marked unavailable here
79 |
80 | int posix_spawn_file_actions_adddup2(posix_spawn_file_actions_t *, int,
/Users/admin/builder/spi-builder-workspace/.dependencies/checkouts/PerfectLib/Sources/PerfectLib/SysProcess.swift:117:3: error: 'posix_spawn_file_actions_addclose' is unavailable in watchOS
115 | posix_spawn_file_actions_addclose(&action, fSTDERR[0]);
116 | posix_spawn_file_actions_addclose(&action, fSTDOUT[1]);
117 | posix_spawn_file_actions_addclose(&action, fSTDIN[1]);
| `- error: 'posix_spawn_file_actions_addclose' is unavailable in watchOS
118 | posix_spawn_file_actions_addclose(&action, fSTDERR[1]);
119 |
/Applications/Xcode-27.0.0-Release.Candidate.app/Contents/Developer/Platforms/WatchOS.platform/Developer/SDKs/WatchOS27.0.sdk/usr/include/spawn.h:78:9: note: 'posix_spawn_file_actions_addclose' has been explicitly marked unavailable here
76 | int) __API_AVAILABLE(macos(26.0)) __API_UNAVAILABLE(ios, tvos, watchos, visionos);
77 |
78 | int posix_spawn_file_actions_addclose(posix_spawn_file_actions_t *, int) __API_AVAILABLE(macos(10.5), ios(2.0)) __API_UNAVAILABLE(watchos, tvos);
| `- note: 'posix_spawn_file_actions_addclose' has been explicitly marked unavailable here
79 |
80 | int posix_spawn_file_actions_adddup2(posix_spawn_file_actions_t *, int,
/Users/admin/builder/spi-builder-workspace/.dependencies/checkouts/PerfectLib/Sources/PerfectLib/SysProcess.swift:118:3: error: 'posix_spawn_file_actions_addclose' is unavailable in watchOS
116 | posix_spawn_file_actions_addclose(&action, fSTDOUT[1]);
117 | posix_spawn_file_actions_addclose(&action, fSTDIN[1]);
118 | posix_spawn_file_actions_addclose(&action, fSTDERR[1]);
| `- error: 'posix_spawn_file_actions_addclose' is unavailable in watchOS
119 |
120 | posix_spawnattr_init(&attr)
/Applications/Xcode-27.0.0-Release.Candidate.app/Contents/Developer/Platforms/WatchOS.platform/Developer/SDKs/WatchOS27.0.sdk/usr/include/spawn.h:78:9: note: 'posix_spawn_file_actions_addclose' has been explicitly marked unavailable here
76 | int) __API_AVAILABLE(macos(26.0)) __API_UNAVAILABLE(ios, tvos, watchos, visionos);
77 |
78 | int posix_spawn_file_actions_addclose(posix_spawn_file_actions_t *, int) __API_AVAILABLE(macos(10.5), ios(2.0)) __API_UNAVAILABLE(watchos, tvos);
| `- note: 'posix_spawn_file_actions_addclose' has been explicitly marked unavailable here
79 |
80 | int posix_spawn_file_actions_adddup2(posix_spawn_file_actions_t *, int,
/Users/admin/builder/spi-builder-workspace/.dependencies/checkouts/PerfectLib/Sources/PerfectLib/SysProcess.swift:120:3: error: 'posix_spawnattr_init' is unavailable in watchOS
118 | posix_spawn_file_actions_addclose(&action, fSTDERR[1]);
119 |
120 | posix_spawnattr_init(&attr)
| `- error: 'posix_spawnattr_init' is unavailable in watchOS
121 |
122 | if newGroup {
/Applications/Xcode-27.0.0-Release.Candidate.app/Contents/Developer/Platforms/WatchOS.platform/Developer/SDKs/WatchOS27.0.sdk/usr/include/spawn.h:105:9: note: 'posix_spawnattr_init' has been explicitly marked unavailable here
103 | sigset_t * __restrict) __API_AVAILABLE(macos(10.5), ios(2.0)) __API_UNAVAILABLE(watchos, tvos);
104 |
105 | int posix_spawnattr_init(posix_spawnattr_t *) __API_AVAILABLE(macos(10.5), ios(2.0)) __API_UNAVAILABLE(watchos, tvos);
| `- note: 'posix_spawnattr_init' has been explicitly marked unavailable here
106 |
107 | int posix_spawnattr_setsigdefault(posix_spawnattr_t * __restrict,
/Users/admin/builder/spi-builder-workspace/.dependencies/checkouts/PerfectLib/Sources/PerfectLib/SysProcess.swift:125:4: error: 'posix_spawnattr_setflags' is unavailable in watchOS
123 | // By default, all flags are unset after the init call
124 | // so no need to OR in the existing flags.
125 | posix_spawnattr_setflags(&attr, Int16(POSIX_SPAWN_SETPGROUP))
| `- error: 'posix_spawnattr_setflags' is unavailable in watchOS
126 | }
127 |
/Applications/Xcode-27.0.0-Release.Candidate.app/Contents/Developer/Platforms/WatchOS.platform/Developer/SDKs/WatchOS27.0.sdk/usr/include/spawn.h:110:9: note: 'posix_spawnattr_setflags' has been explicitly marked unavailable here
108 | const sigset_t * __restrict) __API_AVAILABLE(macos(10.5), ios(2.0)) __API_UNAVAILABLE(watchos, tvos);
109 |
110 | int posix_spawnattr_setflags(posix_spawnattr_t *, short) __API_AVAILABLE(macos(10.5), ios(2.0)) __API_UNAVAILABLE(watchos, tvos);
| `- note: 'posix_spawnattr_setflags' has been explicitly marked unavailable here
111 |
112 | int posix_spawnattr_setpgroup(posix_spawnattr_t *, pid_t) __API_AVAILABLE(macos(10.5), ios(2.0)) __API_UNAVAILABLE(watchos, tvos);
/Users/admin/builder/spi-builder-workspace/.dependencies/checkouts/PerfectLib/Sources/PerfectLib/SysProcess.swift:130:3: error: 'posix_spawn_file_actions_destroy' is unavailable in watchOS
128 | var procPid = pid_t()
129 | let spawnRes = posix_spawnp(&procPid, cmd, &action, &attr, cArgs, cEnv)
130 | posix_spawn_file_actions_destroy(&action)
| `- error: 'posix_spawn_file_actions_destroy' is unavailable in watchOS
131 | posix_spawnattr_destroy(&attr)
132 |
/Applications/Xcode-27.0.0-Release.Candidate.app/Contents/Developer/Platforms/WatchOS.platform/Developer/SDKs/WatchOS27.0.sdk/usr/include/spawn.h:87:9: note: 'posix_spawn_file_actions_destroy' has been explicitly marked unavailable here
85 | const char * __restrict, int, mode_t) __API_AVAILABLE(macos(10.5), ios(2.0)) __API_UNAVAILABLE(watchos, tvos);
86 |
87 | int posix_spawn_file_actions_destroy(posix_spawn_file_actions_t *) __API_AVAILABLE(macos(10.5), ios(2.0)) __API_UNAVAILABLE(watchos, tvos);
| `- note: 'posix_spawn_file_actions_destroy' has been explicitly marked unavailable here
88 |
89 | int posix_spawn_file_actions_init(posix_spawn_file_actions_t *) __API_AVAILABLE(macos(10.5), ios(2.0)) __API_UNAVAILABLE(watchos, tvos);
/Users/admin/builder/spi-builder-workspace/.dependencies/checkouts/PerfectLib/Sources/PerfectLib/SysProcess.swift:131:3: error: 'posix_spawnattr_destroy' is unavailable in watchOS
129 | let spawnRes = posix_spawnp(&procPid, cmd, &action, &attr, cArgs, cEnv)
130 | posix_spawn_file_actions_destroy(&action)
131 | posix_spawnattr_destroy(&attr)
| `- error: 'posix_spawnattr_destroy' is unavailable in watchOS
132 |
133 | for idx in 0..<cArgsCount {
/Applications/Xcode-27.0.0-Release.Candidate.app/Contents/Developer/Platforms/WatchOS.platform/Developer/SDKs/WatchOS27.0.sdk/usr/include/spawn.h:91:9: note: 'posix_spawnattr_destroy' has been explicitly marked unavailable here
89 | int posix_spawn_file_actions_init(posix_spawn_file_actions_t *) __API_AVAILABLE(macos(10.5), ios(2.0)) __API_UNAVAILABLE(watchos, tvos);
90 |
91 | int posix_spawnattr_destroy(posix_spawnattr_t *) __API_AVAILABLE(macos(10.5), ios(2.0)) __API_UNAVAILABLE(watchos, tvos);
| `- note: 'posix_spawnattr_destroy' has been explicitly marked unavailable here
92 |
93 | int posix_spawnattr_getsigdefault(const posix_spawnattr_t * __restrict,
Failed frontend command:
SwiftCompile normal arm64 (in target 'PerfectLib' from project 'PerfectLib')
cd /Users/admin/builder/spi-builder-workspace/.swiftpm/xcode
/Applications/Xcode-27.0.0-Release.Candidate.app/Contents/Developer/Toolchains/XcodeDefault.xctoolchain/usr/bin/swift-frontend -frontend -emit-module -experimental-skip-non-inlinable-function-bodies-without-types /Users/admin/builder/spi-builder-workspace/.dependencies/checkouts/PerfectLib/Sources/PerfectLib/Bytes.swift /Users/admin/builder/spi-builder-workspace/.dependencies/checkouts/PerfectLib/Sources/PerfectLib/Dir.swift /Users/admin/builder/spi-builder-workspace/.dependencies/checkouts/PerfectLib/Sources/PerfectLib/File.swift /Users/admin/builder/spi-builder-workspace/.dependencies/checkouts/PerfectLib/Sources/PerfectLib/JSONConvertible.swift /Users/admin/builder/spi-builder-workspace/.dependencies/checkouts/PerfectLib/Sources/PerfectLib/Log.swift /Users/admin/builder/spi-builder-workspace/.dependencies/checkouts/PerfectLib/Sources/PerfectLib/PerfectError.swift /Users/admin/builder/spi-builder-workspace/.dependencies/checkouts/PerfectLib/Sources/PerfectLib/PerfectServer.swift /Users/admin/builder/spi-builder-workspace/.dependencies/checkouts/PerfectLib/Sources/PerfectLib/SysProcess.swift /Users/admin/builder/spi-builder-workspace/.dependencies/checkouts/PerfectLib/Sources/PerfectLib/Utilities.swift -target arm64-apple-watchos9.0 -disable-cross-import-overlay-search -swift-module-cross-import Darwin /Applications/Xcode-27.0.0-Release.Candidate.app/Contents/Developer/Platforms/WatchOS.platform/Developer/SDKs/WatchOS.sdk/usr/include/Darwin.swiftcrossimport/xlocale.swiftoverlay -load-resolved-plugin /Applications/Xcode-27.0.0-Release.Candidate.app/Contents/Developer/Platforms/WatchOS.platform/Developer/usr/lib/swift/host/plugins/libFoundationMacros.dylib\#/Applications/Xcode-27.0.0-Release.Candidate.app/Contents/Developer/Platforms/WatchOS.platform/Developer/usr/bin/swift-plugin-server\#FoundationMacros -load-resolved-plugin /Applications/Xcode-27.0.0-Release.Candidate.app/Contents/Developer/Platforms/WatchOS.platform/Developer/usr/lib/swift/host/plugins/libObservationMacros.dylib\#/Applications/Xcode-27.0.0-Release.Candidate.app/Contents/Developer/Platforms/WatchOS.platform/Developer/usr/bin/swift-plugin-server\#ObservationMacros -load-resolved-plugin /Applications/Xcode-27.0.0-Release.Candidate.app/Contents/Developer/Platforms/WatchOS.platform/Developer/usr/lib/swift/host/plugins/libSwiftMacros.dylib\#/Applications/Xcode-27.0.0-Release.Candidate.app/Contents/Developer/Platforms/WatchOS.platform/Developer/usr/bin/swift-plugin-server\#SwiftMacros -disable-implicit-swift-modules -Xcc -fno-implicit-modules -Xcc -fno-implicit-module-maps -explicit-swift-module-map-file /Users/admin/builder/spi-builder-workspace/.derivedData/Build/Intermediates.noindex/PerfectLib.build/Debug-watchos/PerfectLib-t.build/Objects-normal/arm64/PerfectLib-dependencies-1.json -Xllvm -aarch64-use-tbi -enable-objc-interop -stack-check -sdk /Applications/Xcode-27.0.0-Release.Candidate.app/Contents/Developer/Platforms/WatchOS.platform/Developer/SDKs/WatchOS27.0.sdk -I /Users/admin/builder/spi-builder-workspace/.derivedData/Build/Products/Debug-watchos -Isystem /Applications/Xcode-27.0.0-Release.Candidate.app/Contents/Developer/Platforms/WatchOS.platform/Developer/usr/lib -F /Users/admin/builder/spi-builder-workspace/.derivedData/Build/Products/Debug-watchos -F /Applications/Xcode-27.0.0-Release.Candidate.app/Contents/Developer/Platforms/WatchOS.platform/Developer/Library/Frameworks -F /Applications/Xcode-27.0.0-Release.Candidate.app/Contents/Developer/Platforms/WatchOS.platform/Developer/SDKs/WatchOS27.0.sdk/Developer/Library/Frameworks -module-cache-path /Users/admin/builder/spi-builder-workspace/.derivedData/Build/Intermediates.noindex/SwiftExplicitPrecompiledModules -no-color-diagnostics -Xcc -fno-color-diagnostics -enable-testing -g -debug-info-format\=dwarf -dwarf-version\=4 -suppress-warnings -profile-generate -profile-coverage-mapping -swift-version 5 -Onone -D SWIFT_PACKAGE -D DEBUG -D SWIFT_MODULE_RESOURCE_BUNDLE_UNAVAILABLE -D Xcode -serialize-debugging-options -enable-experimental-feature DebugDescriptionMacro -empty-abi-descriptor -validate-clang-modules-once -clang-build-session-file /Users/admin/builder/spi-builder-workspace/.derivedData/ModuleCache.noindex/Session.modulevalidation -Xcc -working-directory -Xcc /Users/admin/builder/spi-builder-workspace/.swiftpm/xcode -enable-anonymous-context-mangled-names -file-compilation-dir /Users/admin/builder/spi-builder-workspace/.swiftpm/xcode -Xcc -D_LIBCPP_HARDENING_MODE\=_LIBCPP_HARDENING_MODE_DEBUG -Xcc -ivfsstatcache -Xcc /Users/admin/builder/spi-builder-workspace/.derivedData/SDKStatCaches.noindex/watchos27.0-24R360-e829b21a6f8c9b70876ba0858053c04477534ef55a1706bf4c1112bbb242f0a2.sdkstatcache -Xcc -fmodules-prune-interval\=86400 -Xcc -fmodules-prune-after\=345600 -Xcc -I/Users/admin/builder/spi-builder-workspace/.derivedData/Build/Products/Debug-watchos/include -Xcc -I/Users/admin/builder/spi-builder-workspace/.derivedData/Build/Intermediates.noindex/PerfectLib.build/Debug-watchos/PerfectLib-t.build/DerivedSources-normal/arm64 -Xcc -I/Users/admin/builder/spi-builder-workspace/.derivedData/Build/Intermediates.noindex/PerfectLib.build/Debug-watchos/PerfectLib-t.build/DerivedSources/arm64 -Xcc -I/Users/admin/builder/spi-builder-workspace/.derivedData/Build/Intermediates.noindex/PerfectLib.build/Debug-watchos/PerfectLib-t.build/DerivedSources -Xcc -DSWIFT_PACKAGE -Xcc -DDEBUG\=1 -no-auto-bridging-header-chaining -module-name PerfectLib -const-gather-protocols-file /Users/admin/builder/spi-builder-workspace/.derivedData/Build/Intermediates.noindex/PerfectLib.build/Debug-watchos/PerfectLib-t.build/Objects-normal/arm64/PerfectLib_const_extract_protocols.json -disable-clang-spi -clang-target arm64-apple-watchos27.0 -target-sdk-version 27.0 -target-sdk-name watchos27.0 -in-process-plugin-server-path /Applications/Xcode-27.0.0-Release.Candidate.app/Contents/Developer/Toolchains/XcodeDefault.xctoolchain/usr/lib/swift/host/libSwiftInProcPluginServer.dylib -emit-module-doc-path /Users/admin/builder/spi-builder-workspace/.derivedData/Build/Intermediates.noindex/PerfectLib.build/Debug-watchos/PerfectLib-t.build/Objects-normal/arm64/PerfectLib.swiftdoc -emit-module-source-info-path /Users/admin/builder/spi-builder-workspace/.derivedData/Build/Intermediates.noindex/PerfectLib.build/Debug-watchos/PerfectLib-t.build/Objects-normal/arm64/PerfectLib.swiftsourceinfo -emit-objc-header-path /Users/admin/builder/spi-builder-workspace/.derivedData/Build/Intermediates.noindex/PerfectLib.build/Debug-watchos/PerfectLib-t.build/Objects-normal/arm64/PerfectLib-Swift.h -serialize-diagnostics-path /Users/admin/builder/spi-builder-workspace/.derivedData/Build/Intermediates.noindex/PerfectLib.build/Debug-watchos/PerfectLib-t.build/Objects-normal/arm64/PerfectLib-primary-emit-module.dia -emit-dependencies-path /Users/admin/builder/spi-builder-workspace/.derivedData/Build/Intermediates.noindex/PerfectLib.build/Debug-watchos/PerfectLib-t.build/Objects-normal/arm64/PerfectLib-primary-emit-module.d -parse-as-library -o /Users/admin/builder/spi-builder-workspace/.derivedData/Build/Intermediates.noindex/PerfectLib.build/Debug-watchos/PerfectLib-t.build/Objects-normal/arm64/PerfectLib.swiftmodule -emit-abi-descriptor-path /Users/admin/builder/spi-builder-workspace/.derivedData/Build/Intermediates.noindex/PerfectLib.build/Debug-watchos/PerfectLib-t.build/Objects-normal/arm64/PerfectLib.abi.json
SwiftEmitModule normal arm64_32 Emitting\ module\ for\ PerfectLib (in target 'PerfectLib' from project 'PerfectLib')
/Users/admin/builder/spi-builder-workspace/.dependencies/checkouts/PerfectLib/Sources/PerfectLib/SysProcess.swift:108:3: error: 'posix_spawn_file_actions_init' is unavailable in watchOS
106 | var spawnRes = 0
107 | #else
108 | posix_spawn_file_actions_init(&action);
| `- error: 'posix_spawn_file_actions_init' is unavailable in watchOS
109 | posix_spawn_file_actions_adddup2(&action, fSTDOUT[1], STDOUT_FILENO);
110 | posix_spawn_file_actions_adddup2(&action, fSTDIN[0], STDIN_FILENO);
/Applications/Xcode-27.0.0-Release.Candidate.app/Contents/Developer/Platforms/WatchOS.platform/Developer/SDKs/WatchOS27.0.sdk/usr/include/spawn.h:89:9: note: 'posix_spawn_file_actions_init' has been explicitly marked unavailable here
87 | int posix_spawn_file_actions_destroy(posix_spawn_file_actions_t *) __API_AVAILABLE(macos(10.5), ios(2.0)) __API_UNAVAILABLE(watchos, tvos);
88 |
89 | int posix_spawn_file_actions_init(posix_spawn_file_actions_t *) __API_AVAILABLE(macos(10.5), ios(2.0)) __API_UNAVAILABLE(watchos, tvos);
| `- note: 'posix_spawn_file_actions_init' has been explicitly marked unavailable here
90 |
91 | int posix_spawnattr_destroy(posix_spawnattr_t *) __API_AVAILABLE(macos(10.5), ios(2.0)) __API_UNAVAILABLE(watchos, tvos);
/Users/admin/builder/spi-builder-workspace/.dependencies/checkouts/PerfectLib/Sources/PerfectLib/SysProcess.swift:109:3: error: 'posix_spawn_file_actions_adddup2' is unavailable in watchOS
107 | #else
108 | posix_spawn_file_actions_init(&action);
109 | posix_spawn_file_actions_adddup2(&action, fSTDOUT[1], STDOUT_FILENO);
| `- error: 'posix_spawn_file_actions_adddup2' is unavailable in watchOS
110 | posix_spawn_file_actions_adddup2(&action, fSTDIN[0], STDIN_FILENO);
111 | posix_spawn_file_actions_adddup2(&action, fSTDERR[1], STDERR_FILENO);
/Applications/Xcode-27.0.0-Release.Candidate.app/Contents/Developer/Platforms/WatchOS.platform/Developer/SDKs/WatchOS27.0.sdk/usr/include/spawn.h:80:9: note: 'posix_spawn_file_actions_adddup2' has been explicitly marked unavailable here
78 | int posix_spawn_file_actions_addclose(posix_spawn_file_actions_t *, int) __API_AVAILABLE(macos(10.5), ios(2.0)) __API_UNAVAILABLE(watchos, tvos);
79 |
80 | int posix_spawn_file_actions_adddup2(posix_spawn_file_actions_t *, int,
| `- note: 'posix_spawn_file_actions_adddup2' has been explicitly marked unavailable here
81 | int) __API_AVAILABLE(macos(10.5), ios(2.0)) __API_UNAVAILABLE(watchos, tvos);
82 |
/Users/admin/builder/spi-builder-workspace/.dependencies/checkouts/PerfectLib/Sources/PerfectLib/SysProcess.swift:110:3: error: 'posix_spawn_file_actions_adddup2' is unavailable in watchOS
108 | posix_spawn_file_actions_init(&action);
109 | posix_spawn_file_actions_adddup2(&action, fSTDOUT[1], STDOUT_FILENO);
110 | posix_spawn_file_actions_adddup2(&action, fSTDIN[0], STDIN_FILENO);
| `- error: 'posix_spawn_file_actions_adddup2' is unavailable in watchOS
111 | posix_spawn_file_actions_adddup2(&action, fSTDERR[1], STDERR_FILENO);
112 |
/Applications/Xcode-27.0.0-Release.Candidate.app/Contents/Developer/Platforms/WatchOS.platform/Developer/SDKs/WatchOS27.0.sdk/usr/include/spawn.h:80:9: note: 'posix_spawn_file_actions_adddup2' has been explicitly marked unavailable here
78 | int posix_spawn_file_actions_addclose(posix_spawn_file_actions_t *, int) __API_AVAILABLE(macos(10.5), ios(2.0)) __API_UNAVAILABLE(watchos, tvos);
79 |
80 | int posix_spawn_file_actions_adddup2(posix_spawn_file_actions_t *, int,
| `- note: 'posix_spawn_file_actions_adddup2' has been explicitly marked unavailable here
81 | int) __API_AVAILABLE(macos(10.5), ios(2.0)) __API_UNAVAILABLE(watchos, tvos);
82 |
/Users/admin/builder/spi-builder-workspace/.dependencies/checkouts/PerfectLib/Sources/PerfectLib/SysProcess.swift:111:3: error: 'posix_spawn_file_actions_adddup2' is unavailable in watchOS
109 | posix_spawn_file_actions_adddup2(&action, fSTDOUT[1], STDOUT_FILENO);
110 | posix_spawn_file_actions_adddup2(&action, fSTDIN[0], STDIN_FILENO);
111 | posix_spawn_file_actions_adddup2(&action, fSTDERR[1], STDERR_FILENO);
| `- error: 'posix_spawn_file_actions_adddup2' is unavailable in watchOS
112 |
113 | posix_spawn_file_actions_addclose(&action, fSTDOUT[0]);
/Applications/Xcode-27.0.0-Release.Candidate.app/Contents/Developer/Platforms/WatchOS.platform/Developer/SDKs/WatchOS27.0.sdk/usr/include/spawn.h:80:9: note: 'posix_spawn_file_actions_adddup2' has been explicitly marked unavailable here
78 | int posix_spawn_file_actions_addclose(posix_spawn_file_actions_t *, int) __API_AVAILABLE(macos(10.5), ios(2.0)) __API_UNAVAILABLE(watchos, tvos);
79 |
80 | int posix_spawn_file_actions_adddup2(posix_spawn_file_actions_t *, int,
| `- note: 'posix_spawn_file_actions_adddup2' has been explicitly marked unavailable here
81 | int) __API_AVAILABLE(macos(10.5), ios(2.0)) __API_UNAVAILABLE(watchos, tvos);
82 |
/Users/admin/builder/spi-builder-workspace/.dependencies/checkouts/PerfectLib/Sources/PerfectLib/SysProcess.swift:113:3: error: 'posix_spawn_file_actions_addclose' is unavailable in watchOS
111 | posix_spawn_file_actions_adddup2(&action, fSTDERR[1], STDERR_FILENO);
112 |
113 | posix_spawn_file_actions_addclose(&action, fSTDOUT[0]);
| `- error: 'posix_spawn_file_actions_addclose' is unavailable in watchOS
114 | posix_spawn_file_actions_addclose(&action, fSTDIN[0]);
115 | posix_spawn_file_actions_addclose(&action, fSTDERR[0]);
/Applications/Xcode-27.0.0-Release.Candidate.app/Contents/Developer/Platforms/WatchOS.platform/Developer/SDKs/WatchOS27.0.sdk/usr/include/spawn.h:78:9: note: 'posix_spawn_file_actions_addclose' has been explicitly marked unavailable here
76 | int) __API_AVAILABLE(macos(26.0)) __API_UNAVAILABLE(ios, tvos, watchos, visionos);
77 |
78 | int posix_spawn_file_actions_addclose(posix_spawn_file_actions_t *, int) __API_AVAILABLE(macos(10.5), ios(2.0)) __API_UNAVAILABLE(watchos, tvos);
| `- note: 'posix_spawn_file_actions_addclose' has been explicitly marked unavailable here
79 |
80 | int posix_spawn_file_actions_adddup2(posix_spawn_file_actions_t *, int,
/Users/admin/builder/spi-builder-workspace/.dependencies/checkouts/PerfectLib/Sources/PerfectLib/SysProcess.swift:114:3: error: 'posix_spawn_file_actions_addclose' is unavailable in watchOS
112 |
113 | posix_spawn_file_actions_addclose(&action, fSTDOUT[0]);
114 | posix_spawn_file_actions_addclose(&action, fSTDIN[0]);
| `- error: 'posix_spawn_file_actions_addclose' is unavailable in watchOS
115 | posix_spawn_file_actions_addclose(&action, fSTDERR[0]);
116 | posix_spawn_file_actions_addclose(&action, fSTDOUT[1]);
/Applications/Xcode-27.0.0-Release.Candidate.app/Contents/Developer/Platforms/WatchOS.platform/Developer/SDKs/WatchOS27.0.sdk/usr/include/spawn.h:78:9: note: 'posix_spawn_file_actions_addclose' has been explicitly marked unavailable here
76 | int) __API_AVAILABLE(macos(26.0)) __API_UNAVAILABLE(ios, tvos, watchos, visionos);
77 |
78 | int posix_spawn_file_actions_addclose(posix_spawn_file_actions_t *, int) __API_AVAILABLE(macos(10.5), ios(2.0)) __API_UNAVAILABLE(watchos, tvos);
| `- note: 'posix_spawn_file_actions_addclose' has been explicitly marked unavailable here
79 |
80 | int posix_spawn_file_actions_adddup2(posix_spawn_file_actions_t *, int,
/Users/admin/builder/spi-builder-workspace/.dependencies/checkouts/PerfectLib/Sources/PerfectLib/SysProcess.swift:115:3: error: 'posix_spawn_file_actions_addclose' is unavailable in watchOS
113 | posix_spawn_file_actions_addclose(&action, fSTDOUT[0]);
114 | posix_spawn_file_actions_addclose(&action, fSTDIN[0]);
115 | posix_spawn_file_actions_addclose(&action, fSTDERR[0]);
| `- error: 'posix_spawn_file_actions_addclose' is unavailable in watchOS
116 | posix_spawn_file_actions_addclose(&action, fSTDOUT[1]);
117 | posix_spawn_file_actions_addclose(&action, fSTDIN[1]);
/Applications/Xcode-27.0.0-Release.Candidate.app/Contents/Developer/Platforms/WatchOS.platform/Developer/SDKs/WatchOS27.0.sdk/usr/include/spawn.h:78:9: note: 'posix_spawn_file_actions_addclose' has been explicitly marked unavailable here
76 | int) __API_AVAILABLE(macos(26.0)) __API_UNAVAILABLE(ios, tvos, watchos, visionos);
77 |
78 | int posix_spawn_file_actions_addclose(posix_spawn_file_actions_t *, int) __API_AVAILABLE(macos(10.5), ios(2.0)) __API_UNAVAILABLE(watchos, tvos);
| `- note: 'posix_spawn_file_actions_addclose' has been explicitly marked unavailable here
79 |
80 | int posix_spawn_file_actions_adddup2(posix_spawn_file_actions_t *, int,
/Users/admin/builder/spi-builder-workspace/.dependencies/checkouts/PerfectLib/Sources/PerfectLib/SysProcess.swift:116:3: error: 'posix_spawn_file_actions_addclose' is unavailable in watchOS
114 | posix_spawn_file_actions_addclose(&action, fSTDIN[0]);
115 | posix_spawn_file_actions_addclose(&action, fSTDERR[0]);
116 | posix_spawn_file_actions_addclose(&action
, fSTDOUT[1]);
| `- error: 'posix_spawn_file_actions_addclose' is unavailable in watchOS
117 | posix_spawn_file_actions_addclose(&action, fSTDIN[1]);
118 | posix_spawn_file_actions_addclose(&action, fSTDERR[1]);
/Applications/Xcode-27.0.0-Release.Candidate.app/Contents/Developer/Platforms/WatchOS.platform/Developer/SDKs/WatchOS27.0.sdk/usr/include/spawn.h:78:9: note: 'posix_spawn_file_actions_addclose' has been explicitly marked unavailable here
76 | int) __API_AVAILABLE(macos(26.0)) __API_UNAVAILABLE(ios, tvos, watchos, visionos);
77 |
78 | int posix_spawn_file_actions_addclose(posix_spawn_file_actions_t *, int) __API_AVAILABLE(macos(10.5), ios(2.0)) __API_UNAVAILABLE(watchos, tvos);
| `- note: 'posix_spawn_file_actions_addclose' has been explicitly marked unavailable here
79 |
80 | int posix_spawn_file_actions_adddup2(posix_spawn_file_actions_t *, int,
/Users/admin/builder/spi-builder-workspace/.dependencies/checkouts/PerfectLib/Sources/PerfectLib/SysProcess.swift:117:3: error: 'posix_spawn_file_actions_addclose' is unavailable in watchOS
115 | posix_spawn_file_actions_addclose(&action, fSTDERR[0]);
116 | posix_spawn_file_actions_addclose(&action, fSTDOUT[1]);
117 | posix_spawn_file_actions_addclose(&action, fSTDIN[1]);
| `- error: 'posix_spawn_file_actions_addclose' is unavailable in watchOS
118 | posix_spawn_file_actions_addclose(&action, fSTDERR[1]);
119 |
/Applications/Xcode-27.0.0-Release.Candidate.app/Contents/Developer/Platforms/WatchOS.platform/Developer/SDKs/WatchOS27.0.sdk/usr/include/spawn.h:78:9: note: 'posix_spawn_file_actions_addclose' has been explicitly marked unavailable here
76 | int) __API_AVAILABLE(macos(26.0)) __API_UNAVAILABLE(ios, tvos, watchos, visionos);
77 |
78 | int posix_spawn_file_actions_addclose(posix_spawn_file_actions_t *, int) __API_AVAILABLE(macos(10.5), ios(2.0)) __API_UNAVAILABLE(watchos, tvos);
| `- note: 'posix_spawn_file_actions_addclose' has been explicitly marked unavailable here
79 |
80 | int posix_spawn_file_actions_adddup2(posix_spawn_file_actions_t *, int,
/Users/admin/builder/spi-builder-workspace/.dependencies/checkouts/PerfectLib/Sources/PerfectLib/SysProcess.swift:118:3: error: 'posix_spawn_file_actions_addclose' is unavailable in watchOS
116 | posix_spawn_file_actions_addclose(&action, fSTDOUT[1]);
117 | posix_spawn_file_actions_addclose(&action, fSTDIN[1]);
118 | posix_spawn_file_actions_addclose(&action, fSTDERR[1]);
| `- error: 'posix_spawn_file_actions_addclose' is unavailable in watchOS
119 |
120 | posix_spawnattr_init(&attr)
/Applications/Xcode-27.0.0-Release.Candidate.app/Contents/Developer/Platforms/WatchOS.platform/Developer/SDKs/WatchOS27.0.sdk/usr/include/spawn.h:78:9: note: 'posix_spawn_file_actions_addclose' has been explicitly marked unavailable here
76 | int) __API_AVAILABLE(macos(26.0)) __API_UNAVAILABLE(ios, tvos, watchos, visionos);
77 |
78 | int posix_spawn_file_actions_addclose(posix_spawn_file_actions_t *, int) __API_AVAILABLE(macos(10.5), ios(2.0)) __API_UNAVAILABLE(watchos, tvos);
| `- note: 'posix_spawn_file_actions_addclose' has been explicitly marked unavailable here
79 |
80 | int posix_spawn_file_actions_adddup2(posix_spawn_file_actions_t *, int,
/Users/admin/builder/spi-builder-workspace/.dependencies/checkouts/PerfectLib/Sources/PerfectLib/SysProcess.swift:120:3: error: 'posix_spawnattr_init' is unavailable in watchOS
118 | posix_spawn_file_actions_addclose(&action, fSTDERR[1]);
119 |
120 | posix_spawnattr_init(&attr)
| `- error: 'posix_spawnattr_init' is unavailable in watchOS
121 |
122 | if newGroup {
/Applications/Xcode-27.0.0-Release.Candidate.app/Contents/Developer/Platforms/WatchOS.platform/Developer/SDKs/WatchOS27.0.sdk/usr/include/spawn.h:105:9: note: 'posix_spawnattr_init' has been explicitly marked unavailable here
103 | sigset_t * __restrict) __API_AVAILABLE(macos(10.5), ios(2.0)) __API_UNAVAILABLE(watchos, tvos);
104 |
105 | int posix_spawnattr_init(posix_spawnattr_t *) __API_AVAILABLE(macos(10.5), ios(2.0)) __API_UNAVAILABLE(watchos, tvos);
| `- note: 'posix_spawnattr_init' has been explicitly marked unavailable here
106 |
107 | int posix_spawnattr_setsigdefault(posix_spawnattr_t * __restrict,
/Users/admin/builder/spi-builder-workspace/.dependencies/checkouts/PerfectLib/Sources/PerfectLib/SysProcess.swift:125:4: error: 'posix_spawnattr_setflags' is unavailable in watchOS
123 | // By default, all flags are unset after the init call
124 | // so no need to OR in the existing flags.
125 | posix_spawnattr_setflags(&attr, Int16(POSIX_SPAWN_SETPGROUP))
| `- error: 'posix_spawnattr_setflags' is unavailable in watchOS
126 | }
127 |
/Applications/Xcode-27.0.0-Release.Candidate.app/Contents/Developer/Platforms/WatchOS.platform/Developer/SDKs/WatchOS27.0.sdk/usr/include/spawn.h:110:9: note: 'posix_spawnattr_setflags' has been explicitly marked unavailable here
108 | const sigset_t * __restrict) __API_AVAILABLE(macos(10.5), ios(2.0)) __API_UNAVAILABLE(watchos, tvos);
109 |
110 | int posix_spawnattr_setflags(posix_spawnattr_t *, short) __API_AVAILABLE(macos(10.5), ios(2.0)) __API_UNAVAILABLE(watchos, tvos);
| `- note: 'posix_spawnattr_setflags' has been explicitly marked unavailable here
111 |
112 | int posix_spawnattr_setpgroup(posix_spawnattr_t *, pid_t) __API_AVAILABLE(macos(10.5), ios(2.0)) __API_UNAVAILABLE(watchos, tvos);
/Users/admin/builder/spi-builder-workspace/.dependencies/checkouts/PerfectLib/Sources/PerfectLib/SysProcess.swift:130:3: error: 'posix_spawn_file_actions_destroy' is unavailable in watchOS
128 | var procPid = pid_t()
129 | let spawnRes = posix_spawnp(&procPid, cmd, &action, &attr, cArgs, cEnv)
130 | posix_spawn_file_actions_destroy(&action)
| `- error: 'posix_spawn_file_actions_destroy' is unavailable in watchOS
131 | posix_spawnattr_destroy(&attr)
132 |
/Applications/Xcode-27.0.0-Release.Candidate.app/Contents/Developer/Platforms/WatchOS.platform/Developer/SDKs/WatchOS27.0.sdk/usr/include/spawn.h:87:9: note: 'posix_spawn_file_actions_destroy' has been explicitly marked unavailable here
85 | const char * __restrict, int, mode_t) __API_AVAILABLE(macos(10.5), ios(2.0)) __API_UNAVAILABLE(watchos, tvos);
86 |
87 | int posix_spawn_file_actions_destroy(posix_spawn_file_actions_t *) __API_AVAILABLE(macos(10.5), ios(2.0)) __API_UNAVAILABLE(watchos, tvos);
| `- note: 'posix_spawn_file_actions_destroy' has been explicitly marked unavailable here
88 |
89 | int posix_spawn_file_actions_init(posix_spawn_file_actions_t *) __API_AVAILABLE(macos(10.5), ios(2.0)) __API_UNAVAILABLE(watchos, tvos);
/Users/admin/builder/spi-builder-workspace/.dependencies/checkouts/PerfectLib/Sources/PerfectLib/SysProcess.swift:131:3: error: 'posix_spawnattr_destroy' is unavailable in watchOS
129 | let spawnRes = posix_spawnp(&procPid, cmd, &action, &attr, cArgs, cEnv)
130 | posix_spawn_file_actions_destroy(&action)
131 | posix_spawnattr_destroy(&attr)
| `- error: 'posix_spawnattr_destroy' is unavailable in watchOS
132 |
133 | for idx in 0..<cArgsCount {
/Applications/Xcode-27.0.0-Release.Candidate.app/Contents/Developer/Platforms/WatchOS.platform/Developer/SDKs/WatchOS27.0.sdk/usr/include/spawn.h:91:9: note: 'posix_spawnattr_destroy' has been explicitly marked unavailable here
89 | int posix_spawn_file_actions_init(posix_spawn_file_actions_t *) __API_AVAILABLE(macos(10.5), ios(2.0)) __API_UNAVAILABLE(watchos, tvos);
90 |
91 | int posix_spawnattr_destroy(posix_spawnattr_t *) __API_AVAILABLE(macos(10.5), ios(2.0)) __API_UNAVAILABLE(watchos, tvos);
| `- note: 'posix_spawnattr_destroy' has been explicitly marked unavailable here
92 |
93 | int posix_spawnattr_getsigdefault(const posix_spawnattr_t * __restrict,
Failed frontend command:
SwiftCompile normal arm64_32 (in target 'PerfectLib' from project 'PerfectLib')
cd /Users/admin/builder/spi-builder-workspace/.swiftpm/xcode
/Applications/Xcode-27.0.0-Release.Candidate.app/Contents/Developer/Toolchains/XcodeDefault.xctoolchain/usr/bin/swift-frontend -frontend -emit-module -experimental-skip-non-inlinable-function-bodies-without-types /Users/admin/builder/spi-builder-workspace/.dependencies/checkouts/PerfectLib/Sources/PerfectLib/Bytes.swift /Users/admin/builder/spi-builder-workspace/.dependencies/checkouts/PerfectLib/Sources/PerfectLib/Dir.swift /Users/admin/builder/spi-builder-workspace/.dependencies/checkouts/PerfectLib/Sources/PerfectLib/File.swift /Users/admin/builder/spi-builder-workspace/.dependencies/checkouts/PerfectLib/Sources/PerfectLib/JSONConvertible.swift /Users/admin/builder/spi-builder-workspace/.dependencies/checkouts/PerfectLib/Sources/PerfectLib/Log.swift /Users/admin/builder/spi-builder-workspace/.dependencies/checkouts/PerfectLib/Sources/PerfectLib/PerfectError.swift /Users/admin/builder/spi-builder-workspace/.dependencies/checkouts/PerfectLib/Sources/PerfectLib/PerfectServer.swift /Users/admin/builder/spi-builder-workspace/.dependencies/checkouts/PerfectLib/Sources/PerfectLib/SysProcess.swift /Users/admin/builder/spi-builder-workspace/.dependencies/checkouts/PerfectLib/Sources/PerfectLib/Utilities.swift -target arm64_32-apple-watchos9.0 -disable-cross-import-overlay-search -swift-module-cross-import Darwin /Applications/Xcode-27.0.0-Release.Candidate.app/Contents/Developer/Platforms/WatchOS.platform/Developer/SDKs/WatchOS.sdk/usr/include/Darwin.swiftcrossimport/xlocale.swiftoverlay -load-resolved-plugin /Applications/Xcode-27.0.0-Release.Candidate.app/Contents/Developer/Platforms/WatchOS.platform/Developer/usr/lib/swift/host/plugins/libFoundationMacros.dylib\#/Applications/Xcode-27.0.0-Release.Candidate.app/Contents/Developer/Platforms/WatchOS.platform/Developer/usr/bin/swift-plugin-server\#FoundationMacros -load-resolved-plugin /Applications/Xcode-27.0.0-Release.Candidate.app/Contents/Developer/Platforms/WatchOS.platform/Developer/usr/lib/swift/host/plugins/libObservationMacros.dylib\#/Applications/Xcode-27.0.0-Release.Candidate.app/Contents/Developer/Platforms/WatchOS.platform/Developer/usr/bin/swift-plugin-server\#ObservationMacros -load-resolved-plugin /Applications/Xcode-27.0.0-Release.Candidate.app/Contents/Developer/Platforms/WatchOS.platform/Developer/usr/lib/swift/host/plugins/libSwiftMacros.dylib\#/Applications/Xcode-27.0.0-Release.Candidate.app/Contents/Developer/Platforms/WatchOS.platform/Developer/usr/bin/swift-plugin-server\#SwiftMacros -disable-implicit-swift-modules -Xcc -fno-implicit-modules -Xcc -fno-implicit-module-maps -explicit-swift-module-map-file /Users/admin/builder/spi-builder-workspace/.derivedData/Build/Intermediates.noindex/PerfectLib.build/Debug-watchos/PerfectLib-t.build/Objects-normal/arm64_32/PerfectLib-dependencies-2.json -enable-objc-interop -sdk /Applications/Xcode-27.0.0-Release.Candidate.app/Contents/Developer/Platforms/WatchOS.platform/Developer/SDKs/WatchOS27.0.sdk -I /Users/admin/builder/spi-builder-workspace/.derivedData/Build/Products/Debug-watchos -Isystem /Applications/Xcode-27.0.0-Release.Candidate.app/Contents/Developer/Platforms/WatchOS.platform/Developer/usr/lib -F /Users/admin/builder/spi-builder-workspace/.derivedData/Build/Products/Debug-watchos -F /Applications/Xcode-27.0.0-Release.Candidate.app/Contents/Developer/Platforms/WatchOS.platform/Developer/Library/Frameworks -F /Applications/Xcode-27.0.0-Release.Candidate.app/Contents/Developer/Platforms/WatchOS.platform/Developer/SDKs/WatchOS27.0.sdk/Developer/Library/Frameworks -module-cache-path /Users/admin/builder/spi-builder-workspace/.derivedData/Build/Intermediates.noindex/SwiftExplicitPrecompiledModules -no-color-diagnostics -Xcc -fno-color-diagnostics -enable-testing -g -debug-info-format\=dwarf -dwarf-version\=4 -suppress-warnings -profile-generate -profile-coverage-mapping -swift-version 5 -Onone -D SWIFT_PACKAGE -D DEBUG -D SWIFT_MODULE_RESOURCE_BUNDLE_UNAVAILABLE -D Xcode -serialize-debugging-options -enable-experimental-feature DebugDescriptionMacro -empty-abi-descriptor -validate-clang-modules-once -clang-build-session-file /Users/admin/builder/spi-builder-workspace/.derivedData/ModuleCache.noindex/Session.modulevalidation -Xcc -working-directory -Xcc /Users/admin/builder/spi-builder-workspace/.swiftpm/xcode -enable-anonymous-context-mangled-names -file-compilation-dir /Users/admin/builder/spi-builder-workspace/.swiftpm/xcode -Xcc -D_LIBCPP_HARDENING_MODE\=_LIBCPP_HARDENING_MODE_DEBUG -Xcc -ivfsstatcache -Xcc /Users/admin/builder/spi-builder-workspace/.derivedData/SDKStatCaches.noindex/watchos27.0-24R360-e829b21a6f8c9b70876ba0858053c04477534ef55a1706bf4c1112bbb242f0a2.sdkstatcache -Xcc -fmodules-prune-interval\=86400 -Xcc -fmodules-prune-after\=345600 -Xcc -I/Users/admin/builder/spi-builder-workspace/.derivedData/Build/Products/Debug-watchos/include -Xcc -I/Users/admin/builder/spi-builder-workspace/.derivedData/Build/Intermediates.noindex/PerfectLib.build/Debug-watchos/PerfectLib-t.build/DerivedSources-normal/arm64_32 -Xcc -I/Users/admin/builder/spi-builder-workspace/.derivedData/Build/Intermediates.noindex/PerfectLib.build/Debug-watchos/PerfectLib-t.build/DerivedSources/arm64_32 -Xcc -I/Users/admin/builder/spi-builder-workspace/.derivedData/Build/Intermediates.noindex/PerfectLib.build/Debug-watchos/PerfectLib-t.build/DerivedSources -Xcc -DSWIFT_PACKAGE -Xcc -DDEBUG\=1 -no-auto-bridging-header-chaining -module-name PerfectLib -const-gather-protocols-file /Users/admin/builder/spi-builder-workspace/.derivedData/Build/Intermediates.noindex/PerfectLib.build/Debug-watchos/PerfectLib-t.build/Objects-normal/arm64_32/PerfectLib_const_extract_protocols.json -disable-clang-spi -clang-target arm64_32-apple-watchos27.0 -target-sdk-version 27.0 -target-sdk-name watchos27.0 -in-process-plugin-server-path /Applications/Xcode-27.0.0-Release.Candidate.app/Contents/Developer/Toolchains/XcodeDefault.xctoolchain/usr/lib/swift/host/libSwiftInProcPluginServer.dylib -emit-module-doc-path /Users/admin/builder/spi-builder-workspace/.derivedData/Build/Intermediates.noindex/PerfectLib.build/Debug-watchos/PerfectLib-t.build/Objects-normal/arm64_32/PerfectLib.swiftdoc -emit-module-source-info-path /Users/admin/builder/spi-builder-workspace/.derivedData/Build/Intermediates.noindex/PerfectLib.build/Debug-watchos/PerfectLib-t.build/Objects-normal/arm64_32/PerfectLib.swiftsourceinfo -emit-objc-header-path /Users/admin/builder/spi-builder-workspace/.derivedData/Build/Intermediates.noindex/PerfectLib.build/Debug-watchos/PerfectLib-t.build/Objects-normal/arm64_32/PerfectLib-Swift.h -serialize-diagnostics-path /Users/admin/builder/spi-builder-workspace/.derivedData/Build/Intermediates.noindex/PerfectLib.build/Debug-watchos/PerfectLib-t.build/Objects-normal/arm64_32/PerfectLib-primary-emit-module.dia -emit-dependencies-path /Users/admin/builder/spi-builder-workspace/.derivedData/Build/Intermediates.noindex/PerfectLib.build/Debug-watchos/PerfectLib-t.build/Objects-normal/arm64_32/PerfectLib-primary-emit-module.d -parse-as-library -o /Users/admin/builder/spi-builder-workspace/.derivedData/Build/Intermediates.noindex/PerfectLib.build/Debug-watchos/PerfectLib-t.build/Objects-normal/arm64_32/PerfectLib.swiftmodule -emit-abi-descriptor-path /Users/admin/builder/spi-builder-workspace/.derivedData/Build/Intermediates.noindex/PerfectLib.build/Debug-watchos/PerfectLib-t.build/Objects-normal/arm64_32/PerfectLib.abi.json
CompileC /Users/admin/builder/spi-builder-workspace/.derivedData/Build/Intermediates.noindex/COpenSSL.build/Debug-watchos/COpenSSL-t.build/Objects-normal/arm64_32/m_sha.o /Users/admin/builder/spi-builder-workspace/.dependencies/checkouts/Perfect-COpenSSL/COpenSSL/m_sha.c normal arm64_32 c com.apple.compilers.llvm.clang.1_0.compiler (in target 'COpenSSL' from project 'COpenSSL')
cd /Users/admin/builder/spi-builder-workspace/.swiftpm/xcode
Using response file: /Users/admin/builder/spi-builder-workspace/.derivedData/Build/Intermediates.noindex/COpenSSL.build/Debug-watchos/COpenSSL-t.build/Objects-normal/arm64_32/7187679823f38a2a940e0043cdf9d637-common-args.resp
/Applications/Xcode-27.0.0-Release.Candidate.app/Contents/Developer/Toolchains/XcodeDefault.xctoolchain/usr/bin/clang -x c -ivfsstatcache /Users/admin/builder/spi-builder-workspace/.derivedData/SDKStatCaches.noindex/watchos27.0-24R360-e829b21a6f8c9b70876ba0858053c04477534ef55a1706bf4c1112bbb242f0a2.sdkstatcache -target arm64_32-apple-watchos9.0 -fmessage-length\=0 -fdiagnostics-show-note-include-stack -fmacro-backtrace-limit\=0 -fno-color-diagnostics -fmodules-prune-interval\=86400 -fmodules-prune-after\=345600 -fbuild-session-file\=/Users/admin/builder/spi-builder-workspace/.derivedData/ModuleCache.noindex/Session.modulevalidation -fmodules-validate-once-per-build-session -Wnon-modular-include-in-framework-module -Werror\=non-modular-include-in-framework-module -Wno-trigraphs -Wno-missing-field-initializers -Wno-missing-prototypes -Wno-return-type -Wno-missing-braces -Wparentheses -Wswitch -Wno-unused-function -Wno-unused-label -Wno-unused-parameter -Wno-unused-variable -Wunused-value -Wno-empty-body -Wno-uninitialized -Wno-unknown-pragmas -w -Wno-shadow -Wno-four-char-constants -Wno-conversion -Wno-constant-conversion -Wno-int-conversion -Wno-bool-conversion -Wno-enum-conversion -Wno-float-conversion -Wno-non-literal-null-conversion -Wno-objc-literal-conversion -Wno-shorten-64-to-32 -Wpointer-sign -Wno-newline-eof -Wno-implicit-fallthrough -isysroot /Applications/Xcode-27.0.0-Release.Candidate.app/Contents/Developer/Platforms/WatchOS.platform/Developer/SDKs/WatchOS27.0.sdk -fstrict-aliasing -Wdeprecated-declarations -Wno-sign-conversion -Wno-infinite-recursion -Wno-comma -Wno-block-capture-autoreleasing -Wno-strict-prototypes -Wno-semicolon-before-method-body -index-store-path /Users/admin/builder/spi-builder-workspace/.derivedData/Index.noindex/DataStore @/Users/admin/builder/spi-builder-workspace/.derivedData/Build/Intermediates.noindex/COpenSSL.build/Debug-watchos/COpenSSL-t.build/Objects-normal/arm64_32/7187679823f38a2a940e0043cdf9d637-common-args.resp -MMD -MT dependencies -MF /Users/admin/builder/spi-builder-workspace/.derivedData/Build/Intermediates.noindex/COpenSSL.build/Debug-watchos/COpenSSL-t.build/Objects-normal/arm64_32/m_sha.d --serialize-diagnostics /Users/admin/builder/spi-builder-workspace/.derivedData/Build/Intermediates.noindex/COpenSSL.build/Debug-watchos/COpenSSL-t.build/Objects-normal/arm64_32/m_sha.dia -c /Users/admin/builder/spi-builder-workspace/.dependencies/checkouts/Perfect-COpenSSL/COpenSSL/m_sha.c -o /Users/admin/builder/spi-builder-workspace/.derivedData/Build/Intermediates.noindex/COpenSSL.build/Debug-watchos/COpenSSL-t.build/Objects-normal/arm64_32/m_sha.o -index-unit-output-path /COpenSSL.build/Debug-watchos/COpenSSL-t.build/Objects-normal/arm64_32/m_sha.o
CompileC /Users/admin/builder/spi-builder-workspace/.derivedData/Build/Intermediates.noindex/COpenSSL.build/Debug-watchos/COpenSSL-t.build/Objects-normal/arm64_32/m_ripemd.o /Users/admin/builder/spi-builder-workspace/.dependencies/checkouts/Perfect-COpenSSL/COpenSSL/m_ripemd.c normal arm64_32 c com.apple.compilers.llvm.clang.1_0.compiler (in target 'COpenSSL' from project 'COpenSSL')
cd /Users/admin/builder/spi-builder-workspace/.swiftpm/xcode
Using response file: /Users/admin/builder/spi-builder-workspace/.derivedData/Build/Intermediates.noindex/COpenSSL.build/Debug-watchos/COpenSSL-t.build/Objects-normal/arm64_32/7187679823f38a2a940e0043cdf9d637-common-args.resp
/Applications/Xcode-27.0.0-Release.Candidate.app/Contents/Developer/Toolchains/XcodeDefault.xctoolchain/usr/bin/clang -x c -ivfsstatcache /Users/admin/builder/spi-builder-workspace/.derivedData/SDKStatCaches.noindex/watchos27.0-24R360-e829b21a6f8c9b70876ba0858053c04477534ef55a1706bf4c1112bbb242f0a2.sdkstatcache -target arm64_32-apple-watchos9.0 -fmessage-length\=0 -fdiagnostics-show-note-include-stack -fmacro-backtrace-limit\=0 -fno-color-diagnostics -fmodules-prune-interval\=86400 -fmodules-prune-after\=345600 -fbuild-session-file\=/Users/admin/builder/spi-builder-workspace/.derivedData/ModuleCache.noindex/Session.modulevalidation -fmodules-validate-once-per-build-session -Wnon-modular-include-in-framework-module -Werror\=non-modular-include-in-framework-module -Wno-trigraphs -Wno-missing-field-initializers -Wno-missing-prototypes -Wno-return-type -Wno-missing-braces -Wparentheses -Wswitch -Wno-unused-function -Wno-unused-label -Wno-unused-parameter -Wno-unused-variable -Wunused-value -Wno-empty-body -Wno-uninitialized -Wno-unknown-pragmas -w -Wno-shadow -Wno-four-char-constants -Wno-conversion -Wno-constant-conversion -Wno-int-conversion -Wno-bool-conversion -Wno-enum-conversion -Wno-float-conversion -Wno-non-literal-null-conversion -Wno-objc-literal-conversion -Wno-shorten-64-to-32 -Wpointer-sign -Wno-newline-eof -Wno-implicit-fallthrough -isysroot /Applications/Xcode-27.0.0-Release.Candidate.app/Contents/Developer/Platforms/WatchOS.platform/Developer/SDKs/WatchOS27.0.sdk -fstrict-aliasing -Wdeprecated-declarations -Wno-sign-conversion -Wno-infinite-recursion -Wno-comma -Wno-block-capture-autoreleasing -Wno-strict-prototypes -Wno-semicolon-before-method-body -index-store-path /Users/admin/builder/spi-builder-workspace/.derivedData/Index.noindex/DataStore @/Users/admin/builder/spi-builder-workspace/.derivedData/Build/Intermediates.noindex/COpenSSL.build/Debug-watchos/COpenSSL-t.build/Objects-normal/arm64_32/7187679823f38a2a940e0043cdf9d637-common-args.resp -MMD -MT dependencies -MF /Users/admin/builder/spi-builder-workspace/.derivedData/Build/Intermediates.noindex/COpenSSL.build/Debug-watchos/COpenSSL-t.build/Objects-normal/arm64_32/m_ripemd.d --serialize-diagnostics /Users/admin/builder/spi-builder-workspace/.derivedData/Build/Intermediates.noindex/COpenSSL.build/Debug-watchos/COpenSSL-t.build/Objects-normal/arm64_32/m_ripemd.dia -c /Users/admin/builder/spi-builder-workspace/.dependencies/checkouts/Perfect-COpenSSL/COpenSSL/m_ripemd.c -o /Users/admin/builder/spi-builder-workspace/.derivedData/Build/Intermediates.noindex/COpenSSL.build/Debug-watchos/COpenSSL-t.build/Objects-normal/arm64_32/m_ripemd.o -index-unit-output-path /COpenSSL.build/Debug-watchos/COpenSSL-t.build/Objects-normal/arm64_32/m_ripemd.o
SwiftCompile normal arm64 Compiling\ Utilities.swift /Users/admin/builder/spi-builder-workspace/.dependencies/checkouts/PerfectLib/Sources/PerfectLib/Utilities.swift (in target 'PerfectLib' from project 'PerfectLib')
SwiftCompile normal arm64 /Users/admin/builder/spi-builder-workspace/.dependencies/checkouts/PerfectLib/Sources/PerfectLib/Utilities.swift (in target 'PerfectLib' from project 'PerfectLib')
cd /Users/admin/builder/spi-builder-workspace/.swiftpm/xcode
builtin-SwiftPerFileCompile Utilities.swift
SwiftCompile normal arm64_32 Compiling\ Dir.swift /Users/admin/builder/spi-builder-workspace/.dependencies/checkouts/PerfectLib/Sources/PerfectLib/Dir.swift (in target 'PerfectLib' from project 'PerfectLib')
SwiftCompile normal arm64_32 /Users/admin/builder/spi-builder-workspace/.dependencies/checkouts/PerfectLib/Sources/PerfectLib/Dir.swift (in target 'PerfectLib' from project 'PerfectLib')
cd /Users/admin/builder/spi-builder-workspace/.swiftpm/xcode
builtin-SwiftPerFileCompile Dir.swift
SwiftCompile normal arm64 Compiling\ PerfectError.swift /Users/admin/builder/spi-builder-workspace/.dependencies/checkouts/PerfectLib/Sources/PerfectLib/PerfectError.swift (in target 'PerfectLib' from project 'PerfectLib')
SwiftCompile normal arm64 /Users/admin/builder/spi-builder-workspace/.dependencies/checkouts/PerfectLib/Sources/PerfectLib/PerfectError.swift (in target 'PerfectLib' from project 'PerfectLib')
cd /Users/admin/builder/spi-builder-workspace/.swiftpm/xcode
builtin-SwiftPerFileCompile PerfectError.swift
SwiftCompile normal arm64_32 Compiling\ SysProcess.swift /Users/admin/builder/spi-builder-workspace/.dependencies/checkouts/PerfectLib/Sources/PerfectLib/SysProcess.swift (in target 'PerfectLib' from project 'PerfectLib')
/Users/admin/builder/spi-builder-workspace/.dependencies/checkouts/PerfectLib/Sources/PerfectLib/SysProcess.swift:108:3: error: 'posix_spawn_file_actions_init' is unavailable in watchOS
106 | var spawnRes = 0
107 | #else
108 | posix_spawn_file_actions_init(&action);
| `- error: 'posix_spawn_file_actions_init' is unavailable in watchOS
109 | posix_spawn_file_actions_adddup2(&action, fSTDOUT[1], STDOUT_FILENO);
110 | posix_spawn_file_actions_adddup2(&action, fSTDIN[0], STDIN_FILENO);
/Applications/Xcode-27.0.0-Release.Candidate.app/Contents/Developer/Platforms/WatchOS.platform/Developer/SDKs/WatchOS27.0.sdk/usr/include/spawn.h:89:9: note: 'posix_spawn_file_actions_init' has been explicitly marked unavailable here
87 | int posix_spawn_file_actions_destroy(posix_spawn_file_actions_t *) __API_AVAILABLE(macos(10.5), ios(2.0)) __API_UNAVAILABLE(watchos, tvos);
88 |
89 | int posix_spawn_file_actions_init(posix_spawn_file_actions_t *) __API_AVAILABLE(macos(10.5), ios(2.0)) __API_UNAVAILABLE(watchos, tvos);
| `- note: 'posix_spawn_file_actions_init' has been explicitly marked unavailable here
90 |
91 | int posix_spawnattr_destroy(posix_spawnattr_t *) __API_AVAILABLE(macos(10.5), ios(2.0)) __API_UNAVAILABLE(watchos, tvos);
/Users/admin/builder/spi-builder-workspace/.dependencies/checkouts/PerfectLib/Sources/PerfectLib/SysProcess.swift:109:3: error: 'posix_spawn_file_actions_adddup2' is unavailable in watchOS
107 | #else
108 | posix_spawn_file_actions_init(&action);
109 | posix_spawn_file_actions_adddup2(&action, fSTDOUT[1], STDOUT_FILENO);
| `- error: 'posix_spawn_file_actions_adddup2' is unavailable in watchOS
110 | posix_spawn_file_actions_adddup2(&action, fSTDIN[0], STDIN_FILENO);
111 | posix_spawn_file_actions_adddup2(&action, fSTDERR[1], STDERR_FILENO);
/Applications/Xcode-27.0.0-Release.Candidate.app/Contents/Developer/Platforms/WatchOS.platform/Developer/SDKs/WatchOS27.0.sdk/usr/include/spawn.h:80:9: note: 'posix_spawn_file_actions_adddup2' has been explicitly marked unavailable here
78 | int posix_spawn_file_actions_addclose(posix_spawn_file_actions_t *, int) __API_AVAILABLE(macos(10.5), ios(2.0)) __API_UNAVAILABLE(watchos, tvos);
79 |
80 | int posix_spawn_file_actions_adddup2(posix_spawn_file_actions_t *, int,
| `- note: 'posix_spawn_file_actions_adddup2' has been explicitly marked unavailable here
81 | int) __API_AVAILABLE(macos(10.5), ios(2.0)) __API_UNAVAILABLE(watchos, tvos);
82 |
/Users/admin/builder/spi-builder-workspace/.dependencies/checkouts/PerfectLib/Sources/PerfectLib/SysProcess.swift:110:3: error: 'posix_spawn_file_actions_adddup2' is unavailable in watchOS
108 | posix_spawn_file_actions_init(&action);
109 | posix_spawn_file_actions_adddup2(&action, fSTDOUT[1], STDOUT_FILENO);
110 | posix_spawn_file_actions_adddup2(&action, fSTDIN[0], STDIN_FILENO);
| `- error: 'posix_spawn_file_actions_adddup2' is unavailable in watchOS
111 | posix_spawn_file_actions_adddup2(&action, fSTDERR[1], STDERR_FILENO);
112 |
/Applications/Xcode-27.0.0-Release.Candidate.app/Contents/Developer/Platforms/WatchOS.platform/Developer/SDKs/WatchOS27.0.sdk/usr/include/spawn.h:80:9: note: 'posix_spawn_file_actions_adddup2' has been explicitly marked unavailable here
78 | int posix_spawn_file_actions_addclose(posix_spawn_file_actions_t *, int) __API_AVAILABLE(macos(10.5), ios(2.0)) __API_UNAVAILABLE(watchos, tvos);
79 |
80 | int posix_spawn_file_actions_adddup2(posix_spawn_file_actions_t *, int,
| `- note: 'posix_spawn_file_actions_adddup2' has been explicitly marked unavailable here
81 | int) __API_AVAILABLE(macos(10.5), ios(2.0)) __API_UNAVAILABLE(watchos, tvos);
82 |
/Users/admin/builder/spi-builder-workspace/.dependencies/checkouts/PerfectLib/Sources/PerfectLib/SysProcess.swift:111:3: error: 'posix_spawn_file_actions_adddup2' is unavailable in watchOS
109 | posix_spawn_file_actions_adddup2(&action, fSTDOUT[1], STDOUT_FILENO);
110 | posix_spawn_file_actions_adddup2(&action, fSTDIN[0], STDIN_FILENO);
111 | posix_spawn_file_actions_adddup2(&action, fSTDERR[1], STDERR_FILENO);
| `- error: 'posix_spawn_file_actions_adddup2' is unavailable in watchOS
112 |
113 | posix_spawn_file_actions_addclose(&action, fSTDOUT[0]);
/Applications/Xcode-27.0.0-Release.Candidate.app/Contents/Developer/Platforms/WatchOS.platform/Developer/SDKs/WatchOS27.0.sdk/usr/include/spawn.h:80:9: note: 'posix_spawn_file_actions_adddup2' has been explicitly marked unavailable here
78 | int posix_spawn_file_actions_addclose(posix_spawn_file_actions_t *, int) __API_AVAILABLE(macos(10.5), ios(2.0)) __API_UNAVAILABLE(watchos, tvos);
79 |
80 | int posix_spawn_file_actions_adddup2(posix_spawn_file_actions_t *, int,
| `- note: 'posix_spawn_file_actions_adddup2' has been explicitly marked unavailable here
81 | int) __API_AVAILABLE(macos(10.5), ios(2.0)) __API_UNAVAILABLE(watchos, tvos);
82 |
/Users/admin/builder/spi-builder-workspace/.dependencies/checkouts/PerfectLib/Sources/PerfectLib/SysProcess.swift:113:3: error: 'posix_spawn_file_actions_addclose' is unavailable in watchOS
111 | posix_spawn_file_actions_adddup2(&action, fSTDERR[1], STDERR_FILENO);
112 |
113 | posix_spawn_file_actions_addclose(&action, fSTDOUT[0]);
| `- error: 'posix_spawn_file_actions_addclose' is unavailable in watchOS
114 | posix_spawn_file_actions_addclose(&action, fSTDIN[0]);
115 | posix_spawn_file_actions_addclose(&action, fSTDERR[0]);
/Applications/Xcode-27.0.0-Release.Candidate.app/Contents/Developer/Platforms/WatchOS.platform/Developer/SDKs/WatchOS27.0.sdk/usr/include/spawn.h:78:9: note: 'posix_spawn_file_actions_addclose' has been explicitly marked unavailable here
76 | int) __API_AVAILABLE(macos(26.0)) __API_UNAVAILABLE(ios, tvos, watchos, visionos);
77 |
78 | int posix_spawn_file_actions_addclose(posix_spawn_file_actions_t *, int) __API_AVAILABLE(macos(10.5), ios(2.0)) __API_UNAVAILABLE(watchos, tvos);
| `- note: 'posix_spawn_file_actions_addclose' has been explicitly marked unavailable here
79 |
80 | int posix_spawn_file_actions_adddup2(posix_spawn_file_actions_t *, int,
/Users/admin/builder/spi-builder-workspace/.dependencies/checkouts/PerfectLib/Sources/PerfectLib/SysProcess.swift:114:3: error: 'posix_spawn_file_actions_addclose' is unavailable in watchOS
112 |
113 | posix_spawn_file_actions_addclose(&action, fSTDOUT[0]);
114 | posix_spawn_file_actions_addclose(&action, fSTDIN[0]);
| `- error: 'posix_spawn_file_actions_addclose' is unavailable in watchOS
115 | posix_spawn_file_actions_addclose(&action, fSTDERR[0]);
116 | posix_spawn_file_actions_addclose(&action, fSTDOUT[1]);
/Applications/Xcode-27.0.0-Release.Candidate.app/Contents/Developer/Platforms/WatchOS.platform/Developer/SDKs/WatchOS27.0.sdk/usr/include/spawn.h:78:9: note: 'posix_spawn_file_actions_addclose' has been explicitly marked unavailable here
76 | int) __API_AVAILABLE(macos(26.0)) __API_UNAVAILABLE(ios, tvos, watchos, visionos);
77 |
78 | int posix_spawn_file_actions_addclose(posix_spawn_file_actions_t *, int) __API_AVAILABLE(macos(10.5), ios(2.0)) __API_UNAVAILABLE(watchos, tvos);
| `- note: 'posix_spawn_file_actions_addclose' has been explicitly marked unavailable here
79 |
80 | int posix_spawn_file_actions_adddup2(posix_spawn_file_actions_t *, int,
/Users/admin/builder/spi-builder-workspace/.dependencies/checkouts/PerfectLib/Sources/PerfectLib/SysProcess.swift:115:3: error: 'posix_spawn_file_actions_addclose' is unavailable in watchOS
113 | posix_spawn_file_actions_addclose(&action, fSTDOUT[0]);
114 | posix_spawn_file_actions_addclose(&action, fSTDIN[0]);
115 | posix_spawn_file_actions_addclose(&action, fSTDERR[0]);
| `- error: 'posix_spawn_file_actions_addclose' is unavailable in watchOS
116 | posix_spawn_file_actions_addclose(&action, fSTDOUT[1]);
117 | posix_spawn_file_actions_addclose(&action, fSTDIN[1]);
/Applications/Xcode-27.0.0-Release.Candidate.app/Contents/Developer/Platforms/WatchOS.platform/Developer/SDKs/WatchOS27.0.sdk/usr/include/spawn.h:78:9: note: 'posix_spawn_file_actions_addclose' has been explicitly marked unavailable here
76 | int) __API_AVAILABLE(macos(26.0)) __API_UNAVAILABLE(ios, tvos, watchos, visionos);
77 |
78 | int posix_spawn_file_actions_addclose(posix_spawn_file_actions_t *, int) __API_AVAILABLE(macos(10.5), ios(2.0)) __API_UNAVAILABLE(watchos, tvos);
| `- note: 'posix_spawn_file_actions_addclose' has been explicitly marked unavailable here
79 |
80 | int posix_spawn_file_actions_adddup2(posix_spawn_file_actions_t *, int,
SwiftCompile normal arm64_32 /Users/admin/builder/spi-builder-workspace/.dependencies/checkouts/PerfectLib/Sources/PerfectLib/SysProcess.swift (in target 'PerfectLib' from project 'PerfectLib')
cd /Users/admin/builder/spi-builder-workspace/.swiftpm/xcode
builtin-SwiftPerFileCompile SysProcess.swift
/Users/admin/builder/spi-builder-workspace/.dependencies/checkouts/PerfectLib/Sources/PerfectLib/SysProcess.swift:116:3: error: 'posix_spawn_file_actions_addclose' is unavailable in watchOS
114 | posix_spawn_file_actions_addclose(&action, fSTDIN[0]);
115 | posix_spawn_file_actions_addclose(&action, fSTDERR[0]);
116 | posix_spawn_file_actions_addclose(&action, fSTDOUT[1]);
| `- error: 'posix_spawn_file_actions_addclose' is unavailable in watchOS
117 | posix_spawn_file_actions_addclose(&action, fSTDIN[1]);
118 | posix_spawn_file_actions_addclose(&action, fSTDERR[1]);
/Applications/Xcode-27.0.0-Release.Candidate.app/Contents/Developer/Platforms/WatchOS.platform/Developer/SDKs/WatchOS27.0.sdk/usr/include/spawn.h:78:9: note: 'posix_spawn_file_actions_addclose' has been explicitly marked unavailable here
76 | int) __API_AVAILABLE(macos(26.0)) __API_UNAVAILABLE(ios, tvos, watchos, visionos);
77 |
78 | int posix_spawn_file_actions_addclose(posix_spawn_file_actions_t *, int) __API_AVAILABLE(macos(10.5), ios(2.0)) __API_UNAVAILABLE(watchos, tvos);
| `- note: 'posix_spawn_file_actions_addclose' has been explicitly marked unavailable here
79 |
80 | int posix_spawn_file_actions_adddup2(posix_spawn_file_actions_t *, int,
/Users/admin/builder/spi-builder-workspace/.dependencies/checkouts/PerfectLib/Sources/PerfectLib/SysProcess.swift:117:3: error: 'posix_spawn_file_actions_addclose' is unavailable in watchOS
115 | posix_spawn_file_actions_addclose(&action, fSTDERR[0]);
116 | posix_spawn_file_actions_addclose(&action, fSTDOUT[1]);
117 | posix_spawn_file_actions_addclose(&action, fSTDIN[1]);
| `- error: 'posix_spawn_file_actions_addclose' is unavailable in watchOS
118 | posix_spawn_file_actions_addclose(&action, fSTDERR[1]);
119 |
/Applications/Xcode-27.0.0-Release.Candidate.app/Contents/Developer/Platforms/WatchOS.platform/Developer/SDKs/WatchOS27.0.sdk/usr/include/spawn.h:78:9: note: 'posix_spawn_file_actions_addclose' has been explicitly marked unavailable here
76 | int) __API_AVAILABLE(macos(26.0)) __API_UNAVAILABLE(ios, tvos, watchos, visionos);
77 |
78 | int posix_spawn_file_actions_addclose(posix_spawn_file_actions_t *, int) __API_AVAILABLE(macos(10.5), ios(2.0)) __API_UNAVAILABLE(watchos, tvos);
| `- note: 'posix_spawn_file_actions_addclose' has been explicitly marked unavailable here
79 |
80 | int posix_spawn_file_actions_adddup2(posix_spawn_file_actions_t *, int,
/Users/admin/builder/spi-builder-workspace/.dependencies/checkouts/PerfectLib/Sources/PerfectLib/SysProcess.swift:118:3: error: 'posix_spawn_file_actions_addclose' is unavailable in watchOS
116 | posix_spawn_file_actions_addclose(&action, fSTDOUT[1]);
117 | posix_spawn_file_actions_addclose(&action, fSTDIN[1]);
118 | posix_spawn_file_actions_addclose(&action, fSTDERR[1]);
| `- error: 'posix_spawn_file_actions_addclose' is unavailable in watchOS
119 |
120 | posix_spawnattr_init(&attr)
/Applications/Xcode-27.0.0-Release.Candidate.app/Contents/Developer/Platforms/WatchOS.platform/Developer/SDKs/WatchOS27.0.sdk/usr/include/spawn.h:78:9: note: 'posix_spawn_file_actions_addclose' has been explicitly marked unavailable here
76 | int) __API_AVAILABLE(macos(26.0)) __API_UNAVAILABLE(ios, tvos, watchos, visionos);
77 |
78 | int posix_spawn_file_actions_addclose(posix_spawn_file_actions_t *, int) __API_AVAILABLE(macos(10.5), ios(2.0)) __API_UNAVAILABLE(watchos, tvos);
| `- note: 'posix_spawn_file_actions_addclose' has been explicitly marked unavailable here
79 |
80 | int posix_spawn_file_actions_adddup2(posix_spawn_file_actions_t *, int,
/Users/admin/builder/spi-builder-workspace/.dependencies/checkouts/PerfectLib/Sources/PerfectLib/SysProcess.swift:120:3: error: 'posix_spawnattr_init' is unavailable in watchOS
118 | posix_spawn_file_actions_addclose(&action, fSTDERR[1]);
119 |
120 | posix_spawnattr_init(&attr)
| `- error: 'posix_spawnattr_init' is unavailable in watchOS
121 |
122 | if newGroup {
/Applications/Xcode-27.0.0-Release.Candidate.app/Contents/Developer/Platforms/WatchOS.platform/Developer/SDKs/WatchOS27.0.sdk/usr/include/spawn.h:105:9: note: 'posix_spawnattr_init' has been explicitly marked unavailable here
103 | sigset_t * __restrict) __API_AVAILABLE(macos(10.5), ios(2.0)) __API_UNAVAILABLE(watchos, tvos);
104 |
105 | int posix_spawnattr_init(posix_spawnattr_t *) __API_AVAILABLE(macos(10.5), ios(2.0)) __API_UNAVAILABLE(watchos, tvos);
| `- note: 'posix_spawnattr_init' has been explicitly marked unavailable here
106 |
107 | int posix_spawnattr_setsigdefault(posix_spawnattr_t * __restrict,
/Users/admin/builder/spi-builder-workspace/.dependencies/checkouts/PerfectLib/Sources/PerfectLib/SysProcess.swift:125:4: error: 'posix_spawnattr_setflags' is unavailable in watchOS
123 | // By default, all flags are unset after the init call
124 | // so no need to OR in the existing flags.
125 | posix_spawnattr_setflags(&attr, Int16(POSIX_SPAWN_SETPGROUP))
| `- error: 'posix_spawnattr_setflags' is unavailable in watchOS
126 | }
127 |
/Applications/Xcode-27.0.0-Release.Candidate.app/Contents/Developer/Platforms/WatchOS.platform/Developer/SDKs/WatchOS27.0.sdk/usr/include/spawn.h:110:9: note: 'posix_spawnattr_setflags' has been explicitly marked unavailable here
108 | const sigset_t * __restrict) __API_AVAILABLE(macos(10.5), ios(2.0)) __API_UNAVAILABLE(watchos, tvos);
109 |
110 | int posix_spawnattr_setflags(posix_spawnattr_t *, short) __API_AVAILABLE(macos(10.5), ios(2.0)) __API_UNAVAILABLE(watchos, tvos);
| `- note: 'posix_spawnattr_setflags' has been explicitly marked unavailable here
111 |
112 | int posix_spawnattr_setpgroup(posix_spawnattr_t *, pid_t) __API_AVAILABLE(macos(10.5), ios(2.0)) __API_UNAVAILABLE(watchos, tvos);
/Users/admin/builder/spi-builder-workspace/.dependencies/checkouts/PerfectLib/Sources/PerfectLib/SysProcess.swift:130:3: error: 'posix_spawn_file_actions_destroy' is unavailable in watchOS
128 | var procPid = pid_t()
129 | let spawnRes = posix_spawnp(&procPid, cmd, &action, &attr, cArgs, cEnv)
130 | posix_spawn_file_actions_destroy(&action)
| `- error: 'posix_spawn_file_actions_destroy' is unavailable in watchOS
131 | posix_spawnattr_destroy(&attr)
132 |
/Applications/Xcode-27.0.0-Release.Candidate.app/Contents/Developer/Platforms/WatchOS.platform/Developer/SDKs/WatchOS27.0.sdk/usr/include/spawn.h:87:9: note: 'posix_spawn_file_actions_destroy' has been explicitly marked unavailable here
85 | const char * __restrict, int, mode_t) __API_AVAILABLE(macos(10.5), ios(2.0)) __API_UNAVAILABLE(watchos, tvos);
86 |
87 | int posix_spawn_file_actions_destroy(posix_spawn_file_actions_t *) __API_AVAILABLE(macos(10.5), ios(2.0)) __API_UNAVAILABLE(watchos, tvos);
| `- note: 'posix_spawn_file_actions_destroy' has been explicitly marked unavailable here
88 |
89 | int posix_spawn_file_actions_init(posix_spawn_file_actions_t *) __API_AVAILABLE(macos(10.5), ios(2.0)) __API_UNAVAILABLE(watchos, tvos);
SwiftCompile normal arm64 Compiling\ JSONConvertible.swift /Users/admin/builder/spi-builder-workspace/.dependencies/checkouts/PerfectLib/Sources/PerfectLib/JSONConvertible.swift (in target 'PerfectLib' from project 'PerfectLib')
SwiftCompile normal arm64 /Users/admin/builder/spi-builder-workspace/.dependencies/checkouts/PerfectLib/Sources/PerfectLib/JSONConvertible.swift (in target 'PerfectLib' from project 'PerfectLib')
cd /Users/admin/builder/spi-builder-workspace/.swiftpm/xcode
builtin-SwiftPerFileCompile JSONConvertible.swift
SwiftCompile normal arm64 Compiling\ Bytes.swift /Users/admin/builder/spi-builder-workspace/.dependencies/checkouts/PerfectLib/Sources/PerfectLib/Bytes.swift (in target 'PerfectLib' from project 'PerfectLib')
SwiftCompile normal arm64 /Users/admin/builder/spi-builder-workspace/.dependencies/checkouts/PerfectLib/Sources/PerfectLib/Bytes.swift (in target 'PerfectLib' from project 'PerfectLib')
cd /Users/admin/builder/spi-builder-workspace/.swiftpm/xcode
builtin-SwiftPerFileCompile Bytes.swift
SwiftCompile normal arm64_32 Compiling\ File.swift /Users/admin/builder/spi-builder-workspace/.dependencies/checkouts/PerfectLib/Sources/PerfectLib/File.swift (in target 'PerfectLib' from project 'PerfectLib')
SwiftCompile normal arm64_32 /Users/admin/builder/spi-builder-workspace/.dependencies/checkouts/PerfectLib/Sources/PerfectLib/File.swift (in target 'PerfectLib' from project 'PerfectLib')
cd /Users/admin/builder/spi-builder-workspace/.swiftpm/xcode
builtin-SwiftPerFileCompile File.swift
SwiftCompile normal arm64_32 Compiling\ Bytes.swift /Users/admin/builder/spi-builder-workspace/.dependencies/checkouts/PerfectLib/Sources/PerfectLib/Bytes.swift (in target 'PerfectLib' from project 'PerfectLib')
SwiftCompile normal arm64_32 /Users/admin/builder/spi-builder-workspace/.dependencies/checkouts/PerfectLib/Sources/PerfectLib/Bytes.swift (in target 'PerfectLib' from project 'PerfectLib')
cd /Users/admin/builder/spi-builder-workspace/.swiftpm/xcode
builtin-SwiftPerFileCompile Bytes.swift
SwiftCompile normal arm64 Compiling\ Log.swift /Users/admin/builder/spi-builder-workspace/.dependencies/checkouts/PerfectLib/Sources/PerfectLib/Log.swift (in target 'PerfectLib' from project 'PerfectLib')
SwiftCompile normal arm64 /Users/admin/builder/spi-builder-workspace/.dependencies/checkouts/PerfectLib/Sources/PerfectLib/Log.swift (in target 'PerfectLib' from project 'PerfectLib')
cd /Users/admin/builder/spi-builder-workspace/.swiftpm/xcode
builtin-SwiftPerFileCompile Log.swift
SwiftDriverJobDiscovery normal arm64 Compiling PerfectError.swift (in target 'PerfectLib' from project 'PerfectLib')
SwiftCompile normal arm64_32 Compiling\ Log.swift /Users/admin/builder/spi-builder-workspace/.dependencies/checkouts/PerfectLib/Sources/PerfectLib/Log.swift (in target 'PerfectLib' from project 'PerfectLib')
SwiftCompile normal arm64_32 /Users/admin/builder/spi-builder-workspace/.dependencies/checkouts/PerfectLib/Sources/PerfectLib/Log.swift (in target 'PerfectLib' from project 'PerfectLib')
cd /Users/admin/builder/spi-builder-workspace/.swiftpm/xcode
builtin-SwiftPerFileCompile Log.swift
PruneExplicitPrecompiledModules /Users/admin/builder/spi-builder-workspace/.derivedData/SDKExplicitPrecompiledModules
PruneExplicitPrecompiledModules /Users/admin/builder/spi-builder-workspace/.derivedData/Build/Intermediates.noindex/ExplicitPrecompiledModules
PruneExplicitPrecompiledModules /Users/admin/builder/spi-builder-workspace/.derivedData/Build/Intermediates.noindex/SwiftExplicitPrecompiledModules
2026-09-16 09:04:06.215 xcodebuild[975:5587] [MT] IDERunDestination: Supported platforms for the buildables in the current scheme is empty.
** BUILD FAILED **
The following build commands failed:
SwiftCompile normal arm64 (in target 'PerfectLib' from project 'PerfectLib')
SwiftEmitModule normal arm64 Emitting\ module\ for\ PerfectLib (in target 'PerfectLib' from project 'PerfectLib')
SwiftCompile normal arm64_32 (in target 'PerfectLib' from project 'PerfectLib')
SwiftEmitModule normal arm64_32 Emitting\ module\ for\ PerfectLib (in target 'PerfectLib' from project 'PerfectLib')
Building workspace PerfectCrypto with scheme PerfectCrypto
(5 failures)
BUILD FAILURE 6.4 watchOS