The Swift Package Index logo.Swift Package Index

Build Information

Failed to build swift-jsonpath, reference main (14b388), with Swift 6.3 for watchOS using Xcode 26.4 on 22 Oct 2026 15:13:58 UTC.

Build Command

env DEVELOPER_DIR=/Applications/Xcode-26.5.0.app xcrun xcodebuild -IDEClonedSourcePackagesDirPathOverride=$PWD/.dependencies -skipMacroValidation -skipPackagePluginValidation -derivedDataPath $PWD/.derivedData build -scheme swift-jsonpath -destination generic/platform=watchOS

Build Log

========================================
RunAll
========================================
Builder version: 5.1.3
Interrupt handler set up.
========================================
Checkout
========================================
Clone URL: https://github.com/mackoj/swift-jsonpath.git
Reference: main
Initialized empty Git repository in /Users/admin/builder/spi-builder-workspace/.git/
From https://github.com/mackoj/swift-jsonpath
 * branch            main       -> FETCH_HEAD
 * [new branch]      main       -> origin/main
HEAD is now at 14b3889 Merge pull request #1 from mackoj/agent-config
Cloned https://github.com/mackoj/swift-jsonpath.git
Revision (git rev-parse @):
14b3889aaf34ca8cff6592de700bf02b60657ed9
SPI manifest file found: $PWD/.spi.yml
SUCCESS checkout https://github.com/mackoj/swift-jsonpath.git at main
========================================
Build
========================================
Selected platform:         watchOS
Swift version:             6.3
Building package at path:  $PWD
https://github.com/mackoj/swift-jsonpath.git
Command line invocation:
    /Applications/Xcode-26.5.0.app/Contents/Developer/usr/bin/xcodebuild -IDEClonedSourcePackagesDirPathOverride=/Users/admin/builder/spi-builder-workspace/.dependencies -resolvePackageDependencies
Resolve Package Graph
Resolve Package Graph
Resolved source packages:
  swift-jsonpath: /Users/admin/builder/spi-builder-workspace
resolved source packages: swift-jsonpath
2026-10-22 11:13:42.204 xcodebuild[542:3100] [MT] IDERunDestination: Supported platforms for the buildables in the current scheme is empty.
{
  "dependencies" : [
  ],
  "manifest_display_name" : "swift-jsonpath",
  "name" : "swift-jsonpath",
  "path" : "/Users/admin/builder/spi-builder-workspace",
  "platforms" : [
    {
      "name" : "macos",
      "version" : "13.0"
    },
    {
      "name" : "ios",
      "version" : "16.0"
    },
    {
      "name" : "tvos",
      "version" : "16.0"
    },
    {
      "name" : "watchos",
      "version" : "9.0"
    },
    {
      "name" : "visionos",
      "version" : "1.0"
    }
  ],
  "products" : [
    {
      "name" : "JSONPath",
      "targets" : [
        "JSONPath"
      ],
      "type" : {
        "library" : [
          "automatic"
        ]
      }
    }
  ],
  "swift_languages_versions" : [
    "6"
  ],
  "targets" : [
    {
      "c99name" : "JSONPathTests",
      "module_type" : "SwiftTarget",
      "name" : "JSONPathTests",
      "path" : "Tests/JSONPathTests",
      "sources" : [
        "ComplianceTestSuite.swift",
        "JSONPathAPITests.swift",
        "JSONValueCodingTests.swift",
        "ReadmeTests.swift",
        "Sextant/ArrayIndexFilterTest+Sextant.swift",
        "Sextant/ArrayPathTokenTest+Sextant.swift",
        "Sextant/ArraySlicingTest+Sextant.swift",
        "Sextant/ComplianceTest+Sextant.swift",
        "Sextant/DeepScanTest+Sextant.swift",
        "Sextant/ExamplesTest+Sextant.swift",
        "Sextant/FilterTest+Sextant.swift",
        "Sextant/InlineFilterTest+Sextant.swift",
        "Sextant/JSONEntityPathFunctionTest+Sextant.swift",
        "Sextant/JsonPathComparisonFixesTest+Sextant.swift",
        "Sextant/JsonPathTest+Sextant.swift",
        "Sextant/MultiPropTest+Sextant.swift",
        "Sextant/NestedFunctionTest+Sextant.swift",
        "Sextant/NullHandlingTest+Sextant.swift",
        "Sextant/NumericPathFunctionTest+Sextant.swift",
        "Sextant/PathCompilerTest+Sextant.swift",
        "Sextant/PredicatePathTokenTest+Sextant.swift",
        "Sextant/PropertyPathTokenTest+Sextant.swift",
        "Sextant/RegexTests+Sextant.swift",
        "Sextant/ReturnTypeTests+Sextant.swift",
        "Sextant/ScanPathTokenTest+Sextant.swift",
        "Sextant/SextantTestCase.swift",
        "Sextant/UpdateTest+Sextant.swift",
        "Support/Environment.swift"
      ],
      "target_dependencies" : [
        "JSONPath"
      ],
      "type" : "test"
    },
    {
      "c99name" : "JSONPath",
      "module_type" : "SwiftTarget",
      "name" : "JSONPath",
      "path" : "Sources/JSONPath",
      "product_memberships" : [
        "JSONPath"
      ],
      "sources" : [
        "AST.swift",
        "JSONParser.swift",
        "JSONPath.swift",
        "JSONPointer.swift",
        "JSONValue.swift",
        "JSONValueCoding.swift",
        "JaywayEvaluator.swift",
        "JaywayFunctions.swift",
        "JaywayParser.swift",
        "Mutation.swift",
        "NormalizedPath.swift",
        "OrderedDictionary.swift",
        "RFC9535Evaluator.swift",
        "RFC9535Parser.swift",
        "Support.swift"
      ],
      "type" : "library"
    }
  ],
  "tools_version" : "6.0"
}
{
  "workspace" : {
    "name" : "spi-builder-workspace",
    "schemes" : [
      "swift-jsonpath"
    ]
  }
}
2026-10-22 11:13:50.308 xcodebuild[659:3975] [MT] IDERunDestination: Supported platforms for the buildables in the current scheme is empty.
Running build ...
env DEVELOPER_DIR=/Applications/Xcode-26.5.0.app xcrun xcodebuild -IDEClonedSourcePackagesDirPathOverride=$PWD/.dependencies -skipMacroValidation -skipPackagePluginValidation -derivedDataPath $PWD/.derivedData build -scheme swift-jsonpath -destination generic/platform=watchOS
Command line invocation:
    /Applications/Xcode-26.5.0.app/Contents/Developer/usr/bin/xcodebuild -IDEClonedSourcePackagesDirPathOverride=/Users/admin/builder/spi-builder-workspace/.dependencies -skipMacroValidation -skipPackagePluginValidation -derivedDataPath /Users/admin/builder/spi-builder-workspace/.derivedData build -scheme swift-jsonpath -destination generic/platform=watchOS
Resolve Package Graph
Resolved source packages:
  swift-jsonpath: /Users/admin/builder/spi-builder-workspace
ComputePackagePrebuildTargetDependencyGraph
Prepare packages
CreateBuildRequest
SendProjectDescription
CreateBuildOperation
ComputeTargetDependencyGraph
note: Building targets in dependency order
note: Target dependency graph (2 targets)
    Target 'JSONPath' in project 'swift-jsonpath'
        ➜ Explicit dependency on target 'JSONPath' in project 'swift-jsonpath'
    Target 'JSONPath' in project 'swift-jsonpath' (no dependencies)
GatherProvisioningInputs
CreateBuildDescription
ExecuteExternalTool /Applications/Xcode-26.5.0.app/Contents/Developer/Toolchains/XcodeDefault.xctoolchain/usr/bin/clang -v -E -dM -isysroot /Applications/Xcode-26.5.0.app/Contents/Developer/Platforms/WatchOS.platform/Developer/SDKs/WatchOS26.5.sdk -x c -c /dev/null
ExecuteExternalTool /Applications/Xcode-26.5.0.app/Contents/Developer/Toolchains/XcodeDefault.xctoolchain/usr/bin/swiftc --version
ExecuteExternalTool /Applications/Xcode-26.5.0.app/Contents/Developer/Toolchains/XcodeDefault.xctoolchain/usr/bin/ld -version_details
Build description signature: cf659201d309ff1a19145aa266c9eb8e
Build description path: /Users/admin/builder/spi-builder-workspace/.derivedData/Build/Intermediates.noindex/XCBuildData/cf659201d309ff1a19145aa266c9eb8e.xcbuilddata
ClangStatCache /Applications/Xcode-26.5.0.app/Contents/Developer/Toolchains/XcodeDefault.xctoolchain/usr/bin/clang-stat-cache /Applications/Xcode-26.5.0.app/Contents/Developer/Platforms/WatchOS.platform/Developer/SDKs/WatchOS26.5.sdk /Users/admin/builder/spi-builder-workspace/.derivedData/SDKStatCaches.noindex/watchos26.5-23T570-688ef53f1462e2c8f657fdc38a81448f7931b973dfc65d9472806dbbc3af9379.sdkstatcache
    cd /Users/admin/builder/spi-builder-workspace/.swiftpm/xcode
    /Applications/Xcode-26.5.0.app/Contents/Developer/Toolchains/XcodeDefault.xctoolchain/usr/bin/clang-stat-cache /Applications/Xcode-26.5.0.app/Contents/Developer/Platforms/WatchOS.platform/Developer/SDKs/WatchOS26.5.sdk -o /Users/admin/builder/spi-builder-workspace/.derivedData/SDKStatCaches.noindex/watchos26.5-23T570-688ef53f1462e2c8f657fdc38a81448f7931b973dfc65d9472806dbbc3af9379.sdkstatcache
CreateBuildDirectory /Users/admin/builder/spi-builder-workspace/.derivedData/Build/Intermediates.noindex
    cd /Users/admin/builder/spi-builder-workspace/.swiftpm/xcode
    builtin-create-build-directory /Users/admin/builder/spi-builder-workspace/.derivedData/Build/Intermediates.noindex
CreateBuildDirectory /Users/admin/builder/spi-builder-workspace/.derivedData/Build/Products
    cd /Users/admin/builder/spi-builder-workspace/.swiftpm/xcode
    builtin-create-build-directory /Users/admin/builder/spi-builder-workspace/.derivedData/Build/Products
CreateBuildDirectory /Users/admin/builder/spi-builder-workspace/.derivedData/Build/Intermediates.noindex/SwiftExplicitPrecompiledModules
    cd /Users/admin/builder/spi-builder-workspace/.swiftpm/xcode
    builtin-create-build-directory /Users/admin/builder/spi-builder-workspace/.derivedData/Build/Intermediates.noindex/SwiftExplicitPrecompiledModules
CreateBuildDirectory /Users/admin/builder/spi-builder-workspace/.derivedData/Build/Intermediates.noindex/ExplicitPrecompiledModules
    cd /Users/admin/builder/spi-builder-workspace/.swiftpm/xcode
    builtin-create-build-directory /Users/admin/builder/spi-builder-workspace/.derivedData/Build/Intermediates.noindex/ExplicitPrecompiledModules
CreateBuildDirectory /Users/admin/builder/spi-builder-workspace/.derivedData/Build/Intermediates.noindex/EagerLinkingTBDs/Debug-watchos
    cd /Users/admin/builder/spi-builder-workspace/.swiftpm/xcode
    builtin-create-build-directory /Users/admin/builder/spi-builder-workspace/.derivedData/Build/Intermediates.noindex/EagerLinkingTBDs/Debug-watchos
CreateBuildDirectory /Users/admin/builder/spi-builder-workspace/.derivedData/Build/Products/Debug-watchos
    cd /Users/admin/builder/spi-builder-workspace/.swiftpm/xcode
    builtin-create-build-directory /Users/admin/builder/spi-builder-workspace/.derivedData/Build/Products/Debug-watchos
CreateBuildDirectory /Users/admin/builder/spi-builder-workspace/.derivedData/Build/Products/Debug-watchos/PackageFrameworks
    cd /Users/admin/builder/spi-builder-workspace/.swiftpm/xcode
    builtin-create-build-directory /Users/admin/builder/spi-builder-workspace/.derivedData/Build/Products/Debug-watchos/PackageFrameworks
WriteAuxiliaryFile /Users/admin/builder/spi-builder-workspace/.derivedData/Build/Intermediates.noindex/swift-jsonpath.build/Debug-watchos/JSONPath.build/Objects-normal/arm64_32/JSONPath_const_extract_protocols.json (in target 'JSONPath' from project 'swift-jsonpath')
    cd /Users/admin/builder/spi-builder-workspace
    write-file /Users/admin/builder/spi-builder-workspace/.derivedData/Build/Intermediates.noindex/swift-jsonpath.build/Debug-watchos/JSONPath.build/Objects-normal/arm64_32/JSONPath_const_extract_protocols.json
WriteAuxiliaryFile /Users/admin/builder/spi-builder-workspace/.derivedData/Build/Intermediates.noindex/swift-jsonpath.build/Debug-watchos/JSONPath.build/Objects-normal/arm64/JSONPath.LinkFileList (in target 'JSONPath' from project 'swift-jsonpath')
    cd /Users/admin/builder/spi-builder-workspace
    write-file /Users/admin/builder/spi-builder-workspace/.derivedData/Build/Intermediates.noindex/swift-jsonpath.build/Debug-watchos/JSONPath.build/Objects-normal/arm64/JSONPath.LinkFileList
WriteAuxiliaryFile /Users/admin/builder/spi-builder-workspace/.derivedData/Build/Intermediates.noindex/swift-jsonpath.build/Debug-watchos/JSONPath.build/Objects-normal/arm64/JSONPath_const_extract_protocols.json (in target 'JSONPath' from project 'swift-jsonpath')
    cd /Users/admin/builder/spi-builder-workspace
    write-file /Users/admin/builder/spi-builder-workspace/.derivedData/Build/Intermediates.noindex/swift-jsonpath.build/Debug-watchos/JSONPath.build/Objects-normal/arm64/JSONPath_const_extract_protocols.json
WriteAuxiliaryFile /Users/admin/builder/spi-builder-workspace/.derivedData/Build/Intermediates.noindex/swift-jsonpath.build/Debug-watchos/JSONPath.build/Objects-normal/arm64/JSONPath.SwiftFileList (in target 'JSONPath' from project 'swift-jsonpath')
    cd /Users/admin/builder/spi-builder-workspace
    write-file /Users/admin/builder/spi-builder-workspace/.derivedData/Build/Intermediates.noindex/swift-jsonpath.build/Debug-watchos/JSONPath.build/Objects-normal/arm64/JSONPath.SwiftFileList
WriteAuxiliaryFile /Users/admin/builder/spi-builder-workspace/.derivedData/Build/Intermediates.noindex/swift-jsonpath.build/Debug-watchos/JSONPath.build/Objects-normal/arm64_32/JSONPath.SwiftConstValuesFileList (in target 'JSONPath' from project 'swift-jsonpath')
    cd /Users/admin/builder/spi-builder-workspace
    write-file /Users/admin/builder/spi-builder-workspace/.derivedData/Build/Intermediates.noindex/swift-jsonpath.build/Debug-watchos/JSONPath.build/Objects-normal/arm64_32/JSONPath.SwiftConstValuesFileList
WriteAuxiliaryFile /Users/admin/builder/spi-builder-workspace/.derivedData/Build/Intermediates.noindex/swift-jsonpath.build/Debug-watchos/JSONPath.build/Objects-normal/arm64_32/JSONPath.SwiftFileList (in target 'JSONPath' from project 'swift-jsonpath')
    cd /Users/admin/builder/spi-builder-workspace
    write-file /Users/admin/builder/spi-builder-workspace/.derivedData/Build/Intermediates.noindex/swift-jsonpath.build/Debug-watchos/JSONPath.build/Objects-normal/arm64_32/JSONPath.SwiftFileList
WriteAuxiliaryFile /Users/admin/builder/spi-builder-workspace/.derivedData/Build/Intermediates.noindex/swift-jsonpath.build/Debug-watchos/JSONPath.build/Objects-normal/arm64/JSONPath.SwiftConstValuesFileList (in target 'JSONPath' from project 'swift-jsonpath')
    cd /Users/admin/builder/spi-builder-workspace
    write-file /Users/admin/builder/spi-builder-workspace/.derivedData/Build/Intermediates.noindex/swift-jsonpath.build/Debug-watchos/JSONPath.build/Objects-normal/arm64/JSONPath.SwiftConstValuesFileList
WriteAuxiliaryFile /Users/admin/builder/spi-builder-workspace/.derivedData/Build/Intermediates.noindex/swift-jsonpath.build/Debug-watchos/JSONPath.build/Objects-normal/arm64_32/JSONPath.LinkFileList (in target 'JSONPath' from project 'swift-jsonpath')
    cd /Users/admin/builder/spi-builder-workspace
    write-file /Users/admin/builder/spi-builder-workspace/.derivedData/Build/Intermediates.noindex/swift-jsonpath.build/Debug-watchos/JSONPath.build/Objects-normal/arm64_32/JSONPath.LinkFileList
WriteAuxiliaryFile /Users/admin/builder/spi-builder-workspace/.derivedData/Build/Intermediates.noindex/swift-jsonpath.build/Debug-watchos/JSONPath.build/Objects-normal/arm64_32/JSONPath-OutputFileMap.json (in target 'JSONPath' from project 'swift-jsonpath')
    cd /Users/admin/builder/spi-builder-workspace
    write-file /Users/admin/builder/spi-builder-workspace/.derivedData/Build/Intermediates.noindex/swift-jsonpath.build/Debug-watchos/JSONPath.build/Objects-normal/arm64_32/JSONPath-OutputFileMap.json
WriteAuxiliaryFile /Users/admin/builder/spi-builder-workspace/.derivedData/Build/Intermediates.noindex/swift-jsonpath.build/Debug-watchos/JSONPath.build/Objects-normal/arm64/JSONPath-OutputFileMap.json (in target 'JSONPath' from project 'swift-jsonpath')
    cd /Users/admin/builder/spi-builder-workspace
    write-file /Users/admin/builder/spi-builder-workspace/.derivedData/Build/Intermediates.noindex/swift-jsonpath.build/Debug-watchos/JSONPath.build/Objects-normal/arm64/JSONPath-OutputFileMap.json
WriteAuxiliaryFile /Users/admin/builder/spi-builder-workspace/.derivedData/Build/Intermediates.noindex/swift-jsonpath.build/Debug-watchos/JSONPath.build/JSONPath.modulemap (in target 'JSONPath' from project 'swift-jsonpath')
    cd /Users/admin/builder/spi-builder-workspace
    write-file /Users/admin/builder/spi-builder-workspace/.derivedData/Build/Intermediates.noindex/swift-jsonpath.build/Debug-watchos/JSONPath.build/JSONPath.modulemap
WriteAuxiliaryFile /Users/admin/builder/spi-builder-workspace/.derivedData/Build/Intermediates.noindex/swift-jsonpath.build/Debug-watchos/JSONPath.build/JSONPath.DependencyStaticMetadataFileList (in target 'JSONPath' from project 'swift-jsonpath')
    cd /Users/admin/builder/spi-builder-workspace
    write-file /Users/admin/builder/spi-builder-workspace/.derivedData/Build/Intermediates.noindex/swift-jsonpath.build/Debug-watchos/JSONPath.build/JSONPath.DependencyStaticMetadataFileList
WriteAuxiliaryFile /Users/admin/builder/spi-builder-workspace/.derivedData/Build/Intermediates.noindex/swift-jsonpath.build/Debug-watchos/JSONPath.build/JSONPath.DependencyMetadataFileList (in target 'JSONPath' from project 'swift-jsonpath')
    cd /Users/admin/builder/spi-builder-workspace
    write-file /Users/admin/builder/spi-builder-workspace/.derivedData/Build/Intermediates.noindex/swift-jsonpath.build/Debug-watchos/JSONPath.build/JSONPath.DependencyMetadataFileList
Copy /Users/admin/builder/spi-builder-workspace/.derivedData/Build/Intermediates.noindex/GeneratedModuleMaps-watchos/JSONPath.modulemap /Users/admin/builder/spi-builder-workspace/.derivedData/Build/Intermediates.noindex/swift-jsonpath.build/Debug-watchos/JSONPath.build/JSONPath.modulemap (in target 'JSONPath' from project 'swift-jsonpath')
    cd /Users/admin/builder/spi-builder-workspace
    builtin-copy -exclude .DS_Store -exclude CVS -exclude .svn -exclude .git -exclude .hg -resolve-src-symlinks /Users/admin/builder/spi-builder-workspace/.derivedData/Build/Intermediates.noindex/swift-jsonpath.build/Debug-watchos/JSONPath.build/JSONPath.modulemap /Users/admin/builder/spi-builder-workspace/.derivedData/Build/Intermediates.noindex/GeneratedModuleMaps-watchos
SwiftDriver JSONPath normal arm64 com.apple.xcode.tools.swift.compiler (in target 'JSONPath' from project 'swift-jsonpath')
    cd /Users/admin/builder/spi-builder-workspace/.swiftpm/xcode
    builtin-SwiftDriver -- /Applications/Xcode-26.5.0.app/Contents/Developer/Toolchains/XcodeDefault.xctoolchain/usr/bin/swiftc -module-name JSONPath -Onone @/Users/admin/builder/spi-builder-workspace/.derivedData/Build/Intermediates.noindex/swift-jsonpath.build/Debug-watchos/JSONPath.build/Objects-normal/arm64/JSONPath.SwiftFileList -DSWIFT_PACKAGE -DDEBUG -DSWIFT_MODULE_RESOURCE_BUNDLE_UNAVAILABLE -DXcode -plugin-path /Applications/Xcode-26.5.0.app/Contents/Developer/Toolchains/XcodeDefault.xctoolchain/usr/lib/swift/host/plugins/testing -enable-experimental-feature DebugDescriptionMacro -sdk /Applications/Xcode-26.5.0.app/Contents/Developer/Platforms/WatchOS.platform/Developer/SDKs/WatchOS26.5.sdk -target arm64-apple-watchos9.0 -g -module-cache-path /Users/admin/builder/spi-builder-workspace/.derivedData/ModuleCache.noindex -Xfrontend -serialize-debugging-options -profile-coverage-mapping -profile-generate -enable-testing -index-store-path /Users/admin/builder/spi-builder-workspace/.derivedData/Index.noindex/DataStore -Xcc -D_LIBCPP_HARDENING_MODE\=_LIBCPP_HARDENING_MODE_DEBUG -swift-version 6 -I /Users/admin/builder/spi-builder-workspace/.derivedData/Build/Products/Debug-watchos -Isystem /Applications/Xcode-26.5.0.app/Contents/Developer/Platforms/WatchOS.platform/Developer/usr/lib -F /Users/admin/builder/spi-builder-workspace/.derivedData/Build/Products/Debug-watchos -F /Applications/Xcode-26.5.0.app/Contents/Developer/Platforms/WatchOS.platform/Developer/Library/Frameworks -F /Applications/Xcode-26.5.0.app/Contents/Developer/Platforms/WatchOS.platform/Developer/SDKs/WatchOS26.5.sdk/Developer/Library/Frameworks -c -j10 -enable-batch-mode -incremental -Xcc -ivfsstatcache -Xcc /Users/admin/builder/spi-builder-workspace/.derivedData/SDKStatCaches.noindex/watchos26.5-23T570-688ef53f1462e2c8f657fdc38a81448f7931b973dfc65d9472806dbbc3af9379.sdkstatcache -output-file-map /Users/admin/builder/spi-builder-workspace/.derivedData/Build/Intermediates.noindex/swift-jsonpath.build/Debug-watchos/JSONPath.build/Objects-normal/arm64/JSONPath-OutputFileMap.json -use-frontend-parseable-output -save-temps -no-color-diagnostics -explicit-module-build -module-cache-path /Users/admin/builder/spi-builder-workspace/.derivedData/Build/Intermediates.noindex/SwiftExplicitPrecompiledModules -clang-scanner-module-cache-path /Users/admin/builder/spi-builder-workspace/.derivedData/ModuleCache.noindex -sdk-module-cache-path /Users/admin/builder/spi-builder-workspace/.derivedData/ModuleCache.noindex -serialize-diagnostics -emit-dependencies -emit-module -emit-module-path /Users/admin/builder/spi-builder-workspace/.derivedData/Build/Intermediates.noindex/swift-jsonpath.build/Debug-watchos/JSONPath.build/Objects-normal/arm64/JSONPath.swiftmodule -validate-clang-modules-once -clang-build-session-file /Users/admin/builder/spi-builder-workspace/.derivedData/ModuleCache.noindex/Session.modulevalidation -package-name spi_builder_workspace -Xcc -I/Users/admin/builder/spi-builder-workspace/.derivedData/Build/Intermediates.noindex/swift-jsonpath.build/Debug-watchos/JSONPath.build/swift-overrides.hmap -emit-const-values -Xfrontend -const-gather-protocols-file -Xfrontend /Users/admin/builder/spi-builder-workspace/.derivedData/Build/Intermediates.noindex/swift-jsonpath.build/Debug-watchos/JSONPath.build/Objects-normal/arm64/JSONPath_const_extract_protocols.json -Xcc -I/Users/admin/builder/spi-builder-workspace/.derivedData/Build/Products/Debug-watchos/include -Xcc -I/Users/admin/builder/spi-builder-workspace/.derivedData/Build/Intermediates.noindex/swift-jsonpath.build/Debug-watchos/JSONPath.build/DerivedSources-normal/arm64 -Xcc -I/Users/admin/builder/spi-builder-workspace/.derivedData/Build/Intermediates.noindex/swift-jsonpath.build/Debug-watchos/JSONPath.build/DerivedSources/arm64 -Xcc -I/Users/admin/builder/spi-builder-workspace/.derivedData/Build/Intermediates.noindex/swift-jsonpath.build/Debug-watchos/JSONPath.build/DerivedSources -Xcc -DSWIFT_PACKAGE -Xcc -DDEBUG\=1 -emit-objc-header -emit-objc-header-path /Users/admin/builder/spi-builder-workspace/.derivedData/Build/Intermediates.noindex/swift-jsonpath.build/Debug-watchos/JSONPath.build/Objects-normal/arm64/JSONPath-Swift.h -working-directory /Users/admin/builder/spi-builder-workspace/.swiftpm/xcode -experimental-emit-module-separately -disable-cmo
SwiftDriver JSONPath normal arm64_32 com.apple.xcode.tools.swift.compiler (in target 'JSONPath' from project 'swift-jsonpath')
    cd /Users/admin/builder/spi-builder-workspace/.swiftpm/xcode
    builtin-SwiftDriver -- /Applications/Xcode-26.5.0.app/Contents/Developer/Toolchains/XcodeDefault.xctoolchain/usr/bin/swiftc -module-name JSONPath -Onone @/Users/admin/builder/spi-builder-workspace/.derivedData/Build/Intermediates.noindex/swift-jsonpath.build/Debug-watchos/JSONPath.build/Objects-normal/arm64_32/JSONPath.SwiftFileList -DSWIFT_PACKAGE -DDEBUG -DSWIFT_MODULE_RESOURCE_BUNDLE_UNAVAILABLE -DXcode -plugin-path /Applications/Xcode-26.5.0.app/Contents/Developer/Toolchains/XcodeDefault.xctoolchain/usr/lib/swift/host/plugins/testing -enable-experimental-feature DebugDescriptionMacro -sdk /Applications/Xcode-26.5.0.app/Contents/Developer/Platforms/WatchOS.platform/Developer/SDKs/WatchOS26.5.sdk -target arm64_32-apple-watchos9.0 -g -module-cache-path /Users/admin/builder/spi-builder-workspace/.derivedData/ModuleCache.noindex -Xfrontend -serialize-debugging-options -profile-coverage-mapping -profile-generate -enable-testing -index-store-path /Users/admin/builder/spi-builder-workspace/.derivedData/Index.noindex/DataStore -Xcc -D_LIBCPP_HARDENING_MODE\=_LIBCPP_HARDENING_MODE_DEBUG -swift-version 6 -I /Users/admin/builder/spi-builder-workspace/.derivedData/Build/Products/Debug-watchos -Isystem /Applications/Xcode-26.5.0.app/Contents/Developer/Platforms/WatchOS.platform/Developer/usr/lib -F /Users/admin/builder/spi-builder-workspace/.derivedData/Build/Products/Debug-watchos -F /Applications/Xcode-26.5.0.app/Contents/Developer/Platforms/WatchOS.platform/Developer/Library/Frameworks -F /Applications/Xcode-26.5.0.app/Contents/Developer/Platforms/WatchOS.platform/Developer/SDKs/WatchOS26.5.sdk/Developer/Library/Frameworks -c -j10 -enable-batch-mode -incremental -Xcc -ivfsstatcache -Xcc /Users/admin/builder/spi-builder-workspace/.derivedData/SDKStatCaches.noindex/watchos26.5-23T570-688ef53f1462e2c8f657fdc38a81448f7931b973dfc65d9472806dbbc3af9379.sdkstatcache -output-file-map /Users/admin/builder/spi-builder-workspace/.derivedData/Build/Intermediates.noindex/swift-jsonpath.build/Debug-watchos/JSONPath.build/Objects-normal/arm64_32/JSONPath-OutputFileMap.json -use-frontend-parseable-output -save-temps -no-color-diagnostics -explicit-module-build -module-cache-path /Users/admin/builder/spi-builder-workspace/.derivedData/Build/Intermediates.noindex/SwiftExplicitPrecompiledModules -clang-scanner-module-cache-path /Users/admin/builder/spi-builder-workspace/.derivedData/ModuleCache.noindex -sdk-module-cache-path /Users/admin/builder/spi-builder-workspace/.derivedData/ModuleCache.noindex -serialize-diagnostics -emit-dependencies -emit-module -emit-module-path /Users/admin/builder/spi-builder-workspace/.derivedData/Build/Intermediates.noindex/swift-jsonpath.build/Debug-watchos/JSONPath.build/Objects-normal/arm64_32/JSONPath.swiftmodule -validate-clang-modules-once -clang-build-session-file /Users/admin/builder/spi-builder-workspace/.derivedData/ModuleCache.noindex/Session.modulevalidation -package-name spi_builder_workspace -Xcc -I/Users/admin/builder/spi-builder-workspace/.derivedData/Build/Intermediates.noindex/swift-jsonpath.build/Debug-watchos/JSONPath.build/swift-overrides.hmap -emit-const-values -Xfrontend -const-gather-protocols-file -Xfrontend /Users/admin/builder/spi-builder-workspace/.derivedData/Build/Intermediates.noindex/swift-jsonpath.build/Debug-watchos/JSONPath.build/Objects-normal/arm64_32/JSONPath_const_extract_protocols.json -Xcc -I/Users/admin/builder/spi-builder-workspace/.derivedData/Build/Products/Debug-watchos/include -Xcc -I/Users/admin/builder/spi-builder-workspace/.derivedData/Build/Intermediates.noindex/swift-jsonpath.build/Debug-watchos/JSONPath.build/DerivedSources-normal/arm64_32 -Xcc -I/Users/admin/builder/spi-builder-workspace/.derivedData/Build/Intermediates.noindex/swift-jsonpath.build/Debug-watchos/JSONPath.build/DerivedSources/arm64_32 -Xcc -I/Users/admin/builder/spi-builder-workspace/.derivedData/Build/Intermediates.noindex/swift-jsonpath.build/Debug-watchos/JSONPath.build/DerivedSources -Xcc -DSWIFT_PACKAGE -Xcc -DDEBUG\=1 -emit-objc-header -emit-objc-header-path /Users/admin/builder/spi-builder-workspace/.derivedData/Build/Intermediates.noindex/swift-jsonpath.build/Debug-watchos/JSONPath.build/Objects-normal/arm64_32/JSONPath-Swift.h -working-directory /Users/admin/builder/spi-builder-workspace/.swiftpm/xcode -experimental-emit-module-separately -disable-cmo
SwiftExplicitDependencyGeneratePcm arm64 /Users/admin/builder/spi-builder-workspace/.derivedData/ModuleCache.noindex/_SwiftConcurrencyShims-6JV4TIBCO35VV8QOUUP4HYHU8.pcm
SwiftExplicitDependencyGeneratePcm arm64 /Users/admin/builder/spi-builder-workspace/.derivedData/ModuleCache.noindex/SwiftShims-BSAA6BK72NLSMMSC85W2FICHH.pcm
SwiftExplicitDependencyGeneratePcm arm64_32 /Users/admin/builder/spi-builder-workspace/.derivedData/ModuleCache.noindex/SwiftShims-Y9UOIV5KSIS0KDX5BDVVAMKQ.pcm
SwiftExplicitDependencyGeneratePcm arm64_32 /Users/admin/builder/spi-builder-workspace/.derivedData/ModuleCache.noindex/_SwiftConcurrencyShims-49MSOLZ7F449TZ0TRVKQIVZNP.pcm
SwiftCompile normal arm64_32 Compiling\ Support.swift /Users/admin/builder/spi-builder-workspace/Sources/JSONPath/Support.swift (in target 'JSONPath' from project 'swift-jsonpath')
SwiftCompile normal arm64_32 /Users/admin/builder/spi-builder-workspace/Sources/JSONPath/Support.swift (in target 'JSONPath' from project 'swift-jsonpath')
    cd /Users/admin/builder/spi-builder-workspace/.swiftpm/xcode

SwiftCompile normal arm64_32 Compiling\ RFC9535Evaluator.swift /Users/admin/builder/spi-builder-workspace/Sources/JSONPath/RFC9535Evaluator.swift (in target 'JSONPath' from project 'swift-jsonpath')
SwiftCompile normal arm64_32 /Users/admin/builder/spi-builder-workspace/Sources/JSONPath/RFC9535Evaluator.swift (in target 'JSONPath' from project 'swift-jsonpath')
    cd /Users/admin/builder/spi-builder-workspace/.swiftpm/xcode

SwiftCompile normal arm64_32 Compiling\ OrderedDictionary.swift /Users/admin/builder/spi-builder-workspace/Sources/JSONPath/OrderedDictionary.swift (in target 'JSONPath' from project 'swift-jsonpath')
SwiftCompile normal arm64_32 /Users/admin/builder/spi-builder-workspace/Sources/JSONPath/OrderedDictionary.swift (in target 'JSONPath' from project 'swift-jsonpath')
    cd /Users/admin/builder/spi-builder-workspace/.swiftpm/xcode

SwiftCompile normal arm64_32 Compiling\ JaywayParser.swift,\ Mutation.swift /Users/admin/builder/spi-builder-workspace/Sources/JSONPath/JaywayParser.swift /Users/admin/builder/spi-builder-workspace/Sources/JSONPath/Mutation.swift (in target 'JSONPath' from project 'swift-jsonpath')
SwiftCompile normal arm64_32 /Users/admin/builder/spi-builder-workspace/Sources/JSONPath/JaywayParser.swift (in target 'JSONPath' from project 'swift-jsonpath')
    cd /Users/admin/builder/spi-builder-workspace/.swiftpm/xcode

SwiftCompile normal arm64_32 /Users/admin/builder/spi-builder-workspace/Sources/JSONPath/Mutation.swift (in target 'JSONPath' from project 'swift-jsonpath')
    cd /Users/admin/builder/spi-builder-workspace/.swiftpm/xcode

SwiftCompile normal arm64_32 Compiling\ JSONValue.swift,\ JSONValueCoding.swift /Users/admin/builder/spi-builder-workspace/Sources/JSONPath/JSONValue.swift /Users/admin/builder/spi-builder-workspace/Sources/JSONPath/JSONValueCoding.swift (in target 'JSONPath' from project 'swift-jsonpath')
SwiftCompile normal arm64_32 /Users/admin/builder/spi-builder-workspace/Sources/JSONPath/JSONValue.swift (in target 'JSONPath' from project 'swift-jsonpath')
    cd /Users/admin/builder/spi-builder-workspace/.swiftpm/xcode

SwiftCompile normal arm64_32 /Users/admin/builder/spi-builder-workspace/Sources/JSONPath/JSONValueCoding.swift (in target 'JSONPath' from project 'swift-jsonpath')
    cd /Users/admin/builder/spi-builder-workspace/.swiftpm/xcode

SwiftCompile normal arm64_32 Compiling\ JSONPath.swift,\ JSONPointer.swift /Users/admin/builder/spi-builder-workspace/Sources/JSONPath/JSONPath.swift /Users/admin/builder/spi-builder-workspace/Sources/JSONPath/JSONPointer.swift (in target 'JSONPath' from project 'swift-jsonpath')
SwiftCompile normal arm64_32 /Users/admin/builder/spi-builder-workspace/Sources/JSONPath/JSONPath.swift (in target 'JSONPath' from project 'swift-jsonpath')
    cd /Users/admin/builder/spi-builder-workspace/.swiftpm/xcode

SwiftCompile normal arm64_32 /Users/admin/builder/spi-builder-workspace/Sources/JSONPath/JSONPointer.swift (in target 'JSONPath' from project 'swift-jsonpath')
    cd /Users/admin/builder/spi-builder-workspace/.swiftpm/xcode

SwiftEmitModule normal arm64_32 Emitting\ module\ for\ JSONPath (in target 'JSONPath' from project 'swift-jsonpath')
Failed frontend command:
/Applications/Xcode-26.5.0.app/Contents/Developer/Toolchains/XcodeDefault.xctoolchain/usr/bin/swift-frontend -frontend -emit-module -experimental-skip-non-inlinable-function-bodies-without-types /Users/admin/builder/spi-builder-workspace/Sources/JSONPath/AST.swift /Users/admin/builder/spi-builder-workspace/Sources/JSONPath/JSONParser.swift /Users/admin/builder/spi-builder-workspace/Sources/JSONPath/JSONPath.swift /Users/admin/builder/spi-builder-workspace/Sources/JSONPath/JSONPointer.swift /Users/admin/builder/spi-builder-workspace/Sources/JSONPath/JSONValue.swift /Users/admin/builder/spi-builder-workspace/Sources/JSONPath/JSONValueCoding.swift /Users/admin/builder/spi-builder-workspace/Sources/JSONPath/JaywayEvaluator.swift /Users/admin/builder/spi-builder-workspace/Sources/JSONPath/JaywayFunctions.swift /Users/admin/builder/spi-builder-workspace/Sources/JSONPath/JaywayParser.swift /Users/admin/builder/spi-builder-workspace/Sources/JSONPath/Mutation.swift /Users/admin/builder/spi-builder-workspace/Sources/JSONPath/NormalizedPath.swift /Users/admin/builder/spi-builder-workspace/Sources/JSONPath/OrderedDictionary.swift /Users/admin/builder/spi-builder-workspace/Sources/JSONPath/RFC9535Evaluator.swift /Users/admin/builder/spi-builder-workspace/Sources/JSONPath/RFC9535Parser.swift /Users/admin/builder/spi-builder-workspace/Sources/JSONPath/Support.swift -target arm64_32-apple-watchos9.0 -load-resolved-plugin /Applications/Xcode-26.5.0.app/Contents/Developer/Platforms/WatchOS.platform/Developer/usr/lib/swift/host/plugins/libSwiftMacros.dylib\#/Applications/Xcode-26.5.0.app/Contents/Developer/Platforms/WatchOS.platform/Developer/usr/bin/swift-plugin-server\#SwiftMacros -disable-implicit-swift-modules -Xcc -fno-implicit-modules -Xcc -fno-implicit-module-maps -explicit-swift-module-map-file /Users/admin/builder/spi-builder-workspace/.derivedData/Build/Intermediates.noindex/swift-jsonpath.build/Debug-watchos/JSONPath.build/Objects-normal/arm64_32/JSONPath-dependencies-1.json -enable-objc-interop -sdk /Applications/Xcode-26.5.0.app/Contents/Developer/Platforms/WatchOS.platform/Developer/SDKs/WatchOS26.5.sdk -I /Users/admin/builder/spi-builder-workspace/.derivedData/Build/Products/Debug-watchos -Isystem /Applications/Xcode-26.5.0.app/Contents/Developer/Platforms/WatchOS.platform/Developer/usr/lib -F /Users/admin/builder/spi-builder-workspace/.derivedData/Build/Products/Debug-watchos -F /Applications/Xcode-26.5.0.app/Contents/Developer/Platforms/WatchOS.platform/Developer/Library/Frameworks -F /Applications/Xcode-26.5.0.app/Contents/Developer/Platforms/WatchOS.platform/Developer/SDKs/WatchOS26.5.sdk/Developer/Library/Frameworks -no-color-diagnostics -Xcc -fno-color-diagnostics -enable-testing -g -debug-info-format\=dwarf -dwarf-version\=4 -module-cache-path /Users/admin/builder/spi-builder-workspace/.derivedData/Build/Intermediates.noindex/SwiftExplicitPrecompiledModules -profile-generate -profile-coverage-mapping -swift-version 6 -Onone -D SWIFT_PACKAGE -D DEBUG -D SWIFT_MODULE_RESOURCE_BUNDLE_UNAVAILABLE -D Xcode -serialize-debugging-options -const-gather-protocols-file /Users/admin/builder/spi-builder-workspace/.derivedData/Build/Intermediates.noindex/swift-jsonpath.build/Debug-watchos/JSONPath.build/Objects-normal/arm64_32/JSONPath_const_extract_protocols.json -enable-experimental-feature DebugDescriptionMacro -empty-abi-descriptor -validate-clang-modules-once -clang-build-session-file /Users/admin/builder/spi-builder-workspace/.derivedData/ModuleCache.noindex/Session.modulevalidation -Xcc -working-directory -Xcc /Users/admin/builder/spi-builder-workspace/.swiftpm/xcode -enable-anonymous-context-mangled-names -file-compilation-dir /Users/admin/builder/spi-builder-workspace/.swiftpm/xcode -Xcc -D_LIBCPP_HARDENING_MODE\=_LIBCPP_HARDENING_MODE_DEBUG -Xcc -ivfsstatcache -Xcc /Users/admin/builder/spi-builder-workspace/.derivedData/SDKStatCaches.noindex/watchos26.5-23T570-688ef53f1462e2c8f657fdc38a81448f7931b973dfc65d9472806dbbc3af9379.sdkstatcache -Xcc -I/Users/admin/builder/spi-builder-workspace/.derivedData/Build/Intermediates.noindex/swift-jsonpath.build/Debug-watchos/JSONPath.build/swift-overrides.hmap -Xcc -I/Users/admin/builder/spi-builder-workspace/.derivedData/Build/Products/Debug-watchos/include -Xcc -I/Users/admin/builder/spi-builder-workspace/.derivedData/Build/Intermediates.noindex/swift-jsonpath.build/Debug-watchos/JSONPath.build/DerivedSources-normal/arm64_32 -Xcc -I/Users/admin/builder/spi-builder-workspace/.derivedData/Build/Intermediates.noindex/swift-jsonpath.build/Debug-watchos/JSONPath.build/DerivedSources/arm64_32 -Xcc -I/Users/admin/builder/spi-builder-workspace/.derivedData/Build/Intermediates.noindex/swift-jsonpath.build/Debug-watchos/JSONPath.build/DerivedSources -Xcc -DSWIFT_PACKAGE -Xcc -DDEBUG\=1 -no-auto-bridging-header-chaining -module-name JSONPath -package-name spi_builder_workspace -frontend-parseable-output -disable-clang-spi -clang-target arm64_32-apple-watchos26.5 -target-sdk-version 26.5 -target-sdk-name watchos26.5 -in-process-plugin-server-path /Applications/Xcode-26.5.0.app/Contents/Developer/Toolchains/XcodeDefault.xctoolchain/usr/lib/swift/host/libSwiftInProcPluginServer.dylib -emit-module-doc-path /Users/admin/builder/spi-builder-workspace/.derivedData/Build/Intermediates.noindex/swift-jsonpath.build/Debug-watchos/JSONPath.build/Objects-normal/arm64_32/JSONPath.swiftdoc -emit-module-source-info-path /Users/admin/builder/spi-builder-workspace/.derivedData/Build/Intermediates.noindex/swift-jsonpath.build/Debug-watchos/JSONPath.build/Objects-normal/arm64_32/JSONPath.swiftsourceinfo -emit-objc-header-path /Users/admin/builder/spi-builder-workspace/.derivedData/Build/Intermediates.noindex/swift-jsonpath.build/Debug-watchos/JSONPath.build/Objects-normal/arm64_32/JSONPath-Swift.h -serialize-diagnostics-path /Users/admin/builder/spi-builder-workspace/.derivedData/Build/Intermediates.noindex/swift-jsonpath.build/Debug-watchos/JSONPath.build/Objects-normal/arm64_32/JSONPath-primary-emit-module.dia -emit-dependencies-path /Users/admin/builder/spi-builder-workspace/.derivedData/Build/Intermediates.noindex/swift-jsonpath.build/Debug-watchos/JSONPath.build/Objects-normal/arm64_32/JSONPath-primary-emit-module.d -o /Users/admin/builder/spi-builder-workspace/.derivedData/Build/Intermediates.noindex/swift-jsonpath.build/Debug-watchos/JSONPath.build/Objects-normal/arm64_32/JSONPath.swiftmodule -emit-abi-descriptor-path /Users/admin/builder/spi-builder-workspace/.derivedData/Build/Intermediates.noindex/swift-jsonpath.build/Debug-watchos/JSONPath.build/Objects-normal/arm64_32/JSONPath.abi.json
EmitSwiftModule normal arm64_32 (in target 'JSONPath' from project 'swift-jsonpath')
    cd /Users/admin/builder/spi-builder-workspace/.swiftpm/xcode

/Users/admin/builder/spi-builder-workspace/Sources/JSONPath/RFC9535Parser.swift:7:33: error: integer literal '9007199254740991' overflows when stored into 'Int'
    static let maxSafeInteger = 9_007_199_254_740_991
                                ^
SwiftCompile normal arm64_32 Compiling\ JaywayEvaluator.swift,\ JaywayFunctions.swift /Users/admin/builder/spi-builder-workspace/Sources/JSONPath/JaywayEvaluator.swift /Users/admin/builder/spi-builder-workspace/Sources/JSONPath/JaywayFunctions.swift (in target 'JSONPath' from project 'swift-jsonpath')
SwiftCompile normal arm64_32 /Users/admin/builder/spi-builder-workspace/Sources/JSONPath/JaywayEvaluator.swift (in target 'JSONPath' from project 'swift-jsonpath')
    cd /Users/admin/builder/spi-builder-workspace/.swiftpm/xcode

SwiftCompile normal arm64_32 /Users/admin/builder/spi-builder-workspace/Sources/JSONPath/JaywayFunctions.swift (in target 'JSONPath' from project 'swift-jsonpath')
    cd /Users/admin/builder/spi-builder-workspace/.swiftpm/xcode

SwiftCompile normal arm64_32 Compiling\ AST.swift,\ JSONParser.swift /Users/admin/builder/spi-builder-workspace/Sources/JSONPath/AST.swift /Users/admin/builder/spi-builder-workspace/Sources/JSONPath/JSONParser.swift (in target 'JSONPath' from project 'swift-jsonpath')
SwiftCompile normal arm64_32 /Users/admin/builder/spi-builder-workspace/Sources/JSONPath/AST.swift (in target 'JSONPath' from project 'swift-jsonpath')
    cd /Users/admin/builder/spi-builder-workspace/.swiftpm/xcode

SwiftCompile normal arm64_32 /Users/admin/builder/spi-builder-workspace/Sources/JSONPath/JSONParser.swift (in target 'JSONPath' from project 'swift-jsonpath')
    cd /Users/admin/builder/spi-builder-workspace/.swiftpm/xcode

SwiftCompile normal arm64_32 Compiling\ NormalizedPath.swift /Users/admin/builder/spi-builder-workspace/Sources/JSONPath/NormalizedPath.swift (in target 'JSONPath' from project 'swift-jsonpath')
SwiftCompile normal arm64_32 /Users/admin/builder/spi-builder-workspace/Sources/JSONPath/NormalizedPath.swift (in target 'JSONPath' from project 'swift-jsonpath')
    cd /Users/admin/builder/spi-builder-workspace/.swiftpm/xcode

SwiftEmitModule normal arm64 Emitting\ module\ for\ JSONPath (in target 'JSONPath' from project 'swift-jsonpath')
2026-10-22 11:13:51.750 xcodebuild[666:4035] [MT] IDERunDestination: Supported platforms for the buildables in the current scheme is empty.
** BUILD FAILED **
The following build commands failed:
	SwiftEmitModule normal arm64_32 Emitting\ module\ for\ JSONPath (in target 'JSONPath' from project 'swift-jsonpath')
	EmitSwiftModule normal arm64_32 (in target 'JSONPath' from project 'swift-jsonpath')
	Building workspace spi-builder-workspace with scheme swift-jsonpath
(3 failures)
Command line invocation:
    /Applications/Xcode-26.5.0.app/Contents/Developer/usr/bin/xcodebuild -IDEClonedSourcePackagesDirPathOverride=/Users/admin/builder/spi-builder-workspace/.dependencies -resolvePackageDependencies
Resolve Package Graph
Resolved source packages:
  swift-jsonpath: /Users/admin/builder/spi-builder-workspace
resolved source packages: swift-jsonpath
2026-10-22 11:13:55.367 xcodebuild[719:4387] [MT] IDERunDestination: Supported platforms for the buildables in the current scheme is empty.
{
  "dependencies" : [
  ],
  "manifest_display_name" : "swift-jsonpath",
  "name" : "swift-jsonpath",
  "path" : "/Users/admin/builder/spi-builder-workspace",
  "platforms" : [
    {
      "name" : "macos",
      "version" : "13.0"
    },
    {
      "name" : "ios",
      "version" : "16.0"
    },
    {
      "name" : "tvos",
      "version" : "16.0"
    },
    {
      "name" : "watchos",
      "version" : "9.0"
    },
    {
      "name" : "visionos",
      "version" : "1.0"
    }
  ],
  "products" : [
    {
      "name" : "JSONPath",
      "targets" : [
        "JSONPath"
      ],
      "type" : {
        "library" : [
          "automatic"
        ]
      }
    }
  ],
  "swift_languages_versions" : [
    "6"
  ],
  "targets" : [
    {
      "c99name" : "JSONPathTests",
      "module_type" : "SwiftTarget",
      "name" : "JSONPathTests",
      "path" : "Tests/JSONPathTests",
      "sources" : [
        "ComplianceTestSuite.swift",
        "JSONPathAPITests.swift",
        "JSONValueCodingTests.swift",
        "ReadmeTests.swift",
        "Sextant/ArrayIndexFilterTest+Sextant.swift",
        "Sextant/ArrayPathTokenTest+Sextant.swift",
        "Sextant/ArraySlicingTest+Sextant.swift",
        "Sextant/ComplianceTest+Sextant.swift",
        "Sextant/DeepScanTest+Sextant.swift",
        "Sextant/ExamplesTest+Sextant.swift",
        "Sextant/FilterTest+Sextant.swift",
        "Sextant/InlineFilterTest+Sextant.swift",
        "Sextant/JSONEntityPathFunctionTest+Sextant.swift",
        "Sextant/JsonPathComparisonFixesTest+Sextant.swift",
        "Sextant/JsonPathTest+Sextant.swift",
        "Sextant/MultiPropTest+Sextant.swift",
        "Sextant/NestedFunctionTest+Sextant.swift",
        "Sextant/NullHandlingTest+Sextant.swift",
        "Sextant/NumericPathFunctionTest+Sextant.swift",
        "Sextant/PathCompilerTest+Sextant.swift",
        "Sextant/PredicatePathTokenTest+Sextant.swift",
        "Sextant/PropertyPathTokenTest+Sextant.swift",
        "Sextant/RegexTests+Sextant.swift",
        "Sextant/ReturnTypeTests+Sextant.swift",
        "Sextant/ScanPathTokenTest+Sextant.swift",
        "Sextant/SextantTestCase.swift",
        "Sextant/UpdateTest+Sextant.swift",
        "Support/Environment.swift"
      ],
      "target_dependencies" : [
        "JSONPath"
      ],
      "type" : "test"
    },
    {
      "c99name" : "JSONPath",
      "module_type" : "SwiftTarget",
      "name" : "JSONPath",
      "path" : "Sources/JSONPath",
      "product_memberships" : [
        "JSONPath"
      ],
      "sources" : [
        "AST.swift",
        "JSONParser.swift",
        "JSONPath.swift",
        "JSONPointer.swift",
        "JSONValue.swift",
        "JSONValueCoding.swift",
        "JaywayEvaluator.swift",
        "JaywayFunctions.swift",
        "JaywayParser.swift",
        "Mutation.swift",
        "NormalizedPath.swift",
        "OrderedDictionary.swift",
        "RFC9535Evaluator.swift",
        "RFC9535Parser.swift",
        "Support.swift"
      ],
      "type" : "library"
    }
  ],
  "tools_version" : "6.0"
}
{
  "workspace" : {
    "name" : "spi-builder-workspace",
    "schemes" : [
      "swift-jsonpath"
    ]
  }
}
2026-10-22 11:13:56.494 xcodebuild[730:4458] [MT] IDERunDestination: Supported platforms for the buildables in the current scheme is empty.
Running build ...
env DEVELOPER_DIR=/Applications/Xcode-26.5.0.app xcrun xcodebuild -IDEClonedSourcePackagesDirPathOverride=$PWD/.dependencies -skipMacroValidation -skipPackagePluginValidation -derivedDataPath $PWD/.derivedData build -scheme swift-jsonpath -destination generic/platform=watchOS
Command line invocation:
    /Applications/Xcode-26.5.0.app/Contents/Developer/usr/bin/xcodebuild -IDEClonedSourcePackagesDirPathOverride=/Users/admin/builder/spi-builder-workspace/.dependencies -skipMacroValidation -skipPackagePluginValidation -derivedDataPath /Users/admin/builder/spi-builder-workspace/.derivedData build -scheme swift-jsonpath -destination generic/platform=watchOS
Resolve Package Graph
Resolved source packages:
  swift-jsonpath: /Users/admin/builder/spi-builder-workspace
ComputePackagePrebuildTargetDependencyGraph
Prepare packages
CreateBuildRequest
SendProjectDescription
CreateBuildOperation
ComputeTargetDependencyGraph
note: Building targets in dependency order
note: Target dependency graph (2 targets)
    Target 'JSONPath' in project 'swift-jsonpath'
        ➜ Explicit dependency on target 'JSONPath' in project 'swift-jsonpath'
    Target 'JSONPath' in project 'swift-jsonpath' (no dependencies)
GatherProvisioningInputs
CreateBuildDescription
ClangStatCache /Applications/Xcode-26.5.0.app/Contents/Developer/Toolchains/XcodeDefault.xctoolchain/usr/bin/clang-stat-cache /Applications/Xcode-26.5.0.app/Contents/Developer/Platforms/WatchOS.platform/Developer/SDKs/WatchOS26.5.sdk /Users/admin/builder/spi-builder-workspace/.derivedData/SDKStatCaches.noindex/watchos26.5-23T570-688ef53f1462e2c8f657fdc38a81448f7931b973dfc65d9472806dbbc3af9379.sdkstatcache
    cd /Users/admin/builder/spi-builder-workspace/.swiftpm/xcode
    /Applications/Xcode-26.5.0.app/Contents/Developer/Toolchains/XcodeDefault.xctoolchain/usr/bin/clang-stat-cache /Applications/Xcode-26.5.0.app/Contents/Developer/Platforms/WatchOS.platform/Developer/SDKs/WatchOS26.5.sdk -o /Users/admin/builder/spi-builder-workspace/.derivedData/SDKStatCaches.noindex/watchos26.5-23T570-688ef53f1462e2c8f657fdc38a81448f7931b973dfc65d9472806dbbc3af9379.sdkstatcache
SwiftDriver JSONPath normal arm64 com.apple.xcode.tools.swift.compiler (in target 'JSONPath' from project 'swift-jsonpath')
    cd /Users/admin/builder/spi-builder-workspace/.swiftpm/xcode
    builtin-SwiftDriver -- /Applications/Xcode-26.5.0.app/Contents/Developer/Toolchains/XcodeDefault.xctoolchain/usr/bin/swiftc -module-name JSONPath -Onone @/Users/admin/builder/spi-builder-workspace/.derivedData/Build/Intermediates.noindex/swift-jsonpath.build/Debug-watchos/JSONPath.build/Objects-normal/arm64/JSONPath.SwiftFileList -DSWIFT_PACKAGE -DDEBUG -DSWIFT_MODULE_RESOURCE_BUNDLE_UNAVAILABLE -DXcode -plugin-path /Applications/Xcode-26.5.0.app/Contents/Developer/Toolchains/XcodeDefault.xctoolchain/usr/lib/swift/host/plugins/testing -enable-experimental-feature DebugDescriptionMacro -sdk /Applications/Xcode-26.5.0.app/Contents/Developer/Platforms/WatchOS.platform/Developer/SDKs/WatchOS26.5.sdk -target arm64-apple-watchos9.0 -g -module-cache-path /Users/admin/builder/spi-builder-workspace/.derivedData/ModuleCache.noindex -Xfrontend -serialize-debugging-options -profile-coverage-mapping -profile-generate -enable-testing -index-store-path /Users/admin/builder/spi-builder-workspace/.derivedData/Index.noindex/DataStore -Xcc -D_LIBCPP_HARDENING_MODE\=_LIBCPP_HARDENING_MODE_DEBUG -swift-version 6 -I /Users/admin/builder/spi-builder-workspace/.derivedData/Build/Products/Debug-watchos -Isystem /Applications/Xcode-26.5.0.app/Contents/Developer/Platforms/WatchOS.platform/Developer/usr/lib -F /Users/admin/builder/spi-builder-workspace/.derivedData/Build/Products/Debug-watchos -F /Applications/Xcode-26.5.0.app/Contents/Developer/Platforms/WatchOS.platform/Developer/Library/Frameworks -F /Applications/Xcode-26.5.0.app/Contents/Developer/Platforms/WatchOS.platform/Developer/SDKs/WatchOS26.5.sdk/Developer/Library/Frameworks -c -j10 -enable-batch-mode -incremental -Xcc -ivfsstatcache -Xcc /Users/admin/builder/spi-builder-workspace/.derivedData/SDKStatCaches.noindex/watchos26.5-23T570-688ef53f1462e2c8f657fdc38a81448f7931b973dfc65d9472806dbbc3af9379.sdkstatcache -output-file-map /Users/admin/builder/spi-builder-workspace/.derivedData/Build/Intermediates.noindex/swift-jsonpath.build/Debug-watchos/JSONPath.build/Objects-normal/arm64/JSONPath-OutputFileMap.json -use-frontend-parseable-output -save-temps -no-color-diagnostics -explicit-module-build -module-cache-path /Users/admin/builder/spi-builder-workspace/.derivedData/Build/Intermediates.noindex/SwiftExplicitPrecompiledModules -clang-scanner-module-cache-path /Users/admin/builder/spi-builder-workspace/.derivedData/ModuleCache.noindex -sdk-module-cache-path /Users/admin/builder/spi-builder-workspace/.derivedData/ModuleCache.noindex -serialize-diagnostics -emit-dependencies -emit-module -emit-module-path /Users/admin/builder/spi-builder-workspace/.derivedData/Build/Intermediates.noindex/swift-jsonpath.build/Debug-watchos/JSONPath.build/Objects-normal/arm64/JSONPath.swiftmodule -validate-clang-modules-once -clang-build-session-file /Users/admin/builder/spi-builder-workspace/.derivedData/ModuleCache.noindex/Session.modulevalidation -package-name spi_builder_workspace -Xcc -I/Users/admin/builder/spi-builder-workspace/.derivedData/Build/Intermediates.noindex/swift-jsonpath.build/Debug-watchos/JSONPath.build/swift-overrides.hmap -emit-const-values -Xfrontend -const-gather-protocols-file -Xfrontend /Users/admin/builder/spi-builder-workspace/.derivedData/Build/Intermediates.noindex/swift-jsonpath.build/Debug-watchos/JSONPath.build/Objects-normal/arm64/JSONPath_const_extract_protocols.json -Xcc -I/Users/admin/builder/spi-builder-workspace/.derivedData/Build/Products/Debug-watchos/include -Xcc -I/Users/admin/builder/spi-builder-workspace/.derivedData/Build/Intermediates.noindex/swift-jsonpath.build/Debug-watchos/JSONPath.build/DerivedSources-normal/arm64 -Xcc -I/Users/admin/builder/spi-builder-workspace/.derivedData/Build/Intermediates.noindex/swift-jsonpath.build/Debug-watchos/JSONPath.build/DerivedSources/arm64 -Xcc -I/Users/admin/builder/spi-builder-workspace/.derivedData/Build/Intermediates.noindex/swift-jsonpath.build/Debug-watchos/JSONPath.build/DerivedSources -Xcc -DSWIFT_PACKAGE -Xcc -DDEBUG\=1 -emit-objc-header -emit-objc-header-path /Users/admin/builder/spi-builder-workspace/.derivedData/Build/Intermediates.noindex/swift-jsonpath.build/Debug-watchos/JSONPath.build/Objects-normal/arm64/JSONPath-Swift.h -working-directory /Users/admin/builder/spi-builder-workspace/.swiftpm/xcode -experimental-emit-module-separately -disable-cmo
SwiftDriver JSONPath normal arm64_32 com.apple.xcode.tools.swift.compiler (in target 'JSONPath' from project 'swift-jsonpath')
    cd /Users/admin/builder/spi-builder-workspace/.swiftpm/xcode
    builtin-SwiftDriver -- /Applications/Xcode-26.5.0.app/Contents/Developer/Toolchains/XcodeDefault.xctoolchain/usr/bin/swiftc -module-name JSONPath -Onone @/Users/admin/builder/spi-builder-workspace/.derivedData/Build/Intermediates.noindex/swift-jsonpath.build/Debug-watchos/JSONPath.build/Objects-normal/arm64_32/JSONPath.SwiftFileList -DSWIFT_PACKAGE -DDEBUG -DSWIFT_MODULE_RESOURCE_BUNDLE_UNAVAILABLE -DXcode -plugin-path /Applications/Xcode-26.5.0.app/Contents/Developer/Toolchains/XcodeDefault.xctoolchain/usr/lib/swift/host/plugins/testing -enable-experimental-feature DebugDescriptionMacro -sdk /Applications/Xcode-26.5.0.app/Contents/Developer/Platforms/WatchOS.platform/Developer/SDKs/WatchOS26.5.sdk -target arm64_32-apple-watchos9.0 -g -module-cache-path /Users/admin/builder/spi-builder-workspace/.derivedData/ModuleCache.noindex -Xfrontend -serialize-debugging-options -profile-coverage-mapping -profile-generate -enable-testing -index-store-path /Users/admin/builder/spi-builder-workspace/.derivedData/Index.noindex/DataStore -Xcc -D_LIBCPP_HARDENING_MODE\=_LIBCPP_HARDENING_MODE_DEBUG -swift-version 6 -I /Users/admin/builder/spi-builder-workspace/.derivedData/Build/Products/Debug-watchos -Isystem /Applications/Xcode-26.5.0.app/Contents/Developer/Platforms/WatchOS.platform/Developer/usr/lib -F /Users/admin/builder/spi-builder-workspace/.derivedData/Build/Products/Debug-watchos -F /Applications/Xcode-26.5.0.app/Contents/Developer/Platforms/WatchOS.platform/Developer/Library/Frameworks -F /Applications/Xcode-26.5.0.app/Contents/Developer/Platforms/WatchOS.platform/Developer/SDKs/WatchOS26.5.sdk/Developer/Library/Frameworks -c -j10 -enable-batch-mode -incremental -Xcc -ivfsstatcache -Xcc /Users/admin/builder/spi-builder-workspace/.derivedData/SDKStatCaches.noindex/watchos26.5-23T570-688ef53f1462e2c8f657fdc38a81448f7931b973dfc65d9472806dbbc3af9379.sdkstatcache -output-file-map /Users/admin/builder/spi-builder-workspace/.derivedData/Build/Intermediates.noindex/swift-jsonpath.build/Debug-watchos/JSONPath.build/Objects-normal/arm64_32/JSONPath-OutputFileMap.json -use-frontend-parseable-output -save-temps -no-color-diagnostics -explicit-module-build -module-cache-path /Users/admin/builder/spi-builder-workspace/.derivedData/Build/Intermediates.noindex/SwiftExplicitPrecompiledModules -clang-scanner-module-cache-path /Users/admin/builder/spi-builder-workspace/.derivedData/ModuleCache.noindex -sdk-module-cache-path /Users/admin/builder/spi-builder-workspace/.derivedData/ModuleCache.noindex -serialize-diagnostics -emit-dependencies -emit-module -emit-module-path /Users/admin/builder/spi-builder-workspace/.derivedData/Build/Intermediates.noindex/swift-jsonpath.build/Debug-watchos/JSONPath.build/Objects-normal/arm64_32/JSONPath.swiftmodule -validate-clang-modules-once -clang-build-session-file /Users/admin/builder/spi-builder-workspace/.derivedData/ModuleCache.noindex/Session.modulevalidation -package-name spi_builder_workspace -Xcc -I/Users/admin/builder/spi-builder-workspace/.derivedData/Build/Intermediates.noindex/swift-jsonpath.build/Debug-watchos/JSONPath.build/swift-overrides.hmap -emit-const-values -Xfrontend -const-gather-protocols-file -Xfrontend /Users/admin/builder/spi-builder-workspace/.derivedData/Build/Intermediates.noindex/swift-jsonpath.build/Debug-watchos/JSONPath.build/Objects-normal/arm64_32/JSONPath_const_extract_protocols.json -Xcc -I/Users/admin/builder/spi-builder-workspace/.derivedData/Build/Products/Debug-watchos/include -Xcc -I/Users/admin/builder/spi-builder-workspace/.derivedData/Build/Intermediates.noindex/swift-jsonpath.build/Debug-watchos/JSONPath.build/DerivedSources-normal/arm64_32 -Xcc -I/Users/admin/builder/spi-builder-workspace/.derivedData/Build/Intermediates.noindex/swift-jsonpath.build/Debug-watchos/JSONPath.build/DerivedSources/arm64_32 -Xcc -I/Users/admin/builder/spi-builder-workspace/.derivedData/Build/Intermediates.noindex/swift-jsonpath.build/Debug-watchos/JSONPath.build/DerivedSources -Xcc -DSWIFT_PACKAGE -Xcc -DDEBUG\=1 -emit-objc-header -emit-objc-header-path /Users/admin/builder/spi-builder-workspace/.derivedData/Build/Intermediates.noindex/swift-jsonpath.build/Debug-watchos/JSONPath.build/Objects-normal/arm64_32/JSONPath-Swift.h -working-directory /Users/admin/builder/spi-builder-workspace/.swiftpm/xcode -experimental-emit-module-separately -disable-cmo
SwiftEmitModule normal arm64_32 Emitting\ module\ for\ JSONPath (in target 'JSONPath' from project 'swift-jsonpath')
EmitSwiftModule normal arm64_32 (in target 'JSONPath' from project 'swift-jsonpath')
    cd /Users/admin/builder/spi-builder-workspace/.swiftpm/xcode

/Users/admin/builder/spi-builder-workspace/Sources/JSONPath/RFC9535Parser.swift:7:33: error: integer literal '9007199254740991' overflows when stored into 'Int'
    static let maxSafeInteger = 9_007_199_254_740_991
                                ^
Failed frontend command:
/Applications/Xcode-26.5.0.app/Contents/Developer/Toolchains/XcodeDefault.xctoolchain/usr/bin/swift-frontend -frontend -emit-module -experimental-skip-non-inlinable-function-bodies-without-types /Users/admin/builder/spi-builder-workspace/Sources/JSONPath/AST.swift /Users/admin/builder/spi-builder-workspace/Sources/JSONPath/JSONParser.swift /Users/admin/builder/spi-builder-workspace/Sources/JSONPath/JSONPath.swift /Users/admin/builder/spi-builder-workspace/Sources/JSONPath/JSONPointer.swift /Users/admin/builder/spi-builder-workspace/Sources/JSONPath/JSONValue.swift /Users/admin/builder/spi-builder-workspace/Sources/JSONPath/JSONValueCoding.swift /Users/admin/builder/spi-builder-workspace/Sources/JSONPath/JaywayEvaluator.swift /Users/admin/builder/spi-builder-workspace/Sources/JSONPath/JaywayFunctions.swift /Users/admin/builder/spi-builder-workspace/Sources/JSONPath/JaywayParser.swift /Users/admin/builder/spi-builder-workspace/Sources/JSONPath/Mutation.swift /Users/admin/builder/spi-builder-workspace/Sources/JSONPath/NormalizedPath.swift /Users/admin/builder/spi-builder-workspace/Sources/JSONPath/OrderedDictionary.swift /Users/admin/builder/spi-builder-workspace/Sources/JSONPath/RFC9535Evaluator.swift /Users/admin/builder/spi-builder-workspace/Sources/JSONPath/RFC9535Parser.swift /Users/admin/builder/spi-builder-workspace/Sources/JSONPath/Support.swift -target arm64_32-apple-watchos9.0 -load-resolved-plugin /Applications/Xcode-26.5.0.app/Contents/Developer/Platforms/WatchOS.platform/Developer/usr/lib/swift/host/plugins/libSwiftMacros.dylib\#/Applications/Xcode-26.5.0.app/Contents/Developer/Platforms/WatchOS.platform/Developer/usr/bin/swift-plugin-server\#SwiftMacros -disable-implicit-swift-modules -Xcc -fno-implicit-modules -Xcc -fno-implicit-module-maps -explicit-swift-module-map-file /Users/admin/builder/spi-builder-workspace/.derivedData/Build/Intermediates.noindex/swift-jsonpath.build/Debug-watchos/JSONPath.build/Objects-normal/arm64_32/JSONPath-dependencies-1.json -enable-objc-interop -sdk /Applications/Xcode-26.5.0.app/Contents/Developer/Platforms/WatchOS.platform/Developer/SDKs/WatchOS26.5.sdk -I /Users/admin/builder/spi-builder-workspace/.derivedData/Build/Products/Debug-watchos -Isystem /Applications/Xcode-26.5.0.app/Contents/Developer/Platforms/WatchOS.platform/Developer/usr/lib -F /Users/admin/builder/spi-builder-workspace/.derivedData/Build/Products/Debug-watchos -F /Applications/Xcode-26.5.0.app/Contents/Developer/Platforms/WatchOS.platform/Developer/Library/Frameworks -F /Applications/Xcode-26.5.0.app/Contents/Developer/Platforms/WatchOS.platform/Developer/SDKs/WatchOS26.5.sdk/Developer/Library/Frameworks -no-color-diagnostics -Xcc -fno-color-diagnostics -enable-testing -g -debug-info-format\=dwarf -dwarf-version\=4 -module-cache-path /Users/admin/builder/spi-builder-workspace/.derivedData/Build/Intermediates.noindex/SwiftExplicitPrecompiledModules -profile-generate -profile-coverage-mapping -swift-version 6 -Onone -D SWIFT_PACKAGE -D DEBUG -D SWIFT_MODULE_RESOURCE_BUNDLE_UNAVAILABLE -D Xcode -serialize-debugging-options -const-gather-protocols-file /Users/admin/builder/spi-builder-workspace/.derivedData/Build/Intermediates.noindex/swift-jsonpath.build/Debug-watchos/JSONPath.build/Objects-normal/arm64_32/JSONPath_const_extract_protocols.json -enable-experimental-feature DebugDescriptionMacro -empty-abi-descriptor -validate-clang-modules-once -clang-build-session-file /Users/admin/builder/spi-builder-workspace/.derivedData/ModuleCache.noindex/Session.modulevalidation -Xcc -working-directory -Xcc /Users/admin/builder/spi-builder-workspace/.swiftpm/xcode -enable-anonymous-context-mangled-names -file-compilation-dir /Users/admin/builder/spi-builder-workspace/.swiftpm/xcode -Xcc -D_LIBCPP_HARDENING_MODE\=_LIBCPP_HARDENING_MODE_DEBUG -Xcc -ivfsstatcache -Xcc /Users/admin/builder/spi-builder-workspace/.derivedData/SDKStatCaches.noindex/watchos26.5-23T570-688ef53f1462e2c8f657fdc38a81448f7931b973dfc65d9472806dbbc3af9379.sdkstatcache -Xcc -I/Users/admin/builder/spi-builder-workspace/.derivedData/Build/Intermediates.noindex/swift-jsonpath.build/Debug-watchos/JSONPath.build/swift-overrides.hmap -Xcc -I/Users/admin/builder/spi-builder-workspace/.derivedData/Build/Products/Debug-watchos/include -Xcc -I/Users/admin/builder/spi-builder-workspace/.derivedData/Build/Intermediates.noindex/swift-jsonpath.build/Debug-watchos/JSONPath.build/DerivedSources-normal/arm64_32 -Xcc -I/Users/admin/builder/spi-builder-workspace/.derivedData/Build/Intermediates.noindex/swift-jsonpath.build/Debug-watchos/JSONPath.build/DerivedSources/arm64_32 -Xcc -I/Users/admin/builder/spi-builder-workspace/.derivedData/Build/Intermediates.noindex/swift-jsonpath.build/Debug-watchos/JSONPath.build/DerivedSources -Xcc -DSWIFT_PACKAGE -Xcc -DDEBUG\=1 -no-auto-bridging-header-chaining -module-name JSONPath -package-name spi_builder_workspace -frontend-parseable-output -disable-clang-spi -clang-target arm64_32-apple-watchos26.5 -target-sdk-version 26.5 -target-sdk-name watchos26.5 -in-process-plugin-server-path /Applications/Xcode-26.5.0.app/Contents/Developer/Toolchains/XcodeDefault.xctoolchain/usr/lib/swift/host/libSwiftInProcPluginServer.dylib -emit-module-doc-path /Users/admin/builder/spi-builder-workspace/.derivedData/Build/Intermediates.noindex/swift-jsonpath.build/Debug-watchos/JSONPath.build/Objects-normal/arm64_32/JSONPath.swiftdoc -emit-module-source-info-path /Users/admin/builder/spi-builder-workspace/.derivedData/Build/Intermediates.noindex/swift-jsonpath.build/Debug-watchos/JSONPath.build/Objects-normal/arm64_32/JSONPath.swiftsourceinfo -emit-objc-header-path /Users/admin/builder/spi-builder-workspace/.derivedData/Build/Intermediates.noindex/swift-jsonpath.build/Debug-watchos/JSONPath.build/Objects-normal/arm64_32/JSONPath-Swift.h -serialize-diagnostics-path /Users/admin/builder/spi-builder-workspace/.derivedData/Build/Intermediates.noindex/swift-jsonpath.build/Debug-watchos/JSONPath.build/Objects-normal/arm64_32/JSONPath-primary-emit-module.dia -emit-dependencies-path /Users/admin/builder/spi-builder-workspace/.derivedData/Build/Intermediates.noindex/swift-jsonpath.build/Debug-watchos/JSONPath.build/Objects-normal/arm64_32/JSONPath-primary-emit-module.d -o /Users/admin/builder/spi-builder-workspace/.derivedData/Build/Intermediates.noindex/swift-jsonpath.build/Debug-watchos/JSONPath.build/Objects-normal/arm64_32/JSONPath.swiftmodule -emit-abi-descriptor-path /Users/admin/builder/spi-builder-workspace/.derivedData/Build/Intermediates.noindex/swift-jsonpath.build/Debug-watchos/JSONPath.build/Objects-normal/arm64_32/JSONPath.abi.json
SwiftCompile normal arm64_32 Compiling\ RFC9535Parser.swift /Users/admin/builder/spi-builder-workspace/Sources/JSONPath/RFC9535Parser.swift (in target 'JSONPath' from project 'swift-jsonpath')
SwiftCompile normal arm64_32 /Users/admin/builder/spi-builder-workspace/Sources/JSONPath/RFC9535Parser.swift (in target 'JSONPath' from project 'swift-jsonpath')
    cd /Users/admin/builder/spi-builder-workspace/.swiftpm/xcode

SwiftCompile normal arm64_32 Compiling\ JaywayEvaluator.swift,\ JaywayFunctions.swift /Users/admin/builder/spi-builder-workspace/Sources/JSONPath/JaywayEvaluator.swift /Users/admin/builder/spi-builder-workspace/Sources/JSONPath/JaywayFunctions.swift (in target 'JSONPath' from project 'swift-jsonpath')
SwiftCompile normal arm64_32 /Users/admin/builder/spi-builder-workspace/Sources/JSONPath/JaywayEvaluator.swift (in target 'JSONPath' from project 'swift-jsonpath')
    cd /Users/admin/builder/spi-builder-workspace/.swiftpm/xcode

SwiftCompile normal arm64_32 /Users/admin/builder/spi-builder-workspace/Sources/JSONPath/JaywayFunctions.swift (in target 'JSONPath' from project 'swift-jsonpath')
    cd /Users/admin/builder/spi-builder-workspace/.swiftpm/xcode

SwiftCompile normal arm64_32 Compiling\ NormalizedPath.swift /Users/admin/builder/spi-builder-workspace/Sources/JSONPath/NormalizedPath.swift (in target 'JSONPath' from project 'swift-jsonpath')
SwiftCompile normal arm64_32 /Users/admin/builder/spi-builder-workspace/Sources/JSONPath/NormalizedPath.swift (in target 'JSONPath' from project 'swift-jsonpath')
    cd /Users/admin/builder/spi-builder-workspace/.swiftpm/xcode

SwiftCompile normal arm64_32 Compiling\ OrderedDictionary.swift /Users/admin/builder/spi-builder-workspace/Sources/JSONPath/OrderedDictionary.swift (in target 'JSONPath' from project 'swift-jsonpath')
SwiftCompile normal arm64_32 /Users/admin/builder/spi-builder-workspace/Sources/JSONPath/OrderedDictionary.swift (in target 'JSONPath' from project 'swift-jsonpath')
    cd /Users/admin/builder/spi-builder-workspace/.swiftpm/xcode

SwiftCompile normal arm64_32 Compiling\ JSONValue.swift,\ JSONValueCoding.swift /Users/admin/builder/spi-builder-workspace/Sources/JSONPath/JSONValue.swift /Users/admin/builder/spi-builder-workspace/Sources/JSONPath/JSONValueCoding.swift (in target 'JSONPath' from project 'swift-jsonpath')
SwiftCompile normal arm64_32 /Users/admin/builder/spi-builder-workspace/Sources/JSONPath/JSONValue.swift (in target 'JSONPath' from project 'swift-jsonpath')
    cd /Users/admin/builder/spi-builder-workspace/.swiftpm/xcode

SwiftCompile normal arm64_32 /Users/admin/builder/spi-builder-workspace/Sources/JSONPath/JSONValueCoding.swift (in target 'JSONPath' from project 'swift-jsonpath')
    cd /Users/admin/builder/spi-builder-workspace/.swiftpm/xcode

SwiftCompile normal arm64_32 Compiling\ RFC9535Evaluator.swift /Users/admin/builder/spi-builder-workspace/Sources/JSONPath/RFC9535Evaluator.swift (in target 'JSONPath' from project 'swift-jsonpath')
SwiftCompile normal arm64_32 /Users/admin/builder/spi-builder-workspace/Sources/JSONPath/RFC9535Evaluator.swift (in target 'JSONPath' from project 'swift-jsonpath')
    cd /Users/admin/builder/spi-builder-workspace/.swiftpm/xcode

SwiftCompile normal arm64_32 Compiling\ AST.swift,\ JSONParser.swift /Users/admin/builder/spi-builder-workspace/Sources/JSONPath/AST.swift /Users/admin/builder/spi-builder-workspace/Sources/JSONPath/JSONParser.swift (in target 'JSONPath' from project 'swift-jsonpath')
SwiftCompile normal arm64_32 /Users/admin/builder/spi-builder-workspace/Sources/JSONPath/AST.swift (in target 'JSONPath' from project 'swift-jsonpath')
    cd /Users/admin/builder/spi-builder-workspace/.swiftpm/xcode

SwiftCompile normal arm64_32 /Users/admin/builder/spi-builder-workspace/Sources/JSONPath/JSONParser.swift (in target 'JSONPath' from project 'swift-jsonpath')
    cd /Users/admin/builder/spi-builder-workspace/.swiftpm/xcode

SwiftCompile normal arm64_32 Compiling\ JSONPath.swift,\ JSONPointer.swift /Users/admin/builder/spi-builder-workspace/Sources/JSONPath/JSONPath.swift /Users/admin/builder/spi-builder-workspace/Sources/JSONPath/JSONPointer.swift (in target 'JSONPath' from project 'swift-jsonpath')
SwiftCompile normal arm64_32 /Users/admin/builder/spi-builder-workspace/Sources/JSONPath/JSONPath.swift (in target 'JSONPath' from project 'swift-jsonpath')
    cd /Users/admin/builder/spi-builder-workspace/.swiftpm/xcode

SwiftCompile normal arm64_32 /Users/admin/builder/spi-builder-workspace/Sources/JSONPath/JSONPointer.swift (in target 'JSONPath' from project 'swift-jsonpath')
    cd /Users/admin/builder/spi-builder-workspace/.swiftpm/xcode

SwiftCompile normal arm64_32 Compiling\ Support.swift /Users/admin/builder/spi-builder-workspace/Sources/JSONPath/Support.swift (in target 'JSONPath' from project 'swift-jsonpath')
SwiftCompile normal arm64_32 /Users/admin/builder/spi-builder-workspace/Sources/JSONPath/Support.swift (in target 'JSONPath' from project 'swift-jsonpath')
    cd /Users/admin/builder/spi-builder-workspace/.swiftpm/xcode

SwiftEmitModule normal arm64 Emitting\ module\ for\ JSONPath (in target 'JSONPath' from project 'swift-jsonpath')
2026-10-22 11:13:57.371 xcodebuild[733:4500] [MT] IDERunDestination: Supported platforms for the buildables in the current scheme is empty.
** BUILD FAILED **
The following build commands failed:
	EmitSwiftModule normal arm64_32 (in target 'JSONPath' from project 'swift-jsonpath')
	SwiftEmitModule normal arm64_32 Emitting\ module\ for\ JSONPath (in target 'JSONPath' from project 'swift-jsonpath')
	Building workspace spi-builder-workspace with scheme swift-jsonpath
(3 failures)
BUILD FAILURE 6.3 watchOS