Build Information
Failed to build PlusNightMode, reference main (101c4b), with Swift 6.4 for tvOS using Xcode 27.0 on 22 Sep 2026 21:39:18 UTC.
Build Command
env DEVELOPER_DIR=/Applications/Xcode-27.0.0-Release.Candidate.app xcrun xcodebuild -IDEClonedSourcePackagesDirPathOverride=$PWD/.dependencies -skipMacroValidation -skipPackagePluginValidation -derivedDataPath $PWD/.derivedData build -scheme PlusNightMode -destination generic/platform=tvOSBuild Log
========================================
RunAll
========================================
Builder version: 5.1.0
Interrupt handler set up.
========================================
Checkout
========================================
Clone URL: https://github.com/DandyLyons/PlusNightMode.git
Reference: main
Initialized empty Git repository in /Users/admin/builder/spi-builder-workspace/.git/
From https://github.com/DandyLyons/PlusNightMode
* branch main -> FETCH_HEAD
* [new branch] main -> origin/main
HEAD is now at 101c4b8 Remove retroactive CustomDebugStringConvertible conformance
Cloned https://github.com/DandyLyons/PlusNightMode.git
Revision (git rev-parse @):
101c4b88d9dad0aee2929837ec4698e5055e7389
SPI manifest file found: $PWD/.spi.yml
SUCCESS checkout https://github.com/DandyLyons/PlusNightMode.git at main
========================================
Build
========================================
Selected platform: tvOS
Swift version: 6.4
Building package at path: $PWD
https://github.com/DandyLyons/PlusNightMode.git
Command line invocation:
/Applications/Xcode-27.0.0-Release.Candidate.app/Contents/Developer/usr/bin/xcodebuild -IDEClonedSourcePackagesDirPathOverride=/Users/admin/builder/spi-builder-workspace/.dependencies -resolvePackageDependencies
Resolve Package Graph
Fetching from https://github.com/pointfreeco/swift-snapshot-testing.git
Fetching from https://github.com/swiftlang/swift-syntax
Fetching from https://github.com/pointfreeco/swift-custom-dump
Fetching from https://github.com/pointfreeco/swift-issue-reporting
Creating working copy of package ‘swift-snapshot-testing’
Checking out 1.19.6 of package ‘swift-snapshot-testing’
Creating working copy of package ‘swift-syntax’
Checking out 604.0.0 of package ‘swift-syntax’
Creating working copy of package ‘swift-custom-dump’
Checking out 1.7.3 of package ‘swift-custom-dump’
Creating working copy of package ‘swift-issue-reporting’
Checking out 2.1.1 of package ‘swift-issue-reporting’
Resolve Package Graph
Resolved source packages:
swift-syntax: https://github.com/swiftlang/swift-syntax @ 604.0.0
swift-custom-dump: https://github.com/pointfreeco/swift-custom-dump @ 1.7.3
swift-snapshot-testing: https://github.com/pointfreeco/swift-snapshot-testing.git @ 1.19.6
swift-issue-reporting: https://github.com/pointfreeco/swift-issue-reporting @ 2.1.1
PlusNightMode: /Users/admin/builder/spi-builder-workspace
resolved source packages: swift-syntax, swift-custom-dump, swift-snapshot-testing, swift-issue-reporting, PlusNightMode
2026-09-22 17:38:24.659 xcodebuild[525:2997] [MT] IDERunDestination: Supported platforms for the buildables in the current scheme is empty.
{
"dependencies" : [
{
"identity" : "swift-snapshot-testing",
"requirement" : {
"range" : [
{
"lower_bound" : "1.17.3",
"upper_bound" : "2.0.0"
}
]
},
"type" : "sourceControl",
"url" : "https://github.com/pointfreeco/swift-snapshot-testing.git"
}
],
"manifest_display_name" : "PlusNightMode",
"name" : "PlusNightMode",
"path" : "/Users/admin/builder/spi-builder-workspace",
"platforms" : [
{
"name" : "ios",
"version" : "16.0"
},
{
"name" : "macos",
"version" : "13.0"
},
{
"name" : "watchos",
"version" : "9.0"
},
{
"name" : "visionos",
"version" : "1.0"
},
{
"name" : "tvos",
"version" : "16.0"
},
{
"name" : "maccatalyst",
"version" : "16.0"
}
],
"products" : [
{
"name" : "PlusNightMode",
"targets" : [
"PlusNightMode"
],
"type" : {
"library" : [
"automatic"
]
}
}
],
"targets" : [
{
"c99name" : "PlusNightModeTests",
"module_type" : "SwiftTarget",
"name" : "PlusNightModeTests",
"path" : "Tests",
"product_dependencies" : [
"SnapshotTesting",
"InlineSnapshotTesting"
],
"sources" : [
"Plus Night ModeTests/PlusNightModeTests.swift"
],
"target_dependencies" : [
"PlusNightMode"
],
"type" : "test"
},
{
"c99name" : "PlusNightMode",
"module_type" : "SwiftTarget",
"name" : "PlusNightMode",
"path" : "Sources/PlusNightMode",
"product_memberships" : [
"PlusNightMode"
],
"resources" : [
{
"path" : "/Users/admin/builder/spi-builder-workspace/Sources/PlusNightMode/Resources/Assets.xcassets",
"rule" : {
"process" : {
}
}
}
],
"sources" : [
"ColorScheme+.swift",
"ColorSchemeMode+.swift",
"ColorSchemeMode.swift",
"ColorSchemeModeModifier.swift",
"ExampleNightModeView.swift",
"View + Night Mode.swift",
"monochromed.swift"
],
"type" : "library"
}
],
"tools_version" : "5.10"
}
{
"workspace" : {
"name" : "PlusNightMode",
"schemes" : [
"PlusNightMode"
]
}
}
2026-09-22 17:38:57.724 xcodebuild[798:4699] [MT] IDERunDestination: Supported platforms for the buildables in the current scheme is empty.
Running build ...
env DEVELOPER_DIR=/Applications/Xcode-27.0.0-Release.Candidate.app xcrun xcodebuild -IDEClonedSourcePackagesDirPathOverride=$PWD/.dependencies -skipMacroValidation -skipPackagePluginValidation -derivedDataPath $PWD/.derivedData build -scheme PlusNightMode -destination generic/platform=tvOS
Command line invocation:
/Applications/Xcode-27.0.0-Release.Candidate.app/Contents/Developer/usr/bin/xcodebuild -IDEClonedSourcePackagesDirPathOverride=/Users/admin/builder/spi-builder-workspace/.dependencies -skipMacroValidation -skipPackagePluginValidation -derivedDataPath /Users/admin/builder/spi-builder-workspace/.derivedData build -scheme PlusNightMode -destination generic/platform=tvOS
Resolve Package Graph
Resolve Package Graph
Resolved source packages:
PlusNightMode: /Users/admin/builder/spi-builder-workspace
swift-custom-dump: https://github.com/pointfreeco/swift-custom-dump @ 1.7.3
swift-snapshot-testing: https://github.com/pointfreeco/swift-snapshot-testing.git @ 1.19.6
swift-issue-reporting: https://github.com/pointfreeco/swift-issue-reporting @ 2.1.1
swift-syntax: https://github.com/swiftlang/swift-syntax @ 604.0.0
ComputePackagePrebuildTargetDependencyGraph
Prepare packages
CreateBuildRequest
SendProjectDescription
CreateBuildOperation
ComputeTargetDependencyGraph
note: Building targets in dependency order
note: Target dependency graph (3 targets)
Target 'PlusNightMode-product' in project 'PlusNightMode'
➜ Explicit dependency on target 'PlusNightMode' in project 'PlusNightMode'
➜ Explicit dependency on target 'PlusNightMode_PlusNightMode' in project 'PlusNightMode'
Target 'PlusNightMode' in project 'PlusNightMode'
➜ Explicit dependency on target 'PlusNightMode_PlusNightMode' in project 'PlusNightMode'
Target 'PlusNightMode_PlusNightMode' in project 'PlusNightMode' (no dependencies)
GatherProvisioningInputs
CreateBuildDescription
ExecuteExternalTool /Applications/Xcode-27.0.0-Release.Candidate.app/Contents/Developer/Toolchains/XcodeDefault.xctoolchain/usr/bin/clang -v -E -dM -isysroot /Applications/Xcode-27.0.0-Release.Candidate.app/Contents/Developer/Platforms/AppleTVOS.platform/Developer/SDKs/AppleTVOS27.0.sdk -x c -c /dev/null
ExecuteExternalTool /Applications/Xcode-27.0.0-Release.Candidate.app/Contents/Developer/usr/bin/actool --version --output-format xml1
ExecuteExternalTool /Applications/Xcode-27.0.0-Release.Candidate.app/Contents/Developer/Toolchains/XcodeDefault.xctoolchain/usr/bin/swiftc --version
ExecuteExternalTool /Applications/Xcode-27.0.0-Release.Candidate.app/Contents/Developer/Toolchains/XcodeDefault.xctoolchain/usr/bin/ld -version_details
ReadFileContents /Applications/Xcode-27.0.0-Release.Candidate.app/Contents/Developer/Toolchains/XcodeDefault.xctoolchain/usr/share/docc/features.json
Build description signature: 9eac49f241a1da7a875f0ca57ea7a094
Build description path: /Users/admin/builder/spi-builder-workspace/.derivedData/Build/Intermediates.noindex/XCBuildData/9eac49f241a1da7a875f0ca57ea7a094.xcbuilddata
CreateBuildDirectory /Users/admin/builder/spi-builder-workspace/.derivedData/SDKExplicitPrecompiledModules
cd /Users/admin/builder/spi-builder-workspace/.swiftpm/xcode
builtin-create-build-directory /Users/admin/builder/spi-builder-workspace/.derivedData/SDKExplicitPrecompiledModules
CreateBuildDirectory /Users/admin/builder/spi-builder-workspace/.derivedData/CompilationCache.noindex
cd /Users/admin/builder/spi-builder-workspace/.swiftpm/xcode
builtin-create-build-directory /Users/admin/builder/spi-builder-workspace/.derivedData/CompilationCache.noindex
CreateBuildDirectory /Users/admin/builder/spi-builder-workspace/.derivedData/ModuleCache.noindex
cd /Users/admin/builder/spi-builder-workspace/.swiftpm/xcode
builtin-create-build-directory /Users/admin/builder/spi-builder-workspace/.derivedData/ModuleCache.noindex
ClangStatCache /Applications/Xcode-27.0.0-Release.Candidate.app/Contents/Developer/Toolchains/XcodeDefault.xctoolchain/usr/bin/clang-stat-cache /Applications/Xcode-27.0.0-Release.Candidate.app/Contents/Developer/Platforms/AppleTVOS.platform/Developer/SDKs/AppleTVOS27.0.sdk /Users/admin/builder/spi-builder-workspace/.derivedData/SDKStatCaches.noindex/appletvos27.0-24J360-e829b21a6f8c9b70876ba0858053c044b32bfd8d43560033f8d89884cdb90028.sdkstatcache
cd /Users/admin/builder/spi-builder-workspace/.swiftpm/xcode
/Applications/Xcode-27.0.0-Release.Candidate.app/Contents/Developer/Toolchains/XcodeDefault.xctoolchain/usr/bin/clang-stat-cache /Applications/Xcode-27.0.0-Release.Candidate.app/Contents/Developer/Platforms/AppleTVOS.platform/Developer/SDKs/AppleTVOS27.0.sdk -o /Users/admin/builder/spi-builder-workspace/.derivedData/SDKStatCaches.noindex/appletvos27.0-24J360-e829b21a6f8c9b70876ba0858053c044b32bfd8d43560033f8d89884cdb90028.sdkstatcache
CreateBuildDirectory /Users/admin/builder/spi-builder-workspace/.derivedData/Build/Products
cd /Users/admin/builder/spi-builder-workspace/.swiftpm/xcode
builtin-create-build-directory /Users/admin/builder/spi-builder-workspace/.derivedData/Build/Products
CreateBuildDirectory /Users/admin/builder/spi-builder-workspace/.derivedData/Build/Intermediates.noindex
cd /Users/admin/builder/spi-builder-workspace/.swiftpm/xcode
builtin-create-build-directory /Users/admin/builder/spi-builder-workspace/.derivedData/Build/Intermediates.noindex
CreateBuildDirectory /Users/admin/builder/spi-builder-workspace/.derivedData/Build/Intermediates.noindex/SwiftExplicitPrecompiledModules
cd /Users/admin/builder/spi-builder-workspace/.swiftpm/xcode
builtin-create-build-directory /Users/admin/builder/spi-builder-workspace/.derivedData/Build/Intermediates.noindex/SwiftExplicitPrecompiledModules
CreateBuildDirectory /Users/admin/builder/spi-builder-workspace/.derivedData/Build/Intermediates.noindex/ExplicitPrecompiledModules
cd /Users/admin/builder/spi-builder-workspace/.swiftpm/xcode
builtin-create-build-directory /Users/admin/builder/spi-builder-workspace/.derivedData/Build/Intermediates.noindex/ExplicitPrecompiledModules
CreateBuildDirectory /Users/admin/builder/spi-builder-workspace/.derivedData/Build/Intermediates.noindex/PrecompiledHeaders
cd /Users/admin/builder/spi-builder-workspace/.swiftpm/xcode
builtin-create-build-directory /Users/admin/builder/spi-builder-workspace/.derivedData/Build/Intermediates.noindex/PrecompiledHeaders
CreateBuildDirectory /Users/admin/builder/spi-builder-workspace/.derivedData/Build/Intermediates.noindex/EagerLinkingTBDs/Debug-appletvos
cd /Users/admin/builder/spi-builder-workspace/.swiftpm/xcode
builtin-create-build-directory /Users/admin/builder/spi-builder-workspace/.derivedData/Build/Intermediates.noindex/EagerLinkingTBDs/Debug-appletvos
CreateBuildDirectory /Users/admin/builder/spi-builder-workspace/.derivedData/Build/Products/Debug-appletvos
cd /Users/admin/builder/spi-builder-workspace/.swiftpm/xcode
builtin-create-build-directory /Users/admin/builder/spi-builder-workspace/.derivedData/Build/Products/Debug-appletvos
CreateBuildDirectory /Users/admin/builder/spi-builder-workspace/.derivedData/Build/Products/Debug-appletvos/PackageFrameworks
cd /Users/admin/builder/spi-builder-workspace/.swiftpm/xcode
builtin-create-build-directory /Users/admin/builder/spi-builder-workspace/.derivedData/Build/Products/Debug-appletvos/PackageFrameworks
MkDir /Users/admin/builder/spi-builder-workspace/.derivedData/Build/Products/Debug-appletvos/PlusNightMode_PlusNightMode.bundle (in target 'PlusNightMode_PlusNightMode' from project 'PlusNightMode')
cd /Users/admin/builder/spi-builder-workspace
/bin/mkdir -p /Users/admin/builder/spi-builder-workspace/.derivedData/Build/Products/Debug-appletvos/PlusNightMode_PlusNightMode.bundle
WriteAuxiliaryFile /Users/admin/builder/spi-builder-workspace/.derivedData/Build/Intermediates.noindex/PlusNightMode.build/Debug-appletvos/PlusNightMode-t.build/PlusNightMode.DependencyStaticMetadataFileList (in target 'PlusNightMode' from project 'PlusNightMode')
cd /Users/admin/builder/spi-builder-workspace
write-file /Users/admin/builder/spi-builder-workspace/.derivedData/Build/Intermediates.noindex/PlusNightMode.build/Debug-appletvos/PlusNightMode-t.build/PlusNightMode.DependencyStaticMetadataFileList
WriteAuxiliaryFile /Users/admin/builder/spi-builder-workspace/.derivedData/Build/Intermediates.noindex/PlusNightMode.build/Debug-appletvos/PlusNightMode_PlusNightMode-b.build/empty-PlusNightMode_PlusNightMode.plist (in target 'PlusNightMode_PlusNightMode' from project 'PlusNightMode')
cd /Users/admin/builder/spi-builder-workspace
write-file /Users/admin/builder/spi-builder-workspace/.derivedData/Build/Intermediates.noindex/PlusNightMode.build/Debug-appletvos/PlusNightMode_PlusNightMode-b.build/empty-PlusNightMode_PlusNightMode.plist
WriteAuxiliaryFile /Users/admin/builder/spi-builder-workspace/.derivedData/Build/Intermediates.noindex/PlusNightMode.build/Debug-appletvos/PlusNightMode-t.build/PlusNightMode.DependencyMetadataFileList (in target 'PlusNightMode' from project 'PlusNightMode')
cd /Users/admin/builder/spi-builder-workspace
write-file /Users/admin/builder/spi-builder-workspace/.derivedData/Build/Intermediates.noindex/PlusNightMode.build/Debug-appletvos/PlusNightMode-t.build/PlusNightMode.DependencyMetadataFileList
WriteAuxiliaryFile /Users/admin/builder/spi-builder-workspace/.derivedData/Build/Intermediates.noindex/PlusNightMode.build/Debug-appletvos/PlusNightMode_PlusNightMode-b.build/PlusNightMode_PlusNightMode.DependencyMetadataFileList (in target 'PlusNightMode_PlusNightMode' from project 'PlusNightMode')
cd /Users/admin/builder/spi-builder-workspace
write-file /Users/admin/builder/spi-builder-workspace/.derivedData/Build/Intermediates.noindex/PlusNightMode.build/Debug-appletvos/PlusNightMode_PlusNightMode-b.build/PlusNightMode_PlusNightMode.DependencyMetadataFileList
WriteAuxiliaryFile /Users/admin/builder/spi-builder-workspace/.derivedData/Build/Intermediates.noindex/PlusNightMode.build/Debug-appletvos/PlusNightMode_PlusNightMode-b.build/PlusNightMode_PlusNightMode.DependencyStaticMetadataFileList (in target 'PlusNightMode_PlusNightMode' from project 'PlusNightMode')
cd /Users/admin/builder/spi-builder-workspace
write-file /Users/admin/builder/spi-builder-workspace/.derivedData/Build/Intermediates.noindex/PlusNightMode.build/Debug-appletvos/PlusNightMode_PlusNightMode-b.build/PlusNightMode_PlusNightMode.DependencyStaticMetadataFileList
WriteAuxiliaryFile /Users/admin/builder/spi-builder-workspace/.derivedData/Build/Intermediates.noindex/PlusNightMode.build/Debug-appletvos/PlusNightMode-t.build/PlusNightMode.modulemap (in target 'PlusNightMode' from project 'PlusNightMode')
cd /Users/admin/builder/spi-builder-workspace
write-file /Users/admin/builder/spi-builder-workspace/.derivedData/Build/Intermediates.noindex/PlusNightMode.build/Debug-appletvos/PlusNightMode-t.build/PlusNightMode.modulemap
WriteAuxiliaryFile /Users/admin/builder/spi-builder-workspace/.derivedData/Build/Intermediates.noindex/PlusNightMode.build/Debug-appletvos/PlusNightMode-t.build/Objects-normal/arm64/PlusNightMode_const_extract_protocols.json (in target 'PlusNightMode' from project 'PlusNightMode')
cd /Users/admin/builder/spi-builder-workspace
write-file /Users/admin/builder/spi-builder-workspace/.derivedData/Build/Intermediates.noindex/PlusNightMode.build/Debug-appletvos/PlusNightMode-t.build/Objects-normal/arm64/PlusNightMode_const_extract_protocols.json
WriteAuxiliaryFile /Users/admin/builder/spi-builder-workspace/.derivedData/Build/Intermediates.noindex/PlusNightMode.build/Debug-appletvos/PlusNightMode-t.build/Objects-normal/arm64/PlusNightMode.SwiftFileList (in target 'PlusNightMode' from project 'PlusNightMode')
cd /Users/admin/builder/spi-builder-workspace
write-file /Users/admin/builder/spi-builder-workspace/.derivedData/Build/Intermediates.noindex/PlusNightMode.build/Debug-appletvos/PlusNightMode-t.build/Objects-normal/arm64/PlusNightMode.SwiftFileList
WriteAuxiliaryFile /Users/admin/builder/spi-builder-workspace/.derivedData/Build/Intermediates.noindex/PlusNightMode.build/Debug-appletvos/PlusNightMode-t.build/Objects-normal/arm64/PlusNightMode.SwiftConstValuesFileList (in target 'PlusNightMode' from project 'PlusNightMode')
cd /Users/admin/builder/spi-builder-workspace
write-file /Users/admin/builder/spi-builder-workspace/.derivedData/Build/Intermediates.noindex/PlusNightMode.build/Debug-appletvos/PlusNightMode-t.build/Objects-normal/arm64/PlusNightMode.SwiftConstValuesFileList
WriteAuxiliaryFile /Users/admin/builder/spi-builder-workspace/.derivedData/Build/Intermediates.noindex/PlusNightMode.build/Debug-appletvos/PlusNightMode-t.build/Objects-normal/arm64/PlusNightMode.LinkFileList (in target 'PlusNightMode' from project 'PlusNightMode')
cd /Users/admin/builder/spi-builder-workspace
write-file /Users/admin/builder/spi-builder-workspace/.derivedData/Build/Intermediates.noindex/PlusNightMode.build/Debug-appletvos/PlusNightMode-t.build/Objects-normal/arm64/PlusNightMode.LinkFileList
WriteAuxiliaryFile /Users/admin/builder/spi-builder-workspace/.derivedData/Build/Intermediates.noindex/PlusNightMode.build/Debug-appletvos/PlusNightMode-t.build/Objects-normal/arm64/PlusNightMode-OutputFileMap.json (in target 'PlusNightMode' from project 'PlusNightMode')
cd /Users/admin/builder/spi-builder-workspace
write-file /Users/admin/builder/spi-builder-workspace/.derivedData/Build/Intermediates.noindex/PlusNightMode.build/Debug-appletvos/PlusNightMode-t.build/Objects-normal/arm64/PlusNightMode-OutputFileMap.json
WriteAuxiliaryFile /Users/admin/builder/spi-builder-workspace/.derivedData/Build/Intermediates.noindex/PlusNightMode.build/Debug-appletvos/PlusNightMode-t.build/DerivedSources/resource_bundle_accessor.swift (in target 'PlusNightMode' from project 'PlusNightMode')
cd /Users/admin/builder/spi-builder-workspace
write-file /Users/admin/builder/spi-builder-workspace/.derivedData/Build/Intermediates.noindex/PlusNightMode.build/Debug-appletvos/PlusNightMode-t.build/DerivedSources/resource_bundle_accessor.swift
Copy /Users/admin/builder/spi-builder-workspace/.derivedData/Build/Intermediates.noindex/GeneratedModuleMaps-appletvos/PlusNightMode.modulemap /Users/admin/builder/spi-builder-workspace/.derivedData/Build/Intermediates.noindex/PlusNightMode.build/Debug-appletvos/PlusNightMode-t.build/PlusNightMode.modulemap (in target 'PlusNightMode' from project 'PlusNightMode')
cd /Users/admin/builder/spi-builder-workspace
builtin-copy -exclude .DS_Store -exclude CVS -exclude .svn -exclude .git -exclude .hg -resolve-src-symlinks /Users/admin/builder/spi-builder-workspace/.derivedData/Build/Intermediates.noindex/PlusNightMode.build/Debug-appletvos/PlusNightMode-t.build/PlusNightMode.modulemap /Users/admin/builder/spi-builder-workspace/.derivedData/Build/Intermediates.noindex/GeneratedModuleMaps-appletvos
MkDir /Users/admin/builder/spi-builder-workspace/.derivedData/Build/Intermediates.noindex/PlusNightMode.build/Debug-appletvos/PlusNightMode_PlusNightMode-b.build/assetcatalog_output/thinned (in target 'PlusNightMode_PlusNightMode' from project 'PlusNightMode')
cd /Users/admin/builder/spi-builder-workspace
/bin/mkdir -p /Users/admin/builder/spi-builder-workspace/.derivedData/Build/Intermediates.noindex/PlusNightMode.build/Debug-appletvos/PlusNightMode_PlusNightMode-b.build/assetcatalog_output/thinned
MkDir /Users/admin/builder/spi-builder-workspace/.derivedData/Build/Intermediates.noindex/PlusNightMode.build/Debug-appletvos/PlusNightMode_PlusNightMode-b.build/assetcatalog_output/unthinned (in target 'PlusNightMode_PlusNightMode' from project 'PlusNightMode')
cd /Users/admin/builder/spi-builder-workspace
/bin/mkdir -p /Users/admin/builder/spi-builder-workspace/.derivedData/Build/Intermediates.noindex/PlusNightMode.build/Debug-appletvos/PlusNightMode_PlusNightMode-b.build/assetcatalog_output/unthinned
GenerateAssetSymbols /Users/admin/builder/spi-builder-workspace/Sources/PlusNightMode/Resources/Assets.xcassets (in target 'PlusNightMode' from project 'PlusNightMode')
cd /Users/admin/builder/spi-builder-workspace
/Applications/Xcode-27.0.0-Release.Candidate.app/Contents/Developer/usr/bin/actool /Users/admin/builder/spi-builder-workspace/Sources/PlusNightMode/Resources/Assets.xcassets --compile /Users/admin/builder/spi-builder-workspace/.derivedData/Build/Products/Debug-appletvos --output-format human-readable-text --notices --warnings --export-dependency-info /Users/admin/builder/spi-builder-workspace/.derivedData/Build/Intermediates.noindex/PlusNightMode.build/Debug-appletvos/PlusNightMode-t.build/assetcatalog_dependencies --output-partial-info-plist /Users/admin/builder/spi-builder-workspace/.derivedData/Build/Intermediates.noindex/PlusNightMode.build/Debug-appletvos/PlusNightMode-t.build/assetcatalog_generated_info.plist --compress-pngs --enable-on-demand-resources NO --development-region en --leaderboard-identifier-prefix PlusNightMode.game-center.leaderboard. --leaderboard-set-identifier-prefix PlusNightMode.game-center.leaderboard-set. --target-device tv --minimum-deployment-target 16.0 --platform appletvos --bundle-identifier spi-builder-workspace.PlusNightMode --generate-swift-asset-symbol-extensions NO --generate-swift-asset-symbols /Users/admin/builder/spi-builder-workspace/.derivedData/Build/Intermediates.noindex/PlusNightMode.build/Debug-appletvos/PlusNightMode-t.build/DerivedSources/GeneratedAssetSymbols.swift --generate-objc-asset-symbols /Users/admin/builder/spi-builder-workspace/.derivedData/Build/Intermediates.noindex/PlusNightMode.build/Debug-appletvos/PlusNightMode-t.build/DerivedSources/GeneratedAssetSymbols.h --generate-asset-symbol-index /Users/admin/builder/spi-builder-workspace/.derivedData/Build/Intermediates.noindex/PlusNightMode.build/Debug-appletvos/PlusNightMode-t.build/DerivedSources/GeneratedAssetSymbols-Index.plist
/* com.apple.actool.compilation-results */
/Users/admin/builder/spi-builder-workspace/.derivedData/Build/Intermediates.noindex/PlusNightMode.build/Debug-appletvos/PlusNightMode-t.build/DerivedSources/GeneratedAssetSymbols-Index.plist
/Users/admin/builder/spi-builder-workspace/.derivedData/Build/Intermediates.noindex/PlusNightMode.build/Debug-appletvos/PlusNightMode-t.build/DerivedSources/GeneratedAssetSymbols.h
/Users/admin/builder/spi-builder-workspace/.derivedData/Build/Intermediates.noindex/PlusNightMode.build/Debug-appletvos/PlusNightMode-t.build/DerivedSources/GeneratedAssetSymbols.swift
CompileAssetCatalogVariant thinned /Users/admin/builder/spi-builder-workspace/.derivedData/Build/Products/Debug-appletvos/PlusNightMode_PlusNightMode.bundle /Users/admin/builder/spi-builder-workspace/Sources/PlusNightMode/Resources/Assets.xcassets (in target 'PlusNightMode_PlusNightMode' from project 'PlusNightMode')
cd /Users/admin/builder/spi-builder-workspace
/Applications/Xcode-27.0.0-Release.Candidate.app/Contents/Developer/usr/bin/actool /Users/admin/builder/spi-builder-workspace/Sources/PlusNightMode/Resources/Assets.xcassets --compile /Users/admin/builder/spi-builder-workspace/.derivedData/Build/Intermediates.noindex/PlusNightMode.build/Debug-appletvos/PlusNightMode_PlusNightMode-b.build/assetcatalog_output/thinned --output-format human-readable-text --notices --warnings --export-dependency-info /Users/admin/builder/spi-builder-workspace/.derivedData/Build/Intermediates.noindex/PlusNightMode.build/Debug-appletvos/PlusNightMode_PlusNightMode-b.build/assetcatalog_dependencies_thinned --output-partial-info-plist /Users/admin/builder/spi-builder-workspace/.derivedData/Build/Intermediates.noindex/PlusNightMode.build/Debug-appletvos/PlusNightMode_PlusNightMode-b.build/assetcatalog_generated_info.plist_thinned --compress-pngs --enable-on-demand-resources NO --development-region en --leaderboard-identifier-prefix PlusNightMode_PlusNightMode.game-center.leaderboard. --leaderboard-set-identifier-prefix PlusNightMode_PlusNightMode.game-center.leaderboard-set. --target-device tv --minimum-deployment-target 16.0 --platform appletvos
/* com.apple.actool.compilation-results */
/Users/admin/builder/spi-builder-workspace/.derivedData/Build/Intermediates.noindex/PlusNightMode.build/Debug-appletvos/PlusNightMode_PlusNightMode-b.build/assetcatalog_generated_info.plist_thinned
/Users/admin/builder/spi-builder-workspace/.derivedData/Build/Intermediates.noindex/PlusNightMode.build/Debug-appletvos/PlusNightMode_PlusNightMode-b.build/assetcatalog_output/thinned/Assets.car
SwiftDriver PlusNightMode normal arm64 com.apple.xcode.tools.swift.compiler (in target 'PlusNightMode' from project 'PlusNightMode')
cd /Users/admin/builder/spi-builder-workspace/.swiftpm/xcode
builtin-SwiftDriver -- /Applications/Xcode-27.0.0-Release.Candidate.app/Contents/Developer/Toolchains/XcodeDefault.xctoolchain/usr/bin/swiftc -parse-as-library -module-name PlusNightMode -Onone @/Users/admin/builder/spi-builder-workspace/.derivedData/Build/Intermediates.noindex/PlusNightMode.build/Debug-appletvos/PlusNightMode-t.build/Objects-normal/arm64/PlusNightMode.SwiftFileList -DSWIFT_PACKAGE -DDEBUG -DSWIFT_MODULE_RESOURCE_BUNDLE_AVAILABLE -DXcode -enable-experimental-feature StrictConcurrency -plugin-path /Applications/Xcode-27.0.0-Release.Candidate.app/Contents/Developer/Toolchains/XcodeDefault.xctoolchain/usr/lib/swift/host/plugins/testing -enable-experimental-feature DebugDescriptionMacro -sdk /Applications/Xcode-27.0.0-Release.Candidate.app/Contents/Developer/Platforms/AppleTVOS.platform/Developer/SDKs/AppleTVOS27.0.sdk -target arm64-apple-tvos16.0 -g -module-cache-path /Users/admin/builder/spi-builder-workspace/.derivedData/ModuleCache.noindex -Xfrontend -serialize-debugging-options -profile-coverage-mapping -profile-generate -enable-testing -index-store-path /Users/admin/builder/spi-builder-workspace/.derivedData/Index.noindex/DataStore -Xcc -D_LIBCPP_HARDENING_MODE\=_LIBCPP_HARDENING_MODE_DEBUG -swift-version 5 -I /Users/admin/builder/spi-builder-workspace/.derivedData/Build/Products/Debug-appletvos -Isystem /Applications/Xcode-27.0.0-Release.Candidate.app/Contents/Developer/Platforms/AppleTVOS.platform/Developer/usr/lib -F /Users/admin/builder/spi-builder-workspace/.derivedData/Build/Products/Debug-appletvos -F /Applications/Xcode-27.0.0-Release.Candidate.app/Contents/Developer/Platforms/AppleTVOS.platform/Developer/Library/Frameworks -F /Applications/Xcode-27.0.0-Release.Candidate.app/Contents/Developer/Platforms/AppleTVOS.platform/Developer/SDKs/AppleTVOS27.0.sdk/Developer/Library/Frameworks -c -j10 -enable-batch-mode -incremental -Xcc -ivfsstatcache -Xcc /Users/admin/builder/spi-builder-workspace/.derivedData/SDKStatCaches.noindex/appletvos27.0-24J360-e829b21a6f8c9b70876ba0858053c044b32bfd8d43560033f8d89884cdb90028.sdkstatcache -output-file-map /Users/admin/builder/spi-builder-workspace/.derivedData/Build/Intermediates.noindex/PlusNightMode.build/Debug-appletvos/PlusNightMode-t.build/Objects-normal/arm64/PlusNightMode-OutputFileMap.json -save-temps -no-color-diagnostics -explicit-module-build -module-cache-path /Users/admin/builder/spi-builder-workspace/.derivedData/Build/Intermediates.noindex/SwiftExplicitPrecompiledModules -clang-scanner-module-cache-path /Users/admin/builder/spi-builder-workspace/.derivedData/ModuleCache.noindex -sdk-module-cache-path /Users/admin/builder/spi-builder-workspace/.derivedData/SDKExplicitPrecompiledModules -emit-dependencies -emit-module -emit-module-path /Users/admin/builder/spi-builder-workspace/.derivedData/Build/Intermediates.noindex/PlusNightMode.build/Debug-appletvos/PlusNightMode-t.build/Objects-normal/arm64/PlusNightMode.swiftmodule -serialize-diagnostics -dependency-scan-serialize-diagnostics-path /Users/admin/builder/spi-builder-workspace/.derivedData/Build/Intermediates.noindex/PlusNightMode.build/Debug-appletvos/PlusNightMode-t.build/Objects-normal/arm64/PlusNightMode-dependency-scan.dia -validate-clang-modules-once -clang-build-session-file /Users/admin/builder/spi-builder-workspace/.derivedData/ModuleCache.noindex/Session.modulevalidation -Xcc -fmodules-prune-interval\=86400 -Xcc -fmodules-prune-after\=345600 -package-name spi_builder_workspace -emit-const-values -const-gather-protocols-list /Users/admin/builder/spi-builder-workspace/.derivedData/Build/Intermediates.noindex/PlusNightMode.build/Debug-appletvos/PlusNightMode-t.build/Objects-normal/arm64/PlusNightMode_const_extract_protocols.json -Xcc -I/Users/admin/builder/spi-builder-workspace/.derivedData/Build/Products/Debug-appletvos/include -Xcc -I/Users/admin/builder/spi-builder-workspace/.derivedData/Build/Intermediates.noindex/PlusNightMode.build/Debug-appletvos/PlusNightMode-t.build/DerivedSources-normal/arm64 -Xcc -I/Users/admin/builder/spi-builder-workspace/.derivedData/Build/Intermediates.noindex/PlusNightMode.build/Debug-appletvos/PlusNightMode-t.build/DerivedSources/arm64 -Xcc -I/Users/admin/builder/spi-builder-workspace/.derivedData/Build/Intermediates.noindex/PlusNightMode.build/Debug-appletvos/PlusNightMode-t.build/DerivedSources -Xcc -DSWIFT_PACKAGE -Xcc -DDEBUG\=1 -emit-objc-header -emit-objc-header-path /Users/admin/builder/spi-builder-workspace/.derivedData/Build/Intermediates.noindex/PlusNightMode.build/Debug-appletvos/PlusNightMode-t.build/Objects-normal/arm64/PlusNightMode-Swift.h -working-directory /Users/admin/builder/spi-builder-workspace/.swiftpm/xcode -experimental-emit-module-separately -disable-cmo
LinkAssetCatalog /Users/admin/builder/spi-builder-workspace/Sources/PlusNightMode/Resources/Assets.xcassets (in target 'PlusNightMode_PlusNightMode' from project 'PlusNightMode')
cd /Users/admin/builder/spi-builder-workspace
builtin-linkAssetCatalog --thinned /Users/admin/builder/spi-builder-workspace/.derivedData/Build/Intermediates.noindex/PlusNightMode.build/Debug-appletvos/PlusNightMode_PlusNightMode-b.build/assetcatalog_output/thinned --thinned-dependencies /Users/admin/builder/spi-builder-workspace/.derivedData/Build/Intermediates.noindex/PlusNightMode.build/Debug-appletvos/PlusNightMode_PlusNightMode-b.build/assetcatalog_dependencies_thinned --thinned-info-plist-content /Users/admin/builder/spi-builder-workspace/.derivedData/Build/Intermediates.noindex/PlusNightMode.build/Debug-appletvos/PlusNightMode_PlusNightMode-b.build/assetcatalog_generated_info.plist_thinned --unthinned /Users/admin/builder/spi-builder-workspace/.derivedData/Build/Intermediates.noindex/PlusNightMode.build/Debug-appletvos/PlusNightMode_PlusNightMode-b.build/assetcatalog_output/unthinned --unthinned-dependencies /Users/admin/builder/spi-builder-workspace/.derivedData/Build/Intermediates.noindex/PlusNightMode.build/Debug-appletvos/PlusNightMode_PlusNightMode-b.build/assetcatalog_dependencies_unthinned --unthinned-info-plist-content /Users/admin/builder/spi-builder-workspace/.derivedData/Build/Intermediates.noindex/PlusNightMode.build/Debug-appletvos/PlusNightMode_PlusNightMode-b.build/assetcatalog_generated_info.plist_unthinned --output /Users/admin/builder/spi-builder-workspace/.derivedData/Build/Products/Debug-appletvos/PlusNightMode_PlusNightMode.bundle --plist-output /Users/admin/builder/spi-builder-workspace/.derivedData/Build/Intermediates.noindex/PlusNightMode.build/Debug-appletvos/PlusNightMode_PlusNightMode-b.build/assetcatalog_generated_info.plist
note: Emplaced /Users/admin/builder/spi-builder-workspace/.derivedData/Build/Products/Debug-appletvos/PlusNightMode_PlusNightMode.bundle/Assets.car (in target 'PlusNightMode_PlusNightMode' from project 'PlusNightMode')
ProcessInfoPlistFile /Users/admin/builder/spi-builder-workspace/.derivedData/Build/Products/Debug-appletvos/PlusNightMode_PlusNightMode.bundle/Info.plist /Users/admin/builder/spi-builder-workspace/.derivedData/Build/Intermediates.noindex/PlusNightMode.build/Debug-appletvos/PlusNightMode_PlusNightMode-b.build/empty-PlusNightMode_PlusNightMode.plist (in target 'PlusNightMode_PlusNightMode' from project 'PlusNightMode')
cd /Users/admin/builder/spi-builder-workspace
builtin-infoPlistUtility /Users/admin/builder/spi-builder-workspace/.derivedData/Build/Intermediates.noindex/PlusNightMode.build/Debug-appletvos/PlusNightMode_PlusNightMode-b.build/empty-PlusNightMode_PlusNightMode.plist -producttype com.apple.product-type.bundle -expandbuildsettings -format binary -platform appletvos -additionalcontentfile /Users/admin/builder/spi-builder-workspace/.derivedData/Build/Intermediates.noindex/PlusNightMode.build/Debug-appletvos/PlusNightMode_PlusNightMode-b.build/assetcatalog_generated_info.plist -o /Users/admin/builder/spi-builder-workspace/.derivedData/Build/Products/Debug-appletvos/PlusNightMode_PlusNightMode.bundle/Info.plist
RegisterExecutionPolicyException /Users/admin/builder/spi-builder-workspace/.derivedData/Build/Products/Debug-appletvos/PlusNightMode_PlusNightMode.bundle (in target 'PlusNightMode_PlusNightMode' from project 'PlusNightMode')
cd /Users/admin/builder/spi-builder-workspace
builtin-RegisterExecutionPolicyException /Users/admin/builder/spi-builder-workspace/.derivedData/Build/Products/Debug-appletvos/PlusNightMode_PlusNightMode.bundle
Touch /Users/admin/builder/spi-builder-workspace/.derivedData/Build/Products/Debug-appletvos/PlusNightMode_PlusNightMode.bundle (in target 'PlusNightMode_PlusNightMode' from project 'PlusNightMode')
cd /Users/admin/builder/spi-builder-workspace
/usr/bin/touch -c /Users/admin/builder/spi-builder-workspace/.derivedData/Build/Products/Debug-appletvos/PlusNightMode_PlusNightMode.bundle
SwiftExplicitDependencyGeneratePcm arm64 /Users/admin/builder/spi-builder-workspace/.derivedData/SDKExplicitPrecompiledModules/ptrauth-8X2KEPL7CTRPS40TUB9APHPK6.pcm
SwiftExplicitDependencyGeneratePcm arm64 /Users/admin/builder/spi-builder-workspace/.derivedData/SDKExplicitPrecompiledModules/_AvailabilityInternal-BV2EDDP0MI5QJDDPEEV4D9D3V.pcm
SwiftExplicitDependencyGeneratePcm arm64 /Users/admin/builder/spi-builder-workspace/.derivedData/SDKExplicitPrecompiledModules/_SwiftConcurrencyShims-BY5PD8KF1L5KF6F4Q69HE3TJ4.pcm
SwiftExplicitDependencyGeneratePcm arm64 /Users/admin/builder/spi-builder-workspace/.derivedData/SDKExplicitPrecompiledModules/SwiftShims-8N4EXJ4RUJTR8K9OO3CMOH1EP.pcm
SwiftExplicitDependencyGeneratePcm arm64 /Users/admin/builder/spi-builder-workspace/.derivedData/SDKExplicitPrecompiledModules/_Builtin_stdbool-AHRDH5EKLY6D04C5E42F3VCQI.pcm
SwiftExplicitDependencyGeneratePcm arm64 /Users/admin/builder/spi-builder-workspace/.derivedData/SDKExplicitPrecompiledModules/_Builtin_float-8ZJAYZ85YBOAOP52Y9H6IUNP3.pcm
SwiftExplicitDependencyGeneratePcm arm64 /Users/admin/builder/spi-builder-workspace/.derivedData/SDKExplicitPrecompiledModules/_Builtin_stddef-9ZJZ6FDEZNKTZU8YLPMFT9RAQ.pcm
SwiftExplicitDependencyGeneratePcm arm64 /Users/admin/builder/spi-builder-workspace/.derivedData/SDKExplicitPrecompiledModules/ptrcheck-2AZ6B5IBYD3RRRTFWN2ONASY3.pcm
SwiftExplicitDependencyGeneratePcm arm64 /Users/admin/builder/spi-builder-workspace/.derivedData/SDKExplicitPrecompiledModules/DeveloperToolsSupport-B1X8RI63V48AJRTH2RK6JAARV.pcm
SwiftExplicitDependencyGeneratePcm arm64 /Users/admin/builder/spi-builder-workspace/.derivedData/SDKExplicitPrecompiledModules/_Builtin_stdarg-BO2OCAUYVAXDRVQWQ8ISKGNUQ.pcm
SwiftExplicitDependencyGeneratePcm arm64 /Users/admin/builder/spi-builder-workspace/.derivedData/SDKExplicitPrecompiledModules/_DarwinFoundation1-JOTYMOA1YZCIJ2NON6FQ848O.pcm
SwiftExplicitDependencyGeneratePcm arm64 /Users/admin/builder/spi-builder-workspace/.derivedData/SDKExplicitPrecompiledModules/_DarwinFoundation2-AOGAN1O02NKXRJN5V73AV3V3M.pcm
SwiftExplicitDependencyGeneratePcm arm64 /Users/admin/builder/spi-builder-workspace/.derivedData/SDKExplicitPrecompiledModules/_Builtin_limits-7JU2HP127LIT1X9E2V3D8WZ1.pcm
SwiftExplicitDependencyGeneratePcm arm64 /Users/admin/builder/spi-builder-workspace/.derivedData/SDKExplicitPrecompiledModules/string_h-6EVHP7A717OUS5DMC78F79HWO.pcm
SwiftExplicitDependencyGeneratePcm arm64 /Users/admin/builder/spi-builder-workspace/.derivedData/SDKExplicitPrecompiledModules/sys_types-8GCAV1YMG5UUGHUID3CA20TCH.pcm
SwiftExplicitDependencyGeneratePcm arm64 /Users/admin/builder/spi-builder-workspace/.derivedData/SDKExplicitPrecompiledModules/_Builtin_stdint-6NFTB6IBKS143IVPGT1EKB7HO.pcm
SwiftExplicitDependencyGeneratePcm arm64 /Users/admin/builder/spi-builder-workspace/.derivedData/SDKExplicitPrecompiledModules/_Builtin_tgmath-7ULT1EUHDHW4OZPSTT33H6QGE.pcm
SwiftExplicitDependencyGeneratePcm arm64 /Users/admin/builder/spi-builder-workspace/.derivedData/SDKExplicitPrecompiledModules/_Builtin_stdatomic-3YXHN678NGYM3NL9POJ2HVEIF.pcm
SwiftExplicitDependencyGeneratePcm arm64 /Users/admin/builder/spi-builder-workspace/.derivedData/SDKExplicitPrecompiledModules/_Builtin_intrinsics-437O2R2NID4WAQVENR63GR82C.pcm
SwiftExplicitDependencyGeneratePcm arm64 /Users/admin/builder/spi-builder-workspace/.derivedData/SDKExplicitPrecompiledModules/_DarwinFoundation3-8SR3855WDFHQPR6G9GHOI2C07.pcm
SwiftExplicitDependencyGeneratePcm arm64 /Users/admin/builder/spi-builder-workspace/.derivedData/SDKExplicitPrecompiledModules/_Builtin_inttypes-6X1IQ3QK9KEVKXOK9Y79EW7J3.pcm
SwiftExplicitDependencyGeneratePcm arm64 /Users/admin/builder/spi-builder-workspace/.derivedData/SDKExplicitPrecompiledModules/Darwin-DBSQAVBBPC3D2OMU5ZI2RXMST.pcm
SwiftExplicitDependencyGeneratePcm arm64 /Users/admin/builder/spi-builder-workspace/.derivedData/SDKExplicitPrecompiledModules/simd-117QUXEUT3Z7UQCUYWV2UA228.pcm
SwiftExplicitDependencyGeneratePcm arm64 /Users/admin/builder/spi-builder-workspace/.derivedData/SDKExplicitPrecompiledModules/ObjectiveC-5250FDCE56N8508OR6XUYDKZM.pcm
SwiftExplicitDependencyGeneratePcm arm64 /Users/admin/builder/spi-builder-workspace/.derivedData/SDKExplicitPrecompiledModules/MachO-EH3F5PJCIZG05NO51CEFSZYPW.pcm
SwiftExplicitDependencyGeneratePcm arm64 /Users/admin/builder/spi-builder-workspace/.derivedData/SDKExplicitPrecompiledModules/os_object-E2DGZ0SX0TULQHULZRPO6OKNW.pcm
SwiftExplicitDependencyGeneratePcm arm64 /Users/admin/builder/spi-builder-workspace/.derivedData/SDKExplicitPrecompiledModules/os_workgroup-DBUFF7811DKMX7VPBOJPGGF1U.pcm
SwiftExplicitDependencyGeneratePcm arm64 /Users/admin/builder/spi-builder-workspace/.derivedData/SDKExplicitPrecompiledModules/Dispatch-1QL58A0V50C39KVAIC6C38SHL.pcm
SwiftExplicitDependencyGeneratePcm arm64 /Users/admin/builder/spi-builder-workspace/.derivedData/SDKExplicitPrecompiledModules/Spatial-7U8NLEFXSB8BR7PJQGVMF5A4Q.pcm
SwiftExplicitDependencyGeneratePcm arm64 /Users/admin/builder/spi-builder-workspace/.derivedData/SDKExplicitPrecompiledModules/CoreFoundation-7TPJ7ENDC4L1A1ESHYI9TXS0D.pcm
SwiftExplicitDependencyGeneratePcm arm64 /Users/admin/builder/spi-builder-workspace/.derivedData/SDKExplicitPrecompiledModules/XPC-6O2DJFT3QUJ7QKTD3SNUB6PCR.pcm
SwiftExplicitDependencyGeneratePcm arm64 /Users/admin/builder/spi-builder-workspace/.derivedData/SDKExplicitPrecompiledModules/os-3GJI8H0BNAEZPQPQ1V0VVY3FY.pcm
SwiftExplicitDependencyGeneratePcm arm64 /Users/admin/builder/spi-builder-workspace/.derivedData/SDKExplicitPrecompiledModules/CoreAudioTypes-E7EH96HAL3G83QSWLT7VWYIP4.pcm
SwiftExplicitDependencyGeneratePcm arm64 /Users/admin/builder/spi-builder-workspace/.derivedData/SDKExplicitPrecompiledModules/CFNetwork-2CUR2VK9S3S3WPFXPNXNUWYGN.pcm
SwiftExplicitDependencyGeneratePcm arm64 /Users/admin/builder/spi-builder-workspace/.derivedData/SDKExplicitPrecompiledModules/CoreGraphics-CWSP3J98S2658BYCVL6RP99T3.pcm
SwiftExplicitDependencyGeneratePcm arm64 /Users/admin/builder/spi-builder-workspace/.derivedData/SDKExplicitPrecompiledModules/Security-8VMXEKVDA3MHUH9AOTP905DID.pcm
SwiftExplicitDependencyGeneratePcm arm64 /Users/admin/builder/spi-builder-workspace/.derivedData/SDKExplicitPrecompiledModules/CoreAudio-6IR1XRM0Q9YQZMFW89F3H4V3X.pcm
SwiftExplicitDependencyGeneratePcm arm64 /Users/admin/builder/spi-builder-workspace/.derivedData/SDKExplicitPrecompiledModules/Foundation-BSSIP64DIGUKMAYJOG1WPQ78X.pcm
SwiftExplicitDependencyGeneratePcm arm64 /Users/admin/builder/spi-builder-workspace/.derivedData/SDKExplicitPrecompiledModules/ImageIO-88D4CLEBD4CLWQKT78PZ6H1O8.pcm
SwiftExplicitDependencyGeneratePcm arm64 /Users/admin/builder/spi-builder-workspace/.derivedData/SDKExplicitPrecompiledModules/CoreText-59NY7PABM0I4V978161FOC04A.pcm
SwiftExplicitDependencyGeneratePcm arm64 /Users/admin/builder/spi-builder-workspace/.derivedData/SDKExplicitPrecompiledModules/UniformTypeIdentifiers-95CC8U42ZA9STP5K6GP9ZVJS5.pcm
SwiftExplicitDependencyGeneratePcm arm64 /Users/admin/builder/spi-builder-workspace/.derivedData/SDKExplicitPrecompiledModules/UserNotifications-E9ZW5TH066WIJWH9080RC5NG4.pcm
SwiftExplicitDependencyGeneratePcm arm64 /Users/admin/builder/spi-builder-workspace/.derivedData/SDKExplicitPrecompiledModules/CoreTransferable-7V4O8DATEQ9F7SDNTCW8YWLG3.pcm
SwiftExplicitDependencyGeneratePcm arm64 /Users/admin/builder/spi-builder-workspace/.derivedData/SDKExplicitPrecompiledModules/_LocationEssentials-ETSJ65FELPWR8WH8G49R1DF2E.pcm
SwiftExplicitDependencyGeneratePcm arm64 /Users/admin/builder/spi-builder-workspace/.derivedData/SDKExplicitPrecompiledModules/DataDetection-37JIYZ2GWDA1L166PP1D9JKAF.pcm
SwiftExplicitDependencyGeneratePcm arm64 /Users/admin/builder/spi-builder-workspace/.derivedData/SDKExplicitPrecompiledModules/CoreData-DYMPHH3PH8AX9I1FHA4VFJ675.pcm
SwiftExplicitDependencyGeneratePcm arm64 /Users/admin/builder/spi-builder-workspace/.derivedData/SDKExplicitPrecompiledModules/OSLog-7OT6HHTMY0ZFEQJ095LJZ6NLC.pcm
SwiftExplicitDependencyGeneratePcm arm64 /Users/admin/builder/spi-builder-workspace/.derivedData/SDKExplicitPrecompiledModules/Accessibility-B6BODGZ4MQQTY0PBC4SHRP009.pcm
SwiftExplicitDependencyGeneratePcm arm64 /Users/admin/builder/spi-builder-workspace/.derivedData/SDKExplicitPrecompiledModules/UIUtilities-6ZFJ1AK4H8IBGEBMYQBWGBYLK.pcm
SwiftExplicitDependencyGeneratePcm arm64 /Users/admin/builder/spi-builder-workspace/.derivedData/SDKExplicitPrecompiledModules/Symbols-B5AU9VM9Y7NU79RLMH13Z4IFM.pcm
SwiftExplicitDependencyGeneratePcm arm64 /Users/admin/builder/spi-builder-workspace/.derivedData/SDKExplicitPrecompiledModules/IOSurface-38FJ1CKX9FV2RD97O64Z7QB17.pcm
SwiftExplicitDependencyGeneratePcm arm64 /Users/admin/builder/spi-builder-workspace/.derivedData/SDKExplicitPrecompiledModules/CoreLocation-YVXXAOMVX0JH2KO1XTTKTY51.pcm
SwiftExplicitDependencyGeneratePcm arm64 /Users/admin/builder/spi-builder-workspace/.derivedData/SDKExplicitPrecompiledModules/OpenGLES-4NY99CNDU9WUNUYEIXSS1QFGE.pcm
SwiftExplicitDependencyGeneratePcm arm64 /Users/admin/builder/spi-builder-workspace/.derivedData/SDKExplicitPrecompiledModules/Metal-2KYBS7IML1SD788M91YV7Q0CC.pcm
SwiftExplicitDependencyGeneratePcm arm64 /Users/admin/builder/spi-builder-workspace/.derivedData/SDKExplicitPrecompiledModules/CoreVideo-DPU0PB5X0XLSVA2ETRGI6FJBM.pcm
SwiftExplicitDependencyGeneratePcm arm64 /Users/admin/builder/spi-builder-workspace/.derivedData/SDKExplicitPrecompiledModules/QuartzCore-DJSYAWKXFGVSAK5CQMOB3JSR.pcm
SwiftExplicitDependencyGeneratePcm arm64 /Users/admin/builder/spi-builder-workspace/.derivedData/SDKExplicitPrecompiledModules/CoreMedia-4OUKVT03LV547KZJDPPJRJ4F8.pcm
SwiftExplicitDependencyGeneratePcm arm64 /Users/admin/builder/spi-builder-workspace/.derivedData/SDKExplicitPrecompiledModules/CoreImage-7S2AFJ8EIY3DUFYLEAX1JR1QV.pcm
SwiftExplicitDependencyGeneratePcm arm64 /Users/admin/builder/spi-builder-workspace/.derivedData/SDKExplicitPrecompiledModules/SwiftUICore-543QU5V2NHKUFCYFJDKUJ7NYG.pcm
SwiftExplicitDependencyGeneratePcm arm64 /Users/admin/builder/spi-builder-workspace/.derivedData/SDKExplicitPrecompiledModules/UIKit-1TKWN7VC2X6N3ITMRVA2G0EB2.pcm
SwiftExplicitDependencyGeneratePcm arm64 /Users/admin/builder/spi-builder-workspace/.derivedData/SDKExplicitPrecompiledModules/SwiftUI-7BV1YDT6IZWW6B8OC6ENV0Y0F.pcm
SwiftEmitModule normal arm64 Emitting\ module\ for\ PlusNightMode (in target 'PlusNightMode' from project 'PlusNightMode')
SwiftCompile normal arm64 (in target 'PlusNightMode' from project 'PlusNightMode')
cd /Users/admin/builder/spi-builder-workspace/.swiftpm/xcode
SwiftCompile normal arm64 Compiling\ GeneratedAssetSymbols.swift /Users/admin/builder/spi-builder-workspace/.derivedData/Build/Intermediates.noindex/PlusNightMode.build/Debug-appletvos/PlusNightMode-t.build/DerivedSources/GeneratedAssetSymbols.swift (in target 'PlusNightMode' from project 'PlusNightMode')
SwiftCompile normal arm64 /Users/admin/builder/spi-builder-workspace/.derivedData/Build/Intermediates.noindex/PlusNightMode.build/Debug-appletvos/PlusNightMode-t.build/DerivedSources/GeneratedAssetSymbols.swift (in target 'PlusNightMode' from project 'PlusNightMode')
cd /Users/admin/builder/spi-builder-workspace/.swiftpm/xcode
builtin-SwiftPerFileCompile GeneratedAssetSymbols.swift
SwiftCompile normal arm64 Compiling\ View\ +\ Night\ Mode.swift /Users/admin/builder/spi-builder-workspace/Sources/PlusNightMode/View\ +\ Night\ Mode.swift (in target 'PlusNightMode' from project 'PlusNightMode')
SwiftCompile normal arm64 /Users/admin/builder/spi-builder-workspace/Sources/PlusNightMode/View\ +\ Night\ Mode.swift (in target 'PlusNightMode' from project 'PlusNightMode')
cd /Users/admin/builder/spi-builder-workspace/.swiftpm/xcode
builtin-SwiftPerFileCompile View\ +\ Night\ Mode.swift
SwiftCompile normal arm64 Compiling\ monochromed.swift /Users/admin/builder/spi-builder-workspace/Sources/PlusNightMode/monochromed.swift (in target 'PlusNightMode' from project 'PlusNightMode')
SwiftCompile normal arm64 /Users/admin/builder/spi-builder-workspace/Sources/PlusNightMode/monochromed.swift (in target 'PlusNightMode' from project 'PlusNightMode')
cd /Users/admin/builder/spi-builder-workspace/.swiftpm/xcode
builtin-SwiftPerFileCompile monochromed.swift
SwiftCompile normal arm64 Compiling\ ExampleNightModeView.swift /Users/admin/builder/spi-builder-workspace/Sources/PlusNightMode/ExampleNightModeView.swift (in target 'PlusNightMode' from project 'PlusNightMode')
/Users/admin/builder/spi-builder-workspace/Sources/PlusNightMode/ExampleNightModeView.swift:45:25: error: 'menu' is only available in tvOS 17.0 or newer
13 | /// Also used in tests.
14 | @available(iOS 17.0, macOS 14.0, *)
15 | struct ExampleNightModeView: View {
| `- note: add '@available' attribute to enclosing struct
16 | public init(colorSchemeMode: ColorSchemeMode = .night) {
17 | self._colorSchemeMode = State(initialValue: colorSchemeMode)
:
22 | // @Environment(\.shouldDifferentiateWithoutColor) var shouldDifferentiateWithoutColor
23 |
24 | public var body: some View {
| `- note: add '@available' attribute to enclosing property
25 | NavigationStack {
26 | List {
:
43 | Text("Auto").tag(ColorSchemeMode.auto)
44 | }
45 | .pickerStyle(.menu)
| |- error: 'menu' is only available in tvOS 17.0 or newer
| `- note: add 'if #available' version check
46 |
47 | Text("ColorScheme: \(colorScheme.stringDescription)")
/Users/admin/builder/spi-builder-workspace/Sources/PlusNightMode/ExampleNightModeView.swift:87:21: error: 'menu' is only available in tvOS 17.0 or newer
73 |
74 |
75 | struct ExampleSettingsView: View {
| `- note: add '@available' attribute to enclosing struct
76 | @Environment(\.colorSchemeMode) private var colorSchemeMode
77 |
:
79 | @State private var preferredColorScheme: ColorScheme = .light
80 |
81 | public var body: some View {
| `- note: add '@available' attribute to enclosing property
82 | Form {
83 | Picker("ColorScheme", selection: $preferredColorScheme) {
:
85 | Text("Light").tag(ColorScheme.light)
86 | }
87 | .pickerStyle(.menu)
| |- error: 'menu' is only available in tvOS 17.0 or newer
| `- note: add 'if #available' version check
88 |
89 | Picker("ColorSchemeMode", selection: colorSchemeMode) {
/Users/admin/builder/spi-builder-workspace/Sources/PlusNightMode/ExampleNightModeView.swift:95:21: error: 'menu' is only available in tvOS 17.0 or newer
73 |
74 |
75 | struct ExampleSettingsView: View {
| `- note: add '@available' attribute to enclosing struct
76 | @Environment(\.colorSchemeMode) private var colorSchemeMode
77 |
:
79 | @State private var preferredColorScheme: ColorScheme = .light
80 |
81 | public var body: some View {
| `- note: add '@available' attribute to enclosing property
82 | Form {
83 | Picker("ColorScheme", selection: $preferredColorScheme) {
:
93 | Text("Auto").tag(ColorSchemeMode.auto)
94 | }
95 | .pickerStyle(.menu)
| |- error: 'menu' is only available in tvOS 17.0 or newer
| `- note: add 'if #available' version check
96 |
97 |
Failed frontend command:
/Applications/Xcode-27.0.0-Release.Candidate.app/Contents/Developer/Toolchains/XcodeDefault.xctoolchain/usr/bin/swift-frontend -frontend -c /Users/admin/builder/spi-builder-workspace/.derivedData/Build/Intermediates.noindex/PlusNightMode.build/Debug-appletvos/PlusNightMode-t.build/DerivedSources/resource_bundle_accessor.swift /Users/admin/builder/spi-builder-workspace/Sources/PlusNightMode/ColorScheme+.swift /Users/admin/builder/spi-builder-workspace/Sources/PlusNightMode/ColorSchemeMode+.swift /Users/admin/builder/spi-builder-workspace/Sources/PlusNightMode/ColorSchemeMode.swift /Users/admin/builder/spi-builder-workspace/Sources/PlusNightMode/ColorSchemeModeModifier.swift -primary-file /Users/admin/builder/spi-builder-workspace/Sources/PlusNightMode/ExampleNightModeView.swift /Users/admin/builder/spi-builder-workspace/Sources/PlusNightMode/View\ +\ Night\ Mode.swift /Users/admin/builder/spi-builder-workspace/Sources/PlusNightMode/monochromed.swift /Users/admin/builder/spi-builder-workspace/.derivedData/Build/Intermediates.noindex/PlusNightMode.build/Debug-appletvos/PlusNightMode-t.build/DerivedSources/GeneratedAssetSymbols.swift -emit-dependencies-path /Users/admin/builder/spi-builder-workspace/.derivedData/Build/Intermediates.noindex/PlusNightMode.build/Debug-appletvos/PlusNightMode-t.build/Objects-normal/arm64/ExampleNightModeView.d -emit-const-values-path /Users/admin/builder/spi-builder-workspace/.derivedData/Build/Intermediates.noindex/PlusNightMode.build/Debug-appletvos/PlusNightMode-t.build/Objects-normal/arm64/ExampleNightModeView.swiftconstvalues -emit-reference-dependencies-path /Users/admin/builder/spi-builder-workspace/.derivedData/Build/Intermediates.noindex/PlusNightMode.build/Debug-appletvos/PlusNightMode-t.build/Objects-normal/arm64/ExampleNightModeView.swiftdeps -serialize-diagnostics-path /Users/admin/builder/spi-builder-workspace/.derivedData/Build/Intermediates.noindex/PlusNightMode.build/Debug-appletvos/PlusNightMode-t.build/Objects-normal/arm64/ExampleNightModeView.dia -target arm64-apple-tvos16.0 -module-can-import-version DeveloperToolsSupport 24.0.24 24.0.24 -module-can-import-version SwiftUI 8.0.84 8.0.84 -module-can-import-version UIKit 9127.0.84.1 9127.0.84 -disable-cross-import-overlay-search -load-resolved-plugin /Applications/Xcode-27.0.0-Release.Candidate.app/Contents/Developer/Platforms/AppleTVOS.platform/Developer/usr/lib/swift/host/plugins/libFoundationMacros.dylib\#/Applications/Xcode-27.0.0-Release.Candidate.app/Contents/Developer/Platforms/AppleTVOS.platform/Developer/usr/bin/swift-plugin-server\#FoundationMacros -load-resolved-plugin /Applications/Xcode-27.0.0-Release.Candidate.app/Contents/Developer/Platforms/AppleTVOS.platform/Developer/usr/lib/swift/host/plugins/libObservationMacros.dylib\#/Applications/Xcode-27.0.0-Release.Candidate.app/Contents/Developer/Platforms/AppleTVOS.platform/Developer/usr/bin/swift-plugin-server\#ObservationMacros -load-resolved-plugin /Applications/Xcode-27.0.0-Release.Candidate.app/Contents/Developer/Platforms/AppleTVOS.platform/Developer/usr/lib/swift/host/plugins/libPreviewsMacros.dylib\#/Applications/Xcode-27.0.0-Release.Candidate.app/Contents/Developer/Platforms/AppleTVOS.platform/Developer/usr/bin/swift-plugin-server\#PreviewsMacros -load-resolved-plugin /Applications/Xcode-27.0.0-Release.Candidate.app/Contents/Developer/Platforms/AppleTVOS.platform/Developer/usr/lib/swift/host/plugins/libSwiftMacros.dylib\#/Applications/Xcode-27.0.0-Release.Candidate.app/Contents/Developer/Platforms/AppleTVOS.platform/Developer/usr/bin/swift-plugin-server\#SwiftMacros -load-resolved-plugin /Applications/Xcode-27.0.0-Release.Candidate.app/Contents/Developer/Platforms/AppleTVOS.platform/Developer/usr/lib/swift/host/plugins/libSwiftUIMacros.dylib\#/Applications/Xcode-27.0.0-Release.Candidate.app/Contents/Developer/Platforms/AppleTVOS.platform/Developer/usr/bin/swift-plugin-server\#SwiftUIMacros -disable-implicit-swift-modules -Xcc -fno-implicit-modules -Xcc -fno-implicit-module-maps -explicit-swift-module-map-file /Users/admin/builder/spi-builder-workspace/.derivedData/Build/Intermediates.noindex/PlusNightMode.build/Debug-appletvos/PlusNightMode-t.build/Objects-normal/arm64/PlusNightMode-dependencies-1.json -Xllvm -aarch64-use-tbi -enable-objc-interop -stack-check -sdk /Applications/Xcode-27.0.0-Release.Candidate.app/Contents/Developer/Platforms/AppleTVOS.platform/Developer/SDKs/AppleTVOS27.0.sdk -I /Users/admin/builder/spi-builder-workspace/.derivedData/Build/Products/Debug-appletvos -Isystem /Applications/Xcode-27.0.0-Release.Candidate.app/Contents/Developer/Platforms/AppleTVOS.platform/Developer/usr/lib -F /Users/admin/builder/spi-builder-workspace/.derivedData/Build/Products/Debug-appletvos -F /Applications/Xcode-27.0.0-Release.Candidate.app/Contents/Developer/Platforms/AppleTVOS.platform/Developer/Library/Frameworks -F /Applications/Xcode-27.0.0-Release.Candidate.app/Contents/Developer/Platforms/AppleTVOS.platform/Developer/SDKs/AppleTVOS27.0.sdk/Developer/Library/Frameworks -module-cache-path /Users/admin/builder/spi-builder-workspace/.derivedData/Build/Intermediates.noindex/SwiftExplicitPrecompiledModules -no-color-diagnostics -Xcc -fno-color-diagnostics -enable-testing -g -debug-info-format\=dwarf -dwarf-version\=4 -profile-generate -profile-coverage-mapping -swift-version 5 -Onone -D SWIFT_PACKAGE -D DEBUG -D SWIFT_MODULE_RESOURCE_BUNDLE_AVAILABLE -D Xcode -serialize-debugging-options -enable-experimental-feature StrictConcurrency -enable-experimental-feature DebugDescriptionMacro -empty-abi-descriptor -validate-clang-modules-once -clang-build-session-file /Users/admin/builder/spi-builder-workspace/.derivedData/ModuleCache.noindex/Session.modulevalidation -Xcc -working-directory -Xcc /Users/admin/builder/spi-builder-workspace/.swiftpm/xcode -enable-anonymous-context-mangled-names -file-compilation-dir /Users/admin/builder/spi-builder-workspace/.swiftpm/xcode -Xcc -D_LIBCPP_HARDENING_MODE\=_LIBCPP_HARDENING_MODE_DEBUG -Xcc -ivfsstatcache -Xcc /Users/admin/builder/spi-builder-workspace/.derivedData/SDKStatCaches.noindex/appletvos27.0-24J360-e829b21a6f8c9b70876ba0858053c044b32bfd8d43560033f8d89884cdb90028.sdkstatcache -Xcc -fmodules-prune-interval\=86400 -Xcc -fmodules-prune-after\=345600 -Xcc -I/Users/admin/builder/spi-builder-workspace/.derivedData/Build/Products/Debug-appletvos/include -Xcc -I/Users/admin/builder/spi-builder-workspace/.derivedData/Build/Intermediates.noindex/PlusNightMode.build/Debug-appletvos/PlusNightMode-t.build/DerivedSources-normal/arm64 -Xcc -I/Users/admin/builder/spi-builder-workspace/.derivedData/Build/Intermediates.noindex/PlusNightMode.build/Debug-appletvos/PlusNightMode-t.build/DerivedSources/arm64 -Xcc -I/Users/admin/builder/spi-builder-workspace/.derivedData/Build/Intermediates.noindex/PlusNightMode.build/Debug-appletvos/PlusNightMode-t.build/DerivedSources -Xcc -DSWIFT_PACKAGE -Xcc -DDEBUG\=1 -no-auto-bridging-header-chaining -module-name PlusNightMode -package-name spi_builder_workspace -const-gather-protocols-file /Users/admin/builder/spi-builder-workspace/.derivedData/Build/Intermediates.noindex/PlusNightMode.build/Debug-appletvos/PlusNightMode-t.build/Objects-normal/arm64/PlusNightMode_const_extract_protocols.json -disable-clang-spi -clang-target arm64-apple-tvos27.0 -target-sdk-version 27.0 -target-sdk-name appletvos27.0 -in-process-plugin-server-path /Applications/Xcode-27.0.0-Release.Candidate.app/Contents/Developer/Toolchains/XcodeDefault.xctoolchain/usr/lib/swift/host/libSwiftInProcPluginServer.dylib -parse-as-library -o /Users/admin/builder/spi-builder-workspace/.derivedData/Build/Intermediates.noindex/PlusNightMode.build/Debug-appletvos/PlusNightMode-t.build/Objects-normal/arm64/ExampleNightModeView.o -debug-module-path /Users/admin/builder/spi-builder-workspace/.derivedData/Build/Intermediates.noindex/PlusNightMode.build/Debug-appletvos/PlusNightMode-t.build/Objects-normal/arm64/PlusNightMode.swiftmodule -index-unit-output-path /PlusNightMode.build/Debug-appletvos/PlusNightMode-t.build/Objects-normal/arm64/ExampleNightModeView.o -index-store-path /Users/admin/builder/spi-builder-workspace/.derivedData/Index.noindex/DataStore -index-system-modules
SwiftCompile normal arm64 /Users/admin/builder/spi-builder-workspace/Sources/PlusNightMode/ExampleNightModeView.swift (in target 'PlusNightMode' from project 'PlusNightMode')
cd /Users/admin/builder/spi-builder-workspace/.swiftpm/xcode
builtin-SwiftPerFileCompile ExampleNightModeView.swift
SwiftCompile normal arm64 Compiling\ ColorSchemeMode.swift /Users/admin/builder/spi-builder-workspace/Sources/PlusNightMode/ColorSchemeMode.swift (in target 'PlusNightMode' from project 'PlusNightMode')
SwiftCompile normal arm64 /Users/admin/builder/spi-builder-workspace/Sources/PlusNightMode/ColorSchemeMode.swift (in target 'PlusNightMode' from project 'PlusNightMode')
cd /Users/admin/builder/spi-builder-workspace/.swiftpm/xcode
builtin-SwiftPerFileCompile ColorSchemeMode.swift
SwiftCompile normal arm64 Compiling\ ColorSchemeMode+.swift /Users/admin/builder/spi-builder-workspace/Sources/PlusNightMode/ColorSchemeMode+.swift (in target 'PlusNightMode' from project 'PlusNightMode')
SwiftCompile normal arm64 /Users/admin/builder/spi-builder-workspace/Sources/PlusNightMode/ColorSchemeMode+.swift (in target 'PlusNightMode' from project 'PlusNightMode')
cd /Users/admin/builder/spi-builder-workspace/.swiftpm/xcode
builtin-SwiftPerFileCompile ColorSchemeMode+.swift
SwiftCompile normal arm64 Compiling\ resource_bundle_accessor.swift /Users/admin/builder/spi-builder-workspace/.derivedData/Build/Intermediates.noindex/PlusNightMode.build/Debug-appletvos/PlusNightMode-t.build/DerivedSources/resource_bundle_accessor.swift (in target 'PlusNightMode' from project 'PlusNightMode')
SwiftCompile normal arm64 /Users/admin/builder/spi-builder-workspace/.derivedData/Build/Intermediates.noindex/PlusNightMode.build/Debug-appletvos/PlusNightMode-t.build/DerivedSources/resource_bundle_accessor.swift (in target 'PlusNightMode' from project 'PlusNightMode')
cd /Users/admin/builder/spi-builder-workspace/.swiftpm/xcode
builtin-SwiftPerFileCompile resource_bundle_accessor.swift
SwiftCompile normal arm64 Compiling\ ColorScheme+.swift /Users/admin/builder/spi-builder-workspace/Sources/PlusNightMode/ColorScheme+.swift (in target 'PlusNightMode' from project 'PlusNightMode')
SwiftCompile normal arm64 /Users/admin/builder/spi-builder-workspace/Sources/PlusNightMode/ColorScheme+.swift (in target 'PlusNightMode' from project 'PlusNightMode')
cd /Users/admin/builder/spi-builder-workspace/.swiftpm/xcode
builtin-SwiftPerFileCompile ColorScheme+.swift
SwiftCompile normal arm64 Compiling\ ColorSchemeModeModifier.swift /Users/admin/builder/spi-builder-workspace/Sources/PlusNightMode/ColorSchemeModeModifier.swift (in target 'PlusNightMode' from project 'PlusNightMode')
SwiftCompile normal arm64 /Users/admin/builder/spi-builder-workspace/Sources/PlusNightMode/ColorSchemeModeModifier.swift (in target 'PlusNightMode' from project 'PlusNightMode')
cd /Users/admin/builder/spi-builder-workspace/.swiftpm/xcode
builtin-SwiftPerFileCompile ColorSchemeModeModifier.swift
SwiftDriverJobDiscovery normal arm64 Emitting module for PlusNightMode (in target 'PlusNightMode' from project 'PlusNightMode')
SwiftDriver\ Compilation\ Requirements PlusNightMode normal arm64 com.apple.xcode.tools.swift.compiler (in target 'PlusNightMode' from project 'PlusNightMode')
cd /Users/admin/builder/spi-builder-workspace/.swiftpm/xcode
builtin-Swift-Compilation-Requirements -- /Applications/Xcode-27.0.0-Release.Candidate.app/Contents/Developer/Toolchains/XcodeDefault.xctoolchain/usr/bin/swiftc -parse-as-library -module-name PlusNightMode -Onone @/Users/admin/builder/spi-builder-workspace/.derivedData/Build/Intermediates.noindex/PlusNightMode.build/Debug-appletvos/PlusNightMode-t.build/Objects-normal/arm64/PlusNightMode.SwiftFileList -DSWIFT_PACKAGE -DDEBUG -DSWIFT_MODULE_RESOURCE_BUNDLE_AVAILABLE -DXcode -enable-experimental-feature StrictConcurrency -plugin-path /Applications/Xcode-27.0.0-Release.Candidate.app/Contents/Developer/Toolchains/XcodeDefault.xctoolchain/usr/lib/swift/host/plugins/testing -enable-experimental-feature DebugDescriptionMacro -sdk /Applications/Xcode-27.0.0-Release.Candidate.app/Contents/Developer/Platforms/AppleTVOS.platform/Developer/SDKs/AppleTVOS27.0.sdk -target arm64-apple-tvos16.0 -g -module-cache-path /Users/admin/builder/spi-builder-workspace/.derivedData/ModuleCache.noindex -Xfrontend -serialize-debugging-options -profile-coverage-mapping -profile-generate -enable-testing -index-store-path /Users/admin/builder/spi-builder-workspace/.derivedData/Index.noindex/DataStore -Xcc -D_LIBCPP_HARDENING_MODE\=_LIBCPP_HARDENING_MODE_DEBUG -swift-version 5 -I /Users/admin/builder/spi-builder-workspace/.derivedData/Build/Products/Debug-appletvos -Isystem /Applications/Xcode-27.0.0-Release.Candidate.app/Contents/Developer/Platforms/AppleTVOS.platform/Developer/usr/lib -F /Users/admin/builder/spi-builder-workspace/.derivedData/Build/Products/Debug-appletvos -F /Applications/Xcode-27.0.0-Release.Candidate.app/Contents/Developer/Platforms/AppleTVOS.platform/Developer/Library/Frameworks -F /Applications/Xcode-27.0.0-Release.Candidate.app/Contents/Developer/Platforms/AppleTVOS.platform/Developer/SDKs/AppleTVOS27.0.sdk/Developer/Library/Frameworks -c -j10 -enable-batch-mode -incremental -Xcc -ivfsstatcache -Xcc /Users/admin/builder/spi-builder-workspace/.derivedData/SDKStatCaches.noindex/appletvos27.0-24J360-e829b21a6f8c9b70876ba0858053c044b32bfd8d43560033f8d89884cdb90028.sdkstatcache -output-file-map /Users/admin/builder/spi-builder-workspace/.derivedData/Build/Intermediates.noindex/PlusNightMode.build/Debug-appletvos/PlusNightMode-t.build/Objects-normal/arm64/PlusNightMode-OutputFileMap.json -save-temps -no-color-diagnostics -explicit-module-build -module-cache-path /Users/admin/builder/spi-builder-workspace/.derivedData/Build/Intermediates.noindex/SwiftExplicitPrecompiledModules -clang-scanner-module-cache-path /Users/admin/builder/spi-builder-workspace/.derivedData/ModuleCache.noindex -sdk-module-cache-path /Users/admin/builder/spi-builder-workspace/.derivedData/SDKExplicitPrecompiledModules -emit-dependencies -emit-module -emit-module-path /Users/admin/builder/spi-builder-workspace/.derivedData/Build/Intermediates.noindex/PlusNightMode.build/Debug-appletvos/PlusNightMode-t.build/Objects-normal/arm64/PlusNightMode.swiftmodule -serialize-diagnostics -dependency-scan-serialize-diagnostics-path /Users/admin/builder/spi-builder-workspace/.derivedData/Build/Intermediates.noindex/PlusNightMode.build/Debug-appletvos/PlusNightMode-t.build/Objects-normal/arm64/PlusNightMode-dependency-scan.dia -validate-clang-modules-once -clang-build-session-file /Users/admin/builder/spi-builder-workspace/.derivedData/ModuleCache.noindex/Session.modulevalidation -Xcc -fmodules-prune-interval\=86400 -Xcc -fmodules-prune-after\=345600 -package-name spi_builder_workspace -emit-const-values -const-gather-protocols-list /Users/admin/builder/spi-builder-workspace/.derivedData/Build/Intermediates.noindex/PlusNightMode.build/Debug-appletvos/PlusNightMode-t.build/Objects-normal/arm64/PlusNightMode_const_extract_protocols.json -Xcc -I/Users/admin/builder/spi-builder-workspace/.derivedData/Build/Products/Debug-appletvos/include -Xcc -I/Users/admin/builder/spi-builder-workspace/.derivedData/Build/Intermediates.noindex/PlusNightMode.build/Debug-appletvos/PlusNightMode-t.build/DerivedSources-normal/arm64 -Xcc -I/Users/admin/builder/spi-builder-workspace/.derivedData/Build/Intermediates.noindex/PlusNightMode.build/Debug-appletvos/PlusNightMode-t.build/DerivedSources/arm64 -Xcc -I/Users/admin/builder/spi-builder-workspace/.derivedData/Build/Intermediates.noindex/PlusNightMode.build/Debug-appletvos/PlusNightMode-t.build/DerivedSources -Xcc -DSWIFT_PACKAGE -Xcc -DDEBUG\=1 -emit-objc-header -emit-objc-header-path /Users/admin/builder/spi-builder-workspace/.derivedData/Build/Intermediates.noindex/PlusNightMode.build/Debug-appletvos/PlusNightMode-t.build/Objects-normal/arm64/PlusNightMode-Swift.h -working-directory /Users/admin/builder/spi-builder-workspace/.swiftpm/xcode -experimental-emit-module-separately -disable-cmo
SwiftMergeGeneratedHeaders /Users/admin/builder/spi-builder-workspace/.derivedData/Build/Intermediates.noindex/GeneratedModuleMaps-appletvos/PlusNightMode-Swift.h /Users/admin/builder/spi-builder-workspace/.derivedData/Build/Intermediates.noindex/PlusNightMode.build/Debug-appletvos/PlusNightMode-t.build/Objects-normal/arm64/PlusNightMode-Swift.h (in target 'PlusNightMode' from project 'PlusNightMode')
cd /Users/admin/builder/spi-builder-workspace
builtin-swiftHeaderTool -arch arm64 /Users/admin/builder/spi-builder-workspace/.derivedData/Build/Intermediates.noindex/PlusNightMode.build/Debug-appletvos/PlusNightMode-t.build/Objects-normal/arm64/PlusNightMode-Swift.h -o /Users/admin/builder/spi-builder-workspace/.derivedData/Build/Intermediates.noindex/GeneratedModuleMaps-appletvos/PlusNightMode-Swift.h
Copy /Users/admin/builder/spi-builder-workspace/.derivedData/Build/Products/Debug-appletvos/PlusNightMode.swiftmodule/arm64-apple-tvos.swiftmodule /Users/admin/builder/spi-builder-workspace/.derivedData/Build/Intermediates.noindex/PlusNightMode.build/Debug-appletvos/PlusNightMode-t.build/Objects-normal/arm64/PlusNightMode.swiftmodule (in target 'PlusNightMode' from project 'PlusNightMode')
cd /Users/admin/builder/spi-builder-workspace
builtin-copy -exclude .DS_Store -exclude CVS -exclude .svn -exclude .git -exclude .hg -resolve-src-symlinks -rename /Users/admin/builder/spi-builder-workspace/.derivedData/Build/Intermediates.noindex/PlusNightMode.build/Debug-appletvos/PlusNightMode-t.build/Objects-normal/arm64/PlusNightMode.swiftmodule /Users/admin/builder/spi-builder-workspace/.derivedData/Build/Products/Debug-appletvos/PlusNightMode.swiftmodule/arm64-apple-tvos.swiftmodule
Copy /Users/admin/builder/spi-builder-workspace/.derivedData/Build/Products/Debug-appletvos/PlusNightMode.swiftmodule/arm64-apple-tvos.swiftdoc /Users/admin/builder/spi-builder-workspace/.derivedData/Build/Intermediates.noindex/PlusNightMode.build/Debug-appletvos/PlusNightMode-t.build/Objects-normal/arm64/PlusNightMode.swiftdoc (in target 'PlusNightMode' from project 'PlusNightMode')
cd /Users/admin/builder/spi-builder-workspace
builtin-copy -exclude .DS_Store -exclude CVS -exclude .svn -exclude .git -exclude .hg -resolve-src-symlinks -rename /Users/admin/builder/spi-builder-workspace/.derivedData/Build/Intermediates.noindex/PlusNightMode.build/Debug-appletvos/PlusNightMode-t.build/Objects-normal/arm64/PlusNightMode.swiftdoc /Users/admin/builder/spi-builder-workspace/.derivedData/Build/Products/Debug-appletvos/PlusNightMode.swiftmodule/arm64-apple-tvos.swiftdoc
Copy /Users/admin/builder/spi-builder-workspace/.derivedData/Build/Products/Debug-appletvos/PlusNightMode.swiftmodule/arm64-apple-tvos.abi.json /Users/admin/builder/spi-builder-workspace/.derivedData/Build/Intermediates.noindex/PlusNightMode.build/Debug-appletvos/PlusNightMode-t.build/Objects-normal/arm64/PlusNightMode.abi.json (in target 'PlusNightMode' from project 'PlusNightMode')
cd /Users/admin/builder/spi-builder-workspace
builtin-copy -exclude .DS_Store -exclude CVS -exclude .svn -exclude .git -exclude .hg -resolve-src-symlinks -rename /Users/admin/builder/spi-builder-workspace/.derivedData/Build/Intermediates.noindex/PlusNightMode.build/Debug-appletvos/PlusNightMode-t.build/Objects-normal/arm64/PlusNightMode.abi.json /Users/admin/builder/spi-builder-workspace/.derivedData/Build/Products/Debug-appletvos/PlusNightMode.swiftmodule/arm64-apple-tvos.abi.json
Copy /Users/admin/builder/spi-builder-workspace/.derivedData/Build/Products/Debug-appletvos/PlusNightMode.swiftmodule/Project/arm64-apple-tvos.swiftsourceinfo /Users/admin/builder/spi-builder-workspace/.derivedData/Build/Intermediates.noindex/PlusNightMode.build/Debug-appletvos/PlusNightMode-t.build/Objects-normal/arm64/PlusNightMode.swiftsourceinfo (in target 'PlusNightMode' from project 'PlusNightMode')
cd /Users/admin/builder/spi-builder-workspace
builtin-copy -exclude .DS_Store -exclude CVS -exclude .svn -exclude .git -exclude .hg -resolve-src-symlinks -rename /Users/admin/builder/spi-builder-workspace/.derivedData/Build/Intermediates.noindex/PlusNightMode.build/Debug-appletvos/PlusNightMode-t.build/Objects-normal/arm64/PlusNightMode.swiftsourceinfo /Users/admin/builder/spi-builder-workspace/.derivedData/Build/Products/Debug-appletvos/PlusNightMode.swiftmodule/Project/arm64-apple-tvos.swiftsourceinfo
SwiftDriverJobDiscovery normal arm64 Compiling resource_bundle_accessor.swift (in target 'PlusNightMode' from project 'PlusNightMode')
SwiftDriverJobDiscovery normal arm64 Compiling View + Night Mode.swift (in target 'PlusNightMode' from project 'PlusNightMode')
SwiftDriverJobDiscovery normal arm64 Compiling ColorSchemeMode+.swift (in target 'PlusNightMode' from project 'PlusNightMode')
SwiftDriverJobDiscovery normal arm64 Compiling ColorSchemeMode.swift (in target 'PlusNightMode' from project 'PlusNightMode')
SwiftDriverJobDiscovery normal arm64 Compiling ColorSchemeModeModifier.swift (in target 'PlusNightMode' from project 'PlusNightMode')
PruneExplicitPrecompiledModules /Users/admin/builder/spi-builder-workspace/.derivedData/SDKExplicitPrecompiledModules
PruneExplicitPrecompiledModules /Users/admin/builder/spi-builder-workspace/.derivedData/Build/Intermediates.noindex/ExplicitPrecompiledModules
PruneExplicitPrecompiledModules /Users/admin/builder/spi-builder-workspace/.derivedData/Build/Intermediates.noindex/SwiftExplicitPrecompiledModules
2026-09-22 17:39:01.768 xcodebuild[800:4747] [MT] IDERunDestination: Supported platforms for the buildables in the current scheme is empty.
** BUILD FAILED **
The following build commands failed:
SwiftCompile normal arm64 Compiling\ ExampleNightModeView.swift /Users/admin/builder/spi-builder-workspace/Sources/PlusNightMode/ExampleNightModeView.swift (in target 'PlusNightMode' from project 'PlusNightMode')
SwiftCompile normal arm64 /Users/admin/builder/spi-builder-workspace/Sources/PlusNightMode/ExampleNightModeView.swift (in target 'PlusNightMode' from project 'PlusNightMode')
Building workspace PlusNightMode with scheme PlusNightMode
(3 failures)
Command line invocation:
/Applications/Xcode-27.0.0-Release.Candidate.app/Contents/Developer/usr/bin/xcodebuild -IDEClonedSourcePackagesDirPathOverride=/Users/admin/builder/spi-builder-workspace/.dependencies -resolvePackageDependencies
Resolve Package Graph
Resolved source packages:
swift-custom-dump: https://github.com/pointfreeco/swift-custom-dump @ 1.7.3
swift-issue-reporting: https://github.com/pointfreeco/swift-issue-reporting @ 2.1.1
swift-snapshot-testing: https://github.com/pointfreeco/swift-snapshot-testing.git @ 1.19.6
PlusNightMode: /Users/admin/builder/spi-builder-workspace
swift-syntax: https://github.com/swiftlang/swift-syntax @ 604.0.0
resolved source packages: swift-custom-dump, swift-issue-reporting, swift-snapshot-testing, PlusNightMode, swift-syntax
2026-09-22 17:39:14.134 xcodebuild[929:5369] [MT] IDERunDestination: Supported platforms for the buildables in the current scheme is empty.
{
"dependencies" : [
{
"identity" : "swift-snapshot-testing",
"requirement" : {
"range" : [
{
"lower_bound" : "1.17.3",
"upper_bound" : "2.0.0"
}
]
},
"type" : "sourceControl",
"url" : "https://github.com/pointfreeco/swift-snapshot-testing.git"
}
],
"manifest_display_name" : "PlusNightMode",
"name" : "PlusNightMode",
"path" : "/Users/admin/builder/spi-builder-workspace",
"platforms" : [
{
"name" : "ios",
"version" : "16.0"
},
{
"name" : "macos",
"version" : "13.0"
},
{
"name" : "watchos",
"version" : "9.0"
},
{
"name" : "visionos",
"version" : "1.0"
},
{
"name" : "tvos",
"version" : "16.0"
},
{
"name" : "maccatalyst",
"version" : "16.0"
}
],
"products" : [
{
"name" : "PlusNightMode",
"targets" : [
"PlusNightMode"
],
"type" : {
"library" : [
"automatic"
]
}
}
],
"targets" : [
{
"c99name" : "PlusNightModeTests",
"module_type" : "SwiftTarget",
"name" : "PlusNightModeTests",
"path" : "Tests",
"product_dependencies" : [
"SnapshotTesting",
"InlineSnapshotTesting"
],
"sources" : [
"Plus Night ModeTests/PlusNightModeTests.swift"
],
"target_dependencies" : [
"PlusNightMode"
],
"type" : "test"
},
{
"c99name" : "PlusNightMode",
"module_type" : "SwiftTarget",
"name" : "PlusNightMode",
"path" : "Sources/PlusNightMode",
"product_memberships" : [
"PlusNightMode"
],
"resources" : [
{
"path" : "/Users/admin/builder/spi-builder-workspace/Sources/PlusNightMode/Resources/Assets.xcassets",
"rule" : {
"process" : {
}
}
}
],
"sources" : [
"ColorScheme+.swift",
"ColorSchemeMode+.swift",
"ColorSchemeMode.swift",
"ColorSchemeModeModifier.swift",
"ExampleNightModeView.swift",
"View + Night Mode.swift",
"monochromed.swift"
],
"type" : "library"
}
],
"tools_version" : "5.10"
}
{
"workspace" : {
"name" : "PlusNightMode",
"schemes" : [
"PlusNightMode"
]
}
}
2026-09-22 17:39:15.758 xcodebuild[938:5444] [MT] IDERunDestination: Supported platforms for the buildables in the current scheme is empty.
Running build ...
env DEVELOPER_DIR=/Applications/Xcode-27.0.0-Release.Candidate.app xcrun xcodebuild -IDEClonedSourcePackagesDirPathOverride=$PWD/.dependencies -skipMacroValidation -skipPackagePluginValidation -derivedDataPath $PWD/.derivedData build -scheme PlusNightMode -destination generic/platform=tvOS
Command line invocation:
/Applications/Xcode-27.0.0-Release.Candidate.app/Contents/Developer/usr/bin/xcodebuild -IDEClonedSourcePackagesDirPathOverride=/Users/admin/builder/spi-builder-workspace/.dependencies -skipMacroValidation -skipPackagePluginValidation -derivedDataPath /Users/admin/builder/spi-builder-workspace/.derivedData build -scheme PlusNightMode -destination generic/platform=tvOS
Resolve Package Graph
Resolved source packages:
swift-snapshot-testing: https://github.com/pointfreeco/swift-snapshot-testing.git @ 1.19.6
PlusNightMode: /Users/admin/builder/spi-builder-workspace
swift-syntax: https://github.com/swiftlang/swift-syntax @ 604.0.0
swift-custom-dump: https://github.com/pointfreeco/swift-custom-dump @ 1.7.3
swift-issue-reporting: https://github.com/pointfreeco/swift-issue-reporting @ 2.1.1
ComputePackagePrebuildTargetDependencyGraph
Prepare packages
CreateBuildRequest
SendProjectDescription
CreateBuildOperation
ComputeTargetDependencyGraph
note: Building targets in dependency order
note: Target dependency graph (3 targets)
Target 'PlusNightMode-product' in project 'PlusNightMode'
➜ Explicit dependency on target 'PlusNightMode' in project 'PlusNightMode'
➜ Explicit dependency on target 'PlusNightMode_PlusNightMode' in project 'PlusNightMode'
Target 'PlusNightMode' in project 'PlusNightMode'
➜ Explicit dependency on target 'PlusNightMode_PlusNightMode' in project 'PlusNightMode'
Target 'PlusNightMode_PlusNightMode' in project 'PlusNightMode' (no dependencies)
GatherProvisioningInputs
CreateBuildDescription
ClangStatCache /Applications/Xcode-27.0.0-Release.Candidate.app/Contents/Developer/Toolchains/XcodeDefault.xctoolchain/usr/bin/clang-stat-cache /Applications/Xcode-27.0.0-Release.Candidate.app/Contents/Developer/Platforms/AppleTVOS.platform/Developer/SDKs/AppleTVOS27.0.sdk /Users/admin/builder/spi-builder-workspace/.derivedData/SDKStatCaches.noindex/appletvos27.0-24J360-e829b21a6f8c9b70876ba0858053c044b32bfd8d43560033f8d89884cdb90028.sdkstatcache
cd /Users/admin/builder/spi-builder-workspace/.swiftpm/xcode
/Applications/Xcode-27.0.0-Release.Candidate.app/Contents/Developer/Toolchains/XcodeDefault.xctoolchain/usr/bin/clang-stat-cache /Applications/Xcode-27.0.0-Release.Candidate.app/Contents/Developer/Platforms/AppleTVOS.platform/Developer/SDKs/AppleTVOS27.0.sdk -o /Users/admin/builder/spi-builder-workspace/.derivedData/SDKStatCaches.noindex/appletvos27.0-24J360-e829b21a6f8c9b70876ba0858053c044b32bfd8d43560033f8d89884cdb90028.sdkstatcache
SwiftDriver PlusNightMode normal arm64 com.apple.xcode.tools.swift.compiler (in target 'PlusNightMode' from project 'PlusNightMode')
cd /Users/admin/builder/spi-builder-workspace/.swiftpm/xcode
builtin-SwiftDriver -- /Applications/Xcode-27.0.0-Release.Candidate.app/Contents/Developer/Toolchains/XcodeDefault.xctoolchain/usr/bin/swiftc -parse-as-library -module-name PlusNightMode -Onone @/Users/admin/builder/spi-builder-workspace/.derivedData/Build/Intermediates.noindex/PlusNightMode.build/Debug-appletvos/PlusNightMode-t.build/Objects-normal/arm64/PlusNightMode.SwiftFileList -DSWIFT_PACKAGE -DDEBUG -DSWIFT_MODULE_RESOURCE_BUNDLE_AVAILABLE -DXcode -enable-experimental-feature StrictConcurrency -plugin-path /Applications/Xcode-27.0.0-Release.Candidate.app/Contents/Developer/Toolchains/XcodeDefault.xctoolchain/usr/lib/swift/host/plugins/testing -enable-experimental-feature DebugDescriptionMacro -sdk /Applications/Xcode-27.0.0-Release.Candidate.app/Contents/Developer/Platforms/AppleTVOS.platform/Developer/SDKs/AppleTVOS27.0.sdk -target arm64-apple-tvos16.0 -g -module-cache-path /Users/admin/builder/spi-builder-workspace/.derivedData/ModuleCache.noindex -Xfrontend -serialize-debugging-options -profile-coverage-mapping -profile-generate -enable-testing -index-store-path /Users/admin/builder/spi-builder-workspace/.derivedData/Index.noindex/DataStore -Xcc -D_LIBCPP_HARDENING_MODE\=_LIBCPP_HARDENING_MODE_DEBUG -swift-version 5 -I /Users/admin/builder/spi-builder-workspace/.derivedData/Build/Products/Debug-appletvos -Isystem /Applications/Xcode-27.0.0-Release.Candidate.app/Contents/Developer/Platforms/AppleTVOS.platform/Developer/usr/lib -F /Users/admin/builder/spi-builder-workspace/.derivedData/Build/Products/Debug-appletvos -F /Applications/Xcode-27.0.0-Release.Candidate.app/Contents/Developer/Platforms/AppleTVOS.platform/Developer/Library/Frameworks -F /Applications/Xcode-27.0.0-Release.Candidate.app/Contents/Developer/Platforms/AppleTVOS.platform/Developer/SDKs/AppleTVOS27.0.sdk/Developer/Library/Frameworks -c -j10 -enable-batch-mode -incremental -Xcc -ivfsstatcache -Xcc /Users/admin/builder/spi-builder-workspace/.derivedData/SDKStatCaches.noindex/appletvos27.0-24J360-e829b21a6f8c9b70876ba0858053c044b32bfd8d43560033f8d89884cdb90028.sdkstatcache -output-file-map /Users/admin/builder/spi-builder-workspace/.derivedData/Build/Intermediates.noindex/PlusNightMode.build/Debug-appletvos/PlusNightMode-t.build/Objects-normal/arm64/PlusNightMode-OutputFileMap.json -save-temps -no-color-diagnostics -explicit-module-build -module-cache-path /Users/admin/builder/spi-builder-workspace/.derivedData/Build/Intermediates.noindex/SwiftExplicitPrecompiledModules -clang-scanner-module-cache-path /Users/admin/builder/spi-builder-workspace/.derivedData/ModuleCache.noindex -sdk-module-cache-path /Users/admin/builder/spi-builder-workspace/.derivedData/SDKExplicitPrecompiledModules -emit-dependencies -emit-module -emit-module-path /Users/admin/builder/spi-builder-workspace/.derivedData/Build/Intermediates.noindex/PlusNightMode.build/Debug-appletvos/PlusNightMode-t.build/Objects-normal/arm64/PlusNightMode.swiftmodule -serialize-diagnostics -dependency-scan-serialize-diagnostics-path /Users/admin/builder/spi-builder-workspace/.derivedData/Build/Intermediates.noindex/PlusNightMode.build/Debug-appletvos/PlusNightMode-t.build/Objects-normal/arm64/PlusNightMode-dependency-scan.dia -validate-clang-modules-once -clang-build-session-file /Users/admin/builder/spi-builder-workspace/.derivedData/ModuleCache.noindex/Session.modulevalidation -Xcc -fmodules-prune-interval\=86400 -Xcc -fmodules-prune-after\=345600 -package-name spi_builder_workspace -emit-const-values -const-gather-protocols-list /Users/admin/builder/spi-builder-workspace/.derivedData/Build/Intermediates.noindex/PlusNightMode.build/Debug-appletvos/PlusNightMode-t.build/Objects-normal/arm64/PlusNightMode_const_extract_protocols.json -Xcc -I/Users/admin/builder/spi-builder-workspace/.derivedData/Build/Products/Debug-appletvos/include -Xcc -I/Users/admin/builder/spi-builder-workspace/.derivedData/Build/Intermediates.noindex/PlusNightMode.build/Debug-appletvos/PlusNightMode-t.build/DerivedSources-normal/arm64 -Xcc -I/Users/admin/builder/spi-builder-workspace/.derivedData/Build/Intermediates.noindex/PlusNightMode.build/Debug-appletvos/PlusNightMode-t.build/DerivedSources/arm64 -Xcc -I/Users/admin/builder/spi-builder-workspace/.derivedData/Build/Intermediates.noindex/PlusNightMode.build/Debug-appletvos/PlusNightMode-t.build/DerivedSources -Xcc -DSWIFT_PACKAGE -Xcc -DDEBUG\=1 -emit-objc-header -emit-objc-header-path /Users/admin/builder/spi-builder-workspace/.derivedData/Build/Intermediates.noindex/PlusNightMode.build/Debug-appletvos/PlusNightMode-t.build/Objects-normal/arm64/PlusNightMode-Swift.h -working-directory /Users/admin/builder/spi-builder-workspace/.swiftpm/xcode -experimental-emit-module-separately -disable-cmo
SwiftCompile normal arm64 Compiling\ monochromed.swift /Users/admin/builder/spi-builder-workspace/Sources/PlusNightMode/monochromed.swift (in target 'PlusNightMode' from project 'PlusNightMode')
SwiftCompile normal arm64 /Users/admin/builder/spi-builder-workspace/Sources/PlusNightMode/monochromed.swift (in target 'PlusNightMode' from project 'PlusNightMode')
cd /Users/admin/builder/spi-builder-workspace/.swiftpm/xcode
builtin-SwiftPerFileCompile monochromed.swift
SwiftEmitModule normal arm64 Emitting\ module\ for\ PlusNightMode (in target 'PlusNightMode' from project 'PlusNightMode')
SwiftCompile normal arm64 (in target 'PlusNightMode' from project 'PlusNightMode')
cd /Users/admin/builder/spi-builder-workspace/.swiftpm/xcode
SwiftCompile normal arm64 Compiling\ ExampleNightModeView.swift /Users/admin/builder/spi-builder-workspace/Sources/PlusNightMode/ExampleNightModeView.swift (in target 'PlusNightMode' from project 'PlusNightMode')
/Users/admin/builder/spi-builder-workspace/Sources/PlusNightMode/ExampleNightModeView.swift:45:25: error: 'menu' is only available in tvOS 17.0 or newer
13 | /// Also used in tests.
14 | @available(iOS 17.0, macOS 14.0, *)
15 | struct ExampleNightModeView: View {
| `- note: add '@available' attribute to enclosing struct
16 | public init(colorSchemeMode: ColorSchemeMode = .night) {
17 | self._colorSchemeMode = State(initialValue: colorSchemeMode)
:
22 | // @Environment(\.shouldDifferentiateWithoutColor) var shouldDifferentiateWithoutColor
23 |
24 | public var body: some View {
| `- note: add '@available' attribute to enclosing property
25 | NavigationStack {
26 | List {
:
43 | Text("Auto").tag(ColorSchemeMode.auto)
44 | }
45 | .pickerStyle(.menu)
| |- error: 'menu' is only available in tvOS 17.0 or newer
| `- note: add 'if #available' version check
46 |
47 | Text("ColorScheme: \(colorScheme.stringDescription)")
/Users/admin/builder/spi-builder-workspace/Sources/PlusNightMode/ExampleNightModeView.swift:87:21: error: 'menu' is only available in tvOS 17.0 or newer
73 |
74 |
75 | struct ExampleSettingsView: View {
| `- note: add '@available' attribute to enclosing struct
76 | @Environment(\.colorSchemeMode) private var colorSchemeMode
77 |
:
79 | @State private var preferredColorScheme: ColorScheme = .light
80 |
81 | public var body: some View {
| `- note: add '@available' attribute to enclosing property
82 | Form {
83 | Picker("ColorScheme", selection: $preferredColorScheme) {
:
85 | Text("Light").tag(ColorScheme.light)
86 | }
87 | .pickerStyle(.menu)
| |- error: 'menu' is only available in tvOS 17.0 or newer
| `- note: add 'if #available' version check
88 |
89 | Picker("ColorSchemeMode", selection: colorSchemeMode) {
/Users/admin/builder/spi-builder-workspace/Sources/PlusNightMode/ExampleNightModeView.swift:95:21: error: 'menu' is only available in tvOS 17.0 or newer
73 |
74 |
75 | struct ExampleSettingsView: View {
| `- note: add '@available' attribute to enclosing struct
76 | @Environment(\.colorSchemeMode) private var colorSchemeMode
77 |
:
79 | @State private var preferredColorScheme: ColorScheme = .light
80 |
81 | public var body: some View {
| `- note: add '@available' attribute to enclosing property
82 | Form {
83 | Picker("ColorScheme", selection: $preferredColorScheme) {
:
93 | Text("Auto").tag(ColorSchemeMode.auto)
94 | }
95 | .pickerStyle(.menu)
| |- error: 'menu' is only available in tvOS 17.0 or newer
| `- note: add 'if #available' version check
96 |
97 |
Failed frontend command:
SwiftCompile normal arm64 /Users/admin/builder/spi-builder-workspace/Sources/PlusNightMode/ExampleNightModeView.swift (in target 'PlusNightMode' from project 'PlusNightMode')
cd /Users/admin/builder/spi-builder-workspace/.swiftpm/xcode
builtin-SwiftPerFileCompile ExampleNightModeView.swift
/Applications/Xcode-27.0.0-Release.Candidate.app/Contents/Developer/Toolchains/XcodeDefault.xctoolchain/usr/bin/swift-frontend -frontend -c /Users/admin/builder/spi-builder-workspace/.derivedData/Build/Intermediates.noindex/PlusNightMode.build/Debug-appletvos/PlusNightMode-t.build/DerivedSources/resource_bundle_accessor.swift /Users/admin/builder/spi-builder-workspace/Sources/PlusNightMode/ColorScheme+.swift /Users/admin/builder/spi-builder-workspace/Sources/PlusNightMode/ColorSchemeMode+.swift /Users/admin/builder/spi-builder-workspace/Sources/PlusNightMode/ColorSchemeMode.swift /Users/admin/builder/spi-builder-workspace/Sources/PlusNightMode/ColorSchemeModeModifier.swift -primary-file /Users/admin/builder/spi-builder-workspace/Sources/PlusNightMode/ExampleNightModeView.swift /Users/admin/builder/spi-builder-workspace/Sources/PlusNightMode/View\ +\ Night\ Mode.swift /Users/admin/builder/spi-builder-workspace/Sources/PlusNightMode/monochromed.swift /Users/admin/builder/spi-builder-workspace/.derivedData/Build/Intermediates.noindex/PlusNightMode.build/Debug-appletvos/PlusNightMode-t.build/DerivedSources/GeneratedAssetSymbols.swift -emit-dependencies-path /Users/admin/builder/spi-builder-workspace/.derivedData/Build/Intermediates.noindex/PlusNightMode.build/Debug-appletvos/PlusNightMode-t.build/Objects-normal/arm64/ExampleNightModeView.d -emit-const-values-path /Users/admin/builder/spi-builder-workspace/.derivedData/Build/Intermediates.noindex/PlusNightMode.build/Debug-appletvos/PlusNightMode-t.build/Objects-normal/arm64/ExampleNightModeView.swiftconstvalues -emit-reference-dependencies-path /Users/admin/builder/spi-builder-workspace/.derivedData/Build/Intermediates.noindex/PlusNightMode.build/Debug-appletvos/PlusNightMode-t.build/Objects-normal/arm64/ExampleNightModeView.swiftdeps -serialize-diagnostics-path /Users/admin/builder/spi-builder-workspace/.derivedData/Build/Intermediates.noindex/PlusNightMode.build/Debug-appletvos/PlusNightMode-t.build/Objects-normal/arm64/ExampleNightModeView.dia -target arm64-apple-tvos16.0 -module-can-import-version DeveloperToolsSupport 24.0.24 24.0.24 -module-can-import-version SwiftUI 8.0.84 8.0.84 -module-can-import-version UIKit 9127.0.84.1 9127.0.84 -disable-cross-import-overlay-search -load-resolved-plugin /Applications/Xcode-27.0.0-Release.Candidate.app/Contents/Developer/Platforms/AppleTVOS.platform/Developer/usr/lib/swift/host/plugins/libFoundationMacros.dylib\#/Applications/Xcode-27.0.0-Release.Candidate.app/Contents/Developer/Platforms/AppleTVOS.platform/Developer/usr/bin/swift-plugin-server\#FoundationMacros -load-resolved-plugin /Applications/Xcode-27.0.0-Release.Candidate.app/Contents/Developer/Platforms/AppleTVOS.platform/Developer/usr/lib/swift/host/plugins/libObservationMacros.dylib\#/Applications/Xcode-27.0.0-Release.Candidate.app/Contents/Developer/Platforms/AppleTVOS.platform/Developer/usr/bin/swift-plugin-server\#ObservationMacros -load-resolved-plugin /Applications/Xcode-27.0.0-Release.Candidate.app/Contents/Developer/Platforms/AppleTVOS.platform/Developer/usr/lib/swift/host/plugins/libPreviewsMacros.dylib\#/Applications/Xcode-27.0.0-Release.Candidate.app/Contents/Developer/Platforms/AppleTVOS.platform/Developer/usr/bin/swift-plugin-server\#PreviewsMacros -load-resolved-plugin /Applications/Xcode-27.0.0-Release.Candidate.app/Contents/Developer/Platforms/AppleTVOS.platform/Developer/usr/lib/swift/host/plugins/libSwiftMacros.dylib\#/Applications/Xcode-27.0.0-Release.Candidate.app/Contents/Developer/Platforms/AppleTVOS.platform/Developer/usr/bin/swift-plugin-server\#SwiftMacros -load-resolved-plugin /Applications/Xcode-27.0.0-Release.Candidate.app/Contents/Developer/Platforms/AppleTVOS.platform/Developer/usr/lib/swift/host/plugins/libSwiftUIMacros.dylib\#/Applications/Xcode-27.0.0-Release.Candidate.app/Contents/Developer/Platforms/AppleTVOS.platform/Developer/usr/bin/swift-plugin-server\#SwiftUIMacros -disable-implicit-swift-modules -Xcc -fno-implicit-modules -Xcc -fno-implicit-module-maps -explicit-swift-module-map-file /Users/admin/builder/spi-builder-workspace/.derivedData/Build/Intermediates.noindex/PlusNightMode.build/Debug-appletvos/PlusNightMode-t.build/Objects-normal/arm64/PlusNightMode-dependencies-1.json -Xllvm -aarch64-use-tbi -enable-objc-interop -stack-check -sdk /Applications/Xcode-27.0.0-Release.Candidate.app/Contents/Developer/Platforms/AppleTVOS.platform/Developer/SDKs/AppleTVOS27.0.sdk -I /Users/admin/builder/spi-builder-workspace/.derivedData/Build/Products/Debug-appletvos -Isystem /Applications/Xcode-27.0.0-Release.Candidate.app/Contents/Developer/Platforms/AppleTVOS.platform/Developer/usr/lib -F /Users/admin/builder/spi-builder-workspace/.derivedData/Build/Products/Debug-appletvos -F /Applications/Xcode-27.0.0-Release.Candidate.app/Contents/Developer/Platforms/AppleTVOS.platform/Developer/Library/Frameworks -F /Applications/Xcode-27.0.0-Release.Candidate.app/Contents/Developer/Platforms/AppleTVOS.platform/Developer/SDKs/AppleTVOS27.0.sdk/Developer/Library/Frameworks -module-cache-path /Users/admin/builder/spi-builder-workspace/.derivedData/Build/Intermediates.noindex/SwiftExplicitPrecompiledModules -no-color-diagnostics -Xcc -fno-color-diagnostics -enable-testing -g -debug-info-format\=dwarf -dwarf-version\=4 -profile-generate -profile-coverage-mapping -swift-version 5 -Onone -D SWIFT_PACKAGE -D DEBUG -D SWIFT_MODULE_RESOURCE_BUNDLE_AVAILABLE -D Xcode -serialize-debugging-options -enable-experimental-feature StrictConcurrency -enable-experimental-feature DebugDescriptionMacro -empty-abi-descriptor -validate-clang-modules-once -clang-build-session-file /Users/admin/builder/spi-builder-workspace/.derivedData/ModuleCache.noindex/Session.modulevalidation -Xcc -working-directory -Xcc /Users/admin/builder/spi-builder-workspace/.swiftpm/xcode -enable-anonymous-context-mangled-names -file-compilation-dir /Users/admin/builder/spi-builder-workspace/.swiftpm/xcode -Xcc -D_LIBCPP_HARDENING_MODE\=_LIBCPP_HARDENING_MODE_DEBUG -Xcc -ivfsstatcache -Xcc /Users/admin/builder/spi-builder-workspace/.derivedData/SDKStatCaches.noindex/appletvos27.0-24J360-e829b21a6f8c9b70876ba0858053c044b32bfd8d43560033f8d89884cdb90028.sdkstatcache -Xcc -fmodules-prune-interval\=86400 -Xcc -fmodules-prune-after\=345600 -Xcc -I/Users/admin/builder/spi-builder-workspace/.derivedData/Build/Products/Debug-appletvos/include -Xcc -I/Users/admin/builder/spi-builder-workspace/.derivedData/Build/Intermediates.noindex/PlusNightMode.build/Debug-appletvos/PlusNightMode-t.build/DerivedSources-normal/arm64 -Xcc -I/Users/admin/builder/spi-builder-workspace/.derivedData/Build/Intermediates.noindex/PlusNightMode.build/Debug-appletvos/PlusNightMode-t.build/DerivedSources/arm64 -Xcc -I/Users/admin/builder/spi-builder-workspace/.derivedData/Build/Intermediates.noindex/PlusNightMode.build/Debug-appletvos/PlusNightMode-t.build/DerivedSources -Xcc -DSWIFT_PACKAGE -Xcc -DDEBUG\=1 -no-auto-bridging-header-chaining -module-name PlusNightMode -package-name spi_builder_workspace -const-gather-protocols-file /Users/admin/builder/spi-builder-workspace/.derivedData/Build/Intermediates.noindex/PlusNightMode.build/Debug-appletvos/PlusNightMode-t.build/Objects-normal/arm64/PlusNightMode_const_extract_protocols.json -disable-clang-spi -clang-target arm64-apple-tvos27.0 -target-sdk-version 27.0 -target-sdk-name appletvos27.0 -in-process-plugin-server-path /Applications/Xcode-27.0.0-Release.Candidate.app/Contents/Developer/Toolchains/XcodeDefault.xctoolchain/usr/lib/swift/host/libSwiftInProcPluginServer.dylib -parse-as-library -o /Users/admin/builder/spi-builder-workspace/.derivedData/Build/Intermediates.noindex/PlusNightMode.build/Debug-appletvos/PlusNightMode-t.build/Objects-normal/arm64/ExampleNightModeView.o -debug-module-path /Users/admin/builder/spi-builder-workspace/.derivedData/Build/Intermediates.noindex/PlusNightMode.build/Debug-appletvos/PlusNightMode-t.build/Objects-normal/arm64/PlusNightMode.swiftmodule -index-unit-output-path /PlusNightMode.build/Debug-appletvos/PlusNightMode-t.build/Objects-normal/arm64/ExampleNightModeView.o -index-store-path /Users/admin/builder/spi-builder-workspace/.derivedData/Index.noindex/DataStore -index-system-modules
SwiftCompile normal arm64 Compiling\ ColorScheme+.swift /Users/admin/builder/spi-builder-workspace/Sources/PlusNightMode/ColorScheme+.swift (in target 'PlusNightMode' from project 'PlusNightMode')
SwiftCompile normal arm64 /Users/admin/builder/spi-builder-workspace/Sources/PlusNightMode/ColorScheme+.swift (in target 'PlusNightMode' from project 'PlusNightMode')
cd /Users/admin/builder/spi-builder-workspace/.swiftpm/xcode
builtin-SwiftPerFileCompile ColorScheme+.swift
SwiftCompile normal arm64 Compiling\ GeneratedAssetSymbols.swift /Users/admin/builder/spi-builder-workspace/.derivedData/Build/Intermediates.noindex/PlusNightMode.build/Debug-appletvos/PlusNightMode-t.build/DerivedSources/GeneratedAssetSymbols.swift (in target 'PlusNightMode' from project 'PlusNightMode')
SwiftCompile normal arm64 /Users/admin/builder/spi-builder-workspace/.derivedData/Build/Intermediates.noindex/PlusNightMode.build/Debug-appletvos/PlusNightMode-t.build/DerivedSources/GeneratedAssetSymbols.swift (in target 'PlusNightMode' from project 'PlusNightMode')
cd /Users/admin/builder/spi-builder-workspace/.swiftpm/xcode
builtin-SwiftPerFileCompile GeneratedAssetSymbols.swift
SwiftDriverJobDiscovery normal arm64 Compiling ColorScheme+.swift (in target 'PlusNightMode' from project 'PlusNightMode')
SwiftDriverJobDiscovery normal arm64 Compiling monochromed.swift (in target 'PlusNightMode' from project 'PlusNightMode')
SwiftCompile normal arm64 Compiling\ resource_bundle_accessor.swift /Users/admin/builder/spi-builder-workspace/.derivedData/Build/Intermediates.noindex/PlusNightMode.build/Debug-appletvos/PlusNightMode-t.build/DerivedSources/resource_bundle_accessor.swift (in target 'PlusNightMode' from project 'PlusNightMode')
SwiftCompile normal arm64 /Users/admin/builder/spi-builder-workspace/.derivedData/Build/Intermediates.noindex/PlusNightMode.build/Debug-appletvos/PlusNightMode-t.build/DerivedSources/resource_bundle_accessor.swift (in target 'PlusNightMode' from project 'PlusNightMode')
cd /Users/admin/builder/spi-builder-workspace/.swiftpm/xcode
builtin-SwiftPerFileCompile resource_bundle_accessor.swift
SwiftCompile normal arm64 Compiling\ View\ +\ Night\ Mode.swift /Users/admin/builder/spi-builder-workspace/Sources/PlusNightMode/View\ +\ Night\ Mode.swift (in target 'PlusNightMode' from project 'PlusNightMode')
SwiftCompile normal arm64 /Users/admin/builder/spi-builder-workspace/Sources/PlusNightMode/View\ +\ Night\ Mode.swift (in target 'PlusNightMode' from project 'PlusNightMode')
cd /Users/admin/builder/spi-builder-workspace/.swiftpm/xcode
builtin-SwiftPerFileCompile View\ +\ Night\ Mode.swift
SwiftCompile normal arm64 Compiling\ ColorSchemeMode.swift /Users/admin/builder/spi-builder-workspace/Sources/PlusNightMode/ColorSchemeMode.swift (in target 'PlusNightMode' from project 'PlusNightMode')
SwiftCompile normal arm64 /Users/admin/builder/spi-builder-workspace/Sources/PlusNightMode/ColorSchemeMode.swift (in target 'PlusNightMode' from project 'PlusNightMode')
cd /Users/admin/builder/spi-builder-workspace/.swiftpm/xcode
builtin-SwiftPerFileCompile ColorSchemeMode.swift
SwiftCompile normal arm64 Compiling\ ColorSchemeModeModifier.swift /Users/admin/builder/spi-builder-workspace/Sources/PlusNightMode/ColorSchemeModeModifier.swift (in target 'PlusNightMode' from project 'PlusNightMode')
SwiftCompile normal arm64 /Users/admin/builder/spi-builder-workspace/Sources/PlusNightMode/ColorSchemeModeModifier.swift (in target 'PlusNightMode' from project 'PlusNightMode')
cd /Users/admin/builder/spi-builder-workspace/.swiftpm/xcode
builtin-SwiftPerFileCompile ColorSchemeModeModifier.swift
SwiftDriverJobDiscovery normal arm64 Compiling GeneratedAssetSymbols.swift (in target 'PlusNightMode' from project 'PlusNightMode')
SwiftDriverJobDiscovery normal arm64 Compiling ColorSchemeModeModifier.swift (in target 'PlusNightMode' from project 'PlusNightMode')
PruneExplicitPrecompiledModules /Users/admin/builder/spi-builder-workspace/.derivedData/Build/Intermediates.noindex/SwiftExplicitPrecompiledModules
PruneExplicitPrecompiledModules /Users/admin/builder/spi-builder-workspace/.derivedData/SDKExplicitPrecompiledModules
PruneExplicitPrecompiledModules /Users/admin/builder/spi-builder-workspace/.derivedData/Build/Intermediates.noindex/ExplicitPrecompiledModules
2026-09-22 17:39:17.114 xcodebuild[940:5475] [MT] IDERunDestination: Supported platforms for the buildables in the current scheme is empty.
** BUILD FAILED **
The following build commands failed:
SwiftCompile normal arm64 /Users/admin/builder/spi-builder-workspace/Sources/PlusNightMode/ExampleNightModeView.swift (in target 'PlusNightMode' from project 'PlusNightMode')
SwiftCompile normal arm64 Compiling\ ExampleNightModeView.swift /Users/admin/builder/spi-builder-workspace/Sources/PlusNightMode/ExampleNightModeView.swift (in target 'PlusNightMode' from project 'PlusNightMode')
Building workspace PlusNightMode with scheme PlusNightMode
(3 failures)
BUILD FAILURE 6.4 tvOS