The Swift Package Index logo.Swift Package Index

Build Information

Failed to build SLazeCoreData, reference master (1ba3ff), with Swift 6.4 for macOS (Xcode) using Xcode 27.0 on 16 Sep 2026 11:28:46 UTC.

Build Command

env DEVELOPER_DIR=/Applications/Xcode-27.0.0-Release.Candidate.app xcrun xcodebuild -IDEClonedSourcePackagesDirPathOverride=$PWD/.dependencies -skipMacroValidation -skipPackagePluginValidation -derivedDataPath $PWD/.derivedData build -scheme SLazeCoreData-Package -destination platform=macOS,arch=arm64

Build Log

========================================
RunAll
========================================
Builder version: 5.1.0
Interrupt handler set up.
========================================
Checkout
========================================
Clone URL: https://github.com/shial4/SLazeCoreData.git
Reference: master
Initialized empty Git repository in /Users/admin/builder/spi-builder-workspace/.git/
From https://github.com/shial4/SLazeCoreData
 * branch            master     -> FETCH_HEAD
 * [new branch]      master     -> origin/master
HEAD is now at 1ba3ffe [0.2.0] Update to swift 5
Cloned https://github.com/shial4/SLazeCoreData.git
Revision (git rev-parse @):
1ba3ffe5900d73c5da5abebd48ff396187f26a76
SUCCESS checkout https://github.com/shial4/SLazeCoreData.git at master
========================================
Build
========================================
Selected platform:         macosXcodebuild
Swift version:             6.4
Building package at path:  $PWD
https://github.com/shial4/SLazeCoreData.git
Command line invocation:
    /Applications/Xcode-27.0.0-Release.Candidate.app/Contents/Developer/usr/bin/xcodebuild -IDEClonedSourcePackagesDirPathOverride=/Users/admin/builder/spi-builder-workspace/.dependencies -resolvePackageDependencies
resolved source packages:
{
  "dependencies" : [
  ],
  "manifest_display_name" : "SLazeCoreData",
  "name" : "SLazeCoreData",
  "path" : "/Users/admin/builder/spi-builder-workspace",
  "platforms" : [
  ],
  "products" : [
    {
      "name" : "SLazeCoreData",
      "targets" : [
        "SLazeCoreData"
      ],
      "type" : {
        "library" : [
          "automatic"
        ]
      }
    }
  ],
  "targets" : [
    {
      "c99name" : "SLazeCoreData",
      "module_type" : "SwiftTarget",
      "name" : "SLazeCoreData",
      "path" : "Sources/SLazeCoreData",
      "product_memberships" : [
        "SLazeCoreData"
      ],
      "sources" : [
        "Extensions/NSManagedObject.swift",
        "Extensions/NSManagedObjectContext.swift",
        "Protocols/EntityMapping.swift"
      ],
      "type" : "library"
    }
  ],
  "tools_version" : "4.2"
}
{
  "project" : {
    "configurations" : [
      "Debug",
      "Release"
    ],
    "name" : "SLazeCoreData",
    "schemes" : [
      "SLazeCoreData-Package",
      "SLazeCoreDataPackageDescription"
    ],
    "targets" : [
      "SLazeCoreData",
      "SLazeCoreDataPackageDescription"
    ]
  }
}
Running build ...
env DEVELOPER_DIR=/Applications/Xcode-27.0.0-Release.Candidate.app xcrun xcodebuild -IDEClonedSourcePackagesDirPathOverride=$PWD/.dependencies -skipMacroValidation -skipPackagePluginValidation -derivedDataPath $PWD/.derivedData build -scheme SLazeCoreData-Package -destination platform=macOS,arch=arm64
Command line invocation:
    /Applications/Xcode-27.0.0-Release.Candidate.app/Contents/Developer/usr/bin/xcodebuild -IDEClonedSourcePackagesDirPathOverride=/Users/admin/builder/spi-builder-workspace/.dependencies -skipMacroValidation -skipPackagePluginValidation -derivedDataPath /Users/admin/builder/spi-builder-workspace/.derivedData build -scheme SLazeCoreData-Package -destination platform=macOS,arch=arm64
ComputePackagePrebuildTargetDependencyGraph
Prepare packages
CreateBuildRequest
SendProjectDescription
CreateBuildOperation
ComputeTargetDependencyGraph
note: Building targets in dependency order
note: Target dependency graph (1 target)
    Target 'SLazeCoreData' in project 'SLazeCoreData' (no dependencies)
GatherProvisioningInputs
CreateBuildDescription
ExecuteExternalTool /Applications/Xcode-27.0.0-Release.Candidate.app/Contents/Developer/Toolchains/XcodeDefault.xctoolchain/usr/bin/clang -v -E -dM -isysroot /Applications/Xcode-27.0.0-Release.Candidate.app/Contents/Developer/Platforms/MacOSX.platform/Developer/SDKs/MacOSX27.0.sdk -x c -c /dev/null
ExecuteExternalTool /Applications/Xcode-27.0.0-Release.Candidate.app/Contents/Developer/Toolchains/XcodeDefault.xctoolchain/usr/bin/swiftc --version
ExecuteExternalTool /Applications/Xcode-27.0.0-Release.Candidate.app/Contents/Developer/Toolchains/XcodeDefault.xctoolchain/usr/bin/ld -version_details
Build description signature: d5725939076d333c66b78390b2a2c0a7
Build description path: /Users/admin/builder/spi-builder-workspace/.derivedData/Build/Intermediates.noindex/XCBuildData/d5725939076d333c66b78390b2a2c0a7.xcbuilddata
/Users/admin/builder/spi-builder-workspace/SLazeCoreData.xcodeproj: error: The macOS deployment target 'MACOSX_DEPLOYMENT_TARGET' is set to 10.10, but the range of supported deployment target versions is 12.0 to 27.0.x. (in target 'SLazeCoreData' from project 'SLazeCoreData')
** BUILD FAILED **
The following build commands failed:
	Building project SLazeCoreData with scheme SLazeCoreData-Package
(1 failure)
Command line invocation:
    /Applications/Xcode-27.0.0-Release.Candidate.app/Contents/Developer/usr/bin/xcodebuild -IDEClonedSourcePackagesDirPathOverride=/Users/admin/builder/spi-builder-workspace/.dependencies -resolvePackageDependencies
resolved source packages:
{
  "dependencies" : [
  ],
  "manifest_display_name" : "SLazeCoreData",
  "name" : "SLazeCoreData",
  "path" : "/Users/admin/builder/spi-builder-workspace",
  "platforms" : [
  ],
  "products" : [
    {
      "name" : "SLazeCoreData",
      "targets" : [
        "SLazeCoreData"
      ],
      "type" : {
        "library" : [
          "automatic"
        ]
      }
    }
  ],
  "targets" : [
    {
      "c99name" : "SLazeCoreData",
      "module_type" : "SwiftTarget",
      "name" : "SLazeCoreData",
      "path" : "Sources/SLazeCoreData",
      "product_memberships" : [
        "SLazeCoreData"
      ],
      "sources" : [
        "Extensions/NSManagedObject.swift",
        "Extensions/NSManagedObjectContext.swift",
        "Protocols/EntityMapping.swift"
      ],
      "type" : "library"
    }
  ],
  "tools_version" : "4.2"
}
{
  "project" : {
    "configurations" : [
      "Debug",
      "Release"
    ],
    "name" : "SLazeCoreData",
    "schemes" : [
      "SLazeCoreData-Package",
      "SLazeCoreDataPackageDescription"
    ],
    "targets" : [
      "SLazeCoreData",
      "SLazeCoreDataPackageDescription"
    ]
  }
}
Running build ...
env DEVELOPER_DIR=/Applications/Xcode-27.0.0-Release.Candidate.app xcrun xcodebuild -IDEClonedSourcePackagesDirPathOverride=$PWD/.dependencies -skipMacroValidation -skipPackagePluginValidation -derivedDataPath $PWD/.derivedData build -scheme SLazeCoreData-Package -destination platform=macOS,arch=arm64
Command line invocation:
    /Applications/Xcode-27.0.0-Release.Candidate.app/Contents/Developer/usr/bin/xcodebuild -IDEClonedSourcePackagesDirPathOverride=/Users/admin/builder/spi-builder-workspace/.dependencies -skipMacroValidation -skipPackagePluginValidation -derivedDataPath /Users/admin/builder/spi-builder-workspace/.derivedData build -scheme SLazeCoreData-Package -destination platform=macOS,arch=arm64
ComputePackagePrebuildTargetDependencyGraph
Prepare packages
CreateBuildRequest
SendProjectDescription
CreateBuildOperation
ComputeTargetDependencyGraph
note: Building targets in dependency order
note: Target dependency graph (1 target)
    Target 'SLazeCoreData' in project 'SLazeCoreData' (no dependencies)
GatherProvisioningInputs
CreateBuildDescription
/Users/admin/builder/spi-builder-workspace/SLazeCoreData.xcodeproj: error: The macOS deployment target 'MACOSX_DEPLOYMENT_TARGET' is set to 10.10, but the range of supported deployment target versions is 12.0 to 27.0.x. (in target 'SLazeCoreData' from project 'SLazeCoreData')
** BUILD FAILED **
The following build commands failed:
	Building project SLazeCoreData with scheme SLazeCoreData-Package
(1 failure)
BUILD FAILURE 6.4 macosXcodebuild