The Swift Package Index logo.Swift Package Index

Build Information

Failed to build XibLoc, reference 2.0.0-beta.5 (892aa2), with Swift 6.2 for watchOS using Xcode 26.3 on 26 Jun 2026 12:10:13 UTC.

Build Command

env DEVELOPER_DIR=/Applications/Xcode-26.3.0.app xcrun xcodebuild -IDEClonedSourcePackagesDirPathOverride=$PWD/.dependencies -skipMacroValidation -skipPackagePluginValidation -derivedDataPath $PWD/.derivedData build -scheme XibLoc -destination generic/platform=watchOS

Build Log

Copy /Users/admin/builder/spi-builder-workspace/.derivedData/Build/Products/Debug/GlobalConfMacros.swiftmodule/arm64-apple-macos.swiftmodule /Users/admin/builder/spi-builder-workspace/.derivedData/Build/Intermediates.noindex/GlobalConfModule.build/Debug/GlobalConfMacros.build/Objects-normal/arm64/GlobalConfMacros.swiftmodule (in target 'GlobalConfMacros' from project 'GlobalConfModule')
    cd /Users/admin/builder/spi-builder-workspace/.dependencies/checkouts/GlobalConfModule
    builtin-copy -exclude .DS_Store -exclude CVS -exclude .svn -exclude .git -exclude .hg -resolve-src-symlinks -rename /Users/admin/builder/spi-builder-workspace/.derivedData/Build/Intermediates.noindex/GlobalConfModule.build/Debug/GlobalConfMacros.build/Objects-normal/arm64/GlobalConfMacros.swiftmodule /Users/admin/builder/spi-builder-workspace/.derivedData/Build/Products/Debug/GlobalConfMacros.swiftmodule/arm64-apple-macos.swiftmodule
Copy /Users/admin/builder/spi-builder-workspace/.derivedData/Build/Products/Debug/GlobalConfMacros.swiftmodule/arm64-apple-macos.swiftdoc /Users/admin/builder/spi-builder-workspace/.derivedData/Build/Intermediates.noindex/GlobalConfModule.build/Debug/GlobalConfMacros.build/Objects-normal/arm64/GlobalConfMacros.swiftdoc (in target 'GlobalConfMacros' from project 'GlobalConfModule')
    cd /Users/admin/builder/spi-builder-workspace/.dependencies/checkouts/GlobalConfModule
    builtin-copy -exclude .DS_Store -exclude CVS -exclude .svn -exclude .git -exclude .hg -resolve-src-symlinks -rename /Users/admin/builder/spi-builder-workspace/.derivedData/Build/Intermediates.noindex/GlobalConfModule.build/Debug/GlobalConfMacros.build/Objects-normal/arm64/GlobalConfMacros.swiftdoc /Users/admin/builder/spi-builder-workspace/.derivedData/Build/Products/Debug/GlobalConfMacros.swiftmodule/arm64-apple-macos.swiftdoc
Copy /Users/admin/builder/spi-builder-workspace/.derivedData/Build/Products/Debug/GlobalConfMacros.swiftmodule/arm64-apple-macos.abi.json /Users/admin/builder/spi-builder-workspace/.derivedData/Build/Intermediates.noindex/GlobalConfModule.build/Debug/GlobalConfMacros.build/Objects-normal/arm64/GlobalConfMacros.abi.json (in target 'GlobalConfMacros' from project 'GlobalConfModule')
    cd /Users/admin/builder/spi-builder-workspace/.dependencies/checkouts/GlobalConfModule
    builtin-copy -exclude .DS_Store -exclude CVS -exclude .svn -exclude .git -exclude .hg -resolve-src-symlinks -rename /Users/admin/builder/spi-builder-workspace/.derivedData/Build/Intermediates.noindex/GlobalConfModule.build/Debug/GlobalConfMacros.build/Objects-normal/arm64/GlobalConfMacros.abi.json /Users/admin/builder/spi-builder-workspace/.derivedData/Build/Products/Debug/GlobalConfMacros.swiftmodule/arm64-apple-macos.abi.json
Copy /Users/admin/builder/spi-builder-workspace/.derivedData/Build/Products/Debug/GlobalConfMacros.swiftmodule/Project/arm64-apple-macos.swiftsourceinfo /Users/admin/builder/spi-builder-workspace/.derivedData/Build/Intermediates.noindex/GlobalConfModule.build/Debug/GlobalConfMacros.build/Objects-normal/arm64/GlobalConfMacros.swiftsourceinfo (in target 'GlobalConfMacros' from project 'GlobalConfModule')
    cd /Users/admin/builder/spi-builder-workspace/.dependencies/checkouts/GlobalConfModule
    builtin-copy -exclude .DS_Store -exclude CVS -exclude .svn -exclude .git -exclude .hg -resolve-src-symlinks -rename /Users/admin/builder/spi-builder-workspace/.derivedData/Build/Intermediates.noindex/GlobalConfModule.build/Debug/GlobalConfMacros.build/Objects-normal/arm64/GlobalConfMacros.swiftsourceinfo /Users/admin/builder/spi-builder-workspace/.derivedData/Build/Products/Debug/GlobalConfMacros.swiftmodule/Project/arm64-apple-macos.swiftsourceinfo
SwiftDriverJobDiscovery normal arm64 Compiling Optional+Utils.swift (in target 'GlobalConfMacros' from project 'GlobalConfModule')
SwiftDriverJobDiscovery normal arm64 Compiling Entrypoint.swift (in target 'GlobalConfMacros' from project 'GlobalConfModule')
SwiftDriverJobDiscovery normal arm64 Compiling  Errors.swift (in target 'GlobalConfMacros' from project 'GlobalConfModule')
SwiftDriverJobDiscovery normal arm64 Compiling SimpleDiagnosticMessage.swift (in target 'GlobalConfMacros' from project 'GlobalConfModule')
SwiftDriverJobDiscovery normal arm64 Compiling DeclareConfNamespaceMacro.swift (in target 'GlobalConfMacros' from project 'GlobalConfModule')
SwiftDriverJobDiscovery normal arm64 Compiling DeclareConfAccessorMacro.swift (in target 'GlobalConfMacros' from project 'GlobalConfModule')
SwiftDriverJobDiscovery normal arm64 Compiling LabeledExprSyntax+Utils.swift (in target 'GlobalConfMacros' from project 'GlobalConfModule')
SwiftDriverJobDiscovery normal arm64 Compiling DeclareConfMacro.swift (in target 'GlobalConfMacros' from project 'GlobalConfModule')
SwiftDriver\ Compilation GlobalConfMacros normal arm64 com.apple.xcode.tools.swift.compiler (in target 'GlobalConfMacros' from project 'GlobalConfModule')
    cd /Users/admin/builder/spi-builder-workspace/XibLoc.xcodeproj
    builtin-Swift-Compilation -- /Applications/Xcode-26.3.0.app/Contents/Developer/Toolchains/XcodeDefault.xctoolchain/usr/bin/swiftc -module-name GlobalConfMacros -Onone -enforce-exclusivity\=checked @/Users/admin/builder/spi-builder-workspace/.derivedData/Build/Intermediates.noindex/GlobalConfModule.build/Debug/GlobalConfMacros.build/Objects-normal/arm64/GlobalConfMacros.SwiftFileList -DSWIFT_PACKAGE -DDEBUG -DXcode -plugin-path /Applications/Xcode-26.3.0.app/Contents/Developer/Toolchains/XcodeDefault.xctoolchain/usr/lib/swift/host/plugins/testing -enable-experimental-feature DebugDescriptionMacro -sdk /Applications/Xcode-26.3.0.app/Contents/Developer/Platforms/MacOSX.platform/Developer/SDKs/MacOSX26.2.sdk -target arm64-apple-macos10.15 -g -module-cache-path /Users/admin/builder/spi-builder-workspace/.derivedData/ModuleCache.noindex -Xfrontend -serialize-debugging-options -profile-coverage-mapping -profile-generate -enable-testing -suppress-warnings -index-store-path /Users/admin/builder/spi-builder-workspace/.derivedData/Index.noindex/DataStore -Xcc -D_LIBCPP_HARDENING_MODE\=_LIBCPP_HARDENING_MODE_DEBUG -swift-version 6 -I /Users/admin/builder/spi-builder-workspace/.derivedData/Build/Products/Debug -Isystem /Applications/Xcode-26.3.0.app/Contents/Developer/Platforms/MacOSX.platform/Developer/usr/lib -F /Users/admin/builder/spi-builder-workspace/.derivedData/Build/Products/Debug/PackageFrameworks -F /Users/admin/builder/spi-builder-workspace/.derivedData/Build/Products/Debug/PackageFrameworks -F /Users/admin/builder/spi-builder-workspace/.derivedData/Build/Products/Debug/PackageFrameworks -F /Users/admin/builder/spi-builder-workspace/.derivedData/Build/Products/Debug/PackageFrameworks -F /Users/admin/builder/spi-builder-workspace/.derivedData/Build/Products/Debug/PackageFrameworks -F /Users/admin/builder/spi-builder-workspace/.derivedData/Build/Products/Debug/PackageFrameworks -F /Users/admin/builder/spi-builder-workspace/.derivedData/Build/Products/Debug/PackageFrameworks -F /Users/admin/builder/spi-builder-workspace/.derivedData/Build/Products/Debug/PackageFrameworks -F /Users/admin/builder/spi-builder-workspace/.derivedData/Build/Products/Debug/PackageFrameworks -F /Users/admin/builder/spi-builder-workspace/.derivedData/Build/Products/Debug/PackageFrameworks -F /Users/admin/builder/spi-builder-workspace/.derivedData/Build/Products/Debug/PackageFrameworks -F /Users/admin/builder/spi-builder-workspace/.derivedData/Build/Products/Debug/PackageFrameworks -F /Users/admin/builder/spi-builder-workspace/.derivedData/Build/Products/Debug/PackageFrameworks -F /Users/admin/builder/spi-builder-workspace/.derivedData/Build/Products/Debug/PackageFrameworks -F /Users/admin/builder/spi-builder-workspace/.derivedData/Build/Products/Debug/PackageFrameworks -F /Users/admin/builder/spi-builder-workspace/.derivedData/Build/Products/Debug/PackageFrameworks -F /Users/admin/builder/spi-builder-workspace/.derivedData/Build/Products/Debug/PackageFrameworks -F /Users/admin/builder/spi-builder-workspace/.derivedData/Build/Products/Debug/PackageFrameworks -F /Users/admin/builder/spi-builder-workspace/.derivedData/Build/Products/Debug/PackageFrameworks -F /Users/admin/builder/spi-builder-workspace/.derivedData/Build/Products/Debug -F /Applications/Xcode-26.3.0.app/Contents/Developer/Platforms/MacOSX.platform/Developer/Library/Frameworks -c -j10 -enable-batch-mode -incremental -Xcc -ivfsstatcache -Xcc /Users/admin/builder/spi-builder-workspace/.derivedData/SDKStatCaches.noindex/macosx26.2-25C58-dc75598d0054f22ec865fa860f139d726b10091eae1b9012e514a50b0de53ce7.sdkstatcache -output-file-map /Users/admin/builder/spi-builder-workspace/.derivedData/Build/Intermediates.noindex/GlobalConfModule.build/Debug/GlobalConfMacros.build/Objects-normal/arm64/GlobalConfMacros-OutputFileMap.json -use-frontend-parseable-output -save-temps -no-color-diagnostics -explicit-module-build -module-cache-path /Users/admin/builder/spi-builder-workspace/.derivedData/Build/Intermediates.noindex/SwiftExplicitPrecompiledModules -clang-scanner-module-cache-path /Users/admin/builder/spi-builder-workspace/.derivedData/ModuleCache.noindex -sdk-module-cache-path /Users/admin/builder/spi-builder-workspace/.derivedData/ModuleCache.noindex -serialize-diagnostics -emit-dependencies -emit-module -emit-module-path /Users/admin/builder/spi-builder-workspace/.derivedData/Build/Intermediates.noindex/GlobalConfModule.build/Debug/GlobalConfMacros.build/Objects-normal/arm64/GlobalConfMacros.swiftmodule -user-module-version 0.4.5 -validate-clang-modules-once -clang-build-session-file /Users/admin/builder/spi-builder-workspace/.derivedData/ModuleCache.noindex/Session.modulevalidation -package-name globalconfmodule -emit-const-values -Xfrontend -const-gather-protocols-file -Xfrontend /Users/admin/builder/spi-builder-workspace/.derivedData/Build/Intermediates.noindex/GlobalConfModule.build/Debug/GlobalConfMacros.build/Objects-normal/arm64/GlobalConfMacros_const_extract_protocols.json -Xcc -I/Users/admin/builder/spi-builder-workspace/.dependencies/checkouts/swift-syntax/Sources/_SwiftSyntaxCShims/include -Xcc -I/Users/admin/builder/spi-builder-workspace/.derivedData/Build/Products/Debug/include -Xcc -I/Users/admin/builder/spi-builder-workspace/.derivedData/Build/Intermediates.noindex/GlobalConfModule.build/Debug/GlobalConfMacros.build/DerivedSources-normal/arm64 -Xcc -I/Users/admin/builder/spi-builder-workspace/.derivedData/Build/Intermediates.noindex/GlobalConfModule.build/Debug/GlobalConfMacros.build/DerivedSources/arm64 -Xcc -I/Users/admin/builder/spi-builder-workspace/.derivedData/Build/Intermediates.noindex/GlobalConfModule.build/Debug/GlobalConfMacros.build/DerivedSources -Xcc -DSWIFT_PACKAGE -Xcc -DDEBUG\=1 -working-directory /Users/admin/builder/spi-builder-workspace/XibLoc.xcodeproj -experimental-emit-module-separately -disable-cmo
Ld /Users/admin/builder/spi-builder-workspace/.derivedData/Build/Products/Debug/GlobalConfMacros normal (in target 'GlobalConfMacros' from project 'GlobalConfModule')
    cd /Users/admin/builder/spi-builder-workspace/.dependencies/checkouts/GlobalConfModule
    /Applications/Xcode-26.3.0.app/Contents/Developer/Toolchains/XcodeDefault.xctoolchain/usr/bin/clang -Xlinker -reproducible -target arm64-apple-macos10.15 -isysroot /Applications/Xcode-26.3.0.app/Contents/Developer/Platforms/MacOSX.platform/Developer/SDKs/MacOSX26.2.sdk -O0 -w -L/Users/admin/builder/spi-builder-workspace/.derivedData/Build/Intermediates.noindex/EagerLinkingTBDs/Debug -L/Users/admin/builder/spi-builder-workspace/.derivedData/Build/Products/Debug -L/Applications/Xcode-26.3.0.app/Contents/Developer/Platforms/MacOSX.platform/Developer/usr/lib -F/Users/admin/builder/spi-builder-workspace/.derivedData/Build/Intermediates.noindex/EagerLinkingTBDs/Debug -F/Users/admin/builder/spi-builder-workspace/.derivedData/Build/Products/Debug/PackageFrameworks -F/Users/admin/builder/spi-builder-workspace/.derivedData/Build/Products/Debug/PackageFrameworks -F/Users/admin/builder/spi-builder-workspace/.derivedData/Build/Products/Debug/PackageFrameworks -F/Users/admin/builder/spi-builder-workspace/.derivedData/Build/Products/Debug/PackageFrameworks -F/Users/admin/builder/spi-builder-workspace/.derivedData/Build/Products/Debug/PackageFrameworks -F/Users/admin/builder/spi-builder-workspace/.derivedData/Build/Products/Debug/PackageFrameworks -F/Users/admin/builder/spi-builder-workspace/.derivedData/Build/Products/Debug/PackageFrameworks -F/Users/admin/builder/spi-builder-workspace/.derivedData/Build/Products/Debug/PackageFrameworks -F/Users/admin/builder/spi-builder-workspace/.derivedData/Build/Products/Debug/PackageFrameworks -F/Users/admin/builder/spi-builder-workspace/.derivedData/Build/Products/Debug/PackageFrameworks -F/Users/admin/builder/spi-builder-workspace/.derivedData/Build/Products/Debug/PackageFrameworks -F/Users/admin/builder/spi-builder-workspace/.derivedData/Build/Products/Debug/PackageFrameworks -F/Users/admin/builder/spi-builder-workspace/.derivedData/Build/Products/Debug/PackageFrameworks -F/Users/admin/builder/spi-builder-workspace/.derivedData/Build/Products/Debug/PackageFrameworks -F/Users/admin/builder/spi-builder-workspace/.derivedData/Build/Products/Debug/PackageFrameworks -F/Users/admin/builder/spi-builder-workspace/.derivedData/Build/Products/Debug/PackageFrameworks -F/Users/admin/builder/spi-builder-workspace/.derivedData/Build/Products/Debug/PackageFrameworks -F/Users/admin/builder/spi-builder-workspace/.derivedData/Build/Products/Debug/PackageFrameworks -F/Users/admin/builder/spi-builder-workspace/.derivedData/Build/Products/Debug/PackageFrameworks -F/Users/admin/builder/spi-builder-workspace/.derivedData/Build/Products/Debug -iframework /Applications/Xcode-26.3.0.app/Contents/Developer/Platforms/MacOSX.platform/Developer/Library/Frameworks -filelist /Users/admin/builder/spi-builder-workspace/.derivedData/Build/Intermediates.noindex/GlobalConfModule.build/Debug/GlobalConfMacros.build/Objects-normal/arm64/GlobalConfMacros.LinkFileList -Xlinker -rpath -Xlinker /usr/lib/swift -Xlinker -rpath -Xlinker /Users/admin/builder/spi-builder-workspace/.derivedData/Build/Products/Debug/PackageFrameworks -Xlinker -object_path_lto -Xlinker /Users/admin/builder/spi-builder-workspace/.derivedData/Build/Intermediates.noindex/GlobalConfModule.build/Debug/GlobalConfMacros.build/Objects-normal/arm64/GlobalConfMacros_lto.o -rdynamic -Xlinker -no_deduplicate -Xlinker -debug_variant -Xlinker -dependency_info -Xlinker /Users/admin/builder/spi-builder-workspace/.derivedData/Build/Intermediates.noindex/GlobalConfModule.build/Debug/GlobalConfMacros.build/Objects-normal/arm64/GlobalConfMacros_dependency_info.dat -fobjc-link-runtime -fprofile-instr-generate -L/Applications/Xcode-26.3.0.app/Contents/Developer/Toolchains/XcodeDefault.xctoolchain/usr/lib/swift/macosx -L/usr/lib/swift -Xlinker -add_ast_path -Xlinker /Users/admin/builder/spi-builder-workspace/.derivedData/Build/Intermediates.noindex/GlobalConfModule.build/Debug/GlobalConfMacros.build/Objects-normal/arm64/GlobalConfMacros.swiftmodule @/Users/admin/builder/spi-builder-workspace/.derivedData/Build/Intermediates.noindex/GlobalConfModule.build/Debug/GlobalConfMacros.build/Objects-normal/arm64/GlobalConfMacros-linker-args.resp -Wl,-no_warn_duplicate_libraries -Wl,-no_warn_duplicate_libraries -Wl,-no_warn_duplicate_libraries -Wl,-no_warn_duplicate_libraries -Wl,-no_warn_duplicate_libraries -Wl,-no_warn_duplicate_libraries -Wl,-no_warn_duplicate_libraries -Wl,-no_warn_duplicate_libraries -Wl,-no_warn_duplicate_libraries -Wl,-no_warn_duplicate_libraries -Wl,-no_warn_duplicate_libraries -Wl,-no_warn_duplicate_libraries -Wl,-no_warn_duplicate_libraries -Wl,-no_warn_duplicate_libraries -Wl,-no_warn_duplicate_libraries -Wl,-no_warn_duplicate_libraries -Wl,-no_warn_duplicate_libraries -Wl,-no_warn_duplicate_libraries -Wl,-no_warn_duplicate_libraries -o /Users/admin/builder/spi-builder-workspace/.derivedData/Build/Products/Debug/GlobalConfMacros -Xlinker -add_ast_path -Xlinker /Users/admin/builder/spi-builder-workspace/.derivedData/Build/Intermediates.noindex/swift-syntax.build/Debug/SwiftSyntaxMacros.build/Objects-normal/arm64/SwiftSyntaxMacros.swiftmodule @/Users/admin/builder/spi-builder-workspace/.derivedData/Build/Intermediates.noindex/swift-syntax.build/Debug/SwiftSyntaxMacros.build/Objects-normal/arm64/SwiftSyntaxMacros-linker-args.resp -Xlinker -add_ast_path -Xlinker /Users/admin/builder/spi-builder-workspace/.derivedData/Build/Intermediates.noindex/swift-syntax.build/Debug/SwiftSyntax509.build/Objects-normal/arm64/SwiftSyntax509.swiftmodule @/Users/admin/builder/spi-builder-workspace/.derivedData/Build/Intermediates.noindex/swift-syntax.build/Debug/SwiftSyntax509.build/Objects-normal/arm64/SwiftSyntax509-linker-args.resp -Xlinker -add_ast_path -Xlinker /Users/admin/builder/spi-builder-workspace/.derivedData/Build/Intermediates.noindex/swift-syntax.build/Debug/SwiftSyntax510.build/Objects-normal/arm64/SwiftSyntax510.swiftmodule @/Users/admin/builder/spi-builder-workspace/.derivedData/Build/Intermediates.noindex/swift-syntax.build/Debug/SwiftSyntax510.build/Objects-normal/arm64/SwiftSyntax510-linker-args.resp -Xlinker -add_ast_path -Xlinker /Users/admin/builder/spi-builder-workspace/.derivedData/Build/Intermediates.noindex/swift-syntax.build/Debug/SwiftSyntax600.build/Objects-normal/arm64/SwiftSyntax600.swiftmodule @/Users/admin/builder/spi-builder-workspace/.derivedData/Build/Intermediates.noindex/swift-syntax.build/Debug/SwiftSyntax600.build/Objects-normal/arm64/SwiftSyntax600-linker-args.resp -Xlinker -add_ast_path -Xlinker /Users/admin/builder/spi-builder-workspace/.derivedData/Build/Intermediates.noindex/swift-syntax.build/Debug/SwiftSyntax601.build/Objects-normal/arm64/SwiftSyntax601.swiftmodule @/Users/admin/builder/spi-builder-workspace/.derivedData/Build/Intermediates.noindex/swift-syntax.build/Debug/SwiftSyntax601.build/Objects-normal/arm64/SwiftSyntax601-linker-args.resp -Xlinker -add_ast_path -Xlinker /Users/admin/builder/spi-builder-workspace/.derivedData/Build/Intermediates.noindex/swift-syntax.build/Debug/SwiftSyntax602.build/Objects-normal/arm64/SwiftSyntax602.swiftmodule @/Users/admin/builder/spi-builder-workspace/.derivedData/Build/Intermediates.noindex/swift-syntax.build/Debug/SwiftSyntax602.build/Objects-normal/arm64/SwiftSyntax602-linker-args.resp -Xlinker -add_ast_path -Xlinker /Users/admin/builder/spi-builder-workspace/.derivedData/Build/Intermediates.noindex/swift-syntax.build/Debug/SwiftSyntax603.build/Objects-normal/arm64/SwiftSyntax603.swiftmodule @/Users/admin/builder/spi-builder-workspace/.derivedData/Build/Intermediates.noindex/swift-syntax.build/Debug/SwiftSyntax603.build/Objects-normal/arm64/SwiftSyntax603-linker-args.resp -Xlinker -add_ast_path -Xlinker /Users/admin/builder/spi-builder-workspace/.derivedData/Build/Intermediates.noindex/swift-syntax.build/Debug/SwiftSyntax.build/Objects-normal/arm64/SwiftSyntax.swiftmodule @/Users/admin/builder/spi-builder-workspace/.derivedData/Build/Intermediates.noindex/swift-syntax.build/Debug/SwiftSyntax.build/Objects-normal/arm64/SwiftSyntax-linker-args.resp -Xlinker -add_ast_path -Xlinker /Users/admin/builder/spi-builder-workspace/.derivedData/Build/Intermediates.noindex/swift-syntax.build/Debug/SwiftDiagnostics.build/Objects-normal/arm64/SwiftDiagnostics.swiftmodule @/Users/admin/builder/spi-builder-workspace/.derivedData/Build/Intermediates.noindex/swift-syntax.build/Debug/SwiftDiagnostics.build/Objects-normal/arm64/SwiftDiagnostics-linker-args.resp -Xlinker -add_ast_path -Xlinker /Users/admin/builder/spi-builder-workspace/.derivedData/Build/Intermediates.noindex/swift-syntax.build/Debug/SwiftBasicFormat.build/Objects-normal/arm64/SwiftBasicFormat.swiftmodule @/Users/admin/builder/spi-builder-workspace/.derivedData/Build/Intermediates.noindex/swift-syntax.build/Debug/SwiftBasicFormat.build/Objects-normal/arm64/SwiftBasicFormat-linker-args.resp -Xlinker -add_ast_path -Xlinker /Users/admin/builder/spi-builder-workspace/.derivedData/Build/Intermediates.noindex/swift-syntax.build/Debug/SwiftParser.build/Objects-normal/arm64/SwiftParser.swiftmodule @/Users/admin/builder/spi-builder-workspace/.derivedData/Build/Intermediates.noindex/swift-syntax.build/Debug/SwiftParser.build/Objects-normal/arm64/SwiftParser-linker-args.resp -Xlinker -add_ast_path -Xlinker /Users/admin/builder/spi-builder-workspace/.derivedData/Build/Intermediates.noindex/swift-syntax.build/Debug/SwiftParserDiagnostics.build/Objects-normal/arm64/SwiftParserDiagnostics.swiftmodule @/Users/admin/builder/spi-builder-workspace/.derivedData/Build/Intermediates.noindex/swift-syntax.build/Debug/SwiftParserDiagnostics.build/Objects-normal/arm64/SwiftParserDiagnostics-linker-args.resp -Xlinker -add_ast_path -Xlinker /Users/admin/builder/spi-builder-workspace/.derivedData/Build/Intermediates.noindex/swift-syntax.build/Debug/SwiftSyntaxBuilder.build/Objects-normal/arm64/SwiftSyntaxBuilder.swiftmodule @/Users/admin/builder/spi-builder-workspace/.derivedData/Build/Intermediates.noindex/swift-syntax.build/Debug/SwiftSyntaxBuilder.build/Objects-normal/arm64/SwiftSyntaxBuilder-linker-args.resp -Xlinker -add_ast_path -Xlinker /Users/admin/builder/spi-builder-workspace/.derivedData/Build/Intermediates.noindex/swift-syntax.build/Debug/SwiftOperators.build/Objects-normal/arm64/SwiftOperators.swiftmodule @/Users/admin/builder/spi-builder-workspace/.derivedData/Build/Intermediates.noindex/swift-syntax.build/Debug/SwiftOperators.build/Objects-normal/arm64/SwiftOperators-linker-args.resp -Xlinker -add_ast_path -Xlinker /Users/admin/builder/spi-builder-workspace/.derivedData/Build/Intermediates.noindex/swift-syntax.build/Debug/SwiftIfConfig.build/Objects-normal/arm64/SwiftIfConfig.swiftmodule @/Users/admin/builder/spi-builder-workspace/.derivedData/Build/Intermediates.noindex/swift-syntax.build/Debug/SwiftIfConfig.build/Objects-normal/arm64/SwiftIfConfig-linker-args.resp -Xlinker -add_ast_path -Xlinker /Users/admin/builder/spi-builder-workspace/.derivedData/Build/Intermediates.noindex/swift-syntax.build/Debug/SwiftCompilerPlugin.build/Objects-normal/arm64/SwiftCompilerPlugin.swiftmodule @/Users/admin/builder/spi-builder-workspace/.derivedData/Build/Intermediates.noindex/swift-syntax.build/Debug/SwiftCompilerPlugin.build/Objects-normal/arm64/SwiftCompilerPlugin-linker-args.resp -Xlinker -add_ast_path -Xlinker /Users/admin/builder/spi-builder-workspace/.derivedData/Build/Intermediates.noindex/swift-syntax.build/Debug/SwiftSyntaxMacroExpansion.build/Objects-normal/arm64/SwiftSyntaxMacroExpansion.swiftmodule @/Users/admin/builder/spi-builder-workspace/.derivedData/Build/Intermediates.noindex/swift-syntax.build/Debug/SwiftSyntaxMacroExpansion.build/Objects-normal/arm64/SwiftSyntaxMacroExpansion-linker-args.resp -Xlinker -add_ast_path -Xlinker /Users/admin/builder/spi-builder-workspace/.derivedData/Build/Intermediates.noindex/swift-syntax.build/Debug/SwiftCompilerPluginMessageHandling.build/Objects-normal/arm64/SwiftCompilerPluginMessageHandling.swiftmodule @/Users/admin/builder/spi-builder-workspace/.derivedData/Build/Intermediates.noindex/swift-syntax.build/Debug/SwiftCompilerPluginMessageHandling.build/Objects-normal/arm64/SwiftCompilerPluginMessageHandling-linker-args.resp
RegisterExecutionPolicyException /Users/admin/builder/spi-builder-workspace/.derivedData/Build/Products/Debug/GlobalConfMacros (in target 'GlobalConfMacros' from project 'GlobalConfModule')
    cd /Users/admin/builder/spi-builder-workspace/.dependencies/checkouts/GlobalConfModule
    builtin-RegisterExecutionPolicyException /Users/admin/builder/spi-builder-workspace/.derivedData/Build/Products/Debug/GlobalConfMacros
SwiftDriver GlobalConfModule normal armv7k com.apple.xcode.tools.swift.compiler (in target 'GlobalConfModule' from project 'GlobalConfModule')
    cd /Users/admin/builder/spi-builder-workspace/XibLoc.xcodeproj
    builtin-SwiftDriver -- /Applications/Xcode-26.3.0.app/Contents/Developer/Toolchains/XcodeDefault.xctoolchain/usr/bin/swiftc -module-name GlobalConfModule -Onone -enforce-exclusivity\=checked @/Users/admin/builder/spi-builder-workspace/.derivedData/Build/Intermediates.noindex/GlobalConfModule.build/Debug-watchos/GlobalConfModule.build/Objects-normal/armv7k/GlobalConfModule.SwiftFileList -DSWIFT_PACKAGE -DDEBUG -DSWIFT_MODULE_RESOURCE_BUNDLE_UNAVAILABLE -DXcode -plugin-path /Applications/Xcode-26.3.0.app/Contents/Developer/Toolchains/XcodeDefault.xctoolchain/usr/lib/swift/host/plugins/testing -enable-experimental-feature DebugDescriptionMacro -sdk /Applications/Xcode-26.3.0.app/Contents/Developer/Platforms/WatchOS.platform/Developer/SDKs/WatchOS26.2.sdk -target armv7k-apple-watchos6.0 -g -module-cache-path /Users/admin/builder/spi-builder-workspace/.derivedData/ModuleCache.noindex -Xfrontend -serialize-debugging-options -profile-coverage-mapping -profile-generate -enable-testing -suppress-warnings -index-store-path /Users/admin/builder/spi-builder-workspace/.derivedData/Index.noindex/DataStore -Xcc -D_LIBCPP_HARDENING_MODE\=_LIBCPP_HARDENING_MODE_DEBUG -swift-version 6 -I /Users/admin/builder/spi-builder-workspace/.derivedData/Build/Products/Debug-watchos -Isystem /Applications/Xcode-26.3.0.app/Contents/Developer/Platforms/WatchOS.platform/Developer/usr/lib -F /Users/admin/builder/spi-builder-workspace/.derivedData/Build/Products/Debug-watchos/PackageFrameworks -F /Users/admin/builder/spi-builder-workspace/.derivedData/Build/Products/Debug-watchos -F /Applications/Xcode-26.3.0.app/Contents/Developer/Platforms/WatchOS.platform/Developer/Library/Frameworks -F /Applications/Xcode-26.3.0.app/Contents/Developer/Platforms/WatchOS.platform/Developer/SDKs/WatchOS26.2.sdk/Developer/Library/Frameworks -Xfrontend -load-plugin-executable -Xfrontend /Users/admin/builder/spi-builder-workspace/.derivedData/Build/Products/Debug/GlobalConfMacros\#GlobalConfMacros -c -j10 -enable-batch-mode -incremental -Xcc -ivfsstatcache -Xcc /Users/admin/builder/spi-builder-workspace/.derivedData/SDKStatCaches.noindex/watchos26.2-23S303-dc75598d0054f22ec865fa860f139d721753b489057de6bda919edfa1c59a62b.sdkstatcache -output-file-map /Users/admin/builder/spi-builder-workspace/.derivedData/Build/Intermediates.noindex/GlobalConfModule.build/Debug-watchos/GlobalConfModule.build/Objects-normal/armv7k/GlobalConfModule-OutputFileMap.json -use-frontend-parseable-output -save-temps -no-color-diagnostics -explicit-module-build -module-cache-path /Users/admin/builder/spi-builder-workspace/.derivedData/Build/Intermediates.noindex/SwiftExplicitPrecompiledModules -clang-scanner-module-cache-path /Users/admin/builder/spi-builder-workspace/.derivedData/ModuleCache.noindex -sdk-module-cache-path /Users/admin/builder/spi-builder-workspace/.derivedData/ModuleCache.noindex -serialize-diagnostics -emit-dependencies -emit-module -emit-module-path /Users/admin/builder/spi-builder-workspace/.derivedData/Build/Intermediates.noindex/GlobalConfModule.build/Debug-watchos/GlobalConfModule.build/Objects-normal/armv7k/GlobalConfModule.swiftmodule -user-module-version 0.4.5 -validate-clang-modules-once -clang-build-session-file /Users/admin/builder/spi-builder-workspace/.derivedData/ModuleCache.noindex/Session.modulevalidation -package-name globalconfmodule -Xcc -I/Users/admin/builder/spi-builder-workspace/.derivedData/Build/Intermediates.noindex/GlobalConfModule.build/Debug-watchos/GlobalConfModule.build/swift-overrides.hmap -emit-const-values -Xfrontend -const-gather-protocols-file -Xfrontend /Users/admin/builder/spi-builder-workspace/.derivedData/Build/Intermediates.noindex/GlobalConfModule.build/Debug-watchos/GlobalConfModule.build/Objects-normal/armv7k/GlobalConfModule_const_extract_protocols.json -Xcc -I/Users/admin/builder/spi-builder-workspace/.derivedData/Build/Products/Debug-watchos/include -Xcc -I/Users/admin/builder/spi-builder-workspace/.derivedData/Build/Intermediates.noindex/GlobalConfModule.build/Debug-watchos/GlobalConfModule.build/DerivedSources-normal/armv7k -Xcc -I/Users/admin/builder/spi-builder-workspace/.derivedData/Build/Intermediates.noindex/GlobalConfModule.build/Debug-watchos/GlobalConfModule.build/DerivedSources/armv7k -Xcc -I/Users/admin/builder/spi-builder-workspace/.derivedData/Build/Intermediates.noindex/GlobalConfModule.build/Debug-watchos/GlobalConfModule.build/DerivedSources -Xcc -DSWIFT_PACKAGE -Xcc -DDEBUG\=1 -emit-objc-header -emit-objc-header-path /Users/admin/builder/spi-builder-workspace/.derivedData/Build/Intermediates.noindex/GlobalConfModule.build/Debug-watchos/GlobalConfModule.build/Objects-normal/armv7k/GlobalConfModule-Swift.h -working-directory /Users/admin/builder/spi-builder-workspace/XibLoc.xcodeproj -experimental-emit-module-separately -disable-cmo
SwiftDriver GlobalConfModule normal arm64 com.apple.xcode.tools.swift.compiler (in target 'GlobalConfModule' from project 'GlobalConfModule')
    cd /Users/admin/builder/spi-builder-workspace/XibLoc.xcodeproj
    builtin-SwiftDriver -- /Applications/Xcode-26.3.0.app/Contents/Developer/Toolchains/XcodeDefault.xctoolchain/usr/bin/swiftc -module-name GlobalConfModule -Onone -enforce-exclusivity\=checked @/Users/admin/builder/spi-builder-workspace/.derivedData/Build/Intermediates.noindex/GlobalConfModule.build/Debug-watchos/GlobalConfModule.build/Objects-normal/arm64/GlobalConfModule.SwiftFileList -DSWIFT_PACKAGE -DDEBUG -DSWIFT_MODULE_RESOURCE_BUNDLE_UNAVAILABLE -DXcode -plugin-path /Applications/Xcode-26.3.0.app/Contents/Developer/Toolchains/XcodeDefault.xctoolchain/usr/lib/swift/host/plugins/testing -enable-experimental-feature DebugDescriptionMacro -sdk /Applications/Xcode-26.3.0.app/Contents/Developer/Platforms/WatchOS.platform/Developer/SDKs/WatchOS26.2.sdk -target arm64-apple-watchos6.0 -g -module-cache-path /Users/admin/builder/spi-builder-workspace/.derivedData/ModuleCache.noindex -Xfrontend -serialize-debugging-options -profile-coverage-mapping -profile-generate -enable-testing -suppress-warnings -index-store-path /Users/admin/builder/spi-builder-workspace/.derivedData/Index.noindex/DataStore -Xcc -D_LIBCPP_HARDENING_MODE\=_LIBCPP_HARDENING_MODE_DEBUG -swift-version 6 -I /Users/admin/builder/spi-builder-workspace/.derivedData/Build/Products/Debug-watchos -Isystem /Applications/Xcode-26.3.0.app/Contents/Developer/Platforms/WatchOS.platform/Developer/usr/lib -F /Users/admin/builder/spi-builder-workspace/.derivedData/Build/Products/Debug-watchos/PackageFrameworks -F /Users/admin/builder/spi-builder-workspace/.derivedData/Build/Products/Debug-watchos -F /Applications/Xcode-26.3.0.app/Contents/Developer/Platforms/WatchOS.platform/Developer/Library/Frameworks -F /Applications/Xcode-26.3.0.app/Contents/Developer/Platforms/WatchOS.platform/Developer/SDKs/WatchOS26.2.sdk/Developer/Library/Frameworks -Xfrontend -load-plugin-executable -Xfrontend /Users/admin/builder/spi-builder-workspace/.derivedData/Build/Products/Debug/GlobalConfMacros\#GlobalConfMacros -c -j10 -enable-batch-mode -incremental -Xcc -ivfsstatcache -Xcc /Users/admin/builder/spi-builder-workspace/.derivedData/SDKStatCaches.noindex/watchos26.2-23S303-dc75598d0054f22ec865fa860f139d721753b489057de6bda919edfa1c59a62b.sdkstatcache -output-file-map /Users/admin/builder/spi-builder-workspace/.derivedData/Build/Intermediates.noindex/GlobalConfModule.build/Debug-watchos/GlobalConfModule.build/Objects-normal/arm64/GlobalConfModule-OutputFileMap.json -use-frontend-parseable-output -save-temps -no-color-diagnostics -explicit-module-build -module-cache-path /Users/admin/builder/spi-builder-workspace/.derivedData/Build/Intermediates.noindex/SwiftExplicitPrecompiledModules -clang-scanner-module-cache-path /Users/admin/builder/spi-builder-workspace/.derivedData/ModuleCache.noindex -sdk-module-cache-path /Users/admin/builder/spi-builder-workspace/.derivedData/ModuleCache.noindex -serialize-diagnostics -emit-dependencies -emit-module -emit-module-path /Users/admin/builder/spi-builder-workspace/.derivedData/Build/Intermediates.noindex/GlobalConfModule.build/Debug-watchos/GlobalConfModule.build/Objects-normal/arm64/GlobalConfModule.swiftmodule -user-module-version 0.4.5 -validate-clang-modules-once -clang-build-session-file /Users/admin/builder/spi-builder-workspace/.derivedData/ModuleCache.noindex/Session.modulevalidation -package-name globalconfmodule -Xcc -I/Users/admin/builder/spi-builder-workspace/.derivedData/Build/Intermediates.noindex/GlobalConfModule.build/Debug-watchos/GlobalConfModule.build/swift-overrides.hmap -emit-const-values -Xfrontend -const-gather-protocols-file -Xfrontend /Users/admin/builder/spi-builder-workspace/.derivedData/Build/Intermediates.noindex/GlobalConfModule.build/Debug-watchos/GlobalConfModule.build/Objects-normal/arm64/GlobalConfModule_const_extract_protocols.json -Xcc -I/Users/admin/builder/spi-builder-workspace/.derivedData/Build/Products/Debug-watchos/include -Xcc -I/Users/admin/builder/spi-builder-workspace/.derivedData/Build/Intermediates.noindex/GlobalConfModule.build/Debug-watchos/GlobalConfModule.build/DerivedSources-normal/arm64 -Xcc -I/Users/admin/builder/spi-builder-workspace/.derivedData/Build/Intermediates.noindex/GlobalConfModule.build/Debug-watchos/GlobalConfModule.build/DerivedSources/arm64 -Xcc -I/Users/admin/builder/spi-builder-workspace/.derivedData/Build/Intermediates.noindex/GlobalConfModule.build/Debug-watchos/GlobalConfModule.build/DerivedSources -Xcc -DSWIFT_PACKAGE -Xcc -DDEBUG\=1 -emit-objc-header -emit-objc-header-path /Users/admin/builder/spi-builder-workspace/.derivedData/Build/Intermediates.noindex/GlobalConfModule.build/Debug-watchos/GlobalConfModule.build/Objects-normal/arm64/GlobalConfModule-Swift.h -working-directory /Users/admin/builder/spi-builder-workspace/XibLoc.xcodeproj -experimental-emit-module-separately -disable-cmo
SwiftDriver GlobalConfModule normal arm64_32 com.apple.xcode.tools.swift.compiler (in target 'GlobalConfModule' from project 'GlobalConfModule')
    cd /Users/admin/builder/spi-builder-workspace/XibLoc.xcodeproj
    builtin-SwiftDriver -- /Applications/Xcode-26.3.0.app/Contents/Developer/Toolchains/XcodeDefault.xctoolchain/usr/bin/swiftc -module-name GlobalConfModule -Onone -enforce-exclusivity\=checked @/Users/admin/builder/spi-builder-workspace/.derivedData/Build/Intermediates.noindex/GlobalConfModule.build/Debug-watchos/GlobalConfModule.build/Objects-normal/arm64_32/GlobalConfModule.SwiftFileList -DSWIFT_PACKAGE -DDEBUG -DSWIFT_MODULE_RESOURCE_BUNDLE_UNAVAILABLE -DXcode -plugin-path /Applications/Xcode-26.3.0.app/Contents/Developer/Toolchains/XcodeDefault.xctoolchain/usr/lib/swift/host/plugins/testing -enable-experimental-feature DebugDescriptionMacro -sdk /Applications/Xcode-26.3.0.app/Contents/Developer/Platforms/WatchOS.platform/Developer/SDKs/WatchOS26.2.sdk -target arm64_32-apple-watchos6.0 -g -module-cache-path /Users/admin/builder/spi-builder-workspace/.derivedData/ModuleCache.noindex -Xfrontend -serialize-debugging-options -profile-coverage-mapping -profile-generate -enable-testing -suppress-warnings -index-store-path /Users/admin/builder/spi-builder-workspace/.derivedData/Index.noindex/DataStore -Xcc -D_LIBCPP_HARDENING_MODE\=_LIBCPP_HARDENING_MODE_DEBUG -swift-version 6 -I /Users/admin/builder/spi-builder-workspace/.derivedData/Build/Products/Debug-watchos -Isystem /Applications/Xcode-26.3.0.app/Contents/Developer/Platforms/WatchOS.platform/Developer/usr/lib -F /Users/admin/builder/spi-builder-workspace/.derivedData/Build/Products/Debug-watchos/PackageFrameworks -F /Users/admin/builder/spi-builder-workspace/.derivedData/Build/Products/Debug-watchos -F /Applications/Xcode-26.3.0.app/Contents/Developer/Platforms/WatchOS.platform/Developer/Library/Frameworks -F /Applications/Xcode-26.3.0.app/Contents/Developer/Platforms/WatchOS.platform/Developer/SDKs/WatchOS26.2.sdk/Developer/Library/Frameworks -Xfrontend -load-plugin-executable -Xfrontend /Users/admin/builder/spi-builder-workspace/.derivedData/Build/Products/Debug/GlobalConfMacros\#GlobalConfMacros -c -j10 -enable-batch-mode -incremental -Xcc -ivfsstatcache -Xcc /Users/admin/builder/spi-builder-workspace/.derivedData/SDKStatCaches.noindex/watchos26.2-23S303-dc75598d0054f22ec865fa860f139d721753b489057de6bda919edfa1c59a62b.sdkstatcache -output-file-map /Users/admin/builder/spi-builder-workspace/.derivedData/Build/Intermediates.noindex/GlobalConfModule.build/Debug-watchos/GlobalConfModule.build/Objects-normal/arm64_32/GlobalConfModule-OutputFileMap.json -use-frontend-parseable-output -save-temps -no-color-diagnostics -explicit-module-build -module-cache-path /Users/admin/builder/spi-builder-workspace/.derivedData/Build/Intermediates.noindex/SwiftExplicitPrecompiledModules -clang-scanner-module-cache-path /Users/admin/builder/spi-builder-workspace/.derivedData/ModuleCache.noindex -sdk-module-cache-path /Users/admin/builder/spi-builder-workspace/.derivedData/ModuleCache.noindex -serialize-diagnostics -emit-dependencies -emit-module -emit-module-path /Users/admin/builder/spi-builder-workspace/.derivedData/Build/Intermediates.noindex/GlobalConfModule.build/Debug-watchos/GlobalConfModule.build/Objects-normal/arm64_32/GlobalConfModule.swiftmodule -user-module-version 0.4.5 -validate-clang-modules-once -clang-build-session-file /Users/admin/builder/spi-builder-workspace/.derivedData/ModuleCache.noindex/Session.modulevalidation -package-name globalconfmodule -Xcc -I/Users/admin/builder/spi-builder-workspace/.derivedData/Build/Intermediates.noindex/GlobalConfModule.build/Debug-watchos/GlobalConfModule.build/swift-overrides.hmap -emit-const-values -Xfrontend -const-gather-protocols-file -Xfrontend /Users/admin/builder/spi-builder-workspace/.derivedData/Build/Intermediates.noindex/GlobalConfModule.build/Debug-watchos/GlobalConfModule.build/Objects-normal/arm64_32/GlobalConfModule_const_extract_protocols.json -Xcc -I/Users/admin/builder/spi-builder-workspace/.derivedData/Build/Products/Debug-watchos/include -Xcc -I/Users/admin/builder/spi-builder-workspace/.derivedData/Build/Intermediates.noindex/GlobalConfModule.build/Debug-watchos/GlobalConfModule.build/DerivedSources-normal/arm64_32 -Xcc -I/Users/admin/builder/spi-builder-workspace/.derivedData/Build/Intermediates.noindex/GlobalConfModule.build/Debug-watchos/GlobalConfModule.build/DerivedSources/arm64_32 -Xcc -I/Users/admin/builder/spi-builder-workspace/.derivedData/Build/Intermediates.noindex/GlobalConfModule.build/Debug-watchos/GlobalConfModule.build/DerivedSources -Xcc -DSWIFT_PACKAGE -Xcc -DDEBUG\=1 -emit-objc-header -emit-objc-header-path /Users/admin/builder/spi-builder-workspace/.derivedData/Build/Intermediates.noindex/GlobalConfModule.build/Debug-watchos/GlobalConfModule.build/Objects-normal/arm64_32/GlobalConfModule-Swift.h -working-directory /Users/admin/builder/spi-builder-workspace/XibLoc.xcodeproj -experimental-emit-module-separately -disable-cmo
SwiftExplicitDependencyGeneratePcm arm64_32 /Users/admin/builder/spi-builder-workspace/.derivedData/ModuleCache.noindex/ObjectiveC-AVYBQYXS0QCLOEQGWXNFUFJ0V.pcm
SwiftExplicitDependencyGeneratePcm arm64_32 /Users/admin/builder/spi-builder-workspace/.derivedData/ModuleCache.noindex/ptrauth-625I4K1NIQYS1FZEGD4TBZD97.pcm
SwiftExplicitDependencyGeneratePcm arm64_32 /Users/admin/builder/spi-builder-workspace/.derivedData/ModuleCache.noindex/MachO-7QHSINQMXX9UYJSOISDF3NS24.pcm
SwiftExplicitDependencyGeneratePcm arm64_32 /Users/admin/builder/spi-builder-workspace/.derivedData/ModuleCache.noindex/_Builtin_stdatomic-PGCTE6MX7UMTDPK5E7L1WO9G.pcm
SwiftExplicitDependencyGeneratePcm armv7k /Users/admin/builder/spi-builder-workspace/.derivedData/ModuleCache.noindex/ObjectiveC-ACM927XFRCK5MLNYU4TDJPUI9.pcm
SwiftExplicitDependencyGeneratePcm armv7k /Users/admin/builder/spi-builder-workspace/.derivedData/ModuleCache.noindex/_Builtin_stdatomic-7JS1PDY0232U9G2Z0HPRE7N09.pcm
SwiftExplicitDependencyGeneratePcm arm64 /Users/admin/builder/spi-builder-workspace/.derivedData/ModuleCache.noindex/MachO-CBB7CDJCGLJ1KAOBMESQJ6HN0.pcm
SwiftExplicitDependencyGeneratePcm arm64 /Users/admin/builder/spi-builder-workspace/.derivedData/ModuleCache.noindex/ObjectiveC-2PU9OT47G6RBOHSXQR2STMWWR.pcm
SwiftExplicitDependencyGeneratePcm armv7k /Users/admin/builder/spi-builder-workspace/.derivedData/ModuleCache.noindex/ptrauth-7MU8I6LYCX6DS0BM6VQWB61QK.pcm
SwiftExplicitDependencyGeneratePcm arm64 /Users/admin/builder/spi-builder-workspace/.derivedData/ModuleCache.noindex/ptrauth-23V973HP08H1G8HHZ6OAJWG6Z.pcm
SwiftExplicitDependencyGeneratePcm armv7k /Users/admin/builder/spi-builder-workspace/.derivedData/ModuleCache.noindex/MachO-9NTCA756NLTMLRH8VERKJ0BNM.pcm
SwiftExplicitDependencyGeneratePcm arm64 /Users/admin/builder/spi-builder-workspace/.derivedData/ModuleCache.noindex/_Builtin_stdatomic-54VXVKINWJDUKUF1QQV7ZSY2R.pcm
SwiftExplicitDependencyGeneratePcm arm64_32 /Users/admin/builder/spi-builder-workspace/.derivedData/ModuleCache.noindex/os_object-8N6RR4J5VVS62U9VXHR1297AW.pcm
SwiftExplicitDependencyGeneratePcm armv7k /Users/admin/builder/spi-builder-workspace/.derivedData/ModuleCache.noindex/os_object-CTAU3YFP52X3B3RQNJKXAB0S2.pcm
SwiftExplicitDependencyGeneratePcm arm64 /Users/admin/builder/spi-builder-workspace/.derivedData/ModuleCache.noindex/os_object-CIUJ5N1V1HWSGEK024IV96R1M.pcm
SwiftExplicitDependencyGeneratePcm arm64_32 /Users/admin/builder/spi-builder-workspace/.derivedData/ModuleCache.noindex/os_workgroup-EGGSTWNSSUGG124AQRBUF2J85.pcm
SwiftExplicitDependencyGeneratePcm armv7k /Users/admin/builder/spi-builder-workspace/.derivedData/ModuleCache.noindex/os_workgroup-5XIFNOMVKG500RY054IJSXA0A.pcm
SwiftExplicitDependencyGeneratePcm arm64 /Users/admin/builder/spi-builder-workspace/.derivedData/ModuleCache.noindex/os_workgroup-5S02ISLSMHO6BA5HLY5UNJ6A3.pcm
SwiftExplicitDependencyGeneratePcm arm64_32 /Users/admin/builder/spi-builder-workspace/.derivedData/ModuleCache.noindex/os-1GWCV6O27DHF8WQFPLJNCFKK4.pcm
SwiftExplicitDependencyGeneratePcm arm64_32 /Users/admin/builder/spi-builder-workspace/.derivedData/ModuleCache.noindex/Dispatch-DV1SP0JEXVJ6MTIWZ3XCJTXSW.pcm
SwiftExplicitDependencyGeneratePcm armv7k /Users/admin/builder/spi-builder-workspace/.derivedData/ModuleCache.noindex/os-A2KV5OCYYGX3ATHV3DI40T7XB.pcm
SwiftExplicitDependencyGeneratePcm armv7k /Users/admin/builder/spi-builder-workspace/.derivedData/ModuleCache.noindex/Dispatch-CDWEQAFJBASNR6ZVDOK5OXT4V.pcm
SwiftExplicitDependencyGeneratePcm arm64 /Users/admin/builder/spi-builder-workspace/.derivedData/ModuleCache.noindex/os-AOK4LQ23MW2NBBUH2N8QOP52R.pcm
SwiftExplicitDependencyGeneratePcm arm64 /Users/admin/builder/spi-builder-workspace/.derivedData/ModuleCache.noindex/Dispatch-4KQN7RRX0L9C07MGTWHYRJGYM.pcm
SwiftExplicitDependencyGeneratePcm armv7k /Users/admin/builder/spi-builder-workspace/.derivedData/ModuleCache.noindex/CoreFoundation-RUCL80CI9TRWFFLKE600Z06O.pcm
SwiftExplicitDependencyGeneratePcm arm64_32 /Users/admin/builder/spi-builder-workspace/.derivedData/ModuleCache.noindex/CoreFoundation-EN8GNA4ERP0UOK1XPZ1YRZKGF.pcm
SwiftExplicitDependencyGeneratePcm arm64 /Users/admin/builder/spi-builder-workspace/.derivedData/ModuleCache.noindex/CoreFoundation-C0JIKJUNM7J0IFUIZ8S5RWP5A.pcm
SwiftExplicitDependencyGeneratePcm armv7k /Users/admin/builder/spi-builder-workspace/.derivedData/ModuleCache.noindex/Security-C9A0B26R2UIADBXLVBKU1FJV1.pcm
SwiftExplicitDependencyGeneratePcm arm64_32 /Users/admin/builder/spi-builder-workspace/.derivedData/ModuleCache.noindex/Security-8KJEGVX0ECINJU374GLCNITFA.pcm
SwiftExplicitDependencyGeneratePcm arm64 /Users/admin/builder/spi-builder-workspace/.derivedData/ModuleCache.noindex/Security-8WXKZYCC8N3IYZ7GEEYK1LTTC.pcm
SwiftExplicitDependencyGeneratePcm armv7k /Users/admin/builder/spi-builder-workspace/.derivedData/ModuleCache.noindex/Foundation-BFCHXYDNJGNDW2FA1JATYZ9KO.pcm
SwiftExplicitDependencyGeneratePcm arm64_32 /Users/admin/builder/spi-builder-workspace/.derivedData/ModuleCache.noindex/Foundation-1ZQJQ54U4TUPUQFY2U9YK0983.pcm
SwiftExplicitDependencyGeneratePcm arm64 /Users/admin/builder/spi-builder-workspace/.derivedData/ModuleCache.noindex/Foundation-188QGUU7PNEMS0JL2JNA4L9D.pcm
SwiftCompile normal armv7k Compiling\ InjectedConf+AutoInjectableMainActor.swift,\ InjectedConf+ConfKey.swift /Users/admin/builder/spi-builder-workspace/.dependencies/checkouts/GlobalConfModule/Sources/GlobalConf/Injection/InjectedConf+AutoInjectableMainActor.swift /Users/admin/builder/spi-builder-workspace/.dependencies/checkouts/GlobalConfModule/Sources/GlobalConf/Injection/InjectedConf+ConfKey.swift (in target 'GlobalConfModule' from project 'GlobalConfModule')
SwiftCompile normal armv7k /Users/admin/builder/spi-builder-workspace/.dependencies/checkouts/GlobalConfModule/Sources/GlobalConf/Injection/InjectedConf+AutoInjectableMainActor.swift (in target 'GlobalConfModule' from project 'GlobalConfModule')
    cd /Users/admin/builder/spi-builder-workspace/XibLoc.xcodeproj

SwiftCompile normal armv7k /Users/admin/builder/spi-builder-workspace/.dependencies/checkouts/GlobalConfModule/Sources/GlobalConf/Injection/InjectedConf+ConfKey.swift (in target 'GlobalConfModule' from project 'GlobalConfModule')
    cd /Users/admin/builder/spi-builder-workspace/XibLoc.xcodeproj

SwiftCompile normal armv7k Compiling\ ConfKey.swift,\ ConfKeyMainActor.swift /Users/admin/builder/spi-builder-workspace/.dependencies/checkouts/GlobalConfModule/Sources/GlobalConf/ConfKey/ConfKey.swift /Users/admin/builder/spi-builder-workspace/.dependencies/checkouts/GlobalConfModule/Sources/GlobalConf/ConfKey/ConfKeyMainActor.swift (in target 'GlobalConfModule' from project 'GlobalConfModule')
SwiftCompile normal armv7k /Users/admin/builder/spi-builder-workspace/.dependencies/checkouts/GlobalConfModule/Sources/GlobalConf/ConfKey/ConfKey.swift (in target 'GlobalConfModule' from project 'GlobalConfModule')
    cd /Users/admin/builder/spi-builder-workspace/XibLoc.xcodeproj

SwiftCompile normal armv7k /Users/admin/builder/spi-builder-workspace/.dependencies/checkouts/GlobalConfModule/Sources/GlobalConf/ConfKey/ConfKeyMainActor.swift (in target 'GlobalConfModule' from project 'GlobalConfModule')
    cd /Users/admin/builder/spi-builder-workspace/XibLoc.xcodeproj

SwiftCompile normal armv7k Compiling\ 3-NamespaceKey.swift,\ 4-AccessorConvenience.swift /Users/admin/builder/spi-builder-workspace/.dependencies/checkouts/GlobalConfModule/Sources/GlobalConf/Macros/3-NamespaceKey.swift /Users/admin/builder/spi-builder-workspace/.dependencies/checkouts/GlobalConfModule/Sources/GlobalConf/Macros/4-AccessorConvenience.swift (in target 'GlobalConfModule' from project 'GlobalConfModule')
SwiftCompile normal armv7k /Users/admin/builder/spi-builder-workspace/.dependencies/checkouts/GlobalConfModule/Sources/GlobalConf/Macros/3-NamespaceKey.swift (in target 'GlobalConfModule' from project 'GlobalConfModule')
    cd /Users/admin/builder/spi-builder-workspace/XibLoc.xcodeproj

SwiftCompile normal armv7k /Users/admin/builder/spi-builder-workspace/.dependencies/checkouts/GlobalConfModule/Sources/GlobalConf/Macros/4-AccessorConvenience.swift (in target 'GlobalConfModule' from project 'GlobalConfModule')
    cd /Users/admin/builder/spi-builder-workspace/XibLoc.xcodeproj

SwiftCompile normal armv7k Compiling\ 1-ConfKey.swift,\ 2-ServiceKey.swift /Users/admin/builder/spi-builder-workspace/.dependencies/checkouts/GlobalConfModule/Sources/GlobalConf/Macros/1-ConfKey.swift /Users/admin/builder/spi-builder-workspace/.dependencies/checkouts/GlobalConfModule/Sources/GlobalConf/Macros/2-ServiceKey.swift (in target 'GlobalConfModule' from project 'GlobalConfModule')
SwiftCompile normal armv7k /Users/admin/builder/spi-builder-workspace/.dependencies/checkouts/GlobalConfModule/Sources/GlobalConf/Macros/1-ConfKey.swift (in target 'GlobalConfModule' from project 'GlobalConfModule')
    cd /Users/admin/builder/spi-builder-workspace/XibLoc.xcodeproj

SwiftCompile normal armv7k /Users/admin/builder/spi-builder-workspace/.dependencies/checkouts/GlobalConfModule/Sources/GlobalConf/Macros/2-ServiceKey.swift (in target 'GlobalConfModule' from project 'GlobalConfModule')
    cd /Users/admin/builder/spi-builder-workspace/XibLoc.xcodeproj

SwiftCompile normal armv7k Compiling\ Conf+ConfKey.swift,\ Conf+ConfKeyMainActor.swift,\ Conf+withValues.swift /Users/admin/builder/spi-builder-workspace/.dependencies/checkouts/GlobalConfModule/Sources/GlobalConf/Conf/Conf+ConfKey.swift /Users/admin/builder/spi-builder-workspace/.dependencies/checkouts/GlobalConfModule/Sources/GlobalConf/Conf/Conf+ConfKeyMainActor.swift /Users/admin/builder/spi-builder-workspace/.dependencies/checkouts/GlobalConfModule/Sources/GlobalConf/Conf/Conf+withValues.swift (in target 'GlobalConfModule' from project 'GlobalConfModule')
SwiftCompile normal armv7k /Users/admin/builder/spi-builder-workspace/.dependencies/checkouts/GlobalConfModule/Sources/GlobalConf/Conf/Conf+ConfKey.swift (in target 'GlobalConfModule' from project 'GlobalConfModule')
    cd /Users/admin/builder/spi-builder-workspace/XibLoc.xcodeproj

SwiftCompile normal armv7k /Users/admin/builder/spi-builder-workspace/.dependencies/checkouts/GlobalConfModule/Sources/GlobalConf/Conf/Conf+ConfKeyMainActor.swift (in target 'GlobalConfModule' from project 'GlobalConfModule')
    cd /Users/admin/builder/spi-builder-workspace/XibLoc.xcodeproj

SwiftCompile normal armv7k /Users/admin/builder/spi-builder-workspace/.dependencies/checkouts/GlobalConfModule/Sources/GlobalConf/Conf/Conf+withValues.swift (in target 'GlobalConfModule' from project 'GlobalConfModule')
    cd /Users/admin/builder/spi-builder-workspace/XibLoc.xcodeproj

SwiftCompile normal armv7k Compiling\ InjectedConf+ConfKeyMainActor.swift,\ InjectedConf.swift /Users/admin/builder/spi-builder-workspace/.dependencies/checkouts/GlobalConfModule/Sources/GlobalConf/Injection/InjectedConf+ConfKeyMainActor.swift /Users/admin/builder/spi-builder-workspace/.dependencies/checkouts/GlobalConfModule/Sources/GlobalConf/Injection/InjectedConf.swift (in target 'GlobalConfModule' from project 'GlobalConfModule')
SwiftCompile normal armv7k /Users/admin/builder/spi-builder-workspace/.dependencies/checkouts/GlobalConfModule/Sources/GlobalConf/Injection/InjectedConf+ConfKeyMainActor.swift (in target 'GlobalConfModule' from project 'GlobalConfModule')
    cd /Users/admin/builder/spi-builder-workspace/XibLoc.xcodeproj

SwiftCompile normal armv7k /Users/admin/builder/spi-builder-workspace/.dependencies/checkouts/GlobalConfModule/Sources/GlobalConf/Injection/InjectedConf.swift (in target 'GlobalConfModule' from project 'GlobalConfModule')
    cd /Users/admin/builder/spi-builder-workspace/XibLoc.xcodeproj

SwiftCompile normal armv7k Compiling\ Conf.swift,\ ConfContext+AutoInjectable.swift,\ ConfContext+AutoInjectableMainActor.swift /Users/admin/builder/spi-builder-workspace/.dependencies/checkouts/GlobalConfModule/Sources/GlobalConf/Conf/Conf.swift /Users/admin/builder/spi-builder-workspace/.dependencies/checkouts/GlobalConfModule/Sources/GlobalConf/ConfContext/ConfContext+AutoInjectable.swift /Users/admin/builder/spi-builder-workspace/.dependencies/checkouts/GlobalConfModule/Sources/GlobalConf/ConfContext/ConfContext+AutoInjectableMainActor.swift (in target 'GlobalConfModule' from project 'GlobalConfModule')
SwiftCompile normal armv7k /Users/admin/builder/spi-builder-workspace/.dependencies/checkouts/GlobalConfModule/Sources/GlobalConf/Conf/Conf.swift (in target 'GlobalConfModule' from project 'GlobalConfModule')
    cd /Users/admin/builder/spi-builder-workspace/XibLoc.xcodeproj

SwiftCompile normal armv7k /Users/admin/builder/spi-builder-workspace/.dependencies/checkouts/GlobalConfModule/Sources/GlobalConf/ConfContext/ConfContext+AutoInjectable.swift (in target 'GlobalConfModule' from project 'GlobalConfModule')
    cd /Users/admin/builder/spi-builder-workspace/XibLoc.xcodeproj

SwiftCompile normal armv7k /Users/admin/builder/spi-builder-workspace/.dependencies/checkouts/GlobalConfModule/Sources/GlobalConf/ConfContext/ConfContext+AutoInjectableMainActor.swift (in target 'GlobalConfModule' from project 'GlobalConfModule')
    cd /Users/admin/builder/spi-builder-workspace/XibLoc.xcodeproj

SwiftEmitModule normal armv7k Emitting\ module\ for\ GlobalConfModule (in target 'GlobalConfModule' from project 'GlobalConfModule')
EmitSwiftModule normal armv7k (in target 'GlobalConfModule' from project 'GlobalConfModule')
    cd /Users/admin/builder/spi-builder-workspace/XibLoc.xcodeproj

SwiftCompile normal armv7k Compiling\ AutoInjectableMainActor.swift,\ InjectedConf+AutoInjectable.swift /Users/admin/builder/spi-builder-workspace/.dependencies/checkouts/GlobalConfModule/Sources/GlobalConf/Injection/AutoInjectableMainActor.swift /Users/admin/builder/spi-builder-workspace/.dependencies/checkouts/GlobalConfModule/Sources/GlobalConf/Injection/InjectedConf+AutoInjectable.swift (in target 'GlobalConfModule' from project 'GlobalConfModule')
SwiftCompile normal armv7k /Users/admin/builder/spi-builder-workspace/.dependencies/checkouts/GlobalConfModule/Sources/GlobalConf/Injection/AutoInjectableMainActor.swift (in target 'GlobalConfModule' from project 'GlobalConfModule')
    cd /Users/admin/builder/spi-builder-workspace/XibLoc.xcodeproj

SwiftCompile normal armv7k /Users/admin/builder/spi-builder-workspace/.dependencies/checkouts/GlobalConfModule/Sources/GlobalConf/Injection/InjectedConf+AutoInjectable.swift (in target 'GlobalConfModule' from project 'GlobalConfModule')
    cd /Users/admin/builder/spi-builder-workspace/XibLoc.xcodeproj

SwiftEmitModule normal arm64_32 Emitting\ module\ for\ GlobalConfModule (in target 'GlobalConfModule' from project 'GlobalConfModule')
EmitSwiftModule normal arm64_32 (in target 'GlobalConfModule' from project 'GlobalConfModule')
    cd /Users/admin/builder/spi-builder-workspace/XibLoc.xcodeproj

SwiftEmitModule normal arm64 Emitting\ module\ for\ GlobalConfModule (in target 'GlobalConfModule' from project 'GlobalConfModule')
EmitSwiftModule normal arm64 (in target 'GlobalConfModule' from project 'GlobalConfModule')
    cd /Users/admin/builder/spi-builder-workspace/XibLoc.xcodeproj

SwiftDriverJobDiscovery normal armv7k Compiling InjectedConf+ConfKeyMainActor.swift, InjectedConf.swift (in target 'GlobalConfModule' from project 'GlobalConfModule')
SwiftCompile normal arm64_32 Compiling\ AutoInjectableMainActor.swift,\ InjectedConf+AutoInjectable.swift /Users/admin/builder/spi-builder-workspace/.dependencies/checkouts/GlobalConfModule/Sources/GlobalConf/Injection/AutoInjectableMainActor.swift /Users/admin/builder/spi-builder-workspace/.dependencies/checkouts/GlobalConfModule/Sources/GlobalConf/Injection/InjectedConf+AutoInjectable.swift (in target 'GlobalConfModule' from project 'GlobalConfModule')
SwiftCompile normal arm64_32 /Users/admin/builder/spi-builder-workspace/.dependencies/checkouts/GlobalConfModule/Sources/GlobalConf/Injection/AutoInjectableMainActor.swift (in target 'GlobalConfModule' from project 'GlobalConfModule')
    cd /Users/admin/builder/spi-builder-workspace/XibLoc.xcodeproj

SwiftCompile normal arm64_32 /Users/admin/builder/spi-builder-workspace/.dependencies/checkouts/GlobalConfModule/Sources/GlobalConf/Injection/InjectedConf+AutoInjectable.swift (in target 'GlobalConfModule' from project 'GlobalConfModule')
    cd /Users/admin/builder/spi-builder-workspace/XibLoc.xcodeproj

SwiftCompile normal arm64 Compiling\ Conf.swift,\ ConfContext+AutoInjectable.swift,\ ConfContext+AutoInjectableMainActor.swift /Users/admin/builder/spi-builder-workspace/.dependencies/checkouts/GlobalConfModule/Sources/GlobalConf/Conf/Conf.swift /Users/admin/builder/spi-builder-workspace/.dependencies/checkouts/GlobalConfModule/Sources/GlobalConf/ConfContext/ConfContext+AutoInjectable.swift /Users/admin/builder/spi-builder-workspace/.dependencies/checkouts/GlobalConfModule/Sources/GlobalConf/ConfContext/ConfContext+AutoInjectableMainActor.swift (in target 'GlobalConfModule' from project 'GlobalConfModule')
SwiftCompile normal arm64 /Users/admin/builder/spi-builder-workspace/.dependencies/checkouts/GlobalConfModule/Sources/GlobalConf/Conf/Conf.swift (in target 'GlobalConfModule' from project 'GlobalConfModule')
    cd /Users/admin/builder/spi-builder-workspace/XibLoc.xcodeproj

SwiftCompile normal arm64 /Users/admin/builder/spi-builder-workspace/.dependencies/checkouts/GlobalConfModule/Sources/GlobalConf/ConfContext/ConfContext+AutoInjectable.swift (in target 'GlobalConfModule' from project 'GlobalConfModule')
    cd /Users/admin/builder/spi-builder-workspace/XibLoc.xcodeproj

SwiftCompile normal arm64 /Users/admin/builder/spi-builder-workspace/.dependencies/checkouts/GlobalConfModule/Sources/GlobalConf/ConfContext/ConfContext+AutoInjectableMainActor.swift (in target 'GlobalConfModule' from project 'GlobalConfModule')
    cd /Users/admin/builder/spi-builder-workspace/XibLoc.xcodeproj

SwiftCompile normal arm64_32 Compiling\ Conf+ConfKey.swift,\ Conf+ConfKeyMainActor.swift,\ Conf+withValues.swift /Users/admin/builder/spi-builder-workspace/.dependencies/checkouts/GlobalConfModule/Sources/GlobalConf/Conf/Conf+ConfKey.swift /Users/admin/builder/spi-builder-workspace/.dependencies/checkouts/GlobalConfModule/Sources/GlobalConf/Conf/Conf+ConfKeyMainActor.swift /Users/admin/builder/spi-builder-workspace/.dependencies/checkouts/GlobalConfModule/Sources/GlobalConf/Conf/Conf+withValues.swift (in target 'GlobalConfModule' from project 'GlobalConfModule')
SwiftCompile normal arm64_32 /Users/admin/builder/spi-builder-workspace/.dependencies/checkouts/GlobalConfModule/Sources/GlobalConf/Conf/Conf+ConfKey.swift (in target 'GlobalConfModule' from project 'GlobalConfModule')
    cd /Users/admin/builder/spi-builder-workspace/XibLoc.xcodeproj

SwiftCompile normal arm64_32 /Users/admin/builder/spi-builder-workspace/.dependencies/checkouts/GlobalConfModule/Sources/GlobalConf/Conf/Conf+ConfKeyMainActor.swift (in target 'GlobalConfModule' from project 'GlobalConfModule')
    cd /Users/admin/builder/spi-builder-workspace/XibLoc.xcodeproj

SwiftCompile normal arm64_32 /Users/admin/builder/spi-builder-workspace/.dependencies/checkouts/GlobalConfModule/Sources/GlobalConf/Conf/Conf+withValues.swift (in target 'GlobalConfModule' from project 'GlobalConfModule')
    cd /Users/admin/builder/spi-builder-workspace/XibLoc.xcodeproj

SwiftDriverJobDiscovery normal armv7k Compiling ConfKey.swift, ConfKeyMainActor.swift (in target 'GlobalConfModule' from project 'GlobalConfModule')
SwiftDriverJobDiscovery normal armv7k Compiling AutoInjectableMainActor.swift, InjectedConf+AutoInjectable.swift (in target 'GlobalConfModule' from project 'GlobalConfModule')
SwiftDriverJobDiscovery normal armv7k Compiling InjectedConf+AutoInjectableMainActor.swift, InjectedConf+ConfKey.swift (in target 'GlobalConfModule' from project 'GlobalConfModule')
SwiftCompile normal arm64 Compiling\ 3-NamespaceKey.swift,\ 4-AccessorConvenience.swift /Users/admin/builder/spi-builder-workspace/.dependencies/checkouts/GlobalConfModule/Sources/GlobalConf/Macros/3-NamespaceKey.swift /Users/admin/builder/spi-builder-workspace/.dependencies/checkouts/GlobalConfModule/Sources/GlobalConf/Macros/4-AccessorConvenience.swift (in target 'GlobalConfModule' from project 'GlobalConfModule')
SwiftCompile normal arm64 /Users/admin/builder/spi-builder-workspace/.dependencies/checkouts/GlobalConfModule/Sources/GlobalConf/Macros/3-NamespaceKey.swift (in target 'GlobalConfModule' from project 'GlobalConfModule')
    cd /Users/admin/builder/spi-builder-workspace/XibLoc.xcodeproj

SwiftCompile normal arm64 /Users/admin/builder/spi-builder-workspace/.dependencies/checkouts/GlobalConfModule/Sources/GlobalConf/Macros/4-AccessorConvenience.swift (in target 'GlobalConfModule' from project 'GlobalConfModule')
    cd /Users/admin/builder/spi-builder-workspace/XibLoc.xcodeproj

SwiftDriverJobDiscovery normal armv7k Compiling Conf+ConfKey.swift, Conf+ConfKeyMainActor.swift, Conf+withValues.swift (in target 'GlobalConfModule' from project 'GlobalConfModule')
SwiftCompile normal arm64 Compiling\ Conf+ConfKey.swift,\ Conf+ConfKeyMainActor.swift,\ Conf+withValues.swift /Users/admin/builder/spi-builder-workspace/.dependencies/checkouts/GlobalConfModule/Sources/GlobalConf/Conf/Conf+ConfKey.swift /Users/admin/builder/spi-builder-workspace/.dependencies/checkouts/GlobalConfModule/Sources/GlobalConf/Conf/Conf+ConfKeyMainActor.swift /Users/admin/builder/spi-builder-workspace/.dependencies/checkouts/GlobalConfModule/Sources/GlobalConf/Conf/Conf+withValues.swift (in target 'GlobalConfModule' from project 'GlobalConfModule')
SwiftCompile normal arm64 /Users/admin/builder/spi-builder-workspace/.dependencies/checkouts/GlobalConfModule/Sources/GlobalConf/Conf/Conf+ConfKey.swift (in target 'GlobalConfModule' from project 'GlobalConfModule')
    cd /Users/admin/builder/spi-builder-workspace/XibLoc.xcodeproj

SwiftCompile normal arm64 /Users/admin/builder/spi-builder-workspace/.dependencies/checkouts/GlobalConfModule/Sources/GlobalConf/Conf/Conf+ConfKeyMainActor.swift (in target 'GlobalConfModule' from project 'GlobalConfModule')
    cd /Users/admin/builder/spi-builder-workspace/XibLoc.xcodeproj

SwiftCompile normal arm64 /Users/admin/builder/spi-builder-workspace/.dependencies/checkouts/GlobalConfModule/Sources/GlobalConf/Conf/Conf+withValues.swift (in target 'GlobalConfModule' from project 'GlobalConfModule')
    cd /Users/admin/builder/spi-builder-workspace/XibLoc.xcodeproj

SwiftDriverJobDiscovery normal armv7k Compiling Conf.swift, ConfContext+AutoInjectable.swift, ConfContext+AutoInjectableMainActor.swift (in target 'GlobalConfModule' from project 'GlobalConfModule')
SwiftCompile normal arm64_32 Compiling\ ConfContext+ConfKey.swift,\ ConfContext+ConfKeyMainActor.swift,\ ConfContext.swift /Users/admin/builder/spi-builder-workspace/.dependencies/checkouts/GlobalConfModule/Sources/GlobalConf/ConfContext/ConfContext+ConfKey.swift /Users/admin/builder/spi-builder-workspace/.dependencies/checkouts/GlobalConfModule/Sources/GlobalConf/ConfContext/ConfContext+ConfKeyMainActor.swift /Users/admin/builder/spi-builder-workspace/.dependencies/checkouts/GlobalConfModule/Sources/GlobalConf/ConfContext/ConfContext.swift (in target 'GlobalConfModule' from project 'GlobalConfModule')
SwiftCompile normal arm64_32 /Users/admin/builder/spi-builder-workspace/.dependencies/checkouts/GlobalConfModule/Sources/GlobalConf/ConfContext/ConfContext+ConfKey.swift (in target 'GlobalConfModule' from project 'GlobalConfModule')
    cd /Users/admin/builder/spi-builder-workspace/XibLoc.xcodeproj

SwiftCompile normal arm64_32 /Users/admin/builder/spi-builder-workspace/.dependencies/checkouts/GlobalConfModule/Sources/GlobalConf/ConfContext/ConfContext+ConfKeyMainActor.swift (in target 'GlobalConfModule' from project 'GlobalConfModule')
    cd /Users/admin/builder/spi-builder-workspace/XibLoc.xcodeproj

SwiftCompile normal arm64_32 /Users/admin/builder/spi-builder-workspace/.dependencies/checkouts/GlobalConfModule/Sources/GlobalConf/ConfContext/ConfContext.swift (in target 'GlobalConfModule' from project 'GlobalConfModule')
    cd /Users/admin/builder/spi-builder-workspace/XibLoc.xcodeproj

SwiftDriverJobDiscovery normal armv7k Compiling 3-NamespaceKey.swift, 4-AccessorConvenience.swift (in target 'GlobalConfModule' from project 'GlobalConfModule')
SwiftCompile normal arm64 Compiling\ InjectedConf+AutoInjectableMainActor.swift,\ InjectedConf+ConfKey.swift /Users/admin/builder/spi-builder-workspace/.dependencies/checkouts/GlobalConfModule/Sources/GlobalConf/Injection/InjectedConf+AutoInjectableMainActor.swift /Users/admin/builder/spi-builder-workspace/.dependencies/checkouts/GlobalConfModule/Sources/GlobalConf/Injection/InjectedConf+ConfKey.swift (in target 'GlobalConfModule' from project 'GlobalConfModule')
SwiftCompile normal arm64 /Users/admin/builder/spi-builder-workspace/.dependencies/checkouts/GlobalConfModule/Sources/GlobalConf/Injection/InjectedConf+AutoInjectableMainActor.swift (in target 'GlobalConfModule' from project 'GlobalConfModule')
    cd /Users/admin/builder/spi-builder-workspace/XibLoc.xcodeproj

SwiftCompile normal arm64 /Users/admin/builder/spi-builder-workspace/.dependencies/checkouts/GlobalConfModule/Sources/GlobalConf/Injection/InjectedConf+ConfKey.swift (in target 'GlobalConfModule' from project 'GlobalConfModule')
    cd /Users/admin/builder/spi-builder-workspace/XibLoc.xcodeproj

SwiftDriverJobDiscovery normal armv7k Emitting module for GlobalConfModule (in target 'GlobalConfModule' from project 'GlobalConfModule')
SwiftDriver\ Compilation\ Requirements GlobalConfModule normal armv7k com.apple.xcode.tools.swift.compiler (in target 'GlobalConfModule' from project 'GlobalConfModule')
    cd /Users/admin/builder/spi-builder-workspace/XibLoc.xcodeproj
    builtin-Swift-Compilation-Requirements -- /Applications/Xcode-26.3.0.app/Contents/Developer/Toolchains/XcodeDefault.xctoolchain/usr/bin/swiftc -module-name GlobalConfModule -Onone -enforce-exclusivity\=checked @/Users/admin/builder/spi-builder-workspace/.derivedData/Build/Intermediates.noindex/GlobalConfModule.build/Debug-watchos/GlobalConfModule.build/Objects-normal/armv7k/GlobalConfModule.SwiftFileList -DSWIFT_PACKAGE -DDEBUG -DSWIFT_MODULE_RESOURCE_BUNDLE_UNAVAILABLE -DXcode -plugin-path /Applications/Xcode-26.3.0.app/Contents/Developer/Toolchains/XcodeDefault.xctoolchain/usr/lib/swift/host/plugins/testing -enable-experimental-feature DebugDescriptionMacro -sdk /Applications/Xcode-26.3.0.app/Contents/Developer/Platforms/WatchOS.platform/Developer/SDKs/WatchOS26.2.sdk -target armv7k-apple-watchos6.0 -g -module-cache-path /Users/admin/builder/spi-builder-workspace/.derivedData/ModuleCache.noindex -Xfrontend -serialize-debugging-options -profile-coverage-mapping -profile-generate -enable-testing -suppress-warnings -index-store-path /Users/admin/builder/spi-builder-workspace/.derivedData/Index.noindex/DataStore -Xcc -D_LIBCPP_HARDENING_MODE\=_LIBCPP_HARDENING_MODE_DEBUG -swift-version 6 -I /Users/admin/builder/spi-builder-workspace/.derivedData/Build/Products/Debug-watchos -Isystem /Applications/Xcode-26.3.0.app/Contents/Developer/Platforms/WatchOS.platform/Developer/usr/lib -F /Users/admin/builder/spi-builder-workspace/.derivedData/Build/Products/Debug-watchos/PackageFrameworks -F /Users/admin/builder/spi-builder-workspace/.derivedData/Build/Products/Debug-watchos -F /Applications/Xcode-26.3.0.app/Contents/Developer/Platforms/WatchOS.platform/Developer/Library/Frameworks -F /Applications/Xcode-26.3.0.app/Contents/Developer/Platforms/WatchOS.platform/Developer/SDKs/WatchOS26.2.sdk/Developer/Library/Frameworks -Xfrontend -load-plugin-executable -Xfrontend /Users/admin/builder/spi-builder-workspace/.derivedData/Build/Products/Debug/GlobalConfMacros\#GlobalConfMacros -c -j10 -enable-batch-mode -incremental -Xcc -ivfsstatcache -Xcc /Users/admin/builder/spi-builder-workspace/.derivedData/SDKStatCaches.noindex/watchos26.2-23S303-dc75598d0054f22ec865fa860f139d721753b489057de6bda919edfa1c59a62b.sdkstatcache -output-file-map /Users/admin/builder/spi-builder-workspace/.derivedData/Build/Intermediates.noindex/GlobalConfModule.build/Debug-watchos/GlobalConfModule.build/Objects-normal/armv7k/GlobalConfModule-OutputFileMap.json -use-frontend-parseable-output -save-temps -no-color-diagnostics -explicit-module-build -module-cache-path /Users/admin/builder/spi-builder-workspace/.derivedData/Build/Intermediates.noindex/SwiftExplicitPrecompiledModules -clang-scanner-module-cache-path /Users/admin/builder/spi-builder-workspace/.derivedData/ModuleCache.noindex -sdk-module-cache-path /Users/admin/builder/spi-builder-workspace/.derivedData/ModuleCache.noindex -serialize-diagnostics -emit-dependencies -emit-module -emit-module-path /Users/admin/builder/spi-builder-workspace/.derivedData/Build/Intermediates.noindex/GlobalConfModule.build/Debug-watchos/GlobalConfModule.build/Objects-normal/armv7k/GlobalConfModule.swiftmodule -user-module-version 0.4.5 -validate-clang-modules-once -clang-build-session-file /Users/admin/builder/spi-builder-workspace/.derivedData/ModuleCache.noindex/Session.modulevalidation -package-name globalconfmodule -Xcc -I/Users/admin/builder/spi-builder-workspace/.derivedData/Build/Intermediates.noindex/GlobalConfModule.build/Debug-watchos/GlobalConfModule.build/swift-overrides.hmap -emit-const-values -Xfrontend -const-gather-protocols-file -Xfrontend /Users/admin/builder/spi-builder-workspace/.derivedData/Build/Intermediates.noindex/GlobalConfModule.build/Debug-watchos/GlobalConfModule.build/Objects-normal/armv7k/GlobalConfModule_const_extract_protocols.json -Xcc -I/Users/admin/builder/spi-builder-workspace/.derivedData/Build/Products/Debug-watchos/include -Xcc -I/Users/admin/builder/spi-builder-workspace/.derivedData/Build/Intermediates.noindex/GlobalConfModule.build/Debug-watchos/GlobalConfModule.build/DerivedSources-normal/armv7k -Xcc -I/Users/admin/builder/spi-builder-workspace/.derivedData/Build/Intermediates.noindex/GlobalConfModule.build/Debug-watchos/GlobalConfModule.build/DerivedSources/armv7k -Xcc -I/Users/admin/builder/spi-builder-workspace/.derivedData/Build/Intermediates.noindex/GlobalConfModule.build/Debug-watchos/GlobalConfModule.build/DerivedSources -Xcc -DSWIFT_PACKAGE -Xcc -DDEBUG\=1 -emit-objc-header -emit-objc-header-path /Users/admin/builder/spi-builder-workspace/.derivedData/Build/Intermediates.noindex/GlobalConfModule.build/Debug-watchos/GlobalConfModule.build/Objects-normal/armv7k/GlobalConfModule-Swift.h -working-directory /Users/admin/builder/spi-builder-workspace/XibLoc.xcodeproj -experimental-emit-module-separately -disable-cmo
SwiftDriverJobDiscovery normal arm64_32 Emitting module for GlobalConfModule (in target 'GlobalConfModule' from project 'GlobalConfModule')
SwiftDriver\ Compilation\ Requirements GlobalConfModule normal arm64_32 com.apple.xcode.tools.swift.compiler (in target 'GlobalConfModule' from project 'GlobalConfModule')
    cd /Users/admin/builder/spi-builder-workspace/XibLoc.xcodeproj
    builtin-Swift-Compilation-Requirements -- /Applications/Xcode-26.3.0.app/Contents/Developer/Toolchains/XcodeDefault.xctoolchain/usr/bin/swiftc -module-name GlobalConfModule -Onone -enforce-exclusivity\=checked @/Users/admin/builder/spi-builder-workspace/.derivedData/Build/Intermediates.noindex/GlobalConfModule.build/Debug-watchos/GlobalConfModule.build/Objects-normal/arm64_32/GlobalConfModule.SwiftFileList -DSWIFT_PACKAGE -DDEBUG -DSWIFT_MODULE_RESOURCE_BUNDLE_UNAVAILABLE -DXcode -plugin-path /Applications/Xcode-26.3.0.app/Contents/Developer/Toolchains/XcodeDefault.xctoolchain/usr/lib/swift/host/plugins/testing -enable-experimental-feature DebugDescriptionMacro -sdk /Applications/Xcode-26.3.0.app/Contents/Developer/Platforms/WatchOS.platform/Developer/SDKs/WatchOS26.2.sdk -target arm64_32-apple-watchos6.0 -g -module-cache-path /Users/admin/builder/spi-builder-workspace/.derivedData/ModuleCache.noindex -Xfrontend -serialize-debugging-options -profile-coverage-mapping -profile-generate -enable-testing -suppress-warnings -index-store-path /Users/admin/builder/spi-builder-workspace/.derivedData/Index.noindex/DataStore -Xcc -D_LIBCPP_HARDENING_MODE\=_LIBCPP_HARDENING_MODE_DEBUG -swift-version 6 -I /Users/admin/builder/spi-builder-workspace/.derivedData/Build/Products/Debug-watchos -Isystem /Applications/Xcode-26.3.0.app/Contents/Developer/Platforms/WatchOS.platform/Developer/usr/lib -F /Users/admin/builder/spi-builder-workspace/.derivedData/Build/Products/Debug-watchos/PackageFrameworks -F /Users/admin/builder/spi-builder-workspace/.derivedData/Build/Products/Debug-watchos -F /Applications/Xcode-26.3.0.app/Contents/Developer/Platforms/WatchOS.platform/Developer/Library/Frameworks -F /Applications/Xcode-26.3.0.app/Contents/Developer/Platforms/WatchOS.platform/Developer/SDKs/WatchOS26.2.sdk/Developer/Library/Frameworks -Xfrontend -load-plugin-executable -Xfrontend /Users/admin/builder/spi-builder-workspace/.derivedData/Build/Products/Debug/GlobalConfMacros\#GlobalConfMacros -c -j10 -enable-batch-mode -incremental -Xcc -ivfsstatcache -Xcc /Users/admin/builder/spi-builder-workspace/.derivedData/SDKStatCaches.noindex/watchos26.2-23S303-dc75598d0054f22ec865fa860f139d721753b489057de6bda919edfa1c59a62b.sdkstatcache -output-file-map /Users/admin/builder/spi-builder-workspace/.derivedData/Build/Intermediates.noindex/GlobalConfModule.build/Debug-watchos/GlobalConfModule.build/Objects-normal/arm64_32/GlobalConfModule-OutputFileMap.json -use-frontend-parseable-output -save-temps -no-color-diagnostics -explicit-module-build -module-cache-path /Users/admin/builder/spi-builder-workspace/.derivedData/Build/Intermediates.noindex/SwiftExplicitPrecompiledModules -clang-scanner-module-cache-path /Users/admin/builder/spi-builder-workspace/.derivedData/ModuleCache.noindex -sdk-module-cache-path /Users/admin/builder/spi-builder-workspace/.derivedData/ModuleCache.noindex -serialize-diagnostics -emit-dependencies -emit-module -emit-module-path /Users/admin/builder/spi-builder-workspace/.derivedData/Build/Intermediates.noindex/GlobalConfModule.build/Debug-watchos/GlobalConfModule.build/Objects-normal/arm64_32/GlobalConfModule.swiftmodule -user-module-version 0.4.5 -validate-clang-modules-once -clang-build-session-file /Users/admin/builder/spi-builder-workspace/.derivedData/ModuleCache.noindex/Session.modulevalidation -package-name globalconfmodule -Xcc -I/Users/admin/builder/spi-builder-workspace/.derivedData/Build/Intermediates.noindex/GlobalConfModule.build/Debug-watchos/GlobalConfModule.build/swift-overrides.hmap -emit-const-values -Xfrontend -const-gather-protocols-file -Xfrontend /Users/admin/builder/spi-builder-workspace/.derivedData/Build/Intermediates.noindex/GlobalConfModule.build/Debug-watchos/GlobalConfModule.build/Objects-normal/arm64_32/GlobalConfModule_const_extract_protocols.json -Xcc -I/Users/admin/builder/spi-builder-workspace/.derivedData/Build/Products/Debug-watchos/include -Xcc -I/Users/admin/builder/spi-builder-workspace/.derivedData/Build/Intermediates.noindex/GlobalConfModule.build/Debug-watchos/GlobalConfModule.build/DerivedSources-normal/arm64_32 -Xcc -I/Users/admin/builder/spi-builder-workspace/.derivedData/Build/Intermediates.noindex/GlobalConfModule.build/Debug-watchos/GlobalConfModule.build/DerivedSources/arm64_32 -Xcc -I/Users/admin/builder/spi-builder-workspace/.derivedData/Build/Intermediates.noindex/GlobalConfModule.build/Debug-watchos/GlobalConfModule.build/DerivedSources -Xcc -DSWIFT_PACKAGE -Xcc -DDEBUG\=1 -emit-objc-header -emit-objc-header-path /Users/admin/builder/spi-builder-workspace/.derivedData/Build/Intermediates.noindex/GlobalConfModule.build/Debug-watchos/GlobalConfModule.build/Objects-normal/arm64_32/GlobalConfModule-Swift.h -working-directory /Users/admin/builder/spi-builder-workspace/XibLoc.xcodeproj -experimental-emit-module-separately -disable-cmo
Copy /Users/admin/builder/spi-builder-workspace/.derivedData/Build/Products/Debug-watchos/GlobalConfModule.swiftmodule/armv7k-apple-watchos.swiftmodule /Users/admin/builder/spi-builder-workspace/.derivedData/Build/Intermediates.noindex/GlobalConfModule.build/Debug-watchos/GlobalConfModule.build/Objects-normal/armv7k/GlobalConfModule.swiftmodule (in target 'GlobalConfModule' from project 'GlobalConfModule')
    cd /Users/admin/builder/spi-builder-workspace/.dependencies/checkouts/GlobalConfModule
    builtin-copy -exclude .DS_Store -exclude CVS -exclude .svn -exclude .git -exclude .hg -resolve-src-symlinks -rename /Users/admin/builder/spi-builder-workspace/.derivedData/Build/Intermediates.noindex/GlobalConfModule.build/Debug-watchos/GlobalConfModule.build/Objects-normal/armv7k/GlobalConfModule.swiftmodule /Users/admin/builder/spi-builder-workspace/.derivedData/Build/Products/Debug-watchos/GlobalConfModule.swiftmodule/armv7k-apple-watchos.swiftmodule
Copy /Users/admin/builder/spi-builder-workspace/.derivedData/Build/Products/Debug-watchos/GlobalConfModule.swiftmodule/armv7k-apple-watchos.swiftdoc /Users/admin/builder/spi-builder-workspace/.derivedData/Build/Intermediates.noindex/GlobalConfModule.build/Debug-watchos/GlobalConfModule.build/Objects-normal/armv7k/GlobalConfModule.swiftdoc (in target 'GlobalConfModule' from project 'GlobalConfModule')
    cd /Users/admin/builder/spi-builder-workspace/.dependencies/checkouts/GlobalConfModule
    builtin-copy -exclude .DS_Store -exclude CVS -exclude .svn -exclude .git -exclude .hg -resolve-src-symlinks -rename /Users/admin/builder/spi-builder-workspace/.derivedData/Build/Intermediates.noindex/GlobalConfModule.build/Debug-watchos/GlobalConfModule.build/Objects-normal/armv7k/GlobalConfModule.swiftdoc /Users/admin/builder/spi-builder-workspace/.derivedData/Build/Products/Debug-watchos/GlobalConfModule.swiftmodule/armv7k-apple-watchos.swiftdoc
SwiftDriverJobDiscovery normal armv7k Compiling 1-ConfKey.swift, 2-ServiceKey.swift (in target 'GlobalConfModule' from project 'GlobalConfModule')
Copy /Users/admin/builder/spi-builder-workspace/.derivedData/Build/Products/Debug-watchos/GlobalConfModule.swiftmodule/armv7k-apple-watchos.abi.json /Users/admin/builder/spi-builder-workspace/.derivedData/Build/Intermediates.noindex/GlobalConfModule.build/Debug-watchos/GlobalConfModule.build/Objects-normal/armv7k/GlobalConfModule.abi.json (in target 'GlobalConfModule' from project 'GlobalConfModule')
    cd /Users/admin/builder/spi-builder-workspace/.dependencies/checkouts/GlobalConfModule
    builtin-copy -exclude .DS_Store -exclude CVS -exclude .svn -exclude .git -exclude .hg -resolve-src-symlinks -rename /Users/admin/builder/spi-builder-workspace/.derivedData/Build/Intermediates.noindex/GlobalConfModule.build/Debug-watchos/GlobalConfModule.build/Objects-normal/armv7k/GlobalConfModule.abi.json /Users/admin/builder/spi-builder-workspace/.derivedData/Build/Products/Debug-watchos/GlobalConfModule.swiftmodule/armv7k-apple-watchos.abi.json
Copy /Users/admin/builder/spi-builder-workspace/.derivedData/Build/Products/Debug-watchos/GlobalConfModule.swiftmodule/arm64_32-apple-watchos.swiftmodule /Users/admin/builder/spi-builder-workspace/.derivedData/Build/Intermediates.noindex/GlobalConfModule.build/Debug-watchos/GlobalConfModule.build/Objects-normal/arm64_32/GlobalConfModule.swiftmodule (in target 'GlobalConfModule' from project 'GlobalConfModule')
    cd /Users/admin/builder/spi-builder-workspace/.dependencies/checkouts/GlobalConfModule
    builtin-copy -exclude .DS_Store -exclude CVS -exclude .svn -exclude .git -exclude .hg -resolve-src-symlinks -rename /Users/admin/builder/spi-builder-workspace/.derivedData/Build/Intermediates.noindex/GlobalConfModule.build/Debug-watchos/GlobalConfModule.build/Objects-normal/arm64_32/GlobalConfModule.swiftmodule /Users/admin/builder/spi-builder-workspace/.derivedData/Build/Products/Debug-watchos/GlobalConfModule.swiftmodule/arm64_32-apple-watchos.swiftmodule
Copy /Users/admin/builder/spi-builder-workspace/.derivedData/Build/Products/Debug-watchos/GlobalConfModule.swiftmodule/arm64_32-apple-watchos.swiftdoc /Users/admin/builder/spi-builder-workspace/.derivedData/Build/Intermediates.noindex/GlobalConfModule.build/Debug-watchos/GlobalConfModule.build/Objects-normal/arm64_32/GlobalConfModule.swiftdoc (in target 'GlobalConfModule' from project 'GlobalConfModule')
    cd /Users/admin/builder/spi-builder-workspace/.dependencies/checkouts/GlobalConfModule
    builtin-copy -exclude .DS_Store -exclude CVS -exclude .svn -exclude .git -exclude .hg -resolve-src-symlinks -rename /Users/admin/builder/spi-builder-workspace/.derivedData/Build/Intermediates.noindex/GlobalConfModule.build/Debug-watchos/GlobalConfModule.build/Objects-normal/arm64_32/GlobalConfModule.swiftdoc /Users/admin/builder/spi-builder-workspace/.derivedData/Build/Products/Debug-watchos/GlobalConfModule.swiftmodule/arm64_32-apple-watchos.swiftdoc
Copy /Users/admin/builder/spi-builder-workspace/.derivedData/Build/Products/Debug-watchos/GlobalConfModule.swiftmodule/arm64_32-apple-watchos.abi.json /Users/admin/builder/spi-builder-workspace/.derivedData/Build/Intermediates.noindex/GlobalConfModule.build/Debug-watchos/GlobalConfModule.build/Objects-normal/arm64_32/GlobalConfModule.abi.json (in target 'GlobalConfModule' from project 'GlobalConfModule')
    cd /Users/admin/builder/spi-builder-workspace/.dependencies/checkouts/GlobalConfModule
    builtin-copy -exclude .DS_Store -exclude CVS -exclude .svn -exclude .git -exclude .hg -resolve-src-symlinks -rename /Users/admin/builder/spi-builder-workspace/.derivedData/Build/Intermediates.noindex/GlobalConfModule.build/Debug-watchos/GlobalConfModule.build/Objects-normal/arm64_32/GlobalConfModule.abi.json /Users/admin/builder/spi-builder-workspace/.derivedData/Build/Products/Debug-watchos/GlobalConfModule.swiftmodule/arm64_32-apple-watchos.abi.json
Copy /Users/admin/builder/spi-builder-workspace/.derivedData/Build/Products/Debug-watchos/GlobalConfModule.swiftmodule/Project/armv7k-apple-watchos.swiftsourceinfo /Users/admin/builder/spi-builder-workspace/.derivedData/Build/Intermediates.noindex/GlobalConfModule.build/Debug-watchos/GlobalConfModule.build/Objects-normal/armv7k/GlobalConfModule.swiftsourceinfo (in target 'GlobalConfModule' from project 'GlobalConfModule')
    cd /Users/admin/builder/spi-builder-workspace/.dependencies/checkouts/GlobalConfModule
    builtin-copy -exclude .DS_Store -exclude CVS -exclude .svn -exclude .git -exclude .hg -resolve-src-symlinks -rename /Users/admin/builder/spi-builder-workspace/.derivedData/Build/Intermediates.noindex/GlobalConfModule.build/Debug-watchos/GlobalConfModule.build/Objects-normal/armv7k/GlobalConfModule.swiftsourceinfo /Users/admin/builder/spi-builder-workspace/.derivedData/Build/Products/Debug-watchos/GlobalConfModule.swiftmodule/Project/armv7k-apple-watchos.swiftsourceinfo
Copy /Users/admin/builder/spi-builder-workspace/.derivedData/Build/Products/Debug-watchos/GlobalConfModule.swiftmodule/Project/arm64_32-apple-watchos.swiftsourceinfo /Users/admin/builder/spi-builder-workspace/.derivedData/Build/Intermediates.noindex/GlobalConfModule.build/Debug-watchos/GlobalConfModule.build/Objects-normal/arm64_32/GlobalConfModule.swiftsourceinfo (in target 'GlobalConfModule' from project 'GlobalConfModule')
    cd /Users/admin/builder/spi-builder-workspace/.dependencies/checkouts/GlobalConfModule
    builtin-copy -exclude .DS_Store -exclude CVS -exclude .svn -exclude .git -exclude .hg -resolve-src-symlinks -rename /Users/admin/builder/spi-builder-workspace/.derivedData/Build/Intermediates.noindex/GlobalConfModule.build/Debug-watchos/GlobalConfModule.build/Objects-normal/arm64_32/GlobalConfModule.swiftsourceinfo /Users/admin/builder/spi-builder-workspace/.derivedData/Build/Products/Debug-watchos/GlobalConfModule.swiftmodule/Project/arm64_32-apple-watchos.swiftsourceinfo
SwiftCompile normal arm64_32 Compiling\ 1-ConfKey.swift,\ 2-ServiceKey.swift /Users/admin/builder/spi-builder-workspace/.dependencies/checkouts/GlobalConfModule/Sources/GlobalConf/Macros/1-ConfKey.swift /Users/admin/builder/spi-builder-workspace/.dependencies/checkouts/GlobalConfModule/Sources/GlobalConf/Macros/2-ServiceKey.swift (in target 'GlobalConfModule' from project 'GlobalConfModule')
SwiftCompile normal arm64_32 /Users/admin/builder/spi-builder-workspace/.dependencies/checkouts/GlobalConfModule/Sources/GlobalConf/Macros/1-ConfKey.swift (in target 'GlobalConfModule' from project 'GlobalConfModule')
    cd /Users/admin/builder/spi-builder-workspace/XibLoc.xcodeproj

SwiftCompile normal arm64_32 /Users/admin/builder/spi-builder-workspace/.dependencies/checkouts/GlobalConfModule/Sources/GlobalConf/Macros/2-ServiceKey.swift (in target 'GlobalConfModule' from project 'GlobalConfModule')
    cd /Users/admin/builder/spi-builder-workspace/XibLoc.xcodeproj

SwiftCompile normal arm64 Compiling\ 1-ConfKey.swift,\ 2-ServiceKey.swift /Users/admin/builder/spi-builder-workspace/.dependencies/checkouts/GlobalConfModule/Sources/GlobalConf/Macros/1-ConfKey.swift /Users/admin/builder/spi-builder-workspace/.dependencies/checkouts/GlobalConfModule/Sources/GlobalConf/Macros/2-ServiceKey.swift (in target 'GlobalConfModule' from project 'GlobalConfModule')
SwiftCompile normal arm64 /Users/admin/builder/spi-builder-workspace/.dependencies/checkouts/GlobalConfModule/Sources/GlobalConf/Macros/1-ConfKey.swift (in target 'GlobalConfModule' from project 'GlobalConfModule')
    cd /Users/admin/builder/spi-builder-workspace/XibLoc.xcodeproj

SwiftCompile normal arm64 /Users/admin/builder/spi-builder-workspace/.dependencies/checkouts/GlobalConfModule/Sources/GlobalConf/Macros/2-ServiceKey.swift (in target 'GlobalConfModule' from project 'GlobalConfModule')
    cd /Users/admin/builder/spi-builder-workspace/XibLoc.xcodeproj

SwiftCompile normal arm64_32 Compiling\ 3-NamespaceKey.swift,\ 4-AccessorConvenience.swift /Users/admin/builder/spi-builder-workspace/.dependencies/checkouts/GlobalConfModule/Sources/GlobalConf/Macros/3-NamespaceKey.swift /Users/admin/builder/spi-builder-workspace/.dependencies/checkouts/GlobalConfModule/Sources/GlobalConf/Macros/4-AccessorConvenience.swift (in target 'GlobalConfModule' from project 'GlobalConfModule')
SwiftCompile normal arm64_32 /Users/admin/builder/spi-builder-workspace/.dependencies/checkouts/GlobalConfModule/Sources/GlobalConf/Macros/3-NamespaceKey.swift (in target 'GlobalConfModule' from project 'GlobalConfModule')
    cd /Users/admin/builder/spi-builder-workspace/XibLoc.xcodeproj

SwiftCompile normal arm64_32 /Users/admin/builder/spi-builder-workspace/.dependencies/checkouts/GlobalConfModule/Sources/GlobalConf/Macros/4-AccessorConvenience.swift (in target 'GlobalConfModule' from project 'GlobalConfModule')
    cd /Users/admin/builder/spi-builder-workspace/XibLoc.xcodeproj

SwiftDriverJobDiscovery normal arm64 Emitting module for GlobalConfModule (in target 'GlobalConfModule' from project 'GlobalConfModule')
SwiftDriver\ Compilation\ Requirements GlobalConfModule normal arm64 com.apple.xcode.tools.swift.compiler (in target 'GlobalConfModule' from project 'GlobalConfModule')
    cd /Users/admin/builder/spi-builder-workspace/XibLoc.xcodeproj
    builtin-Swift-Compilation-Requirements -- /Applications/Xcode-26.3.0.app/Contents/Developer/Toolchains/XcodeDefault.xctoolchain/usr/bin/swiftc -module-name GlobalConfModule -Onone -enforce-exclusivity\=checked @/Users/admin/builder/spi-builder-workspace/.derivedData/Build/Intermediates.noindex/GlobalConfModule.build/Debug-watchos/GlobalConfModule.build/Objects-normal/arm64/GlobalConfModule.SwiftFileList -DSWIFT_PACKAGE -DDEBUG -DSWIFT_MODULE_RESOURCE_BUNDLE_UNAVAILABLE -DXcode -plugin-path /Applications/Xcode-26.3.0.app/Contents/Developer/Toolchains/XcodeDefault.xctoolchain/usr/lib/swift/host/plugins/testing -enable-experimental-feature DebugDescriptionMacro -sdk /Applications/Xcode-26.3.0.app/Contents/Developer/Platforms/WatchOS.platform/Developer/SDKs/WatchOS26.2.sdk -target arm64-apple-watchos6.0 -g -module-cache-path /Users/admin/builder/spi-builder-workspace/.derivedData/ModuleCache.noindex -Xfrontend -serialize-debugging-options -profile-coverage-mapping -profile-generate -enable-testing -suppress-warnings -index-store-path /Users/admin/builder/spi-builder-workspace/.derivedData/Index.noindex/DataStore -Xcc -D_LIBCPP_HARDENING_MODE\=_LIBCPP_HARDENING_MODE_DEBUG -swift-version 6 -I /Users/admin/builder/spi-builder-workspace/.derivedData/Build/Products/Debug-watchos -Isystem /Applications/Xcode-26.3.0.app/Contents/Developer/Platforms/WatchOS.platform/Developer/usr/lib -F /Users/admin/builder/spi-builder-workspace/.derivedData/Build/Products/Debug-watchos/PackageFrameworks -F /Users/admin/builder/spi-builder-workspace/.derivedData/Build/Products/Debug-watchos -F /Applications/Xcode-26.3.0.app/Contents/Developer/Platforms/WatchOS.platform/Developer/Library/Frameworks -F /Applications/Xcode-26.3.0.app/Contents/Developer/Platforms/WatchOS.platform/Developer/SDKs/WatchOS26.2.sdk/Developer/Library/Frameworks -Xfrontend -load-plugin-executable -Xfrontend /Users/admin/builder/spi-builder-workspace/.derivedData/Build/Products/Debug/GlobalConfMacros\#GlobalConfMacros -c -j10 -enable-batch-mode -incremental -Xcc -ivfsstatcache -Xcc /Users/admin/builder/spi-builder-workspace/.derivedData/SDKStatCaches.noindex/watchos26.2-23S303-dc75598d0054f22ec865fa860f139d721753b489057de6bda919edfa1c59a62b.sdkstatcache -output-file-map /Users/admin/builder/spi-builder-workspace/.derivedData/Build/Intermediates.noindex/GlobalConfModule.build/Debug-watchos/GlobalConfModule.build/Objects-normal/arm64/GlobalConfModule-OutputFileMap.json -use-frontend-parseable-output -save-temps -no-color-diagnostics -explicit-module-build -module-cache-path /Users/admin/builder/spi-builder-workspace/.derivedData/Build/Intermediates.noindex/SwiftExplicitPrecompiledModules -clang-scanner-module-cache-path /Users/admin/builder/spi-builder-workspace/.derivedData/ModuleCache.noindex -sdk-module-cache-path /Users/admin/builder/spi-builder-workspace/.derivedData/ModuleCache.noindex -serialize-diagnostics -emit-dependencies -emit-module -emit-module-path /Users/admin/builder/spi-builder-workspace/.derivedData/Build/Intermediates.noindex/GlobalConfModule.build/Debug-watchos/GlobalConfModule.build/Objects-normal/arm64/GlobalConfModule.swiftmodule -user-module-version 0.4.5 -validate-clang-modules-once -clang-build-session-file /Users/admin/builder/spi-builder-workspace/.derivedData/ModuleCache.noindex/Session.modulevalidation -package-name globalconfmodule -Xcc -I/Users/admin/builder/spi-builder-workspace/.derivedData/Build/Intermediates.noindex/GlobalConfModule.build/Debug-watchos/GlobalConfModule.build/swift-overrides.hmap -emit-const-values -Xfrontend -const-gather-protocols-file -Xfrontend /Users/admin/builder/spi-builder-workspace/.derivedData/Build/Intermediates.noindex/GlobalConfModule.build/Debug-watchos/GlobalConfModule.build/Objects-normal/arm64/GlobalConfModule_const_extract_protocols.json -Xcc -I/Users/admin/builder/spi-builder-workspace/.derivedData/Build/Products/Debug-watchos/include -Xcc -I/Users/admin/builder/spi-builder-workspace/.derivedData/Build/Intermediates.noindex/GlobalConfModule.build/Debug-watchos/GlobalConfModule.build/DerivedSources-normal/arm64 -Xcc -I/Users/admin/builder/spi-builder-workspace/.derivedData/Build/Intermediates.noindex/GlobalConfModule.build/Debug-watchos/GlobalConfModule.build/DerivedSources/arm64 -Xcc -I/Users/admin/builder/spi-builder-workspace/.derivedData/Build/Intermediates.noindex/GlobalConfModule.build/Debug-watchos/GlobalConfModule.build/DerivedSources -Xcc -DSWIFT_PACKAGE -Xcc -DDEBUG\=1 -emit-objc-header -emit-objc-header-path /Users/admin/builder/spi-builder-workspace/.derivedData/Build/Intermediates.noindex/GlobalConfModule.build/Debug-watchos/GlobalConfModule.build/Objects-normal/arm64/GlobalConfModule-Swift.h -working-directory /Users/admin/builder/spi-builder-workspace/XibLoc.xcodeproj -experimental-emit-module-separately -disable-cmo
SwiftDriverJobDiscovery normal arm64 Compiling 1-ConfKey.swift, 2-ServiceKey.swift (in target 'GlobalConfModule' from project 'GlobalConfModule')
SwiftCompile normal arm64_32 Compiling\ InjectedConf+ConfKeyMainActor.swift,\ InjectedConf.swift /Users/admin/builder/spi-builder-workspace/.dependencies/checkouts/GlobalConfModule/Sources/GlobalConf/Injection/InjectedConf+ConfKeyMainActor.swift /Users/admin/builder/spi-builder-workspace/.dependencies/checkouts/GlobalConfModule/Sources/GlobalConf/Injection/InjectedConf.swift (in target 'GlobalConfModule' from project 'GlobalConfModule')
SwiftCompile normal arm64_32 /Users/admin/builder/spi-builder-workspace/.dependencies/checkouts/GlobalConfModule/Sources/GlobalConf/Injection/InjectedConf+ConfKeyMainActor.swift (in target 'GlobalConfModule' from project 'GlobalConfModule')
    cd /Users/admin/builder/spi-builder-workspace/XibLoc.xcodeproj

SwiftCompile normal arm64_32 /Users/admin/builder/spi-builder-workspace/.dependencies/checkouts/GlobalConfModule/Sources/GlobalConf/Injection/InjectedConf.swift (in target 'GlobalConfModule' from project 'GlobalConfModule')
    cd /Users/admin/builder/spi-builder-workspace/XibLoc.xcodeproj

SwiftCompile normal arm64 Compiling\ ConfKeys.swift,\ AutoInjectable.swift /Users/admin/builder/spi-builder-workspace/.dependencies/checkouts/GlobalConfModule/Sources/GlobalConf/ConfKeys.swift /Users/admin/builder/spi-builder-workspace/.dependencies/checkouts/GlobalConfModule/Sources/GlobalConf/Injection/AutoInjectable.swift (in target 'GlobalConfModule' from project 'GlobalConfModule')
SwiftCompile normal arm64 /Users/admin/builder/spi-builder-workspace/.dependencies/checkouts/GlobalConfModule/Sources/GlobalConf/ConfKeys.swift (in target 'GlobalConfModule' from project 'GlobalConfModule')
    cd /Users/admin/builder/spi-builder-workspace/XibLoc.xcodeproj

SwiftCompile normal arm64 /Users/admin/builder/spi-builder-workspace/.dependencies/checkouts/GlobalConfModule/Sources/GlobalConf/Injection/AutoInjectable.swift (in target 'GlobalConfModule' from project 'GlobalConfModule')
    cd /Users/admin/builder/spi-builder-workspace/XibLoc.xcodeproj

SwiftDriverJobDiscovery normal arm64 Compiling InjectedConf+AutoInjectableMainActor.swift, InjectedConf+ConfKey.swift (in target 'GlobalConfModule' from project 'GlobalConfModule')
SwiftMergeGeneratedHeaders /Users/admin/builder/spi-builder-workspace/.derivedData/Build/Intermediates.noindex/GeneratedModuleMaps-watchos/GlobalConfModule-Swift.h /Users/admin/builder/spi-builder-workspace/.derivedData/Build/Intermediates.noindex/GlobalConfModule.build/Debug-watchos/GlobalConfModule.build/Objects-normal/arm64/GlobalConfModule-Swift.h /Users/admin/builder/spi-builder-workspace/.derivedData/Build/Intermediates.noindex/GlobalConfModule.build/Debug-watchos/GlobalConfModule.build/Objects-normal/arm64_32/GlobalConfModule-Swift.h /Users/admin/builder/spi-builder-workspace/.derivedData/Build/Intermediates.noindex/GlobalConfModule.build/Debug-watchos/GlobalConfModule.build/Objects-normal/armv7k/GlobalConfModule-Swift.h (in target 'GlobalConfModule' from project 'GlobalConfModule')
    cd /Users/admin/builder/spi-builder-workspace/.dependencies/checkouts/GlobalConfModule
    builtin-swiftHeaderTool -arch arm64 /Users/admin/builder/spi-builder-workspace/.derivedData/Build/Intermediates.noindex/GlobalConfModule.build/Debug-watchos/GlobalConfModule.build/Objects-normal/arm64/GlobalConfModule-Swift.h -arch arm64_32 /Users/admin/builder/spi-builder-workspace/.derivedData/Build/Intermediates.noindex/GlobalConfModule.build/Debug-watchos/GlobalConfModule.build/Objects-normal/arm64_32/GlobalConfModule-Swift.h -arch armv7k /Users/admin/builder/spi-builder-workspace/.derivedData/Build/Intermediates.noindex/GlobalConfModule.build/Debug-watchos/GlobalConfModule.build/Objects-normal/armv7k/GlobalConfModule-Swift.h -o /Users/admin/builder/spi-builder-workspace/.derivedData/Build/Intermediates.noindex/GeneratedModuleMaps-watchos/GlobalConfModule-Swift.h
SwiftDriverJobDiscovery normal arm64 Compiling 3-NamespaceKey.swift, 4-AccessorConvenience.swift (in target 'GlobalConfModule' from project 'GlobalConfModule')
Copy /Users/admin/builder/spi-builder-workspace/.derivedData/Build/Products/Debug-watchos/GlobalConfModule.swiftmodule/arm64-apple-watchos.swiftmodule /Users/admin/builder/spi-builder-workspace/.derivedData/Build/Intermediates.noindex/GlobalConfModule.build/Debug-watchos/GlobalConfModule.build/Objects-normal/arm64/GlobalConfModule.swiftmodule (in target 'GlobalConfModule' from project 'GlobalConfModule')
    cd /Users/admin/builder/spi-builder-workspace/.dependencies/checkouts/GlobalConfModule
    builtin-copy -exclude .DS_Store -exclude CVS -exclude .svn -exclude .git -exclude .hg -resolve-src-symlinks -rename /Users/admin/builder/spi-builder-workspace/.derivedData/Build/Intermediates.noindex/GlobalConfModule.build/Debug-watchos/GlobalConfModule.build/Objects-normal/arm64/GlobalConfModule.swiftmodule /Users/admin/builder/spi-builder-workspace/.derivedData/Build/Products/Debug-watchos/GlobalConfModule.swiftmodule/arm64-apple-watchos.swiftmodule
Copy /Users/admin/builder/spi-builder-workspace/.derivedData/Build/Products/Debug-watchos/GlobalConfModule.swiftmodule/arm64-apple-watchos.swiftdoc /Users/admin/builder/spi-builder-workspace/.derivedData/Build/Intermediates.noindex/GlobalConfModule.build/Debug-watchos/GlobalConfModule.build/Objects-normal/arm64/GlobalConfModule.swiftdoc (in target 'GlobalConfModule' from project 'GlobalConfModule')
    cd /Users/admin/builder/spi-builder-workspace/.dependencies/checkouts/GlobalConfModule
    builtin-copy -exclude .DS_Store -exclude CVS -exclude .svn -exclude .git -exclude .hg -resolve-src-symlinks -rename /Users/admin/builder/spi-builder-workspace/.derivedData/Build/Intermediates.noindex/GlobalConfModule.build/Debug-watchos/GlobalConfModule.build/Objects-normal/arm64/GlobalConfModule.swiftdoc /Users/admin/builder/spi-builder-workspace/.derivedData/Build/Products/Debug-watchos/GlobalConfModule.swiftmodule/arm64-apple-watchos.swiftdoc
SwiftDriverJobDiscovery normal arm64_32 Compiling 1-ConfKey.swift, 2-ServiceKey.swift (in target 'GlobalConfModule' from project 'GlobalConfModule')
Copy /Users/admin/builder/spi-builder-workspace/.derivedData/Build/Products/Debug-watchos/GlobalConfModule.swiftmodule/arm64-apple-watchos.abi.json /Users/admin/builder/spi-builder-workspace/.derivedData/Build/Intermediates.noindex/GlobalConfModule.build/Debug-watchos/GlobalConfModule.build/Objects-normal/arm64/GlobalConfModule.abi.json (in target 'GlobalConfModule' from project 'GlobalConfModule')
    cd /Users/admin/builder/spi-builder-workspace/.dependencies/checkouts/GlobalConfModule
    builtin-copy -exclude .DS_Store -exclude CVS -exclude .svn -exclude .git -exclude .hg -resolve-src-symlinks -rename /Users/admin/builder/spi-builder-workspace/.derivedData/Build/Intermediates.noindex/GlobalConfModule.build/Debug-watchos/GlobalConfModule.build/Objects-normal/arm64/GlobalConfModule.abi.json /Users/admin/builder/spi-builder-workspace/.derivedData/Build/Products/Debug-watchos/GlobalConfModule.swiftmodule/arm64-apple-watchos.abi.json
Copy /Users/admin/builder/spi-builder-workspace/.derivedData/Build/Products/Debug-watchos/GlobalConfModule.swiftmodule/Project/arm64-apple-watchos.swiftsourceinfo /Users/admin/builder/spi-builder-workspace/.derivedData/Build/Intermediates.noindex/GlobalConfModule.build/Debug-watchos/GlobalConfModule.build/Objects-normal/arm64/GlobalConfModule.swiftsourceinfo (in target 'GlobalConfModule' from project 'GlobalConfModule')
    cd /Users/admin/builder/spi-builder-workspace/.dependencies/checkouts/GlobalConfModule
    builtin-copy -exclude .DS_Store -exclude CVS -exclude .svn -exclude .git -exclude .hg -resolve-src-symlinks -rename /Users/admin/builder/spi-builder-workspace/.derivedData/Build/Intermediates.noindex/GlobalConfModule.build/Debug-watchos/GlobalConfModule.build/Objects-normal/arm64/GlobalConfModule.swiftsourceinfo /Users/admin/builder/spi-builder-workspace/.derivedData/Build/Products/Debug-watchos/GlobalConfModule.swiftmodule/Project/arm64-apple-watchos.swiftsourceinfo
SwiftDriverJobDiscovery normal arm64_32 Compiling Conf+ConfKey.swift, Conf+ConfKeyMainActor.swift, Conf+withValues.swift (in target 'GlobalConfModule' from project 'GlobalConfModule')
SwiftCompile normal arm64 Compiling\ AutoInjectableMainActor.swift,\ InjectedConf+AutoInjectable.swift /Users/admin/builder/spi-builder-workspace/.dependencies/checkouts/GlobalConfModule/Sources/GlobalConf/Injection/AutoInjectableMainActor.swift /Users/admin/builder/spi-builder-workspace/.dependencies/checkouts/GlobalConfModule/Sources/GlobalConf/Injection/InjectedConf+AutoInjectable.swift (in target 'GlobalConfModule' from project 'GlobalConfModule')
SwiftCompile normal arm64 /Users/admin/builder/spi-builder-workspace/.dependencies/checkouts/GlobalConfModule/Sources/GlobalConf/Injection/AutoInjectableMainActor.swift (in target 'GlobalConfModule' from project 'GlobalConfModule')
    cd /Users/admin/builder/spi-builder-workspace/XibLoc.xcodeproj

SwiftCompile normal arm64 /Users/admin/builder/spi-builder-workspace/.dependencies/checkouts/GlobalConfModule/Sources/GlobalConf/Injection/InjectedConf+AutoInjectable.swift (in target 'GlobalConfModule' from project 'GlobalConfModule')
    cd /Users/admin/builder/spi-builder-workspace/XibLoc.xcodeproj

SwiftCompile normal arm64_32 Compiling\ ConfKey.swift,\ ConfKeyMainActor.swift /Users/admin/builder/spi-builder-workspace/.dependencies/checkouts/GlobalConfModule/Sources/GlobalConf/ConfKey/ConfKey.swift /Users/admin/builder/spi-builder-workspace/.dependencies/checkouts/GlobalConfModule/Sources/GlobalConf/ConfKey/ConfKeyMainActor.swift (in target 'GlobalConfModule' from project 'GlobalConfModule')
SwiftCompile normal arm64_32 /Users/admin/builder/spi-builder-workspace/.dependencies/checkouts/GlobalConfModule/Sources/GlobalConf/ConfKey/ConfKey.swift (in target 'GlobalConfModule' from project 'GlobalConfModule')
    cd /Users/admin/builder/spi-builder-workspace/XibLoc.xcodeproj

SwiftCompile normal arm64_32 /Users/admin/builder/spi-builder-workspace/.dependencies/checkouts/GlobalConfModule/Sources/GlobalConf/ConfKey/ConfKeyMainActor.swift (in target 'GlobalConfModule' from project 'GlobalConfModule')
    cd /Users/admin/builder/spi-builder-workspace/XibLoc.xcodeproj

SwiftCompile normal arm64 Compiling\ ConfContext+ConfKey.swift,\ ConfContext+ConfKeyMainActor.swift,\ ConfContext.swift /Users/admin/builder/spi-builder-workspace/.dependencies/checkouts/GlobalConfModule/Sources/GlobalConf/ConfContext/ConfContext+ConfKey.swift /Users/admin/builder/spi-builder-workspace/.dependencies/checkouts/GlobalConfModule/Sources/GlobalConf/ConfContext/ConfContext+ConfKeyMainActor.swift /Users/admin/builder/spi-builder-workspace/.dependencies/checkouts/GlobalConfModule/Sources/GlobalConf/ConfContext/ConfContext.swift (in target 'GlobalConfModule' from project 'GlobalConfModule')
SwiftCompile normal arm64 /Users/admin/builder/spi-builder-workspace/.dependencies/checkouts/GlobalConfModule/Sources/GlobalConf/ConfContext/ConfContext+ConfKey.swift (in target 'GlobalConfModule' from project 'GlobalConfModule')
    cd /Users/admin/builder/spi-builder-workspace/XibLoc.xcodeproj

SwiftCompile normal arm64 /Users/admin/builder/spi-builder-workspace/.dependencies/checkouts/GlobalConfModule/Sources/GlobalConf/ConfContext/ConfContext+ConfKeyMainActor.swift (in target 'GlobalConfModule' from project 'GlobalConfModule')
    cd /Users/admin/builder/spi-builder-workspace/XibLoc.xcodeproj

SwiftCompile normal arm64 /Users/admin/builder/spi-builder-workspace/.dependencies/checkouts/GlobalConfModule/Sources/GlobalConf/ConfContext/ConfContext.swift (in target 'GlobalConfModule' from project 'GlobalConfModule')
    cd /Users/admin/builder/spi-builder-workspace/XibLoc.xcodeproj

SwiftDriverJobDiscovery normal arm64_32 Compiling AutoInjectableMainActor.swift, InjectedConf+AutoInjectable.swift (in target 'GlobalConfModule' from project 'GlobalConfModule')
SwiftCompile normal arm64_32 Compiling\ ConfKeys.swift,\ AutoInjectable.swift /Users/admin/builder/spi-builder-workspace/.dependencies/checkouts/GlobalConfModule/Sources/GlobalConf/ConfKeys.swift /Users/admin/builder/spi-builder-workspace/.dependencies/checkouts/GlobalConfModule/Sources/GlobalConf/Injection/AutoInjectable.swift (in target 'GlobalConfModule' from project 'GlobalConfModule')
SwiftCompile normal arm64_32 /Users/admin/builder/spi-builder-workspace/.dependencies/checkouts/GlobalConfModule/Sources/GlobalConf/ConfKeys.swift (in target 'GlobalConfModule' from project 'GlobalConfModule')
    cd /Users/admin/builder/spi-builder-workspace/XibLoc.xcodeproj

SwiftCompile normal arm64_32 /Users/admin/builder/spi-builder-workspace/.dependencies/checkouts/GlobalConfModule/Sources/GlobalConf/Injection/AutoInjectable.swift (in target 'GlobalConfModule' from project 'GlobalConfModule')
    cd /Users/admin/builder/spi-builder-workspace/XibLoc.xcodeproj

SwiftDriverJobDiscovery normal arm64_32 Compiling ConfContext+ConfKey.swift, ConfContext+ConfKeyMainActor.swift, ConfContext.swift (in target 'GlobalConfModule' from project 'GlobalConfModule')
SwiftCompile normal arm64_32 Compiling\ InjectedConf+AutoInjectableMainActor.swift,\ InjectedConf+ConfKey.swift /Users/admin/builder/spi-builder-workspace/.dependencies/checkouts/GlobalConfModule/Sources/GlobalConf/Injection/InjectedConf+AutoInjectableMainActor.swift /Users/admin/builder/spi-builder-workspace/.dependencies/checkouts/GlobalConfModule/Sources/GlobalConf/Injection/InjectedConf+ConfKey.swift (in target 'GlobalConfModule' from project 'GlobalConfModule')
SwiftCompile normal arm64_32 /Users/admin/builder/spi-builder-workspace/.dependencies/checkouts/GlobalConfModule/Sources/GlobalConf/Injection/InjectedConf+AutoInjectableMainActor.swift (in target 'GlobalConfModule' from project 'GlobalConfModule')
    cd /Users/admin/builder/spi-builder-workspace/XibLoc.xcodeproj

SwiftCompile normal arm64_32 /Users/admin/builder/spi-builder-workspace/.dependencies/checkouts/GlobalConfModule/Sources/GlobalConf/Injection/InjectedConf+ConfKey.swift (in target 'GlobalConfModule' from project 'GlobalConfModule')
    cd /Users/admin/builder/spi-builder-workspace/XibLoc.xcodeproj

SwiftCompile normal armv7k Compiling\ ConfKeys.swift,\ AutoInjectable.swift /Users/admin/builder/spi-builder-workspace/.dependencies/checkouts/GlobalConfModule/Sources/GlobalConf/ConfKeys.swift /Users/admin/builder/spi-builder-workspace/.dependencies/checkouts/GlobalConfModule/Sources/GlobalConf/Injection/AutoInjectable.swift (in target 'GlobalConfModule' from project 'GlobalConfModule')
SwiftCompile normal armv7k /Users/admin/builder/spi-builder-workspace/.dependencies/checkouts/GlobalConfModule/Sources/GlobalConf/ConfKeys.swift (in target 'GlobalConfModule' from project 'GlobalConfModule')
    cd /Users/admin/builder/spi-builder-workspace/XibLoc.xcodeproj

SwiftCompile normal armv7k /Users/admin/builder/spi-builder-workspace/.dependencies/checkouts/GlobalConfModule/Sources/GlobalConf/Injection/AutoInjectable.swift (in target 'GlobalConfModule' from project 'GlobalConfModule')
    cd /Users/admin/builder/spi-builder-workspace/XibLoc.xcodeproj

SwiftDriverJobDiscovery normal arm64 Compiling Conf+ConfKey.swift, Conf+ConfKeyMainActor.swift, Conf+withValues.swift (in target 'GlobalConfModule' from project 'GlobalConfModule')
SwiftCompile normal arm64 Compiling\ InjectedConf+ConfKeyMainActor.swift,\ InjectedConf.swift /Users/admin/builder/spi-builder-workspace/.dependencies/checkouts/GlobalConfModule/Sources/GlobalConf/Injection/InjectedConf+ConfKeyMainActor.swift /Users/admin/builder/spi-builder-workspace/.dependencies/checkouts/GlobalConfModule/Sources/GlobalConf/Injection/InjectedConf.swift (in target 'GlobalConfModule' from project 'GlobalConfModule')
SwiftCompile normal arm64 /Users/admin/builder/spi-builder-workspace/.dependencies/checkouts/GlobalConfModule/Sources/GlobalConf/Injection/InjectedConf+ConfKeyMainActor.swift (in target 'GlobalConfModule' from project 'GlobalConfModule')
    cd /Users/admin/builder/spi-builder-workspace/XibLoc.xcodeproj

SwiftCompile normal arm64 /Users/admin/builder/spi-builder-workspace/.dependencies/checkouts/GlobalConfModule/Sources/GlobalConf/Injection/InjectedConf.swift (in target 'GlobalConfModule' from project 'GlobalConfModule')
    cd /Users/admin/builder/spi-builder-workspace/XibLoc.xcodeproj

SwiftDriverJobDiscovery normal arm64 Compiling Conf.swift, ConfContext+AutoInjectable.swift, ConfContext+AutoInjectableMainActor.swift (in target 'GlobalConfModule' from project 'GlobalConfModule')
SwiftCompile normal arm64_32 Compiling\ Conf.swift,\ ConfContext+AutoInjectable.swift,\ ConfContext+AutoInjectableMainActor.swift /Users/admin/builder/spi-builder-workspace/.dependencies/checkouts/GlobalConfModule/Sources/GlobalConf/Conf/Conf.swift /Users/admin/builder/spi-builder-workspace/.dependencies/checkouts/GlobalConfModule/Sources/GlobalConf/ConfContext/ConfContext+AutoInjectable.swift /Users/admin/builder/spi-builder-workspace/.dependencies/checkouts/GlobalConfModule/Sources/GlobalConf/ConfContext/ConfContext+AutoInjectableMainActor.swift (in target 'GlobalConfModule' from project 'GlobalConfModule')
SwiftCompile normal arm64_32 /Users/admin/builder/spi-builder-workspace/.dependencies/checkouts/GlobalConfModule/Sources/GlobalConf/Conf/Conf.swift (in target 'GlobalConfModule' from project 'GlobalConfModule')
    cd /Users/admin/builder/spi-builder-workspace/XibLoc.xcodeproj

SwiftCompile normal arm64_32 /Users/admin/builder/spi-builder-workspace/.dependencies/checkouts/GlobalConfModule/Sources/GlobalConf/ConfContext/ConfContext+AutoInjectable.swift (in target 'GlobalConfModule' from project 'GlobalConfModule')
    cd /Users/admin/builder/spi-builder-workspace/XibLoc.xcodeproj

SwiftCompile normal arm64_32 /Users/admin/builder/spi-builder-workspace/.dependencies/checkouts/GlobalConfModule/Sources/GlobalConf/ConfContext/ConfContext+AutoInjectableMainActor.swift (in target 'GlobalConfModule' from project 'GlobalConfModule')
    cd /Users/admin/builder/spi-builder-workspace/XibLoc.xcodeproj

SwiftDriverJobDiscovery normal arm64_32 Compiling 3-NamespaceKey.swift, 4-AccessorConvenience.swift (in target 'GlobalConfModule' from project 'GlobalConfModule')
SwiftCompile normal arm64 Compiling\ ConfKey.swift,\ ConfKeyMainActor.swift /Users/admin/builder/spi-builder-workspace/.dependencies/checkouts/GlobalConfModule/Sources/GlobalConf/ConfKey/ConfKey.swift /Users/admin/builder/spi-builder-workspace/.dependencies/checkouts/GlobalConfModule/Sources/GlobalConf/ConfKey/ConfKeyMainActor.swift (in target 'GlobalConfModule' from project 'GlobalConfModule')
SwiftDriverJobDiscovery normal arm64 Compiling ConfKeys.swift, AutoInjectable.swift (in target 'GlobalConfModule' from project 'GlobalConfModule')
SwiftCompile normal armv7k Compiling\ ConfContext+ConfKey.swift,\ ConfContext+ConfKeyMainActor.swift,\ ConfContext.swift /Users/admin/builder/spi-builder-workspace/.dependencies/checkouts/GlobalConfModule/Sources/GlobalConf/ConfContext/ConfContext+ConfKey.swift /Users/admin/builder/spi-builder-workspace/.dependencies/checkouts/GlobalConfModule/Sources/GlobalConf/ConfContext/ConfContext+ConfKeyMainActor.swift /Users/admin/builder/spi-builder-workspace/.dependencies/checkouts/GlobalConfModule/Sources/GlobalConf/ConfContext/ConfContext.swift (in target 'GlobalConfModule' from project 'GlobalConfModule')
SwiftDriverJobDiscovery normal arm64_32 Compiling ConfKey.swift, ConfKeyMainActor.swift (in target 'GlobalConfModule' from project 'GlobalConfModule')
SwiftDriverJobDiscovery normal armv7k Compiling ConfKeys.swift, AutoInjectable.swift (in target 'GlobalConfModule' from project 'GlobalConfModule')
SwiftDriver\ Compilation\ Requirements XibLoc normal armv7k com.apple.xcode.tools.swift.compiler (in target 'XibLoc' from project 'XibLoc')
    cd /Users/admin/builder/spi-builder-workspace
    builtin-Swift-Compilation-Requirements -- /Applications/Xcode-26.3.0.app/Contents/Developer/Toolchains/XcodeDefault.xctoolchain/usr/bin/swiftc -module-name XibLoc -Onone -enforce-exclusivity\=checked @/Users/admin/builder/spi-builder-workspace/.derivedData/Build/Intermediates.noindex/XibLoc.build/Debug-watchos/XibLoc.build/Objects-normal/armv7k/XibLoc.SwiftFileList -DDEBUG -enable-experimental-feature DebugDescriptionMacro -sdk /Applications/Xcode-26.3.0.app/Contents/Developer/Platforms/WatchOS.platform/Developer/SDKs/WatchOS26.2.sdk -target armv7k-apple-watchos6.0 -g -module-cache-path /Users/admin/builder/spi-builder-workspace/.derivedData/ModuleCache.noindex -Xfrontend -serialize-debugging-options -profile-coverage-mapping -profile-generate -enable-testing -index-store-path /Users/admin/builder/spi-builder-workspace/.derivedData/Index.noindex/DataStore -Xcc -D_LIBCPP_HARDENING_MODE\=_LIBCPP_HARDENING_MODE_DEBUG -swift-version 6 -I /Users/admin/builder/spi-builder-workspace/.derivedData/Build/Products/Debug-watchos -F /Users/admin/builder/spi-builder-workspace/.derivedData/Build/Products/Debug-watchos/PackageFrameworks -F /Users/admin/builder/spi-builder-workspace/.derivedData/Build/Products/Debug-watchos/PackageFrameworks -F /Users/admin/builder/spi-builder-workspace/.derivedData/Build/Products/Debug-watchos/PackageFrameworks -F /Users/admin/builder/spi-builder-workspace/.derivedData/Build/Products/Debug-watchos -Xfrontend -load-plugin-executable -Xfrontend /Users/admin/builder/spi-builder-workspace/.derivedData/Build/Products/Debug/GlobalConfMacros\#GlobalConfMacros -c -j10 -enable-batch-mode -incremental -Xcc -ivfsstatcache -Xcc /Users/admin/builder/spi-builder-workspace/.derivedData/SDKStatCaches.noindex/watchos26.2-23S303-dc75598d0054f22ec865fa860f139d721753b489057de6bda919edfa1c59a62b.sdkstatcache -output-file-map /Users/admin/builder/spi-builder-workspace/.derivedData/Build/Intermediates.noindex/XibLoc.build/Debug-watchos/XibLoc.build/Objects-normal/armv7k/XibLoc-OutputFileMap.json -use-frontend-parseable-output -save-temps -no-color-diagnostics -explicit-module-build -module-cache-path /Users/admin/builder/spi-builder-workspace/.derivedData/Build/Intermediates.noindex/SwiftExplicitPrecompiledModules -clang-scanner-module-cache-path /Users/admin/builder/spi-builder-workspace/.derivedData/ModuleCache.noindex -sdk-module-cache-path /Users/admin/builder/spi-builder-workspace/.derivedData/ModuleCache.noindex -serialize-diagnostics -emit-dependencies -emit-module -emit-module-path /Users/admin/builder/spi-builder-workspace/.derivedData/Build/Intermediates.noindex/XibLoc.build/Debug-watchos/XibLoc.build/Objects-normal/armv7k/XibLoc.swiftmodule -validate-clang-modules-once -clang-build-session-file /Users/admin/builder/spi-builder-workspace/.derivedData/ModuleCache.noindex/Session.modulevalidation -Xcc -I/Users/admin/builder/spi-builder-workspace/.derivedData/Build/Intermediates.noindex/XibLoc.build/Debug-watchos/XibLoc.build/swift-overrides.hmap -emit-const-values -Xfrontend -const-gather-protocols-file -Xfrontend /Users/admin/builder/spi-builder-workspace/.derivedData/Build/Intermediates.noindex/XibLoc.build/Debug-watchos/XibLoc.build/Objects-normal/armv7k/XibLoc_const_extract_protocols.json -Xcc -iquote -Xcc /Users/admin/builder/spi-builder-workspace/.derivedData/Build/Intermediates.noindex/XibLoc.build/Debug-watchos/XibLoc.build/XibLoc-generated-files.hmap -Xcc -I/Users/admin/builder/spi-builder-workspace/.derivedData/Build/Intermediates.noindex/XibLoc.build/Debug-watchos/XibLoc.build/XibLoc-own-target-headers.hmap -Xcc -I/Users/admin/builder/spi-builder-workspace/.derivedData/Build/Intermediates.noindex/XibLoc.build/Debug-watchos/XibLoc.build/XibLoc-all-non-framework-target-headers.hmap -Xcc -ivfsoverlay -Xcc /Users/admin/builder/spi-builder-workspace/.derivedData/Build/Intermediates.noindex/XibLoc.build/Debug-watchos/XibLoc-b3a8d74ea0190dd92e3c5cc361f49865-VFS-watchos/all-product-headers.yaml -Xcc -iquote -Xcc /Users/admin/builder/spi-builder-workspace/.derivedData/Build/Intermediates.noindex/XibLoc.build/Debug-watchos/XibLoc.build/XibLoc-project-headers.hmap -Xcc -I/Users/admin/builder/spi-builder-workspace/.derivedData/Build/Products/Debug-watchos/include -Xcc -I/Users/admin/builder/spi-builder-workspace/.derivedData/Build/Intermediates.noindex/XibLoc.build/Debug-watchos/XibLoc.build/DerivedSources-normal/armv7k -Xcc -I/Users/admin/builder/spi-builder-workspace/.derivedData/Build/Intermediates.noindex/XibLoc.build/Debug-watchos/XibLoc.build/DerivedSources/armv7k -Xcc -I/Users/admin/builder/spi-builder-workspace/.derivedData/Build/Intermediates.noindex/XibLoc.build/Debug-watchos/XibLoc.build/DerivedSources -Xcc -DDEBUG\=1 -emit-objc-header -emit-objc-header-path /Users/admin/builder/spi-builder-workspace/.derivedData/Build/Intermediates.noindex/XibLoc.build/Debug-watchos/XibLoc.build/Objects-normal/armv7k/XibLoc-Swift.h -working-directory /Users/admin/builder/spi-builder-workspace -experimental-emit-module-separately -disable-cmo
error: Build input files cannot be found: '/Users/admin/builder/spi-builder-workspace/Sources/XibLoc/Utilities/AttributesChanger/AttributesChange_UnderlineStyle.swift', '/Users/admin/builder/spi-builder-workspace/Sources/XibLoc/Utilities/AttributesChanger/AttributesChanger.swift'. Did you forget to declare these files as outputs of any script phases or custom build rules which produce them? (in target 'XibLoc' from project 'XibLoc')
SwiftDriver\ Compilation\ Requirements XibLoc normal arm64_32 com.apple.xcode.tools.swift.compiler (in target 'XibLoc' from project 'XibLoc')
    cd /Users/admin/builder/spi-builder-workspace
    builtin-Swift-Compilation-Requirements -- /Applications/Xcode-26.3.0.app/Contents/Developer/Toolchains/XcodeDefault.xctoolchain/usr/bin/swiftc -module-name XibLoc -Onone -enforce-exclusivity\=checked @/Users/admin/builder/spi-builder-workspace/.derivedData/Build/Intermediates.noindex/XibLoc.build/Debug-watchos/XibLoc.build/Objects-normal/arm64_32/XibLoc.SwiftFileList -DDEBUG -enable-experimental-feature DebugDescriptionMacro -sdk /Applications/Xcode-26.3.0.app/Contents/Developer/Platforms/WatchOS.platform/Developer/SDKs/WatchOS26.2.sdk -target arm64_32-apple-watchos6.0 -g -module-cache-path /Users/admin/builder/spi-builder-workspace/.derivedData/ModuleCache.noindex -Xfrontend -serialize-debugging-options -profile-coverage-mapping -profile-generate -enable-testing -index-store-path /Users/admin/builder/spi-builder-workspace/.derivedData/Index.noindex/DataStore -Xcc -D_LIBCPP_HARDENING_MODE\=_LIBCPP_HARDENING_MODE_DEBUG -swift-version 6 -I /Users/admin/builder/spi-builder-workspace/.derivedData/Build/Products/Debug-watchos -F /Users/admin/builder/spi-builder-workspace/.derivedData/Build/Products/Debug-watchos/PackageFrameworks -F /Users/admin/builder/spi-builder-workspace/.derivedData/Build/Products/Debug-watchos/PackageFrameworks -F /Users/admin/builder/spi-builder-workspace/.derivedData/Build/Products/Debug-watchos/PackageFrameworks -F /Users/admin/builder/spi-builder-workspace/.derivedData/Build/Products/Debug-watchos -Xfrontend -load-plugin-executable -Xfrontend /Users/admin/builder/spi-builder-workspace/.derivedData/Build/Products/Debug/GlobalConfMacros\#GlobalConfMacros -c -j10 -enable-batch-mode -incremental -Xcc -ivfsstatcache -Xcc /Users/admin/builder/spi-builder-workspace/.derivedData/SDKStatCaches.noindex/watchos26.2-23S303-dc75598d0054f22ec865fa860f139d721753b489057de6bda919edfa1c59a62b.sdkstatcache -output-file-map /Users/admin/builder/spi-builder-workspace/.derivedData/Build/Intermediates.noindex/XibLoc.build/Debug-watchos/XibLoc.build/Objects-normal/arm64_32/XibLoc-OutputFileMap.json -use-frontend-parseable-output -save-temps -no-color-diagnostics -explicit-module-build -module-cache-path /Users/admin/builder/spi-builder-workspace/.derivedData/Build/Intermediates.noindex/SwiftExplicitPrecompiledModules -clang-scanner-module-cache-path /Users/admin/builder/spi-builder-workspace/.derivedData/ModuleCache.noindex -sdk-module-cache-path /Users/admin/builder/spi-builder-workspace/.derivedData/ModuleCache.noindex -serialize-diagnostics -emit-dependencies -emit-module -emit-module-path /Users/admin/builder/spi-builder-workspace/.derivedData/Build/Intermediates.noindex/XibLoc.build/Debug-watchos/XibLoc.build/Objects-normal/arm64_32/XibLoc.swiftmodule -validate-clang-modules-once -clang-build-session-file /Users/admin/builder/spi-builder-workspace/.derivedData/ModuleCache.noindex/Session.modulevalidation -Xcc -I/Users/admin/builder/spi-builder-workspace/.derivedData/Build/Intermediates.noindex/XibLoc.build/Debug-watchos/XibLoc.build/swift-overrides.hmap -emit-const-values -Xfrontend -const-gather-protocols-file -Xfrontend /Users/admin/builder/spi-builder-workspace/.derivedData/Build/Intermediates.noindex/XibLoc.build/Debug-watchos/XibLoc.build/Objects-normal/arm64_32/XibLoc_const_extract_protocols.json -Xcc -iquote -Xcc /Users/admin/builder/spi-builder-workspace/.derivedData/Build/Intermediates.noindex/XibLoc.build/Debug-watchos/XibLoc.build/XibLoc-generated-files.hmap -Xcc -I/Users/admin/builder/spi-builder-workspace/.derivedData/Build/Intermediates.noindex/XibLoc.build/Debug-watchos/XibLoc.build/XibLoc-own-target-headers.hmap -Xcc -I/Users/admin/builder/spi-builder-workspace/.derivedData/Build/Intermediates.noindex/XibLoc.build/Debug-watchos/XibLoc.build/XibLoc-all-non-framework-target-headers.hmap -Xcc -ivfsoverlay -Xcc /Users/admin/builder/spi-builder-workspace/.derivedData/Build/Intermediates.noindex/XibLoc.build/Debug-watchos/XibLoc-b3a8d74ea0190dd92e3c5cc361f49865-VFS-watchos/all-product-headers.yaml -Xcc -iquote -Xcc /Users/admin/builder/spi-builder-workspace/.derivedData/Build/Intermediates.noindex/XibLoc.build/Debug-watchos/XibLoc.build/XibLoc-project-headers.hmap -Xcc -I/Users/admin/builder/spi-builder-workspace/.derivedData/Build/Products/Debug-watchos/include -Xcc -I/Users/admin/builder/spi-builder-workspace/.derivedData/Build/Intermediates.noindex/XibLoc.build/Debug-watchos/XibLoc.build/DerivedSources-normal/arm64_32 -Xcc -I/Users/admin/builder/spi-builder-workspace/.derivedData/Build/Intermediates.noindex/XibLoc.build/Debug-watchos/XibLoc.build/DerivedSources/arm64_32 -Xcc -I/Users/admin/builder/spi-builder-workspace/.derivedData/Build/Intermediates.noindex/XibLoc.build/Debug-watchos/XibLoc.build/DerivedSources -Xcc -DDEBUG\=1 -emit-objc-header -emit-objc-header-path /Users/admin/builder/spi-builder-workspace/.derivedData/Build/Intermediates.noindex/XibLoc.build/Debug-watchos/XibLoc.build/Objects-normal/arm64_32/XibLoc-Swift.h -working-directory /Users/admin/builder/spi-builder-workspace -experimental-emit-module-separately -disable-cmo
error: Build input files cannot be found: '/Users/admin/builder/spi-builder-workspace/Sources/XibLoc/Utilities/AttributesChanger/AttributesChange_UnderlineStyle.swift', '/Users/admin/builder/spi-builder-workspace/Sources/XibLoc/Utilities/AttributesChanger/AttributesChanger.swift'. Did you forget to declare these files as outputs of any script phases or custom build rules which produce them? (in target 'XibLoc' from project 'XibLoc')
** BUILD FAILED **
The following build commands failed:
	SwiftDriver\ Compilation\ Requirements XibLoc normal armv7k com.apple.xcode.tools.swift.compiler (in target 'XibLoc' from project 'XibLoc')
	SwiftDriver\ Compilation\ Requirements XibLoc normal arm64_32 com.apple.xcode.tools.swift.compiler (in target 'XibLoc' from project 'XibLoc')
	Building project XibLoc with scheme XibLoc
(3 failures)
Command line invocation:
    /Applications/Xcode-26.3.0.app/Contents/Developer/usr/bin/xcodebuild -IDEClonedSourcePackagesDirPathOverride=/Users/admin/builder/spi-builder-workspace/.dependencies -resolvePackageDependencies
Resolve Package Graph
Resolved source packages:
  swift-log: https://github.com/apple/swift-log.git @ 1.14.0
  swift-syntax: https://github.com/swiftlang/swift-syntax.git @ 603.0.2
  GlobalConfModule: https://github.com/Frizlab/GlobalConfModule.git @ 0.4.5
  swift-service-context: https://github.com/apple/swift-service-context.git @ 1.3.0
resolved source packages: swift-log, swift-syntax, GlobalConfModule, swift-service-context
{
  "default_localization" : "en",
  "dependencies" : [
    {
      "identity" : "swift-log",
      "requirement" : {
        "range" : [
          {
            "lower_bound" : "1.2.0",
            "upper_bound" : "2.0.0"
          }
        ]
      },
      "type" : "sourceControl",
      "url" : "https://github.com/apple/swift-log.git"
    },
    {
      "identity" : "globalconfmodule",
      "requirement" : {
        "range" : [
          {
            "lower_bound" : "0.4.0",
            "upper_bound" : "1.0.0"
          }
        ]
      },
      "type" : "sourceControl",
      "url" : "https://github.com/Frizlab/GlobalConfModule.git"
    }
  ],
  "manifest_display_name" : "XibLoc",
  "name" : "XibLoc",
  "path" : "/Users/admin/builder/spi-builder-workspace",
  "platforms" : [
    {
      "name" : "macos",
      "version" : "10.15"
    },
    {
      "name" : "ios",
      "version" : "13.0"
    },
    {
      "name" : "tvos",
      "version" : "13.0"
    },
    {
      "name" : "watchos",
      "version" : "6.0"
    }
  ],
  "products" : [
    {
      "name" : "XibLoc",
      "targets" : [
        "XibLoc"
      ],
      "type" : {
        "library" : [
          "automatic"
        ]
      }
    }
  ],
  "targets" : [
    {
      "c99name" : "XibLocTests",
      "module_type" : "SwiftTarget",
      "name" : "XibLocTests",
      "path" : "Tests/XibLocTests",
      "resources" : [
        {
          "path" : "/Users/admin/builder/spi-builder-workspace/Tests/XibLocTests/Helpers/en.lproj/Localizable.strings",
          "rule" : {
            "process" : {
              "localization" : "en"
            }
          }
        }
      ],
      "sources" : [
        "AttrStrTests.swift",
        "AttributedStringUtilsTests.swift",
        "Helpers/PluralityDefinition+Utils.swift",
        "Helpers/Utils.swift",
        "Helpers/XibLoc4ObjCHelper.swift",
        "PluralityTests.swift",
        "XibLocResolvingInfoTests.swift",
        "XibLocTestsSwiftAttrStr.swift",
        "XibLocTestsSwiftNSAttrStr.swift",
        "XibLocTestsSwiftStr.swift"
      ],
      "target_dependencies" : [
        "XibLoc"
      ],
      "type" : "test"
    },
    {
      "c99name" : "XibLoc",
      "module_type" : "SwiftTarget",
      "name" : "XibLoc",
      "path" : "Sources/XibLoc",
      "product_dependencies" : [
        "Logging",
        "GlobalConfModule"
      ],
      "product_memberships" : [
        "XibLoc"
      ],
      "sources" : [
        "Cache/CacheLock.swift",
        "Cache/ParsedXibLoc+InitCache.swift",
        "Cache/XibLocParsingInfo.swift",
        "Parser/ParsedXibLoc.swift",
        "Parser/ParserHelper+AttributedString.swift",
        "Parser/ParserHelper+NSMutableAttributedString.swift",
        "Parser/ParserHelper+String.swift",
        "Parser/ParserHelper.swift",
        "Plurality/PluralValue.swift",
        "Plurality/PluralityDefinition.swift",
        "Plurality/PluralityDefinitionZone.swift",
        "Plurality/PluralityDefinitionZoneValue.swift",
        "Plurality/PluralityDefinitionZoneValueGlob.swift",
        "Plurality/PluralityDefinitionZoneValueIntervalOfFloats.swift",
        "Plurality/PluralityDefinitionZoneValueIntervalOfInts.swift",
        "Plurality/PluralityDefinitionZoneValueNumber.swift",
        "Resolving Info/MultipleWordsTokens.swift",
        "Resolving Info/OneWordTokens.swift",
        "Resolving Info/Str2AttrStrXibLocInfo.swift",
        "Resolving Info/Str2NSAttrStrXibLocInfo.swift",
        "Resolving Info/Str2StrXibLocInfo.swift",
        "Resolving Info/Tokens Group/CommonTokensGroup.swift",
        "Resolving Info/Tokens Group/TokensGroup.swift",
        "Resolving Info/XibLocResolvingInfo.swift",
        "Utilities/AttributedString+Utils.swift",
        "Utilities/AttributesChanger/0-AttributesChanger.swift",
        "Utilities/AttributesChanger/AttributesChange_Bold.swift",
        "Utilities/AttributesChanger/AttributesChange_Colors.swift",
        "Utilities/AttributesChanger/AttributesChange_Font.swift",
        "Utilities/AttributesChanger/AttributesChange_Italic.swift",
        "Utilities/AttributesChanger/AttributesChange_Link.swift",
        "Utilities/AttributesChanger/AttributesChanger_Aggregate.swift",
        "Utilities/AttributesChanger/AttributesChanger_Strikethrough.swift",
        "Utilities/AttributesChanger/AttributesChanger_Underline.swift",
        "Utilities/AttributesContainer/AttributesContainer.swift",
        "Utilities/AttributesContainer/AttributesContainer_Foundation.swift",
        "Utilities/Collection+Utils.swift",
        "Utilities/NSMutableAttributedString+Utils.swift",
        "Utilities/NumberFormatter+Utils.swift",
        "Utilities/RandomAccessCollection+StableSort.swift",
        "Utilities/Range+Utils.swift",
        "Utilities/XibLocColor.swift",
        "Utilities/XibLocFont.swift",
        "Utilities/XibLocNumber.swift",
        "XibLoc.swift",
        "XibLocConfig.swift"
      ],
      "type" : "library"
    }
  ],
  "tools_version" : "6.0"
}
{
  "project" : {
    "configurations" : [
      "Debug",
      "Release"
    ],
    "name" : "XibLoc",
    "schemes" : [
      "XibLoc"
    ],
    "targets" : [
      "XibLoc",
      "XibLocTests"
    ]
  }
}
Running build ...
env DEVELOPER_DIR=/Applications/Xcode-26.3.0.app xcrun xcodebuild -IDEClonedSourcePackagesDirPathOverride=$PWD/.dependencies -skipMacroValidation -skipPackagePluginValidation -derivedDataPath $PWD/.derivedData build -scheme XibLoc -destination generic/platform=watchOS
Command line invocation:
    /Applications/Xcode-26.3.0.app/Contents/Developer/usr/bin/xcodebuild -IDEClonedSourcePackagesDirPathOverride=/Users/admin/builder/spi-builder-workspace/.dependencies -skipMacroValidation -skipPackagePluginValidation -derivedDataPath /Users/admin/builder/spi-builder-workspace/.derivedData build -scheme XibLoc -destination generic/platform=watchOS
Resolve Package Graph
Resolved source packages:
  GlobalConfModule: https://github.com/Frizlab/GlobalConfModule.git @ 0.4.5
  swift-service-context: https://github.com/apple/swift-service-context.git @ 1.3.0
  swift-log: https://github.com/apple/swift-log.git @ 1.14.0
  swift-syntax: https://github.com/swiftlang/swift-syntax.git @ 603.0.2
ComputePackagePrebuildTargetDependencyGraph
Prepare packages
CreateBuildRequest
SendProjectDescription
CreateBuildOperation
ComputeTargetDependencyGraph
note: Building targets in dependency order
note: Target dependency graph (29 targets)
    Target 'XibLoc' in project 'XibLoc'
        ➜ Explicit dependency on target 'GlobalConfModule' in project 'GlobalConfModule'
        ➜ Explicit dependency on target 'Logging' in project 'swift-log'
    Target 'Logging' in project 'swift-log'
        ➜ Explicit dependency on target 'Logging' in project 'swift-log'
    Target 'Logging' in project 'swift-log' (no dependencies)
    Target 'GlobalConfModule' in project 'GlobalConfModule'
        ➜ Explicit dependency on target 'GlobalConfModule' in project 'GlobalConfModule'
        ➜ Explicit dependency on target 'GlobalConfMacros' in project 'GlobalConfModule'
        ➜ Explicit dependency on target 'ServiceContextModule' in project 'swift-service-context'
    Target 'GlobalConfModule' in project 'GlobalConfModule'
        ➜ Explicit dependency on target 'GlobalConfMacros' in project 'GlobalConfModule'
        ➜ Explicit dependency on target 'ServiceContextModule' in project 'swift-service-context'
    Target 'ServiceContextModule' in project 'swift-service-context'
        ➜ Explicit dependency on target 'ServiceContextModule' in project 'swift-service-context'
    Target 'ServiceContextModule' in project 'swift-service-context' (no dependencies)
    Target 'GlobalConfMacros' in project 'GlobalConfModule'
        ➜ Explicit dependency on target 'SwiftSyntaxMacros' in project 'swift-syntax'
        ➜ Explicit dependency on target 'SwiftCompilerPlugin' in project 'swift-syntax'
    Target 'SwiftCompilerPlugin' in project 'swift-syntax'
        ➜ Explicit dependency on target 'SwiftCompilerPlugin' in project 'swift-syntax'
        ➜ Explicit dependency on target '_SwiftSyntaxCShims' in project 'swift-syntax'
        ➜ Explicit dependency on target 'SwiftSyntax509' in project 'swift-syntax'
        ➜ Explicit dependency on target 'SwiftSyntax510' in project 'swift-syntax'
        ➜ Explicit dependency on target 'SwiftSyntax600' in project 'swift-syntax'
        ➜ Explicit dependency on target 'SwiftSyntax601' in project 'swift-syntax'
        ➜ Explicit dependency on target 'SwiftSyntax602' in project 'swift-syntax'
        ➜ Explicit dependency on target 'SwiftSyntax603' in project 'swift-syntax'
        ➜ Explicit dependency on target 'SwiftSyntax' in project 'swift-syntax'
        ➜ Explicit dependency on target 'SwiftDiagnostics' in project 'swift-syntax'
        ➜ Explicit dependency on target 'SwiftParser' in project 'swift-syntax'
        ➜ Explicit dependency on target 'SwiftOperators' in project 'swift-syntax'
        ➜ Explicit dependency on target 'SwiftBasicFormat' in project 'swift-syntax'
        ➜ Explicit dependency on target 'SwiftParserDiagnostics' in project 'swift-syntax'
        ➜ Explicit dependency on target 'SwiftSyntaxBuilder' in project 'swift-syntax'
        ➜ Explicit dependency on target 'SwiftIfConfig' in project 'swift-syntax'
        ➜ Explicit dependency on target 'SwiftSyntaxMacros' in project 'swift-syntax'
        ➜ Explicit dependency on target 'SwiftSyntaxMacroExpansion' in project 'swift-syntax'
        ➜ Explicit dependency on target 'SwiftCompilerPluginMessageHandling' in project 'swift-syntax'
    Target 'SwiftCompilerPlugin' in project 'swift-syntax'
        ➜ Explicit dependency on target '_SwiftSyntaxCShims' in project 'swift-syntax'
        ➜ Explicit dependency on target 'SwiftSyntax509' in project 'swift-syntax'
        ➜ Explicit dependency on target 'SwiftSyntax510' in project 'swift-syntax'
        ➜ Explicit dependency on target 'SwiftSyntax600' in project 'swift-syntax'
        ➜ Explicit dependency on target 'SwiftSyntax601' in project 'swift-syntax'
        ➜ Explicit dependency on target 'SwiftSyntax602' in project 'swift-syntax'
        ➜ Explicit dependency on target 'SwiftSyntax603' in project 'swift-syntax'
        ➜ Explicit dependency on target 'SwiftSyntax' in project 'swift-syntax'
        ➜ Explicit dependency on target 'SwiftDiagnostics' in project 'swift-syntax'
        ➜ Explicit dependency on target 'SwiftParser' in project 'swift-syntax'
        ➜ Explicit dependency on target 'SwiftOperators' in project 'swift-syntax'
        ➜ Explicit dependency on target 'SwiftBasicFormat' in project 'swift-syntax'
        ➜ Explicit dependency on target 'SwiftParserDiagnostics' in project 'swift-syntax'
        ➜ Explicit dependency on target 'SwiftSyntaxBuilder' in project 'swift-syntax'
        ➜ Explicit dependency on target 'SwiftIfConfig' in project 'swift-syntax'
        ➜ Explicit dependency on target 'SwiftSyntaxMacros' in project 'swift-syntax'
        ➜ Explicit dependency on target 'SwiftSyntaxMacroExpansion' in project 'swift-syntax'
        ➜ Explicit dependency on target 'SwiftCompilerPluginMessageHandling' in project 'swift-syntax'
    Target 'SwiftCompilerPluginMessageHandling' in project 'swift-syntax'
        ➜ Explicit dependency on target '_SwiftSyntaxCShims' in project 'swift-syntax'
        ➜ Explicit dependency on target 'SwiftSyntax509' in project 'swift-syntax'
        ➜ Explicit dependency on target 'SwiftSyntax510' in project 'swift-syntax'
        ➜ Explicit dependency on target 'SwiftSyntax600' in project 'swift-syntax'
        ➜ Explicit dependency on target 'SwiftSyntax601' in project 'swift-syntax'
        ➜ Explicit dependency on target 'SwiftSyntax602' in project 'swift-syntax'
        ➜ Explicit dependency on target 'SwiftSyntax603' in project 'swift-syntax'
        ➜ Explicit dependency on target 'SwiftSyntax' in project 'swift-syntax'
        ➜ Explicit dependency on target 'SwiftDiagnostics' in project 'swift-syntax'
        ➜ Explicit dependency on target 'SwiftParser' in project 'swift-syntax'
        ➜ Explicit dependency on target 'SwiftOperators' in project 'swift-syntax'
        ➜ Explicit dependency on target 'SwiftBasicFormat' in project 'swift-syntax'
        ➜ Explicit dependency on target 'SwiftParserDiagnostics' in project 'swift-syntax'
        ➜ Explicit dependency on target 'SwiftSyntaxBuilder' in project 'swift-syntax'
        ➜ Explicit dependency on target 'SwiftIfConfig' in project 'swift-syntax'
        ➜ Explicit dependency on target 'SwiftSyntaxMacros' in project 'swift-syntax'
        ➜ Explicit dependency on target 'SwiftSyntaxMacroExpansion' in project 'swift-syntax'
    Target 'SwiftSyntaxMacroExpansion' in project 'swift-syntax'
        ➜ Explicit dependency on target '_SwiftSyntaxCShims' in project 'swift-syntax'
        ➜ Explicit dependency on target 'SwiftSyntax509' in project 'swift-syntax'
        ➜ Explicit dependency on target 'SwiftSyntax510' in project 'swift-syntax'
        ➜ Explicit dependency on target 'SwiftSyntax600' in project 'swift-syntax'
        ➜ Explicit dependency on target 'SwiftSyntax601' in project 'swift-syntax'
        ➜ Explicit dependency on target 'SwiftSyntax602' in project 'swift-syntax'
        ➜ Explicit dependency on target 'SwiftSyntax603' in project 'swift-syntax'
        ➜ Explicit dependency on target 'SwiftSyntax' in project 'swift-syntax'
        ➜ Explicit dependency on target 'SwiftBasicFormat' in project 'swift-syntax'
        ➜ Explicit dependency on target 'SwiftParser' in project 'swift-syntax'
        ➜ Explicit dependency on target 'SwiftDiagnostics' in project 'swift-syntax'
        ➜ Explicit dependency on target 'SwiftParserDiagnostics' in project 'swift-syntax'
        ➜ Explicit dependency on target 'SwiftSyntaxBuilder' in project 'swift-syntax'
        ➜ Explicit dependency on target 'SwiftOperators' in project 'swift-syntax'
        ➜ Explicit dependency on target 'SwiftIfConfig' in project 'swift-syntax'
        ➜ Explicit dependency on target 'SwiftSyntaxMacros' in project 'swift-syntax'
    Target 'SwiftSyntaxMacros' in project 'swift-syntax'
        ➜ Explicit dependency on target 'SwiftSyntaxMacros' in project 'swift-syntax'
        ➜ Explicit dependency on target '_SwiftSyntaxCShims' in project 'swift-syntax'
        ➜ Explicit dependency on target 'SwiftSyntax509' in project 'swift-syntax'
        ➜ Explicit dependency on target 'SwiftSyntax510' in project 'swift-syntax'
        ➜ Explicit dependency on target 'SwiftSyntax600' in project 'swift-syntax'
        ➜ Explicit dependency on target 'SwiftSyntax601' in project 'swift-syntax'
        ➜ Explicit dependency on target 'SwiftSyntax602' in project 'swift-syntax'
        ➜ Explicit dependency on target 'SwiftSyntax603' in project 'swift-syntax'
        ➜ Explicit dependency on target 'SwiftSyntax' in project 'swift-syntax'
        ➜ Explicit dependency on target 'SwiftDiagnostics' in project 'swift-syntax'
        ➜ Explicit dependency on target 'SwiftBasicFormat' in project 'swift-syntax'
        ➜ Explicit dependency on target 'SwiftParser' in project 'swift-syntax'
        ➜ Explicit dependency on target 'SwiftParserDiagnostics' in project 'swift-syntax'
        ➜ Explicit dependency on target 'SwiftSyntaxBuilder' in project 'swift-syntax'
        ➜ Explicit dependency on target 'SwiftOperators' in project 'swift-syntax'
        ➜ Explicit dependency on target 'SwiftIfConfig' in project 'swift-syntax'
    Target 'SwiftSyntaxMacros' in project 'swift-syntax'
        ➜ Explicit dependency on target '_SwiftSyntaxCShims' in project 'swift-syntax'
        ➜ Explicit dependency on target 'SwiftSyntax509' in project 'swift-syntax'
        ➜ Explicit dependency on target 'SwiftSyntax510' in project 'swift-syntax'
        ➜ Explicit dependency on target 'SwiftSyntax600' in project 'swift-syntax'
        ➜ Explicit dependency on target 'SwiftSyntax601' in project 'swift-syntax'
        ➜ Explicit dependency on target 'SwiftSyntax602' in project 'swift-syntax'
        ➜ Explicit dependency on target 'SwiftSyntax603' in project 'swift-syntax'
        ➜ Explicit dependency on target 'SwiftSyntax' in project 'swift-syntax'
        ➜ Explicit dependency on target 'SwiftDiagnostics' in project 'swift-syntax'
        ➜ Explicit dependency on target 'SwiftBasicFormat' in project 'swift-syntax'
        ➜ Explicit dependency on target 'SwiftParser' in project 'swift-syntax'
        ➜ Explicit dependency on target 'SwiftParserDiagnostics' in project 'swift-syntax'
        ➜ Explicit dependency on target 'SwiftSyntaxBuilder' in project 'swift-syntax'
        ➜ Explicit dependency on target 'SwiftOperators' in project 'swift-syntax'
        ➜ Explicit dependency on target 'SwiftIfConfig' in project 'swift-syntax'
    Target 'SwiftIfConfig' in project 'swift-syntax'
        ➜ Explicit dependency on target '_SwiftSyntaxCShims' in project 'swift-syntax'
        ➜ Explicit dependency on target 'SwiftSyntax509' in project 'swift-syntax'
        ➜ Explicit dependency on target 'SwiftSyntax510' in project 'swift-syntax'
        ➜ Explicit dependency on target 'SwiftSyntax600' in project 'swift-syntax'
        ➜ Explicit dependency on target 'SwiftSyntax601' in project 'swift-syntax'
        ➜ Explicit dependency on target 'SwiftSyntax602' in project 'swift-syntax'
        ➜ Explicit dependency on target 'SwiftSyntax603' in project 'swift-syntax'
        ➜ Explicit dependency on target 'SwiftSyntax' in project 'swift-syntax'
        ➜ Explicit dependency on target 'SwiftBasicFormat' in project 'swift-syntax'
        ➜ Explicit dependency on target 'SwiftParser' in project 'swift-syntax'
        ➜ Explicit dependency on target 'SwiftDiagnostics' in project 'swift-syntax'
        ➜ Explicit dependency on target 'SwiftParserDiagnostics' in project 'swift-syntax'
        ➜ Explicit dependency on target 'SwiftSyntaxBuilder' in project 'swift-syntax'
        ➜ Explicit dependency on target 'SwiftOperators' in project 'swift-syntax'
    Target 'SwiftOperators' in project 'swift-syntax'
        ➜ Explicit dependency on target '_SwiftSyntaxCShims' in project 'swift-syntax'
        ➜ Explicit dependency on target 'SwiftSyntax509' in project 'swift-syntax'
        ➜ Explicit dependency on target 'SwiftSyntax510' in project 'swift-syntax'
        ➜ Explicit dependency on target 'SwiftSyntax600' in project 'swift-syntax'
        ➜ Explicit dependency on target 'SwiftSyntax601' in project 'swift-syntax'
        ➜ Explicit dependency on target 'SwiftSyntax602' in project 'swift-syntax'
        ➜ Explicit dependency on target 'SwiftSyntax603' in project 'swift-syntax'
        ➜ Explicit dependency on target 'SwiftSyntax' in project 'swift-syntax'
        ➜ Explicit dependency on target 'SwiftDiagnostics' in project 'swift-syntax'
        ➜ Explicit dependency on target 'SwiftParser' in project 'swift-syntax'
    Target 'SwiftSyntaxBuilder' in project 'swift-syntax'
        ➜ Explicit dependency on target '_SwiftSyntaxCShims' in project 'swift-syntax'
        ➜ Explicit dependency on target 'SwiftSyntax509' in project 'swift-syntax'
        ➜ Explicit dependency on target 'SwiftSyntax510' in project 'swift-syntax'
        ➜ Explicit dependency on target 'SwiftSyntax600' in project 'swift-syntax'
        ➜ Explicit dependency on target 'SwiftSyntax601' in project 'swift-syntax'
        ➜ Explicit dependency on target 'SwiftSyntax602' in project 'swift-syntax'
        ➜ Explicit dependency on target 'SwiftSyntax603' in project 'swift-syntax'
        ➜ Explicit dependency on target 'SwiftSyntax' in project 'swift-syntax'
        ➜ Explicit dependency on target 'SwiftBasicFormat' in project 'swift-syntax'
        ➜ Explicit dependency on target 'SwiftParser' in project 'swift-syntax'
        ➜ Explicit dependency on target 'SwiftDiagnostics' in project 'swift-syntax'
        ➜ Explicit dependency on target 'SwiftParserDiagnostics' in project 'swift-syntax'
    Target 'SwiftParserDiagnostics' in project 'swift-syntax'
        ➜ Explicit dependency on target '_SwiftSyntaxCShims' in project 'swift-syntax'
        ➜ Explicit dependency on target 'SwiftSyntax509' in project 'swift-syntax'
        ➜ Explicit dependency on target 'SwiftSyntax510' in project 'swift-syntax'
        ➜ Explicit dependency on target 'SwiftSyntax600' in project 'swift-syntax'
        ➜ Explicit dependency on target 'SwiftSyntax601' in project 'swift-syntax'
        ➜ Explicit dependency on target 'SwiftSyntax602' in project 'swift-syntax'
        ➜ Explicit dependency on target 'SwiftSyntax603' in project 'swift-syntax'
        ➜ Explicit dependency on target 'SwiftSyntax' in project 'swift-syntax'
        ➜ Explicit dependency on target 'SwiftBasicFormat' in project 'swift-syntax'
        ➜ Explicit dependency on target 'SwiftDiagnostics' in project 'swift-syntax'
        ➜ Explicit dependency on target 'SwiftParser' in project 'swift-syntax'
    Target 'SwiftParser' in project 'swift-syntax'
        ➜ Explicit dependency on target '_SwiftSyntaxCShims' in project 'swift-syntax'
        ➜ Explicit dependency on target 'SwiftSyntax509' in project 'swift-syntax'
        ➜ Explicit dependency on target 'SwiftSyntax510' in project 'swift-syntax'
        ➜ Explicit dependency on target 'SwiftSyntax600' in project 'swift-syntax'
        ➜ Explicit dependency on target 'SwiftSyntax601' in project 'swift-syntax'
        ➜ Explicit dependency on target 'SwiftSyntax602' in project 'swift-syntax'
        ➜ Explicit dependency on target 'SwiftSyntax603' in project 'swift-syntax'
        ➜ Explicit dependency on target 'SwiftSyntax' in project 'swift-syntax'
    Target 'SwiftBasicFormat' in project 'swift-syntax'
        ➜ Explicit dependency on target '_SwiftSyntaxCShims' in project 'swift-syntax'
        ➜ Explicit dependency on target 'SwiftSyntax509' in project 'swift-syntax'
        ➜ Explicit dependency on target 'SwiftSyntax510' in project 'swift-syntax'
        ➜ Explicit dependency on target 'SwiftSyntax600' in project 'swift-syntax'
        ➜ Explicit dependency on target 'SwiftSyntax601' in project 'swift-syntax'
        ➜ Explicit dependency on target 'SwiftSyntax602' in project 'swift-syntax'
        ➜ Explicit dependency on target 'SwiftSyntax603' in project 'swift-syntax'
        ➜ Explicit dependency on target 'SwiftSyntax' in project 'swift-syntax'
    Target 'SwiftDiagnostics' in project 'swift-syntax'
        ➜ Explicit dependency on target '_SwiftSyntaxCShims' in project 'swift-syntax'
        ➜ Explicit dependency on target 'SwiftSyntax509' in project 'swift-syntax'
        ➜ Explicit dependency on target 'SwiftSyntax510' in project 'swift-syntax'
        ➜ Explicit dependency on target 'SwiftSyntax600' in project 'swift-syntax'
        ➜ Explicit dependency on target 'SwiftSyntax601' in project 'swift-syntax'
        ➜ Explicit dependency on target 'SwiftSyntax602' in project 'swift-syntax'
        ➜ Explicit dependency on target 'SwiftSyntax603' in project 'swift-syntax'
        ➜ Explicit dependency on target 'SwiftSyntax' in project 'swift-syntax'
    Target 'SwiftSyntax' in project 'swift-syntax'
        ➜ Explicit dependency on target '_SwiftSyntaxCShims' in project 'swift-syntax'
        ➜ Explicit dependency on target 'SwiftSyntax509' in project 'swift-syntax'
        ➜ Explicit dependency on target 'SwiftSyntax510' in project 'swift-syntax'
        ➜ Explicit dependency on target 'SwiftSyntax600' in project 'swift-syntax'
        ➜ Explicit dependency on target 'SwiftSyntax601' in project 'swift-syntax'
        ➜ Explicit dependency on target 'SwiftSyntax602' in project 'swift-syntax'
        ➜ Explicit dependency on target 'SwiftSyntax603' in project 'swift-syntax'
    Target 'SwiftSyntax603' in project 'swift-syntax' (no dependencies)
    Target 'SwiftSyntax602' in project 'swift-syntax' (no dependencies)
    Target 'SwiftSyntax601' in project 'swift-syntax' (no dependencies)
    Target 'SwiftSyntax600' in project 'swift-syntax' (no dependencies)
    Target 'SwiftSyntax510' in project 'swift-syntax' (no dependencies)
    Target 'SwiftSyntax509' in project 'swift-syntax' (no dependencies)
    Target '_SwiftSyntaxCShims' in project 'swift-syntax' (no dependencies)
GatherProvisioningInputs
CreateBuildDescription
ClangStatCache /Applications/Xcode-26.3.0.app/Contents/Developer/Toolchains/XcodeDefault.xctoolchain/usr/bin/clang-stat-cache /Applications/Xcode-26.3.0.app/Contents/Developer/Platforms/WatchOS.platform/Developer/SDKs/WatchOS26.2.sdk /Users/admin/builder/spi-builder-workspace/.derivedData/SDKStatCaches.noindex/watchos26.2-23S303-dc75598d0054f22ec865fa860f139d721753b489057de6bda919edfa1c59a62b.sdkstatcache
    cd /Users/admin/builder/spi-builder-workspace/XibLoc.xcodeproj
    /Applications/Xcode-26.3.0.app/Contents/Developer/Toolchains/XcodeDefault.xctoolchain/usr/bin/clang-stat-cache /Applications/Xcode-26.3.0.app/Contents/Developer/Platforms/WatchOS.platform/Developer/SDKs/WatchOS26.2.sdk -o /Users/admin/builder/spi-builder-workspace/.derivedData/SDKStatCaches.noindex/watchos26.2-23S303-dc75598d0054f22ec865fa860f139d721753b489057de6bda919edfa1c59a62b.sdkstatcache
ClangStatCache /Applications/Xcode-26.3.0.app/Contents/Developer/Toolchains/XcodeDefault.xctoolchain/usr/bin/clang-stat-cache /Applications/Xcode-26.3.0.app/Contents/Developer/Platforms/MacOSX.platform/Developer/SDKs/MacOSX26.2.sdk /Users/admin/builder/spi-builder-workspace/.derivedData/SDKStatCaches.noindex/macosx26.2-25C58-dc75598d0054f22ec865fa860f139d726b10091eae1b9012e514a50b0de53ce7.sdkstatcache
    cd /Users/admin/builder/spi-builder-workspace/XibLoc.xcodeproj
    /Applications/Xcode-26.3.0.app/Contents/Developer/Toolchains/XcodeDefault.xctoolchain/usr/bin/clang-stat-cache /Applications/Xcode-26.3.0.app/Contents/Developer/Platforms/MacOSX.platform/Developer/SDKs/MacOSX26.2.sdk -o /Users/admin/builder/spi-builder-workspace/.derivedData/SDKStatCaches.noindex/macosx26.2-25C58-dc75598d0054f22ec865fa860f139d726b10091eae1b9012e514a50b0de53ce7.sdkstatcache
SwiftDriver GlobalConfModule normal armv7k com.apple.xcode.tools.swift.compiler (in target 'GlobalConfModule' from project 'GlobalConfModule')
    cd /Users/admin/builder/spi-builder-workspace/XibLoc.xcodeproj
    builtin-SwiftDriver -- /Applications/Xcode-26.3.0.app/Contents/Developer/Toolchains/XcodeDefault.xctoolchain/usr/bin/swiftc -module-name GlobalConfModule -Onone -enforce-exclusivity\=checked @/Users/admin/builder/spi-builder-workspace/.derivedData/Build/Intermediates.noindex/GlobalConfModule.build/Debug-watchos/GlobalConfModule.build/Objects-normal/armv7k/GlobalConfModule.SwiftFileList -DSWIFT_PACKAGE -DDEBUG -DSWIFT_MODULE_RESOURCE_BUNDLE_UNAVAILABLE -DXcode -plugin-path /Applications/Xcode-26.3.0.app/Contents/Developer/Toolchains/XcodeDefault.xctoolchain/usr/lib/swift/host/plugins/testing -enable-experimental-feature DebugDescriptionMacro -sdk /Applications/Xcode-26.3.0.app/Contents/Developer/Platforms/WatchOS.platform/Developer/SDKs/WatchOS26.2.sdk -target armv7k-apple-watchos6.0 -g -module-cache-path /Users/admin/builder/spi-builder-workspace/.derivedData/ModuleCache.noindex -Xfrontend -serialize-debugging-options -profile-coverage-mapping -profile-generate -enable-testing -suppress-warnings -index-store-path /Users/admin/builder/spi-builder-workspace/.derivedData/Index.noindex/DataStore -Xcc -D_LIBCPP_HARDENING_MODE\=_LIBCPP_HARDENING_MODE_DEBUG -swift-version 6 -I /Users/admin/builder/spi-builder-workspace/.derivedData/Build/Products/Debug-watchos -Isystem /Applications/Xcode-26.3.0.app/Contents/Developer/Platforms/WatchOS.platform/Developer/usr/lib -F /Users/admin/builder/spi-builder-workspace/.derivedData/Build/Products/Debug-watchos/PackageFrameworks -F /Users/admin/builder/spi-builder-workspace/.derivedData/Build/Products/Debug-watchos -F /Applications/Xcode-26.3.0.app/Contents/Developer/Platforms/WatchOS.platform/Developer/Library/Frameworks -F /Applications/Xcode-26.3.0.app/Contents/Developer/Platforms/WatchOS.platform/Developer/SDKs/WatchOS26.2.sdk/Developer/Library/Frameworks -Xfrontend -load-plugin-executable -Xfrontend /Users/admin/builder/spi-builder-workspace/.derivedData/Build/Products/Debug/GlobalConfMacros\#GlobalConfMacros -c -j10 -enable-batch-mode -incremental -Xcc -ivfsstatcache -Xcc /Users/admin/builder/spi-builder-workspace/.derivedData/SDKStatCaches.noindex/watchos26.2-23S303-dc75598d0054f22ec865fa860f139d721753b489057de6bda919edfa1c59a62b.sdkstatcache -output-file-map /Users/admin/builder/spi-builder-workspace/.derivedData/Build/Intermediates.noindex/GlobalConfModule.build/Debug-watchos/GlobalConfModule.build/Objects-normal/armv7k/GlobalConfModule-OutputFileMap.json -use-frontend-parseable-output -save-temps -no-color-diagnostics -explicit-module-build -module-cache-path /Users/admin/builder/spi-builder-workspace/.derivedData/Build/Intermediates.noindex/SwiftExplicitPrecompiledModules -clang-scanner-module-cache-path /Users/admin/builder/spi-builder-workspace/.derivedData/ModuleCache.noindex -sdk-module-cache-path /Users/admin/builder/spi-builder-workspace/.derivedData/ModuleCache.noindex -serialize-diagnostics -emit-dependencies -emit-module -emit-module-path /Users/admin/builder/spi-builder-workspace/.derivedData/Build/Intermediates.noindex/GlobalConfModule.build/Debug-watchos/GlobalConfModule.build/Objects-normal/armv7k/GlobalConfModule.swiftmodule -user-module-version 0.4.5 -validate-clang-modules-once -clang-build-session-file /Users/admin/builder/spi-builder-workspace/.derivedData/ModuleCache.noindex/Session.modulevalidation -package-name globalconfmodule -Xcc -I/Users/admin/builder/spi-builder-workspace/.derivedData/Build/Intermediates.noindex/GlobalConfModule.build/Debug-watchos/GlobalConfModule.build/swift-overrides.hmap -emit-const-values -Xfrontend -const-gather-protocols-file -Xfrontend /Users/admin/builder/spi-builder-workspace/.derivedData/Build/Intermediates.noindex/GlobalConfModule.build/Debug-watchos/GlobalConfModule.build/Objects-normal/armv7k/GlobalConfModule_const_extract_protocols.json -Xcc -I/Users/admin/builder/spi-builder-workspace/.derivedData/Build/Products/Debug-watchos/include -Xcc -I/Users/admin/builder/spi-builder-workspace/.derivedData/Build/Intermediates.noindex/GlobalConfModule.build/Debug-watchos/GlobalConfModule.build/DerivedSources-normal/armv7k -Xcc -I/Users/admin/builder/spi-builder-workspace/.derivedData/Build/Intermediates.noindex/GlobalConfModule.build/Debug-watchos/GlobalConfModule.build/DerivedSources/armv7k -Xcc -I/Users/admin/builder/spi-builder-workspace/.derivedData/Build/Intermediates.noindex/GlobalConfModule.build/Debug-watchos/GlobalConfModule.build/DerivedSources -Xcc -DSWIFT_PACKAGE -Xcc -DDEBUG\=1 -emit-objc-header -emit-objc-header-path /Users/admin/builder/spi-builder-workspace/.derivedData/Build/Intermediates.noindex/GlobalConfModule.build/Debug-watchos/GlobalConfModule.build/Objects-normal/armv7k/GlobalConfModule-Swift.h -working-directory /Users/admin/builder/spi-builder-workspace/XibLoc.xcodeproj -experimental-emit-module-separately -disable-cmo
SwiftDriver\ Compilation\ Requirements XibLoc normal armv7k com.apple.xcode.tools.swift.compiler (in target 'XibLoc' from project 'XibLoc')
    cd /Users/admin/builder/spi-builder-workspace
    builtin-Swift-Compilation-Requirements -- /Applications/Xcode-26.3.0.app/Contents/Developer/Toolchains/XcodeDefault.xctoolchain/usr/bin/swiftc -module-name XibLoc -Onone -enforce-exclusivity\=checked @/Users/admin/builder/spi-builder-workspace/.derivedData/Build/Intermediates.noindex/XibLoc.build/Debug-watchos/XibLoc.build/Objects-normal/armv7k/XibLoc.SwiftFileList -DDEBUG -enable-experimental-feature DebugDescriptionMacro -sdk /Applications/Xcode-26.3.0.app/Contents/Developer/Platforms/WatchOS.platform/Developer/SDKs/WatchOS26.2.sdk -target armv7k-apple-watchos6.0 -g -module-cache-path /Users/admin/builder/spi-builder-workspace/.derivedData/ModuleCache.noindex -Xfrontend -serialize-debugging-options -profile-coverage-mapping -profile-generate -enable-testing -index-store-path /Users/admin/builder/spi-builder-workspace/.derivedData/Index.noindex/DataStore -Xcc -D_LIBCPP_HARDENING_MODE\=_LIBCPP_HARDENING_MODE_DEBUG -swift-version 6 -I /Users/admin/builder/spi-builder-workspace/.derivedData/Build/Products/Debug-watchos -F /Users/admin/builder/spi-builder-workspace/.derivedData/Build/Products/Debug-watchos/PackageFrameworks -F /Users/admin/builder/spi-builder-workspace/.derivedData/Build/Products/Debug-watchos/PackageFrameworks -F /Users/admin/builder/spi-builder-workspace/.derivedData/Build/Products/Debug-watchos/PackageFrameworks -F /Users/admin/builder/spi-builder-workspace/.derivedData/Build/Products/Debug-watchos -Xfrontend -load-plugin-executable -Xfrontend /Users/admin/builder/spi-builder-workspace/.derivedData/Build/Products/Debug/GlobalConfMacros\#GlobalConfMacros -c -j10 -enable-batch-mode -incremental -Xcc -ivfsstatcache -Xcc /Users/admin/builder/spi-builder-workspace/.derivedData/SDKStatCaches.noindex/watchos26.2-23S303-dc75598d0054f22ec865fa860f139d721753b489057de6bda919edfa1c59a62b.sdkstatcache -output-file-map /Users/admin/builder/spi-builder-workspace/.derivedData/Build/Intermediates.noindex/XibLoc.build/Debug-watchos/XibLoc.build/Objects-normal/armv7k/XibLoc-OutputFileMap.json -use-frontend-parseable-output -save-temps -no-color-diagnostics -explicit-module-build -module-cache-path /Users/admin/builder/spi-builder-workspace/.derivedData/Build/Intermediates.noindex/SwiftExplicitPrecompiledModules -clang-scanner-module-cache-path /Users/admin/builder/spi-builder-workspace/.derivedData/ModuleCache.noindex -sdk-module-cache-path /Users/admin/builder/spi-builder-workspace/.derivedData/ModuleCache.noindex -serialize-diagnostics -emit-dependencies -emit-module -emit-module-path /Users/admin/builder/spi-builder-workspace/.derivedData/Build/Intermediates.noindex/XibLoc.build/Debug-watchos/XibLoc.build/Objects-normal/armv7k/XibLoc.swiftmodule -validate-clang-modules-once -clang-build-session-file /Users/admin/builder/spi-builder-workspace/.derivedData/ModuleCache.noindex/Session.modulevalidation -Xcc -I/Users/admin/builder/spi-builder-workspace/.derivedData/Build/Intermediates.noindex/XibLoc.build/Debug-watchos/XibLoc.build/swift-overrides.hmap -emit-const-values -Xfrontend -const-gather-protocols-file -Xfrontend /Users/admin/builder/spi-builder-workspace/.derivedData/Build/Intermediates.noindex/XibLoc.build/Debug-watchos/XibLoc.build/Objects-normal/armv7k/XibLoc_const_extract_protocols.json -Xcc -iquote -Xcc /Users/admin/builder/spi-builder-workspace/.derivedData/Build/Intermediates.noindex/XibLoc.build/Debug-watchos/XibLoc.build/XibLoc-generated-files.hmap -Xcc -I/Users/admin/builder/spi-builder-workspace/.derivedData/Build/Intermediates.noindex/XibLoc.build/Debug-watchos/XibLoc.build/XibLoc-own-target-headers.hmap -Xcc -I/Users/admin/builder/spi-builder-workspace/.derivedData/Build/Intermediates.noindex/XibLoc.build/Debug-watchos/XibLoc.build/XibLoc-all-non-framework-target-headers.hmap -Xcc -ivfsoverlay -Xcc /Users/admin/builder/spi-builder-workspace/.derivedData/Build/Intermediates.noindex/XibLoc.build/Debug-watchos/XibLoc-b3a8d74ea0190dd92e3c5cc361f49865-VFS-watchos/all-product-headers.yaml -Xcc -iquote -Xcc /Users/admin/builder/spi-builder-workspace/.derivedData/Build/Intermediates.noindex/XibLoc.build/Debug-watchos/XibLoc.build/XibLoc-project-headers.hmap -Xcc -I/Users/admin/builder/spi-builder-workspace/.derivedData/Build/Products/Debug-watchos/include -Xcc -I/Users/admin/builder/spi-builder-workspace/.derivedData/Build/Intermediates.noindex/XibLoc.build/Debug-watchos/XibLoc.build/DerivedSources-normal/armv7k -Xcc -I/Users/admin/builder/spi-builder-workspace/.derivedData/Build/Intermediates.noindex/XibLoc.build/Debug-watchos/XibLoc.build/DerivedSources/armv7k -Xcc -I/Users/admin/builder/spi-builder-workspace/.derivedData/Build/Intermediates.noindex/XibLoc.build/Debug-watchos/XibLoc.build/DerivedSources -Xcc -DDEBUG\=1 -emit-objc-header -emit-objc-header-path /Users/admin/builder/spi-builder-workspace/.derivedData/Build/Intermediates.noindex/XibLoc.build/Debug-watchos/XibLoc.build/Objects-normal/armv7k/XibLoc-Swift.h -working-directory /Users/admin/builder/spi-builder-workspace -experimental-emit-module-separately -disable-cmo
error: Build input files cannot be found: '/Users/admin/builder/spi-builder-workspace/Sources/XibLoc/Utilities/AttributesChanger/AttributesChanger.swift', '/Users/admin/builder/spi-builder-workspace/Sources/XibLoc/Utilities/AttributesChanger/AttributesChange_UnderlineStyle.swift'. Did you forget to declare these files as outputs of any script phases or custom build rules which produce them? (in target 'XibLoc' from project 'XibLoc')
SwiftDriver GlobalConfModule normal arm64 com.apple.xcode.tools.swift.compiler (in target 'GlobalConfModule' from project 'GlobalConfModule')
    cd /Users/admin/builder/spi-builder-workspace/XibLoc.xcodeproj
    builtin-SwiftDriver -- /Applications/Xcode-26.3.0.app/Contents/Developer/Toolchains/XcodeDefault.xctoolchain/usr/bin/swiftc -module-name GlobalConfModule -Onone -enforce-exclusivity\=checked @/Users/admin/builder/spi-builder-workspace/.derivedData/Build/Intermediates.noindex/GlobalConfModule.build/Debug-watchos/GlobalConfModule.build/Objects-normal/arm64/GlobalConfModule.SwiftFileList -DSWIFT_PACKAGE -DDEBUG -DSWIFT_MODULE_RESOURCE_BUNDLE_UNAVAILABLE -DXcode -plugin-path /Applications/Xcode-26.3.0.app/Contents/Developer/Toolchains/XcodeDefault.xctoolchain/usr/lib/swift/host/plugins/testing -enable-experimental-feature DebugDescriptionMacro -sdk /Applications/Xcode-26.3.0.app/Contents/Developer/Platforms/WatchOS.platform/Developer/SDKs/WatchOS26.2.sdk -target arm64-apple-watchos6.0 -g -module-cache-path /Users/admin/builder/spi-builder-workspace/.derivedData/ModuleCache.noindex -Xfrontend -serialize-debugging-options -profile-coverage-mapping -profile-generate -enable-testing -suppress-warnings -index-store-path /Users/admin/builder/spi-builder-workspace/.derivedData/Index.noindex/DataStore -Xcc -D_LIBCPP_HARDENING_MODE\=_LIBCPP_HARDENING_MODE_DEBUG -swift-version 6 -I /Users/admin/builder/spi-builder-workspace/.derivedData/Build/Products/Debug-watchos -Isystem /Applications/Xcode-26.3.0.app/Contents/Developer/Platforms/WatchOS.platform/Developer/usr/lib -F /Users/admin/builder/spi-builder-workspace/.derivedData/Build/Products/Debug-watchos/PackageFrameworks -F /Users/admin/builder/spi-builder-workspace/.derivedData/Build/Products/Debug-watchos -F /Applications/Xcode-26.3.0.app/Contents/Developer/Platforms/WatchOS.platform/Developer/Library/Frameworks -F /Applications/Xcode-26.3.0.app/Contents/Developer/Platforms/WatchOS.platform/Developer/SDKs/WatchOS26.2.sdk/Developer/Library/Frameworks -Xfrontend -load-plugin-executable -Xfrontend /Users/admin/builder/spi-builder-workspace/.derivedData/Build/Products/Debug/GlobalConfMacros\#GlobalConfMacros -c -j10 -enable-batch-mode -incremental -Xcc -ivfsstatcache -Xcc /Users/admin/builder/spi-builder-workspace/.derivedData/SDKStatCaches.noindex/watchos26.2-23S303-dc75598d0054f22ec865fa860f139d721753b489057de6bda919edfa1c59a62b.sdkstatcache -output-file-map /Users/admin/builder/spi-builder-workspace/.derivedData/Build/Intermediates.noindex/GlobalConfModule.build/Debug-watchos/GlobalConfModule.build/Objects-normal/arm64/GlobalConfModule-OutputFileMap.json -use-frontend-parseable-output -save-temps -no-color-diagnostics -explicit-module-build -module-cache-path /Users/admin/builder/spi-builder-workspace/.derivedData/Build/Intermediates.noindex/SwiftExplicitPrecompiledModules -clang-scanner-module-cache-path /Users/admin/builder/spi-builder-workspace/.derivedData/ModuleCache.noindex -sdk-module-cache-path /Users/admin/builder/spi-builder-workspace/.derivedData/ModuleCache.noindex -serialize-diagnostics -emit-dependencies -emit-module -emit-module-path /Users/admin/builder/spi-builder-workspace/.derivedData/Build/Intermediates.noindex/GlobalConfModule.build/Debug-watchos/GlobalConfModule.build/Objects-normal/arm64/GlobalConfModule.swiftmodule -user-module-version 0.4.5 -validate-clang-modules-once -clang-build-session-file /Users/admin/builder/spi-builder-workspace/.derivedData/ModuleCache.noindex/Session.modulevalidation -package-name globalconfmodule -Xcc -I/Users/admin/builder/spi-builder-workspace/.derivedData/Build/Intermediates.noindex/GlobalConfModule.build/Debug-watchos/GlobalConfModule.build/swift-overrides.hmap -emit-const-values -Xfrontend -const-gather-protocols-file -Xfrontend /Users/admin/builder/spi-builder-workspace/.derivedData/Build/Intermediates.noindex/GlobalConfModule.build/Debug-watchos/GlobalConfModule.build/Objects-normal/arm64/GlobalConfModule_const_extract_protocols.json -Xcc -I/Users/admin/builder/spi-builder-workspace/.derivedData/Build/Products/Debug-watchos/include -Xcc -I/Users/admin/builder/spi-builder-workspace/.derivedData/Build/Intermediates.noindex/GlobalConfModule.build/Debug-watchos/GlobalConfModule.build/DerivedSources-normal/arm64 -Xcc -I/Users/admin/builder/spi-builder-workspace/.derivedData/Build/Intermediates.noindex/GlobalConfModule.build/Debug-watchos/GlobalConfModule.build/DerivedSources/arm64 -Xcc -I/Users/admin/builder/spi-builder-workspace/.derivedData/Build/Intermediates.noindex/GlobalConfModule.build/Debug-watchos/GlobalConfModule.build/DerivedSources -Xcc -DSWIFT_PACKAGE -Xcc -DDEBUG\=1 -emit-objc-header -emit-objc-header-path /Users/admin/builder/spi-builder-workspace/.derivedData/Build/Intermediates.noindex/GlobalConfModule.build/Debug-watchos/GlobalConfModule.build/Objects-normal/arm64/GlobalConfModule-Swift.h -working-directory /Users/admin/builder/spi-builder-workspace/XibLoc.xcodeproj -experimental-emit-module-separately -disable-cmo
SwiftDriver\ Compilation XibLoc normal armv7k com.apple.xcode.tools.swift.compiler (in target 'XibLoc' from project 'XibLoc')
    cd /Users/admin/builder/spi-builder-workspace
    builtin-Swift-Compilation -- /Applications/Xcode-26.3.0.app/Contents/Developer/Toolchains/XcodeDefault.xctoolchain/usr/bin/swiftc -module-name XibLoc -Onone -enforce-exclusivity\=checked @/Users/admin/builder/spi-builder-workspace/.derivedData/Build/Intermediates.noindex/XibLoc.build/Debug-watchos/XibLoc.build/Objects-normal/armv7k/XibLoc.SwiftFileList -DDEBUG -enable-experimental-feature DebugDescriptionMacro -sdk /Applications/Xcode-26.3.0.app/Contents/Developer/Platforms/WatchOS.platform/Developer/SDKs/WatchOS26.2.sdk -target armv7k-apple-watchos6.0 -g -module-cache-path /Users/admin/builder/spi-builder-workspace/.derivedData/ModuleCache.noindex -Xfrontend -serialize-debugging-options -profile-coverage-mapping -profile-generate -enable-testing -index-store-path /Users/admin/builder/spi-builder-workspace/.derivedData/Index.noindex/DataStore -Xcc -D_LIBCPP_HARDENING_MODE\=_LIBCPP_HARDENING_MODE_DEBUG -swift-version 6 -I /Users/admin/builder/spi-builder-workspace/.derivedData/Build/Products/Debug-watchos -F /Users/admin/builder/spi-builder-workspace/.derivedData/Build/Products/Debug-watchos/PackageFrameworks -F /Users/admin/builder/spi-builder-workspace/.derivedData/Build/Products/Debug-watchos/PackageFrameworks -F /Users/admin/builder/spi-builder-workspace/.derivedData/Build/Products/Debug-watchos/PackageFrameworks -F /Users/admin/builder/spi-builder-workspace/.derivedData/Build/Products/Debug-watchos -Xfrontend -load-plugin-executable -Xfrontend /Users/admin/builder/spi-builder-workspace/.derivedData/Build/Products/Debug/GlobalConfMacros\#GlobalConfMacros -c -j10 -enable-batch-mode -incremental -Xcc -ivfsstatcache -Xcc /Users/admin/builder/spi-builder-workspace/.derivedData/SDKStatCaches.noindex/watchos26.2-23S303-dc75598d0054f22ec865fa860f139d721753b489057de6bda919edfa1c59a62b.sdkstatcache -output-file-map /Users/admin/builder/spi-builder-workspace/.derivedData/Build/Intermediates.noindex/XibLoc.build/Debug-watchos/XibLoc.build/Objects-normal/armv7k/XibLoc-OutputFileMap.json -use-frontend-parseable-output -save-temps -no-color-diagnostics -explicit-module-build -module-cache-path /Users/admin/builder/spi-builder-workspace/.derivedData/Build/Intermediates.noindex/SwiftExplicitPrecompiledModules -clang-scanner-module-cache-path /Users/admin/builder/spi-builder-workspace/.derivedData/ModuleCache.noindex -sdk-module-cache-path /Users/admin/builder/spi-builder-workspace/.derivedData/ModuleCache.noindex -serialize-diagnostics -emit-dependencies -emit-module -emit-module-path /Users/admin/builder/spi-builder-workspace/.derivedData/Build/Intermediates.noindex/XibLoc.build/Debug-watchos/XibLoc.build/Objects-normal/armv7k/XibLoc.swiftmodule -validate-clang-modules-once -clang-build-session-file /Users/admin/builder/spi-builder-workspace/.derivedData/ModuleCache.noindex/Session.modulevalidation -Xcc -I/Users/admin/builder/spi-builder-workspace/.derivedData/Build/Intermediates.noindex/XibLoc.build/Debug-watchos/XibLoc.build/swift-overrides.hmap -emit-const-values -Xfrontend -const-gather-protocols-file -Xfrontend /Users/admin/builder/spi-builder-workspace/.derivedData/Build/Intermediates.noindex/XibLoc.build/Debug-watchos/XibLoc.build/Objects-normal/armv7k/XibLoc_const_extract_protocols.json -Xcc -iquote -Xcc /Users/admin/builder/spi-builder-workspace/.derivedData/Build/Intermediates.noindex/XibLoc.build/Debug-watchos/XibLoc.build/XibLoc-generated-files.hmap -Xcc -I/Users/admin/builder/spi-builder-workspace/.derivedData/Build/Intermediates.noindex/XibLoc.build/Debug-watchos/XibLoc.build/XibLoc-own-target-headers.hmap -Xcc -I/Users/admin/builder/spi-builder-workspace/.derivedData/Build/Intermediates.noindex/XibLoc.build/Debug-watchos/XibLoc.build/XibLoc-all-non-framework-target-headers.hmap -Xcc -ivfsoverlay -Xcc /Users/admin/builder/spi-builder-workspace/.derivedData/Build/Intermediates.noindex/XibLoc.build/Debug-watchos/XibLoc-b3a8d74ea0190dd92e3c5cc361f49865-VFS-watchos/all-product-headers.yaml -Xcc -iquote -Xcc /Users/admin/builder/spi-builder-workspace/.derivedData/Build/Intermediates.noindex/XibLoc.build/Debug-watchos/XibLoc.build/XibLoc-project-headers.hmap -Xcc -I/Users/admin/builder/spi-builder-workspace/.derivedData/Build/Products/Debug-watchos/include -Xcc -I/Users/admin/builder/spi-builder-workspace/.derivedData/Build/Intermediates.noindex/XibLoc.build/Debug-watchos/XibLoc.build/DerivedSources-normal/armv7k -Xcc -I/Users/admin/builder/spi-builder-workspace/.derivedData/Build/Intermediates.noindex/XibLoc.build/Debug-watchos/XibLoc.build/DerivedSources/armv7k -Xcc -I/Users/admin/builder/spi-builder-workspace/.derivedData/Build/Intermediates.noindex/XibLoc.build/Debug-watchos/XibLoc.build/DerivedSources -Xcc -DDEBUG\=1 -emit-objc-header -emit-objc-header-path /Users/admin/builder/spi-builder-workspace/.derivedData/Build/Intermediates.noindex/XibLoc.build/Debug-watchos/XibLoc.build/Objects-normal/armv7k/XibLoc-Swift.h -working-directory /Users/admin/builder/spi-builder-workspace -experimental-emit-module-separately -disable-cmo
error: Build input files cannot be found: '/Users/admin/builder/spi-builder-workspace/Sources/XibLoc/Utilities/AttributesChanger/AttributesChanger.swift', '/Users/admin/builder/spi-builder-workspace/Sources/XibLoc/Utilities/AttributesChanger/AttributesChange_UnderlineStyle.swift'. Did you forget to declare these files as outputs of any script phases or custom build rules which produce them? (in target 'XibLoc' from project 'XibLoc')
SwiftDriver\ Compilation XibLoc normal arm64_32 com.apple.xcode.tools.swift.compiler (in target 'XibLoc' from project 'XibLoc')
    cd /Users/admin/builder/spi-builder-workspace
    builtin-Swift-Compilation -- /Applications/Xcode-26.3.0.app/Contents/Developer/Toolchains/XcodeDefault.xctoolchain/usr/bin/swiftc -module-name XibLoc -Onone -enforce-exclusivity\=checked @/Users/admin/builder/spi-builder-workspace/.derivedData/Build/Intermediates.noindex/XibLoc.build/Debug-watchos/XibLoc.build/Objects-normal/arm64_32/XibLoc.SwiftFileList -DDEBUG -enable-experimental-feature DebugDescriptionMacro -sdk /Applications/Xcode-26.3.0.app/Contents/Developer/Platforms/WatchOS.platform/Developer/SDKs/WatchOS26.2.sdk -target arm64_32-apple-watchos6.0 -g -module-cache-path /Users/admin/builder/spi-builder-workspace/.derivedData/ModuleCache.noindex -Xfrontend -serialize-debugging-options -profile-coverage-mapping -profile-generate -enable-testing -index-store-path /Users/admin/builder/spi-builder-workspace/.derivedData/Index.noindex/DataStore -Xcc -D_LIBCPP_HARDENING_MODE\=_LIBCPP_HARDENING_MODE_DEBUG -swift-version 6 -I /Users/admin/builder/spi-builder-workspace/.derivedData/Build/Products/Debug-watchos -F /Users/admin/builder/spi-builder-workspace/.derivedData/Build/Products/Debug-watchos/PackageFrameworks -F /Users/admin/builder/spi-builder-workspace/.derivedData/Build/Products/Debug-watchos/PackageFrameworks -F /Users/admin/builder/spi-builder-workspace/.derivedData/Build/Products/Debug-watchos/PackageFrameworks -F /Users/admin/builder/spi-builder-workspace/.derivedData/Build/Products/Debug-watchos -Xfrontend -load-plugin-executable -Xfrontend /Users/admin/builder/spi-builder-workspace/.derivedData/Build/Products/Debug/GlobalConfMacros\#GlobalConfMacros -c -j10 -enable-batch-mode -incremental -Xcc -ivfsstatcache -Xcc /Users/admin/builder/spi-builder-workspace/.derivedData/SDKStatCaches.noindex/watchos26.2-23S303-dc75598d0054f22ec865fa860f139d721753b489057de6bda919edfa1c59a62b.sdkstatcache -output-file-map /Users/admin/builder/spi-builder-workspace/.derivedData/Build/Intermediates.noindex/XibLoc.build/Debug-watchos/XibLoc.build/Objects-normal/arm64_32/XibLoc-OutputFileMap.json -use-frontend-parseable-output -save-temps -no-color-diagnostics -explicit-module-build -module-cache-path /Users/admin/builder/spi-builder-workspace/.derivedData/Build/Intermediates.noindex/SwiftExplicitPrecompiledModules -clang-scanner-module-cache-path /Users/admin/builder/spi-builder-workspace/.derivedData/ModuleCache.noindex -sdk-module-cache-path /Users/admin/builder/spi-builder-workspace/.derivedData/ModuleCache.noindex -serialize-diagnostics -emit-dependencies -emit-module -emit-module-path /Users/admin/builder/spi-builder-workspace/.derivedData/Build/Intermediates.noindex/XibLoc.build/Debug-watchos/XibLoc.build/Objects-normal/arm64_32/XibLoc.swiftmodule -validate-clang-modules-once -clang-build-session-file /Users/admin/builder/spi-builder-workspace/.derivedData/ModuleCache.noindex/Session.modulevalidation -Xcc -I/Users/admin/builder/spi-builder-workspace/.derivedData/Build/Intermediates.noindex/XibLoc.build/Debug-watchos/XibLoc.build/swift-overrides.hmap -emit-const-values -Xfrontend -const-gather-protocols-file -Xfrontend /Users/admin/builder/spi-builder-workspace/.derivedData/Build/Intermediates.noindex/XibLoc.build/Debug-watchos/XibLoc.build/Objects-normal/arm64_32/XibLoc_const_extract_protocols.json -Xcc -iquote -Xcc /Users/admin/builder/spi-builder-workspace/.derivedData/Build/Intermediates.noindex/XibLoc.build/Debug-watchos/XibLoc.build/XibLoc-generated-files.hmap -Xcc -I/Users/admin/builder/spi-builder-workspace/.derivedData/Build/Intermediates.noindex/XibLoc.build/Debug-watchos/XibLoc.build/XibLoc-own-target-headers.hmap -Xcc -I/Users/admin/builder/spi-builder-workspace/.derivedData/Build/Intermediates.noindex/XibLoc.build/Debug-watchos/XibLoc.build/XibLoc-all-non-framework-target-headers.hmap -Xcc -ivfsoverlay -Xcc /Users/admin/builder/spi-builder-workspace/.derivedData/Build/Intermediates.noindex/XibLoc.build/Debug-watchos/XibLoc-b3a8d74ea0190dd92e3c5cc361f49865-VFS-watchos/all-product-headers.yaml -Xcc -iquote -Xcc /Users/admin/builder/spi-builder-workspace/.derivedData/Build/Intermediates.noindex/XibLoc.build/Debug-watchos/XibLoc.build/XibLoc-project-headers.hmap -Xcc -I/Users/admin/builder/spi-builder-workspace/.derivedData/Build/Products/Debug-watchos/include -Xcc -I/Users/admin/builder/spi-builder-workspace/.derivedData/Build/Intermediates.noindex/XibLoc.build/Debug-watchos/XibLoc.build/DerivedSources-normal/arm64_32 -Xcc -I/Users/admin/builder/spi-builder-workspace/.derivedData/Build/Intermediates.noindex/XibLoc.build/Debug-watchos/XibLoc.build/DerivedSources/arm64_32 -Xcc -I/Users/admin/builder/spi-builder-workspace/.derivedData/Build/Intermediates.noindex/XibLoc.build/Debug-watchos/XibLoc.build/DerivedSources -Xcc -DDEBUG\=1 -emit-objc-header -emit-objc-header-path /Users/admin/builder/spi-builder-workspace/.derivedData/Build/Intermediates.noindex/XibLoc.build/Debug-watchos/XibLoc.build/Objects-normal/arm64_32/XibLoc-Swift.h -working-directory /Users/admin/builder/spi-builder-workspace -experimental-emit-module-separately -disable-cmo
error: Build input files cannot be found: '/Users/admin/builder/spi-builder-workspace/Sources/XibLoc/Utilities/AttributesChanger/AttributesChanger.swift', '/Users/admin/builder/spi-builder-workspace/Sources/XibLoc/Utilities/AttributesChanger/AttributesChange_UnderlineStyle.swift'. Did you forget to declare these files as outputs of any script phases or custom build rules which produce them? (in target 'XibLoc' from project 'XibLoc')
SwiftDriver\ Compilation XibLoc normal arm64 com.apple.xcode.tools.swift.compiler (in target 'XibLoc' from project 'XibLoc')
    cd /Users/admin/builder/spi-builder-workspace
    builtin-Swift-Compilation -- /Applications/Xcode-26.3.0.app/Contents/Developer/Toolchains/XcodeDefault.xctoolchain/usr/bin/swiftc -module-name XibLoc -Onone -enforce-exclusivity\=checked @/Users/admin/builder/spi-builder-workspace/.derivedData/Build/Intermediates.noindex/XibLoc.build/Debug-watchos/XibLoc.build/Objects-normal/arm64/XibLoc.SwiftFileList -DDEBUG -enable-experimental-feature DebugDescriptionMacro -sdk /Applications/Xcode-26.3.0.app/Contents/Developer/Platforms/WatchOS.platform/Developer/SDKs/WatchOS26.2.sdk -target arm64-apple-watchos6.0 -g -module-cache-path /Users/admin/builder/spi-builder-workspace/.derivedData/ModuleCache.noindex -Xfrontend -serialize-debugging-options -profile-coverage-mapping -profile-generate -enable-testing -index-store-path /Users/admin/builder/spi-builder-workspace/.derivedData/Index.noindex/DataStore -Xcc -D_LIBCPP_HARDENING_MODE\=_LIBCPP_HARDENING_MODE_DEBUG -swift-version 6 -I /Users/admin/builder/spi-builder-workspace/.derivedData/Build/Products/Debug-watchos -F /Users/admin/builder/spi-builder-workspace/.derivedData/Build/Products/Debug-watchos/PackageFrameworks -F /Users/admin/builder/spi-builder-workspace/.derivedData/Build/Products/Debug-watchos/PackageFrameworks -F /Users/admin/builder/spi-builder-workspace/.derivedData/Build/Products/Debug-watchos/PackageFrameworks -F /Users/admin/builder/spi-builder-workspace/.derivedData/Build/Products/Debug-watchos -Xfrontend -load-plugin-executable -Xfrontend /Users/admin/builder/spi-builder-workspace/.derivedData/Build/Products/Debug/GlobalConfMacros\#GlobalConfMacros -c -j10 -enable-batch-mode -incremental -Xcc -ivfsstatcache -Xcc /Users/admin/builder/spi-builder-workspace/.derivedData/SDKStatCaches.noindex/watchos26.2-23S303-dc75598d0054f22ec865fa860f139d721753b489057de6bda919edfa1c59a62b.sdkstatcache -output-file-map /Users/admin/builder/spi-builder-workspace/.derivedData/Build/Intermediates.noindex/XibLoc.build/Debug-watchos/XibLoc.build/Objects-normal/arm64/XibLoc-OutputFileMap.json -use-frontend-parseable-output -save-temps -no-color-diagnostics -explicit-module-build -module-cache-path /Users/admin/builder/spi-builder-workspace/.derivedData/Build/Intermediates.noindex/SwiftExplicitPrecompiledModules -clang-scanner-module-cache-path /Users/admin/builder/spi-builder-workspace/.derivedData/ModuleCache.noindex -sdk-module-cache-path /Users/admin/builder/spi-builder-workspace/.derivedData/ModuleCache.noindex -serialize-diagnostics -emit-dependencies -emit-module -emit-module-path /Users/admin/builder/spi-builder-workspace/.derivedData/Build/Intermediates.noindex/XibLoc.build/Debug-watchos/XibLoc.build/Objects-normal/arm64/XibLoc.swiftmodule -validate-clang-modules-once -clang-build-session-file /Users/admin/builder/spi-builder-workspace/.derivedData/ModuleCache.noindex/Session.modulevalidation -Xcc -I/Users/admin/builder/spi-builder-workspace/.derivedData/Build/Intermediates.noindex/XibLoc.build/Debug-watchos/XibLoc.build/swift-overrides.hmap -emit-const-values -Xfrontend -const-gather-protocols-file -Xfrontend /Users/admin/builder/spi-builder-workspace/.derivedData/Build/Intermediates.noindex/XibLoc.build/Debug-watchos/XibLoc.build/Objects-normal/arm64/XibLoc_const_extract_protocols.json -Xcc -iquote -Xcc /Users/admin/builder/spi-builder-workspace/.derivedData/Build/Intermediates.noindex/XibLoc.build/Debug-watchos/XibLoc.build/XibLoc-generated-files.hmap -Xcc -I/Users/admin/builder/spi-builder-workspace/.derivedData/Build/Intermediates.noindex/XibLoc.build/Debug-watchos/XibLoc.build/XibLoc-own-target-headers.hmap -Xcc -I/Users/admin/builder/spi-builder-workspace/.derivedData/Build/Intermediates.noindex/XibLoc.build/Debug-watchos/XibLoc.build/XibLoc-all-non-framework-target-headers.hmap -Xcc -ivfsoverlay -Xcc /Users/admin/builder/spi-builder-workspace/.derivedData/Build/Intermediates.noindex/XibLoc.build/Debug-watchos/XibLoc-b3a8d74ea0190dd92e3c5cc361f49865-VFS-watchos/all-product-headers.yaml -Xcc -iquote -Xcc /Users/admin/builder/spi-builder-workspace/.derivedData/Build/Intermediates.noindex/XibLoc.build/Debug-watchos/XibLoc.build/XibLoc-project-headers.hmap -Xcc -I/Users/admin/builder/spi-builder-workspace/.derivedData/Build/Products/Debug-watchos/include -Xcc -I/Users/admin/builder/spi-builder-workspace/.derivedData/Build/Intermediates.noindex/XibLoc.build/Debug-watchos/XibLoc.build/DerivedSources-normal/arm64 -Xcc -I/Users/admin/builder/spi-builder-workspace/.derivedData/Build/Intermediates.noindex/XibLoc.build/Debug-watchos/XibLoc.build/DerivedSources/arm64 -Xcc -I/Users/admin/builder/spi-builder-workspace/.derivedData/Build/Intermediates.noindex/XibLoc.build/Debug-watchos/XibLoc.build/DerivedSources -Xcc -DDEBUG\=1 -emit-objc-header -emit-objc-header-path /Users/admin/builder/spi-builder-workspace/.derivedData/Build/Intermediates.noindex/XibLoc.build/Debug-watchos/XibLoc.build/Objects-normal/arm64/XibLoc-Swift.h -working-directory /Users/admin/builder/spi-builder-workspace -experimental-emit-module-separately -disable-cmo
error: Build input files cannot be found: '/Users/admin/builder/spi-builder-workspace/Sources/XibLoc/Utilities/AttributesChanger/AttributesChanger.swift', '/Users/admin/builder/spi-builder-workspace/Sources/XibLoc/Utilities/AttributesChanger/AttributesChange_UnderlineStyle.swift'. Did you forget to declare these files as outputs of any script phases or custom build rules which produce them? (in target 'XibLoc' from project 'XibLoc')
SwiftDriver\ Compilation\ Requirements XibLoc normal arm64_32 com.apple.xcode.tools.swift.compiler (in target 'XibLoc' from project 'XibLoc')
    cd /Users/admin/builder/spi-builder-workspace
    builtin-Swift-Compilation-Requirements -- /Applications/Xcode-26.3.0.app/Contents/Developer/Toolchains/XcodeDefault.xctoolchain/usr/bin/swiftc -module-name XibLoc -Onone -enforce-exclusivity\=checked @/Users/admin/builder/spi-builder-workspace/.derivedData/Build/Intermediates.noindex/XibLoc.build/Debug-watchos/XibLoc.build/Objects-normal/arm64_32/XibLoc.SwiftFileList -DDEBUG -enable-experimental-feature DebugDescriptionMacro -sdk /Applications/Xcode-26.3.0.app/Contents/Developer/Platforms/WatchOS.platform/Developer/SDKs/WatchOS26.2.sdk -target arm64_32-apple-watchos6.0 -g -module-cache-path /Users/admin/builder/spi-builder-workspace/.derivedData/ModuleCache.noindex -Xfrontend -serialize-debugging-options -profile-coverage-mapping -profile-generate -enable-testing -index-store-path /Users/admin/builder/spi-builder-workspace/.derivedData/Index.noindex/DataStore -Xcc -D_LIBCPP_HARDENING_MODE\=_LIBCPP_HARDENING_MODE_DEBUG -swift-version 6 -I /Users/admin/builder/spi-builder-workspace/.derivedData/Build/Products/Debug-watchos -F /Users/admin/builder/spi-builder-workspace/.derivedData/Build/Products/Debug-watchos/PackageFrameworks -F /Users/admin/builder/spi-builder-workspace/.derivedData/Build/Products/Debug-watchos/PackageFrameworks -F /Users/admin/builder/spi-builder-workspace/.derivedData/Build/Products/Debug-watchos/PackageFrameworks -F /Users/admin/builder/spi-builder-workspace/.derivedData/Build/Products/Debug-watchos -Xfrontend -load-plugin-executable -Xfrontend /Users/admin/builder/spi-builder-workspace/.derivedData/Build/Products/Debug/GlobalConfMacros\#GlobalConfMacros -c -j10 -enable-batch-mode -incremental -Xcc -ivfsstatcache -Xcc /Users/admin/builder/spi-builder-workspace/.derivedData/SDKStatCaches.noindex/watchos26.2-23S303-dc75598d0054f22ec865fa860f139d721753b489057de6bda919edfa1c59a62b.sdkstatcache -output-file-map /Users/admin/builder/spi-builder-workspace/.derivedData/Build/Intermediates.noindex/XibLoc.build/Debug-watchos/XibLoc.build/Objects-normal/arm64_32/XibLoc-OutputFileMap.json -use-frontend-parseable-output -save-temps -no-color-diagnostics -explicit-module-build -module-cache-path /Users/admin/builder/spi-builder-workspace/.derivedData/Build/Intermediates.noindex/SwiftExplicitPrecompiledModules -clang-scanner-module-cache-path /Users/admin/builder/spi-builder-workspace/.derivedData/ModuleCache.noindex -sdk-module-cache-path /Users/admin/builder/spi-builder-workspace/.derivedData/ModuleCache.noindex -serialize-diagnostics -emit-dependencies -emit-module -emit-module-path /Users/admin/builder/spi-builder-workspace/.derivedData/Build/Intermediates.noindex/XibLoc.build/Debug-watchos/XibLoc.build/Objects-normal/arm64_32/XibLoc.swiftmodule -validate-clang-modules-once -clang-build-session-file /Users/admin/builder/spi-builder-workspace/.derivedData/ModuleCache.noindex/Session.modulevalidation -Xcc -I/Users/admin/builder/spi-builder-workspace/.derivedData/Build/Intermediates.noindex/XibLoc.build/Debug-watchos/XibLoc.build/swift-overrides.hmap -emit-const-values -Xfrontend -const-gather-protocols-file -Xfrontend /Users/admin/builder/spi-builder-workspace/.derivedData/Build/Intermediates.noindex/XibLoc.build/Debug-watchos/XibLoc.build/Objects-normal/arm64_32/XibLoc_const_extract_protocols.json -Xcc -iquote -Xcc /Users/admin/builder/spi-builder-workspace/.derivedData/Build/Intermediates.noindex/XibLoc.build/Debug-watchos/XibLoc.build/XibLoc-generated-files.hmap -Xcc -I/Users/admin/builder/spi-builder-workspace/.derivedData/Build/Intermediates.noindex/XibLoc.build/Debug-watchos/XibLoc.build/XibLoc-own-target-headers.hmap -Xcc -I/Users/admin/builder/spi-builder-workspace/.derivedData/Build/Intermediates.noindex/XibLoc.build/Debug-watchos/XibLoc.build/XibLoc-all-non-framework-target-headers.hmap -Xcc -ivfsoverlay -Xcc /Users/admin/builder/spi-builder-workspace/.derivedData/Build/Intermediates.noindex/XibLoc.build/Debug-watchos/XibLoc-b3a8d74ea0190dd92e3c5cc361f49865-VFS-watchos/all-product-headers.yaml -Xcc -iquote -Xcc /Users/admin/builder/spi-builder-workspace/.derivedData/Build/Intermediates.noindex/XibLoc.build/Debug-watchos/XibLoc.build/XibLoc-project-headers.hmap -Xcc -I/Users/admin/builder/spi-builder-workspace/.derivedData/Build/Products/Debug-watchos/include -Xcc -I/Users/admin/builder/spi-builder-workspace/.derivedData/Build/Intermediates.noindex/XibLoc.build/Debug-watchos/XibLoc.build/DerivedSources-normal/arm64_32 -Xcc -I/Users/admin/builder/spi-builder-workspace/.derivedData/Build/Intermediates.noindex/XibLoc.build/Debug-watchos/XibLoc.build/DerivedSources/arm64_32 -Xcc -I/Users/admin/builder/spi-builder-workspace/.derivedData/Build/Intermediates.noindex/XibLoc.build/Debug-watchos/XibLoc.build/DerivedSources -Xcc -DDEBUG\=1 -emit-objc-header -emit-objc-header-path /Users/admin/builder/spi-builder-workspace/.derivedData/Build/Intermediates.noindex/XibLoc.build/Debug-watchos/XibLoc.build/Objects-normal/arm64_32/XibLoc-Swift.h -working-directory /Users/admin/builder/spi-builder-workspace -experimental-emit-module-separately -disable-cmo
error: Build input files cannot be found: '/Users/admin/builder/spi-builder-workspace/Sources/XibLoc/Utilities/AttributesChanger/AttributesChanger.swift', '/Users/admin/builder/spi-builder-workspace/Sources/XibLoc/Utilities/AttributesChanger/AttributesChange_UnderlineStyle.swift'. Did you forget to declare these files as outputs of any script phases or custom build rules which produce them? (in target 'XibLoc' from project 'XibLoc')
SwiftDriver\ Compilation\ Requirements XibLoc normal arm64 com.apple.xcode.tools.swift.compiler (in target 'XibLoc' from project 'XibLoc')
    cd /Users/admin/builder/spi-builder-workspace
    builtin-Swift-Compilation-Requirements -- /Applications/Xcode-26.3.0.app/Contents/Developer/Toolchains/XcodeDefault.xctoolchain/usr/bin/swiftc -module-name XibLoc -Onone -enforce-exclusivity\=checked @/Users/admin/builder/spi-builder-workspace/.derivedData/Build/Intermediates.noindex/XibLoc.build/Debug-watchos/XibLoc.build/Objects-normal/arm64/XibLoc.SwiftFileList -DDEBUG -enable-experimental-feature DebugDescriptionMacro -sdk /Applications/Xcode-26.3.0.app/Contents/Developer/Platforms/WatchOS.platform/Developer/SDKs/WatchOS26.2.sdk -target arm64-apple-watchos6.0 -g -module-cache-path /Users/admin/builder/spi-builder-workspace/.derivedData/ModuleCache.noindex -Xfrontend -serialize-debugging-options -profile-coverage-mapping -profile-generate -enable-testing -index-store-path /Users/admin/builder/spi-builder-workspace/.derivedData/Index.noindex/DataStore -Xcc -D_LIBCPP_HARDENING_MODE\=_LIBCPP_HARDENING_MODE_DEBUG -swift-version 6 -I /Users/admin/builder/spi-builder-workspace/.derivedData/Build/Products/Debug-watchos -F /Users/admin/builder/spi-builder-workspace/.derivedData/Build/Products/Debug-watchos/PackageFrameworks -F /Users/admin/builder/spi-builder-workspace/.derivedData/Build/Products/Debug-watchos/PackageFrameworks -F /Users/admin/builder/spi-builder-workspace/.derivedData/Build/Products/Debug-watchos/PackageFrameworks -F /Users/admin/builder/spi-builder-workspace/.derivedData/Build/Products/Debug-watchos -Xfrontend -load-plugin-executable -Xfrontend /Users/admin/builder/spi-builder-workspace/.derivedData/Build/Products/Debug/GlobalConfMacros\#GlobalConfMacros -c -j10 -enable-batch-mode -incremental -Xcc -ivfsstatcache -Xcc /Users/admin/builder/spi-builder-workspace/.derivedData/SDKStatCaches.noindex/watchos26.2-23S303-dc75598d0054f22ec865fa860f139d721753b489057de6bda919edfa1c59a62b.sdkstatcache -output-file-map /Users/admin/builder/spi-builder-workspace/.derivedData/Build/Intermediates.noindex/XibLoc.build/Debug-watchos/XibLoc.build/Objects-normal/arm64/XibLoc-OutputFileMap.json -use-frontend-parseable-output -save-temps -no-color-diagnostics -explicit-module-build -module-cache-path /Users/admin/builder/spi-builder-workspace/.derivedData/Build/Intermediates.noindex/SwiftExplicitPrecompiledModules -clang-scanner-module-cache-path /Users/admin/builder/spi-builder-workspace/.derivedData/ModuleCache.noindex -sdk-module-cache-path /Users/admin/builder/spi-builder-workspace/.derivedData/ModuleCache.noindex -serialize-diagnostics -emit-dependencies -emit-module -emit-module-path /Users/admin/builder/spi-builder-workspace/.derivedData/Build/Intermediates.noindex/XibLoc.build/Debug-watchos/XibLoc.build/Objects-normal/arm64/XibLoc.swiftmodule -validate-clang-modules-once -clang-build-session-file /Users/admin/builder/spi-builder-workspace/.derivedData/ModuleCache.noindex/Session.modulevalidation -Xcc -I/Users/admin/builder/spi-builder-workspace/.derivedData/Build/Intermediates.noindex/XibLoc.build/Debug-watchos/XibLoc.build/swift-overrides.hmap -emit-const-values -Xfrontend -const-gather-protocols-file -Xfrontend /Users/admin/builder/spi-builder-workspace/.derivedData/Build/Intermediates.noindex/XibLoc.build/Debug-watchos/XibLoc.build/Objects-normal/arm64/XibLoc_const_extract_protocols.json -Xcc -iquote -Xcc /Users/admin/builder/spi-builder-workspace/.derivedData/Build/Intermediates.noindex/XibLoc.build/Debug-watchos/XibLoc.build/XibLoc-generated-files.hmap -Xcc -I/Users/admin/builder/spi-builder-workspace/.derivedData/Build/Intermediates.noindex/XibLoc.build/Debug-watchos/XibLoc.build/XibLoc-own-target-headers.hmap -Xcc -I/Users/admin/builder/spi-builder-workspace/.derivedData/Build/Intermediates.noindex/XibLoc.build/Debug-watchos/XibLoc.build/XibLoc-all-non-framework-target-headers.hmap -Xcc -ivfsoverlay -Xcc /Users/admin/builder/spi-builder-workspace/.derivedData/Build/Intermediates.noindex/XibLoc.build/Debug-watchos/XibLoc-b3a8d74ea0190dd92e3c5cc361f49865-VFS-watchos/all-product-headers.yaml -Xcc -iquote -Xcc /Users/admin/builder/spi-builder-workspace/.derivedData/Build/Intermediates.noindex/XibLoc.build/Debug-watchos/XibLoc.build/XibLoc-project-headers.hmap -Xcc -I/Users/admin/builder/spi-builder-workspace/.derivedData/Build/Products/Debug-watchos/include -Xcc -I/Users/admin/builder/spi-builder-workspace/.derivedData/Build/Intermediates.noindex/XibLoc.build/Debug-watchos/XibLoc.build/DerivedSources-normal/arm64 -Xcc -I/Users/admin/builder/spi-builder-workspace/.derivedData/Build/Intermediates.noindex/XibLoc.build/Debug-watchos/XibLoc.build/DerivedSources/arm64 -Xcc -I/Users/admin/builder/spi-builder-workspace/.derivedData/Build/Intermediates.noindex/XibLoc.build/Debug-watchos/XibLoc.build/DerivedSources -Xcc -DDEBUG\=1 -emit-objc-header -emit-objc-header-path /Users/admin/builder/spi-builder-workspace/.derivedData/Build/Intermediates.noindex/XibLoc.build/Debug-watchos/XibLoc.build/Objects-normal/arm64/XibLoc-Swift.h -working-directory /Users/admin/builder/spi-builder-workspace -experimental-emit-module-separately -disable-cmo
error: Build input files cannot be found: '/Users/admin/builder/spi-builder-workspace/Sources/XibLoc/Utilities/AttributesChanger/AttributesChanger.swift', '/Users/admin/builder/spi-builder-workspace/Sources/XibLoc/Utilities/AttributesChanger/AttributesChange_UnderlineStyle.swift'. Did you forget to declare these files as outputs of any script phases or custom build rules which produce them? (in target 'XibLoc' from project 'XibLoc')
SwiftDriver GlobalConfModule normal arm64_32 com.apple.xcode.tools.swift.compiler (in target 'GlobalConfModule' from project 'GlobalConfModule')
    cd /Users/admin/builder/spi-builder-workspace/XibLoc.xcodeproj
    builtin-SwiftDriver -- /Applications/Xcode-26.3.0.app/Contents/Developer/Toolchains/XcodeDefault.xctoolchain/usr/bin/swiftc -module-name GlobalConfModule -Onone -enforce-exclusivity\=checked @/Users/admin/builder/spi-builder-workspace/.derivedData/Build/Intermediates.noindex/GlobalConfModule.build/Debug-watchos/GlobalConfModule.build/Objects-normal/arm64_32/GlobalConfModule.SwiftFileList -DSWIFT_PACKAGE -DDEBUG -DSWIFT_MODULE_RESOURCE_BUNDLE_UNAVAILABLE -DXcode -plugin-path /Applications/Xcode-26.3.0.app/Contents/Developer/Toolchains/XcodeDefault.xctoolchain/usr/lib/swift/host/plugins/testing -enable-experimental-feature DebugDescriptionMacro -sdk /Applications/Xcode-26.3.0.app/Contents/Developer/Platforms/WatchOS.platform/Developer/SDKs/WatchOS26.2.sdk -target arm64_32-apple-watchos6.0 -g -module-cache-path /Users/admin/builder/spi-builder-workspace/.derivedData/ModuleCache.noindex -Xfrontend -serialize-debugging-options -profile-coverage-mapping -profile-generate -enable-testing -suppress-warnings -index-store-path /Users/admin/builder/spi-builder-workspace/.derivedData/Index.noindex/DataStore -Xcc -D_LIBCPP_HARDENING_MODE\=_LIBCPP_HARDENING_MODE_DEBUG -swift-version 6 -I /Users/admin/builder/spi-builder-workspace/.derivedData/Build/Products/Debug-watchos -Isystem /Applications/Xcode-26.3.0.app/Contents/Developer/Platforms/WatchOS.platform/Developer/usr/lib -F /Users/admin/builder/spi-builder-workspace/.derivedData/Build/Products/Debug-watchos/PackageFrameworks -F /Users/admin/builder/spi-builder-workspace/.derivedData/Build/Products/Debug-watchos -F /Applications/Xcode-26.3.0.app/Contents/Developer/Platforms/WatchOS.platform/Developer/Library/Frameworks -F /Applications/Xcode-26.3.0.app/Contents/Developer/Platforms/WatchOS.platform/Developer/SDKs/WatchOS26.2.sdk/Developer/Library/Frameworks -Xfrontend -load-plugin-executable -Xfrontend /Users/admin/builder/spi-builder-workspace/.derivedData/Build/Products/Debug/GlobalConfMacros\#GlobalConfMacros -c -j10 -enable-batch-mode -incremental -Xcc -ivfsstatcache -Xcc /Users/admin/builder/spi-builder-workspace/.derivedData/SDKStatCaches.noindex/watchos26.2-23S303-dc75598d0054f22ec865fa860f139d721753b489057de6bda919edfa1c59a62b.sdkstatcache -output-file-map /Users/admin/builder/spi-builder-workspace/.derivedData/Build/Intermediates.noindex/GlobalConfModule.build/Debug-watchos/GlobalConfModule.build/Objects-normal/arm64_32/GlobalConfModule-OutputFileMap.json -use-frontend-parseable-output -save-temps -no-color-diagnostics -explicit-module-build -module-cache-path /Users/admin/builder/spi-builder-workspace/.derivedData/Build/Intermediates.noindex/SwiftExplicitPrecompiledModules -clang-scanner-module-cache-path /Users/admin/builder/spi-builder-workspace/.derivedData/ModuleCache.noindex -sdk-module-cache-path /Users/admin/builder/spi-builder-workspace/.derivedData/ModuleCache.noindex -serialize-diagnostics -emit-dependencies -emit-module -emit-module-path /Users/admin/builder/spi-builder-workspace/.derivedData/Build/Intermediates.noindex/GlobalConfModule.build/Debug-watchos/GlobalConfModule.build/Objects-normal/arm64_32/GlobalConfModule.swiftmodule -user-module-version 0.4.5 -validate-clang-modules-once -clang-build-session-file /Users/admin/builder/spi-builder-workspace/.derivedData/ModuleCache.noindex/Session.modulevalidation -package-name globalconfmodule -Xcc -I/Users/admin/builder/spi-builder-workspace/.derivedData/Build/Intermediates.noindex/GlobalConfModule.build/Debug-watchos/GlobalConfModule.build/swift-overrides.hmap -emit-const-values -Xfrontend -const-gather-protocols-file -Xfrontend /Users/admin/builder/spi-builder-workspace/.derivedData/Build/Intermediates.noindex/GlobalConfModule.build/Debug-watchos/GlobalConfModule.build/Objects-normal/arm64_32/GlobalConfModule_const_extract_protocols.json -Xcc -I/Users/admin/builder/spi-builder-workspace/.derivedData/Build/Products/Debug-watchos/include -Xcc -I/Users/admin/builder/spi-builder-workspace/.derivedData/Build/Intermediates.noindex/GlobalConfModule.build/Debug-watchos/GlobalConfModule.build/DerivedSources-normal/arm64_32 -Xcc -I/Users/admin/builder/spi-builder-workspace/.derivedData/Build/Intermediates.noindex/GlobalConfModule.build/Debug-watchos/GlobalConfModule.build/DerivedSources/arm64_32 -Xcc -I/Users/admin/builder/spi-builder-workspace/.derivedData/Build/Intermediates.noindex/GlobalConfModule.build/Debug-watchos/GlobalConfModule.build/DerivedSources -Xcc -DSWIFT_PACKAGE -Xcc -DDEBUG\=1 -emit-objc-header -emit-objc-header-path /Users/admin/builder/spi-builder-workspace/.derivedData/Build/Intermediates.noindex/GlobalConfModule.build/Debug-watchos/GlobalConfModule.build/Objects-normal/arm64_32/GlobalConfModule-Swift.h -working-directory /Users/admin/builder/spi-builder-workspace/XibLoc.xcodeproj -experimental-emit-module-separately -disable-cmo
** BUILD FAILED **
The following build commands failed:
	SwiftDriver\ Compilation\ Requirements XibLoc normal armv7k com.apple.xcode.tools.swift.compiler (in target 'XibLoc' from project 'XibLoc')
	SwiftDriver\ Compilation XibLoc normal armv7k com.apple.xcode.tools.swift.compiler (in target 'XibLoc' from project 'XibLoc')
	SwiftDriver\ Compilation XibLoc normal arm64_32 com.apple.xcode.tools.swift.compiler (in target 'XibLoc' from project 'XibLoc')
	SwiftDriver\ Compilation XibLoc normal arm64 com.apple.xcode.tools.swift.compiler (in target 'XibLoc' from project 'XibLoc')
	SwiftDriver\ Compilation\ Requirements XibLoc normal arm64_32 com.apple.xcode.tools.swift.compiler (in target 'XibLoc' from project 'XibLoc')
	SwiftDriver\ Compilation\ Requirements XibLoc normal arm64 com.apple.xcode.tools.swift.compiler (in target 'XibLoc' from project 'XibLoc')
	Building project XibLoc with scheme XibLoc
(7 failures)
BUILD FAILURE 6.2 watchOS