The Swift Package Index logo.Swift Package Index

Build Information

Failed to build SKTiled, reference master (c0a153), with Swift 6.4 for iOS using Xcode 27.0 on 23 Sep 2026 06:10:40 UTC.

Build Command

env DEVELOPER_DIR=/Applications/Xcode-27.0.0-Release.Candidate.app xcrun xcodebuild -IDEClonedSourcePackagesDirPathOverride=$PWD/.dependencies -skipMacroValidation -skipPackagePluginValidation -derivedDataPath $PWD/.derivedData build -scheme SKTiled -destination generic/platform=iOS

Build Log

========================================
RunAll
========================================
Builder version: 5.1.0
Interrupt handler set up.
========================================
Checkout
========================================
Clone URL: https://github.com/mfessenden/SKTiled.git
Reference: master
Initialized empty Git repository in /Users/admin/builder/spi-builder-workspace/.git/
From https://github.com/mfessenden/SKTiled
 * branch            master     -> FETCH_HEAD
 * [new branch]      master     -> origin/master
HEAD is now at c0a1539 Merge pull request #45 from johncederholm/jmc/hasProperties_fix
Cloned https://github.com/mfessenden/SKTiled.git
Revision (git rev-parse @):
c0a15392bbfa8e5c307caa68e46ae5cd66720aa6
SUCCESS checkout https://github.com/mfessenden/SKTiled.git at master
========================================
Build
========================================
Selected platform:         iOS
Swift version:             6.4
Building package at path:  $PWD
https://github.com/mfessenden/SKTiled.git
Command line invocation:
    /Applications/Xcode-27.0.0-Release.Candidate.app/Contents/Developer/usr/bin/xcodebuild -IDEClonedSourcePackagesDirPathOverride=/Users/admin/builder/spi-builder-workspace/.dependencies -resolvePackageDependencies
resolved source packages:
{
  "dependencies" : [
  ],
  "manifest_display_name" : "SKTiled",
  "name" : "SKTiled",
  "path" : "/Users/admin/builder/spi-builder-workspace",
  "platforms" : [
    {
      "name" : "ios",
      "version" : "12.0"
    },
    {
      "name" : "macos",
      "version" : "10.12"
    },
    {
      "name" : "tvos",
      "version" : "12.0"
    }
  ],
  "products" : [
    {
      "name" : "SKTiled",
      "targets" : [
        "SKTiled"
      ],
      "type" : {
        "library" : [
          "automatic"
        ]
      }
    }
  ],
  "targets" : [
    {
      "c99name" : "SKTiledTests",
      "module_type" : "SwiftTarget",
      "name" : "SKTiledTests",
      "path" : "Tests",
      "resources" : [
        {
          "path" : "/Users/admin/builder/spi-builder-workspace/Tests/Assets/characters-8x8.png",
          "rule" : {
            "copy" : {
            }
          }
        },
        {
          "path" : "/Users/admin/builder/spi-builder-workspace/Tests/Assets/characters-8x8.tsx",
          "rule" : {
            "copy" : {
            }
          }
        },
        {
          "path" : "/Users/admin/builder/spi-builder-workspace/Tests/Assets/environment-8x8.png",
          "rule" : {
            "copy" : {
            }
          }
        },
        {
          "path" : "/Users/admin/builder/spi-builder-workspace/Tests/Assets/environment-8x8.tsx",
          "rule" : {
            "copy" : {
            }
          }
        },
        {
          "path" : "/Users/admin/builder/spi-builder-workspace/Tests/Assets/items-8x8.png",
          "rule" : {
            "copy" : {
            }
          }
        },
        {
          "path" : "/Users/admin/builder/spi-builder-workspace/Tests/Assets/items-8x8.tsx",
          "rule" : {
            "copy" : {
            }
          }
        },
        {
          "path" : "/Users/admin/builder/spi-builder-workspace/Tests/Assets/items-alt-8x8.png",
          "rule" : {
            "copy" : {
            }
          }
        },
        {
          "path" : "/Users/admin/builder/spi-builder-workspace/Tests/Assets/monsters-16x16.png",
          "rule" : {
            "copy" : {
            }
          }
        },
        {
          "path" : "/Users/admin/builder/spi-builder-workspace/Tests/Assets/monsters-16x16.tsx",
          "rule" : {
            "copy" : {
            }
          }
        },
        {
          "path" : "/Users/admin/builder/spi-builder-workspace/Tests/Assets/portraits-8x8.png",
          "rule" : {
            "copy" : {
            }
          }
        },
        {
          "path" : "/Users/admin/builder/spi-builder-workspace/Tests/Assets/portraits-8x8.tsx",
          "rule" : {
            "copy" : {
            }
          }
        },
        {
          "path" : "/Users/admin/builder/spi-builder-workspace/Tests/Assets/test-tilemap.tmx",
          "rule" : {
            "copy" : {
            }
          }
        }
      ],
      "sources" : [
        "ColorTests.swift",
        "CompressionTests.swift",
        "CoordinateTests.swift",
        "ParserTests.swift",
        "PerformanceTests.swift",
        "PropertiesTests.swift",
        "QueryTests.swift",
        "TemplateTests.swift",
        "TestMapDelegate.swift",
        "TestTilesetDelegate.swift",
        "Tests+Extensions.swift",
        "TilemapTests.swift",
        "TilesetTests.swift"
      ],
      "target_dependencies" : [
        "SKTiled"
      ],
      "type" : "test"
    },
    {
      "c99name" : "SKTiled",
      "module_type" : "SwiftTarget",
      "name" : "SKTiled",
      "path" : "Sources",
      "product_memberships" : [
        "SKTiled"
      ],
      "sources" : [
        "AnchorNode.swift",
        "Array2D.swift",
        "Logging.swift",
        "SKGroupLayer.swift",
        "SKImageLayer.swift",
        "SKObjectGroup.swift",
        "SKTile.swift",
        "SKTileLayer.swift",
        "SKTileObject.swift",
        "SKTiled+Debug.swift",
        "SKTiled+Extensions.swift",
        "SKTiled+GameplayKit.swift",
        "SKTiled+Properties.swift",
        "SKTiledLayerObject.swift",
        "SKTiledObject.swift",
        "SKTiledScene.swift",
        "SKTiledSceneCamera.swift",
        "SKTilemap.swift",
        "SKTilemapParser.swift",
        "SKTileset.swift",
        "SKTilesetData.swift",
        "ThreadSafeArray.swift",
        "TileAnimationFrame.swift",
        "TileCollisionShape.swift",
        "TileDataStorage.swift",
        "TileObjectOverlay.swift",
        "TileObjectProxy.swift",
        "TiledBackgroundLayer.swift",
        "TiledDebugDrawNode.swift",
        "TiledGlobals.swift",
        "TiledSceneCameraDelegate.swift",
        "TiledSceneDelegate.swift",
        "TilemapDelegate.swift",
        "TilesetDataSource.swift"
      ],
      "type" : "library"
    }
  ],
  "tools_version" : "5.3"
}
{
  "project" : {
    "configurations" : [
      "Debug",
      "Release"
    ],
    "name" : "SKTiled",
    "schemes" : [
      "Build Documentation",
      "Build XCFramework",
      "Demo-iOS",
      "Demo-macOS",
      "Demo-tvOS",
      "SKTiled-iOS",
      "SKTiled-macOS",
      "SKTiled-tvOS"
    ],
    "targets" : [
      "Demo-macOS",
      "Demo-iOS",
      "Demo-tvOS",
      "SKTiled-macOS",
      "SKTiled-iOS",
      "SKTiled-tvOS",
      "Tests (macOS)",
      "Tests (iOS)",
      "Tests (tvOS)",
      "Build Documentation",
      "Build XCFramework"
    ]
  }
}
{
  "workspace" : {
    "name" : "SKTiled",
    "schemes" : [
      "SKTiled"
    ]
  }
}
2026-09-23 02:10:27.719 xcodebuild[701:4414] [MT] IDERunDestination: Supported platforms for the buildables in the current scheme is empty.
Running build ...
env DEVELOPER_DIR=/Applications/Xcode-27.0.0-Release.Candidate.app xcrun xcodebuild -IDEClonedSourcePackagesDirPathOverride=$PWD/.dependencies -skipMacroValidation -skipPackagePluginValidation -derivedDataPath $PWD/.derivedData build -scheme SKTiled -destination generic/platform=iOS
Command line invocation:
    /Applications/Xcode-27.0.0-Release.Candidate.app/Contents/Developer/usr/bin/xcodebuild -IDEClonedSourcePackagesDirPathOverride=/Users/admin/builder/spi-builder-workspace/.dependencies -skipMacroValidation -skipPackagePluginValidation -derivedDataPath /Users/admin/builder/spi-builder-workspace/.derivedData build -scheme SKTiled -destination generic/platform=iOS
Resolve Package Graph
Resolved source packages:
  SKTiled: /Users/admin/builder/spi-builder-workspace
ComputePackagePrebuildTargetDependencyGraph
Prepare packages
CreateBuildRequest
SendProjectDescription
CreateBuildOperation
ComputeTargetDependencyGraph
note: Building targets in dependency order
note: Target dependency graph (2 targets)
    Target 'SKTiled-product' in project 'SKTiled'
        ➜ Explicit dependency on target 'SKTiled' in project 'SKTiled'
    Target 'SKTiled' in project 'SKTiled' (no dependencies)
GatherProvisioningInputs
CreateBuildDescription
ExecuteExternalTool /Applications/Xcode-27.0.0-Release.Candidate.app/Contents/Developer/Toolchains/XcodeDefault.xctoolchain/usr/bin/clang -v -E -dM -isysroot /Applications/Xcode-27.0.0-Release.Candidate.app/Contents/Developer/Platforms/iPhoneOS.platform/Developer/SDKs/iPhoneOS27.0.sdk -x c -c /dev/null
ExecuteExternalTool /Applications/Xcode-27.0.0-Release.Candidate.app/Contents/Developer/Toolchains/XcodeDefault.xctoolchain/usr/bin/swiftc --version
ExecuteExternalTool /Applications/Xcode-27.0.0-Release.Candidate.app/Contents/Developer/Toolchains/XcodeDefault.xctoolchain/usr/bin/ld -version_details
Build description signature: 91c7926ce0e28edfa418e252dbe07b6e
Build description path: /Users/admin/builder/spi-builder-workspace/.derivedData/Build/Intermediates.noindex/XCBuildData/91c7926ce0e28edfa418e252dbe07b6e.xcbuilddata
CreateBuildDirectory /Users/admin/builder/spi-builder-workspace/.derivedData/ModuleCache.noindex
    cd /Users/admin/builder/spi-builder-workspace/.swiftpm/xcode
    builtin-create-build-directory /Users/admin/builder/spi-builder-workspace/.derivedData/ModuleCache.noindex
CreateBuildDirectory /Users/admin/builder/spi-builder-workspace/.derivedData/SDKExplicitPrecompiledModules
    cd /Users/admin/builder/spi-builder-workspace/.swiftpm/xcode
    builtin-create-build-directory /Users/admin/builder/spi-builder-workspace/.derivedData/SDKExplicitPrecompiledModules
CreateBuildDirectory /Users/admin/builder/spi-builder-workspace/.derivedData/CompilationCache.noindex
    cd /Users/admin/builder/spi-builder-workspace/.swiftpm/xcode
    builtin-create-build-directory /Users/admin/builder/spi-builder-workspace/.derivedData/CompilationCache.noindex
ClangStatCache /Applications/Xcode-27.0.0-Release.Candidate.app/Contents/Developer/Toolchains/XcodeDefault.xctoolchain/usr/bin/clang-stat-cache /Applications/Xcode-27.0.0-Release.Candidate.app/Contents/Developer/Platforms/iPhoneOS.platform/Developer/SDKs/iPhoneOS27.0.sdk /Users/admin/builder/spi-builder-workspace/.derivedData/SDKStatCaches.noindex/iphoneos27.0-24A430-e829b21a6f8c9b70876ba0858053c04440ceaa042ed91876912b2eeea4e3aa14.sdkstatcache
    cd /Users/admin/builder/spi-builder-workspace/.swiftpm/xcode
    /Applications/Xcode-27.0.0-Release.Candidate.app/Contents/Developer/Toolchains/XcodeDefault.xctoolchain/usr/bin/clang-stat-cache /Applications/Xcode-27.0.0-Release.Candidate.app/Contents/Developer/Platforms/iPhoneOS.platform/Developer/SDKs/iPhoneOS27.0.sdk -o /Users/admin/builder/spi-builder-workspace/.derivedData/SDKStatCaches.noindex/iphoneos27.0-24A430-e829b21a6f8c9b70876ba0858053c04440ceaa042ed91876912b2eeea4e3aa14.sdkstatcache
CreateBuildDirectory /Users/admin/builder/spi-builder-workspace/.derivedData/Build/Intermediates.noindex
    cd /Users/admin/builder/spi-builder-workspace/.swiftpm/xcode
    builtin-create-build-directory /Users/admin/builder/spi-builder-workspace/.derivedData/Build/Intermediates.noindex
CreateBuildDirectory /Users/admin/builder/spi-builder-workspace/.derivedData/Build/Products
    cd /Users/admin/builder/spi-builder-workspace/.swiftpm/xcode
    builtin-create-build-directory /Users/admin/builder/spi-builder-workspace/.derivedData/Build/Products
CreateBuildDirectory /Users/admin/builder/spi-builder-workspace/.derivedData/Build/Intermediates.noindex/PrecompiledHeaders
    cd /Users/admin/builder/spi-builder-workspace/.swiftpm/xcode
    builtin-create-build-directory /Users/admin/builder/spi-builder-workspace/.derivedData/Build/Intermediates.noindex/PrecompiledHeaders
CreateBuildDirectory /Users/admin/builder/spi-builder-workspace/.derivedData/Build/Intermediates.noindex/SwiftExplicitPrecompiledModules
    cd /Users/admin/builder/spi-builder-workspace/.swiftpm/xcode
    builtin-create-build-directory /Users/admin/builder/spi-builder-workspace/.derivedData/Build/Intermediates.noindex/SwiftExplicitPrecompiledModules
CreateBuildDirectory /Users/admin/builder/spi-builder-workspace/.derivedData/Build/Intermediates.noindex/ExplicitPrecompiledModules
    cd /Users/admin/builder/spi-builder-workspace/.swiftpm/xcode
    builtin-create-build-directory /Users/admin/builder/spi-builder-workspace/.derivedData/Build/Intermediates.noindex/ExplicitPrecompiledModules
CreateBuildDirectory /Users/admin/builder/spi-builder-workspace/.derivedData/Build/Intermediates.noindex/EagerLinkingTBDs/Debug-iphoneos
    cd /Users/admin/builder/spi-builder-workspace/.swiftpm/xcode
    builtin-create-build-directory /Users/admin/builder/spi-builder-workspace/.derivedData/Build/Intermediates.noindex/EagerLinkingTBDs/Debug-iphoneos
CreateBuildDirectory /Users/admin/builder/spi-builder-workspace/.derivedData/Build/Products/Debug-iphoneos
    cd /Users/admin/builder/spi-builder-workspace/.swiftpm/xcode
    builtin-create-build-directory /Users/admin/builder/spi-builder-workspace/.derivedData/Build/Products/Debug-iphoneos
CreateBuildDirectory /Users/admin/builder/spi-builder-workspace/.derivedData/Build/Products/Debug-iphoneos/PackageFrameworks
    cd /Users/admin/builder/spi-builder-workspace/.swiftpm/xcode
    builtin-create-build-directory /Users/admin/builder/spi-builder-workspace/.derivedData/Build/Products/Debug-iphoneos/PackageFrameworks
WriteAuxiliaryFile /Users/admin/builder/spi-builder-workspace/.derivedData/Build/Intermediates.noindex/SKTiled.build/Debug-iphoneos/SKTiled-t.build/SKTiled.modulemap (in target 'SKTiled' from project 'SKTiled')
    cd /Users/admin/builder/spi-builder-workspace
    write-file /Users/admin/builder/spi-builder-workspace/.derivedData/Build/Intermediates.noindex/SKTiled.build/Debug-iphoneos/SKTiled-t.build/SKTiled.modulemap
WriteAuxiliaryFile /Users/admin/builder/spi-builder-workspace/.derivedData/Build/Intermediates.noindex/SKTiled.build/Debug-iphoneos/SKTiled-t.build/SKTiled.DependencyMetadataFileList (in target 'SKTiled' from project 'SKTiled')
    cd /Users/admin/builder/spi-builder-workspace
    write-file /Users/admin/builder/spi-builder-workspace/.derivedData/Build/Intermediates.noindex/SKTiled.build/Debug-iphoneos/SKTiled-t.build/SKTiled.DependencyMetadataFileList
WriteAuxiliaryFile /Users/admin/builder/spi-builder-workspace/.derivedData/Build/Intermediates.noindex/SKTiled.build/Debug-iphoneos/SKTiled-t.build/SKTiled.DependencyStaticMetadataFileList (in target 'SKTiled' from project 'SKTiled')
    cd /Users/admin/builder/spi-builder-workspace
    write-file /Users/admin/builder/spi-builder-workspace/.derivedData/Build/Intermediates.noindex/SKTiled.build/Debug-iphoneos/SKTiled-t.build/SKTiled.DependencyStaticMetadataFileList
WriteAuxiliaryFile /Users/admin/builder/spi-builder-workspace/.derivedData/Build/Intermediates.noindex/SKTiled.build/Debug-iphoneos/SKTiled-t.build/Objects-normal/arm64/SKTiled.SwiftFileList (in target 'SKTiled' from project 'SKTiled')
    cd /Users/admin/builder/spi-builder-workspace
    write-file /Users/admin/builder/spi-builder-workspace/.derivedData/Build/Intermediates.noindex/SKTiled.build/Debug-iphoneos/SKTiled-t.build/Objects-normal/arm64/SKTiled.SwiftFileList
WriteAuxiliaryFile /Users/admin/builder/spi-builder-workspace/.derivedData/Build/Intermediates.noindex/SKTiled.build/Debug-iphoneos/SKTiled-t.build/Objects-normal/arm64/SKTiled.SwiftConstValuesFileList (in target 'SKTiled' from project 'SKTiled')
    cd /Users/admin/builder/spi-builder-workspace
    write-file /Users/admin/builder/spi-builder-workspace/.derivedData/Build/Intermediates.noindex/SKTiled.build/Debug-iphoneos/SKTiled-t.build/Objects-normal/arm64/SKTiled.SwiftConstValuesFileList
WriteAuxiliaryFile /Users/admin/builder/spi-builder-workspace/.derivedData/Build/Intermediates.noindex/SKTiled.build/Debug-iphoneos/SKTiled-t.build/Objects-normal/arm64/SKTiled_const_extract_protocols.json (in target 'SKTiled' from project 'SKTiled')
    cd /Users/admin/builder/spi-builder-workspace
    write-file /Users/admin/builder/spi-builder-workspace/.derivedData/Build/Intermediates.noindex/SKTiled.build/Debug-iphoneos/SKTiled-t.build/Objects-normal/arm64/SKTiled_const_extract_protocols.json
WriteAuxiliaryFile /Users/admin/builder/spi-builder-workspace/.derivedData/Build/Intermediates.noindex/SKTiled.build/Debug-iphoneos/SKTiled-t.build/Objects-normal/arm64/SKTiled-OutputFileMap.json (in target 'SKTiled' from project 'SKTiled')
    cd /Users/admin/builder/spi-builder-workspace
    write-file /Users/admin/builder/spi-builder-workspace/.derivedData/Build/Intermediates.noindex/SKTiled.build/Debug-iphoneos/SKTiled-t.build/Objects-normal/arm64/SKTiled-OutputFileMap.json
WriteAuxiliaryFile /Users/admin/builder/spi-builder-workspace/.derivedData/Build/Intermediates.noindex/SKTiled.build/Debug-iphoneos/SKTiled-t.build/Objects-normal/arm64/SKTiled.LinkFileList (in target 'SKTiled' from project 'SKTiled')
    cd /Users/admin/builder/spi-builder-workspace
    write-file /Users/admin/builder/spi-builder-workspace/.derivedData/Build/Intermediates.noindex/SKTiled.build/Debug-iphoneos/SKTiled-t.build/Objects-normal/arm64/SKTiled.LinkFileList
Copy /Users/admin/builder/spi-builder-workspace/.derivedData/Build/Intermediates.noindex/GeneratedModuleMaps-iphoneos/SKTiled.modulemap /Users/admin/builder/spi-builder-workspace/.derivedData/Build/Intermediates.noindex/SKTiled.build/Debug-iphoneos/SKTiled-t.build/SKTiled.modulemap (in target 'SKTiled' from project 'SKTiled')
    cd /Users/admin/builder/spi-builder-workspace
    builtin-copy -exclude .DS_Store -exclude CVS -exclude .svn -exclude .git -exclude .hg -resolve-src-symlinks /Users/admin/builder/spi-builder-workspace/.derivedData/Build/Intermediates.noindex/SKTiled.build/Debug-iphoneos/SKTiled-t.build/SKTiled.modulemap /Users/admin/builder/spi-builder-workspace/.derivedData/Build/Intermediates.noindex/GeneratedModuleMaps-iphoneos
SwiftDriver SKTiled normal arm64 com.apple.xcode.tools.swift.compiler (in target 'SKTiled' from project 'SKTiled')
    cd /Users/admin/builder/spi-builder-workspace/.swiftpm/xcode
    builtin-SwiftDriver -- /Applications/Xcode-27.0.0-Release.Candidate.app/Contents/Developer/Toolchains/XcodeDefault.xctoolchain/usr/bin/swiftc -parse-as-library -module-name SKTiled -Onone @/Users/admin/builder/spi-builder-workspace/.derivedData/Build/Intermediates.noindex/SKTiled.build/Debug-iphoneos/SKTiled-t.build/Objects-normal/arm64/SKTiled.SwiftFileList -DSWIFT_PACKAGE -DDEBUG -DSWIFT_MODULE_RESOURCE_BUNDLE_UNAVAILABLE -DXcode -plugin-path /Applications/Xcode-27.0.0-Release.Candidate.app/Contents/Developer/Toolchains/XcodeDefault.xctoolchain/usr/lib/swift/host/plugins/testing -enable-experimental-feature DebugDescriptionMacro -sdk /Applications/Xcode-27.0.0-Release.Candidate.app/Contents/Developer/Platforms/iPhoneOS.platform/Developer/SDKs/iPhoneOS27.0.sdk -target arm64-apple-ios15.0 -g -module-cache-path /Users/admin/builder/spi-builder-workspace/.derivedData/ModuleCache.noindex -Xfrontend -serialize-debugging-options -profile-coverage-mapping -profile-generate -enable-testing -index-store-path /Users/admin/builder/spi-builder-workspace/.derivedData/Index.noindex/DataStore -Xcc -D_LIBCPP_HARDENING_MODE\=_LIBCPP_HARDENING_MODE_DEBUG -swift-version 5 -I /Users/admin/builder/spi-builder-workspace/.derivedData/Build/Products/Debug-iphoneos -Isystem /Applications/Xcode-27.0.0-Release.Candidate.app/Contents/Developer/Platforms/iPhoneOS.platform/Developer/usr/lib -F /Users/admin/builder/spi-builder-workspace/.derivedData/Build/Products/Debug-iphoneos -F /Applications/Xcode-27.0.0-Release.Candidate.app/Contents/Developer/Platforms/iPhoneOS.platform/Developer/Library/Frameworks -F /Applications/Xcode-27.0.0-Release.Candidate.app/Contents/Developer/Platforms/iPhoneOS.platform/Developer/SDKs/iPhoneOS27.0.sdk/Developer/Library/Frameworks -c -j10 -enable-batch-mode -incremental -Xcc -ivfsstatcache -Xcc /Users/admin/builder/spi-builder-workspace/.derivedData/SDKStatCaches.noindex/iphoneos27.0-24A430-e829b21a6f8c9b70876ba0858053c04440ceaa042ed91876912b2eeea4e3aa14.sdkstatcache -output-file-map /Users/admin/builder/spi-builder-workspace/.derivedData/Build/Intermediates.noindex/SKTiled.build/Debug-iphoneos/SKTiled-t.build/Objects-normal/arm64/SKTiled-OutputFileMap.json -save-temps -no-color-diagnostics -explicit-module-build -module-cache-path /Users/admin/builder/spi-builder-workspace/.derivedData/Build/Intermediates.noindex/SwiftExplicitPrecompiledModules -clang-scanner-module-cache-path /Users/admin/builder/spi-builder-workspace/.derivedData/ModuleCache.noindex -sdk-module-cache-path /Users/admin/builder/spi-builder-workspace/.derivedData/SDKExplicitPrecompiledModules -emit-dependencies -emit-module -emit-module-path /Users/admin/builder/spi-builder-workspace/.derivedData/Build/Intermediates.noindex/SKTiled.build/Debug-iphoneos/SKTiled-t.build/Objects-normal/arm64/SKTiled.swiftmodule -serialize-diagnostics -dependency-scan-serialize-diagnostics-path /Users/admin/builder/spi-builder-workspace/.derivedData/Build/Intermediates.noindex/SKTiled.build/Debug-iphoneos/SKTiled-t.build/Objects-normal/arm64/SKTiled-dependency-scan.dia -validate-clang-modules-once -clang-build-session-file /Users/admin/builder/spi-builder-workspace/.derivedData/ModuleCache.noindex/Session.modulevalidation -Xcc -fmodules-prune-interval\=86400 -Xcc -fmodules-prune-after\=345600 -emit-const-values -const-gather-protocols-list /Users/admin/builder/spi-builder-workspace/.derivedData/Build/Intermediates.noindex/SKTiled.build/Debug-iphoneos/SKTiled-t.build/Objects-normal/arm64/SKTiled_const_extract_protocols.json -Xcc -I/Users/admin/builder/spi-builder-workspace/.derivedData/Build/Products/Debug-iphoneos/include -Xcc -I/Users/admin/builder/spi-builder-workspace/.derivedData/Build/Intermediates.noindex/SKTiled.build/Debug-iphoneos/SKTiled-t.build/DerivedSources-normal/arm64 -Xcc -I/Users/admin/builder/spi-builder-workspace/.derivedData/Build/Intermediates.noindex/SKTiled.build/Debug-iphoneos/SKTiled-t.build/DerivedSources/arm64 -Xcc -I/Users/admin/builder/spi-builder-workspace/.derivedData/Build/Intermediates.noindex/SKTiled.build/Debug-iphoneos/SKTiled-t.build/DerivedSources -Xcc -DSWIFT_PACKAGE -Xcc -DDEBUG\=1 -emit-objc-header -emit-objc-header-path /Users/admin/builder/spi-builder-workspace/.derivedData/Build/Intermediates.noindex/SKTiled.build/Debug-iphoneos/SKTiled-t.build/Objects-normal/arm64/SKTiled-Swift.h -working-directory /Users/admin/builder/spi-builder-workspace/.swiftpm/xcode -experimental-emit-module-separately -disable-cmo
SwiftExplicitDependencyGeneratePcm arm64 /Users/admin/builder/spi-builder-workspace/.derivedData/SDKExplicitPrecompiledModules/_AvailabilityInternal-A68EWFTK1KMCWXEVQVUVX32IF.pcm
SwiftExplicitDependencyGeneratePcm arm64 /Users/admin/builder/spi-builder-workspace/.derivedData/SDKExplicitPrecompiledModules/_SwiftConcurrencyShims-46VMPHZN3071T5WUKTVKV81O6.pcm
SwiftExplicitDependencyGeneratePcm arm64 /Users/admin/builder/spi-builder-workspace/.derivedData/SDKExplicitPrecompiledModules/ptrcheck-BEJ25RSXHVJMS8GY54A7TIDQC.pcm
SwiftExplicitDependencyGeneratePcm arm64 /Users/admin/builder/spi-builder-workspace/.derivedData/SDKExplicitPrecompiledModules/_Builtin_stdbool-DS3M26O02MEUZY8PORVO63UN8.pcm
SwiftExplicitDependencyGeneratePcm arm64 /Users/admin/builder/spi-builder-workspace/.derivedData/SDKExplicitPrecompiledModules/_Builtin_stddef-9M60LQ19IG7KF2I6MAZT1EE2L.pcm
SwiftExplicitDependencyGeneratePcm arm64 /Users/admin/builder/spi-builder-workspace/.derivedData/SDKExplicitPrecompiledModules/ptrauth-ELWSSDP0MKO9UN7OCGHYENU4N.pcm
SwiftExplicitDependencyGeneratePcm arm64 /Users/admin/builder/spi-builder-workspace/.derivedData/SDKExplicitPrecompiledModules/_Builtin_float-A3OTZIBNLUK4KRPK79SR9VALR.pcm
SwiftExplicitDependencyGeneratePcm arm64 /Users/admin/builder/spi-builder-workspace/.derivedData/SDKExplicitPrecompiledModules/SwiftShims-9ZM475TB9FF7V697OJNYX6RO9.pcm
SwiftExplicitDependencyGeneratePcm arm64 /Users/admin/builder/spi-builder-workspace/.derivedData/SDKExplicitPrecompiledModules/_Builtin_stdarg-353X4HCQ4QM1XN1RGUYE5DJXQ.pcm
SwiftExplicitDependencyGeneratePcm arm64 /Users/admin/builder/spi-builder-workspace/.derivedData/SDKExplicitPrecompiledModules/DeveloperToolsSupport-AUYQ7RZGQ59TXNGR56E2ZGE17.pcm
SwiftExplicitDependencyGeneratePcm arm64 /Users/admin/builder/spi-builder-workspace/.derivedData/SDKExplicitPrecompiledModules/_DarwinFoundation1-6AS4X33TU1806YATN4YELVHNM.pcm
SwiftExplicitDependencyGeneratePcm arm64 /Users/admin/builder/spi-builder-workspace/.derivedData/SDKExplicitPrecompiledModules/_Builtin_limits-BR17857KX1560DFAJ8X0RLP2X.pcm
SwiftExplicitDependencyGeneratePcm arm64 /Users/admin/builder/spi-builder-workspace/.derivedData/SDKExplicitPrecompiledModules/_DarwinFoundation2-DBOBRBKI8YXN3X7HCIRAXFELN.pcm
SwiftExplicitDependencyGeneratePcm arm64 /Users/admin/builder/spi-builder-workspace/.derivedData/SDKExplicitPrecompiledModules/_Builtin_stdint-3VRVITBSRYCNS1X3HOZPXQS3E.pcm
SwiftExplicitDependencyGeneratePcm arm64 /Users/admin/builder/spi-builder-workspace/.derivedData/SDKExplicitPrecompiledModules/_Builtin_tgmath-5HH7TKWQY3C2P6USS0J5RO1BK.pcm
SwiftExplicitDependencyGeneratePcm arm64 /Users/admin/builder/spi-builder-workspace/.derivedData/SDKExplicitPrecompiledModules/string_h-4SPNE64SFJA0QV142KR6FB8H.pcm
SwiftExplicitDependencyGeneratePcm arm64 /Users/admin/builder/spi-builder-workspace/.derivedData/SDKExplicitPrecompiledModules/sys_types-4H7GQGME5X7WUG5O55QKSXPG0.pcm
SwiftExplicitDependencyGeneratePcm arm64 /Users/admin/builder/spi-builder-workspace/.derivedData/SDKExplicitPrecompiledModules/_DarwinFoundation3-BWQ9HHUEF00PLTWBF6Y3RFT1Q.pcm
SwiftExplicitDependencyGeneratePcm arm64 /Users/admin/builder/spi-builder-workspace/.derivedData/SDKExplicitPrecompiledModules/_Builtin_intrinsics-M7DSWA69W6IRMFV5G3UL303L.pcm
SwiftExplicitDependencyGeneratePcm arm64 /Users/admin/builder/spi-builder-workspace/.derivedData/SDKExplicitPrecompiledModules/_Builtin_stdatomic-CLJVNIOHLPNAVPMY1PCE07PC6.pcm
SwiftExplicitDependencyGeneratePcm arm64 /Users/admin/builder/spi-builder-workspace/.derivedData/SDKExplicitPrecompiledModules/_Builtin_inttypes-F02YQXAV70SBQYNR1TCILSZQC.pcm
SwiftExplicitDependencyGeneratePcm arm64 /Users/admin/builder/spi-builder-workspace/.derivedData/SDKExplicitPrecompiledModules/zlib-73IXFC2AZJ1CHQZY4VBO25T0Z.pcm
SwiftExplicitDependencyGeneratePcm arm64 /Users/admin/builder/spi-builder-workspace/.derivedData/SDKExplicitPrecompiledModules/Darwin-BI81F3DSM7GNALREB2L4UAO3K.pcm
SwiftExplicitDependencyGeneratePcm arm64 /Users/admin/builder/spi-builder-workspace/.derivedData/SDKExplicitPrecompiledModules/simd-DI8CY2CM6ND6C9DF4BMO8B2Y4.pcm
SwiftExplicitDependencyGeneratePcm arm64 /Users/admin/builder/spi-builder-workspace/.derivedData/SDKExplicitPrecompiledModules/ObjectiveC-B11KXH0CHRPAR6DL0V15OUWX.pcm
SwiftExplicitDependencyGeneratePcm arm64 /Users/admin/builder/spi-builder-workspace/.derivedData/SDKExplicitPrecompiledModules/MachO-4OVT5NEPGSOC5S7WJ8A4CI9HQ.pcm
SwiftExplicitDependencyGeneratePcm arm64 /Users/admin/builder/spi-builder-workspace/.derivedData/SDKExplicitPrecompiledModules/os_object-39R6K1ZW4M0CXKJ1WMJZK8M2C.pcm
SwiftExplicitDependencyGeneratePcm arm64 /Users/admin/builder/spi-builder-workspace/.derivedData/SDKExplicitPrecompiledModules/os_workgroup-24KM5066VOM199SLPK0FMLPYP.pcm
SwiftExplicitDependencyGeneratePcm arm64 /Users/admin/builder/spi-builder-workspace/.derivedData/SDKExplicitPrecompiledModules/Spatial-7901ZPGJYLUDNLYCSVBTOCJ2R.pcm
SwiftExplicitDependencyGeneratePcm arm64 /Users/admin/builder/spi-builder-workspace/.derivedData/SDKExplicitPrecompiledModules/Dispatch-ATYRC6ZTNZOFUFVI4AZT0N36L.pcm
SwiftExplicitDependencyGeneratePcm arm64 /Users/admin/builder/spi-builder-workspace/.derivedData/SDKExplicitPrecompiledModules/XPC-2B8LCRX5U2HGX5DUXAJMAUYF5.pcm
SwiftExplicitDependencyGeneratePcm arm64 /Users/admin/builder/spi-builder-workspace/.derivedData/SDKExplicitPrecompiledModules/CoreFoundation-6RZ7WG7C70RNLQ7W9TEHN64U.pcm
SwiftExplicitDependencyGeneratePcm arm64 /Users/admin/builder/spi-builder-workspace/.derivedData/SDKExplicitPrecompiledModules/os-D19NGWGGCIMHTFO5YUINIK4A7.pcm
SwiftExplicitDependencyGeneratePcm arm64 /Users/admin/builder/spi-builder-workspace/.derivedData/SDKExplicitPrecompiledModules/Security-38LZ2U8T2TAJNP8SDQ1CJJE3F.pcm
SwiftExplicitDependencyGeneratePcm arm64 /Users/admin/builder/spi-builder-workspace/.derivedData/SDKExplicitPrecompiledModules/CoreServices-87A2TL125ZQ2BKWPRXYI5U9BF.pcm
SwiftExplicitDependencyGeneratePcm arm64 /Users/admin/builder/spi-builder-workspace/.derivedData/SDKExplicitPrecompiledModules/CFNetwork-CKHY0HEWI1S67QSGB5QKT2KK1.pcm
SwiftExplicitDependencyGeneratePcm arm64 /Users/admin/builder/spi-builder-workspace/.derivedData/SDKExplicitPrecompiledModules/CoreGraphics-1SD6JR1OD1L9VFTHCRUEAA4HT.pcm
SwiftExplicitDependencyGeneratePcm arm64 /Users/admin/builder/spi-builder-workspace/.derivedData/SDKExplicitPrecompiledModules/MobileCoreServices-DE3CVFS81A7XRZKYK3FJRFTI6.pcm
SwiftExplicitDependencyGeneratePcm arm64 /Users/admin/builder/spi-builder-workspace/.derivedData/SDKExplicitPrecompiledModules/Foundation-1A84M7V1QOXIBMN0W05H3CVWO.pcm
SwiftExplicitDependencyGeneratePcm arm64 /Users/admin/builder/spi-builder-workspace/.derivedData/SDKExplicitPrecompiledModules/CoreText-7UJ9MLJ6XI3NZT2FHSJYBCGXM.pcm
SwiftExplicitDependencyGeneratePcm arm64 /Users/admin/builder/spi-builder-workspace/.derivedData/SDKExplicitPrecompiledModules/ImageIO-91Z2U50YQ9DUO5YI1T6XL5QLM.pcm
SwiftExplicitDependencyGeneratePcm arm64 /Users/admin/builder/spi-builder-workspace/.derivedData/SDKExplicitPrecompiledModules/FileProvider-CTM92XO97O83GMGPZ80IAZ2MH.pcm
SwiftExplicitDependencyGeneratePcm arm64 /Users/admin/builder/spi-builder-workspace/.derivedData/SDKExplicitPrecompiledModules/ModelIO-EA9RTZ4P4E1JWWTLWUVW9KOPV.pcm
SwiftExplicitDependencyGeneratePcm arm64 /Users/admin/builder/spi-builder-workspace/.derivedData/SDKExplicitPrecompiledModules/UniformTypeIdentifiers-BAZNP8JOBB5DGLB3JJRQE38CC.pcm
SwiftExplicitDependencyGeneratePcm arm64 /Users/admin/builder/spi-builder-workspace/.derivedData/SDKExplicitPrecompiledModules/UIUtilities-8DXCI8OECK24P5C5R5YJCPY6S.pcm
SwiftExplicitDependencyGeneratePcm arm64 /Users/admin/builder/spi-builder-workspace/.derivedData/SDKExplicitPrecompiledModules/OSLog-4FSJLRO1OMLINRFU9E5FDJ6LG.pcm
SwiftExplicitDependencyGeneratePcm arm64 /Users/admin/builder/spi-builder-workspace/.derivedData/SDKExplicitPrecompiledModules/IOSurface-ETZE23103L23AFRV5RIY98B8R.pcm
SwiftExplicitDependencyGeneratePcm arm64 /Users/admin/builder/spi-builder-workspace/.derivedData/SDKExplicitPrecompiledModules/_LocationEssentials-9Z1GGK9D5GWZAPSJ6EB6CF1LC.pcm
SwiftExplicitDependencyGeneratePcm arm64 /Users/admin/builder/spi-builder-workspace/.derivedData/SDKExplicitPrecompiledModules/DataDetection-CA8WF2CE1MBR989EWQ1QHKSM7.pcm
SwiftExplicitDependencyGeneratePcm arm64 /Users/admin/builder/spi-builder-workspace/.derivedData/SDKExplicitPrecompiledModules/CoreTransferable-F2IYO4PZDTT6W3BB17OMMFU8H.pcm
SwiftExplicitDependencyGeneratePcm arm64 /Users/admin/builder/spi-builder-workspace/.derivedData/SDKExplicitPrecompiledModules/Symbols-2Y2KJ3BWNZVNX5SGRT9OZY58X.pcm
SwiftExplicitDependencyGeneratePcm arm64 /Users/admin/builder/spi-builder-workspace/.derivedData/SDKExplicitPrecompiledModules/UserNotifications-9FDDTQ4F448NASNBJ73LL08CW.pcm
SwiftExplicitDependencyGeneratePcm arm64 /Users/admin/builder/spi-builder-workspace/.derivedData/SDKExplicitPrecompiledModules/Accessibility-BJV1JRVLK0A4KO4XJY098MPDJ.pcm
SwiftExplicitDependencyGeneratePcm arm64 /Users/admin/builder/spi-builder-workspace/.derivedData/SDKExplicitPrecompiledModules/CoreLocation-BD444BXGOOIA7L0V53QX85MNI.pcm
SwiftExplicitDependencyGeneratePcm arm64 /Users/admin/builder/spi-builder-workspace/.derivedData/SDKExplicitPrecompiledModules/OpenGLES-6R0N0LGQ7JHCUNYMW2UQWI7N8.pcm
SwiftExplicitDependencyGeneratePcm arm64 /Users/admin/builder/spi-builder-workspace/.derivedData/SDKExplicitPrecompiledModules/Metal-2DZ2IJBFDYZ2K88YOFG23YY5D.pcm
SwiftExplicitDependencyGeneratePcm arm64 /Users/admin/builder/spi-builder-workspace/.derivedData/SDKExplicitPrecompiledModules/CoreMotion-E9UFJY6R1E7D280SQ6U747G2Z.pcm
SwiftExplicitDependencyGeneratePcm arm64 /Users/admin/builder/spi-builder-workspace/.derivedData/SDKExplicitPrecompiledModules/CoreVideo-9UJJUBLTF80Q66OBIQIGNMH63.pcm
SwiftExplicitDependencyGeneratePcm arm64 /Users/admin/builder/spi-builder-workspace/.derivedData/SDKExplicitPrecompiledModules/CoreImage-21I9NDJ5BALJVG03DUUN2CO83.pcm
SwiftExplicitDependencyGeneratePcm arm64 /Users/admin/builder/spi-builder-workspace/.derivedData/SDKExplicitPrecompiledModules/QuartzCore-4IHGQVC232A50LDRYLP2TOVKU.pcm
SwiftExplicitDependencyGeneratePcm arm64 /Users/admin/builder/spi-builder-workspace/.derivedData/SDKExplicitPrecompiledModules/SwiftUICore-4RQ9X0AQHR9QCPZW2HYVJZKLF.pcm
SwiftExplicitDependencyGeneratePcm arm64 /Users/admin/builder/spi-builder-workspace/.derivedData/SDKExplicitPrecompiledModules/UIKit-VI413NSJWB5Y7QFX1PY597WP.pcm
SwiftExplicitDependencyGeneratePcm arm64 /Users/admin/builder/spi-builder-workspace/.derivedData/SDKExplicitPrecompiledModules/GLKit-6MC8RVFUHAB8DKNOWBXFBJ0YZ.pcm
SwiftExplicitDependencyGeneratePcm arm64 /Users/admin/builder/spi-builder-workspace/.derivedData/SDKExplicitPrecompiledModules/SpriteKit-VKZ1EPBQP5KD3P2IB2HB35BD.pcm
SwiftExplicitDependencyGeneratePcm arm64 /Users/admin/builder/spi-builder-workspace/.derivedData/SDKExplicitPrecompiledModules/SceneKit-7DVDV1YJ0D9G08GXTQDS44TIQ.pcm
SwiftExplicitDependencyGeneratePcm arm64 /Users/admin/builder/spi-builder-workspace/.derivedData/SDKExplicitPrecompiledModules/GameplayKit-49S23CKGXDE6HWZXUCEI99KBZ.pcm
SwiftEmitModule normal arm64 Emitting\ module\ for\ SKTiled (in target 'SKTiled' from project 'SKTiled')
/Users/admin/builder/spi-builder-workspace/Sources/Array2D.swift:66:19: warning: generic parameter 'T' shadows generic parameter from outer scope with the same name; this is an error in the Swift 6 language mode
 29 |
 30 | // Two-dimensional array structure.
 31 | struct Array2D<T> {
    |                `- note: 'T' previously declared here
 32 |
 33 |     /// Vertical count.
    :
 64 |     }
 65 |
 66 |     func contains<T : Equatable>(_ obj: T) -> Bool {
    |                   `- warning: generic parameter 'T' shadows generic parameter from outer scope with the same name; this is an error in the Swift 6 language mode
 67 |         let filtered = self.items.filter {$0 as? T == obj}
 68 |         return filtered.isEmpty == false
/Users/admin/builder/spi-builder-workspace/Sources/SKTile.swift:219:14: error: overriding declaration requires an 'override' keyword
 217 |
 218 |     /// Returns the bounding box of the shape.
 219 |     open var bounds: CGRect {
     |              `- error: overriding declaration requires an 'override' keyword
 220 |         return CGRect(x: 0, y: 0, width: tileSize.width, height: -tileSize.height)
 221 |     }
/Applications/Xcode-27.0.0-Release.Candidate.app/Contents/Developer/Platforms/iPhoneOS.platform/Developer/SDKs/iPhoneOS.sdk/System/Library/SubFrameworks/UIUtilities.framework/Headers/UICoordinateSpace.h:20:40: note: overridden declaration is here
18 | - (CGRect)convertRect:(CGRect)rect fromCoordinateSpace:(id <UICoordinateSpace>)coordinateSpace API_AVAILABLE(ios(8.0)) API_UNAVAILABLE(watchos);
19 |
20 | @property (readonly, nonatomic) CGRect bounds API_AVAILABLE(ios(8.0)) API_UNAVAILABLE(watchos);
   |                                        `- note: overridden declaration is here
21 |
22 | @end
/Users/admin/builder/spi-builder-workspace/Sources/SKTile.swift:936:5: warning: non-'@objc' property declared in extension cannot be overridden; use 'public' instead; this will be an error in a future Swift language mode
 934 |
 935 |     /// Opacity value of the tile.
 936 |     open var opacity: CGFloat {
     |     `- warning: non-'@objc' property declared in extension cannot be overridden; use 'public' instead; this will be an error in a future Swift language mode
 937 |         get {
 938 |             return self.alpha
/Users/admin/builder/spi-builder-workspace/Sources/SKTile.swift:946:5: warning: non-'@objc' property declared in extension cannot be overridden; use 'public' instead; this will be an error in a future Swift language mode
 944 |
 945 |     /// Tile visibility.
 946 |     open var visible: Bool {
     |     `- warning: non-'@objc' property declared in extension cannot be overridden; use 'public' instead; this will be an error in a future Swift language mode
 947 |         get {
 948 |             return !self.isHidden
/Users/admin/builder/spi-builder-workspace/Sources/SKTile.swift:956:5: warning: non-'@objc' property declared in extension cannot be overridden; use 'public' instead; this will be an error in a future Swift language mode
 954 |
 955 |     /// Show/hide the tile's bounding shape.
 956 |     open var showBounds: Bool {
     |     `- warning: non-'@objc' property declared in extension cannot be overridden; use 'public' instead; this will be an error in a future Swift language mode
 957 |         get {
 958 |             return (childNode(withName: boundsKey) != nil) ? childNode(withName: boundsKey)!.isHidden == false : false
/Users/admin/builder/spi-builder-workspace/Sources/SKTile.swift:989:5: warning: non-'@objc' property declared in extension cannot be overridden; use 'public' instead; this will be an error in a future Swift language mode
 987 |     override open var debugDescription: String { return "<\(description)>" }
 988 |
 989 |     open var shortDescription: String {
     |     `- warning: non-'@objc' property declared in extension cannot be overridden; use 'public' instead; this will be an error in a future Swift language mode
 990 |         var result = "Tile id: \(self.tileData.id)"
 991 |         result += (self.tileData.type != nil) ? ", type: \"\(self.tileData.type!)\"" : ""
/Users/admin/builder/spi-builder-workspace/Sources/SKTile.swift:1041:5: warning: non-'@objc' property declared in extension cannot be overridden; use 'public' instead; this will be an error in a future Swift language mode
1039 |     /// Pauses tile animation
1040 |     @available(*, deprecated, message: "Use the default `SKNode.isPaused` to pause animation.")
1041 |     open var pauseAnimation: Bool {
     |     `- warning: non-'@objc' property declared in extension cannot be overridden; use 'public' instead; this will be an error in a future Swift language mode
1042 |         get {
1043 |             return self.isPaused
/Users/admin/builder/spi-builder-workspace/Sources/SKTileObject.swift:329:14: error: overriding declaration requires an 'override' keyword
 327 |
 328 |     /// Returns the bounding box of the shape.
 329 |     open var bounds: CGRect {
     |              `- error: overriding declaration requires an 'override' keyword
 330 |         return CGRect(x: 0, y: 0, width: size.width, height: -size.height)
 331 |     }
/Applications/Xcode-27.0.0-Release.Candidate.app/Contents/Developer/Platforms/iPhoneOS.platform/Developer/SDKs/iPhoneOS.sdk/System/Library/SubFrameworks/UIUtilities.framework/Headers/UICoordinateSpace.h:20:40: note: overridden declaration is here
18 | - (CGRect)convertRect:(CGRect)rect fromCoordinateSpace:(id <UICoordinateSpace>)coordinateSpace API_AVAILABLE(ios(8.0)) API_UNAVAILABLE(watchos);
19 |
20 | @property (readonly, nonatomic) CGRect bounds API_AVAILABLE(ios(8.0)) API_UNAVAILABLE(watchos);
   |                                        `- note: overridden declaration is here
21 |
22 | @end
/Users/admin/builder/spi-builder-workspace/Sources/SKTileObject.swift:1073:5: warning: non-'@objc' property declared in extension cannot be overridden; use 'public' instead; this will be an error in a future Swift language mode
1071 |     }
1072 |
1073 |     open var shortDescription: String {
     |     `- warning: non-'@objc' property declared in extension cannot be overridden; use 'public' instead; this will be an error in a future Swift language mode
1074 |         var result = "\(objectType.name) id: \(self.id)"
1075 |         result += (self.type != nil) ? ", type: \"\(self.type!)\"" : ""
/Users/admin/builder/spi-builder-workspace/Sources/SKTileObject.swift:1084:5: warning: non-'@objc' property declared in extension cannot be overridden; use 'public' instead; this will be an error in a future Swift language mode
1082 |
1083 |     /// Object opacity
1084 |     open var opacity: CGFloat {
     |     `- warning: non-'@objc' property declared in extension cannot be overridden; use 'public' instead; this will be an error in a future Swift language mode
1085 |         get {
1086 |             return self.alpha
/Users/admin/builder/spi-builder-workspace/Sources/SKTileObject.swift:1094:5: warning: non-'@objc' property declared in extension cannot be overridden; use 'public' instead; this will be an error in a future Swift language mode
1092 |
1093 |     /// Object visibility
1094 |     open var visible: Bool {
     |     `- warning: non-'@objc' property declared in extension cannot be overridden; use 'public' instead; this will be an error in a future Swift language mode
1095 |         get {
1096 |             return !self.isHidden
/Users/admin/builder/spi-builder-workspace/Sources/SKTileObject.swift:1104:5: warning: non-'@objc' property declared in extension cannot be overridden; use 'public' instead; this will be an error in a future Swift language mode
1102 |
1103 |     /// Returns true if the object references an animated tile.
1104 |     open var isAnimated: Bool {
     |     `- warning: non-'@objc' property declared in extension cannot be overridden; use 'public' instead; this will be an error in a future Swift language mode
1105 |         if let tile = self.tile {
1106 |             return tile.tileData.isAnimated
/Users/admin/builder/spi-builder-workspace/Sources/SKTileObject.swift:1112:5: warning: non-'@objc' property declared in extension cannot be overridden; use 'public' instead; this will be an error in a future Swift language mode
1110 |
1111 |     /// Signifies that the object is a text object.
1112 |     open var isTextObject: Bool {
     |     `- warning: non-'@objc' property declared in extension cannot be overridden; use 'public' instead; this will be an error in a future Swift language mode
1113 |         return (textAttributes != nil)
1114 |     }
/Users/admin/builder/spi-builder-workspace/Sources/SKTileObject.swift:1117:5: warning: non-'@objc' property declared in extension cannot be overridden; use 'public' instead; this will be an error in a future Swift language mode
1115 |
1116 |     /// Signifies that the object is a tile object.
1117 |     open var isTileObject: Bool {
     |     `- warning: non-'@objc' property declared in extension cannot be overridden; use 'public' instead; this will be an error in a future Swift language mode
1118 |         return (gid != nil)
1119 |     }
/Users/admin/builder/spi-builder-workspace/Sources/SKTileObject.swift:1249:5: warning: non-'@objc' instance method declared in extension cannot be overridden; use 'public' instead; this will be an error in a future Swift language mode
1247 |      */
1248 |     @available(*, deprecated)
1249 |     open func runAnimation() {}
     |     `- warning: non-'@objc' instance method declared in extension cannot be overridden; use 'public' instead; this will be an error in a future Swift language mode
1250 | }
1251 |
/Users/admin/builder/spi-builder-workspace/Sources/SKTiled+Extensions.swift:530:1: warning: extension declares a conformance of imported type 'CGPoint' to imported protocol 'Hashable'; this will not behave correctly if the owners of 'CoreFoundation' introduce this conformance in the future
 528 |
 529 |
 530 | extension CGPoint: Hashable {
     | |- warning: extension declares a conformance of imported type 'CGPoint' to imported protocol 'Hashable'; this will not behave correctly if the owners of 'CoreFoundation' introduce this conformance in the future
     | `- note: add '@retroactive' to silence this warning
 531 |
 532 |     public func hash(into hasher: inout Hasher) {
/Users/admin/builder/spi-builder-workspace/Sources/SKTiled+GameplayKit.swift:302:5: warning: non-'@objc' instance method declared in extension cannot be overridden; use 'public' instead; this will be an error in a future Swift language mode
300 |      - returns: `GKGridGraphNode.Type` dictionary insertion was successfull.
301 |      */
302 |     open func objectForGraphType(named: String?) -> GKGridGraphNode.Type { return SKTiledGraphNode.self }
    |     `- warning: non-'@objc' instance method declared in extension cannot be overridden; use 'public' instead; this will be an error in a future Swift language mode
303 |
304 |     /**
/Users/admin/builder/spi-builder-workspace/Sources/SKTiled+GameplayKit.swift:312:5: warning: non-'@objc' instance method declared in extension cannot be overridden; use 'public' instead; this will be an error in a future Swift language mode
310 |      - returns: `Bool` dictionary insertion was successfull.
311 |      */
312 |     open func addGraph(named: String, graph: GKGridGraph<GKGridGraphNode>) -> Bool {
    |     `- warning: non-'@objc' instance method declared in extension cannot be overridden; use 'public' instead; this will be an error in a future Swift language mode
313 |         if (graphs[named] != nil) {
314 |             return false
/Users/admin/builder/spi-builder-workspace/Sources/SKTiled+GameplayKit.swift:328:5: warning: non-'@objc' instance method declared in extension cannot be overridden; use 'public' instead; this will be an error in a future Swift language mode
326 |      - returns: `GKGridGraph?` removed graph instance.
327 |      */
328 |     open func removeGraph(named: String) -> GKGridGraph<GKGridGraphNode>? {
    |     `- warning: non-'@objc' instance method declared in extension cannot be overridden; use 'public' instead; this will be an error in a future Swift language mode
329 |         log("removing graph \"\(named)\" to scene.", level: .debug)
330 |         return graphs.removeValue(forKey: named)
/Users/admin/builder/spi-builder-workspace/Sources/SKTiledLayerObject.swift:322:16: error: overriding declaration requires an 'override' keyword
 320 |
 321 |     /// Returns the frame rectangle of the layer (used to draw bounds).
 322 |     public var bounds: CGRect {
     |                `- error: overriding declaration requires an 'override' keyword
 323 |         return CGRect(x: 0, y: 0, width: sizeInPoints.width, height: -sizeInPoints.height)
 324 |     }
/Applications/Xcode-27.0.0-Release.Candidate.app/Contents/Developer/Platforms/iPhoneOS.platform/Developer/SDKs/iPhoneOS.sdk/System/Library/SubFrameworks/UIUtilities.framework/Headers/UICoordinateSpace.h:20:40: note: overridden declaration is here
18 | - (CGRect)convertRect:(CGRect)rect fromCoordinateSpace:(id <UICoordinateSpace>)coordinateSpace API_AVAILABLE(ios(8.0)) API_UNAVAILABLE(watchos);
19 |
20 | @property (readonly, nonatomic) CGRect bounds API_AVAILABLE(ios(8.0)) API_UNAVAILABLE(watchos);
   |                                        `- note: overridden declaration is here
21 |
22 | @end
/Users/admin/builder/spi-builder-workspace/Sources/SKTiledSceneCamera.swift:110:18: error: overriding property must be as accessible as its enclosing type
108 |
109 |     /// Camera bounds.
110 |     internal var bounds: CGRect
    |                  `- error: overriding property must be as accessible as its enclosing type
111 |
112 |     /// Camera observers.
/Applications/Xcode-27.0.0-Release.Candidate.app/Contents/Developer/Platforms/iPhoneOS.platform/Developer/SDKs/iPhoneOS.sdk/System/Library/SubFrameworks/UIUtilities.framework/Headers/UICoordinateSpace.h:20:40: note: overridden declaration is here
18 | - (CGRect)convertRect:(CGRect)rect fromCoordinateSpace:(id <UICoordinateSpace>)coordinateSpace API_AVAILABLE(ios(8.0)) API_UNAVAILABLE(watchos);
19 |
20 | @property (readonly, nonatomic) CGRect bounds API_AVAILABLE(ios(8.0)) API_UNAVAILABLE(watchos);
   |                                        `- note: overridden declaration is here
21 |
22 | @end
/Users/admin/builder/spi-builder-workspace/Sources/SKTiledSceneCamera.swift:110:18: error: cannot override with a stored property 'bounds'
108 |
109 |     /// Camera bounds.
110 |     internal var bounds: CGRect
    |                  `- error: cannot override with a stored property 'bounds'
111 |
112 |     /// Camera observers.
/Applications/Xcode-27.0.0-Release.Candidate.app/Contents/Developer/Platforms/iPhoneOS.platform/Developer/SDKs/iPhoneOS.sdk/System/Library/SubFrameworks/UIUtilities.framework/Headers/UICoordinateSpace.h:20:40: note: attempt to override property here
18 | - (CGRect)convertRect:(CGRect)rect fromCoordinateSpace:(id <UICoordinateSpace>)coordinateSpace API_AVAILABLE(ios(8.0)) API_UNAVAILABLE(watchos);
19 |
20 | @property (readonly, nonatomic) CGRect bounds API_AVAILABLE(ios(8.0)) API_UNAVAILABLE(watchos);
   |                                        `- note: attempt to override property here
21 |
22 | @end
/Users/admin/builder/spi-builder-workspace/Sources/SKTilemap.swift:297:16: error: cannot override with a stored property 'bounds'
 295 |
 296 |     /// Map bounds.
 297 |     public var bounds: CGRect = CGRect.zero
     |                `- error: cannot override with a stored property 'bounds'
 298 |
 299 |     /// Receive notifications from camera.
/Applications/Xcode-27.0.0-Release.Candidate.app/Contents/Developer/Platforms/iPhoneOS.platform/Developer/SDKs/iPhoneOS.sdk/System/Library/SubFrameworks/UIUtilities.framework/Headers/UICoordinateSpace.h:20:40: note: attempt to override property here
18 | - (CGRect)convertRect:(CGRect)rect fromCoordinateSpace:(id <UICoordinateSpace>)coordinateSpace API_AVAILABLE(ios(8.0)) API_UNAVAILABLE(watchos);
19 |
20 | @property (readonly, nonatomic) CGRect bounds API_AVAILABLE(ios(8.0)) API_UNAVAILABLE(watchos);
   |                                        `- note: attempt to override property here
21 |
22 | @end
Failed frontend command:
SwiftCompile normal arm64 (in target 'SKTiled' from project 'SKTiled')
    cd /Users/admin/builder/spi-builder-workspace/.swiftpm/xcode

/Applications/Xcode-27.0.0-Release.Candidate.app/Contents/Developer/Toolchains/XcodeDefault.xctoolchain/usr/bin/swift-frontend -frontend -emit-module -experimental-skip-non-inlinable-function-bodies-without-types /Users/admin/builder/spi-builder-workspace/Sources/AnchorNode.swift /Users/admin/builder/spi-builder-workspace/Sources/Array2D.swift /Users/admin/builder/spi-builder-workspace/Sources/Logging.swift /Users/admin/builder/spi-builder-workspace/Sources/SKGroupLayer.swift /Users/admin/builder/spi-builder-workspace/Sources/SKImageLayer.swift /Users/admin/builder/spi-builder-workspace/Sources/SKObjectGroup.swift /Users/admin/builder/spi-builder-workspace/Sources/SKTile.swift /Users/admin/builder/spi-builder-workspace/Sources/SKTileLayer.swift /Users/admin/builder/spi-builder-workspace/Sources/SKTileObject.swift /Users/admin/builder/spi-builder-workspace/Sources/SKTiled+Debug.swift /Users/admin/builder/spi-builder-workspace/Sources/SKTiled+Extensions.swift /Users/admin/builder/spi-builder-workspace/Sources/SKTiled+GameplayKit.swift /Users/admin/builder/spi-builder-workspace/Sources/SKTiled+Properties.swift /Users/admin/builder/spi-builder-workspace/Sources/SKTiledLayerObject.swift /Users/admin/builder/spi-builder-workspace/Sources/SKTiledObject.swift /Users/admin/builder/spi-builder-workspace/Sources/SKTiledScene.swift /Users/admin/builder/spi-builder-workspace/Sources/SKTiledSceneCamera.swift /Users/admin/builder/spi-builder-workspace/Sources/SKTilemap.swift /Users/admin/builder/spi-builder-workspace/Sources/SKTilemapParser.swift /Users/admin/builder/spi-builder-workspace/Sources/SKTileset.swift /Users/admin/builder/spi-builder-workspace/Sources/SKTilesetData.swift /Users/admin/builder/spi-builder-workspace/Sources/ThreadSafeArray.swift /Users/admin/builder/spi-builder-workspace/Sources/TileAnimationFrame.swift /Users/admin/builder/spi-builder-workspace/Sources/TileCollisionShape.swift /Users/admin/builder/spi-builder-workspace/Sources/TileDataStorage.swift /Users/admin/builder/spi-builder-workspace/Sources/TileObjectOverlay.swift /Users/admin/builder/spi-builder-workspace/Sources/TileObjectProxy.swift /Users/admin/builder/spi-builder-workspace/Sources/TiledBackgroundLayer.swift /Users/admin/builder/spi-builder-workspace/Sources/TiledDebugDrawNode.swift /Users/admin/builder/spi-builder-workspace/Sources/TiledGlobals.swift /Users/admin/builder/spi-builder-workspace/Sources/TiledSceneCameraDelegate.swift /Users/admin/builder/spi-builder-workspace/Sources/TiledSceneDelegate.swift /Users/admin/builder/spi-builder-workspace/Sources/TilemapDelegate.swift /Users/admin/builder/spi-builder-workspace/Sources/TilesetDataSource.swift -target arm64-apple-ios15.0 -disable-cross-import-overlay-search -swift-module-cross-import SpriteKit /Applications/Xcode-27.0.0-Release.Candidate.app/Contents/Developer/Platforms/iPhoneOS.platform/Developer/SDKs/iPhoneOS.sdk/System/Library/Frameworks/SpriteKit.framework/Modules/SpriteKit.swiftcrossimport/SwiftUI.swiftoverlay -load-resolved-plugin /Applications/Xcode-27.0.0-Release.Candidate.app/Contents/Developer/Platforms/iPhoneOS.platform/Developer/usr/lib/swift/host/plugins/libFoundationMacros.dylib\#/Applications/Xcode-27.0.0-Release.Candidate.app/Contents/Developer/Platforms/iPhoneOS.platform/Developer/usr/bin/swift-plugin-server\#FoundationMacros -load-resolved-plugin /Applications/Xcode-27.0.0-Release.Candidate.app/Contents/Developer/Platforms/iPhoneOS.platform/Developer/usr/lib/swift/host/plugins/libObservationMacros.dylib\#/Applications/Xcode-27.0.0-Release.Candidate.app/Contents/Developer/Platforms/iPhoneOS.platform/Developer/usr/bin/swift-plugin-server\#ObservationMacros -load-resolved-plugin /Applications/Xcode-27.0.0-Release.Candidate.app/Contents/Developer/Platforms/iPhoneOS.platform/Developer/usr/lib/swift/host/plugins/libPreviewsMacros.dylib\#/Applications/Xcode-27.0.0-Release.Candidate.app/Contents/Developer/Platforms/iPhoneOS.platform/Developer/usr/bin/swift-plugin-server\#PreviewsMacros -load-resolved-plugin /Applications/Xcode-27.0.0-Release.Candidate.app/Contents/Developer/Platforms/iPhoneOS.platform/Developer/usr/lib/swift/host/plugins/libSwiftMacros.dylib\#/Applications/Xcode-27.0.0-Release.Candidate.app/Contents/Developer/Platforms/iPhoneOS.platform/Developer/usr/bin/swift-plugin-server\#SwiftMacros -load-resolved-plugin /Applications/Xcode-27.0.0-Release.Candidate.app/Contents/Developer/Platforms/iPhoneOS.platform/Developer/usr/lib/swift/host/plugins/libSwiftUIMacros.dylib\#/Applications/Xcode-27.0.0-Release.Candidate.app/Contents/Developer/Platforms/iPhoneOS.platform/Developer/usr/bin/swift-plugin-server\#SwiftUIMacros -disable-implicit-swift-modules -Xcc -fno-implicit-modules -Xcc -fno-implicit-module-maps -explicit-swift-module-map-file /Users/admin/builder/spi-builder-workspace/.derivedData/Build/Intermediates.noindex/SKTiled.build/Debug-iphoneos/SKTiled-t.build/Objects-normal/arm64/SKTiled-dependencies-1.json -Xllvm -aarch64-use-tbi -enable-objc-interop -stack-check -sdk /Applications/Xcode-27.0.0-Release.Candidate.app/Contents/Developer/Platforms/iPhoneOS.platform/Developer/SDKs/iPhoneOS27.0.sdk -I /Users/admin/builder/spi-builder-workspace/.derivedData/Build/Products/Debug-iphoneos -Isystem /Applications/Xcode-27.0.0-Release.Candidate.app/Contents/Developer/Platforms/iPhoneOS.platform/Developer/usr/lib -F /Users/admin/builder/spi-builder-workspace/.derivedData/Build/Products/Debug-iphoneos -F /Applications/Xcode-27.0.0-Release.Candidate.app/Contents/Developer/Platforms/iPhoneOS.platform/Developer/Library/Frameworks -F /Applications/Xcode-27.0.0-Release.Candidate.app/Contents/Developer/Platforms/iPhoneOS.platform/Developer/SDKs/iPhoneOS27.0.sdk/Developer/Library/Frameworks -module-cache-path /Users/admin/builder/spi-builder-workspace/.derivedData/Build/Intermediates.noindex/SwiftExplicitPrecompiledModules -no-color-diagnostics -Xcc -fno-color-diagnostics -enable-testing -g -debug-info-format\=dwarf -dwarf-version\=4 -profile-generate -profile-coverage-mapping -swift-version 5 -Onone -D SWIFT_PACKAGE -D DEBUG -D SWIFT_MODULE_RESOURCE_BUNDLE_UNAVAILABLE -D Xcode -serialize-debugging-options -enable-experimental-feature DebugDescriptionMacro -empty-abi-descriptor -validate-clang-modules-once -clang-build-session-file /Users/admin/builder/spi-builder-workspace/.derivedData/ModuleCache.noindex/Session.modulevalidation -Xcc -working-directory -Xcc /Users/admin/builder/spi-builder-workspace/.swiftpm/xcode -enable-anonymous-context-mangled-names -file-compilation-dir /Users/admin/builder/spi-builder-workspace/.swiftpm/xcode -Xcc -D_LIBCPP_HARDENING_MODE\=_LIBCPP_HARDENING_MODE_DEBUG -Xcc -ivfsstatcache -Xcc /Users/admin/builder/spi-builder-workspace/.derivedData/SDKStatCaches.noindex/iphoneos27.0-24A430-e829b21a6f8c9b70876ba0858053c04440ceaa042ed91876912b2eeea4e3aa14.sdkstatcache -Xcc -fmodules-prune-interval\=86400 -Xcc -fmodules-prune-after\=345600 -Xcc -I/Users/admin/builder/spi-builder-workspace/.derivedData/Build/Products/Debug-iphoneos/include -Xcc -I/Users/admin/builder/spi-builder-workspace/.derivedData/Build/Intermediates.noindex/SKTiled.build/Debug-iphoneos/SKTiled-t.build/DerivedSources-normal/arm64 -Xcc -I/Users/admin/builder/spi-builder-workspace/.derivedData/Build/Intermediates.noindex/SKTiled.build/Debug-iphoneos/SKTiled-t.build/DerivedSources/arm64 -Xcc -I/Users/admin/builder/spi-builder-workspace/.derivedData/Build/Intermediates.noindex/SKTiled.build/Debug-iphoneos/SKTiled-t.build/DerivedSources -Xcc -DSWIFT_PACKAGE -Xcc -DDEBUG\=1 -no-auto-bridging-header-chaining -module-name SKTiled -const-gather-protocols-file /Users/admin/builder/spi-builder-workspace/.derivedData/Build/Intermediates.noindex/SKTiled.build/Debug-iphoneos/SKTiled-t.build/Objects-normal/arm64/SKTiled_const_extract_protocols.json -disable-clang-spi -clang-target arm64-apple-ios27.0 -target-sdk-version 27.0 -target-sdk-name iphoneos27.0 -in-process-plugin-server-path /Applications/Xcode-27.0.0-Release.Candidate.app/Contents/Developer/Toolchains/XcodeDefault.xctoolchain/usr/lib/swift/host/libSwiftInProcPluginServer.dylib -emit-module-doc-path /Users/admin/builder/spi-builder-workspace/.derivedData/Build/Intermediates.noindex/SKTiled.build/Debug-iphoneos/SKTiled-t.build/Objects-normal/arm64/SKTiled.swiftdoc -emit-module-source-info-path /Users/admin/builder/spi-builder-workspace/.derivedData/Build/Intermediates.noindex/SKTiled.build/Debug-iphoneos/SKTiled-t.build/Objects-normal/arm64/SKTiled.swiftsourceinfo -emit-objc-header-path /Users/admin/builder/spi-builder-workspace/.derivedData/Build/Intermediates.noindex/SKTiled.build/Debug-iphoneos/SKTiled-t.build/Objects-normal/arm64/SKTiled-Swift.h -serialize-diagnostics-path /Users/admin/builder/spi-builder-workspace/.derivedData/Build/Intermediates.noindex/SKTiled.build/Debug-iphoneos/SKTiled-t.build/Objects-normal/arm64/SKTiled-primary-emit-module.dia -emit-dependencies-path /Users/admin/builder/spi-builder-workspace/.derivedData/Build/Intermediates.noindex/SKTiled.build/Debug-iphoneos/SKTiled-t.build/Objects-normal/arm64/SKTiled-primary-emit-module.d -parse-as-library -o /Users/admin/builder/spi-builder-workspace/.derivedData/Build/Intermediates.noindex/SKTiled.build/Debug-iphoneos/SKTiled-t.build/Objects-normal/arm64/SKTiled.swiftmodule -emit-abi-descriptor-path /Users/admin/builder/spi-builder-workspace/.derivedData/Build/Intermediates.noindex/SKTiled.build/Debug-iphoneos/SKTiled-t.build/Objects-normal/arm64/SKTiled.abi.json
SwiftCompile normal arm64 Compiling\ TileAnimationFrame.swift,\ TileCollisionShape.swift,\ TileDataStorage.swift /Users/admin/builder/spi-builder-workspace/Sources/TileAnimationFrame.swift /Users/admin/builder/spi-builder-workspace/Sources/TileCollisionShape.swift /Users/admin/builder/spi-builder-workspace/Sources/TileDataStorage.swift (in target 'SKTiled' from project 'SKTiled')
SwiftCompile normal arm64 /Users/admin/builder/spi-builder-workspace/Sources/TileAnimationFrame.swift (in target 'SKTiled' from project 'SKTiled')
    cd /Users/admin/builder/spi-builder-workspace/.swiftpm/xcode
    builtin-SwiftPerFileCompile TileAnimationFrame.swift
SwiftCompile normal arm64 /Users/admin/builder/spi-builder-workspace/Sources/TileCollisionShape.swift (in target 'SKTiled' from project 'SKTiled')
    cd /Users/admin/builder/spi-builder-workspace/.swiftpm/xcode
    builtin-SwiftPerFileCompile TileCollisionShape.swift
SwiftCompile normal arm64 /Users/admin/builder/spi-builder-workspace/Sources/TileDataStorage.swift (in target 'SKTiled' from project 'SKTiled')
    cd /Users/admin/builder/spi-builder-workspace/.swiftpm/xcode
    builtin-SwiftPerFileCompile TileDataStorage.swift
SwiftCompile normal arm64 Compiling\ SKTileset.swift,\ SKTilesetData.swift,\ ThreadSafeArray.swift /Users/admin/builder/spi-builder-workspace/Sources/SKTileset.swift /Users/admin/builder/spi-builder-workspace/Sources/SKTilesetData.swift /Users/admin/builder/spi-builder-workspace/Sources/ThreadSafeArray.swift (in target 'SKTiled' from project 'SKTiled')
SwiftCompile normal arm64 /Users/admin/builder/spi-builder-workspace/Sources/SKTileset.swift (in target 'SKTiled' from project 'SKTiled')
    cd /Users/admin/builder/spi-builder-workspace/.swiftpm/xcode
    builtin-SwiftPerFileCompile SKTileset.swift
SwiftCompile normal arm64 /Users/admin/builder/spi-builder-workspace/Sources/SKTilesetData.swift (in target 'SKTiled' from project 'SKTiled')
    cd /Users/admin/builder/spi-builder-workspace/.swiftpm/xcode
    builtin-SwiftPerFileCompile SKTilesetData.swift
SwiftCompile normal arm64 /Users/admin/builder/spi-builder-workspace/Sources/ThreadSafeArray.swift (in target 'SKTiled' from project 'SKTiled')
    cd /Users/admin/builder/spi-builder-workspace/.swiftpm/xcode
    builtin-SwiftPerFileCompile ThreadSafeArray.swift
SwiftCompile normal arm64 Compiling\ TiledDebugDrawNode.swift,\ TiledGlobals.swift,\ TiledSceneCameraDelegate.swift /Users/admin/builder/spi-builder-workspace/Sources/TiledDebugDrawNode.swift /Users/admin/builder/spi-builder-workspace/Sources/TiledGlobals.swift /Users/admin/builder/spi-builder-workspace/Sources/TiledSceneCameraDelegate.swift (in target 'SKTiled' from project 'SKTiled')
/Users/admin/builder/spi-builder-workspace/Sources/TiledDebugDrawNode.swift:159:48: error: ambiguous use of 'bounds'
157 |         switch layer.orientation {
158 |             case .orthogonal:
159 |                 objectPath = polygonPath(layer.bounds.points)
    |                                                `- error: ambiguous use of 'bounds'
160 |
161 |             case .isometric:
/Users/admin/builder/spi-builder-workspace/Sources/SKTiledLayerObject.swift:322:16: note: found this candidate
 320 |
 321 |     /// Returns the frame rectangle of the layer (used to draw bounds).
 322 |     public var bounds: CGRect {
     |                `- note: found this candidate
 323 |         return CGRect(x: 0, y: 0, width: sizeInPoints.width, height: -sizeInPoints.height)
 324 |     }
/Applications/Xcode-27.0.0-Release.Candidate.app/Contents/Developer/Platforms/iPhoneOS.platform/Developer/SDKs/iPhoneOS.sdk/System/Library/SubFrameworks/UIUtilities.framework/Headers/UICoordinateSpace.h:20:40: note: found this candidate in module 'SpriteKit'
18 | - (CGRect)convertRect:(CGRect)rect fromCoordinateSpace:(id <UICoordinateSpace>)coordinateSpace API_AVAILABLE(ios(8.0)) API_UNAVAILABLE(watchos);
19 |
20 | @property (readonly, nonatomic) CGRect bounds API_AVAILABLE(ios(8.0)) API_UNAVAILABLE(watchos);
   |                                        `- note: found this candidate in module 'SpriteKit'
21 |
22 | @end
SwiftCompile normal arm64 /Users/admin/builder/spi-builder-workspace/Sources/TiledDebugDrawNode.swift (in target 'SKTiled' from project 'SKTiled')
    cd /Users/admin/builder/spi-builder-workspace/.swiftpm/xcode
    builtin-SwiftPerFileCompile TiledDebugDrawNode.swift
SwiftCompile normal arm64 /Users/admin/builder/spi-builder-workspace/Sources/TiledGlobals.swift (in target 'SKTiled' from project 'SKTiled')
    cd /Users/admin/builder/spi-builder-workspace/.swiftpm/xcode
    builtin-SwiftPerFileCompile TiledGlobals.swift
SwiftCompile normal arm64 /Users/admin/builder/spi-builder-workspace/Sources/TiledSceneCameraDelegate.swift (in target 'SKTiled' from project 'SKTiled')
    cd /Users/admin/builder/spi-builder-workspace/.swiftpm/xcode
    builtin-SwiftPerFileCompile TiledSceneCameraDelegate.swift
SwiftCompile normal arm64 Compiling\ TileObjectOverlay.swift,\ TileObjectProxy.swift,\ TiledBackgroundLayer.swift /Users/admin/builder/spi-builder-workspace/Sources/TileObjectOverlay.swift /Users/admin/builder/spi-builder-workspace/Sources/TileObjectProxy.swift /Users/admin/builder/spi-builder-workspace/Sources/TiledBackgroundLayer.swift (in target 'SKTiled' from project 'SKTiled')
SwiftCompile normal arm64 /Users/admin/builder/spi-builder-workspace/Sources/TileObjectOverlay.swift (in target 'SKTiled' from project 'SKTiled')
    cd /Users/admin/builder/spi-builder-workspace/.swiftpm/xcode
    builtin-SwiftPerFileCompile TileObjectOverlay.swift
SwiftCompile normal arm64 /Users/admin/builder/spi-builder-workspace/Sources/TileObjectProxy.swift (in target 'SKTiled' from project 'SKTiled')
    cd /Users/admin/builder/spi-builder-workspace/.swiftpm/xcode
    builtin-SwiftPerFileCompile TileObjectProxy.swift
SwiftCompile normal arm64 /Users/admin/builder/spi-builder-workspace/Sources/TiledBackgroundLayer.swift (in target 'SKTiled' from project 'SKTiled')
    cd /Users/admin/builder/spi-builder-workspace/.swiftpm/xcode
    builtin-SwiftPerFileCompile TiledBackgroundLayer.swift
SwiftCompile normal arm64 Compiling\ SKImageLayer.swift,\ SKObjectGroup.swift,\ SKTile.swift,\ SKTileLayer.swift /Users/admin/builder/spi-builder-workspace/Sources/SKImageLayer.swift /Users/admin/builder/spi-builder-workspace/Sources/SKObjectGroup.swift /Users/admin/builder/spi-builder-workspace/Sources/SKTile.swift /Users/admin/builder/spi-builder-workspace/Sources/SKTileLayer.swift (in target 'SKTiled' from project 'SKTiled')
/Users/admin/builder/spi-builder-workspace/Sources/SKTile.swift:219:14: error: overriding declaration requires an 'override' keyword
 217 |
 218 |     /// Returns the bounding box of the shape.
 219 |     open var bounds: CGRect {
     |              `- error: overriding declaration requires an 'override' keyword
 220 |         return CGRect(x: 0, y: 0, width: tileSize.width, height: -tileSize.height)
 221 |     }
/Applications/Xcode-27.0.0-Release.Candidate.app/Contents/Developer/Platforms/iPhoneOS.platform/Developer/SDKs/iPhoneOS.sdk/System/Library/SubFrameworks/UIUtilities.framework/Headers/UICoordinateSpace.h:20:40: note: overridden declaration is here
18 | - (CGRect)convertRect:(CGRect)rect fromCoordinateSpace:(id <UICoordinateSpace>)coordinateSpace API_AVAILABLE(ios(8.0)) API_UNAVAILABLE(watchos);
19 |
20 | @property (readonly, nonatomic) CGRect bounds API_AVAILABLE(ios(8.0)) API_UNAVAILABLE(watchos);
   |                                        `- note: overridden declaration is here
21 |
22 | @end
/Users/admin/builder/spi-builder-workspace/Sources/SKTile.swift:936:5: warning: non-'@objc' property declared in extension cannot be overridden; use 'public' instead; this will be an error in a future Swift language mode
 934 |
 935 |     /// Opacity value of the tile.
 936 |     open var opacity: CGFloat {
     |     `- warning: non-'@objc' property declared in extension cannot be overridden; use 'public' instead; this will be an error in a future Swift language mode
 937 |         get {
 938 |             return self.alpha
/Users/admin/builder/spi-builder-workspace/Sources/SKTile.swift:946:5: warning: non-'@objc' property declared in extension cannot be overridden; use 'public' instead; this will be an error in a future Swift language mode
 944 |
 945 |     /// Tile visibility.
 946 |     open var visible: Bool {
     |     `- warning: non-'@objc' property declared in extension cannot be overridden; use 'public' instead; this will be an error in a future Swift language mode
 947 |         get {
 948 |             return !self.isHidden
/Users/admin/builder/spi-builder-workspace/Sources/SKTile.swift:956:5: warning: non-'@objc' property declared in extension cannot be overridden; use 'public' instead; this will be an error in a future Swift language mode
 954 |
 955 |     /// Show/hide the tile's bounding shape.
 956 |     open var showBounds: Bool {
     |     `- warning: non-'@objc' property declared in extension cannot be overridden; use 'public' instead; this will be an error in a future Swift language mode
 957 |         get {
 958 |             return (childNode(withName: boundsKey) != nil) ? childNode(withName: boundsKey)!.isHidden == false : false
/Users/admin/builder/spi-builder-workspace/Sources/SKTile.swift:989:5: warning: non-'@objc' property declared in extension cannot be overridden; use 'public' instead; this will be an error in a future Swift language mode
 987 |     override open var debugDescription: String { return "<\(description)>" }
 988 |
 989 |     open var shortDescription: String {
     |     `- warning: non-'@objc' property declared in extension cannot be overridden; use 'public' instead; this will be an error in a future Swift language mode
 990 |         var result = "Tile id: \(self.tileData.id)"
 991 |         result += (self.tileData.type != nil) ? ", type: \"\(self.tileData.type!)\"" : ""
SwiftCompile normal arm64 /Users/admin/builder/spi-builder-workspace/Sources/SKImageLayer.swift (in target 'SKTiled' from project 'SKTiled')
    cd /Users/admin/builder/spi-builder-workspace/.swiftpm/xcode
    builtin-SwiftPerFileCompile SKImageLayer.swift
SwiftCompile normal arm64 /Users/admin/builder/spi-builder-workspace/Sources/SKObjectGroup.swift (in target 'SKTiled' from project 'SKTiled')
    cd /Users/admin/builder/spi-builder-workspace/.swiftpm/xcode
    builtin-SwiftPerFileCompile SKObjectGroup.swift
SwiftCompile normal arm64 /Users/admin/builder/spi-builder-workspace/Sources/SKTile.swift (in target 'SKTiled' from project 'SKTiled')
    cd /Users/admin/builder/spi-builder-workspace/.swiftpm/xcode
    builtin-SwiftPerFileCompile SKTile.swift
SwiftCompile normal arm64 /Users/admin/builder/spi-builder-workspace/Sources/SKTileLayer.swift (in target 'SKTiled' from project 'SKTiled')
    cd /Users/admin/builder/spi-builder-workspace/.swiftpm/xcode
    builtin-SwiftPerFileCompile SKTileLayer.swift
SwiftCompile normal arm64 Compiling\ SKTileObject.swift,\ SKTiled+Debug.swift,\ SKTiled+Extensions.swift,\ SKTiled+GameplayKit.swift /Users/admin/builder/spi-builder-workspace/Sources/SKTileObject.swift /Users/admin/builder/spi-builder-workspace/Sources/SKTiled+Debug.swift /Users/admin/builder/spi-builder-workspace/Sources/SKTiled+Extensions.swift /Users/admin/builder/spi-builder-workspace/Sources/SKTiled+GameplayKit.swift (in target 'SKTiled' from project 'SKTiled')
/Users/admin/builder/spi-builder-workspace/Sources/SKTileObject.swift:329:14: error: overriding declaration requires an 'override' keyword
 327 |
 328 |     /// Returns the bounding box of the shape.
 329 |     open var bounds: CGRect {
     |              `- error: overriding declaration requires an 'override' keyword
 330 |         return CGRect(x: 0, y: 0, width: size.width, height: -size.height)
 331 |     }
/Applications/Xcode-27.0.0-Release.Candidate.app/Contents/Developer/Platforms/iPhoneOS.platform/Developer/SDKs/iPhoneOS.sdk/System/Library/SubFrameworks/UIUtilities.framework/Headers/UICoordinateSpace.h:20:40: note: overridden declaration is here
18 | - (CGRect)convertRect:(CGRect)rect fromCoordinateSpace:(id <UICoordinateSpace>)coordinateSpace API_AVAILABLE(ios(8.0)) API_UNAVAILABLE(watchos);
19 |
20 | @property (readonly, nonatomic) CGRect bounds API_AVAILABLE(ios(8.0)) API_UNAVAILABLE(watchos);
   |                                        `- note: overridden declaration is here
21 |
22 | @end
/Users/admin/builder/spi-builder-workspace/Sources/SKTileObject.swift:1073:5: warning: non-'@objc' property declared in extension cannot be overridden; use 'public' instead; this will be an error in a future Swift language mode
1071 |     }
1072 |
1073 |     open var shortDescription: String {
     |     `- warning: non-'@objc' property declared in extension cannot be overridden; use 'public' instead; this will be an error in a future Swift language mode
1074 |         var result = "\(objectType.name) id: \(self.id)"
1075 |         result += (self.type != nil) ? ", type: \"\(self.type!)\"" : ""
/Users/admin/builder/spi-builder-workspace/Sources/SKTileObject.swift:1084:5: warning: non-'@objc' property declared in extension cannot be overridden; use 'public' instead; this will be an error in a future Swift language mode
1082 |
1083 |     /// Object opacity
1084 |     open var opacity: CGFloat {
     |     `- warning: non-'@objc' property declared in extension cannot be overridden; use 'public' instead; this will be an error in a future Swift language mode
1085 |         get {
1086 |             return self.alpha
/Users/admin/builder/spi-builder-workspace/Sources/SKTileObject.swift:1094:5: warning: non-'@objc' property declared in extension cannot be overridden; use 'public' instead; this will be an error in a future Swift language mode
1092 |
1093 |     /// Object visibility
1094 |     open var visible: Bool {
     |     `- warning: non-'@objc' property declared in extension cannot be overridden; use 'public' instead; this will be an error in a future Swift language mode
1095 |         get {
1096 |             return !self.isHidden
/Users/admin/builder/spi-builder-workspace/Sources/SKTileObject.swift:1104:5: warning: non-'@objc' property declared in extension cannot be overridden; use 'public' instead; this will be an error in a future Swift language mode
1102 |
1103 |     /// Returns true if the object references an animated tile.
1104 |     open var isAnimated: Bool {
     |     `- warning: non-'@objc' property declared in extension cannot be overridden; use 'public' instead; this will be an error in a future Swift language mode
1105 |         if let tile = self.tile {
1106 |             return tile.tileData.isAnimated
/Users/admin/builder/spi-builder-workspace/Sources/SKTileObject.swift:1112:5: warning: non-'@objc' property declared in extension cannot be overridden; use 'public' instead; this will be an error in a future Swift language mode
1110 |
1111 |     /// Signifies that the object is a text object.
1112 |     open var isTextObject: Bool {
     |     `- warning: non-'@objc' property declared in extension cannot be overridden; use 'public' instead; this will be an error in a future Swift language mode
1113 |         return (textAttributes != nil)
1114 |     }
/Users/admin/builder/spi-builder-workspace/Sources/SKTileObject.swift:1117:5: warning: non-'@objc' property declared in extension cannot be overridden; use 'public' instead; this will be an error in a future Swift language mode
1115 |
1116 |     /// Signifies that the object is a tile object.
1117 |     open var isTileObject: Bool {
     |     `- warning: non-'@objc' property declared in extension cannot be overridden; use 'public' instead; this will be an error in a future Swift language mode
1118 |         return (gid != nil)
1119 |     }
/Users/admin/builder/spi-builder-workspace/Sources/SKTileObject.swift:1249:5: warning: non-'@objc' instance method declared in extension cannot be overridden; use 'public' instead; this will be an error in a future Swift language mode
1247 |      */
1248 |     @available(*, deprecated)
1249 |     open func runAnimation() {}
     |     `- warning: non-'@objc' instance method declared in extension cannot be overridden; use 'public' instead; this will be an error in a future Swift language mode
1250 | }
1251 |
SwiftCompile normal arm64 /Users/admin/builder/spi-builder-workspace/Sources/SKTileObject.swift (in target 'SKTiled' from project 'SKTiled')
    cd /Users/admin/builder/spi-builder-workspace/.swiftpm/xcode
    builtin-SwiftPerFileCompile SKTileObject.swift
SwiftCompile normal arm64 /Users/admin/builder/spi-builder-workspace/Sources/SKTiled+Debug.swift (in target 'SKTiled' from project 'SKTiled')
    cd /Users/admin/builder/spi-builder-workspace/.swiftpm/xcode
    builtin-SwiftPerFileCompile SKTiled+Debug.swift
SwiftCompile normal arm64 /Users/admin/builder/spi-builder-workspace/Sources/SKTiled+Extensions.swift (in target 'SKTiled' from project 'SKTiled')
    cd /Users/admin/builder/spi-builder-workspace/.swiftpm/xcode
    builtin-SwiftPerFileCompile SKTiled+Extensions.swift
SwiftCompile normal arm64 /Users/admin/builder/spi-builder-workspace/Sources/SKTiled+GameplayKit.swift (in target 'SKTiled' from project 'SKTiled')
    cd /Users/admin/builder/spi-builder-workspace/.swiftpm/xcode
    builtin-SwiftPerFileCompile SKTiled+GameplayKit.swift
SwiftCompile normal arm64 Compiling\ TiledSceneDelegate.swift,\ TilemapDelegate.swift,\ TilesetDataSource.swift /Users/admin/builder/spi-builder-workspace/Sources/TiledSceneDelegate.swift /Users/admin/builder/spi-builder-workspace/Sources/TilemapDelegate.swift /Users/admin/builder/spi-builder-workspace/Sources/TilesetDataSource.swift (in target 'SKTiled' from project 'SKTiled')
SwiftCompile normal arm64 /Users/admin/builder/spi-builder-workspace/Sources/TiledSceneDelegate.swift (in target 'SKTiled' from project 'SKTiled')
    cd /Users/admin/builder/spi-builder-workspace/.swiftpm/xcode
    builtin-SwiftPerFileCompile TiledSceneDelegate.swift
SwiftCompile normal arm64 /Users/admin/builder/spi-builder-workspace/Sources/TilemapDelegate.swift (in target 'SKTiled' from project 'SKTiled')
    cd /Users/admin/builder/spi-builder-workspace/.swiftpm/xcode
    builtin-SwiftPerFileCompile TilemapDelegate.swift
SwiftCompile normal arm64 /Users/admin/builder/spi-builder-workspace/Sources/TilesetDataSource.swift (in target 'SKTiled' from project 'SKTiled')
    cd /Users/admin/builder/spi-builder-workspace/.swiftpm/xcode
    builtin-SwiftPerFileCompile TilesetDataSource.swift
SwiftCompile normal arm64 Compiling\ SKTiled+Properties.swift,\ SKTiledLayerObject.swift,\ SKTiledObject.swift,\ SKTiledScene.swift /Users/admin/builder/spi-builder-workspace/Sources/SKTiled+Properties.swift /Users/admin/builder/spi-builder-workspace/Sources/SKTiledLayerObject.swift /Users/admin/builder/spi-builder-workspace/Sources/SKTiledObject.swift /Users/admin/builder/spi-builder-workspace/Sources/SKTiledScene.swift (in target 'SKTiled' from project 'SKTiled')
SwiftCompile normal arm64 /Users/admin/builder/spi-builder-workspace/Sources/SKTiled+Properties.swift (in target 'SKTiled' from project 'SKTiled')
    cd /Users/admin/builder/spi-builder-workspace/.swiftpm/xcode
    builtin-SwiftPerFileCompile SKTiled+Properties.swift
SwiftCompile normal arm64 /Users/admin/builder/spi-builder-workspace/Sources/SKTiledLayerObject.swift (in target 'SKTiled' from project 'SKTiled')
    cd /Users/admin/builder/spi-builder-workspace/.swiftpm/xcode
    builtin-SwiftPerFileCompile SKTiledLayerObject.swift
SwiftCompile normal arm64 /Users/admin/builder/spi-builder-workspace/Sources/SKTiledObject.swift (in target 'SKTiled' from project 'SKTiled')
    cd /Users/admin/builder/spi-builder-workspace/.swiftpm/xcode
    builtin-SwiftPerFileCompile SKTiledObject.swift
SwiftCompile normal arm64 /Users/admin/builder/spi-builder-workspace/Sources/SKTiledScene.swift (in target 'SKTiled' from project 'SKTiled')
    cd /Users/admin/builder/spi-builder-workspace/.swiftpm/xcode
    builtin-SwiftPerFileCompile SKTiledScene.swift
SwiftCompile normal arm64 Compiling\ SKTiledSceneCamera.swift,\ SKTilemap.swift,\ SKTilemapParser.swift /Users/admin/builder/spi-builder-workspace/Sources/SKTiledSceneCamera.swift /Users/admin/builder/spi-builder-workspace/Sources/SKTilemap.swift /Users/admin/builder/spi-builder-workspace/Sources/SKTilemapParser.swift (in target 'SKTiled' from project 'SKTiled')
/Users/admin/builder/spi-builder-workspace/Sources/SKTiledSceneCamera.swift:110:18: error: overriding property must be as accessible as its enclosing type
108 |
109 |     /// Camera bounds.
110 |     internal var bounds: CGRect
    |                  `- error: overriding property must be as accessible as its enclosing type
111 |
112 |     /// Camera observers.
/Applications/Xcode-27.0.0-Release.Candidate.app/Contents/Developer/Platforms/iPhoneOS.platform/Developer/SDKs/iPhoneOS.sdk/System/Library/SubFrameworks/UIUtilities.framework/Headers/UICoordinateSpace.h:20:40: note: overridden declaration is here
18 | - (CGRect)convertRect:(CGRect)rect fromCoordinateSpace:(id <UICoordinateSpace>)coordinateSpace API_AVAILABLE(ios(8.0)) API_UNAVAILABLE(watchos);
19 |
20 | @property (readonly, nonatomic) CGRect bounds API_AVAILABLE(ios(8.0)) API_UNAVAILABLE(watchos);
   |                                        `- note: overridden declaration is here
21 |
22 | @end
/Users/admin/builder/spi-builder-workspace/Sources/SKTiledSceneCamera.swift:110:18: error: cannot override with a stored property 'bounds'
108 |
109 |     /// Camera bounds.
110 |     internal var bounds: CGRect
    |                  `- error: cannot override with a stored property 'bounds'
111 |
112 |     /// Camera observers.
/Applications/Xcode-27.0.0-Release.Candidate.app/Contents/Developer/Platforms/iPhoneOS.platform/Developer/SDKs/iPhoneOS.sdk/System/Library/SubFrameworks/UIUtilities.framework/Headers/UICoordinateSpace.h:20:40: note: attempt to override property here
18 | - (CGRect)convertRect:(CGRect)rect fromCoordinateSpace:(id <UICoordinateSpace>)coordinateSpace API_AVAILABLE(ios(8.0)) API_UNAVAILABLE(watchos);
19 |
20 | @property (readonly, nonatomic) CGRect bounds API_AVAILABLE(ios(8.0)) API_UNAVAILABLE(watchos);
   |                                        `- note: attempt to override property here
21 |
22 | @end
/Users/admin/builder/spi-builder-workspace/Sources/SKTiledSceneCamera.swift:602:21: error: ambiguous use of 'bounds'
108 |
109 |     /// Camera bounds.
110 |     internal var bounds: CGRect
    |                  `- note: found this candidate
111 |
112 |     /// Camera observers.
    :
600 |      */
601 |     public func getVertices() -> [CGPoint] {
602 |         return self.bounds.points
    |                     `- error: ambiguous use of 'bounds'
603 |     }
604 | }
/Applications/Xcode-27.0.0-Release.Candidate.app/Contents/Developer/Platforms/iPhoneOS.platform/Developer/SDKs/iPhoneOS.sdk/System/Library/SubFrameworks/UIUtilities.framework/Headers/UICoordinateSpace.h:20:40: note: found this candidate in module 'SpriteKit'
18 | - (CGRect)convertRect:(CGRect)rect fromCoordinateSpace:(id <UICoordinateSpace>)coordinateSpace API_AVAILABLE(ios(8.0)) API_UNAVAILABLE(watchos);
19 |
20 | @property (readonly, nonatomic) CGRect bounds API_AVAILABLE(ios(8.0)) API_UNAVAILABLE(watchos);
   |                                        `- note: found this candidate in module 'SpriteKit'
21 |
22 | @end
/Users/admin/builder/spi-builder-workspace/Sources/SKTiledSceneCamera.swift:675:78: error: ambiguous use of 'bounds'
108 |
109 |     /// Camera bounds.
110 |     internal var bounds: CGRect
    |                  `- note: found this candidate
111 |
112 |     /// Camera observers.
    :
673 |     override public var description: String {
674 |         guard let scene = scene else { return "Camera: "}
675 |         let rect = CGRect(origin: scene.convert(position, from: self), size: bounds.size)
    |                                                                              `- error: ambiguous use of 'bounds'
676 |         let uiScale = getContentScaleFactor()
677 |         let scaleString = (uiScale > 1) ? ", scale: \(uiScale)" : ""
/Applications/Xcode-27.0.0-Release.Candidate.app/Contents/Developer/Platforms/iPhoneOS.platform/Developer/SDKs/iPhoneOS.sdk/System/Library/SubFrameworks/UIUtilities.framework/Headers/UICoordinateSpace.h:20:40: note: found this candidate in module 'SpriteKit'
18 | - (CGRect)convertRect:(CGRect)rect fromCoordinateSpace:(id <UICoordinateSpace>)coordinateSpace API_AVAILABLE(ios(8.0)) API_UNAVAILABLE(watchos);
19 |
20 | @property (readonly, nonatomic) CGRect bounds API_AVAILABLE(ios(8.0)) API_UNAVAILABLE(watchos);
   |                                        `- note: found this candidate in module 'SpriteKit'
21 |
22 | @end
/Users/admin/builder/spi-builder-workspace/Sources/SKTiledSceneCamera.swift:686:27: error: ambiguous use of 'bounds'
108 |
109 |     /// Camera bounds.
110 |     internal var bounds: CGRect
    |                  `- note: found this candidate
111 |
112 |     /// Camera observers.
    :
684 |     override public var debugDescription: String {
685 |         let clampString = (zoomClamping != .none) ? ", clamp: \(zoomClamping.minimum)" : ""
686 |         return "Camera: \(bounds.roundTo()), zoom: \(zoom.roundTo())\(clampString)"
    |                           `- error: ambiguous use of 'bounds'
687 |     }
688 | }
/Applications/Xcode-27.0.0-Release.Candidate.app/Contents/Developer/Platforms/iPhoneOS.platform/Developer/SDKs/iPhoneOS.sdk/System/Library/SubFrameworks/UIUtilities.framework/Headers/UICoordinateSpace.h:20:40: note: found this candidate in module 'SpriteKit'
18 | - (CGRect)convertRect:(CGRect)rect fromCoordinateSpace:(id <UICoordinateSpace>)coordinateSpace API_AVAILABLE(ios(8.0)) API_UNAVAILABLE(watchos);
19 |
20 | @property (readonly, nonatomic) CGRect bounds API_AVAILABLE(ios(8.0)) API_UNAVAILABLE(watchos);
   |                                        `- note: found this candidate in module 'SpriteKit'
21 |
22 | @end
SwiftCompile normal arm64 /Users/admin/builder/spi-builder-workspace/Sources/SKTiledSceneCamera.swift (in target 'SKTiled' from project 'SKTiled')
    cd /Users/admin/builder/spi-builder-workspace/.swiftpm/xcode
    builtin-SwiftPerFileCompile SKTiledSceneCamera.swift
SwiftCompile normal arm64 /Users/admin/builder/spi-builder-workspace/Sources/SKTilemap.swift (in target 'SKTiled' from project 'SKTiled')
    cd /Users/admin/builder/spi-builder-workspace/.swiftpm/xcode
    builtin-SwiftPerFileCompile SKTilemap.swift
SwiftCompile normal arm64 /Users/admin/builder/spi-builder-workspace/Sources/SKTilemapParser.swift (in target 'SKTiled' from project 'SKTiled')
    cd /Users/admin/builder/spi-builder-workspace/.swiftpm/xcode
    builtin-SwiftPerFileCompile SKTilemapParser.swift
SwiftCompile normal arm64 Compiling\ AnchorNode.swift,\ Array2D.swift,\ Logging.swift,\ SKGroupLayer.swift /Users/admin/builder/spi-builder-workspace/Sources/AnchorNode.swift /Users/admin/builder/spi-builder-workspace/Sources/Array2D.swift /Users/admin/builder/spi-builder-workspace/Sources/Logging.swift /Users/admin/builder/spi-builder-workspace/Sources/SKGroupLayer.swift (in target 'SKTiled' from project 'SKTiled')
SwiftCompile normal arm64 /Users/admin/builder/spi-builder-workspace/Sources/AnchorNode.swift (in target 'SKTiled' from project 'SKTiled')
    cd /Users/admin/builder/spi-builder-workspace/.swiftpm/xcode
    builtin-SwiftPerFileCompile AnchorNode.swift
SwiftCompile normal arm64 /Users/admin/builder/spi-builder-workspace/Sources/Array2D.swift (in target 'SKTiled' from project 'SKTiled')
    cd /Users/admin/builder/spi-builder-workspace/.swiftpm/xcode
    builtin-SwiftPerFileCompile Array2D.swift
SwiftCompile normal arm64 /Users/admin/builder/spi-builder-workspace/Sources/Logging.swift (in target 'SKTiled' from project 'SKTiled')
    cd /Users/admin/builder/spi-builder-workspace/.swiftpm/xcode
    builtin-SwiftPerFileCompile Logging.swift
SwiftCompile normal arm64 /Users/admin/builder/spi-builder-workspace/Sources/SKGroupLayer.swift (in target 'SKTiled' from project 'SKTiled')
    cd /Users/admin/builder/spi-builder-workspace/.swiftpm/xcode
    builtin-SwiftPerFileCompile SKGroupLayer.swift
PruneExplicitPrecompiledModules /Users/admin/builder/spi-builder-workspace/.derivedData/Build/Intermediates.noindex/SwiftExplicitPrecompiledModules
PruneExplicitPrecompiledModules /Users/admin/builder/spi-builder-workspace/.derivedData/SDKExplicitPrecompiledModules
PruneExplicitPrecompiledModules /Users/admin/builder/spi-builder-workspace/.derivedData/Build/Intermediates.noindex/ExplicitPrecompiledModules
2026-09-23 02:10:29.360 xcodebuild[717:4632] [MT] IDERunDestination: Supported platforms for the buildables in the current scheme is empty.
** BUILD FAILED **
The following build commands failed:
	SwiftCompile normal arm64 (in target 'SKTiled' from project 'SKTiled')
	SwiftEmitModule normal arm64 Emitting\ module\ for\ SKTiled (in target 'SKTiled' from project 'SKTiled')
	Building workspace SKTiled with scheme SKTiled
(3 failures)
Command line invocation:
    /Applications/Xcode-27.0.0-Release.Candidate.app/Contents/Developer/usr/bin/xcodebuild -IDEClonedSourcePackagesDirPathOverride=/Users/admin/builder/spi-builder-workspace/.dependencies -resolvePackageDependencies
Resolve Package Graph
Resolved source packages:
  SKTiled: /Users/admin/builder/spi-builder-workspace
resolved source packages: SKTiled
2026-09-23 02:10:36.476 xcodebuild[808:5031] [MT] IDERunDestination: Supported platforms for the buildables in the current scheme is empty.
{
  "dependencies" : [
  ],
  "manifest_display_name" : "SKTiled",
  "name" : "SKTiled",
  "path" : "/Users/admin/builder/spi-builder-workspace",
  "platforms" : [
    {
      "name" : "ios",
      "version" : "12.0"
    },
    {
      "name" : "macos",
      "version" : "10.12"
    },
    {
      "name" : "tvos",
      "version" : "12.0"
    }
  ],
  "products" : [
    {
      "name" : "SKTiled",
      "targets" : [
        "SKTiled"
      ],
      "type" : {
        "library" : [
          "automatic"
        ]
      }
    }
  ],
  "targets" : [
    {
      "c99name" : "SKTiledTests",
      "module_type" : "SwiftTarget",
      "name" : "SKTiledTests",
      "path" : "Tests",
      "resources" : [
        {
          "path" : "/Users/admin/builder/spi-builder-workspace/Tests/Assets/characters-8x8.png",
          "rule" : {
            "copy" : {
            }
          }
        },
        {
          "path" : "/Users/admin/builder/spi-builder-workspace/Tests/Assets/characters-8x8.tsx",
          "rule" : {
            "copy" : {
            }
          }
        },
        {
          "path" : "/Users/admin/builder/spi-builder-workspace/Tests/Assets/environment-8x8.png",
          "rule" : {
            "copy" : {
            }
          }
        },
        {
          "path" : "/Users/admin/builder/spi-builder-workspace/Tests/Assets/environment-8x8.tsx",
          "rule" : {
            "copy" : {
            }
          }
        },
        {
          "path" : "/Users/admin/builder/spi-builder-workspace/Tests/Assets/items-8x8.png",
          "rule" : {
            "copy" : {
            }
          }
        },
        {
          "path" : "/Users/admin/builder/spi-builder-workspace/Tests/Assets/items-8x8.tsx",
          "rule" : {
            "copy" : {
            }
          }
        },
        {
          "path" : "/Users/admin/builder/spi-builder-workspace/Tests/Assets/items-alt-8x8.png",
          "rule" : {
            "copy" : {
            }
          }
        },
        {
          "path" : "/Users/admin/builder/spi-builder-workspace/Tests/Assets/monsters-16x16.png",
          "rule" : {
            "copy" : {
            }
          }
        },
        {
          "path" : "/Users/admin/builder/spi-builder-workspace/Tests/Assets/monsters-16x16.tsx",
          "rule" : {
            "copy" : {
            }
          }
        },
        {
          "path" : "/Users/admin/builder/spi-builder-workspace/Tests/Assets/portraits-8x8.png",
          "rule" : {
            "copy" : {
            }
          }
        },
        {
          "path" : "/Users/admin/builder/spi-builder-workspace/Tests/Assets/portraits-8x8.tsx",
          "rule" : {
            "copy" : {
            }
          }
        },
        {
          "path" : "/Users/admin/builder/spi-builder-workspace/Tests/Assets/test-tilemap.tmx",
          "rule" : {
            "copy" : {
            }
          }
        }
      ],
      "sources" : [
        "ColorTests.swift",
        "CompressionTests.swift",
        "CoordinateTests.swift",
        "ParserTests.swift",
        "PerformanceTests.swift",
        "PropertiesTests.swift",
        "QueryTests.swift",
        "TemplateTests.swift",
        "TestMapDelegate.swift",
        "TestTilesetDelegate.swift",
        "Tests+Extensions.swift",
        "TilemapTests.swift",
        "TilesetTests.swift"
      ],
      "target_dependencies" : [
        "SKTiled"
      ],
      "type" : "test"
    },
    {
      "c99name" : "SKTiled",
      "module_type" : "SwiftTarget",
      "name" : "SKTiled",
      "path" : "Sources",
      "product_memberships" : [
        "SKTiled"
      ],
      "sources" : [
        "AnchorNode.swift",
        "Array2D.swift",
        "Logging.swift",
        "SKGroupLayer.swift",
        "SKImageLayer.swift",
        "SKObjectGroup.swift",
        "SKTile.swift",
        "SKTileLayer.swift",
        "SKTileObject.swift",
        "SKTiled+Debug.swift",
        "SKTiled+Extensions.swift",
        "SKTiled+GameplayKit.swift",
        "SKTiled+Properties.swift",
        "SKTiledLayerObject.swift",
        "SKTiledObject.swift",
        "SKTiledScene.swift",
        "SKTiledSceneCamera.swift",
        "SKTilemap.swift",
        "SKTilemapParser.swift",
        "SKTileset.swift",
        "SKTilesetData.swift",
        "ThreadSafeArray.swift",
        "TileAnimationFrame.swift",
        "TileCollisionShape.swift",
        "TileDataStorage.swift",
        "TileObjectOverlay.swift",
        "TileObjectProxy.swift",
        "TiledBackgroundLayer.swift",
        "TiledDebugDrawNode.swift",
        "TiledGlobals.swift",
        "TiledSceneCameraDelegate.swift",
        "TiledSceneDelegate.swift",
        "TilemapDelegate.swift",
        "TilesetDataSource.swift"
      ],
      "type" : "library"
    }
  ],
  "tools_version" : "5.3"
}
{
  "workspace" : {
    "name" : "SKTiled",
    "schemes" : [
      "SKTiled"
    ]
  }
}
2026-09-23 02:10:37.673 xcodebuild[816:5100] [MT] IDERunDestination: Supported platforms for the buildables in the current scheme is empty.
Running build ...
env DEVELOPER_DIR=/Applications/Xcode-27.0.0-Release.Candidate.app xcrun xcodebuild -IDEClonedSourcePackagesDirPathOverride=$PWD/.dependencies -skipMacroValidation -skipPackagePluginValidation -derivedDataPath $PWD/.derivedData build -scheme SKTiled -destination generic/platform=iOS
Command line invocation:
    /Applications/Xcode-27.0.0-Release.Candidate.app/Contents/Developer/usr/bin/xcodebuild -IDEClonedSourcePackagesDirPathOverride=/Users/admin/builder/spi-builder-workspace/.dependencies -skipMacroValidation -skipPackagePluginValidation -derivedDataPath /Users/admin/builder/spi-builder-workspace/.derivedData build -scheme SKTiled -destination generic/platform=iOS
Resolve Package Graph
Resolved source packages:
  SKTiled: /Users/admin/builder/spi-builder-workspace
ComputePackagePrebuildTargetDependencyGraph
Prepare packages
CreateBuildRequest
SendProjectDescription
CreateBuildOperation
ComputeTargetDependencyGraph
note: Building targets in dependency order
note: Target dependency graph (2 targets)
    Target 'SKTiled-product' in project 'SKTiled'
        ➜ Explicit dependency on target 'SKTiled' in project 'SKTiled'
    Target 'SKTiled' in project 'SKTiled' (no dependencies)
GatherProvisioningInputs
CreateBuildDescription
ClangStatCache /Applications/Xcode-27.0.0-Release.Candidate.app/Contents/Developer/Toolchains/XcodeDefault.xctoolchain/usr/bin/clang-stat-cache /Applications/Xcode-27.0.0-Release.Candidate.app/Contents/Developer/Platforms/iPhoneOS.platform/Developer/SDKs/iPhoneOS27.0.sdk /Users/admin/builder/spi-builder-workspace/.derivedData/SDKStatCaches.noindex/iphoneos27.0-24A430-e829b21a6f8c9b70876ba0858053c04440ceaa042ed91876912b2eeea4e3aa14.sdkstatcache
    cd /Users/admin/builder/spi-builder-workspace/.swiftpm/xcode
    /Applications/Xcode-27.0.0-Release.Candidate.app/Contents/Developer/Toolchains/XcodeDefault.xctoolchain/usr/bin/clang-stat-cache /Applications/Xcode-27.0.0-Release.Candidate.app/Contents/Developer/Platforms/iPhoneOS.platform/Developer/SDKs/iPhoneOS27.0.sdk -o /Users/admin/builder/spi-builder-workspace/.derivedData/SDKStatCaches.noindex/iphoneos27.0-24A430-e829b21a6f8c9b70876ba0858053c04440ceaa042ed91876912b2eeea4e3aa14.sdkstatcache
SwiftDriver SKTiled normal arm64 com.apple.xcode.tools.swift.compiler (in target 'SKTiled' from project 'SKTiled')
    cd /Users/admin/builder/spi-builder-workspace/.swiftpm/xcode
    builtin-SwiftDriver -- /Applications/Xcode-27.0.0-Release.Candidate.app/Contents/Developer/Toolchains/XcodeDefault.xctoolchain/usr/bin/swiftc -parse-as-library -module-name SKTiled -Onone @/Users/admin/builder/spi-builder-workspace/.derivedData/Build/Intermediates.noindex/SKTiled.build/Debug-iphoneos/SKTiled-t.build/Objects-normal/arm64/SKTiled.SwiftFileList -DSWIFT_PACKAGE -DDEBUG -DSWIFT_MODULE_RESOURCE_BUNDLE_UNAVAILABLE -DXcode -plugin-path /Applications/Xcode-27.0.0-Release.Candidate.app/Contents/Developer/Toolchains/XcodeDefault.xctoolchain/usr/lib/swift/host/plugins/testing -enable-experimental-feature DebugDescriptionMacro -sdk /Applications/Xcode-27.0.0-Release.Candidate.app/Contents/Developer/Platforms/iPhoneOS.platform/Developer/SDKs/iPhoneOS27.0.sdk -target arm64-apple-ios15.0 -g -module-cache-path /Users/admin/builder/spi-builder-workspace/.derivedData/ModuleCache.noindex -Xfrontend -serialize-debugging-options -profile-coverage-mapping -profile-generate -enable-testing -index-store-path /Users/admin/builder/spi-builder-workspace/.derivedData/Index.noindex/DataStore -Xcc -D_LIBCPP_HARDENING_MODE\=_LIBCPP_HARDENING_MODE_DEBUG -swift-version 5 -I /Users/admin/builder/spi-builder-workspace/.derivedData/Build/Products/Debug-iphoneos -Isystem /Applications/Xcode-27.0.0-Release.Candidate.app/Contents/Developer/Platforms/iPhoneOS.platform/Developer/usr/lib -F /Users/admin/builder/spi-builder-workspace/.derivedData/Build/Products/Debug-iphoneos -F /Applications/Xcode-27.0.0-Release.Candidate.app/Contents/Developer/Platforms/iPhoneOS.platform/Developer/Library/Frameworks -F /Applications/Xcode-27.0.0-Release.Candidate.app/Contents/Developer/Platforms/iPhoneOS.platform/Developer/SDKs/iPhoneOS27.0.sdk/Developer/Library/Frameworks -c -j10 -enable-batch-mode -incremental -Xcc -ivfsstatcache -Xcc /Users/admin/builder/spi-builder-workspace/.derivedData/SDKStatCaches.noindex/iphoneos27.0-24A430-e829b21a6f8c9b70876ba0858053c04440ceaa042ed91876912b2eeea4e3aa14.sdkstatcache -output-file-map /Users/admin/builder/spi-builder-workspace/.derivedData/Build/Intermediates.noindex/SKTiled.build/Debug-iphoneos/SKTiled-t.build/Objects-normal/arm64/SKTiled-OutputFileMap.json -save-temps -no-color-diagnostics -explicit-module-build -module-cache-path /Users/admin/builder/spi-builder-workspace/.derivedData/Build/Intermediates.noindex/SwiftExplicitPrecompiledModules -clang-scanner-module-cache-path /Users/admin/builder/spi-builder-workspace/.derivedData/ModuleCache.noindex -sdk-module-cache-path /Users/admin/builder/spi-builder-workspace/.derivedData/SDKExplicitPrecompiledModules -emit-dependencies -emit-module -emit-module-path /Users/admin/builder/spi-builder-workspace/.derivedData/Build/Intermediates.noindex/SKTiled.build/Debug-iphoneos/SKTiled-t.build/Objects-normal/arm64/SKTiled.swiftmodule -serialize-diagnostics -dependency-scan-serialize-diagnostics-path /Users/admin/builder/spi-builder-workspace/.derivedData/Build/Intermediates.noindex/SKTiled.build/Debug-iphoneos/SKTiled-t.build/Objects-normal/arm64/SKTiled-dependency-scan.dia -validate-clang-modules-once -clang-build-session-file /Users/admin/builder/spi-builder-workspace/.derivedData/ModuleCache.noindex/Session.modulevalidation -Xcc -fmodules-prune-interval\=86400 -Xcc -fmodules-prune-after\=345600 -emit-const-values -const-gather-protocols-list /Users/admin/builder/spi-builder-workspace/.derivedData/Build/Intermediates.noindex/SKTiled.build/Debug-iphoneos/SKTiled-t.build/Objects-normal/arm64/SKTiled_const_extract_protocols.json -Xcc -I/Users/admin/builder/spi-builder-workspace/.derivedData/Build/Products/Debug-iphoneos/include -Xcc -I/Users/admin/builder/spi-builder-workspace/.derivedData/Build/Intermediates.noindex/SKTiled.build/Debug-iphoneos/SKTiled-t.build/DerivedSources-normal/arm64 -Xcc -I/Users/admin/builder/spi-builder-workspace/.derivedData/Build/Intermediates.noindex/SKTiled.build/Debug-iphoneos/SKTiled-t.build/DerivedSources/arm64 -Xcc -I/Users/admin/builder/spi-builder-workspace/.derivedData/Build/Intermediates.noindex/SKTiled.build/Debug-iphoneos/SKTiled-t.build/DerivedSources -Xcc -DSWIFT_PACKAGE -Xcc -DDEBUG\=1 -emit-objc-header -emit-objc-header-path /Users/admin/builder/spi-builder-workspace/.derivedData/Build/Intermediates.noindex/SKTiled.build/Debug-iphoneos/SKTiled-t.build/Objects-normal/arm64/SKTiled-Swift.h -working-directory /Users/admin/builder/spi-builder-workspace/.swiftpm/xcode -experimental-emit-module-separately -disable-cmo
SwiftCompile normal arm64 Compiling\ SKImageLayer.swift,\ SKObjectGroup.swift,\ SKTile.swift,\ SKTileLayer.swift /Users/admin/builder/spi-builder-workspace/Sources/SKImageLayer.swift /Users/admin/builder/spi-builder-workspace/Sources/SKObjectGroup.swift /Users/admin/builder/spi-builder-workspace/Sources/SKTile.swift /Users/admin/builder/spi-builder-workspace/Sources/SKTileLayer.swift (in target 'SKTiled' from project 'SKTiled')
SwiftCompile normal arm64 /Users/admin/builder/spi-builder-workspace/Sources/SKImageLayer.swift (in target 'SKTiled' from project 'SKTiled')
    cd /Users/admin/builder/spi-builder-workspace/.swiftpm/xcode
    builtin-SwiftPerFileCompile SKImageLayer.swift
SwiftCompile normal arm64 /Users/admin/builder/spi-builder-workspace/Sources/SKObjectGroup.swift (in target 'SKTiled' from project 'SKTiled')
    cd /Users/admin/builder/spi-builder-workspace/.swiftpm/xcode
    builtin-SwiftPerFileCompile SKObjectGroup.swift
SwiftCompile normal arm64 /Users/admin/builder/spi-builder-workspace/Sources/SKTile.swift (in target 'SKTiled' from project 'SKTiled')
    cd /Users/admin/builder/spi-builder-workspace/.swiftpm/xcode
    builtin-SwiftPerFileCompile SKTile.swift
SwiftCompile normal arm64 /Users/admin/builder/spi-builder-workspace/Sources/SKTileLayer.swift (in target 'SKTiled' from project 'SKTiled')
    cd /Users/admin/builder/spi-builder-workspace/.swiftpm/xcode
    builtin-SwiftPerFileCompile SKTileLayer.swift
/Users/admin/builder/spi-builder-workspace/Sources/SKTile.swift:219:14: error: overriding declaration requires an 'override' keyword
 217 |
 218 |     /// Returns the bounding box of the shape.
 219 |     open var bounds: CGRect {
     |              `- error: overriding declaration requires an 'override' keyword
 220 |         return CGRect(x: 0, y: 0, width: tileSize.width, height: -tileSize.height)
 221 |     }
/Applications/Xcode-27.0.0-Release.Candidate.app/Contents/Developer/Platforms/iPhoneOS.platform/Developer/SDKs/iPhoneOS.sdk/System/Library/SubFrameworks/UIUtilities.framework/Headers/UICoordinateSpace.h:20:40: note: overridden declaration is here
18 | - (CGRect)convertRect:(CGRect)rect fromCoordinateSpace:(id <UICoordinateSpace>)coordinateSpace API_AVAILABLE(ios(8.0)) API_UNAVAILABLE(watchos);
19 |
20 | @property (readonly, nonatomic) CGRect bounds API_AVAILABLE(ios(8.0)) API_UNAVAILABLE(watchos);
   |                                        `- note: overridden declaration is here
21 |
22 | @end
/Users/admin/builder/spi-builder-workspace/Sources/SKTile.swift:936:5: warning: non-'@objc' property declared in extension cannot be overridden; use 'public' instead; this will be an error in a future Swift language mode
 934 |
 935 |     /// Opacity value of the tile.
 936 |     open var opacity: CGFloat {
     |     `- warning: non-'@objc' property declared in extension cannot be overridden; use 'public' instead; this will be an error in a future Swift language mode
 937 |         get {
 938 |             return self.alpha
/Users/admin/builder/spi-builder-workspace/Sources/SKTile.swift:946:5: warning: non-'@objc' property declared in extension cannot be overridden; use 'public' instead; this will be an error in a future Swift language mode
 944 |
 945 |     /// Tile visibility.
 946 |     open var visible: Bool {
     |     `- warning: non-'@objc' property declared in extension cannot be overridden; use 'public' instead; this will be an error in a future Swift language mode
 947 |         get {
 948 |             return !self.isHidden
/Users/admin/builder/spi-builder-workspace/Sources/SKTile.swift:956:5: warning: non-'@objc' property declared in extension cannot be overridden; use 'public' instead; this will be an error in a future Swift language mode
 954 |
 955 |     /// Show/hide the tile's bounding shape.
 956 |     open var showBounds: Bool {
     |     `- warning: non-'@objc' property declared in extension cannot be overridden; use 'public' instead; this will be an error in a future Swift language mode
 957 |         get {
 958 |             return (childNode(withName: boundsKey) != nil) ? childNode(withName: boundsKey)!.isHidden == false : false
/Users/admin/builder/spi-builder-workspace/Sources/SKTile.swift:989:5: warning: non-'@objc' property declared in extension cannot be overridden; use 'public' instead; this will be an error in a future Swift language mode
 987 |     override open var debugDescription: String { return "<\(description)>" }
 988 |
 989 |     open var shortDescription: String {
     |     `- warning: non-'@objc' property declared in extension cannot be overridden; use 'public' instead; this will be an error in a future Swift language mode
 990 |         var result = "Tile id: \(self.tileData.id)"
 991 |         result += (self.tileData.type != nil) ? ", type: \"\(self.tileData.type!)\"" : ""
SwiftCompile normal arm64 Compiling\ AnchorNode.swift,\ Array2D.swift,\ Logging.swift,\ SKGroupLayer.swift /Users/admin/builder/spi-builder-workspace/Sources/AnchorNode.swift /Users/admin/builder/spi-builder-workspace/Sources/Array2D.swift /Users/admin/builder/spi-builder-workspace/Sources/Logging.swift /Users/admin/builder/spi-builder-workspace/Sources/SKGroupLayer.swift (in target 'SKTiled' from project 'SKTiled')
SwiftCompile normal arm64 /Users/admin/builder/spi-builder-workspace/Sources/AnchorNode.swift (in target 'SKTiled' from project 'SKTiled')
    cd /Users/admin/builder/spi-builder-workspace/.swiftpm/xcode
    builtin-SwiftPerFileCompile AnchorNode.swift
SwiftCompile normal arm64 /Users/admin/builder/spi-builder-workspace/Sources/Array2D.swift (in target 'SKTiled' from project 'SKTiled')
    cd /Users/admin/builder/spi-builder-workspace/.swiftpm/xcode
    builtin-SwiftPerFileCompile Array2D.swift
SwiftCompile normal arm64 /Users/admin/builder/spi-builder-workspace/Sources/Logging.swift (in target 'SKTiled' from project 'SKTiled')
    cd /Users/admin/builder/spi-builder-workspace/.swiftpm/xcode
    builtin-SwiftPerFileCompile Logging.swift
SwiftCompile normal arm64 /Users/admin/builder/spi-builder-workspace/Sources/SKGroupLayer.swift (in target 'SKTiled' from project 'SKTiled')
    cd /Users/admin/builder/spi-builder-workspace/.swiftpm/xcode
    builtin-SwiftPerFileCompile SKGroupLayer.swift
SwiftCompile normal arm64 Compiling\ SKTiledSceneCamera.swift,\ SKTilemap.swift,\ SKTilemapParser.swift /Users/admin/builder/spi-builder-workspace/Sources/SKTiledSceneCamera.swift /Users/admin/builder/spi-builder-workspace/Sources/SKTilemap.swift /Users/admin/builder/spi-builder-workspace/Sources/SKTilemapParser.swift (in target 'SKTiled' from project 'SKTiled')
/Users/admin/builder/spi-builder-workspace/Sources/SKTiledSceneCamera.swift:110:18: error: overriding property must be as accessible as its enclosing type
108 |
109 |     /// Camera bounds.
110 |     internal var bounds: CGRect
    |                  `- error: overriding property must be as accessible as its enclosing type
111 |
112 |     /// Camera observers.
/Applications/Xcode-27.0.0-Release.Candidate.app/Contents/Developer/Platforms/iPhoneOS.platform/Developer/SDKs/iPhoneOS.sdk/System/Library/SubFrameworks/UIUtilities.framework/Headers/UICoordinateSpace.h:20:40: note: overridden declaration is here
18 | - (CGRect)convertRect:(CGRect)rect fromCoordinateSpace:(id <UICoordinateSpace>)coordinateSpace API_AVAILABLE(ios(8.0)) API_UNAVAILABLE(watchos);
19 |
20 | @property (readonly, nonatomic) CGRect bounds API_AVAILABLE(ios(8.0)) API_UNAVAILABLE(watchos);
   |                                        `- note: overridden declaration is here
21 |
22 | @end
/Users/admin/builder/spi-builder-workspace/Sources/SKTiledSceneCamera.swift:110:18: error: cannot override with a stored property 'bounds'
108 |
109 |     /// Camera bounds.
110 |     internal var bounds: CGRect
    |                  `- error: cannot override with a stored property 'bounds'
111 |
112 |     /// Camera observers.
/Applications/Xcode-27.0.0-Release.Candidate.app/Contents/Developer/Platforms/iPhoneOS.platform/Developer/SDKs/iPhoneOS.sdk/System/Library/SubFrameworks/UIUtilities.framework/Headers/UICoordinateSpace.h:20:40: note: attempt to override property here
18 | - (CGRect)convertRect:(CGRect)rect fromCoordinateSpace:(id <UICoordinateSpace>)coordinateSpace API_AVAILABLE(ios(8.0)) API_UNAVAILABLE(watchos);
19 |
20 | @property (readonly, nonatomic) CGRect bounds API_AVAILABLE(ios(8.0)) API_UNAVAILABLE(watchos);
   |                                        `- note: attempt to override property here
21 |
22 | @end
/Users/admin/builder/spi-builder-workspace/Sources/SKTiledSceneCamera.swift:602:21: error: ambiguous use of 'bounds'
108 |
109 |     /// Camera bounds.
110 |     internal var bounds: CGRect
    |                  `- note: found this candidate
111 |
112 |     /// Camera observers.
    :
600 |      */
601 |     public func getVertices() -> [CGPoint] {
602 |         return self.bounds.points
    |                     `- error: ambiguous use of 'bounds'
603 |     }
604 | }
/Applications/Xcode-27.0.0-Release.Candidate.app/Contents/Developer/Platforms/iPhoneOS.platform/Developer/SDKs/iPhoneOS.sdk/System/Library/SubFrameworks/UIUtilities.framework/Headers/UICoordinateSpace.h:20:40: note: found this candidate in module 'SpriteKit'
18 | - (CGRect)convertRect:(CGRect)rect fromCoordinateSpace:(id <UICoordinateSpace>)coordinateSpace API_AVAILABLE(ios(8.0)) API_UNAVAILABLE(watchos);
19 |
20 | @property (readonly, nonatomic) CGRect bounds API_AVAILABLE(ios(8.0)) API_UNAVAILABLE(watchos);
   |                                        `- note: found this candidate in module 'SpriteKit'
21 |
22 | @end
/Users/admin/builder/spi-builder-workspace/Sources/SKTiledSceneCamera.swift:675:78: error: ambiguous use of 'bounds'
108 |
109 |     /// Camera bounds.
110 |     internal var bounds: CGRect
    |                  `- note: found this candidate
111 |
112 |     /// Camera observers.
    :
673 |     override public var description: String {
674 |         guard let scene = scene else { return "Camera: "}
675 |         let rect = CGRect(origin: scene.convert(position, from: self), size: bounds.size)
    |                                                                              `- error: ambiguous use of 'bounds'
676 |         let uiScale = getContentScaleFactor()
677 |         let scaleString = (uiScale > 1) ? ", scale: \(uiScale)" : ""
/Applications/Xcode-27.0.0-Release.Candidate.app/Contents/Developer/Platforms/iPhoneOS.platform/Developer/SDKs/iPhoneOS.sdk/System/Library/SubFrameworks/UIUtilities.framework/Headers/UICoordinateSpace.h:20:40: note: found this candidate in module 'SpriteKit'
18 | - (CGRect)convertRect:(CGRect)rect fromCoordinateSpace:(id <UICoordinateSpace>)coordinateSpace API_AVAILABLE(ios(8.0)) API_UNAVAILABLE(watchos);
19 |
20 | @property (readonly, nonatomic) CGRect bounds API_AVAILABLE(ios(8.0)) API_UNAVAILABLE(watchos);
   |                                        `- note: found this candidate in module 'SpriteKit'
21 |
22 | @end
/Users/admin/builder/spi-builder-workspace/Sources/SKTiledSceneCamera.swift:686:27: error: ambiguous use of 'bounds'
108 |
109 |     /// Camera bounds.
110 |     internal var bounds: CGRect
    |                  `- note: found this candidate
111 |
112 |     /// Camera observers.
    :
684 |     override public var debugDescription: String {
685 |         let clampString = (zoomClamping != .none) ? ", clamp: \(zoomClamping.minimum)" : ""
686 |         return "Camera: \(bounds.roundTo()), zoom: \(zoom.roundTo())\(clampString)"
    |                           `- error: ambiguous use of 'bounds'
687 |     }
688 | }
/Applications/Xcode-27.0.0-Release.Candidate.app/Contents/Developer/Platforms/iPhoneOS.platform/Developer/SDKs/iPhoneOS.sdk/System/Library/SubFrameworks/UIUtilities.framework/Headers/UICoordinateSpace.h:20:40: note: found this candidate in module 'SpriteKit'
18 | - (CGRect)convertRect:(CGRect)rect fromCoordinateSpace:(id <UICoordinateSpace>)coordinateSpace API_AVAILABLE(ios(8.0)) API_UNAVAILABLE(watchos);
19 |
20 | @property (readonly, nonatomic) CGRect bounds API_AVAILABLE(ios(8.0)) API_UNAVAILABLE(watchos);
   |                                        `- note: found this candidate in module 'SpriteKit'
21 |
22 | @end
SwiftCompile normal arm64 /Users/admin/builder/spi-builder-workspace/Sources/SKTiledSceneCamera.swift (in target 'SKTiled' from project 'SKTiled')
    cd /Users/admin/builder/spi-builder-workspace/.swiftpm/xcode
    builtin-SwiftPerFileCompile SKTiledSceneCamera.swift
SwiftCompile normal arm64 /Users/admin/builder/spi-builder-workspace/Sources/SKTilemap.swift (in target 'SKTiled' from project 'SKTiled')
    cd /Users/admin/builder/spi-builder-workspace/.swiftpm/xcode
    builtin-SwiftPerFileCompile SKTilemap.swift
SwiftCompile normal arm64 /Users/admin/builder/spi-builder-workspace/Sources/SKTilemapParser.swift (in target 'SKTiled' from project 'SKTiled')
    cd /Users/admin/builder/spi-builder-workspace/.swiftpm/xcode
    builtin-SwiftPerFileCompile SKTilemapParser.swift
SwiftCompile normal arm64 Compiling\ SKTileObject.swift,\ SKTiled+Debug.swift,\ SKTiled+Extensions.swift,\ SKTiled+GameplayKit.swift /Users/admin/builder/spi-builder-workspace/Sources/SKTileObject.swift /Users/admin/builder/spi-builder-workspace/Sources/SKTiled+Debug.swift /Users/admin/builder/spi-builder-workspace/Sources/SKTiled+Extensions.swift /Users/admin/builder/spi-builder-workspace/Sources/SKTiled+GameplayKit.swift (in target 'SKTiled' from project 'SKTiled')
/Users/admin/builder/spi-builder-workspace/Sources/SKTileObject.swift:329:14: error: overriding declaration requires an 'override' keyword
 327 |
 328 |     /// Returns the bounding box of the shape.
 329 |     open var bounds: CGRect {
     |              `- error: overriding declaration requires an 'override' keyword
 330 |         return CGRect(x: 0, y: 0, width: size.width, height: -size.height)
 331 |     }
/Applications/Xcode-27.0.0-Release.Candidate.app/Contents/Developer/Platforms/iPhoneOS.platform/Developer/SDKs/iPhoneOS.sdk/System/Library/SubFrameworks/UIUtilities.framework/Headers/UICoordinateSpace.h:20:40: note: overridden declaration is here
18 | - (CGRect)convertRect:(CGRect)rect fromCoordinateSpace:(id <UICoordinateSpace>)coordinateSpace API_AVAILABLE(ios(8.0)) API_UNAVAILABLE(watchos);
19 |
20 | @property (readonly, nonatomic) CGRect bounds API_AVAILABLE(ios(8.0)) API_UNAVAILABLE(watchos);
   |                                        `- note: overridden declaration is here
21 |
22 | @end
/Users/admin/builder/spi-builder-workspace/Sources/SKTileObject.swift:1073:5: warning: non-'@objc' property declared in extension cannot be overridden; use 'public' instead; this will be an error in a future Swift language mode
1071 |     }
1072 |
1073 |     open var shortDescription: String {
     |     `- warning: non-'@objc' property declared in extension cannot be overridden; use 'public' instead; this will be an error in a future Swift language mode
1074 |         var result = "\(objectType.name) id: \(self.id)"
1075 |         result += (self.type != nil) ? ", type: \"\(self.type!)\"" : ""
/Users/admin/builder/spi-builder-workspace/Sources/SKTileObject.swift:1084:5: warning: non-'@objc' property declared in extension cannot be overridden; use 'public' instead; this will be an error in a future Swift language mode
1082 |
1083 |     /// Object opacity
1084 |     open var opacity: CGFloat {
     |     `- warning: non-'@objc' property declared in extension cannot be overridden; use 'public' instead; this will be an error in a future Swift language mode
1085 |         get {
1086 |             return self.alpha
/Users/admin/builder/spi-builder-workspace/Sources/SKTileObject.swift:1094:5: warning: non-'@objc' property declared in extension cannot be overridden; use 'public' instead; this will be an error in a future Swift language mode
1092 |
1093 |     /// Object visibility
1094 |     open var visible: Bool {
     |     `- warning: non-'@objc' property declared in extension cannot be overridden; use 'public' instead; this will be an error in a future Swift language mode
1095 |         get {
1096 |             return !self.isHidden
/Users/admin/builder/spi-builder-workspace/Sources/SKTileObject.swift:1104:5: warning: non-'@objc' property declared in extension cannot be overridden; use 'public' instead; this will be an error in a future Swift language mode
1102 |
1103 |     /// Returns true if the object references an animated tile.
1104 |     open var isAnimated: Bool {
     |     `- warning: non-'@objc' property declared in extension cannot be overridden; use 'public' instead; this will be an error in a future Swift language mode
1105 |         if let tile = self.tile {
1106 |             return tile.tileData.isAnimated
/Users/admin/builder/spi-builder-workspace/Sources/SKTileObject.swift:1112:5: warning: non-'@objc' property declared in extension cannot be overridden; use 'public' instead; this will be an error in a future Swift language mode
1110 |
1111 |     /// Signifies that the object is a text object.
1112 |     open var isTextObject: Bool {
     |     `- warning: non-'@objc' property declared in extension cannot be overridden; use 'public' instead; this will be an error in a future Swift language mode
1113 |         return (textAttributes != nil)
1114 |     }
/Users/admin/builder/spi-builder-workspace/Sources/SKTileObject.swift:1117:5: warning: non-'@objc' property declared in extension cannot be overridden; use 'public' instead; this will be an error in a future Swift language mode
1115 |
1116 |     /// Signifies that the object is a tile object.
1117 |     open var isTileObject: Bool {
     |     `- warning: non-'@objc' property declared in extension cannot be overridden; use 'public' instead; this will be an error in a future Swift language mode
1118 |         return (gid != nil)
1119 |     }
/Users/admin/builder/spi-builder-workspace/Sources/SKTileObject.swift:1249:5: warning: non-'@objc' instance method declared in extension cannot be overridden; use 'public' instead; this will be an error in a future Swift language mode
1247 |      */
1248 |     @available(*, deprecated)
1249 |     open func runAnimation() {}
     |     `- warning: non-'@objc' instance method declared in extension cannot be overridden; use 'public' instead; this will be an error in a future Swift language mode
1250 | }
1251 |
SwiftCompile normal arm64 /Users/admin/builder/spi-builder-workspace/Sources/SKTileObject.swift (in target 'SKTiled' from project 'SKTiled')
    cd /Users/admin/builder/spi-builder-workspace/.swiftpm/xcode
    builtin-SwiftPerFileCompile SKTileObject.swift
SwiftCompile normal arm64 /Users/admin/builder/spi-builder-workspace/Sources/SKTiled+Debug.swift (in target 'SKTiled' from project 'SKTiled')
    cd /Users/admin/builder/spi-builder-workspace/.swiftpm/xcode
    builtin-SwiftPerFileCompile SKTiled+Debug.swift
SwiftCompile normal arm64 /Users/admin/builder/spi-builder-workspace/Sources/SKTiled+Extensions.swift (in target 'SKTiled' from project 'SKTiled')
    cd /Users/admin/builder/spi-builder-workspace/.swiftpm/xcode
    builtin-SwiftPerFileCompile SKTiled+Extensions.swift
SwiftCompile normal arm64 /Users/admin/builder/spi-builder-workspace/Sources/SKTiled+GameplayKit.swift (in target 'SKTiled' from project 'SKTiled')
    cd /Users/admin/builder/spi-builder-workspace/.swiftpm/xcode
    builtin-SwiftPerFileCompile SKTiled+GameplayKit.swift
SwiftCompile normal arm64 Compiling\ TileAnimationFrame.swift,\ TileCollisionShape.swift,\ TileDataStorage.swift /Users/admin/builder/spi-builder-workspace/Sources/TileAnimationFrame.swift /Users/admin/builder/spi-builder-workspace/Sources/TileCollisionShape.swift /Users/admin/builder/spi-builder-workspace/Sources/TileDataStorage.swift (in target 'SKTiled' from project 'SKTiled')
SwiftCompile normal arm64 /Users/admin/builder/spi-builder-workspace/Sources/TileAnimationFrame.swift (in target 'SKTiled' from project 'SKTiled')
    cd /Users/admin/builder/spi-builder-workspace/.swiftpm/xcode
    builtin-SwiftPerFileCompile TileAnimationFrame.swift
SwiftCompile normal arm64 /Users/admin/builder/spi-builder-workspace/Sources/TileCollisionShape.swift (in target 'SKTiled' from project 'SKTiled')
    cd /Users/admin/builder/spi-builder-workspace/.swiftpm/xcode
    builtin-SwiftPerFileCompile TileCollisionShape.swift
SwiftCompile normal arm64 /Users/admin/builder/spi-builder-workspace/Sources/TileDataStorage.swift (in target 'SKTiled' from project 'SKTiled')
    cd /Users/admin/builder/spi-builder-workspace/.swiftpm/xcode
    builtin-SwiftPerFileCompile TileDataStorage.swift
SwiftEmitModule normal arm64 Emitting\ module\ for\ SKTiled (in target 'SKTiled' from project 'SKTiled')
/Users/admin/builder/spi-builder-workspace/Sources/Array2D.swift:66:19: warning: generic parameter 'T' shadows generic parameter from outer scope with the same name; this is an error in the Swift 6 language mode
 29 |
 30 | // Two-dimensional array structure.
 31 | struct Array2D<T> {
    |                `- note: 'T' previously declared here
 32 |
 33 |     /// Vertical count.
    :
 64 |     }
 65 |
 66 |     func contains<T : Equatable>(_ obj: T) -> Bool {
    |                   `- warning: generic parameter 'T' shadows generic parameter from outer scope with the same name; this is an error in the Swift 6 language mode
 67 |         let filtered = self.items.filter {$0 as? T == obj}
 68 |         return filtered.isEmpty == false
/Users/admin/builder/spi-builder-workspace/Sources/SKTile.swift:219:14: error: overriding declaration requires an 'override' keyword
 217 |
 218 |     /// Returns the bounding box of the shape.
 219 |     open var bounds: CGRect {
     |              `- error: overriding declaration requires an 'override' keyword
 220 |         return CGRect(x: 0, y: 0, width: tileSize.width, height: -tileSize.height)
 221 |     }
/Applications/Xcode-27.0.0-Release.Candidate.app/Contents/Developer/Platforms/iPhoneOS.platform/Developer/SDKs/iPhoneOS.sdk/System/Library/SubFrameworks/UIUtilities.framework/Headers/UICoordinateSpace.h:20:40: note: overridden declaration is here
18 | - (CGRect)convertRect:(CGRect)rect fromCoordinateSpace:(id <UICoordinateSpace>)coordinateSpace API_AVAILABLE(ios(8.0)) API_UNAVAILABLE(watchos);
19 |
20 | @property (readonly, nonatomic) CGRect bounds API_AVAILABLE(ios(8.0)) API_UNAVAILABLE(watchos);
   |                                        `- note: overridden declaration is here
21 |
22 | @end
/Users/admin/builder/spi-builder-workspace/Sources/SKTile.swift:936:5: warning: non-'@objc' property declared in extension cannot be overridden; use 'public' instead; this will be an error in a future Swift language mode
 934 |
 935 |     /// Opacity value of the tile.
 936 |     open var opacity: CGFloat {
     |     `- warning: non-'@objc' property declared in extension cannot be overridden; use 'public' instead; this will be an error in a future Swift language mode
 937 |         get {
 938 |             return self.alpha
/Users/admin/builder/spi-builder-workspace/Sources/SKTile.swift:946:5: warning: non-'@objc' property declared in extension cannot be overridden; use 'public' instead; this will be an error in a future Swift language mode
 944 |
 945 |     /// Tile visibility.
 946 |     open var visible: Bool {
     |     `- warning: non-'@objc' property declared in extension cannot be overridden; use 'public' instead; this will be an error in a future Swift language mode
 947 |         get {
 948 |             return !self.isHidden
/Users/admin/builder/spi-builder-workspace/Sources/SKTile.swift:956:5: warning: non-'@objc' property declared in extension cannot be overridden; use 'public' instead; this will be an error in a future Swift language mode
 954 |
 955 |     /// Show/hide the tile's bounding shape.
 956 |     open var showBounds: Bool {
     |     `- warning: non-'@objc' property declared in extension cannot be overridden; use 'public' instead; this will be an error in a future Swift language mode
 957 |         get {
 958 |             return (childNode(withName: boundsKey) != nil) ? childNode(withName: boundsKey)!.isHidden == false : false
/Users/admin/builder/spi-builder-workspace/Sources/SKTile.swift:989:5: warning: non-'@objc' property declared in extension cannot be overridden; use 'public' instead; this will be an error in a future Swift language mode
 987 |     override open var debugDescription: String { return "<\(description)>" }
 988 |
 989 |     open var shortDescription: String {
     |     `- warning: non-'@objc' property declared in extension cannot be overridden; use 'public' instead; this will be an error in a future Swift language mode
 990 |         var result = "Tile id: \(self.tileData.id)"
 991 |         result += (self.tileData.type != nil) ? ", type: \"\(self.tileData.type!)\"" : ""
/Users/admin/builder/spi-builder-workspace/Sources/SKTile.swift:1041:5: warning: non-'@objc' property declared in extension cannot be overridden; use 'public' instead; this will be an error in a future Swift language mode
1039 |     /// Pauses tile animation
1040 |     @available(*, deprecated, message: "Use the default `SKNode.isPaused` to pause animation.")
1041 |     open var pauseAnimation: Bool {
     |     `- warning: non-'@objc' property declared in extension cannot be overridden; use 'public' instead; this will be an error in a future Swift language mode
1042 |         get {
1043 |             return self.isPaused
/Users/admin/builder/spi-builder-workspace/Sources/SKTileObject.swift:329:14: error: overriding declaration requires an 'override' keyword
 327 |
 328 |     /// Returns the bounding box of the shape.
 329 |     open var bounds: CGRect {
     |              `- error: overriding declaration requires an 'override' keyword
 330 |         return CGRect(x: 0, y: 0, width: size.width, height: -size.height)
 331 |     }
/Applications/Xcode-27.0.0-Release.Candidate.app/Contents/Developer/Platforms/iPhoneOS.platform/Developer/SDKs/iPhoneOS.sdk/System/Library/SubFrameworks/UIUtilities.framework/Headers/UICoordinateSpace.h:20:40: note: overridden declaration is here
18 | - (CGRect)convertRect:(CGRect)rect fromCoordinateSpace:(id <UICoordinateSpace>)coordinateSpace API_AVAILABLE(ios(8.0)) API_UNAVAILABLE(watchos);
19 |
20 | @property (readonly, nonatomic) CGRect bounds API_AVAILABLE(ios(8.0)) API_UNAVAILABLE(watchos);
   |                                        `- note: overridden declaration is here
21 |
22 | @end
/Users/admin/builder/spi-builder-workspace/Sources/SKTileObject.swift:1073:5: warning: non-'@objc' property declared in extension cannot be overridden; use 'public' instead; this will be an error in a future Swift language mode
1071 |     }
1072 |
1073 |     open var shortDescription: String {
     |     `- warning: non-'@objc' property declared in extension cannot be overridden; use 'public' instead; this will be an error in a future Swift language mode
1074 |         var result = "\(objectType.name) id: \(self.id)"
1075 |         result += (self.type != nil) ? ", type: \"\(self.type!)\"" : ""
/Users/admin/builder/spi-builder-workspace/Sources/SKTileObject.swift:1084:5: warning: non-'@objc' property declared in extension cannot be overridden; use 'public' instead; this will be an error in a future Swift language mode
1082 |
1083 |     /// Object opacity
1084 |     open var opacity: CGFloat {
     |     `- warning: non-'@objc' property declared in extension cannot be overridden; use 'public' instead; this will be an error in a future Swift language mode
1085 |         get {
1086 |             return self.alpha
/Users/admin/builder/spi-builder-workspace/Sources/SKTileObject.swift:1094:5: warning: non-'@objc' property declared in extension cannot be overridden; use 'public' instead; this will be an error in a future Swift language mode
1092 |
1093 |     /// Object visibility
1094 |     open var visible: Bool {
     |     `- warning: non-'@objc' property declared in extension cannot be overridden; use 'public' instead; this will be an error in a future Swift language mode
1095 |         get {
1096 |             return !self.isHidden
/Users/admin/builder/spi-builder-workspace/Sources/SKTileObject.swift:1104:5: warning: non-'@objc' property declared in extension cannot be overridden; use 'public' instead; this will be an error in a future Swift language mode
1102 |
1103 |     /// Returns true if the object references an animated tile.
1104 |     open var isAnimated: Bool {
     |     `- warning: non-'@objc' property declared in extension cannot be overridden; use 'public' instead; this will be an error in a future Swift language mode
1105 |         if let tile = self.tile {
1106 |             return tile.tileData.isAnimated
/Users/admin/builder/spi-builder-workspace/Sources/SKTileObject.swift:1112:5: warning: non-'@objc' property declared in extension cannot be overridden; use 'public' instead; this will be an error in a future Swift language mode
1110 |
1111 |     /// Signifies that the object is a text object.
1112 |     open var isTextObject: Bool {
     |     `- warning: non-'@objc' property declared in extension cannot be overridden; use 'public' instead; this will be an error in a future Swift language mode
1113 |         return (textAttributes != nil)
1114 |     }
/Users/admin/builder/spi-builder-workspace/Sources/SKTileObject.swift:1117:5: warning: non-'@objc' property declared in extension cannot be overridden; use 'public' instead; this will be an error in a future Swift language mode
1115 |
1116 |     /// Signifies that the object is a tile object.
1117 |     open var isTileObject: Bool {
     |     `- warning: non-'@objc' property declared in extension cannot be overridden; use 'public' instead; this will be an error in a future Swift language mode
1118 |         return (gid != nil)
1119 |     }
/Users/admin/builder/spi-builder-workspace/Sources/SKTileObject.swift:1249:5: warning: non-'@objc' instance method declared in extension cannot be overridden; use 'public' instead; this will be an error in a future Swift language mode
1247 |      */
1248 |     @available(*, deprecated)
1249 |     open func runAnimation() {}
     |     `- warning: non-'@objc' instance method declared in extension cannot be overridden; use 'public' instead; this will be an error in a future Swift language mode
1250 | }
1251 |
/Users/admin/builder/spi-builder-workspace/Sources/SKTiled+Extensions.swift:530:1: warning: extension declares a conformance of imported type 'CGPoint' to imported protocol 'Hashable'; this will not behave correctly if the owners of 'CoreFoundation' introduce this conformance in the future
 528 |
 529 |
 530 | extension CGPoint: Hashable {
     | |- warning: extension declares a conformance of imported type 'CGPoint' to imported protocol 'Hashable'; this will not behave correctly if the owners of 'CoreFoundation' introduce this conformance in the future
     | `- note: add '@retroactive' to silence this warning
 531 |
 532 |     public func hash(into hasher: inout Hasher) {
/Users/admin/builder/spi-builder-workspace/Sources/SKTiled+GameplayKit.swift:302:5: warning: non-'@objc' instance method declared in extension cannot be overridden; use 'public' instead; this will be an error in a future Swift language mode
300 |      - returns: `GKGridGraphNode.Type` dictionary insertion was successfull.
301 |      */
302 |     open func objectForGraphType(named: String?) -> GKGridGraphNode.Type { return SKTiledGraphNode.self }
    |     `- warning: non-'@objc' instance method declared in extension cannot be overridden; use 'public' instead; this will be an error in a future Swift language mode
303 |
304 |     /**
/Users/admin/builder/spi-builder-workspace/Sources/SKTiled+GameplayKit.swift:312:5: warning: non-'@objc' instance method declared in extension cannot be overridden; use 'public' instead; this will be an error in a future Swift language mode
310 |      - returns: `Bool` dictionary insertion was successfull.
311 |      */
312 |     open func addGraph(named: String, graph: GKGridGraph<GKGridGraphNode>) -> Bool {
    |     `- warning: non-'@objc' instance method declared in extension cannot be overridden; use 'public' instead; this will be an error in a future Swift language mode
313 |         if (graphs[named] != nil) {
314 |             return false
/Users/admin/builder/spi-builder-workspace/Sources/SKTiled+GameplayKit.swift:328:5: warning: non-'@objc' instance method declared in extension cannot be overridden; use 'public' instead; this will be an error in a future Swift language mode
326 |      - returns: `GKGridGraph?` removed graph instance.
327 |      */
328 |     open func removeGraph(named: String) -> GKGridGraph<GKGridGraphNode>? {
    |     `- warning: non-'@objc' instance method declared in extension cannot be overridden; use 'public' instead; this will be an error in a future Swift language mode
329 |         log("removing graph \"\(named)\" to scene.", level: .debug)
330 |         return graphs.removeValue(forKey: named)
/Users/admin/builder/spi-builder-workspace/Sources/SKTiledLayerObject.swift:322:16: error: overriding declaration requires an 'override' keyword
 320 |
 321 |     /// Returns the frame rectangle of the layer (used to draw bounds).
 322 |     public var bounds: CGRect {
     |                `- error: overriding declaration requires an 'override' keyword
 323 |         return CGRect(x: 0, y: 0, width: sizeInPoints.width, height: -sizeInPoints.height)
 324 |     }
/Applications/Xcode-27.0.0-Release.Candidate.app/Contents/Developer/Platforms/iPhoneOS.platform/Developer/SDKs/iPhoneOS.sdk/System/Library/SubFrameworks/UIUtilities.framework/Headers/UICoordinateSpace.h:20:40: note: overridden declaration is here
18 | - (CGRect)convertRect:(CGRect)rect fromCoordinateSpace:(id <UICoordinateSpace>)coordinateSpace API_AVAILABLE(ios(8.0)) API_UNAVAILABLE(watchos);
19 |
20 | @property (readonly, nonatomic) CGRect bounds API_AVAILABLE(ios(8.0)) API_UNAVAILABLE(watchos);
   |                                        `- note: overridden declaration is here
21 |
22 | @end
/Users/admin/builder/spi-builder-workspace/Sources/SKTiledSceneCamera.swift:110:18: error: overriding property must be as accessible as its enclosing type
108 |
109 |     /// Camera bounds.
110 |     internal var bounds: CGRect
    |                  `- error: overriding property must be as accessible as its enclosing type
111 |
112 |     /// Camera observers.
/Applications/Xcode-27.0.0-Release.Candidate.app/Contents/Developer/Platforms/iPhoneOS.platform/Developer/SDKs/iPhoneOS.sdk/System/Library/SubFrameworks/UIUtilities.framework/Headers/UICoordinateSpace.h:20:40: note: overridden declaration is here
18 | - (CGRect)convertRect:(CGRect)rect fromCoordinateSpace:(id <UICoordinateSpace>)coordinateSpace API_AVAILABLE(ios(8.0)) API_UNAVAILABLE(watchos);
19 |
20 | @property (readonly, nonatomic) CGRect bounds API_AVAILABLE(ios(8.0)) API_UNAVAILABLE(watchos);
   |                                        `- note: overridden declaration is here
21 |
22 | @end
/Users/admin/builder/spi-builder-workspace/Sources/SKTiledSceneCamera.swift:110:18: error: cannot override with a stored property 'bounds'
108 |
109 |     /// Camera bounds.
110 |     internal var bounds: CGRect
    |                  `- error: cannot override with a stored property 'bounds'
111 |
112 |     /// Camera observers.
/Applications/Xcode-27.0.0-Release.Candidate.app/Contents/Developer/Platforms/iPhoneOS.platform/Developer/SDKs/iPhoneOS.sdk/System/Library/SubFrameworks/UIUtilities.framework/Headers/UICoordinateSpace.h:20:40: note: attempt to override property here
18 | - (CGRect)convertRect:(CGRect)rect fromCoordinateSpace:(id <UICoordinateSpace>)coordinateSpace API_AVAILABLE(ios(8.0)) API_UNAVAILABLE(watchos);
19 |
20 | @property (readonly, nonatomic) CGRect bounds API_AVAILABLE(ios(8.0)) API_UNAVAILABLE(watchos);
   |                                        `- note: attempt to override property here
21 |
22 | @end
/Users/admin/builder/spi-builder-workspace/Sources/SKTilemap.swift:297:16: error: cannot override with a stored property 'bounds'
 295 |
 296 |     /// Map bounds.
 297 |     public var bounds: CGRect = CGRect.zero
     |                `- error: cannot override with a stored property 'bounds'
 298 |
 299 |     /// Receive notifications from camera.
/Applications/Xcode-27.0.0-Release.Candidate.app/Contents/Developer/Platforms/iPhoneOS.platform/Developer/SDKs/iPhoneOS.sdk/System/Library/SubFrameworks/UIUtilities.framework/Headers/UICoordinateSpace.h:20:40: note: attempt to override property here
18 | - (CGRect)convertRect:(CGRect)rect fromCoordinateSpace:(id <UICoordinateSpace>)coordinateSpace API_AVAILABLE(ios(8.0)) API_UNAVAILABLE(watchos);
19 |
20 | @property (readonly, nonatomic) CGRect bounds API_AVAILABLE(ios(8.0)) API_UNAVAILABLE(watchos);
   |                                        `- note: attempt to override property here
21 |
22 | @end
Failed frontend command:
/Applications/Xcode-27.0.0-Release.Candidate.app/Contents/Developer/Toolchains/XcodeDefault.xctoolchain/usr/bin/swift-frontend -frontend -emit-module -experimental-skip-non-inlinable-function-bodies-without-types /Users/admin/builder/spi-builder-workspace/Sources/AnchorNode.swift /Users/admin/builder/spi-builder-workspace/Sources/Array2D.swift /Users/admin/builder/spi-builder-workspace/Sources/Logging.swift /Users/admin/builder/spi-builder-workspace/Sources/SKGroupLayer.swift /Users/admin/builder/spi-builder-workspace/Sources/SKImageLayer.swift /Users/admin/builder/spi-builder-workspace/Sources/SKObjectGroup.swift /Users/admin/builder/spi-builder-workspace/Sources/SKTile.swift /Users/admin/builder/spi-builder-workspace/Sources/SKTileLayer.swift /Users/admin/builder/spi-builder-workspace/Sources/SKTileObject.swift /Users/admin/builder/spi-builder-workspace/Sources/SKTiled+Debug.swift /Users/admin/builder/spi-builder-workspace/Sources/SKTiled+Extensions.swift /Users/admin/builder/spi-builder-workspace/Sources/SKTiled+GameplayKit.swift /Users/admin/builder/spi-builder-workspace/Sources/SKTiled+Properties.swift /Users/admin/builder/spi-builder-workspace/Sources/SKTiledLayerObject.swift /Users/admin/builder/spi-builder-workspace/Sources/SKTiledObject.swift /Users/admin/builder/spi-builder-workspace/Sources/SKTiledScene.swift /Users/admin/builder/spi-builder-workspace/Sources/SKTiledSceneCamera.swift /Users/admin/builder/spi-builder-workspace/Sources/SKTilemap.swift /Users/admin/builder/spi-builder-workspace/Sources/SKTilemapParser.swift /Users/admin/builder/spi-builder-workspace/Sources/SKTileset.swift /Users/admin/builder/spi-builder-workspace/Sources/SKTilesetData.swift /Users/admin/builder/spi-builder-workspace/Sources/ThreadSafeArray.swift /Users/admin/builder/spi-builder-workspace/Sources/TileAnimationFrame.swift /Users/admin/builder/spi-builder-workspace/Sources/TileCollisionShape.swift /Users/admin/builder/spi-builder-workspace/Sources/TileDataStorage.swift /Users/admin/builder/spi-builder-workspace/Sources/TileObjectOverlay.swift /Users/admin/builder/spi-builder-workspace/Sources/TileObjectProxy.swift /Users/admin/builder/spi-builder-workspace/Sources/TiledBackgroundLayer.swift /Users/admin/builder/spi-builder-workspace/Sources/TiledDebugDrawNode.swift /Users/admin/builder/spi-builder-workspace/Sources/TiledGlobals.swift /Users/admin/builder/spi-builder-workspace/Sources/TiledSceneCameraDelegate.swift /Users/admin/builder/spi-builder-workspace/Sources/TiledSceneDelegate.swift /Users/admin/builder/spi-builder-workspace/Sources/TilemapDelegate.swift /Users/admin/builder/spi-builder-workspace/Sources/TilesetDataSource.swift -target arm64-apple-ios15.0 -disable-cross-import-overlay-search -swift-module-cross-import SpriteKit /Applications/Xcode-27.0.0-Release.Candidate.app/Contents/Developer/Platforms/iPhoneOS.platform/Developer/SDKs/iPhoneOS.sdk/System/Library/Frameworks/SpriteKit.framework/Modules/SpriteKit.swiftcrossimport/SwiftUI.swiftoverlay -load-resolved-plugin /Applications/Xcode-27.0.0-Release.Candidate.app/Contents/Developer/Platforms/iPhoneOS.platform/Developer/usr/lib/swift/host/plugins/libFoundationMacros.dylib\#/Applications/Xcode-27.0.0-Release.Candidate.app/Contents/Developer/Platforms/iPhoneOS.platform/Developer/usr/bin/swift-plugin-server\#FoundationMacros -load-resolved-plugin /Applications/Xcode-27.0.0-Release.Candidate.app/Contents/Developer/Platforms/iPhoneOS.platform/Developer/usr/lib/swift/host/plugins/libObservationMacros.dylib\#/Applications/Xcode-27.0.0-Release.Candidate.app/Contents/Developer/Platforms/iPhoneOS.platform/Developer/usr/bin/swift-plugin-server\#ObservationMacros -load-resolved-plugin /Applications/Xcode-27.0.0-Release.Candidate.app/Contents/Developer/Platforms/iPhoneOS.platform/Developer/usr/lib/swift/host/plugins/libPreviewsMacros.dylib\#/Applications/Xcode-27.0.0-Release.Candidate.app/Contents/Developer/Platforms/iPhoneOS.platform/Developer/usr/bin/swift-plugin-server\#PreviewsMacros -load-resolved-plugin /Applications/Xcode-27.0.0-Release.Candidate.app/Contents/Developer/Platforms/iPhoneOS.platform/Developer/usr/lib/swift/host/plugins/libSwiftMacros.dylib\#/Applications/Xcode-27.0.0-Release.Candidate.app/Contents/Developer/Platforms/iPhoneOS.platform/Developer/usr/bin/swift-plugin-server\#SwiftMacros -load-resolved-plugin /Applications/Xcode-27.0.0-Release.Candidate.app/Contents/Developer/Platforms/iPhoneOS.platform/Developer/usr/lib/swift/host/plugins/libSwiftUIMacros.dylib\#/Applications/Xcode-27.0.0-Release.Candidate.app/Contents/Developer/Platforms/iPhoneOS.platform/Developer/usr/bin/swift-plugin-server\#SwiftUIMacros -disable-implicit-swift-modules -Xcc -fno-implicit-modules -Xcc -fno-implicit-module-maps -explicit-swift-module-map-file /Users/admin/builder/spi-builder-workspace/.derivedData/Build/Intermediates.noindex/SKTiled.build/Debug-iphoneos/SKTiled-t.build/Objects-normal/arm64/SKTiled-dependencies-1.json -Xllvm -aarch64-use-tbi -enable-objc-interop -stack-check -sdk /Applications/Xcode-27.0.0-Release.Candidate.app/Contents/Developer/Platforms/iPhoneOS.platform/Developer/SDKs/iPhoneOS27.0.sdk -I /Users/admin/builder/spi-builder-workspace/.derivedData/Build/Products/Debug-iphoneos -Isystem /Applications/Xcode-27.0.0-Release.Candidate.app/Contents/Developer/Platforms/iPhoneOS.platform/Developer/usr/lib -F /Users/admin/builder/spi-builder-workspace/.derivedData/Build/Products/Debug-iphoneos -F /Applications/Xcode-27.0.0-Release.Candidate.app/Contents/Developer/Platforms/iPhoneOS.platform/Developer/Library/Frameworks -F /Applications/Xcode-27.0.0-Release.Candidate.app/Contents/Developer/Platforms/iPhoneOS.platform/Developer/SDKs/iPhoneOS27.0.sdk/Developer/Library/Frameworks -module-cache-path /Users/admin/builder/spi-builder-workspace/.derivedData/Build/Intermediates.noindex/SwiftExplicitPrecompiledModules -no-color-diagnostics -Xcc -fno-color-diagnostics -enable-testing -g -debug-info-format\=dwarf -dwarf-version\=4 -profile-generate -profile-coverage-mapping -swift-version 5 -Onone -D SWIFT_PACKAGE -D DEBUG -D SWIFT_MODULE_RESOURCE_BUNDLE_UNAVAILABLE -D Xcode -serialize-debugging-options -enable-experimental-feature DebugDescriptionMacro -empty-abi-descriptor -validate-clang-modules-once -clang-build-session-file /Users/admin/builder/spi-builder-workspace/.derivedData/ModuleCache.noindex/Session.modulevalidation -Xcc -working-directory -Xcc /Users/admin/builder/spi-builder-workspace/.swiftpm/xcode -enable-anonymous-context-mangled-names -file-compilation-dir /Users/admin/builder/spi-builder-workspace/.swiftpm/xcode -Xcc -D_LIBCPP_HARDENING_MODE\=_LIBCPP_HARDENING_MODE_DEBUG -Xcc -ivfsstatcache -Xcc /Users/admin/builder/spi-builder-workspace/.derivedData/SDKStatCaches.noindex/iphoneos27.0-24A430-e829b21a6f8c9b70876ba0858053c04440ceaa042ed91876912b2eeea4e3aa14.sdkstatcache -Xcc -fmodules-prune-interval\=86400 -Xcc -fmodules-prune-after\=345600 -Xcc -I/Users/admin/builder/spi-builder-workspace/.derivedData/Build/Products/Debug-iphoneos/include -Xcc -I/Users/admin/builder/spi-builder-workspace/.derivedData/Build/Intermediates.noindex/SKTiled.build/Debug-iphoneos/SKTiled-t.build/DerivedSources-normal/arm64 -Xcc -I/Users/admin/builder/spi-builder-workspace/.derivedData/Build/Intermediates.noindex/SKTiled.build/Debug-iphoneos/SKTiled-t.build/DerivedSources/arm64 -Xcc -I/Users/admin/builder/spi-builder-workspace/.derivedData/Build/Intermediates.noindex/SKTiled.build/Debug-iphoneos/SKTiled-t.build/DerivedSources -Xcc -DSWIFT_PACKAGE -Xcc -DDEBUG\=1 -no-auto-bridging-header-chaining -module-name SKTiled -const-gather-protocols-file /Users/admin/builder/spi-builder-workspace/.derivedData/Build/Intermediates.noindex/SKTiled.build/Debug-iphoneos/SKTiled-t.build/Objects-normal/arm64/SKTiled_const_extract_protocols.json -disable-clang-spi -clang-target arm64-apple-ios27.0 -target-sdk-version 27.0 -target-sdk-name iphoneos27.0 -in-process-plugin-server-path /Applications/Xcode-27.0.0-Release.Candidate.app/Contents/Developer/Toolchains/XcodeDefault.xctoolchain/usr/lib/swift/host/libSwiftInProcPluginServer.dylib -emit-module-doc-path /Users/admin/builder/spi-builder-workspace/.derivedData/Build/Intermediates.noindex/SKTiled.build/Debug-iphoneos/SKTiled-t.build/Objects-normal/arm64/SKTiled.swiftdoc -emit-module-source-info-path /Users/admin/builder/spi-builder-workspace/.derivedData/Build/Intermediates.noindex/SKTiled.build/Debug-iphoneos/SKTiled-t.build/Objects-normal/arm64/SKTiled.swiftsourceinfo -emit-objc-header-path /Users/admin/builder/spi-builder-workspace/.derivedData/Build/Intermediates.noindex/SKTiled.build/Debug-iphoneos/SKTiled-t.build/Objects-normal/arm64/SKTiled-Swift.h -serialize-diagnostics-path /Users/admin/builder/spi-builder-workspace/.derivedData/Build/Intermediates.noindex/SKTiled.build/Debug-iphoneos/SKTiled-t.build/Objects-normal/arm64/SKTiled-primary-emit-module.dia -emit-dependencies-path /Users/admin/builder/spi-builder-workspace/.derivedData/Build/Intermediates.noindex/SKTiled.build/Debug-iphoneos/SKTiled-t.build/Objects-normal/arm64/SKTiled-primary-emit-module.d -parse-as-library -o /Users/admin/builder/spi-builder-workspace/.derivedData/Build/Intermediates.noindex/SKTiled.build/Debug-iphoneos/SKTiled-t.build/Objects-normal/arm64/SKTiled.swiftmodule -emit-abi-descriptor-path /Users/admin/builder/spi-builder-workspace/.derivedData/Build/Intermediates.noindex/SKTiled.build/Debug-iphoneos/SKTiled-t.build/Objects-normal/arm64/SKTiled.abi.json
SwiftCompile normal arm64 (in target 'SKTiled' from project 'SKTiled')
    cd /Users/admin/builder/spi-builder-workspace/.swiftpm/xcode

SwiftCompile normal arm64 Compiling\ TiledDebugDrawNode.swift,\ TiledGlobals.swift,\ TiledSceneCameraDelegate.swift /Users/admin/builder/spi-builder-workspace/Sources/TiledDebugDrawNode.swift /Users/admin/builder/spi-builder-workspace/Sources/TiledGlobals.swift /Users/admin/builder/spi-builder-workspace/Sources/TiledSceneCameraDelegate.swift (in target 'SKTiled' from project 'SKTiled')
/Users/admin/builder/spi-builder-workspace/Sources/TiledDebugDrawNode.swift:159:48: error: ambiguous use of 'bounds'
157 |         switch layer.orientation {
158 |             case .orthogonal:
159 |                 objectPath = polygonPath(layer.bounds.points)
    |                                                `- error: ambiguous use of 'bounds'
160 |
161 |             case .isometric:
/Users/admin/builder/spi-builder-workspace/Sources/SKTiledLayerObject.swift:322:16: note: found this candidate
 320 |
 321 |     /// Returns the frame rectangle of the layer (used to draw bounds).
 322 |     public var bounds: CGRect {
     |                `- note: found this candidate
 323 |         return CGRect(x: 0, y: 0, width: sizeInPoints.width, height: -sizeInPoints.height)
 324 |     }
/Applications/Xcode-27.0.0-Release.Candidate.app/Contents/Developer/Platforms/iPhoneOS.platform/Developer/SDKs/iPhoneOS.sdk/System/Library/SubFrameworks/UIUtilities.framework/Headers/UICoordinateSpace.h:20:40: note: found this candidate in module 'SpriteKit'
18 | - (CGRect)convertRect:(CGRect)rect fromCoordinateSpace:(id <UICoordinateSpace>)coordinateSpace API_AVAILABLE(ios(8.0)) API_UNAVAILABLE(watchos);
19 |
20 | @property (readonly, nonatomic) CGRect bounds API_AVAILABLE(ios(8.0)) API_UNAVAILABLE(watchos);
   |                                        `- note: found this candidate in module 'SpriteKit'
21 |
22 | @end
SwiftCompile normal arm64 /Users/admin/builder/spi-builder-workspace/Sources/TiledDebugDrawNode.swift (in target 'SKTiled' from project 'SKTiled')
    cd /Users/admin/builder/spi-builder-workspace/.swiftpm/xcode
    builtin-SwiftPerFileCompile TiledDebugDrawNode.swift
SwiftCompile normal arm64 /Users/admin/builder/spi-builder-workspace/Sources/TiledGlobals.swift (in target 'SKTiled' from project 'SKTiled')
    cd /Users/admin/builder/spi-builder-workspace/.swiftpm/xcode
    builtin-SwiftPerFileCompile TiledGlobals.swift
SwiftCompile normal arm64 /Users/admin/builder/spi-builder-workspace/Sources/TiledSceneCameraDelegate.swift (in target 'SKTiled' from project 'SKTiled')
    cd /Users/admin/builder/spi-builder-workspace/.swiftpm/xcode
    builtin-SwiftPerFileCompile TiledSceneCameraDelegate.swift
SwiftCompile normal arm64 Compiling\ TiledSceneDelegate.swift,\ TilemapDelegate.swift,\ TilesetDataSource.swift /Users/admin/builder/spi-builder-workspace/Sources/TiledSceneDelegate.swift /Users/admin/builder/spi-builder-workspace/Sources/TilemapDelegate.swift /Users/admin/builder/spi-builder-workspace/Sources/TilesetDataSource.swift (in target 'SKTiled' from project 'SKTiled')
SwiftCompile normal arm64 /Users/admin/builder/spi-builder-workspace/Sources/TiledSceneDelegate.swift (in target 'SKTiled' from project 'SKTiled')
    cd /Users/admin/builder/spi-builder-workspace/.swiftpm/xcode
    builtin-SwiftPerFileCompile TiledSceneDelegate.swift
SwiftCompile normal arm64 /Users/admin/builder/spi-builder-workspace/Sources/TilemapDelegate.swift (in target 'SKTiled' from project 'SKTiled')
    cd /Users/admin/builder/spi-builder-workspace/.swiftpm/xcode
    builtin-SwiftPerFileCompile TilemapDelegate.swift
SwiftCompile normal arm64 /Users/admin/builder/spi-builder-workspace/Sources/TilesetDataSource.swift (in target 'SKTiled' from project 'SKTiled')
    cd /Users/admin/builder/spi-builder-workspace/.swiftpm/xcode
    builtin-SwiftPerFileCompile TilesetDataSource.swift
SwiftCompile normal arm64 Compiling\ SKTiled+Properties.swift,\ SKTiledLayerObject.swift,\ SKTiledObject.swift,\ SKTiledScene.swift /Users/admin/builder/spi-builder-workspace/Sources/SKTiled+Properties.swift /Users/admin/builder/spi-builder-workspace/Sources/SKTiledLayerObject.swift /Users/admin/builder/spi-builder-workspace/Sources/SKTiledObject.swift /Users/admin/builder/spi-builder-workspace/Sources/SKTiledScene.swift (in target 'SKTiled' from project 'SKTiled')
SwiftCompile normal arm64 /Users/admin/builder/spi-builder-workspace/Sources/SKTiled+Properties.swift (in target 'SKTiled' from project 'SKTiled')
    cd /Users/admin/builder/spi-builder-workspace/.swiftpm/xcode
    builtin-SwiftPerFileCompile SKTiled+Properties.swift
SwiftCompile normal arm64 /Users/admin/builder/spi-builder-workspace/Sources/SKTiledLayerObject.swift (in target 'SKTiled' from project 'SKTiled')
    cd /Users/admin/builder/spi-builder-workspace/.swiftpm/xcode
    builtin-SwiftPerFileCompile SKTiledLayerObject.swift
SwiftCompile normal arm64 /Users/admin/builder/spi-builder-workspace/Sources/SKTiledObject.swift (in target 'SKTiled' from project 'SKTiled')
    cd /Users/admin/builder/spi-builder-workspace/.swiftpm/xcode
    builtin-SwiftPerFileCompile SKTiledObject.swift
SwiftCompile normal arm64 /Users/admin/builder/spi-builder-workspace/Sources/SKTiledScene.swift (in target 'SKTiled' from project 'SKTiled')
    cd /Users/admin/builder/spi-builder-workspace/.swiftpm/xcode
    builtin-SwiftPerFileCompile SKTiledScene.swift
SwiftCompile normal arm64 Compiling\ TileObjectOverlay.swift,\ TileObjectProxy.swift,\ TiledBackgroundLayer.swift /Users/admin/builder/spi-builder-workspace/Sources/TileObjectOverlay.swift /Users/admin/builder/spi-builder-workspace/Sources/TileObjectProxy.swift /Users/admin/builder/spi-builder-workspace/Sources/TiledBackgroundLayer.swift (in target 'SKTiled' from project 'SKTiled')
SwiftCompile normal arm64 /Users/admin/builder/spi-builder-workspace/Sources/TileObjectOverlay.swift (in target 'SKTiled' from project 'SKTiled')
    cd /Users/admin/builder/spi-builder-workspace/.swiftpm/xcode
    builtin-SwiftPerFileCompile TileObjectOverlay.swift
SwiftCompile normal arm64 /Users/admin/builder/spi-builder-workspace/Sources/TileObjectProxy.swift (in target 'SKTiled' from project 'SKTiled')
    cd /Users/admin/builder/spi-builder-workspace/.swiftpm/xcode
    builtin-SwiftPerFileCompile TileObjectProxy.swift
SwiftCompile normal arm64 /Users/admin/builder/spi-builder-workspace/Sources/TiledBackgroundLayer.swift (in target 'SKTiled' from project 'SKTiled')
    cd /Users/admin/builder/spi-builder-workspace/.swiftpm/xcode
    builtin-SwiftPerFileCompile TiledBackgroundLayer.swift
SwiftCompile normal arm64 Compiling\ SKTileset.swift,\ SKTilesetData.swift,\ ThreadSafeArray.swift /Users/admin/builder/spi-builder-workspace/Sources/SKTileset.swift /Users/admin/builder/spi-builder-workspace/Sources/SKTilesetData.swift /Users/admin/builder/spi-builder-workspace/Sources/ThreadSafeArray.swift (in target 'SKTiled' from project 'SKTiled')
SwiftCompile normal arm64 /Users/admin/builder/spi-builder-workspace/Sources/SKTileset.swift (in target 'SKTiled' from project 'SKTiled')
    cd /Users/admin/builder/spi-builder-workspace/.swiftpm/xcode
    builtin-SwiftPerFileCompile SKTileset.swift
SwiftCompile normal arm64 /Users/admin/builder/spi-builder-workspace/Sources/SKTilesetData.swift (in target 'SKTiled' from project 'SKTiled')
    cd /Users/admin/builder/spi-builder-workspace/.swiftpm/xcode
    builtin-SwiftPerFileCompile SKTilesetData.swift
SwiftCompile normal arm64 /Users/admin/builder/spi-builder-workspace/Sources/ThreadSafeArray.swift (in target 'SKTiled' from project 'SKTiled')
    cd /Users/admin/builder/spi-builder-workspace/.swiftpm/xcode
    builtin-SwiftPerFileCompile ThreadSafeArray.swift
PruneExplicitPrecompiledModules /Users/admin/builder/spi-builder-workspace/.derivedData/Build/Intermediates.noindex/SwiftExplicitPrecompiledModules
PruneExplicitPrecompiledModules /Users/admin/builder/spi-builder-workspace/.derivedData/Build/Intermediates.noindex/ExplicitPrecompiledModules
PruneExplicitPrecompiledModules /Users/admin/builder/spi-builder-workspace/.derivedData/SDKExplicitPrecompiledModules
2026-09-23 02:10:38.593 xcodebuild[817:5124] [MT] IDERunDestination: Supported platforms for the buildables in the current scheme is empty.
** BUILD FAILED **
The following build commands failed:
	SwiftEmitModule normal arm64 Emitting\ module\ for\ SKTiled (in target 'SKTiled' from project 'SKTiled')
	SwiftCompile normal arm64 (in target 'SKTiled' from project 'SKTiled')
	Building workspace SKTiled with scheme SKTiled
(3 failures)
BUILD FAILURE 6.4 iOS