Build Information
Failed to build VideoIDSDK, reference main (f63724), with Swift 6.3 for watchOS using Xcode 26.4 on 14 Oct 2026 19:01:55 UTC.
Build Command
env DEVELOPER_DIR=/Applications/Xcode-26.5.0.app xcrun xcodebuild -IDEClonedSourcePackagesDirPathOverride=$PWD/.dependencies -skipMacroValidation -skipPackagePluginValidation -derivedDataPath $PWD/.derivedData build -scheme VideoIDSDK -destination generic/platform=watchOSBuild Log
========================================
RunAll
========================================
Builder version: 5.1.2
Interrupt handler set up.
========================================
Checkout
========================================
Clone URL: https://github.com/signicat/videoidsdk-spm.git
Reference: main
Initialized empty Git repository in /Users/admin/builder/spi-builder-workspace/.git/
From https://github.com/signicat/videoidsdk-spm
* branch main -> FETCH_HEAD
* [new branch] main -> origin/main
HEAD is now at f63724d Merge branch 'release/26.40.1-RC' into main for production release
Cloned https://github.com/signicat/videoidsdk-spm.git
Revision (git rev-parse @):
f63724d671997d1145bead57e62db3ee028c4b00
SUCCESS checkout https://github.com/signicat/videoidsdk-spm.git at main
========================================
Build
========================================
Selected platform: watchOS
Swift version: 6.3
Building package at path: $PWD
https://github.com/signicat/videoidsdk-spm.git
Command line invocation:
/Applications/Xcode-26.5.0.app/Contents/Developer/usr/bin/xcodebuild -IDEClonedSourcePackagesDirPathOverride=/Users/admin/builder/spi-builder-workspace/.dependencies -resolvePackageDependencies
Resolve Package Graph
Fetching from https://github.com/stasel/WebRTC.git
Fetching from https://github.com/signicat/catnip-spm.git
Fetching from https://github.com/airbnb/lottie-spm.git
Fetching from https://github.com/krzyzanowskim/OpenSSL.git
Creating working copy of package ‘catnip-spm’
Checking out 0.0.10 of package ‘catnip-spm’
Creating working copy of package ‘lottie-spm’
Checking out 4.5.2 of package ‘lottie-spm’
Creating working copy of package ‘OpenSSL’
Checking out 3.6.5000 of package ‘OpenSSL’
Creating working copy of package ‘WebRTC’
Checking out 134.0.0 of package ‘WebRTC’
Resolve Package Graph
Resolve Package Graph
Resolved source packages:
OpenSSL: https://github.com/krzyzanowskim/OpenSSL.git @ 3.6.5000
Catnip: https://github.com/signicat/catnip-spm.git @ 0.0.10
WebRTC: https://github.com/stasel/WebRTC.git @ 134.0.0
Lottie: https://github.com/airbnb/lottie-spm.git @ 4.5.2
VideoIDSDK: /Users/admin/builder/spi-builder-workspace
resolved source packages: OpenSSL, Catnip, WebRTC, Lottie, VideoIDSDK
2026-10-14 15:01:36.353 xcodebuild[542:3131] [MT] IDERunDestination: Supported platforms for the buildables in the current scheme is empty.
{
"dependencies" : [
{
"identity" : "catnip-spm",
"requirement" : {
"exact" : [
"0.0.10"
]
},
"type" : "sourceControl",
"url" : "https://github.com/signicat/catnip-spm.git"
},
{
"identity" : "lottie-spm",
"requirement" : {
"exact" : [
"4.5.2"
]
},
"type" : "sourceControl",
"url" : "https://github.com/airbnb/lottie-spm.git"
},
{
"identity" : "openssl",
"requirement" : {
"range" : [
{
"lower_bound" : "3.2.2000",
"upper_bound" : "4.0.0"
}
]
},
"type" : "sourceControl",
"url" : "https://github.com/krzyzanowskim/OpenSSL.git"
},
{
"identity" : "webrtc",
"requirement" : {
"exact" : [
"134.0.0"
]
},
"type" : "sourceControl",
"url" : "https://github.com/stasel/WebRTC.git"
}
],
"manifest_display_name" : "VideoIDSDK",
"name" : "VideoIDSDK",
"path" : "/Users/admin/builder/spi-builder-workspace",
"platforms" : [
{
"name" : "ios",
"version" : "15.1"
},
{
"name" : "macos",
"version" : "10.15"
}
],
"products" : [
{
"name" : "VideoIDSDK",
"targets" : [
"VideoIDSDK",
"_VideoIDSDKStub"
],
"type" : {
"library" : [
"automatic"
]
}
}
],
"targets" : [
{
"c99name" : "_VideoIDSDKStub",
"module_type" : "SwiftTarget",
"name" : "_VideoIDSDKStub",
"path" : "Sources/_VideoIDSDKStub",
"product_dependencies" : [
"Catnip",
"WebRTC",
"Lottie",
"OpenSSL"
],
"product_memberships" : [
"VideoIDSDK"
],
"sources" : [
"Stub.swift"
],
"type" : "library"
},
{
"c99name" : "VideoIDSDK",
"module_type" : "BinaryTarget",
"name" : "VideoIDSDK",
"path" : "remote/archive/VideoIDSDK.xcframework.zip",
"product_memberships" : [
"VideoIDSDK"
],
"sources" : [
],
"type" : "binary"
}
],
"tools_version" : "5.7"
}
{
"workspace" : {
"name" : "spi-builder-workspace",
"schemes" : [
"VideoIDSDK"
]
}
}
2026-10-14 15:01:45.083 xcodebuild[869:5378] [MT] IDERunDestination: Supported platforms for the buildables in the current scheme is empty.
Running build ...
env DEVELOPER_DIR=/Applications/Xcode-26.5.0.app xcrun xcodebuild -IDEClonedSourcePackagesDirPathOverride=$PWD/.dependencies -skipMacroValidation -skipPackagePluginValidation -derivedDataPath $PWD/.derivedData build -scheme VideoIDSDK -destination generic/platform=watchOS
Command line invocation:
/Applications/Xcode-26.5.0.app/Contents/Developer/usr/bin/xcodebuild -IDEClonedSourcePackagesDirPathOverride=/Users/admin/builder/spi-builder-workspace/.dependencies -skipMacroValidation -skipPackagePluginValidation -derivedDataPath /Users/admin/builder/spi-builder-workspace/.derivedData build -scheme VideoIDSDK -destination generic/platform=watchOS
Resolve Package Graph
Resolve Package Graph
Resolved source packages:
WebRTC: https://github.com/stasel/WebRTC.git @ 134.0.0
VideoIDSDK: /Users/admin/builder/spi-builder-workspace
Lottie: https://github.com/airbnb/lottie-spm.git @ 4.5.2
OpenSSL: https://github.com/krzyzanowskim/OpenSSL.git @ 3.6.5000
Catnip: https://github.com/signicat/catnip-spm.git @ 0.0.10
ComputePackagePrebuildTargetDependencyGraph
Prepare packages
CreateBuildRequest
SendProjectDescription
CreateBuildOperation
ComputeTargetDependencyGraph
note: Building targets in dependency order
note: Target dependency graph (7 targets)
Target 'VideoIDSDK' in project 'VideoIDSDK'
➜ Explicit dependency on target '_VideoIDSDKStub' in project 'VideoIDSDK'
➜ Explicit dependency on target 'Catnip' in project 'Catnip'
➜ Explicit dependency on target 'WebRTC' in project 'WebRTC'
➜ Explicit dependency on target 'Lottie' in project 'Lottie'
➜ Explicit dependency on target 'OpenSSL' in project 'OpenSSL'
Target '_VideoIDSDKStub' in project 'VideoIDSDK'
➜ Explicit dependency on target 'Catnip' in project 'Catnip'
➜ Explicit dependency on target 'WebRTC' in project 'WebRTC'
➜ Explicit dependency on target 'Lottie' in project 'Lottie'
➜ Explicit dependency on target 'OpenSSL' in project 'OpenSSL'
Target 'OpenSSL' in project 'OpenSSL' (no dependencies)
Target 'Lottie' in project 'Lottie'
➜ Explicit dependency on target '_LottieStub' in project 'Lottie'
Target '_LottieStub' in project 'Lottie' (no dependencies)
Target 'WebRTC' in project 'WebRTC' (no dependencies)
Target 'Catnip' in project 'Catnip' (no dependencies)
GatherProvisioningInputs
CreateBuildDescription
ExecuteExternalTool /Applications/Xcode-26.5.0.app/Contents/Developer/Toolchains/XcodeDefault.xctoolchain/usr/bin/swiftc --version
ExecuteExternalTool /Applications/Xcode-26.5.0.app/Contents/Developer/Toolchains/XcodeDefault.xctoolchain/usr/bin/clang -v -E -dM -isysroot /Applications/Xcode-26.5.0.app/Contents/Developer/Platforms/WatchOS.platform/Developer/SDKs/WatchOS26.5.sdk -x c -c /dev/null
ExecuteExternalTool /Applications/Xcode-26.5.0.app/Contents/Developer/Toolchains/XcodeDefault.xctoolchain/usr/bin/ld -version_details
Build description signature: 202c55fbd86e3615e938dcfa541b95b7
Build description path: /Users/admin/builder/spi-builder-workspace/.derivedData/Build/Intermediates.noindex/XCBuildData/202c55fbd86e3615e938dcfa541b95b7.xcbuilddata
/Users/admin/builder/spi-builder-workspace/.dependencies/artifacts/spi-builder-workspace/VideoIDSDK/VideoIDSDK.xcframework:1:1: error: While building for watchOS, no library for this platform was found in '/Users/admin/builder/spi-builder-workspace/.dependencies/artifacts/spi-builder-workspace/VideoIDSDK/VideoIDSDK.xcframework'. (in target 'VideoIDSDK' from project 'VideoIDSDK')
/Users/admin/builder/spi-builder-workspace/.dependencies/artifacts/catnip-spm/Catnip/Catnip.xcframework:1:1: error: While building for watchOS, no library for this platform was found in '/Users/admin/builder/spi-builder-workspace/.dependencies/artifacts/catnip-spm/Catnip/Catnip.xcframework'. (in target 'VideoIDSDK' from project 'VideoIDSDK')
/Users/admin/builder/spi-builder-workspace/.dependencies/artifacts/webrtc/WebRTC/WebRTC.xcframework:1:1: error: While building for watchOS, no library for this platform was found in '/Users/admin/builder/spi-builder-workspace/.dependencies/artifacts/webrtc/WebRTC/WebRTC.xcframework'. (in target 'VideoIDSDK' from project 'VideoIDSDK')
/Users/admin/builder/spi-builder-workspace/.dependencies/artifacts/lottie-spm/Lottie/Lottie.xcframework:1:1: error: While building for watchOS, no library for this platform was found in '/Users/admin/builder/spi-builder-workspace/.dependencies/artifacts/lottie-spm/Lottie/Lottie.xcframework'. (in target 'VideoIDSDK' from project 'VideoIDSDK')
/Users/admin/builder/spi-builder-workspace/.dependencies/artifacts/catnip-spm/Catnip/Catnip.xcframework:1:1: error: While building for watchOS, no library for this platform was found in '/Users/admin/builder/spi-builder-workspace/.dependencies/artifacts/catnip-spm/Catnip/Catnip.xcframework'. (in target 'VideoIDSDK' from project 'VideoIDSDK')
/Users/admin/builder/spi-builder-workspace/.dependencies/artifacts/webrtc/WebRTC/WebRTC.xcframework:1:1: error: While building for watchOS, no library for this platform was found in '/Users/admin/builder/spi-builder-workspace/.dependencies/artifacts/webrtc/WebRTC/WebRTC.xcframework'. (in target 'VideoIDSDK' from project 'VideoIDSDK')
/Users/admin/builder/spi-builder-workspace/.dependencies/artifacts/lottie-spm/Lottie/Lottie.xcframework:1:1: error: While building for watchOS, no library for this platform was found in '/Users/admin/builder/spi-builder-workspace/.dependencies/artifacts/lottie-spm/Lottie/Lottie.xcframework'. (in target 'VideoIDSDK' from project 'VideoIDSDK')
/Users/admin/builder/spi-builder-workspace/.dependencies/artifacts/catnip-spm/Catnip/Catnip.xcframework:1:1: error: While building for watchOS, no library for this platform was found in '/Users/admin/builder/spi-builder-workspace/.dependencies/artifacts/catnip-spm/Catnip/Catnip.xcframework'. (in target '_VideoIDSDKStub' from project 'VideoIDSDK')
/Users/admin/builder/spi-builder-workspace/.dependencies/artifacts/webrtc/WebRTC/WebRTC.xcframework:1:1: error: While building for watchOS, no library for this platform was found in '/Users/admin/builder/spi-builder-workspace/.dependencies/artifacts/webrtc/WebRTC/WebRTC.xcframework'. (in target '_VideoIDSDKStub' from project 'VideoIDSDK')
/Users/admin/builder/spi-builder-workspace/.dependencies/artifacts/lottie-spm/Lottie/Lottie.xcframework:1:1: error: While building for watchOS, no library for this platform was found in '/Users/admin/builder/spi-builder-workspace/.dependencies/artifacts/lottie-spm/Lottie/Lottie.xcframework'. (in target '_VideoIDSDKStub' from project 'VideoIDSDK')
/Users/admin/builder/spi-builder-workspace/.dependencies/artifacts/webrtc/WebRTC/WebRTC.xcframework:1:1: error: While building for watchOS, no library for this platform was found in '/Users/admin/builder/spi-builder-workspace/.dependencies/artifacts/webrtc/WebRTC/WebRTC.xcframework'. (in target 'WebRTC' from project 'WebRTC')
/Users/admin/builder/spi-builder-workspace/.dependencies/artifacts/catnip-spm/Catnip/Catnip.xcframework:1:1: error: While building for watchOS, no library for this platform was found in '/Users/admin/builder/spi-builder-workspace/.dependencies/artifacts/catnip-spm/Catnip/Catnip.xcframework'. (in target 'Catnip' from project 'Catnip')
/Users/admin/builder/spi-builder-workspace/.dependencies/artifacts/lottie-spm/Lottie/Lottie.xcframework:1:1: error: While building for watchOS, no library for this platform was found in '/Users/admin/builder/spi-builder-workspace/.dependencies/artifacts/lottie-spm/Lottie/Lottie.xcframework'. (in target 'Lottie' from project 'Lottie')
2026-10-14 15:01:48.339 xcodebuild[873:5430] [MT] IDERunDestination: Supported platforms for the buildables in the current scheme is empty.
** BUILD FAILED **
The following build commands failed:
Building workspace spi-builder-workspace with scheme VideoIDSDK
(1 failure)
Command line invocation:
/Applications/Xcode-26.5.0.app/Contents/Developer/usr/bin/xcodebuild -IDEClonedSourcePackagesDirPathOverride=/Users/admin/builder/spi-builder-workspace/.dependencies -resolvePackageDependencies
Resolve Package Graph
Resolved source packages:
Catnip: https://github.com/signicat/catnip-spm.git @ 0.0.10
WebRTC: https://github.com/stasel/WebRTC.git @ 134.0.0
Lottie: https://github.com/airbnb/lottie-spm.git @ 4.5.2
OpenSSL: https://github.com/krzyzanowskim/OpenSSL.git @ 3.6.5000
VideoIDSDK: /Users/admin/builder/spi-builder-workspace
resolved source packages: Catnip, WebRTC, Lottie, OpenSSL, VideoIDSDK
2026-10-14 15:01:51.227 xcodebuild[920:5711] [MT] IDERunDestination: Supported platforms for the buildables in the current scheme is empty.
{
"dependencies" : [
{
"identity" : "catnip-spm",
"requirement" : {
"exact" : [
"0.0.10"
]
},
"type" : "sourceControl",
"url" : "https://github.com/signicat/catnip-spm.git"
},
{
"identity" : "lottie-spm",
"requirement" : {
"exact" : [
"4.5.2"
]
},
"type" : "sourceControl",
"url" : "https://github.com/airbnb/lottie-spm.git"
},
{
"identity" : "openssl",
"requirement" : {
"range" : [
{
"lower_bound" : "3.2.2000",
"upper_bound" : "4.0.0"
}
]
},
"type" : "sourceControl",
"url" : "https://github.com/krzyzanowskim/OpenSSL.git"
},
{
"identity" : "webrtc",
"requirement" : {
"exact" : [
"134.0.0"
]
},
"type" : "sourceControl",
"url" : "https://github.com/stasel/WebRTC.git"
}
],
"manifest_display_name" : "VideoIDSDK",
"name" : "VideoIDSDK",
"path" : "/Users/admin/builder/spi-builder-workspace",
"platforms" : [
{
"name" : "ios",
"version" : "15.1"
},
{
"name" : "macos",
"version" : "10.15"
}
],
"products" : [
{
"name" : "VideoIDSDK",
"targets" : [
"VideoIDSDK",
"_VideoIDSDKStub"
],
"type" : {
"library" : [
"automatic"
]
}
}
],
"targets" : [
{
"c99name" : "_VideoIDSDKStub",
"module_type" : "SwiftTarget",
"name" : "_VideoIDSDKStub",
"path" : "Sources/_VideoIDSDKStub",
"product_dependencies" : [
"Catnip",
"WebRTC",
"Lottie",
"OpenSSL"
],
"product_memberships" : [
"VideoIDSDK"
],
"sources" : [
"Stub.swift"
],
"type" : "library"
},
{
"c99name" : "VideoIDSDK",
"module_type" : "BinaryTarget",
"name" : "VideoIDSDK",
"path" : "remote/archive/VideoIDSDK.xcframework.zip",
"product_memberships" : [
"VideoIDSDK"
],
"sources" : [
],
"type" : "binary"
}
],
"tools_version" : "5.7"
}
{
"workspace" : {
"name" : "spi-builder-workspace",
"schemes" : [
"VideoIDSDK"
]
}
}
2026-10-14 15:01:52.683 xcodebuild[929:5784] [MT] IDERunDestination: Supported platforms for the buildables in the current scheme is empty.
Running build ...
env DEVELOPER_DIR=/Applications/Xcode-26.5.0.app xcrun xcodebuild -IDEClonedSourcePackagesDirPathOverride=$PWD/.dependencies -skipMacroValidation -skipPackagePluginValidation -derivedDataPath $PWD/.derivedData build -scheme VideoIDSDK -destination generic/platform=watchOS
Command line invocation:
/Applications/Xcode-26.5.0.app/Contents/Developer/usr/bin/xcodebuild -IDEClonedSourcePackagesDirPathOverride=/Users/admin/builder/spi-builder-workspace/.dependencies -skipMacroValidation -skipPackagePluginValidation -derivedDataPath /Users/admin/builder/spi-builder-workspace/.derivedData build -scheme VideoIDSDK -destination generic/platform=watchOS
Resolve Package Graph
Resolved source packages:
Catnip: https://github.com/signicat/catnip-spm.git @ 0.0.10
OpenSSL: https://github.com/krzyzanowskim/OpenSSL.git @ 3.6.5000
WebRTC: https://github.com/stasel/WebRTC.git @ 134.0.0
VideoIDSDK: /Users/admin/builder/spi-builder-workspace
Lottie: https://github.com/airbnb/lottie-spm.git @ 4.5.2
ComputePackagePrebuildTargetDependencyGraph
Prepare packages
CreateBuildRequest
SendProjectDescription
CreateBuildOperation
ComputeTargetDependencyGraph
note: Building targets in dependency order
note: Target dependency graph (7 targets)
Target 'VideoIDSDK' in project 'VideoIDSDK'
➜ Explicit dependency on target '_VideoIDSDKStub' in project 'VideoIDSDK'
➜ Explicit dependency on target 'Catnip' in project 'Catnip'
➜ Explicit dependency on target 'WebRTC' in project 'WebRTC'
➜ Explicit dependency on target 'Lottie' in project 'Lottie'
➜ Explicit dependency on target 'OpenSSL' in project 'OpenSSL'
Target '_VideoIDSDKStub' in project 'VideoIDSDK'
➜ Explicit dependency on target 'Catnip' in project 'Catnip'
➜ Explicit dependency on target 'WebRTC' in project 'WebRTC'
➜ Explicit dependency on target 'Lottie' in project 'Lottie'
➜ Explicit dependency on target 'OpenSSL' in project 'OpenSSL'
Target 'OpenSSL' in project 'OpenSSL' (no dependencies)
Target 'Lottie' in project 'Lottie'
➜ Explicit dependency on target '_LottieStub' in project 'Lottie'
Target '_LottieStub' in project 'Lottie' (no dependencies)
Target 'WebRTC' in project 'WebRTC' (no dependencies)
Target 'Catnip' in project 'Catnip' (no dependencies)
GatherProvisioningInputs
CreateBuildDescription
ExecuteExternalTool /Applications/Xcode-26.5.0.app/Contents/Developer/Toolchains/XcodeDefault.xctoolchain/usr/bin/swiftc --version
ExecuteExternalTool /Applications/Xcode-26.5.0.app/Contents/Developer/Toolchains/XcodeDefault.xctoolchain/usr/bin/clang -v -E -dM -isysroot /Applications/Xcode-26.5.0.app/Contents/Developer/Platforms/WatchOS.platform/Developer/SDKs/WatchOS26.5.sdk -x c -c /dev/null
ExecuteExternalTool /Applications/Xcode-26.5.0.app/Contents/Developer/Toolchains/XcodeDefault.xctoolchain/usr/bin/ld -version_details
Build description signature: 202c55fbd86e3615e938dcfa541b95b7
Build description path: /Users/admin/builder/spi-builder-workspace/.derivedData/Build/Intermediates.noindex/XCBuildData/202c55fbd86e3615e938dcfa541b95b7.xcbuilddata
/Users/admin/builder/spi-builder-workspace/.dependencies/artifacts/spi-builder-workspace/VideoIDSDK/VideoIDSDK.xcframework:1:1: error: While building for watchOS, no library for this platform was found in '/Users/admin/builder/spi-builder-workspace/.dependencies/artifacts/spi-builder-workspace/VideoIDSDK/VideoIDSDK.xcframework'. (in target 'VideoIDSDK' from project 'VideoIDSDK')
/Users/admin/builder/spi-builder-workspace/.dependencies/artifacts/catnip-spm/Catnip/Catnip.xcframework:1:1: error: While building for watchOS, no library for this platform was found in '/Users/admin/builder/spi-builder-workspace/.dependencies/artifacts/catnip-spm/Catnip/Catnip.xcframework'. (in target 'VideoIDSDK' from project 'VideoIDSDK')
/Users/admin/builder/spi-builder-workspace/.dependencies/artifacts/webrtc/WebRTC/WebRTC.xcframework:1:1: error: While building for watchOS, no library for this platform was found in '/Users/admin/builder/spi-builder-workspace/.dependencies/artifacts/webrtc/WebRTC/WebRTC.xcframework'. (in target 'VideoIDSDK' from project 'VideoIDSDK')
/Users/admin/builder/spi-builder-workspace/.dependencies/artifacts/lottie-spm/Lottie/Lottie.xcframework:1:1: error: While building for watchOS, no library for this platform was found in '/Users/admin/builder/spi-builder-workspace/.dependencies/artifacts/lottie-spm/Lottie/Lottie.xcframework'. (in target 'VideoIDSDK' from project 'VideoIDSDK')
/Users/admin/builder/spi-builder-workspace/.dependencies/artifacts/catnip-spm/Catnip/Catnip.xcframework:1:1: error: While building for watchOS, no library for this platform was found in '/Users/admin/builder/spi-builder-workspace/.dependencies/artifacts/catnip-spm/Catnip/Catnip.xcframework'. (in target 'VideoIDSDK' from project 'VideoIDSDK')
/Users/admin/builder/spi-builder-workspace/.dependencies/artifacts/webrtc/WebRTC/WebRTC.xcframework:1:1: error: While building for watchOS, no library for this platform was found in '/Users/admin/builder/spi-builder-workspace/.dependencies/artifacts/webrtc/WebRTC/WebRTC.xcframework'. (in target 'VideoIDSDK' from project 'VideoIDSDK')
/Users/admin/builder/spi-builder-workspace/.dependencies/artifacts/lottie-spm/Lottie/Lottie.xcframework:1:1: error: While building for watchOS, no library for this platform was found in '/Users/admin/builder/spi-builder-workspace/.dependencies/artifacts/lottie-spm/Lottie/Lottie.xcframework'. (in target 'VideoIDSDK' from project 'VideoIDSDK')
/Users/admin/builder/spi-builder-workspace/.dependencies/artifacts/webrtc/WebRTC/WebRTC.xcframework:1:1: error: While building for watchOS, no library for this platform was found in '/Users/admin/builder/spi-builder-workspace/.dependencies/artifacts/webrtc/WebRTC/WebRTC.xcframework'. (in target 'WebRTC' from project 'WebRTC')
/Users/admin/builder/spi-builder-workspace/.dependencies/artifacts/catnip-spm/Catnip/Catnip.xcframework:1:1: error: While building for watchOS, no library for this platform was found in '/Users/admin/builder/spi-builder-workspace/.dependencies/artifacts/catnip-spm/Catnip/Catnip.xcframework'. (in target 'Catnip' from project 'Catnip')
/Users/admin/builder/spi-builder-workspace/.dependencies/artifacts/catnip-spm/Catnip/Catnip.xcframework:1:1: error: While building for watchOS, no library for this platform was found in '/Users/admin/builder/spi-builder-workspace/.dependencies/artifacts/catnip-spm/Catnip/Catnip.xcframework'. (in target '_VideoIDSDKStub' from project 'VideoIDSDK')
/Users/admin/builder/spi-builder-workspace/.dependencies/artifacts/webrtc/WebRTC/WebRTC.xcframework:1:1: error: While building for watchOS, no library for this platform was found in '/Users/admin/builder/spi-builder-workspace/.dependencies/artifacts/webrtc/WebRTC/WebRTC.xcframework'. (in target '_VideoIDSDKStub' from project 'VideoIDSDK')
/Users/admin/builder/spi-builder-workspace/.dependencies/artifacts/lottie-spm/Lottie/Lottie.xcframework:1:1: error: While building for watchOS, no library for this platform was found in '/Users/admin/builder/spi-builder-workspace/.dependencies/artifacts/lottie-spm/Lottie/Lottie.xcframework'. (in target '_VideoIDSDKStub' from project 'VideoIDSDK')
/Users/admin/builder/spi-builder-workspace/.dependencies/artifacts/lottie-spm/Lottie/Lottie.xcframework:1:1: error: While building for watchOS, no library for this platform was found in '/Users/admin/builder/spi-builder-workspace/.dependencies/artifacts/lottie-spm/Lottie/Lottie.xcframework'. (in target 'Lottie' from project 'Lottie')
2026-10-14 15:01:53.877 xcodebuild[931:5813] [MT] IDERunDestination: Supported platforms for the buildables in the current scheme is empty.
** BUILD FAILED **
The following build commands failed:
Building workspace spi-builder-workspace with scheme VideoIDSDK
(1 failure)
BUILD FAILURE 6.3 watchOS