Build Information
Failed to build FlyoverKit, reference 1.3.1 (a7932f), with Swift 6.4 for watchOS using Xcode 27.0 on 18 Sep 2026 20:18:35 UTC.
Build Command
env DEVELOPER_DIR=/Applications/Xcode-27.0.0-Release.Candidate.app xcrun xcodebuild -IDEClonedSourcePackagesDirPathOverride=$PWD/.dependencies -skipMacroValidation -skipPackagePluginValidation -derivedDataPath $PWD/.derivedData build -scheme FlyoverKit -destination generic/platform=watchOSBuild Log
========================================
RunAll
========================================
Builder version: 5.1.0
Interrupt handler set up.
========================================
Checkout
========================================
Clone URL: https://github.com/SvenTiigi/FlyoverKit.git
Reference: 1.3.1
Initialized empty Git repository in /Users/admin/builder/spi-builder-workspace/.git/
From https://github.com/SvenTiigi/FlyoverKit
* tag 1.3.1 -> FETCH_HEAD
HEAD is now at a7932f6 FlyoverKit Version 1.3.1 🚀
Cloned https://github.com/SvenTiigi/FlyoverKit.git
Revision (git rev-parse @):
a7932f64b5c994864262ecc24724cde0a5153ca2
SUCCESS checkout https://github.com/SvenTiigi/FlyoverKit.git at 1.3.1
========================================
Build
========================================
Selected platform: watchOS
Swift version: 6.4
Building package at path: $PWD
https://github.com/SvenTiigi/FlyoverKit.git
Command line invocation:
/Applications/Xcode-27.0.0-Release.Candidate.app/Contents/Developer/usr/bin/xcodebuild -IDEClonedSourcePackagesDirPathOverride=/Users/admin/builder/spi-builder-workspace/.dependencies -resolvePackageDependencies
resolved source packages:
{
"dependencies" : [
],
"manifest_display_name" : "FlyoverKit",
"name" : "FlyoverKit",
"path" : "/Users/admin/builder/spi-builder-workspace",
"platforms" : [
{
"name" : "ios",
"version" : "10.0"
},
{
"name" : "tvos",
"version" : "10.0"
}
],
"products" : [
{
"name" : "FlyoverKit",
"targets" : [
"FlyoverKit"
],
"type" : {
"library" : [
"automatic"
]
}
}
],
"targets" : [
{
"c99name" : "FlyoverKitTests",
"module_type" : "SwiftTarget",
"name" : "FlyoverKitTests",
"path" : "Tests",
"sources" : [
"BaseTests.swift",
"FlyoverCameraTests.swift",
"FlyoverMapViewTests.swift",
"FlyoverProtocolTests.swift"
],
"target_dependencies" : [
"FlyoverKit"
],
"type" : "test"
},
{
"c99name" : "FlyoverKit",
"module_type" : "SwiftTarget",
"name" : "FlyoverKit",
"path" : "Sources",
"product_memberships" : [
"FlyoverKit"
],
"sources" : [
"AwesomePlace/FlyoverAwesomePlace.swift",
"Camera/FlyoverCamera+Configuration.swift",
"Camera/FlyoverCamera+RegionChangeAnimation.swift",
"Camera/FlyoverCamera+State.swift",
"Camera/FlyoverCamera.swift",
"Flyover+Operators.swift",
"Flyover.swift",
"MapView/FlyoverMapView+MapType.swift",
"MapView/FlyoverMapView.swift",
"MapView/FlyoverMapViewController.swift"
],
"type" : "library"
}
],
"tools_version" : "5.0"
}
{
"project" : {
"configurations" : [
"Debug",
"Release"
],
"name" : "FlyoverKit",
"schemes" : [
"FlyoverKit-Example",
"FlyoverKit-iOS",
"FlyoverKit-tvOS"
],
"targets" : [
"FlyoverKit-Example",
"FlyoverKit-iOS",
"FlyoverKit-tvOS",
"FlyoverKit-iOS Tests",
"FlyoverKit-tvOS Tests"
]
}
}
{
"workspace" : {
"name" : "FlyoverKit",
"schemes" : [
"FlyoverKit"
]
}
}
2026-09-18 16:18:24.577 xcodebuild[621:3912] [MT] IDERunDestination: Supported platforms for the buildables in the current scheme is empty.
Running build ...
env DEVELOPER_DIR=/Applications/Xcode-27.0.0-Release.Candidate.app xcrun xcodebuild -IDEClonedSourcePackagesDirPathOverride=$PWD/.dependencies -skipMacroValidation -skipPackagePluginValidation -derivedDataPath $PWD/.derivedData build -scheme FlyoverKit -destination generic/platform=watchOS
Command line invocation:
/Applications/Xcode-27.0.0-Release.Candidate.app/Contents/Developer/usr/bin/xcodebuild -IDEClonedSourcePackagesDirPathOverride=/Users/admin/builder/spi-builder-workspace/.dependencies -skipMacroValidation -skipPackagePluginValidation -derivedDataPath /Users/admin/builder/spi-builder-workspace/.derivedData build -scheme FlyoverKit -destination generic/platform=watchOS
Resolve Package Graph
Resolved source packages:
FlyoverKit: /Users/admin/builder/spi-builder-workspace
ComputePackagePrebuildTargetDependencyGraph
Prepare packages
CreateBuildRequest
SendProjectDescription
CreateBuildOperation
ComputeTargetDependencyGraph
note: Building targets in dependency order
note: Target dependency graph (2 targets)
Target 'FlyoverKit-product' in project 'FlyoverKit'
➜ Explicit dependency on target 'FlyoverKit' in project 'FlyoverKit'
Target 'FlyoverKit' in project 'FlyoverKit' (no dependencies)
GatherProvisioningInputs
CreateBuildDescription
ExecuteExternalTool /Applications/Xcode-27.0.0-Release.Candidate.app/Contents/Developer/Toolchains/XcodeDefault.xctoolchain/usr/bin/clang -v -E -dM -isysroot /Applications/Xcode-27.0.0-Release.Candidate.app/Contents/Developer/Platforms/WatchOS.platform/Developer/SDKs/WatchOS27.0.sdk -x c -c /dev/null
ExecuteExternalTool /Applications/Xcode-27.0.0-Release.Candidate.app/Contents/Developer/Toolchains/XcodeDefault.xctoolchain/usr/bin/swiftc --version
ExecuteExternalTool /Applications/Xcode-27.0.0-Release.Candidate.app/Contents/Developer/Toolchains/XcodeDefault.xctoolchain/usr/bin/ld -version_details
Build description signature: aec3ab7dc999b8338d4856fb88443205
Build description path: /Users/admin/builder/spi-builder-workspace/.derivedData/Build/Intermediates.noindex/XCBuildData/aec3ab7dc999b8338d4856fb88443205.xcbuilddata
CreateBuildDirectory /Users/admin/builder/spi-builder-workspace/.derivedData/ModuleCache.noindex
cd /Users/admin/builder/spi-builder-workspace/.swiftpm/xcode
builtin-create-build-directory /Users/admin/builder/spi-builder-workspace/.derivedData/ModuleCache.noindex
CreateBuildDirectory /Users/admin/builder/spi-builder-workspace/.derivedData/SDKExplicitPrecompiledModules
cd /Users/admin/builder/spi-builder-workspace/.swiftpm/xcode
builtin-create-build-directory /Users/admin/builder/spi-builder-workspace/.derivedData/SDKExplicitPrecompiledModules
CreateBuildDirectory /Users/admin/builder/spi-builder-workspace/.derivedData/CompilationCache.noindex
cd /Users/admin/builder/spi-builder-workspace/.swiftpm/xcode
builtin-create-build-directory /Users/admin/builder/spi-builder-workspace/.derivedData/CompilationCache.noindex
CreateBuildDirectory /Users/admin/builder/spi-builder-workspace/.derivedData/Build/Intermediates.noindex
cd /Users/admin/builder/spi-builder-workspace/.swiftpm/xcode
builtin-create-build-directory /Users/admin/builder/spi-builder-workspace/.derivedData/Build/Intermediates.noindex
CreateBuildDirectory /Users/admin/builder/spi-builder-workspace/.derivedData/Build/Products
cd /Users/admin/builder/spi-builder-workspace/.swiftpm/xcode
builtin-create-build-directory /Users/admin/builder/spi-builder-workspace/.derivedData/Build/Products
ClangStatCache /Applications/Xcode-27.0.0-Release.Candidate.app/Contents/Developer/Toolchains/XcodeDefault.xctoolchain/usr/bin/clang-stat-cache /Applications/Xcode-27.0.0-Release.Candidate.app/Contents/Developer/Platforms/WatchOS.platform/Developer/SDKs/WatchOS27.0.sdk /Users/admin/builder/spi-builder-workspace/.derivedData/SDKStatCaches.noindex/watchos27.0-24R360-e829b21a6f8c9b70876ba0858053c04477534ef55a1706bf4c1112bbb242f0a2.sdkstatcache
cd /Users/admin/builder/spi-builder-workspace/.swiftpm/xcode
/Applications/Xcode-27.0.0-Release.Candidate.app/Contents/Developer/Toolchains/XcodeDefault.xctoolchain/usr/bin/clang-stat-cache /Applications/Xcode-27.0.0-Release.Candidate.app/Contents/Developer/Platforms/WatchOS.platform/Developer/SDKs/WatchOS27.0.sdk -o /Users/admin/builder/spi-builder-workspace/.derivedData/SDKStatCaches.noindex/watchos27.0-24R360-e829b21a6f8c9b70876ba0858053c04477534ef55a1706bf4c1112bbb242f0a2.sdkstatcache
CreateBuildDirectory /Users/admin/builder/spi-builder-workspace/.derivedData/Build/Intermediates.noindex/SwiftExplicitPrecompiledModules
cd /Users/admin/builder/spi-builder-workspace/.swiftpm/xcode
builtin-create-build-directory /Users/admin/builder/spi-builder-workspace/.derivedData/Build/Intermediates.noindex/SwiftExplicitPrecompiledModules
CreateBuildDirectory /Users/admin/builder/spi-builder-workspace/.derivedData/Build/Intermediates.noindex/PrecompiledHeaders
cd /Users/admin/builder/spi-builder-workspace/.swiftpm/xcode
builtin-create-build-directory /Users/admin/builder/spi-builder-workspace/.derivedData/Build/Intermediates.noindex/PrecompiledHeaders
CreateBuildDirectory /Users/admin/builder/spi-builder-workspace/.derivedData/Build/Intermediates.noindex/ExplicitPrecompiledModules
cd /Users/admin/builder/spi-builder-workspace/.swiftpm/xcode
builtin-create-build-directory /Users/admin/builder/spi-builder-workspace/.derivedData/Build/Intermediates.noindex/ExplicitPrecompiledModules
CreateBuildDirectory /Users/admin/builder/spi-builder-workspace/.derivedData/Build/Products/Debug-watchos
cd /Users/admin/builder/spi-builder-workspace/.swiftpm/xcode
builtin-create-build-directory /Users/admin/builder/spi-builder-workspace/.derivedData/Build/Products/Debug-watchos
CreateBuildDirectory /Users/admin/builder/spi-builder-workspace/.derivedData/Build/Intermediates.noindex/EagerLinkingTBDs/Debug-watchos
cd /Users/admin/builder/spi-builder-workspace/.swiftpm/xcode
builtin-create-build-directory /Users/admin/builder/spi-builder-workspace/.derivedData/Build/Intermediates.noindex/EagerLinkingTBDs/Debug-watchos
CreateBuildDirectory /Users/admin/builder/spi-builder-workspace/.derivedData/Build/Products/Debug-watchos/PackageFrameworks
cd /Users/admin/builder/spi-builder-workspace/.swiftpm/xcode
builtin-create-build-directory /Users/admin/builder/spi-builder-workspace/.derivedData/Build/Products/Debug-watchos/PackageFrameworks
WriteAuxiliaryFile /Users/admin/builder/spi-builder-workspace/.derivedData/Build/Intermediates.noindex/FlyoverKit.build/Debug-watchos/FlyoverKit-t.build/Objects-normal/arm64_32/FlyoverKit.SwiftFileList (in target 'FlyoverKit' from project 'FlyoverKit')
cd /Users/admin/builder/spi-builder-workspace
write-file /Users/admin/builder/spi-builder-workspace/.derivedData/Build/Intermediates.noindex/FlyoverKit.build/Debug-watchos/FlyoverKit-t.build/Objects-normal/arm64_32/FlyoverKit.SwiftFileList
WriteAuxiliaryFile /Users/admin/builder/spi-builder-workspace/.derivedData/Build/Intermediates.noindex/FlyoverKit.build/Debug-watchos/FlyoverKit-t.build/Objects-normal/arm64_32/FlyoverKit_const_extract_protocols.json (in target 'FlyoverKit' from project 'FlyoverKit')
cd /Users/admin/builder/spi-builder-workspace
write-file /Users/admin/builder/spi-builder-workspace/.derivedData/Build/Intermediates.noindex/FlyoverKit.build/Debug-watchos/FlyoverKit-t.build/Objects-normal/arm64_32/FlyoverKit_const_extract_protocols.json
WriteAuxiliaryFile /Users/admin/builder/spi-builder-workspace/.derivedData/Build/Intermediates.noindex/FlyoverKit.build/Debug-watchos/FlyoverKit-t.build/Objects-normal/arm64_32/FlyoverKit.LinkFileList (in target 'FlyoverKit' from project 'FlyoverKit')
cd /Users/admin/builder/spi-builder-workspace
write-file /Users/admin/builder/spi-builder-workspace/.derivedData/Build/Intermediates.noindex/FlyoverKit.build/Debug-watchos/FlyoverKit-t.build/Objects-normal/arm64_32/FlyoverKit.LinkFileList
WriteAuxiliaryFile /Users/admin/builder/spi-builder-workspace/.derivedData/Build/Intermediates.noindex/FlyoverKit.build/Debug-watchos/FlyoverKit-t.build/Objects-normal/arm64_32/FlyoverKit.SwiftConstValuesFileList (in target 'FlyoverKit' from project 'FlyoverKit')
cd /Users/admin/builder/spi-builder-workspace
write-file /Users/admin/builder/spi-builder-workspace/.derivedData/Build/Intermediates.noindex/FlyoverKit.build/Debug-watchos/FlyoverKit-t.build/Objects-normal/arm64_32/FlyoverKit.SwiftConstValuesFileList
WriteAuxiliaryFile /Users/admin/builder/spi-builder-workspace/.derivedData/Build/Intermediates.noindex/FlyoverKit.build/Debug-watchos/FlyoverKit-t.build/Objects-normal/arm64/FlyoverKit_const_extract_protocols.json (in target 'FlyoverKit' from project 'FlyoverKit')
cd /Users/admin/builder/spi-builder-workspace
write-file /Users/admin/builder/spi-builder-workspace/.derivedData/Build/Intermediates.noindex/FlyoverKit.build/Debug-watchos/FlyoverKit-t.build/Objects-normal/arm64/FlyoverKit_const_extract_protocols.json
WriteAuxiliaryFile /Users/admin/builder/spi-builder-workspace/.derivedData/Build/Intermediates.noindex/FlyoverKit.build/Debug-watchos/FlyoverKit-t.build/Objects-normal/arm64/FlyoverKit.LinkFileList (in target 'FlyoverKit' from project 'FlyoverKit')
cd /Users/admin/builder/spi-builder-workspace
write-file /Users/admin/builder/spi-builder-workspace/.derivedData/Build/Intermediates.noindex/FlyoverKit.build/Debug-watchos/FlyoverKit-t.build/Objects-normal/arm64/FlyoverKit.LinkFileList
WriteAuxiliaryFile /Users/admin/builder/spi-builder-workspace/.derivedData/Build/Intermediates.noindex/FlyoverKit.build/Debug-watchos/FlyoverKit-t.build/Objects-normal/arm64/FlyoverKit.SwiftFileList (in target 'FlyoverKit' from project 'FlyoverKit')
cd /Users/admin/builder/spi-builder-workspace
write-file /Users/admin/builder/spi-builder-workspace/.derivedData/Build/Intermediates.noindex/FlyoverKit.build/Debug-watchos/FlyoverKit-t.build/Objects-normal/arm64/FlyoverKit.SwiftFileList
WriteAuxiliaryFile /Users/admin/builder/spi-builder-workspace/.derivedData/Build/Intermediates.noindex/FlyoverKit.build/Debug-watchos/FlyoverKit-t.build/Objects-normal/arm64_32/FlyoverKit-OutputFileMap.json (in target 'FlyoverKit' from project 'FlyoverKit')
cd /Users/admin/builder/spi-builder-workspace
write-file /Users/admin/builder/spi-builder-workspace/.derivedData/Build/Intermediates.noindex/FlyoverKit.build/Debug-watchos/FlyoverKit-t.build/Objects-normal/arm64_32/FlyoverKit-OutputFileMap.json
WriteAuxiliaryFile /Users/admin/builder/spi-builder-workspace/.derivedData/Build/Intermediates.noindex/FlyoverKit.build/Debug-watchos/FlyoverKit-t.build/Objects-normal/arm64/FlyoverKit.SwiftConstValuesFileList (in target 'FlyoverKit' from project 'FlyoverKit')
cd /Users/admin/builder/spi-builder-workspace
write-file /Users/admin/builder/spi-builder-workspace/.derivedData/Build/Intermediates.noindex/FlyoverKit.build/Debug-watchos/FlyoverKit-t.build/Objects-normal/arm64/FlyoverKit.SwiftConstValuesFileList
WriteAuxiliaryFile /Users/admin/builder/spi-builder-workspace/.derivedData/Build/Intermediates.noindex/FlyoverKit.build/Debug-watchos/FlyoverKit-t.build/Objects-normal/arm64/FlyoverKit-OutputFileMap.json (in target 'FlyoverKit' from project 'FlyoverKit')
cd /Users/admin/builder/spi-builder-workspace
write-file /Users/admin/builder/spi-builder-workspace/.derivedData/Build/Intermediates.noindex/FlyoverKit.build/Debug-watchos/FlyoverKit-t.build/Objects-normal/arm64/FlyoverKit-OutputFileMap.json
WriteAuxiliaryFile /Users/admin/builder/spi-builder-workspace/.derivedData/Build/Intermediates.noindex/FlyoverKit.build/Debug-watchos/FlyoverKit-t.build/FlyoverKit.modulemap (in target 'FlyoverKit' from project 'FlyoverKit')
cd /Users/admin/builder/spi-builder-workspace
write-file /Users/admin/builder/spi-builder-workspace/.derivedData/Build/Intermediates.noindex/FlyoverKit.build/Debug-watchos/FlyoverKit-t.build/FlyoverKit.modulemap
WriteAuxiliaryFile /Users/admin/builder/spi-builder-workspace/.derivedData/Build/Intermediates.noindex/FlyoverKit.build/Debug-watchos/FlyoverKit-t.build/FlyoverKit.DependencyStaticMetadataFileList (in target 'FlyoverKit' from project 'FlyoverKit')
cd /Users/admin/builder/spi-builder-workspace
write-file /Users/admin/builder/spi-builder-workspace/.derivedData/Build/Intermediates.noindex/FlyoverKit.build/Debug-watchos/FlyoverKit-t.build/FlyoverKit.DependencyStaticMetadataFileList
WriteAuxiliaryFile /Users/admin/builder/spi-builder-workspace/.derivedData/Build/Intermediates.noindex/FlyoverKit.build/Debug-watchos/FlyoverKit-t.build/FlyoverKit.DependencyMetadataFileList (in target 'FlyoverKit' from project 'FlyoverKit')
cd /Users/admin/builder/spi-builder-workspace
write-file /Users/admin/builder/spi-builder-workspace/.derivedData/Build/Intermediates.noindex/FlyoverKit.build/Debug-watchos/FlyoverKit-t.build/FlyoverKit.DependencyMetadataFileList
Copy /Users/admin/builder/spi-builder-workspace/.derivedData/Build/Intermediates.noindex/GeneratedModuleMaps-watchos/FlyoverKit.modulemap /Users/admin/builder/spi-builder-workspace/.derivedData/Build/Intermediates.noindex/FlyoverKit.build/Debug-watchos/FlyoverKit-t.build/FlyoverKit.modulemap (in target 'FlyoverKit' from project 'FlyoverKit')
cd /Users/admin/builder/spi-builder-workspace
builtin-copy -exclude .DS_Store -exclude CVS -exclude .svn -exclude .git -exclude .hg -resolve-src-symlinks /Users/admin/builder/spi-builder-workspace/.derivedData/Build/Intermediates.noindex/FlyoverKit.build/Debug-watchos/FlyoverKit-t.build/FlyoverKit.modulemap /Users/admin/builder/spi-builder-workspace/.derivedData/Build/Intermediates.noindex/GeneratedModuleMaps-watchos
SwiftDriver FlyoverKit normal arm64 com.apple.xcode.tools.swift.compiler (in target 'FlyoverKit' from project 'FlyoverKit')
cd /Users/admin/builder/spi-builder-workspace/.swiftpm/xcode
builtin-SwiftDriver -- /Applications/Xcode-27.0.0-Release.Candidate.app/Contents/Developer/Toolchains/XcodeDefault.xctoolchain/usr/bin/swiftc -parse-as-library -module-name FlyoverKit -Onone @/Users/admin/builder/spi-builder-workspace/.derivedData/Build/Intermediates.noindex/FlyoverKit.build/Debug-watchos/FlyoverKit-t.build/Objects-normal/arm64/FlyoverKit.SwiftFileList -DSWIFT_PACKAGE -DDEBUG -DSWIFT_MODULE_RESOURCE_BUNDLE_UNAVAILABLE -DXcode -plugin-path /Applications/Xcode-27.0.0-Release.Candidate.app/Contents/Developer/Toolchains/XcodeDefault.xctoolchain/usr/lib/swift/host/plugins/testing -enable-experimental-feature DebugDescriptionMacro -sdk /Applications/Xcode-27.0.0-Release.Candidate.app/Contents/Developer/Platforms/WatchOS.platform/Developer/SDKs/WatchOS27.0.sdk -target arm64-apple-watchos9.0 -g -module-cache-path /Users/admin/builder/spi-builder-workspace/.derivedData/ModuleCache.noindex -Xfrontend -serialize-debugging-options -profile-coverage-mapping -profile-generate -enable-testing -index-store-path /Users/admin/builder/spi-builder-workspace/.derivedData/Index.noindex/DataStore -Xcc -D_LIBCPP_HARDENING_MODE\=_LIBCPP_HARDENING_MODE_DEBUG -swift-version 5 -I /Users/admin/builder/spi-builder-workspace/.derivedData/Build/Products/Debug-watchos -Isystem /Applications/Xcode-27.0.0-Release.Candidate.app/Contents/Developer/Platforms/WatchOS.platform/Developer/usr/lib -F /Users/admin/builder/spi-builder-workspace/.derivedData/Build/Products/Debug-watchos -F /Applications/Xcode-27.0.0-Release.Candidate.app/Contents/Developer/Platforms/WatchOS.platform/Developer/Library/Frameworks -F /Applications/Xcode-27.0.0-Release.Candidate.app/Contents/Developer/Platforms/WatchOS.platform/Developer/SDKs/WatchOS27.0.sdk/Developer/Library/Frameworks -c -j10 -enable-batch-mode -incremental -Xcc -ivfsstatcache -Xcc /Users/admin/builder/spi-builder-workspace/.derivedData/SDKStatCaches.noindex/watchos27.0-24R360-e829b21a6f8c9b70876ba0858053c04477534ef55a1706bf4c1112bbb242f0a2.sdkstatcache -output-file-map /Users/admin/builder/spi-builder-workspace/.derivedData/Build/Intermediates.noindex/FlyoverKit.build/Debug-watchos/FlyoverKit-t.build/Objects-normal/arm64/FlyoverKit-OutputFileMap.json -save-temps -no-color-diagnostics -explicit-module-build -module-cache-path /Users/admin/builder/spi-builder-workspace/.derivedData/Build/Intermediates.noindex/SwiftExplicitPrecompiledModules -clang-scanner-module-cache-path /Users/admin/builder/spi-builder-workspace/.derivedData/ModuleCache.noindex -sdk-module-cache-path /Users/admin/builder/spi-builder-workspace/.derivedData/SDKExplicitPrecompiledModules -emit-dependencies -emit-module -emit-module-path /Users/admin/builder/spi-builder-workspace/.derivedData/Build/Intermediates.noindex/FlyoverKit.build/Debug-watchos/FlyoverKit-t.build/Objects-normal/arm64/FlyoverKit.swiftmodule -serialize-diagnostics -dependency-scan-serialize-diagnostics-path /Users/admin/builder/spi-builder-workspace/.derivedData/Build/Intermediates.noindex/FlyoverKit.build/Debug-watchos/FlyoverKit-t.build/Objects-normal/arm64/FlyoverKit-dependency-scan.dia -validate-clang-modules-once -clang-build-session-file /Users/admin/builder/spi-builder-workspace/.derivedData/ModuleCache.noindex/Session.modulevalidation -Xcc -fmodules-prune-interval\=86400 -Xcc -fmodules-prune-after\=345600 -emit-const-values -const-gather-protocols-list /Users/admin/builder/spi-builder-workspace/.derivedData/Build/Intermediates.noindex/FlyoverKit.build/Debug-watchos/FlyoverKit-t.build/Objects-normal/arm64/FlyoverKit_const_extract_protocols.json -Xcc -I/Users/admin/builder/spi-builder-workspace/.derivedData/Build/Products/Debug-watchos/include -Xcc -I/Users/admin/builder/spi-builder-workspace/.derivedData/Build/Intermediates.noindex/FlyoverKit.build/Debug-watchos/FlyoverKit-t.build/DerivedSources-normal/arm64 -Xcc -I/Users/admin/builder/spi-builder-workspace/.derivedData/Build/Intermediates.noindex/FlyoverKit.build/Debug-watchos/FlyoverKit-t.build/DerivedSources/arm64 -Xcc -I/Users/admin/builder/spi-builder-workspace/.derivedData/Build/Intermediates.noindex/FlyoverKit.build/Debug-watchos/FlyoverKit-t.build/DerivedSources -Xcc -DSWIFT_PACKAGE -Xcc -DDEBUG\=1 -emit-objc-header -emit-objc-header-path /Users/admin/builder/spi-builder-workspace/.derivedData/Build/Intermediates.noindex/FlyoverKit.build/Debug-watchos/FlyoverKit-t.build/Objects-normal/arm64/FlyoverKit-Swift.h -working-directory /Users/admin/builder/spi-builder-workspace/.swiftpm/xcode -experimental-emit-module-separately -disable-cmo
SwiftDriver FlyoverKit normal arm64_32 com.apple.xcode.tools.swift.compiler (in target 'FlyoverKit' from project 'FlyoverKit')
cd /Users/admin/builder/spi-builder-workspace/.swiftpm/xcode
builtin-SwiftDriver -- /Applications/Xcode-27.0.0-Release.Candidate.app/Contents/Developer/Toolchains/XcodeDefault.xctoolchain/usr/bin/swiftc -parse-as-library -module-name FlyoverKit -Onone @/Users/admin/builder/spi-builder-workspace/.derivedData/Build/Intermediates.noindex/FlyoverKit.build/Debug-watchos/FlyoverKit-t.build/Objects-normal/arm64_32/FlyoverKit.SwiftFileList -DSWIFT_PACKAGE -DDEBUG -DSWIFT_MODULE_RESOURCE_BUNDLE_UNAVAILABLE -DXcode -plugin-path /Applications/Xcode-27.0.0-Release.Candidate.app/Contents/Developer/Toolchains/XcodeDefault.xctoolchain/usr/lib/swift/host/plugins/testing -enable-experimental-feature DebugDescriptionMacro -sdk /Applications/Xcode-27.0.0-Release.Candidate.app/Contents/Developer/Platforms/WatchOS.platform/Developer/SDKs/WatchOS27.0.sdk -target arm64_32-apple-watchos9.0 -g -module-cache-path /Users/admin/builder/spi-builder-workspace/.derivedData/ModuleCache.noindex -Xfrontend -serialize-debugging-options -profile-coverage-mapping -profile-generate -enable-testing -index-store-path /Users/admin/builder/spi-builder-workspace/.derivedData/Index.noindex/DataStore -Xcc -D_LIBCPP_HARDENING_MODE\=_LIBCPP_HARDENING_MODE_DEBUG -swift-version 5 -I /Users/admin/builder/spi-builder-workspace/.derivedData/Build/Products/Debug-watchos -Isystem /Applications/Xcode-27.0.0-Release.Candidate.app/Contents/Developer/Platforms/WatchOS.platform/Developer/usr/lib -F /Users/admin/builder/spi-builder-workspace/.derivedData/Build/Products/Debug-watchos -F /Applications/Xcode-27.0.0-Release.Candidate.app/Contents/Developer/Platforms/WatchOS.platform/Developer/Library/Frameworks -F /Applications/Xcode-27.0.0-Release.Candidate.app/Contents/Developer/Platforms/WatchOS.platform/Developer/SDKs/WatchOS27.0.sdk/Developer/Library/Frameworks -c -j10 -enable-batch-mode -incremental -Xcc -ivfsstatcache -Xcc /Users/admin/builder/spi-builder-workspace/.derivedData/SDKStatCaches.noindex/watchos27.0-24R360-e829b21a6f8c9b70876ba0858053c04477534ef55a1706bf4c1112bbb242f0a2.sdkstatcache -output-file-map /Users/admin/builder/spi-builder-workspace/.derivedData/Build/Intermediates.noindex/FlyoverKit.build/Debug-watchos/FlyoverKit-t.build/Objects-normal/arm64_32/FlyoverKit-OutputFileMap.json -save-temps -no-color-diagnostics -explicit-module-build -module-cache-path /Users/admin/builder/spi-builder-workspace/.derivedData/Build/Intermediates.noindex/SwiftExplicitPrecompiledModules -clang-scanner-module-cache-path /Users/admin/builder/spi-builder-workspace/.derivedData/ModuleCache.noindex -sdk-module-cache-path /Users/admin/builder/spi-builder-workspace/.derivedData/SDKExplicitPrecompiledModules -emit-dependencies -emit-module -emit-module-path /Users/admin/builder/spi-builder-workspace/.derivedData/Build/Intermediates.noindex/FlyoverKit.build/Debug-watchos/FlyoverKit-t.build/Objects-normal/arm64_32/FlyoverKit.swiftmodule -serialize-diagnostics -dependency-scan-serialize-diagnostics-path /Users/admin/builder/spi-builder-workspace/.derivedData/Build/Intermediates.noindex/FlyoverKit.build/Debug-watchos/FlyoverKit-t.build/Objects-normal/arm64_32/FlyoverKit-dependency-scan.dia -validate-clang-modules-once -clang-build-session-file /Users/admin/builder/spi-builder-workspace/.derivedData/ModuleCache.noindex/Session.modulevalidation -Xcc -fmodules-prune-interval\=86400 -Xcc -fmodules-prune-after\=345600 -emit-const-values -const-gather-protocols-list /Users/admin/builder/spi-builder-workspace/.derivedData/Build/Intermediates.noindex/FlyoverKit.build/Debug-watchos/FlyoverKit-t.build/Objects-normal/arm64_32/FlyoverKit_const_extract_protocols.json -Xcc -I/Users/admin/builder/spi-builder-workspace/.derivedData/Build/Products/Debug-watchos/include -Xcc -I/Users/admin/builder/spi-builder-workspace/.derivedData/Build/Intermediates.noindex/FlyoverKit.build/Debug-watchos/FlyoverKit-t.build/DerivedSources-normal/arm64_32 -Xcc -I/Users/admin/builder/spi-builder-workspace/.derivedData/Build/Intermediates.noindex/FlyoverKit.build/Debug-watchos/FlyoverKit-t.build/DerivedSources/arm64_32 -Xcc -I/Users/admin/builder/spi-builder-workspace/.derivedData/Build/Intermediates.noindex/FlyoverKit.build/Debug-watchos/FlyoverKit-t.build/DerivedSources -Xcc -DSWIFT_PACKAGE -Xcc -DDEBUG\=1 -emit-objc-header -emit-objc-header-path /Users/admin/builder/spi-builder-workspace/.derivedData/Build/Intermediates.noindex/FlyoverKit.build/Debug-watchos/FlyoverKit-t.build/Objects-normal/arm64_32/FlyoverKit-Swift.h -working-directory /Users/admin/builder/spi-builder-workspace/.swiftpm/xcode -experimental-emit-module-separately -disable-cmo
SwiftExplicitDependencyGeneratePcm arm64 /Users/admin/builder/spi-builder-workspace/.derivedData/SDKExplicitPrecompiledModules/_AvailabilityInternal-BUNV3UXM65NT37THI4W1AM0SF.pcm
SwiftExplicitDependencyGeneratePcm arm64 /Users/admin/builder/spi-builder-workspace/.derivedData/SDKExplicitPrecompiledModules/_Builtin_float-C0CW5Q4HGBQYKE77TC42IAFB5.pcm
SwiftExplicitDependencyGeneratePcm arm64 /Users/admin/builder/spi-builder-workspace/.derivedData/SDKExplicitPrecompiledModules/_SwiftConcurrencyShims-659N52XSKR5F0QSB880BH2FJR.pcm
SwiftExplicitDependencyGeneratePcm arm64 /Users/admin/builder/spi-builder-workspace/.derivedData/SDKExplicitPrecompiledModules/ptrauth-3TZ9WJCGLYD25HQPWH4968ONX.pcm
SwiftExplicitDependencyGeneratePcm arm64 /Users/admin/builder/spi-builder-workspace/.derivedData/SDKExplicitPrecompiledModules/ptrcheck-AIF0NDOYZ8ORBNHQAQR5NNB8M.pcm
SwiftExplicitDependencyGeneratePcm arm64 /Users/admin/builder/spi-builder-workspace/.derivedData/SDKExplicitPrecompiledModules/DeveloperToolsSupport-E7CNISCB36UE8XQ9IOHK9XDX1.pcm
SwiftExplicitDependencyGeneratePcm arm64_32 /Users/admin/builder/spi-builder-workspace/.derivedData/SDKExplicitPrecompiledModules/DeveloperToolsSupport-DZU5G1OCMNWU0AQRULIFHUJ1Z.pcm
SwiftExplicitDependencyGeneratePcm arm64 /Users/admin/builder/spi-builder-workspace/.derivedData/SDKExplicitPrecompiledModules/_Builtin_stdbool-83J96QSOFE9VX04AAS6310UAE.pcm
SwiftExplicitDependencyGeneratePcm arm64_32 /Users/admin/builder/spi-builder-workspace/.derivedData/SDKExplicitPrecompiledModules/_AvailabilityInternal-244WAN3Z1QBT7PIA64EZEFY1R.pcm
SwiftExplicitDependencyGeneratePcm arm64_32 /Users/admin/builder/spi-builder-workspace/.derivedData/SDKExplicitPrecompiledModules/ptrauth-BFXF358ME5AK535N5A9Z766WU.pcm
SwiftExplicitDependencyGeneratePcm arm64_32 /Users/admin/builder/spi-builder-workspace/.derivedData/SDKExplicitPrecompiledModules/_Builtin_stddef-H44EFHQX6XSS5MZ7QP6YJZ76.pcm
SwiftExplicitDependencyGeneratePcm arm64_32 /Users/admin/builder/spi-builder-workspace/.derivedData/SDKExplicitPrecompiledModules/ptrcheck-7ELIH9BTIGVKX3UBITM9N72WD.pcm
SwiftExplicitDependencyGeneratePcm arm64_32 /Users/admin/builder/spi-builder-workspace/.derivedData/SDKExplicitPrecompiledModules/_Builtin_float-6KO8O3PEWRCA4WC6PPLOYO6WJ.pcm
SwiftExplicitDependencyGeneratePcm arm64_32 /Users/admin/builder/spi-builder-workspace/.derivedData/SDKExplicitPrecompiledModules/SwiftShims-9CQQGWTSNTN9EB5NSHDWUJICH.pcm
SwiftExplicitDependencyGeneratePcm arm64_32 /Users/admin/builder/spi-builder-workspace/.derivedData/SDKExplicitPrecompiledModules/_SwiftConcurrencyShims-6RTBPQ03V7BM9SPRK8SUE055H.pcm
SwiftExplicitDependencyGeneratePcm arm64_32 /Users/admin/builder/spi-builder-workspace/.derivedData/SDKExplicitPrecompiledModules/_Builtin_stdarg-D305JG44A2WPI6CJY37X3QJE8.pcm
SwiftExplicitDependencyGeneratePcm arm64 /Users/admin/builder/spi-builder-workspace/.derivedData/SDKExplicitPrecompiledModules/SwiftShims-4MXFZPV6FEB0XBYXCGPWAMQGL.pcm
SwiftExplicitDependencyGeneratePcm arm64 /Users/admin/builder/spi-builder-workspace/.derivedData/SDKExplicitPrecompiledModules/_Builtin_stdarg-A7UU8LE6MP85SM26YO7PBZNUQ.pcm
SwiftExplicitDependencyGeneratePcm arm64 /Users/admin/builder/spi-builder-workspace/.derivedData/SDKExplicitPrecompiledModules/_Builtin_stddef-1FU30Y8SWFB7OUUHMJQH5J6FM.pcm
SwiftExplicitDependencyGeneratePcm arm64_32 /Users/admin/builder/spi-builder-workspace/.derivedData/SDKExplicitPrecompiledModules/_Builtin_stdbool-A967K8W8YUYEC9SN52KJ7OO88.pcm
SwiftExplicitDependencyGeneratePcm arm64 /Users/admin/builder/spi-builder-workspace/.derivedData/SDKExplicitPrecompiledModules/_DarwinFoundation1-7SPX3MD0HMP55E4OLNCPNDQ53.pcm
SwiftExplicitDependencyGeneratePcm arm64_32 /Users/admin/builder/spi-builder-workspace/.derivedData/SDKExplicitPrecompiledModules/_DarwinFoundation1-2GWF9RFMPLQW4PDHS3NARVI3G.pcm
SwiftExplicitDependencyGeneratePcm arm64_32 /Users/admin/builder/spi-builder-workspace/.derivedData/SDKExplicitPrecompiledModules/_Builtin_limits-3VKBU2AFTD65PAJZ5CJ3LHFM2.pcm
SwiftExplicitDependencyGeneratePcm arm64_32 /Users/admin/builder/spi-builder-workspace/.derivedData/SDKExplicitPrecompiledModules/_DarwinFoundation2-9MY8GOSYRO0M9MKNXF6D3MBNK.pcm
SwiftExplicitDependencyGeneratePcm arm64 /Users/admin/builder/spi-builder-workspace/.derivedData/SDKExplicitPrecompiledModules/_Builtin_limits-9GWPA2B0H20DYUNYHYCWKABJG.pcm
SwiftExplicitDependencyGeneratePcm arm64 /Users/admin/builder/spi-builder-workspace/.derivedData/SDKExplicitPrecompiledModules/_DarwinFoundation2-D0XAPJU49S5E9XMKYOFGSTB1Q.pcm
SwiftExplicitDependencyGeneratePcm arm64 /Users/admin/builder/spi-builder-workspace/.derivedData/SDKExplicitPrecompiledModules/_Builtin_tgmath-8NQ96OZ0YHXEC24JI95P01UF8.pcm
SwiftExplicitDependencyGeneratePcm arm64_32 /Users/admin/builder/spi-builder-workspace/.derivedData/SDKExplicitPrecompiledModules/_Builtin_stdint-1HMXWI3V0V4TXHRWZOMZGZ80Y.pcm
SwiftExplicitDependencyGeneratePcm arm64 /Users/admin/builder/spi-builder-workspace/.derivedData/SDKExplicitPrecompiledModules/sys_types-2KXQLI78OUCDP779AE68GZJ2.pcm
SwiftExplicitDependencyGeneratePcm arm64_32 /Users/admin/builder/spi-builder-workspace/.derivedData/SDKExplicitPrecompiledModules/_Builtin_tgmath-23PGCKURCQILXMK0MYZRYDCOU.pcm
SwiftExplicitDependencyGeneratePcm arm64 /Users/admin/builder/spi-builder-workspace/.derivedData/SDKExplicitPrecompiledModules/_Builtin_stdint-8XMILLJZEGRN2XG7XZUXZ5RLX.pcm
SwiftExplicitDependencyGeneratePcm arm64_32 /Users/admin/builder/spi-builder-workspace/.derivedData/SDKExplicitPrecompiledModules/sys_types-8TLLMW08ZJWDGIIPKOYFGHHZW.pcm
SwiftExplicitDependencyGeneratePcm arm64_32 /Users/admin/builder/spi-builder-workspace/.derivedData/SDKExplicitPrecompiledModules/string_h-BFVLUQUSBZWYMLCU9QI7VZALW.pcm
SwiftExplicitDependencyGeneratePcm arm64 /Users/admin/builder/spi-builder-workspace/.derivedData/SDKExplicitPrecompiledModules/string_h-E6PRXK75PHIPCZFWOFCQ3QBMK.pcm
SwiftExplicitDependencyGeneratePcm arm64_32 /Users/admin/builder/spi-builder-workspace/.derivedData/SDKExplicitPrecompiledModules/_Builtin_intrinsics-196IIAKDQVU42DLOZP9OQCV76.pcm
SwiftExplicitDependencyGeneratePcm arm64_32 /Users/admin/builder/spi-builder-workspace/.derivedData/SDKExplicitPrecompiledModules/_DarwinFoundation3-3DUTYQDQSD9HUAAVY947NMWOI.pcm
SwiftExplicitDependencyGeneratePcm arm64_32 /Users/admin/builder/spi-builder-workspace/.derivedData/SDKExplicitPrecompiledModules/_Builtin_stdatomic-1TY035TURL76BF2U98PZPPZRX.pcm
SwiftExplicitDependencyGeneratePcm arm64 /Users/admin/builder/spi-builder-workspace/.derivedData/SDKExplicitPrecompiledModules/_Builtin_intrinsics-75960HIPCIYA06IUW8FIIPQT.pcm
SwiftExplicitDependencyGeneratePcm arm64 /Users/admin/builder/spi-builder-workspace/.derivedData/SDKExplicitPrecompiledModules/_DarwinFoundation3-B97LRG0E9GON2NUE65TVG81HU.pcm
SwiftExplicitDependencyGeneratePcm arm64 /Users/admin/builder/spi-builder-workspace/.derivedData/SDKExplicitPrecompiledModules/_Builtin_stdatomic-7JEFA3KBJJJN6TKJWY3OG1VG5.pcm
SwiftExplicitDependencyGeneratePcm arm64 /Users/admin/builder/spi-builder-workspace/.derivedData/SDKExplicitPrecompiledModules/_Builtin_inttypes-3UQSCM7WNM9EK4HZML8TY5J3D.pcm
SwiftExplicitDependencyGeneratePcm arm64_32 /Users/admin/builder/spi-builder-workspace/.derivedData/SDKExplicitPrecompiledModules/_Builtin_inttypes-D2KPCR4PEX9AQA33NGLUT5SBR.pcm
SwiftExplicitDependencyGeneratePcm arm64_32 /Users/admin/builder/spi-builder-workspace/.derivedData/SDKExplicitPrecompiledModules/Darwin-3FVT1SKLN2ZQ5RVOABMTQBB34.pcm
SwiftExplicitDependencyGeneratePcm arm64 /Users/admin/builder/spi-builder-workspace/.derivedData/SDKExplicitPrecompiledModules/Darwin-3984OXKFNSPE77NT743WK8SEX.pcm
SwiftExplicitDependencyGeneratePcm arm64_32 /Users/admin/builder/spi-builder-workspace/.derivedData/SDKExplicitPrecompiledModules/simd-21UNWYOBUZI1LVSQ99S1XBLMO.pcm
SwiftExplicitDependencyGeneratePcm arm64 /Users/admin/builder/spi-builder-workspace/.derivedData/SDKExplicitPrecompiledModules/simd-EH08NODU6574T74ZKU61VP9BW.pcm
SwiftExplicitDependencyGeneratePcm arm64_32 /Users/admin/builder/spi-builder-workspace/.derivedData/SDKExplicitPrecompiledModules/MachO-56838ZJ0NC1EBAJ0O6O8QMPDX.pcm
SwiftExplicitDependencyGeneratePcm arm64_32 /Users/admin/builder/spi-builder-workspace/.derivedData/SDKExplicitPrecompiledModules/ObjectiveC-6IJNELR2E80E7LUKESVCP2KET.pcm
SwiftExplicitDependencyGeneratePcm arm64 /Users/admin/builder/spi-builder-workspace/.derivedData/SDKExplicitPrecompiledModules/ObjectiveC-72IVD3VS2RS8Q28D9PIMY0KQP.pcm
SwiftExplicitDependencyGeneratePcm arm64 /Users/admin/builder/spi-builder-workspace/.derivedData/SDKExplicitPrecompiledModules/MachO-2U90NNSAQILBNBPS1SA4F8TYP.pcm
SwiftExplicitDependencyGeneratePcm arm64_32 /Users/admin/builder/spi-builder-workspace/.derivedData/SDKExplicitPrecompiledModules/os_object-5YWTC6L4756IWSTPGXS5NM0D0.pcm
SwiftExplicitDependencyGeneratePcm arm64 /Users/admin/builder/spi-builder-workspace/.derivedData/SDKExplicitPrecompiledModules/os_object-3SDKD7F87FTZ26OON37DRYT6O.pcm
SwiftExplicitDependencyGeneratePcm arm64_32 /Users/admin/builder/spi-builder-workspace/.derivedData/SDKExplicitPrecompiledModules/os_workgroup-5JHTPDMNBUNHLJI8LPHKQK1JK.pcm
SwiftExplicitDependencyGeneratePcm arm64 /Users/admin/builder/spi-builder-workspace/.derivedData/SDKExplicitPrecompiledModules/os_workgroup-89GG5G7YC2D0ZTK6AZXXQ20DH.pcm
SwiftExplicitDependencyGeneratePcm arm64_32 /Users/admin/builder/spi-builder-workspace/.derivedData/SDKExplicitPrecompiledModules/Spatial-CWVWNML3T0NXVHZDKVLD3X1YZ.pcm
SwiftExplicitDependencyGeneratePcm arm64 /Users/admin/builder/spi-builder-workspace/.derivedData/SDKExplicitPrecompiledModules/Spatial-44FJGYXFAT2AQAW9Z6T7YS02U.pcm
SwiftExplicitDependencyGeneratePcm arm64 /Users/admin/builder/spi-builder-workspace/.derivedData/SDKExplicitPrecompiledModules/Dispatch-1NLJOVAK60XP0DUB05XA59EIM.pcm
SwiftExplicitDependencyGeneratePcm arm64_32 /Users/admin/builder/spi-builder-workspace/.derivedData/SDKExplicitPrecompiledModules/Dispatch-2P62F1T4XV63S4P99TUDTOK2Q.pcm
SwiftExplicitDependencyGeneratePcm arm64 /Users/admin/builder/spi-builder-workspace/.derivedData/SDKExplicitPrecompiledModules/CoreFoundation-8T2L24YC5NU7WO6WQJWRY7W08.pcm
SwiftExplicitDependencyGeneratePcm arm64 /Users/admin/builder/spi-builder-workspace/.derivedData/SDKExplicitPrecompiledModules/XPC-40DR0X1DHKGCV4J1IOLFS8MOU.pcm
SwiftExplicitDependencyGeneratePcm arm64_32 /Users/admin/builder/spi-builder-workspace/.derivedData/SDKExplicitPrecompiledModules/XPC-81Y45QFY96XYYFCW2GT6FY8S4.pcm
SwiftExplicitDependencyGeneratePcm arm64_32 /Users/admin/builder/spi-builder-workspace/.derivedData/SDKExplicitPrecompiledModules/CoreFoundation-8E6Y4BA3EXYKUGJ24GT9LGV3N.pcm
SwiftExplicitDependencyGeneratePcm arm64_32 /Users/admin/builder/spi-builder-workspace/.derivedData/SDKExplicitPrecompiledModules/os-E5IGB442IA6SBB25TTCOLK2OC.pcm
SwiftExplicitDependencyGeneratePcm arm64 /Users/admin/builder/spi-builder-workspace/.derivedData/SDKExplicitPrecompiledModules/os-5DIL6Z9LFIGLMZAHM7X2T5435.pcm
SwiftExplicitDependencyGeneratePcm arm64_32 /Users/admin/builder/spi-builder-workspace/.derivedData/SDKExplicitPrecompiledModules/CoreGraphics-9FDXYX6BKBUT6TJ2VF819E7T5.pcm
SwiftExplicitDependencyGeneratePcm arm64_32 /Users/admin/builder/spi-builder-workspace/.derivedData/SDKExplicitPrecompiledModules/Security-D7TOWF88VWF67TB9HAFP5UWB1.pcm
SwiftExplicitDependencyGeneratePcm arm64 /Users/admin/builder/spi-builder-workspace/.derivedData/SDKExplicitPrecompiledModules/CoreGraphics-DWNZ73GEH98SBJXZ7DEXB420K.pcm
SwiftExplicitDependencyGeneratePcm arm64 /Users/admin/builder/spi-builder-workspace/.derivedData/SDKExplicitPrecompiledModules/Security-6RZ6YBRU8WCUHRFFRVUK5WKMM.pcm
SwiftExplicitDependencyGeneratePcm arm64 /Users/admin/builder/spi-builder-workspace/.derivedData/SDKExplicitPrecompiledModules/Foundation-DLBKUSGXN8QHAT8W0OARR9S8A.pcm
SwiftExplicitDependencyGeneratePcm arm64_32 /Users/admin/builder/spi-builder-workspace/.derivedData/SDKExplicitPrecompiledModules/Foundation-BJ2VQGI3OGR34500MEQ1VKHPH.pcm
SwiftExplicitDependencyGeneratePcm arm64 /Users/admin/builder/spi-builder-workspace/.derivedData/SDKExplicitPrecompiledModules/CoreText-970YJN6NIYGK1316L35Z0O8QT.pcm
SwiftExplicitDependencyGeneratePcm arm64 /Users/admin/builder/spi-builder-workspace/.derivedData/SDKExplicitPrecompiledModules/CoreVideo-8MRR5MNWUOAW2DBPGUQ8FKK4.pcm
SwiftExplicitDependencyGeneratePcm arm64_32 /Users/admin/builder/spi-builder-workspace/.derivedData/SDKExplicitPrecompiledModules/CoreText-C9X2REPZN2V5BSU4G80FCETDR.pcm
SwiftExplicitDependencyGeneratePcm arm64_32 /Users/admin/builder/spi-builder-workspace/.derivedData/SDKExplicitPrecompiledModules/CoreVideo-2P8HI0403J99LBDPKNFJ5D4DL.pcm
SwiftExplicitDependencyGeneratePcm arm64 /Users/admin/builder/spi-builder-workspace/.derivedData/SDKExplicitPrecompiledModules/QuartzCore-94KFMWNOU7ZLUZNB4T5DLZC9D.pcm
SwiftExplicitDependencyGeneratePcm arm64 /Users/admin/builder/spi-builder-workspace/.derivedData/SDKExplicitPrecompiledModules/CoreTransferable-9PPG3SLJ55T4LITIFYX2M0NOZ.pcm
SwiftExplicitDependencyGeneratePcm arm64 /Users/admin/builder/spi-builder-workspace/.derivedData/SDKExplicitPrecompiledModules/OSLog-B7VGO357Y3GJG35TST7DKDSI3.pcm
SwiftExplicitDependencyGeneratePcm arm64 /Users/admin/builder/spi-builder-workspace/.derivedData/SDKExplicitPrecompiledModules/_LocationEssentials-5ZZDGDXB6HLQUC72SJW7YJ7MK.pcm
SwiftExplicitDependencyGeneratePcm arm64 /Users/admin/builder/spi-builder-workspace/.derivedData/SDKExplicitPrecompiledModules/Accessibility-27QMG6ZQ1NKYTNBYFPM1XKNFC.pcm
SwiftExplicitDependencyGeneratePcm arm64 /Users/admin/builder/spi-builder-workspace/.derivedData/SDKExplicitPrecompiledModules/DataDetection-7BNVI1SZW5ISQL5SX4WL2X7I5.pcm
SwiftExplicitDependencyGeneratePcm arm64 /Users/admin/builder/spi-builder-workspace/.derivedData/SDKExplicitPrecompiledModules/UserNotifications-ARAH8MEQ0C2L0FBO39HITJMAO.pcm
SwiftExplicitDependencyGeneratePcm arm64 /Users/admin/builder/spi-builder-workspace/.derivedData/SDKExplicitPrecompiledModules/UniformTypeIdentifiers-8L08Q8DQJV8C4AW84YVGFGTRN.pcm
SwiftExplicitDependencyGeneratePcm arm64 /Users/admin/builder/spi-builder-workspace/.derivedData/SDKExplicitPrecompiledModules/UIUtilities-IR7RNW23VAUKYI9MLCS9NL9A.pcm
SwiftExplicitDependencyGeneratePcm arm64 /Users/admin/builder/spi-builder-workspace/.derivedData/SDKExplicitPrecompiledModules/Symbols-3EFABTJ9L5PQDJ7RQCYQWEJMM.pcm
SwiftExplicitDependencyGeneratePcm arm64_32 /Users/admin/builder/spi-builder-workspace/.derivedData/SDKExplicitPrecompiledModules/UniformTypeIdentifiers-CJZ3NTHPSBH4XWX5EVOG56UZS.pcm
SwiftExplicitDependencyGeneratePcm arm64_32 /Users/admin/builder/spi-builder-workspace/.derivedData/SDKExplicitPrecompiledModules/Accessibility-F385OMZ5GYBUY5O4QAJB4NRII.pcm
SwiftExplicitDependencyGeneratePcm arm64 /Users/admin/builder/spi-builder-workspace/.derivedData/SDKExplicitPrecompiledModules/CoreLocation-ACKJ9K7ABI14F97Y46Y6SRR17.pcm
SwiftExplicitDependencyGeneratePcm arm64_32 /Users/admin/builder/spi-builder-workspace/.derivedData/SDKExplicitPrecompiledModules/DataDetection-U9BF7WHFVA6BZGFXXXP272PS.pcm
SwiftExplicitDependencyGeneratePcm arm64_32 /Users/admin/builder/spi-builder-workspace/.derivedData/SDKExplicitPrecompiledModules/_LocationEssentials-AQ1OL9QKC3LQLY5CNSRM1HB53.pcm
SwiftExplicitDependencyGeneratePcm arm64_32 /Users/admin/builder/spi-builder-workspace/.derivedData/SDKExplicitPrecompiledModules/QuartzCore-6375NPYACK5NYVHPMC1QQ8MC2.pcm
SwiftExplicitDependencyGeneratePcm arm64_32 /Users/admin/builder/spi-builder-workspace/.derivedData/SDKExplicitPrecompiledModules/UserNotifications-6TBN8TEAKO014N1T2QD926XED.pcm
SwiftExplicitDependencyGeneratePcm arm64_32 /Users/admin/builder/spi-builder-workspace/.derivedData/SDKExplicitPrecompiledModules/OSLog-D9AVFY0KWO7RVBIQ73CBIJVCN.pcm
SwiftExplicitDependencyGeneratePcm arm64_32 /Users/admin/builder/spi-builder-workspace/.derivedData/SDKExplicitPrecompiledModules/CoreTransferable-5D4IR6X37682FPHJ5CBPTKQV6.pcm
SwiftExplicitDependencyGeneratePcm arm64_32 /Users/admin/builder/spi-builder-workspace/.derivedData/SDKExplicitPrecompiledModules/Symbols-1H97WMG76HU94F5VGJR19PXFY.pcm
SwiftExplicitDependencyGeneratePcm arm64 /Users/admin/builder/spi-builder-workspace/.derivedData/SDKExplicitPrecompiledModules/SwiftUICore-C1DST1IX2Z0PTH5SJJZ1IULRB.pcm
SwiftExplicitDependencyGeneratePcm arm64_32 /Users/admin/builder/spi-builder-workspace/.derivedData/SDKExplicitPrecompiledModules/UIUtilities-9YFVNIMRC5HRVOIARNWHP1E3H.pcm
SwiftExplicitDependencyGeneratePcm arm64_32 /Users/admin/builder/spi-builder-workspace/.derivedData/SDKExplicitPrecompiledModules/CoreLocation-8XU5YMYM4P11RQMYCQAG65ITK.pcm
SwiftExplicitDependencyGeneratePcm arm64 /Users/admin/builder/spi-builder-workspace/.derivedData/SDKExplicitPrecompiledModules/CoreMotion-6RD5K48QT1F4L9CATNFD2O7YB.pcm
SwiftExplicitDependencyGeneratePcm arm64_32 /Users/admin/builder/spi-builder-workspace/.derivedData/SDKExplicitPrecompiledModules/SwiftUICore-3Q7WLRD8MR9R3NGIPUBQCP6F6.pcm
SwiftExplicitDependencyGeneratePcm arm64_32 /Users/admin/builder/spi-builder-workspace/.derivedData/SDKExplicitPrecompiledModules/CoreMotion-1XGTVTE5PP32UHME8AC63TL6.pcm
SwiftExplicitDependencyGeneratePcm arm64 /Users/admin/builder/spi-builder-workspace/.derivedData/SDKExplicitPrecompiledModules/UIKit-27R3P1YMV4C6JLDT661G3MRIA.pcm
SwiftExplicitDependencyGeneratePcm arm64_32 /Users/admin/builder/spi-builder-workspace/.derivedData/SDKExplicitPrecompiledModules/UIKit-6PPV7YPZ89CZPHYAP072QH8B6.pcm
SwiftExplicitDependencyGeneratePcm arm64 /Users/admin/builder/spi-builder-workspace/.derivedData/SDKExplicitPrecompiledModules/MapKit-EJJWC7IL56MPLQMI93GJRE5OG.pcm
SwiftExplicitDependencyGeneratePcm arm64_32 /Users/admin/builder/spi-builder-workspace/.derivedData/SDKExplicitPrecompiledModules/MapKit-CWGB4YMP1VX1NYQN5FULFD5DR.pcm
SwiftEmitModule normal arm64 Emitting\ module\ for\ FlyoverKit (in target 'FlyoverKit' from project 'FlyoverKit')
/Users/admin/builder/spi-builder-workspace/Sources/Camera/FlyoverCamera+RegionChangeAnimation.swift:20:54: error: 'UIView' is unavailable in watchOS
18 | /// Animation with given TimeInterval and AnimationCurve
19 | /// should be performed
20 | case animated(duration: TimeInterval, curve: UIView.AnimationCurve)
| `- error: 'UIView' is unavailable in watchOS
21 | }
22 |
/Applications/Xcode-27.0.0-Release.Candidate.app/Contents/Developer/Platforms/WatchOS.platform/Developer/SDKs/WatchOS27.0.sdk/System/Library/Frameworks/UIKit.framework/Headers/UIView.h:152:12: note: 'UIView' has been explicitly marked unavailable here
150 |
151 | UIKIT_EXTERN API_AVAILABLE(ios(2.0)) API_UNAVAILABLE(watchos) NS_SWIFT_UI_ACTOR
152 | @interface UIView : UIResponder <NSCoding, UIAppearance, UIAppearanceContainer, UIDynamicItem, UITraitEnvironment, UICoordinateSpace, UIFocusItem, UIFocusItemContainer, CALayerDelegate>
| `- note: 'UIView' has been explicitly marked unavailable here
153 |
154 | @property(class, nonatomic, readonly) Class layerClass; // default is [CALayer class]. Used when creating the underlying layer for the view.
/Users/admin/builder/spi-builder-workspace/Sources/Camera/FlyoverCamera.swift:26:28: error: 'altitude' is unavailable in watchOS
24 | didSet {
25 | // Set MapCamera altitude
26 | self.mapCamera.altitude = self.configuration.altitude
| `- error: 'altitude' is unavailable in watchOS
27 | // Set MapCamera pitch
28 | self.mapCamera.pitch = CGFloat(self.configuration.pitch)
/Applications/Xcode-27.0.0-Release.Candidate.app/Contents/Developer/Platforms/WatchOS.platform/Developer/SDKs/WatchOS27.0.sdk/System/Library/Frameworks/MapKit.framework/Headers/MKMapCamera.h:24:42: note: 'altitude' has been explicitly marked unavailable here
22 | @property (nonatomic) CLLocationDirection heading;
23 | @property (nonatomic) CGFloat pitch; // In degrees where 0 is looking straight down. Pitch may be clamped to an appropriate value.
24 | @property (nonatomic) CLLocationDistance altitude API_DEPRECATED("Use centerCoordinateDistance", ios(7.0, API_TO_BE_DEPRECATED), macos(10.9, API_TO_BE_DEPRECATED), tvos(9.2, API_TO_BE_DEPRECATED)) API_UNAVAILABLE(watchos);
| `- note: 'altitude' has been explicitly marked unavailable here
25 |
26 | + (instancetype)camera;
/Users/admin/builder/spi-builder-workspace/Sources/Camera/FlyoverCamera.swift:38:21: error: 'UIView' is unavailable in watchOS
36 |
37 | /// The animation curve
38 | open var curve: UIView.AnimationCurve = .linear
| `- error: 'UIView' is unavailable in watchOS
39 |
40 | // MARK: Private properties
/Applications/Xcode-27.0.0-Release.Candidate.app/Contents/Developer/Platforms/WatchOS.platform/Developer/SDKs/WatchOS27.0.sdk/System/Library/Frameworks/UIKit.framework/Headers/UIView.h:152:12: note: 'UIView' has been explicitly marked unavailable here
150 |
151 | UIKIT_EXTERN API_AVAILABLE(ios(2.0)) API_UNAVAILABLE(watchos) NS_SWIFT_UI_ACTOR
152 | @interface UIView : UIResponder <NSCoding, UIAppearance, UIAppearanceContainer, UIDynamicItem, UITraitEnvironment, UICoordinateSpace, UIFocusItem, UIFocusItemContainer, CALayerDelegate>
| `- note: 'UIView' has been explicitly marked unavailable here
153 |
154 | @property(class, nonatomic, readonly) Class layerClass; // default is [CALayer class]. Used when creating the underlying layer for the view.
/Users/admin/builder/spi-builder-workspace/Sources/Camera/FlyoverCamera.swift:43:31: error: 'MKMapView' is unavailable in watchOS
41 |
42 | /// The MapView
43 | private weak var mapView: MKMapView?
| `- error: 'MKMapView' is unavailable in watchOS
44 |
45 | /// The MapView Camera
/Applications/Xcode-27.0.0-Release.Candidate.app/Contents/Developer/Platforms/WatchOS.platform/Developer/SDKs/WatchOS27.0.sdk/System/Library/Frameworks/MapKit.framework/Headers/MKMapView.h:73:12: note: 'MKMapView' has been explicitly marked unavailable here
71 | #if TARGET_OS_IPHONE
72 | NS_CLASS_AVAILABLE(NA, 3_0) __TVOS_AVAILABLE(9_2) API_UNAVAILABLE(watchos)
73 | @interface MKMapView : UIView <NSCoding>
| `- note: 'MKMapView' has been explicitly marked unavailable here
74 | #else
75 | NS_CLASS_AVAILABLE(10_9, NA)
/Users/admin/builder/spi-builder-workspace/Sources/Camera/FlyoverCamera.swift:48:16: error: 'altitude' is unavailable in watchOS
46 | private lazy var mapCamera: MKMapCamera = {
47 | let camera = MKMapCamera()
48 | camera.altitude = self.configuration.altitude
| `- error: 'altitude' is unavailable in watchOS
49 | camera.pitch = CGFloat(self.configuration.pitch)
50 | return camera
/Applications/Xcode-27.0.0-Release.Candidate.app/Contents/Developer/Platforms/WatchOS.platform/Developer/SDKs/WatchOS27.0.sdk/System/Library/Frameworks/MapKit.framework/Headers/MKMapCamera.h:24:42: note: 'altitude' has been explicitly marked unavailable here
22 | @property (nonatomic) CLLocationDirection heading;
23 | @property (nonatomic) CGFloat pitch; // In degrees where 0 is looking straight down. Pitch may be clamped to an appropriate value.
24 | @property (nonatomic) CLLocationDistance altitude API_DEPRECATED("Use centerCoordinateDistance", ios(7.0, API_TO_BE_DEPRECATED), macos(10.9, API_TO_BE_DEPRECATED), tvos(9.2, API_TO_BE_DEPRECATED)) API_UNAVAILABLE(watchos);
| `- note: 'altitude' has been explicitly marked unavailable here
25 |
26 | + (instancetype)camera;
/Users/admin/builder/spi-builder-workspace/Sources/Camera/FlyoverCamera.swift:57:27: error: 'UIViewPropertyAnimator' is unavailable in watchOS
55 |
56 | /// The UIViewPropertyAnimator
57 | private var animator: UIViewPropertyAnimator?
| `- error: 'UIViewPropertyAnimator' is unavailable in watchOS
58 |
59 | // MARK: Initializer
/Applications/Xcode-27.0.0-Release.Candidate.app/Contents/Developer/Platforms/WatchOS.platform/Developer/SDKs/WatchOS27.0.sdk/System/Library/Frameworks/UIKit.framework/Headers/UIViewPropertyAnimator.h:17:12: note: 'UIViewPropertyAnimator' has been explicitly marked unavailable here
15 |
16 | UIKIT_EXTERN API_AVAILABLE(ios(10.0)) API_UNAVAILABLE(watchos) NS_SWIFT_UI_ACTOR
17 | @interface UIViewPropertyAnimator : NSObject <UIViewImplicitlyAnimating, NSCopying>
| `- note: 'UIViewPropertyAnimator' has been explicitly marked unavailable here
18 |
19 | @property(nullable, nonatomic, copy, readonly) id <UITimingCurveProvider> timingParameters;
/Users/admin/builder/spi-builder-workspace/Sources/Camera/FlyoverCamera.swift:66:26: error: 'MKMapView' is unavailable in watchOS
64 | /// - mapView: The MapView
65 | /// - configuration: The Configuration. Default value: `.default` theme
66 | public init(mapView: MKMapView, configuration: Configuration = .default) {
| `- error: 'MKMapView' is unavailable in watchOS
67 | // Set MapView
68 | self.mapView = mapView
/Applications/Xcode-27.0.0-Release.Candidate.app/Contents/Developer/Platforms/WatchOS.platform/Developer/SDKs/WatchOS27.0.sdk/System/Library/Frameworks/MapKit.framework/Headers/MKMapView.h:73:12: note: 'MKMapView' has been explicitly marked unavailable here
71 | #if TARGET_OS_IPHONE
72 | NS_CLASS_AVAILABLE(NA, 3_0) __TVOS_AVAILABLE(9_2) API_UNAVAILABLE(watchos)
73 | @interface MKMapView : UIView <NSCoding>
| `- note: 'MKMapView' has been explicitly marked unavailable here
74 | #else
75 | NS_CLASS_AVAILABLE(10_9, NA)
/Users/admin/builder/spi-builder-workspace/Sources/Camera/FlyoverCamera.swift:255:23: error: 'UIViewPropertyAnimator' is unavailable in watchOS
253 | // MARK: - UIViewPropertyAnimator Extension
254 |
255 | fileprivate extension UIViewPropertyAnimator {
| `- error: 'UIViewPropertyAnimator' is unavailable in watchOS
256 |
257 | /// Force Stop Animation
/Applications/Xcode-27.0.0-Release.Candidate.app/Contents/Developer/Platforms/WatchOS.platform/Developer/SDKs/WatchOS27.0.sdk/System/Library/Frameworks/UIKit.framework/Headers/UIViewPropertyAnimator.h:17:12: note: 'UIViewPropertyAnimator' has been explicitly marked unavailable here
15 |
16 | UIKIT_EXTERN API_AVAILABLE(ios(10.0)) API_UNAVAILABLE(watchos) NS_SWIFT_UI_ACTOR
17 | @interface UIViewPropertyAnimator : NSObject <UIViewImplicitlyAnimating, NSCopying>
| `- note: 'UIViewPropertyAnimator' has been explicitly marked unavailable here
18 |
19 | @property(nullable, nonatomic, copy, readonly) id <UITimingCurveProvider> timingParameters;
/Users/admin/builder/spi-builder-workspace/Sources/Flyover.swift:52:11: error: 'MKMapView' is unavailable in watchOS
50 | }
51 |
52 | extension MKMapView: Flyover {
| `- error: 'MKMapView' is unavailable in watchOS
53 |
54 | /// The flyover coordinate
/Applications/Xcode-27.0.0-Release.Candidate.app/Contents/Developer/Platforms/WatchOS.platform/Developer/SDKs/WatchOS27.0.sdk/System/Library/Frameworks/MapKit.framework/Headers/MKMapView.h:73:12: note: 'MKMapView' has been explicitly marked unavailable here
71 | #if TARGET_OS_IPHONE
72 | NS_CLASS_AVAILABLE(NA, 3_0) __TVOS_AVAILABLE(9_2) API_UNAVAILABLE(watchos)
73 | @interface MKMapView : UIView <NSCoding>
| `- note: 'MKMapView' has been explicitly marked unavailable here
74 | #else
75 | NS_CLASS_AVAILABLE(10_9, NA)
/Users/admin/builder/spi-builder-workspace/Sources/MapView/FlyoverMapView+MapType.swift:32:33: error: 'MKMapType' is unavailable in watchOS
30 |
31 | /// Associated type RawValue as MKMapType
32 | public typealias RawValue = MKMapType
| `- error: 'MKMapType' is unavailable in watchOS
33 |
34 | /// RawRepresentable initializer
/Applications/Xcode-27.0.0-Release.Candidate.app/Contents/Developer/Platforms/WatchOS.platform/Developer/SDKs/WatchOS27.0.sdk/System/Library/Frameworks/MapKit.framework/Headers/MKTypes.h:12:29: note: 'MKMapType' has been explicitly marked unavailable here
10 | NS_ASSUME_NONNULL_BEGIN
11 |
12 | typedef NS_ENUM(NSUInteger, MKMapType) {
| `- note: 'MKMapType' has been explicitly marked unavailable here
13 | MKMapTypeStandard = 0,
14 | MKMapTypeSatellite,
/Users/admin/builder/spi-builder-workspace/Sources/MapView/FlyoverMapView+MapType.swift:29:1: warning: unavailable enum 'MKMapType' was used to satisfy a requirement of protocol 'RawRepresentable'; this will be an error in a future Swift language mode
27 | // MARK: - MapType RawRepresentable
28 |
29 | extension FlyoverMapView.MapType: RawRepresentable {
| `- warning: unavailable enum 'MKMapType' was used to satisfy a requirement of protocol 'RawRepresentable'; this will be an error in a future Swift language mode
30 |
31 | /// Associated type RawValue as MKMapType
/Applications/Xcode-27.0.0-Release.Candidate.app/Contents/Developer/Platforms/WatchOS.platform/Developer/SDKs/WatchOS27.0.sdk/System/Library/Frameworks/MapKit.framework/Headers/MKTypes.h:12:29: note: 'MKMapType' declared here
10 | NS_ASSUME_NONNULL_BEGIN
11 |
12 | typedef NS_ENUM(NSUInteger, MKMapType) {
| `- note: 'MKMapType' declared here
13 | MKMapTypeStandard = 0,
14 | MKMapTypeSatellite,
Swift.RawRepresentable.RawValue:2:16: note: requirement 'RawValue' declared here
1 | protocol RawRepresentable {
2 | associatedtype RawValue}
| `- note: requirement 'RawValue' declared here
3 |
/Users/admin/builder/spi-builder-workspace/Sources/MapView/FlyoverMapView.swift:14:28: error: 'MKMapView' is unavailable in watchOS
12 |
13 | /// The FlyoverMapView
14 | open class FlyoverMapView: MKMapView {
| `- error: 'MKMapView' is unavailable in watchOS
15 |
16 | // MARK: Properties
/Applications/Xcode-27.0.0-Release.Candidate.app/Contents/Developer/Platforms/WatchOS.platform/Developer/SDKs/WatchOS27.0.sdk/System/Library/Frameworks/MapKit.framework/Headers/MKMapView.h:73:12: note: 'MKMapView' has been explicitly marked unavailable here
71 | #if TARGET_OS_IPHONE
72 | NS_CLASS_AVAILABLE(NA, 3_0) __TVOS_AVAILABLE(9_2) API_UNAVAILABLE(watchos)
73 | @interface MKMapView : UIView <NSCoding>
| `- note: 'MKMapView' has been explicitly marked unavailable here
74 | #else
75 | NS_CLASS_AVAILABLE(10_9, NA)
/Users/admin/builder/spi-builder-workspace/Sources/MapView/FlyoverMapViewController.swift:14:38: error: 'UIViewController' is unavailable in watchOS
12 |
13 | /// The FlyoverMapViewController
14 | open class FlyoverMapViewController: UIViewController {
| `- error: 'UIViewController' is unavailable in watchOS
15 |
16 | // MARK: Properties
/Applications/Xcode-27.0.0-Release.Candidate.app/Contents/Developer/Platforms/WatchOS.platform/Developer/SDKs/WatchOS27.0.sdk/System/Library/Frameworks/UIKit.framework/Headers/UIViewController.h:104:12: note: 'UIViewController' has been explicitly marked unavailable here
102 |
103 | UIKIT_EXTERN API_AVAILABLE(ios(2.0)) API_UNAVAILABLE(watchos) NS_SWIFT_UI_ACTOR
104 | @interface UIViewController : UIResponder <NSCoding, UIAppearanceContainer, UITraitEnvironment, UIContentContainer, UIFocusEnvironment>
| `- note: 'UIViewController' has been explicitly marked unavailable here
105 |
106 | /*
Failed frontend command:
SwiftCompile normal arm64 (in target 'FlyoverKit' from project 'FlyoverKit')
cd /Users/admin/builder/spi-builder-workspace/.swiftpm/xcode
/Applications/Xcode-27.0.0-Release.Candidate.app/Contents/Developer/Toolchains/XcodeDefault.xctoolchain/usr/bin/swift-frontend -frontend -emit-module -experimental-skip-non-inlinable-function-bodies-without-types /Users/admin/builder/spi-builder-workspace/Sources/AwesomePlace/FlyoverAwesomePlace.swift /Users/admin/builder/spi-builder-workspace/Sources/Camera/FlyoverCamera+Configuration.swift /Users/admin/builder/spi-builder-workspace/Sources/Camera/FlyoverCamera+RegionChangeAnimation.swift /Users/admin/builder/spi-builder-workspace/Sources/Camera/FlyoverCamera+State.swift /Users/admin/builder/spi-builder-workspace/Sources/Camera/FlyoverCamera.swift /Users/admin/builder/spi-builder-workspace/Sources/Flyover+Operators.swift /Users/admin/builder/spi-builder-workspace/Sources/Flyover.swift /Users/admin/builder/spi-builder-workspace/Sources/MapView/FlyoverMapView+MapType.swift /Users/admin/builder/spi-builder-workspace/Sources/MapView/FlyoverMapView.swift /Users/admin/builder/spi-builder-workspace/Sources/MapView/FlyoverMapViewController.swift -target arm64-apple-watchos9.0 -disable-cross-import-overlay-search -swift-module-cross-import MapKit /Applications/Xcode-27.0.0-Release.Candidate.app/Contents/Developer/Platforms/WatchOS.platform/Developer/SDKs/WatchOS.sdk/System/Library/Frameworks/MapKit.framework/Modules/MapKit.swiftcrossimport/SwiftUI.swiftoverlay -swift-module-cross-import MapKit /Applications/Xcode-27.0.0-Release.Candidate.app/Contents/Developer/Platforms/WatchOS.platform/Developer/SDKs/WatchOS27.0.sdk/System/Library/Frameworks/MapKit.framework/Modules/MapKit.swiftcrossimport/SwiftUI.swiftoverlay -load-resolved-plugin /Applications/Xcode-27.0.0-Release.Candidate.app/Contents/Developer/Platforms/WatchOS.platform/Developer/usr/lib/swift/host/plugins/libFoundationMacros.dylib\#/Applications/Xcode-27.0.0-Release.Candidate.app/Contents/Developer/Platforms/WatchOS.platform/Developer/usr/bin/swift-plugin-server\#FoundationMacros -load-resolved-plugin /Applications/Xcode-27.0.0-Release.Candidate.app/Contents/Developer/Platforms/WatchOS.platform/Developer/usr/lib/swift/host/plugins/libObservationMacros.dylib\#/Applications/Xcode-27.0.0-Release.Candidate.app/Contents/Developer/Platforms/WatchOS.platform/Developer/usr/bin/swift-plugin-server\#ObservationMacros -load-resolved-plugin /Applications/Xcode-27.0.0-Release.Candidate.app/Contents/Developer/Platforms/WatchOS.platform/Developer/usr/lib/swift/host/plugins/libSwiftMacros.dylib\#/Applications/Xcode-27.0.0-Release.Candidate.app/Contents/Developer/Platforms/WatchOS.platform/Developer/usr/bin/swift-plugin-server\#SwiftMacros -load-resolved-plugin /Applications/Xcode-27.0.0-Release.Candidate.app/Contents/Developer/Platforms/WatchOS.platform/Developer/usr/lib/swift/host/plugins/libSwiftUIMacros.dylib\#/Applications/Xcode-27.0.0-Release.Candidate.app/Contents/Developer/Platforms/WatchOS.platform/Developer/usr/bin/swift-plugin-server\#SwiftUIMacros -disable-implicit-swift-modules -Xcc -fno-implicit-modules -Xcc -fno-implicit-module-maps -explicit-swift-module-map-file /Users/admin/builder/spi-builder-workspace/.derivedData/Build/Intermediates.noindex/FlyoverKit.build/Debug-watchos/FlyoverKit-t.build/Objects-normal/arm64/FlyoverKit-dependencies-2.json -Xllvm -aarch64-use-tbi -enable-objc-interop -stack-check -sdk /Applications/Xcode-27.0.0-Release.Candidate.app/Contents/Developer/Platforms/WatchOS.platform/Developer/SDKs/WatchOS27.0.sdk -I /Users/admin/builder/spi-builder-workspace/.derivedData/Build/Products/Debug-watchos -Isystem /Applications/Xcode-27.0.0-Release.Candidate.app/Contents/Developer/Platforms/WatchOS.platform/Developer/usr/lib -F /Users/admin/builder/spi-builder-workspace/.derivedData/Build/Products/Debug-watchos -F /Applications/Xcode-27.0.0-Release.Candidate.app/Contents/Developer/Platforms/WatchOS.platform/Developer/Library/Frameworks -F /Applications/Xcode-27.0.0-Release.Candidate.app/Contents/Developer/Platforms/WatchOS.platform/Developer/SDKs/WatchOS27.0.sdk/Developer/Library/Frameworks -module-cache-path /Users/admin/builder/spi-builder-workspace/.derivedData/Build/Intermediates.noindex/SwiftExplicitPrecompiledModules -no-color-diagnostics -Xcc -fno-color-diagnostics -enable-testing -g -debug-info-format\=dwarf -dwarf-version\=4 -profile-generate -profile-coverage-mapping -swift-version 5 -Onone -D SWIFT_PACKAGE -D DEBUG -D SWIFT_MODULE_RESOURCE_BUNDLE_UNAVAILABLE -D Xcode -serialize-debugging-options -enable-experimental-feature DebugDescriptionMacro -empty-abi-descriptor -validate-clang-modules-once -clang-build-session-file /Users/admin/builder/spi-builder-workspace/.derivedData/ModuleCache.noindex/Session.modulevalidation -Xcc -working-directory -Xcc /Users/admin/builder/spi-builder-workspace/.swiftpm/xcode -enable-anonymous-context-mangled-names -file-compilation-dir /Users/admin/builder/spi-builder-workspace/.swiftpm/xcode -Xcc -D_LIBCPP_HARDENING_MODE\=_LIBCPP_HARDENING_MODE_DEBUG -Xcc -ivfsstatcache -Xcc /Users/admin/builder/spi-builder-workspace/.derivedData/SDKStatCaches.noindex/watchos27.0-24R360-e829b21a6f8c9b70876ba0858053c04477534ef55a1706bf4c1112bbb242f0a2.sdkstatcache -Xcc -fmodules-prune-interval\=86400 -Xcc -fmodules-prune-after\=345600 -Xcc -I/Users/admin/builder/spi-builder-workspace/.derivedData/Build/Products/Debug-watchos/include -Xcc -I/Users/admin/builder/spi-builder-workspace/.derivedData/Build/Intermediates.noindex/FlyoverKit.build/Debug-watchos/FlyoverKit-t.build/DerivedSources-normal/arm64 -Xcc -I/Users/admin/builder/spi-builder-workspace/.derivedData/Build/Intermediates.noindex/FlyoverKit.build/Debug-watchos/FlyoverKit-t.build/DerivedSources/arm64 -Xcc -I/Users/admin/builder/spi-builder-workspace/.derivedData/Build/Intermediates.noindex/FlyoverKit.build/Debug-watchos/FlyoverKit-t.build/DerivedSources -Xcc -DSWIFT_PACKAGE -Xcc -DDEBUG\=1 -no-auto-bridging-header-chaining -module-name FlyoverKit -const-gather-protocols-file /Users/admin/builder/spi-builder-workspace/.derivedData/Build/Intermediates.noindex/FlyoverKit.build/Debug-watchos/FlyoverKit-t.build/Objects-normal/arm64/FlyoverKit_const_extract_protocols.json -disable-clang-spi -clang-target arm64-apple-watchos27.0 -target-sdk-version 27.0 -target-sdk-name watchos27.0 -in-process-plugin-server-path /Applications/Xcode-27.0.0-Release.Candidate.app/Contents/Developer/Toolchains/XcodeDefault.xctoolchain/usr/lib/swift/host/libSwiftInProcPluginServer.dylib -emit-module-doc-path /Users/admin/builder/spi-builder-workspace/.derivedData/Build/Intermediates.noindex/FlyoverKit.build/Debug-watchos/FlyoverKit-t.build/Objects-normal/arm64/FlyoverKit.swiftdoc -emit-module-source-info-path /Users/admin/builder/spi-builder-workspace/.derivedData/Build/Intermediates.noindex/FlyoverKit.build/Debug-watchos/FlyoverKit-t.build/Objects-normal/arm64/FlyoverKit.swiftsourceinfo -emit-objc-header-path /Users/admin/builder/spi-builder-workspace/.derivedData/Build/Intermediates.noindex/FlyoverKit.build/Debug-watchos/FlyoverKit-t.build/Objects-normal/arm64/FlyoverKit-Swift.h -serialize-diagnostics-path /Users/admin/builder/spi-builder-workspace/.derivedData/Build/Intermediates.noindex/FlyoverKit.build/Debug-watchos/FlyoverKit-t.build/Objects-normal/arm64/FlyoverKit-primary-emit-module.dia -emit-dependencies-path /Users/admin/builder/spi-builder-workspace/.derivedData/Build/Intermediates.noindex/FlyoverKit.build/Debug-watchos/FlyoverKit-t.build/Objects-normal/arm64/FlyoverKit-primary-emit-module.d -parse-as-library -o /Users/admin/builder/spi-builder-workspace/.derivedData/Build/Intermediates.noindex/FlyoverKit.build/Debug-watchos/FlyoverKit-t.build/Objects-normal/arm64/FlyoverKit.swiftmodule -emit-abi-descriptor-path /Users/admin/builder/spi-builder-workspace/.derivedData/Build/Intermediates.noindex/FlyoverKit.build/Debug-watchos/FlyoverKit-t.build/Objects-normal/arm64/FlyoverKit.abi.json
SwiftCompile normal arm64 Compiling\ FlyoverMapView.swift /Users/admin/builder/spi-builder-workspace/Sources/MapView/FlyoverMapView.swift (in target 'FlyoverKit' from project 'FlyoverKit')
SwiftCompile normal arm64 /Users/admin/builder/spi-builder-workspace/Sources/MapView/FlyoverMapView.swift (in target 'FlyoverKit' from project 'FlyoverKit')
cd /Users/admin/builder/spi-builder-workspace/.swiftpm/xcode
builtin-SwiftPerFileCompile FlyoverMapView.swift
/Users/admin/builder/spi-builder-workspace/Sources/MapView/FlyoverMapView.swift:14:28: error: 'MKMapView' is unavailable in watchOS
12 |
13 | /// The FlyoverMapView
14 | open class FlyoverMapView: MKMapView {
| `- error: 'MKMapView' is unavailable in watchOS
15 |
16 | // MARK: Properties
/Applications/Xcode-27.0.0-Release.Candidate.app/Contents/Developer/Platforms/WatchOS.platform/Developer/SDKs/WatchOS27.0.sdk/System/Library/Frameworks/MapKit.framework/Headers/MKMapView.h:73:12: note: 'MKMapView' has been explicitly marked unavailable here
71 | #if TARGET_OS_IPHONE
72 | NS_CLASS_AVAILABLE(NA, 3_0) __TVOS_AVAILABLE(9_2) API_UNAVAILABLE(watchos)
73 | @interface MKMapView : UIView <NSCoding>
| `- note: 'MKMapView' has been explicitly marked unavailable here
74 | #else
75 | NS_CLASS_AVAILABLE(10_9, NA)
SwiftCompile normal arm64 Compiling\ Flyover+Operators.swift /Users/admin/builder/spi-builder-workspace/Sources/Flyover+Operators.swift (in target 'FlyoverKit' from project 'FlyoverKit')
SwiftCompile normal arm64 /Users/admin/builder/spi-builder-workspace/Sources/Flyover+Operators.swift (in target 'FlyoverKit' from project 'FlyoverKit')
cd /Users/admin/builder/spi-builder-workspace/.swiftpm/xcode
builtin-SwiftPerFileCompile Flyover+Operators.swift
SwiftCompile normal arm64 Compiling\ FlyoverCamera+State.swift /Users/admin/builder/spi-builder-workspace/Sources/Camera/FlyoverCamera+State.swift (in target 'FlyoverKit' from project 'FlyoverKit')
SwiftCompile normal arm64 /Users/admin/builder/spi-builder-workspace/Sources/Camera/FlyoverCamera+State.swift (in target 'FlyoverKit' from project 'FlyoverKit')
cd /Users/admin/builder/spi-builder-workspace/.swiftpm/xcode
builtin-SwiftPerFileCompile FlyoverCamera+State.swift
SwiftCompile normal arm64 Compiling\ FlyoverMapViewController.swift /Users/admin/builder/spi-builder-workspace/Sources/MapView/FlyoverMapViewController.swift (in target 'FlyoverKit' from project 'FlyoverKit')
SwiftCompile normal arm64 /Users/admin/builder/spi-builder-workspace/Sources/MapView/FlyoverMapViewController.swift (in target 'FlyoverKit' from project 'FlyoverKit')
cd /Users/admin/builder/spi-builder-workspace/.swiftpm/xcode
builtin-SwiftPerFileCompile FlyoverMapViewController.swift
SwiftCompile normal arm64 Compiling\ FlyoverAwesomePlace.swift /Users/admin/builder/spi-builder-workspace/Sources/AwesomePlace/FlyoverAwesomePlace.swift (in target 'FlyoverKit' from project 'FlyoverKit')
SwiftCompile normal arm64 /Users/admin/builder/spi-builder-workspace/Sources/AwesomePlace/FlyoverAwesomePlace.swift (in target 'FlyoverKit' from project 'FlyoverKit')
cd /Users/admin/builder/spi-builder-workspace/.swiftpm/xcode
builtin-SwiftPerFileCompile FlyoverAwesomePlace.swift
SwiftCompile normal arm64 Compiling\ FlyoverCamera+RegionChangeAnimation.swift /Users/admin/builder/spi-builder-workspace/Sources/Camera/FlyoverCamera+RegionChangeAnimation.swift (in target 'FlyoverKit' from project 'FlyoverKit')
SwiftCompile normal arm64 /Users/admin/builder/spi-builder-workspace/Sources/Camera/FlyoverCamera+RegionChangeAnimation.swift (in target 'FlyoverKit' from project 'FlyoverKit')
cd /Users/admin/builder/spi-builder-workspace/.swiftpm/xcode
builtin-SwiftPerFileCompile FlyoverCamera+RegionChangeAnimation.swift
SwiftCompile normal arm64 Compiling\ Flyover.swift /Users/admin/builder/spi-builder-workspace/Sources/Flyover.swift (in target 'FlyoverKit' from project 'FlyoverKit')
SwiftCompile normal arm64 /Users/admin/builder/spi-builder-workspace/Sources/Flyover.swift (in target 'FlyoverKit' from project 'FlyoverKit')
cd /Users/admin/builder/spi-builder-workspace/.swiftpm/xcode
builtin-SwiftPerFileCompile Flyover.swift
SwiftCompile normal arm64 Compiling\ FlyoverCamera.swift /Users/admin/builder/spi-builder-workspace/Sources/Camera/FlyoverCamera.swift (in target 'FlyoverKit' from project 'FlyoverKit')
/Users/admin/builder/spi-builder-workspace/Sources/Camera/FlyoverCamera.swift:26:28: error: 'altitude' is unavailable in watchOS
24 | didSet {
25 | // Set MapCamera altitude
26 | self.mapCamera.altitude = self.configuration.altitude
| `- error: 'altitude' is unavailable in watchOS
27 | // Set MapCamera pitch
28 | self.mapCamera.pitch = CGFloat(self.configuration.pitch)
/Applications/Xcode-27.0.0-Release.Candidate.app/Contents/Developer/Platforms/WatchOS.platform/Developer/SDKs/WatchOS27.0.sdk/System/Library/Frameworks/MapKit.framework/Headers/MKMapCamera.h:24:42: note: 'altitude' has been explicitly marked unavailable here
22 | @property (nonatomic) CLLocationDirection heading;
23 | @property (nonatomic) CGFloat pitch; // In degrees where 0 is looking straight down. Pitch may be clamped to an appropriate value.
24 | @property (nonatomic) CLLocationDistance altitude API_DEPRECATED("Use centerCoordinateDistance", ios(7.0, API_TO_BE_DEPRECATED), macos(10.9, API_TO_BE_DEPRECATED), tvos(9.2, API_TO_BE_DEPRECATED)) API_UNAVAILABLE(watchos);
| `- note: 'altitude' has been explicitly marked unavailable here
25 |
26 | + (instancetype)camera;
/Users/admin/builder/spi-builder-workspace/Sources/Camera/FlyoverCamera.swift:38:21: error: 'UIView' is unavailable in watchOS
36 |
37 | /// The animation curve
38 | open var curve: UIView.AnimationCurve = .linear
| `- error: 'UIView' is unavailable in watchOS
39 |
40 | // MARK: Private properties
/Applications/Xcode-27.0.0-Release.Candidate.app/Contents/Developer/Platforms/WatchOS.platform/Developer/SDKs/WatchOS27.0.sdk/System/Library/Frameworks/UIKit.framework/Headers/UIView.h:152:12: note: 'UIView' has been explicitly marked unavailable here
150 |
151 | UIKIT_EXTERN API_AVAILABLE(ios(2.0)) API_UNAVAILABLE(watchos) NS_SWIFT_UI_ACTOR
152 | @interface UIView : UIResponder <NSCoding, UIAppearance, UIAppearanceContainer, UIDynamicItem, UITraitEnvironment, UICoordinateSpace, UIFocusItem, UIFocusItemContainer, CALayerDelegate>
| `- note: 'UIView' has been explicitly marked unavailable here
153 |
154 | @property(class, nonatomic, readonly) Class layerClass; // default is [CALayer class]. Used when creating the underlying layer for the view.
/Users/admin/builder/spi-builder-workspace/Sources/Camera/FlyoverCamera.swift:43:31: error: 'MKMapView' is unavailable in watchOS
41 |
42 | /// The MapView
43 | private weak var mapView: MKMapView?
| `- error: 'MKMapView' is unavailable in watchOS
44 |
45 | /// The MapView Camera
/Applications/Xcode-27.0.0-Release.Candidate.app/Contents/Developer/Platforms/WatchOS.platform/Developer/SDKs/WatchOS27.0.sdk/System/Library/Frameworks/MapKit.framework/Headers/MKMapView.h:73:12: note: 'MKMapView' has been explicitly marked unavailable here
71 | #if TARGET_OS_IPHONE
72 | NS_CLASS_AVAILABLE(NA, 3_0) __TVOS_AVAILABLE(9_2) API_UNAVAILABLE(watchos)
73 | @interface MKMapView : UIView <NSCoding>
| `- note: 'MKMapView' has been explicitly marked unavailable here
74 | #else
75 | NS_CLASS_AVAILABLE(10_9, NA)
/Users/admin/builder/spi-builder-workspace/Sources/Camera/FlyoverCamera.swift:48:16: error: 'altitude' is unavailable in watchOS
46 | private lazy var mapCamera: MKMapCamera = {
47 | let camera = MKMapCamera()
48 | camera.altitude = self.configuration.altitude
| `- error: 'altitude' is unavailable in watchOS
49 | camera.pitch = CGFloat(self.configuration.pitch)
50 | return camera
/Applications/Xcode-27.0.0-Release.Candidate.app/Contents/Developer/Platforms/WatchOS.platform/Developer/SDKs/WatchOS27.0.sdk/System/Library/Frameworks/MapKit.framework/Headers/MKMapCamera.h:24:42: note: 'altitude' has been explicitly marked unavailable here
22 | @property (nonatomic) CLLocationDirection heading;
23 | @property (nonatomic) CGFloat pitch; // In degrees where 0 is looking straight down. Pitch may be clamped to an appropriate value.
24 | @property (nonatomic) CLLocationDistance altitude API_DEPRECATED("Use centerCoordinateDistance", ios(7.0, API_TO_BE_DEPRECATED), macos(10.9, API_TO_BE_DEPRECATED), tvos(9.2, API_TO_BE_DEPRECATED)) API_UNAVAILABLE(watchos);
| `- note: 'altitude' has been explicitly marked unavailable here
25 |
26 | + (instancetype)camera;
/Users/admin/builder/spi-builder-workspace/Sources/Camera/FlyoverCamera.swift:57:27: error: 'UIViewPropertyAnimator' is unavailable in watchOS
55 |
56 | /// The UIViewPropertyAnimator
57 | private var animator: UIViewPropertyAnimator?
| `- error: 'UIViewPropertyAnimator' is unavailable in watchOS
58 |
59 | // MARK: Initializer
/Applications/Xcode-27.0.0-Release.Candidate.app/Contents/Developer/Platforms/WatchOS.platform/Developer/SDKs/WatchOS27.0.sdk/System/Library/Frameworks/UIKit.framework/Headers/UIViewPropertyAnimator.h:17:12: note: 'UIViewPropertyAnimator' has been explicitly marked unavailable here
15 |
16 | UIKIT_EXTERN API_AVAILABLE(ios(10.0)) API_UNAVAILABLE(watchos) NS_SWIFT_UI_ACTOR
17 | @interface UIViewPropertyAnimator : NSObject <UIViewImplicitlyAnimating, NSCopying>
| `- note: 'UIViewPropertyAnimator' has been explicitly marked unavailable here
18 |
19 | @property(nullable, nonatomic, copy, readonly) id <UITimingCurveProvider> timingParameters;
/Users/admin/builder/spi-builder-workspace/Sources/Camera/FlyoverCamera.swift:66:26: error: 'MKMapView' is unavailable in watchOS
64 | /// - mapView: The MapView
65 | /// - configuration: The Configuration. Default value: `.default` theme
66 | public init(mapView: MKMapView, configuration: Configuration = .default) {
| `- error: 'MKMapView' is unavailable in watchOS
67 | // Set MapView
68 | self.mapView = mapView
/Applications/Xcode-27.0.0-Release.Candidate.app/Contents/Developer/Platforms/WatchOS.platform/Developer/SDKs/WatchOS27.0.sdk/System/Library/Frameworks/MapKit.framework/Headers/MKMapView.h:73:12: note: 'MKMapView' has been explicitly marked unavailable here
71 | #if TARGET_OS_IPHONE
72 | NS_CLASS_AVAILABLE(NA, 3_0) __TVOS_AVAILABLE(9_2) API_UNAVAILABLE(watchos)
73 | @interface MKMapView : UIView <NSCoding>
| `- note: 'MKMapView' has been explicitly marked unavailable here
74 | #else
75 | NS_CLASS_AVAILABLE(10_9, NA)
/Users/admin/builder/spi-builder-workspace/Sources/Camera/FlyoverCamera.swift:255:23: error: 'UIViewPropertyAnimator' is unavailable in watchOS
253 | // MARK: - UIViewPropertyAnimator Extension
254 |
255 | fileprivate extension UIViewPropertyAnimator {
| `- error: 'UIViewPropertyAnimator' is unavailable in watchOS
256 |
257 | /// Force Stop Animation
/Applications/Xcode-27.0.0-Release.Candidate.app/Contents/Developer/Platforms/WatchOS.platform/Developer/SDKs/WatchOS27.0.sdk/System/Library/Frameworks/UIKit.framework/Headers/UIViewPropertyAnimator.h:17:12: note: 'UIViewPropertyAnimator' has been explicitly marked unavailable here
15 |
16 | UIKIT_EXTERN API_AVAILABLE(ios(10.0)) API_UNAVAILABLE(watchos) NS_SWIFT_UI_ACTOR
17 | @interface UIViewPropertyAnimator : NSObject <UIViewImplicitlyAnimating, NSCopying>
| `- note: 'UIViewPropertyAnimator' has been explicitly marked unavailable here
18 |
19 | @property(nullable, nonatomic, copy, readonly) id <UITimingCurveProvider> timingParameters;
/Users/admin/builder/spi-builder-workspace/Sources/Camera/FlyoverCamera.swift:77:19: error: 'UIApplication' is unavailable in watchOS
75 | self,
76 | selector: #selector(self.applicationWillResignActive),
77 | name: UIApplication.willResignActiveNotification,
| `- error: 'UIApplication' is unavailable in watchOS
78 | object: nil
79 | )
/Applications/Xcode-27.0.0-Release.Candidate.app/Contents/Developer/Platforms/WatchOS.platform/Developer/SDKs/WatchOS27.0.sdk/System/Library/Frameworks/UIKit.framework/Headers/UIApplication.h:85:12: note: 'UIApplication' has been explicitly marked unavailable here
83 |
84 | UIKIT_EXTERN API_AVAILABLE(ios(2.0)) API_UNAVAILABLE(watchos) NS_SWIFT_UI_ACTOR
85 | @interface UIApplication : UIResponder
| `- note: 'UIApplication' has been explicitly marked unavailable here
86 |
87 | @property(class, nonatomic, readonly) UIApplication *sharedApplication NS_EXTENSION_UNAVAILABLE_IOS("Use view controller based solutions where appropriate instead.");
/Users/admin/builder/spi-builder-workspace/Sources/Camera/FlyoverCamera.swift:77:33: error: 'willResignActiveNotification' is unavailable in watchOS
75 | self,
76 | selector: #selector(self.applicationWillResignActive),
77 | name: UIApplication.willResignActiveNotification,
| `- error: 'willResignActiveNotification' is unavailable in watchOS
78 | object: nil
79 | )
/Applications/Xcode-27.0.0-Release.Candidate.app/Contents/Developer/Platforms/WatchOS.platform/Developer/SDKs/WatchOS27.0.sdk/System/Library/Frameworks/UIKit.framework/Headers/UIApplication.h:574:39: note: 'willResignActiveNotification' has been explicitly marked unavailable here
572 | UIKIT_EXTERN NSNotificationName const UIApplicationDidFinishLaunchingNotification API_UNAVAILABLE(watchos) NS_SWIFT_NONISOLATED;
573 | UIKIT_EXTERN NSNotificationName const UIApplicationDidBecomeActiveNotification API_UNAVAILABLE(watchos) NS_SWIFT_NONISOLATED;
574 | UIKIT_EXTERN NSNotificationName const UIApplicationWillResignActiveNotification API_UNAVAILABLE(watchos) NS_SWIFT_NONISOLATED;
| `- note: 'willResignActiveNotification' has been explicitly marked unavailable here
575 | UIKIT_EXTERN NSNotificationName const UIApplicationDidReceiveMemoryWarningNotification API_UNAVAILABLE(watchos) NS_SWIFT_NONISOLATED;
576 | UIKIT_EXTERN NSNotificationName const UIApplicationWillTerminateNotification API_UNAVAILABLE(watchos) NS_SWIFT_NONISOLATED;
/Users/admin/builder/spi-builder-workspace/Sources/Camera/FlyoverCamera.swift:84:19: error: 'UIApplication' is unavailable in watchOS
82 | self,
83 | selector: #selector(self.applicationDidBecomeActive),
84 | name: UIApplication.didBecomeActiveNotification,
| `- error: 'UIApplication' is unavailable in watchOS
85 | object: nil
86 | )
/Applications/Xcode-27.0.0-Release.Candidate.app/Contents/Developer/Platforms/WatchOS.platform/Developer/SDKs/WatchOS27.0.sdk/System/Library/Frameworks/UIKit.framework/Headers/UIApplication.h:85:12: note: 'UIApplication' has been explicitly marked unavailable here
83 |
84 | UIKIT_EXTERN API_AVAILABLE(ios(2.0)) API_UNAVAILABLE(watchos) NS_SWIFT_UI_ACTOR
85 | @interface UIApplication : UIResponder
| `- note: 'UIApplication' has been explicitly marked unavailable here
86 |
87 | @property(class, nonatomic, readonly) UIApplication *sharedApplication NS_EXTENSION_UNAVAILABLE_IOS("Use view controller based solutions where appropriate instead.");
SwiftCompile normal arm64 /Users/admin/builder/spi-builder-workspace/Sources/Camera/FlyoverCamera.swift (in target 'FlyoverKit' from project 'FlyoverKit')
cd /Users/admin/builder/spi-builder-workspace/.swiftpm/xcode
builtin-SwiftPerFileCompile FlyoverCamera.swift
SwiftCompile normal arm64 Compiling\ FlyoverMapView+MapType.swift /Users/admin/builder/spi-builder-workspace/Sources/MapView/FlyoverMapView+MapType.swift (in target 'FlyoverKit' from project 'FlyoverKit')
/Users/admin/builder/spi-builder-workspace/Sources/MapView/FlyoverMapView+MapType.swift:32:33: error: 'MKMapType' is unavailable in watchOS
30 |
31 | /// Associated type RawValue as MKMapType
32 | public typealias RawValue = MKMapType
| `- error: 'MKMapType' is unavailable in watchOS
33 |
34 | /// RawRepresentable initializer
/Applications/Xcode-27.0.0-Release.Candidate.app/Contents/Developer/Platforms/WatchOS.platform/Developer/SDKs/WatchOS27.0.sdk/System/Library/Frameworks/MapKit.framework/Headers/MKTypes.h:12:29: note: 'MKMapType' has been explicitly marked unavailable here
10 | NS_ASSUME_NONNULL_BEGIN
11 |
12 | typedef NS_ENUM(NSUInteger, MKMapType) {
| `- note: 'MKMapType' has been explicitly marked unavailable here
13 | MKMapTypeStandard = 0,
14 | MKMapTypeSatellite,
SwiftCompile normal arm64 /Users/admin/builder/spi-builder-workspace/Sources/MapView/FlyoverMapView+MapType.swift (in target 'FlyoverKit' from project 'FlyoverKit')
cd /Users/admin/builder/spi-builder-workspace/.swiftpm/xcode
builtin-SwiftPerFileCompile FlyoverMapView+MapType.swift
SwiftEmitModule normal arm64_32 Emitting\ module\ for\ FlyoverKit (in target 'FlyoverKit' from project 'FlyoverKit')
SwiftCompile normal arm64_32 (in target 'FlyoverKit' from project 'FlyoverKit')
cd /Users/admin/builder/spi-builder-workspace/.swiftpm/xcode
PruneExplicitPrecompiledModules /Users/admin/builder/spi-builder-workspace/.derivedData/Build/Intermediates.noindex/SwiftExplicitPrecompiledModules
PruneExplicitPrecompiledModules /Users/admin/builder/spi-builder-workspace/.derivedData/SDKExplicitPrecompiledModules
PruneExplicitPrecompiledModules /Users/admin/builder/spi-builder-workspace/.derivedData/Build/Intermediates.noindex/ExplicitPrecompiledModules
2026-09-18 16:18:26.277 xcodebuild[676:4381] [MT] IDERunDestination: Supported platforms for the buildables in the current scheme is empty.
** BUILD FAILED **
The following build commands failed:
SwiftCompile normal arm64 (in target 'FlyoverKit' from project 'FlyoverKit')
SwiftEmitModule normal arm64 Emitting\ module\ for\ FlyoverKit (in target 'FlyoverKit' from project 'FlyoverKit')
Building workspace FlyoverKit with scheme FlyoverKit
(3 failures)
Command line invocation:
/Applications/Xcode-27.0.0-Release.Candidate.app/Contents/Developer/usr/bin/xcodebuild -IDEClonedSourcePackagesDirPathOverride=/Users/admin/builder/spi-builder-workspace/.dependencies -resolvePackageDependencies
Resolve Package Graph
Resolved source packages:
FlyoverKit: /Users/admin/builder/spi-builder-workspace
resolved source packages: FlyoverKit
2026-09-18 16:18:32.576 xcodebuild[805:4898] [MT] IDERunDestination: Supported platforms for the buildables in the current scheme is empty.
{
"dependencies" : [
],
"manifest_display_name" : "FlyoverKit",
"name" : "FlyoverKit",
"path" : "/Users/admin/builder/spi-builder-workspace",
"platforms" : [
{
"name" : "ios",
"version" : "10.0"
},
{
"name" : "tvos",
"version" : "10.0"
}
],
"products" : [
{
"name" : "FlyoverKit",
"targets" : [
"FlyoverKit"
],
"type" : {
"library" : [
"automatic"
]
}
}
],
"targets" : [
{
"c99name" : "FlyoverKitTests",
"module_type" : "SwiftTarget",
"name" : "FlyoverKitTests",
"path" : "Tests",
"sources" : [
"BaseTests.swift",
"FlyoverCameraTests.swift",
"FlyoverMapViewTests.swift",
"FlyoverProtocolTests.swift"
],
"target_dependencies" : [
"FlyoverKit"
],
"type" : "test"
},
{
"c99name" : "FlyoverKit",
"module_type" : "SwiftTarget",
"name" : "FlyoverKit",
"path" : "Sources",
"product_memberships" : [
"FlyoverKit"
],
"sources" : [
"AwesomePlace/FlyoverAwesomePlace.swift",
"Camera/FlyoverCamera+Configuration.swift",
"Camera/FlyoverCamera+RegionChangeAnimation.swift",
"Camera/FlyoverCamera+State.swift",
"Camera/FlyoverCamera.swift",
"Flyover+Operators.swift",
"Flyover.swift",
"MapView/FlyoverMapView+MapType.swift",
"MapView/FlyoverMapView.swift",
"MapView/FlyoverMapViewController.swift"
],
"type" : "library"
}
],
"tools_version" : "5.0"
}
{
"workspace" : {
"name" : "FlyoverKit",
"schemes" : [
"FlyoverKit"
]
}
}
2026-09-18 16:18:33.787 xcodebuild[813:4971] [MT] IDERunDestination: Supported platforms for the buildables in the current scheme is empty.
Running build ...
env DEVELOPER_DIR=/Applications/Xcode-27.0.0-Release.Candidate.app xcrun xcodebuild -IDEClonedSourcePackagesDirPathOverride=$PWD/.dependencies -skipMacroValidation -skipPackagePluginValidation -derivedDataPath $PWD/.derivedData build -scheme FlyoverKit -destination generic/platform=watchOS
Command line invocation:
/Applications/Xcode-27.0.0-Release.Candidate.app/Contents/Developer/usr/bin/xcodebuild -IDEClonedSourcePackagesDirPathOverride=/Users/admin/builder/spi-builder-workspace/.dependencies -skipMacroValidation -skipPackagePluginValidation -derivedDataPath /Users/admin/builder/spi-builder-workspace/.derivedData build -scheme FlyoverKit -destination generic/platform=watchOS
Resolve Package Graph
Resolved source packages:
FlyoverKit: /Users/admin/builder/spi-builder-workspace
ComputePackagePrebuildTargetDependencyGraph
Prepare packages
CreateBuildRequest
SendProjectDescription
CreateBuildOperation
ComputeTargetDependencyGraph
note: Building targets in dependency order
note: Target dependency graph (2 targets)
Target 'FlyoverKit-product' in project 'FlyoverKit'
➜ Explicit dependency on target 'FlyoverKit' in project 'FlyoverKit'
Target 'FlyoverKit' in project 'FlyoverKit' (no dependencies)
GatherProvisioningInputs
CreateBuildDescription
ClangStatCache /Applications/Xcode-27.0.0-Release.Candidate.app/Contents/Developer/Toolchains/XcodeDefault.xctoolchain/usr/bin/clang-stat-cache /Applications/Xcode-27.0.0-Release.Candidate.app/Contents/Developer/Platforms/WatchOS.platform/Developer/SDKs/WatchOS27.0.sdk /Users/admin/builder/spi-builder-workspace/.derivedData/SDKStatCaches.noindex/watchos27.0-24R360-e829b21a6f8c9b70876ba0858053c04477534ef55a1706bf4c1112bbb242f0a2.sdkstatcache
cd /Users/admin/builder/spi-builder-workspace/.swiftpm/xcode
/Applications/Xcode-27.0.0-Release.Candidate.app/Contents/Developer/Toolchains/XcodeDefault.xctoolchain/usr/bin/clang-stat-cache /Applications/Xcode-27.0.0-Release.Candidate.app/Contents/Developer/Platforms/WatchOS.platform/Developer/SDKs/WatchOS27.0.sdk -o /Users/admin/builder/spi-builder-workspace/.derivedData/SDKStatCaches.noindex/watchos27.0-24R360-e829b21a6f8c9b70876ba0858053c04477534ef55a1706bf4c1112bbb242f0a2.sdkstatcache
SwiftDriver FlyoverKit normal arm64 com.apple.xcode.tools.swift.compiler (in target 'FlyoverKit' from project 'FlyoverKit')
cd /Users/admin/builder/spi-builder-workspace/.swiftpm/xcode
builtin-SwiftDriver -- /Applications/Xcode-27.0.0-Release.Candidate.app/Contents/Developer/Toolchains/XcodeDefault.xctoolchain/usr/bin/swiftc -parse-as-library -module-name FlyoverKit -Onone @/Users/admin/builder/spi-builder-workspace/.derivedData/Build/Intermediates.noindex/FlyoverKit.build/Debug-watchos/FlyoverKit-t.build/Objects-normal/arm64/FlyoverKit.SwiftFileList -DSWIFT_PACKAGE -DDEBUG -DSWIFT_MODULE_RESOURCE_BUNDLE_UNAVAILABLE -DXcode -plugin-path /Applications/Xcode-27.0.0-Release.Candidate.app/Contents/Developer/Toolchains/XcodeDefault.xctoolchain/usr/lib/swift/host/plugins/testing -enable-experimental-feature DebugDescriptionMacro -sdk /Applications/Xcode-27.0.0-Release.Candidate.app/Contents/Developer/Platforms/WatchOS.platform/Developer/SDKs/WatchOS27.0.sdk -target arm64-apple-watchos9.0 -g -module-cache-path /Users/admin/builder/spi-builder-workspace/.derivedData/ModuleCache.noindex -Xfrontend -serialize-debugging-options -profile-coverage-mapping -profile-generate -enable-testing -index-store-path /Users/admin/builder/spi-builder-workspace/.derivedData/Index.noindex/DataStore -Xcc -D_LIBCPP_HARDENING_MODE\=_LIBCPP_HARDENING_MODE_DEBUG -swift-version 5 -I /Users/admin/builder/spi-builder-workspace/.derivedData/Build/Products/Debug-watchos -Isystem /Applications/Xcode-27.0.0-Release.Candidate.app/Contents/Developer/Platforms/WatchOS.platform/Developer/usr/lib -F /Users/admin/builder/spi-builder-workspace/.derivedData/Build/Products/Debug-watchos -F /Applications/Xcode-27.0.0-Release.Candidate.app/Contents/Developer/Platforms/WatchOS.platform/Developer/Library/Frameworks -F /Applications/Xcode-27.0.0-Release.Candidate.app/Contents/Developer/Platforms/WatchOS.platform/Developer/SDKs/WatchOS27.0.sdk/Developer/Library/Frameworks -c -j10 -enable-batch-mode -incremental -Xcc -ivfsstatcache -Xcc /Users/admin/builder/spi-builder-workspace/.derivedData/SDKStatCaches.noindex/watchos27.0-24R360-e829b21a6f8c9b70876ba0858053c04477534ef55a1706bf4c1112bbb242f0a2.sdkstatcache -output-file-map /Users/admin/builder/spi-builder-workspace/.derivedData/Build/Intermediates.noindex/FlyoverKit.build/Debug-watchos/FlyoverKit-t.build/Objects-normal/arm64/FlyoverKit-OutputFileMap.json -save-temps -no-color-diagnostics -explicit-module-build -module-cache-path /Users/admin/builder/spi-builder-workspace/.derivedData/Build/Intermediates.noindex/SwiftExplicitPrecompiledModules -clang-scanner-module-cache-path /Users/admin/builder/spi-builder-workspace/.derivedData/ModuleCache.noindex -sdk-module-cache-path /Users/admin/builder/spi-builder-workspace/.derivedData/SDKExplicitPrecompiledModules -emit-dependencies -emit-module -emit-module-path /Users/admin/builder/spi-builder-workspace/.derivedData/Build/Intermediates.noindex/FlyoverKit.build/Debug-watchos/FlyoverKit-t.build/Objects-normal/arm64/FlyoverKit.swiftmodule -serialize-diagnostics -dependency-scan-serialize-diagnostics-path /Users/admin/builder/spi-builder-workspace/.derivedData/Build/Intermediates.noindex/FlyoverKit.build/Debug-watchos/FlyoverKit-t.build/Objects-normal/arm64/FlyoverKit-dependency-scan.dia -validate-clang-modules-once -clang-build-session-file /Users/admin/builder/spi-builder-workspace/.derivedData/ModuleCache.noindex/Session.modulevalidation -Xcc -fmodules-prune-interval\=86400 -Xcc -fmodules-prune-after\=345600 -emit-const-values -const-gather-protocols-list /Users/admin/builder/spi-builder-workspace/.derivedData/Build/Intermediates.noindex/FlyoverKit.build/Debug-watchos/FlyoverKit-t.build/Objects-normal/arm64/FlyoverKit_const_extract_protocols.json -Xcc -I/Users/admin/builder/spi-builder-workspace/.derivedData/Build/Products/Debug-watchos/include -Xcc -I/Users/admin/builder/spi-builder-workspace/.derivedData/Build/Intermediates.noindex/FlyoverKit.build/Debug-watchos/FlyoverKit-t.build/DerivedSources-normal/arm64 -Xcc -I/Users/admin/builder/spi-builder-workspace/.derivedData/Build/Intermediates.noindex/FlyoverKit.build/Debug-watchos/FlyoverKit-t.build/DerivedSources/arm64 -Xcc -I/Users/admin/builder/spi-builder-workspace/.derivedData/Build/Intermediates.noindex/FlyoverKit.build/Debug-watchos/FlyoverKit-t.build/DerivedSources -Xcc -DSWIFT_PACKAGE -Xcc -DDEBUG\=1 -emit-objc-header -emit-objc-header-path /Users/admin/builder/spi-builder-workspace/.derivedData/Build/Intermediates.noindex/FlyoverKit.build/Debug-watchos/FlyoverKit-t.build/Objects-normal/arm64/FlyoverKit-Swift.h -working-directory /Users/admin/builder/spi-builder-workspace/.swiftpm/xcode -experimental-emit-module-separately -disable-cmo
SwiftDriver FlyoverKit normal arm64_32 com.apple.xcode.tools.swift.compiler (in target 'FlyoverKit' from project 'FlyoverKit')
cd /Users/admin/builder/spi-builder-workspace/.swiftpm/xcode
builtin-SwiftDriver -- /Applications/Xcode-27.0.0-Release.Candidate.app/Contents/Developer/Toolchains/XcodeDefault.xctoolchain/usr/bin/swiftc -parse-as-library -module-name FlyoverKit -Onone @/Users/admin/builder/spi-builder-workspace/.derivedData/Build/Intermediates.noindex/FlyoverKit.build/Debug-watchos/FlyoverKit-t.build/Objects-normal/arm64_32/FlyoverKit.SwiftFileList -DSWIFT_PACKAGE -DDEBUG -DSWIFT_MODULE_RESOURCE_BUNDLE_UNAVAILABLE -DXcode -plugin-path /Applications/Xcode-27.0.0-Release.Candidate.app/Contents/Developer/Toolchains/XcodeDefault.xctoolchain/usr/lib/swift/host/plugins/testing -enable-experimental-feature DebugDescriptionMacro -sdk /Applications/Xcode-27.0.0-Release.Candidate.app/Contents/Developer/Platforms/WatchOS.platform/Developer/SDKs/WatchOS27.0.sdk -target arm64_32-apple-watchos9.0 -g -module-cache-path /Users/admin/builder/spi-builder-workspace/.derivedData/ModuleCache.noindex -Xfrontend -serialize-debugging-options -profile-coverage-mapping -profile-generate -enable-testing -index-store-path /Users/admin/builder/spi-builder-workspace/.derivedData/Index.noindex/DataStore -Xcc -D_LIBCPP_HARDENING_MODE\=_LIBCPP_HARDENING_MODE_DEBUG -swift-version 5 -I /Users/admin/builder/spi-builder-workspace/.derivedData/Build/Products/Debug-watchos -Isystem /Applications/Xcode-27.0.0-Release.Candidate.app/Contents/Developer/Platforms/WatchOS.platform/Developer/usr/lib -F /Users/admin/builder/spi-builder-workspace/.derivedData/Build/Products/Debug-watchos -F /Applications/Xcode-27.0.0-Release.Candidate.app/Contents/Developer/Platforms/WatchOS.platform/Developer/Library/Frameworks -F /Applications/Xcode-27.0.0-Release.Candidate.app/Contents/Developer/Platforms/WatchOS.platform/Developer/SDKs/WatchOS27.0.sdk/Developer/Library/Frameworks -c -j10 -enable-batch-mode -incremental -Xcc -ivfsstatcache -Xcc /Users/admin/builder/spi-builder-workspace/.derivedData/SDKStatCaches.noindex/watchos27.0-24R360-e829b21a6f8c9b70876ba0858053c04477534ef55a1706bf4c1112bbb242f0a2.sdkstatcache -output-file-map /Users/admin/builder/spi-builder-workspace/.derivedData/Build/Intermediates.noindex/FlyoverKit.build/Debug-watchos/FlyoverKit-t.build/Objects-normal/arm64_32/FlyoverKit-OutputFileMap.json -save-temps -no-color-diagnostics -explicit-module-build -module-cache-path /Users/admin/builder/spi-builder-workspace/.derivedData/Build/Intermediates.noindex/SwiftExplicitPrecompiledModules -clang-scanner-module-cache-path /Users/admin/builder/spi-builder-workspace/.derivedData/ModuleCache.noindex -sdk-module-cache-path /Users/admin/builder/spi-builder-workspace/.derivedData/SDKExplicitPrecompiledModules -emit-dependencies -emit-module -emit-module-path /Users/admin/builder/spi-builder-workspace/.derivedData/Build/Intermediates.noindex/FlyoverKit.build/Debug-watchos/FlyoverKit-t.build/Objects-normal/arm64_32/FlyoverKit.swiftmodule -serialize-diagnostics -dependency-scan-serialize-diagnostics-path /Users/admin/builder/spi-builder-workspace/.derivedData/Build/Intermediates.noindex/FlyoverKit.build/Debug-watchos/FlyoverKit-t.build/Objects-normal/arm64_32/FlyoverKit-dependency-scan.dia -validate-clang-modules-once -clang-build-session-file /Users/admin/builder/spi-builder-workspace/.derivedData/ModuleCache.noindex/Session.modulevalidation -Xcc -fmodules-prune-interval\=86400 -Xcc -fmodules-prune-after\=345600 -emit-const-values -const-gather-protocols-list /Users/admin/builder/spi-builder-workspace/.derivedData/Build/Intermediates.noindex/FlyoverKit.build/Debug-watchos/FlyoverKit-t.build/Objects-normal/arm64_32/FlyoverKit_const_extract_protocols.json -Xcc -I/Users/admin/builder/spi-builder-workspace/.derivedData/Build/Products/Debug-watchos/include -Xcc -I/Users/admin/builder/spi-builder-workspace/.derivedData/Build/Intermediates.noindex/FlyoverKit.build/Debug-watchos/FlyoverKit-t.build/DerivedSources-normal/arm64_32 -Xcc -I/Users/admin/builder/spi-builder-workspace/.derivedData/Build/Intermediates.noindex/FlyoverKit.build/Debug-watchos/FlyoverKit-t.build/DerivedSources/arm64_32 -Xcc -I/Users/admin/builder/spi-builder-workspace/.derivedData/Build/Intermediates.noindex/FlyoverKit.build/Debug-watchos/FlyoverKit-t.build/DerivedSources -Xcc -DSWIFT_PACKAGE -Xcc -DDEBUG\=1 -emit-objc-header -emit-objc-header-path /Users/admin/builder/spi-builder-workspace/.derivedData/Build/Intermediates.noindex/FlyoverKit.build/Debug-watchos/FlyoverKit-t.build/Objects-normal/arm64_32/FlyoverKit-Swift.h -working-directory /Users/admin/builder/spi-builder-workspace/.swiftpm/xcode -experimental-emit-module-separately -disable-cmo
SwiftCompile normal arm64 Compiling\ FlyoverAwesomePlace.swift /Users/admin/builder/spi-builder-workspace/Sources/AwesomePlace/FlyoverAwesomePlace.swift (in target 'FlyoverKit' from project 'FlyoverKit')
SwiftCompile normal arm64 /Users/admin/builder/spi-builder-workspace/Sources/AwesomePlace/FlyoverAwesomePlace.swift (in target 'FlyoverKit' from project 'FlyoverKit')
cd /Users/admin/builder/spi-builder-workspace/.swiftpm/xcode
builtin-SwiftPerFileCompile FlyoverAwesomePlace.swift
SwiftCompile normal arm64 Compiling\ Flyover+Operators.swift /Users/admin/builder/spi-builder-workspace/Sources/Flyover+Operators.swift (in target 'FlyoverKit' from project 'FlyoverKit')
SwiftCompile normal arm64 /Users/admin/builder/spi-builder-workspace/Sources/Flyover+Operators.swift (in target 'FlyoverKit' from project 'FlyoverKit')
cd /Users/admin/builder/spi-builder-workspace/.swiftpm/xcode
builtin-SwiftPerFileCompile Flyover+Operators.swift
SwiftCompile normal arm64 Compiling\ FlyoverCamera.swift /Users/admin/builder/spi-builder-workspace/Sources/Camera/FlyoverCamera.swift (in target 'FlyoverKit' from project 'FlyoverKit')
/Users/admin/builder/spi-builder-workspace/Sources/Camera/FlyoverCamera.swift:26:28: error: 'altitude' is unavailable in watchOS
24 | didSet {
25 | // Set MapCamera altitude
26 | self.mapCamera.altitude = self.configuration.altitude
| `- error: 'altitude' is unavailable in watchOS
27 | // Set MapCamera pitch
28 | self.mapCamera.pitch = CGFloat(self.configuration.pitch)
/Applications/Xcode-27.0.0-Release.Candidate.app/Contents/Developer/Platforms/WatchOS.platform/Developer/SDKs/WatchOS27.0.sdk/System/Library/Frameworks/MapKit.framework/Headers/MKMapCamera.h:24:42: note: 'altitude' has been explicitly marked unavailable here
22 | @property (nonatomic) CLLocationDirection heading;
23 | @property (nonatomic) CGFloat pitch; // In degrees where 0 is looking straight down. Pitch may be clamped to an appropriate value.
24 | @property (nonatomic) CLLocationDistance altitude API_DEPRECATED("Use centerCoordinateDistance", ios(7.0, API_TO_BE_DEPRECATED), macos(10.9, API_TO_BE_DEPRECATED), tvos(9.2, API_TO_BE_DEPRECATED)) API_UNAVAILABLE(watchos);
| `- note: 'altitude' has been explicitly marked unavailable here
25 |
26 | + (instancetype)camera;
/Users/admin/builder/spi-builder-workspace/Sources/Camera/FlyoverCamera.swift:38:21: error: 'UIView' is unavailable in watchOS
36 |
37 | /// The animation curve
38 | open var curve: UIView.AnimationCurve = .linear
| `- error: 'UIView' is unavailable in watchOS
39 |
40 | // MARK: Private properties
/Applications/Xcode-27.0.0-Release.Candidate.app/Contents/Developer/Platforms/WatchOS.platform/Developer/SDKs/WatchOS27.0.sdk/System/Library/Frameworks/UIKit.framework/Headers/UIView.h:152:12: note: 'UIView' has been explicitly marked unavailable here
150 |
151 | UIKIT_EXTERN API_AVAILABLE(ios(2.0)) API_UNAVAILABLE(watchos) NS_SWIFT_UI_ACTOR
152 | @interface UIView : UIResponder <NSCoding, UIAppearance, UIAppearanceContainer, UIDynamicItem, UITraitEnvironment, UICoordinateSpace, UIFocusItem, UIFocusItemContainer, CALayerDelegate>
| `- note: 'UIView' has been explicitly marked unavailable here
153 |
154 | @property(class, nonatomic, readonly) Class layerClass; // default is [CALayer class]. Used when creating the underlying layer for the view.
/Users/admin/builder/spi-builder-workspace/Sources/Camera/FlyoverCamera.swift:43:31: error: 'MKMapView' is unavailable in watchOS
41 |
42 | /// The MapView
43 | private weak var mapView: MKMapView?
| `- error: 'MKMapView' is unavailable in watchOS
44 |
45 | /// The MapView Camera
/Applications/Xcode-27.0.0-Release.Candidate.app/Contents/Developer/Platforms/WatchOS.platform/Developer/SDKs/WatchOS27.0.sdk/System/Library/Frameworks/MapKit.framework/Headers/MKMapView.h:73:12: note: 'MKMapView' has been explicitly marked unavailable here
71 | #if TARGET_OS_IPHONE
72 | NS_CLASS_AVAILABLE(NA, 3_0) __TVOS_AVAILABLE(9_2) API_UNAVAILABLE(watchos)
73 | @interface MKMapView : UIView <NSCoding>
| `- note: 'MKMapView' has been explicitly marked unavailable here
74 | #else
75 | NS_CLASS_AVAILABLE(10_9, NA)
/Users/admin/builder/spi-builder-workspace/Sources/Camera/FlyoverCamera.swift:48:16: error: 'altitude' is unavailable in watchOS
46 | private lazy var mapCamera: MKMapCamera = {
47 | let camera = MKMapCamera()
48 | camera.altitude = self.configuration.altitude
| `- error: 'altitude' is unavailable in watchOS
49 | camera.pitch = CGFloat(self.configuration.pitch)
50 | return camera
/Applications/Xcode-27.0.0-Release.Candidate.app/Contents/Developer/Platforms/WatchOS.platform/Developer/SDKs/WatchOS27.0.sdk/System/Library/Frameworks/MapKit.framework/Headers/MKMapCamera.h:24:42: note: 'altitude' has been explicitly marked unavailable here
22 | @property (nonatomic) CLLocationDirection heading;
23 | @property (nonatomic) CGFloat pitch; // In degrees where 0 is looking straight down. Pitch may be clamped to an appropriate value.
24 | @property (nonatomic) CLLocationDistance altitude API_DEPRECATED("Use centerCoordinateDistance", ios(7.0, API_TO_BE_DEPRECATED), macos(10.9, API_TO_BE_DEPRECATED), tvos(9.2, API_TO_BE_DEPRECATED)) API_UNAVAILABLE(watchos);
| `- note: 'altitude' has been explicitly marked unavailable here
25 |
26 | + (instancetype)camera;
/Users/admin/builder/spi-builder-workspace/Sources/Camera/FlyoverCamera.swift:57:27: error: 'UIViewPropertyAnimator' is unavailable in watchOS
55 |
56 | /// The UIViewPropertyAnimator
57 | private var animator: UIViewPropertyAnimator?
| `- error: 'UIViewPropertyAnimator' is unavailable in watchOS
58 |
59 | // MARK: Initializer
/Applications/Xcode-27.0.0-Release.Candidate.app/Contents/Developer/Platforms/WatchOS.platform/Developer/SDKs/WatchOS27.0.sdk/System/Library/Frameworks/UIKit.framework/Headers/UIViewPropertyAnimator.h:17:12: note: 'UIViewPropertyAnimator' has been explicitly marked unavailable here
15 |
16 | UIKIT_EXTERN API_AVAILABLE(ios(10.0)) API_UNAVAILABLE(watchos) NS_SWIFT_UI_ACTOR
17 | @interface UIViewPropertyAnimator : NSObject <UIViewImplicitlyAnimating, NSCopying>
| `- note: 'UIViewPropertyAnimator' has been explicitly marked unavailable here
18 |
19 | @property(nullable, nonatomic, copy, readonly) id <UITimingCurveProvider> timingParameters;
/Users/admin/builder/spi-builder-workspace/Sources/Camera/FlyoverCamera.swift:66:26: error: 'MKMapView' is unavailable in watchOS
64 | /// - mapView: The MapView
65 | /// - configuration: The Configuration. Default value: `.default` theme
66 | public init(mapView: MKMapView, configuration: Configuration = .default) {
| `- error: 'MKMapView' is unavailable in watchOS
67 | // Set MapView
68 | self.mapView = mapView
/Applications/Xcode-27.0.0-Release.Candidate.app/Contents/Developer/Platforms/WatchOS.platform/Developer/SDKs/WatchOS27.0.sdk/System/Library/Frameworks/MapKit.framework/Headers/MKMapView.h:73:12: note: 'MKMapView' has been explicitly marked unavailable here
71 | #if TARGET_OS_IPHONE
72 | NS_CLASS_AVAILABLE(NA, 3_0) __TVOS_AVAILABLE(9_2) API_UNAVAILABLE(watchos)
73 | @interface MKMapView : UIView <NSCoding>
| `- note: 'MKMapView' has been explicitly marked unavailable here
74 | #else
75 | NS_CLASS_AVAILABLE(10_9, NA)
/Users/admin/builder/spi-builder-workspace/Sources/Camera/FlyoverCamera.swift:255:23: error: 'UIViewPropertyAnimator' is unavailable in watchOS
253 | // MARK: - UIViewPropertyAnimator Extension
254 |
255 | fileprivate extension UIViewPropertyAnimator {
| `- error: 'UIViewPropertyAnimator' is unavailable in watchOS
256 |
257 | /// Force Stop Animation
/Applications/Xcode-27.0.0-Release.Candidate.app/Contents/Developer/Platforms/WatchOS.platform/Developer/SDKs/WatchOS27.0.sdk/System/Library/Frameworks/UIKit.framework/Headers/UIViewPropertyAnimator.h:17:12: note: 'UIViewPropertyAnimator' has been explicitly marked unavailable here
15 |
16 | UIKIT_EXTERN API_AVAILABLE(ios(10.0)) API_UNAVAILABLE(watchos) NS_SWIFT_UI_ACTOR
17 | @interface UIViewPropertyAnimator : NSObject <UIViewImplicitlyAnimating, NSCopying>
| `- note: 'UIViewPropertyAnimator' has been explicitly marked unavailable here
18 |
19 | @property(nullable, nonatomic, copy, readonly) id <UITimingCurveProvider> timingParameters;
SwiftCompile normal arm64 /Users/admin/builder/spi-builder-workspace/Sources/Camera/FlyoverCamera.swift (in target 'FlyoverKit' from project 'FlyoverKit')
cd /Users/admin/builder/spi-builder-workspace/.swiftpm/xcode
builtin-SwiftPerFileCompile FlyoverCamera.swift
SwiftCompile normal arm64 Compiling\ FlyoverCamera+State.swift /Users/admin/builder/spi-builder-workspace/Sources/Camera/FlyoverCamera+State.swift (in target 'FlyoverKit' from project 'FlyoverKit')
SwiftCompile normal arm64 /Users/admin/builder/spi-builder-workspace/Sources/Camera/FlyoverCamera+State.swift (in target 'FlyoverKit' from project 'FlyoverKit')
cd /Users/admin/builder/spi-builder-workspace/.swiftpm/xcode
builtin-SwiftPerFileCompile FlyoverCamera+State.swift
SwiftCompile normal arm64 Compiling\ FlyoverMapView+MapType.swift /Users/admin/builder/spi-builder-workspace/Sources/MapView/FlyoverMapView+MapType.swift (in target 'FlyoverKit' from project 'FlyoverKit')
/Users/admin/builder/spi-builder-workspace/Sources/MapView/FlyoverMapView+MapType.swift:32:33: error: 'MKMapType' is unavailable in watchOS
30 |
31 | /// Associated type RawValue as MKMapType
32 | public typealias RawValue = MKMapType
| `- error: 'MKMapType' is unavailable in watchOS
33 |
34 | /// RawRepresentable initializer
/Applications/Xcode-27.0.0-Release.Candidate.app/Contents/Developer/Platforms/WatchOS.platform/Developer/SDKs/WatchOS27.0.sdk/System/Library/Frameworks/MapKit.framework/Headers/MKTypes.h:12:29: note: 'MKMapType' has been explicitly marked unavailable here
10 | NS_ASSUME_NONNULL_BEGIN
11 |
12 | typedef NS_ENUM(NSUInteger, MKMapType) {
| `- note: 'MKMapType' has been explicitly marked unavailable here
13 | MKMapTypeStandard = 0,
14 | MKMapTypeSatellite,
SwiftCompile normal arm64 /Users/admin/builder/spi-builder-workspace/Sources/MapView/FlyoverMapView+MapType.swift (in target 'FlyoverKit' from project 'FlyoverKit')
cd /Users/admin/builder/spi-builder-workspace/.swiftpm/xcode
builtin-SwiftPerFileCompile FlyoverMapView+MapType.swift
SwiftEmitModule normal arm64 Emitting\ module\ for\ FlyoverKit (in target 'FlyoverKit' from project 'FlyoverKit')
/Users/admin/builder/spi-builder-workspace/Sources/Camera/FlyoverCamera+RegionChangeAnimation.swift:20:54: error: 'UIView' is unavailable in watchOS
18 | /// Animation with given TimeInterval and AnimationCurve
19 | /// should be performed
20 | case animated(duration: TimeInterval, curve: UIView.AnimationCurve)
| `- error: 'UIView' is unavailable in watchOS
21 | }
22 |
/Applications/Xcode-27.0.0-Release.Candidate.app/Contents/Developer/Platforms/WatchOS.platform/Developer/SDKs/WatchOS27.0.sdk/System/Library/Frameworks/UIKit.framework/Headers/UIView.h:152:12: note: 'UIView' has been explicitly marked unavailable here
150 |
151 | UIKIT_EXTERN API_AVAILABLE(ios(2.0)) API_UNAVAILABLE(watchos) NS_SWIFT_UI_ACTOR
152 | @interface UIView : UIResponder <NSCoding, UIAppearance, UIAppearanceContainer, UIDynamicItem, UITraitEnvironment, UICoordinateSpace, UIFocusItem, UIFocusItemContainer, CALayerDelegate>
| `- note: 'UIView' has been explicitly marked unavailable here
153 |
154 | @property(class, nonatomic, readonly) Class layerClass; // default is [CALayer class]. Used when creating the underlying layer for the view.
/Users/admin/builder/spi-builder-workspace/Sources/Camera/FlyoverCamera.swift:26:28: error: 'altitude' is unavailable in watchOS
24 | didSet {
25 | // Set MapCamera altitude
26 | self.mapCamera.altitude = self.configuration.altitude
| `- error: 'altitude' is unavailable in watchOS
27 | // Set MapCamera pitch
28 | self.mapCamera.pitch = CGFloat(self.configuration.pitch)
/Applications/Xcode-27.0.0-Release.Candidate.app/Contents/Developer/Platforms/WatchOS.platform/Developer/SDKs/WatchOS27.0.sdk/System/Library/Frameworks/MapKit.framework/Headers/MKMapCamera.h:24:42: note: 'altitude' has been explicitly marked unavailable here
22 | @property (nonatomic) CLLocationDirection heading;
23 | @property (nonatomic) CGFloat pitch; // In degrees where 0 is looking straight down. Pitch may be clamped to an appropriate value.
24 | @property (nonatomic) CLLocationDistance altitude API_DEPRECATED("Use centerCoordinateDistance", ios(7.0, API_TO_BE_DEPRECATED), macos(10.9, API_TO_BE_DEPRECATED), tvos(9.2, API_TO_BE_DEPRECATED)) API_UNAVAILABLE(watchos);
| `- note: 'altitude' has been explicitly marked unavailable here
25 |
26 | + (instancetype)camera;
/Users/admin/builder/spi-builder-workspace/Sources/Camera/FlyoverCamera.swift:38:21: error: 'UIView' is unavailable in watchOS
36 |
37 | /// The animation curve
38 | open var curve: UIView.AnimationCurve = .linear
| `- error: 'UIView' is unavailable in watchOS
39 |
40 | // MARK: Private properties
/Applications/Xcode-27.0.0-Release.Candidate.app/Contents/Developer/Platforms/WatchOS.platform/Developer/SDKs/WatchOS27.0.sdk/System/Library/Frameworks/UIKit.framework/Headers/UIView.h:152:12: note: 'UIView' has been explicitly marked unavailable here
150 |
151 | UIKIT_EXTERN API_AVAILABLE(ios(2.0)) API_UNAVAILABLE(watchos) NS_SWIFT_UI_ACTOR
152 | @interface UIView : UIResponder <NSCoding, UIAppearance, UIAppearanceContainer, UIDynamicItem, UITraitEnvironment, UICoordinateSpace, UIFocusItem, UIFocusItemContainer, CALayerDelegate>
| `- note: 'UIView' has been explicitly marked unavailable here
153 |
154 | @property(class, nonatomic, readonly) Class layerClass; // default is [CALayer class]. Used when creating the underlying layer for the view.
/Users/admin/builder/spi-builder-workspace/Sources/Camera/FlyoverCamera.swift:43:31: error: 'MKMapView' is unavailable in watchOS
41 |
42 | /// The MapView
43 | private weak var mapView: MKMapView?
| `- error: 'MKMapView' is unavailable in watchOS
44 |
45 | /// The MapView Camera
/Applications/Xcode-27.0.0-Release.Candidate.app/Contents/Developer/Platforms/WatchOS.platform/Developer/SDKs/WatchOS27.0.sdk/System/Library/Frameworks/MapKit.framework/Headers/MKMapView.h:73:12: note: 'MKMapView' has been explicitly marked unavailable here
71 | #if TARGET_OS_IPHONE
72 | NS_CLASS_AVAILABLE(NA, 3_0) __TVOS_AVAILABLE(9_2) API_UNAVAILABLE(watchos)
73 | @interface MKMapView : UIView <NSCoding>
| `- note: 'MKMapView' has been explicitly marked unavailable here
74 | #else
75 | NS_CLASS_AVAILABLE(10_9, NA)
/Users/admin/builder/spi-builder-workspace/Sources/Camera/FlyoverCamera.swift:48:16: error: 'altitude' is unavailable in watchOS
46 | private lazy var mapCamera: MKMapCamera = {
47 | let camera = MKMapCamera()
48 | camera.altitude = self.configuration.altitude
| `- error: 'altitude' is unavailable in watchOS
49 | camera.pitch = CGFloat(self.configuration.pitch)
50 | return camera
/Applications/Xcode-27.0.0-Release.Candidate.app/Contents/Developer/Platforms/WatchOS.platform/Developer/SDKs/WatchOS27.0.sdk/System/Library/Frameworks/MapKit.framework/Headers/MKMapCamera.h:24:42: note: 'altitude' has been explicitly marked unavailable here
22 | @property (nonatomic) CLLocationDirection heading;
23 | @property (nonatomic) CGFloat pitch; // In degrees where 0 is looking straight down. Pitch may be clamped to an appropriate value.
24 | @property (nonatomic) CLLocationDistance altitude API_DEPRECATED("Use centerCoordinateDistance", ios(7.0, API_TO_BE_DEPRECATED), macos(10.9, API_TO_BE_DEPRECATED), tvos(9.2, API_TO_BE_DEPRECATED)) API_UNAVAILABLE(watchos);
| `- note: 'altitude' has been explicitly marked unavailable here
25 |
26 | + (instancetype)camera;
/Users/admin/builder/spi-builder-workspace/Sources/Camera/FlyoverCamera.swift:57:27: error: 'UIViewPropertyAnimator' is unavailable in watchOS
55 |
56 | /// The UIViewPropertyAnimator
57 | private var animator: UIViewPropertyAnimator?
| `- error: 'UIViewPropertyAnimator' is unavailable in watchOS
58 |
59 | // MARK: Initializer
/Applications/Xcode-27.0.0-Release.Candidate.app/Contents/Developer/Platforms/WatchOS.platform/Developer/SDKs/WatchOS27.0.sdk/System/Library/Frameworks/UIKit.framework/Headers/UIViewPropertyAnimator.h:17:12: note: 'UIViewPropertyAnimator' has been explicitly marked unavailable here
15 |
16 | UIKIT_EXTERN API_AVAILABLE(ios(10.0)) API_UNAVAILABLE(watchos) NS_SWIFT_UI_ACTOR
17 | @interface UIViewPropertyAnimator : NSObject <UIViewImplicitlyAnimating, NSCopying>
| `- note: 'UIViewPropertyAnimator' has been explicitly marked unavailable here
18 |
19 | @property(nullable, nonatomic, copy, readonly) id <UITimingCurveProvider> timingParameters;
/Users/admin/builder/spi-builder-workspace/Sources/Camera/FlyoverCamera.swift:66:26: error: 'MKMapView' is unavailable in watchOS
64 | /// - mapView: The MapView
65 | /// - configuration: The Configuration. Default value: `.default` theme
66 | public init(mapView: MKMapView, configuration: Configuration = .default) {
| `- error: 'MKMapView' is unavailable in watchOS
67 | // Set MapView
68 | self.mapView = mapView
/Applications/Xcode-27.0.0-Release.Candidate.app/Contents/Developer/Platforms/WatchOS.platform/Developer/SDKs/WatchOS27.0.sdk/System/Library/Frameworks/MapKit.framework/Headers/MKMapView.h:73:12: note: 'MKMapView' has been explicitly marked unavailable here
71 | #if TARGET_OS_IPHONE
72 | NS_CLASS_AVAILABLE(NA, 3_0) __TVOS_AVAILABLE(9_2) API_UNAVAILABLE(watchos)
73 | @interface MKMapView : UIView <NSCoding>
| `- note: 'MKMapView' has been explicitly marked unavailable here
74 | #else
75 | NS_CLASS_AVAILABLE(10_9, NA)
/Users/admin/builder/spi-builder-workspace/Sources/Camera/FlyoverCamera.swift:255:23: error: 'UIViewPropertyAnimator' is unavailable in watchOS
253 | // MARK: - UIViewPropertyAnimator Extension
254 |
255 | fileprivate extension UIViewPropertyAnimator {
| `- error: 'UIViewPropertyAnimator' is unavailable in watchOS
256 |
257 | /// Force Stop Animation
/Applications/Xcode-27.0.0-Release.Candidate.app/Contents/Developer/Platforms/WatchOS.platform/Developer/SDKs/WatchOS27.0.sdk/System/Library/Frameworks/UIKit.framework/Headers/UIViewPropertyAnimator.h:17:12: note: 'UIViewPropertyAnimator' has been explicitly marked unavailable here
15 |
16 | UIKIT_EXTERN API_AVAILABLE(ios(10.0)) API_UNAVAILABLE(watchos) NS_SWIFT_UI_ACTOR
17 | @interface UIViewPropertyAnimator : NSObject <UIViewImplicitlyAnimating, NSCopying>
| `- note: 'UIViewPropertyAnimator' has been explicitly marked unavailable here
18 |
19 | @property(nullable, nonatomic, copy, readonly) id <UITimingCurveProvider> timingParameters;
/Users/admin/builder/spi-builder-workspace/Sources/Flyover.swift:52:11: error: 'MKMapView' is unavailable in watchOS
50 | }
51 |
52 | extension MKMapView: Flyover {
| `- error: 'MKMapView' is unavailable in watchOS
53 |
54 | /// The flyover coordinate
/Applications/Xcode-27.0.0-Release.Candidate.app/Contents/Developer/Platforms/WatchOS.platform/Developer/SDKs/WatchOS27.0.sdk/System/Library/Frameworks/MapKit.framework/Headers/MKMapView.h:73:12: note: 'MKMapView' has been explicitly marked unavailable here
71 | #if TARGET_OS_IPHONE
72 | NS_CLASS_AVAILABLE(NA, 3_0) __TVOS_AVAILABLE(9_2) API_UNAVAILABLE(watchos)
73 | @interface MKMapView : UIView <NSCoding>
| `- note: 'MKMapView' has been explicitly marked unavailable here
74 | #else
75 | NS_CLASS_AVAILABLE(10_9, NA)
/Users/admin/builder/spi-builder-workspace/Sources/MapView/FlyoverMapView+MapType.swift:32:33: error: 'MKMapType' is unavailable in watchOS
30 |
31 | /// Associated type RawValue as MKMapType
32 | public typealias RawValue = MKMapType
| `- error: 'MKMapType' is unavailable in watchOS
33 |
34 | /// RawRepresentable initializer
/Applications/Xcode-27.0.0-Release.Candidate.app/Contents/Developer/Platforms/WatchOS.platform/Developer/SDKs/WatchOS27.0.sdk/System/Library/Frameworks/MapKit.framework/Headers/MKTypes.h:12:29: note: 'MKMapType' has been explicitly marked unavailable here
10 | NS_ASSUME_NONNULL_BEGIN
11 |
12 | typedef NS_ENUM(NSUInteger, MKMapType) {
| `- note: 'MKMapType' has been explicitly marked unavailable here
13 | MKMapTypeStandard = 0,
14 | MKMapTypeSatellite,
/Users/admin/builder/spi-builder-workspace/Sources/MapView/FlyoverMapView+MapType.swift:29:1: warning: unavailable enum 'MKMapType' was used to satisfy a requirement of protocol 'RawRepresentable'; this will be an error in a future Swift language mode
27 | // MARK: - MapType RawRepresentable
28 |
29 | extension FlyoverMapView.MapType: RawRepresentable {
| `- warning: unavailable enum 'MKMapType' was used to satisfy a requirement of protocol 'RawRepresentable'; this will be an error in a future Swift language mode
30 |
31 | /// Associated type RawValue as MKMapType
/Applications/Xcode-27.0.0-Release.Candidate.app/Contents/Developer/Platforms/WatchOS.platform/Developer/SDKs/WatchOS27.0.sdk/System/Library/Frameworks/MapKit.framework/Headers/MKTypes.h:12:29: note: 'MKMapType' declared here
10 | NS_ASSUME_NONNULL_BEGIN
11 |
12 | typedef NS_ENUM(NSUInteger, MKMapType) {
| `- note: 'MKMapType' declared here
13 | MKMapTypeStandard = 0,
14 | MKMapTypeSatellite,
Swift.RawRepresentable.RawValue:2:16: note: requirement 'RawValue' declared here
1 | protocol RawRepresentable {
2 | associatedtype RawValue}
| `- note: requirement 'RawValue' declared here
3 |
/Users/admin/builder/spi-builder-workspace/Sources/MapView/FlyoverMapView.swift:14:28: error: 'MKMapView' is unavailable in watchOS
12 |
13 | /// The FlyoverMapView
14 | open class FlyoverMapView: MKMapView {
| `- error: 'MKMapView' is unavailable in watchOS
15 |
16 | // MARK: Properties
/Applications/Xcode-27.0.0-Release.Candidate.app/Contents/Developer/Platforms/WatchOS.platform/Developer/SDKs/WatchOS27.0.sdk/System/Library/Frameworks/MapKit.framework/Headers/MKMapView.h:73:12: note: 'MKMapView' has been explicitly marked unavailable here
71 | #if TARGET_OS_IPHONE
72 | NS_CLASS_AVAILABLE(NA, 3_0) __TVOS_AVAILABLE(9_2) API_UNAVAILABLE(watchos)
73 | @interface MKMapView : UIView <NSCoding>
| `- note: 'MKMapView' has been explicitly marked unavailable here
74 | #else
75 | NS_CLASS_AVAILABLE(10_9, NA)
/Users/admin/builder/spi-builder-workspace/Sources/MapView/FlyoverMapViewController.swift:14:38: error: 'UIViewController' is unavailable in watchOS
12 |
13 | /// The FlyoverMapViewController
14 | open class FlyoverMapViewController: UIViewController {
| `- error: 'UIViewController' is unavailable in watchOS
15 |
16 | // MARK: Properties
/Applications/Xcode-27.0.0-Release.Candidate.app/Contents/Developer/Platforms/WatchOS.platform/Developer/SDKs/WatchOS27.0.sdk/System/Library/Frameworks/UIKit.framework/Headers/UIViewController.h:104:12: note: 'UIViewController' has been explicitly marked unavailable here
102 |
103 | UIKIT_EXTERN API_AVAILABLE(ios(2.0)) API_UNAVAILABLE(watchos) NS_SWIFT_UI_ACTOR
104 | @interface UIViewController : UIResponder <NSCoding, UIAppearanceContainer, UITraitEnvironment, UIContentContainer, UIFocusEnvironment>
| `- note: 'UIViewController' has been explicitly marked unavailable here
105 |
106 | /*
Failed frontend command:
/Applications/Xcode-27.0.0-Release.Candidate.app/Contents/Developer/Toolchains/XcodeDefault.xctoolchain/usr/bin/swift-frontend -frontend -emit-module -experimental-skip-non-inlinable-function-bodies-without-types /Users/admin/builder/spi-builder-workspace/Sources/AwesomePlace/FlyoverAwesomePlace.swift /Users/admin/builder/spi-builder-workspace/Sources/Camera/FlyoverCamera+Configuration.swift /Users/admin/builder/spi-builder-workspace/Sources/Camera/FlyoverCamera+RegionChangeAnimation.swift /Users/admin/builder/spi-builder-workspace/Sources/Camera/FlyoverCamera+State.swift /Users/admin/builder/spi-builder-workspace/Sources/Camera/FlyoverCamera.swift /Users/admin/builder/spi-builder-workspace/Sources/Flyover+Operators.swift /Users/admin/builder/spi-builder-workspace/Sources/Flyover.swift /Users/admin/builder/spi-builder-workspace/Sources/MapView/FlyoverMapView+MapType.swift /Users/admin/builder/spi-builder-workspace/Sources/MapView/FlyoverMapView.swift /Users/admin/builder/spi-builder-workspace/Sources/MapView/FlyoverMapViewController.swift -target arm64-apple-watchos9.0 -disable-cross-import-overlay-search -swift-module-cross-import MapKit /Applications/Xcode-27.0.0-Release.Candidate.app/Contents/Developer/Platforms/WatchOS.platform/Developer/SDKs/WatchOS.sdk/System/Library/Frameworks/MapKit.framework/Modules/MapKit.swiftcrossimport/SwiftUI.swiftoverlay -swift-module-cross-import MapKit /Applications/Xcode-27.0.0-Release.Candidate.app/Contents/Developer/Platforms/WatchOS.platform/Developer/SDKs/WatchOS27.0.sdk/System/Library/Frameworks/MapKit.framework/Modules/MapKit.swiftcrossimport/SwiftUI.swiftoverlay -load-resolved-plugin /Applications/Xcode-27.0.0-Release.Candidate.app/Contents/Developer/Platforms/WatchOS.platform/Developer/usr/lib/swift/host/plugins/libFoundationMacros.dylib\#/Applications/Xcode-27.0.0-Release.Candidate.app/Contents/Developer/Platforms/WatchOS.platform/Developer/usr/bin/swift-plugin-server\#FoundationMacros -load-resolved-plugin /Applications/Xcode-27.0.0-Release.Candidate.app/Contents/Developer/Platforms/WatchOS.platform/Developer/usr/lib/swift/host/plugins/libObservationMacros.dylib\#/Applications/Xcode-27.0.0-Release.Candidate.app/Contents/Developer/Platforms/WatchOS.platform/Developer/usr/bin/swift-plugin-server\#ObservationMacros -load-resolved-plugin /Applications/Xcode-27.0.0-Release.Candidate.app/Contents/Developer/Platforms/WatchOS.platform/Developer/usr/lib/swift/host/plugins/libSwiftMacros.dylib\#/Applications/Xcode-27.0.0-Release.Candidate.app/Contents/Developer/Platforms/WatchOS.platform/Developer/usr/bin/swift-plugin-server\#SwiftMacros -load-resolved-plugin /Applications/Xcode-27.0.0-Release.Candidate.app/Contents/Developer/Platforms/WatchOS.platform/Developer/usr/lib/swift/host/plugins/libSwiftUIMacros.dylib\#/Applications/Xcode-27.0.0-Release.Candidate.app/Contents/Developer/Platforms/WatchOS.platform/Developer/usr/bin/swift-plugin-server\#SwiftUIMacros -disable-implicit-swift-modules -Xcc -fno-implicit-modules -Xcc -fno-implicit-module-maps -explicit-swift-module-map-file /Users/admin/builder/spi-builder-workspace/.derivedData/Build/Intermediates.noindex/FlyoverKit.build/Debug-watchos/FlyoverKit-t.build/Objects-normal/arm64/FlyoverKit-dependencies-2.json -Xllvm -aarch64-use-tbi -enable-objc-interop -stack-check -sdk /Applications/Xcode-27.0.0-Release.Candidate.app/Contents/Developer/Platforms/WatchOS.platform/Developer/SDKs/WatchOS27.0.sdk -I /Users/admin/builder/spi-builder-workspace/.derivedData/Build/Products/Debug-watchos -Isystem /Applications/Xcode-27.0.0-Release.Candidate.app/Contents/Developer/Platforms/WatchOS.platform/Developer/usr/lib -F /Users/admin/builder/spi-builder-workspace/.derivedData/Build/Products/Debug-watchos -F /Applications/Xcode-27.0.0-Release.Candidate.app/Contents/Developer/Platforms/WatchOS.platform/Developer/Library/Frameworks -F /Applications/Xcode-27.0.0-Release.Candidate.app/Contents/Developer/Platforms/WatchOS.platform/Developer/SDKs/WatchOS27.0.sdk/Developer/Library/Frameworks -module-cache-path /Users/admin/builder/spi-builder-workspace/.derivedData/Build/Intermediates.noindex/SwiftExplicitPrecompiledModules -no-color-diagnostics -Xcc -fno-color-diagnostics -enable-testing -g -debug-info-format\=dwarf -dwarf-version\=4 -profile-generate -profile-coverage-mapping -swift-version 5 -Onone -D SWIFT_PACKAGE -D DEBUG -D SWIFT_MODULE_RESOURCE_BUNDLE_UNAVAILABLE -D Xcode -serialize-debugging-options -enable-experimental-feature DebugDescriptionMacro -empty-abi-descriptor -validate-clang-modules-once -clang-build-session-file /Users/admin/builder/spi-builder-workspace/.derivedData/ModuleCache.noindex/Session.modulevalidation -Xcc -working-directory -Xcc /Users/admin/builder/spi-builder-workspace/.swiftpm/xcode -enable-anonymous-context-mangled-names -file-compilation-dir /Users/admin/builder/spi-builder-workspace/.swiftpm/xcode -Xcc -D_LIBCPP_HARDENING_MODE\=_LIBCPP_HARDENING_MODE_DEBUG -Xcc -ivfsstatcache -Xcc /Users/admin/builder/spi-builder-workspace/.derivedData/SDKStatCaches.noindex/watchos27.0-24R360-e829b21a6f8c9b70876ba0858053c04477534ef55a1706bf4c1112bbb242f0a2.sdkstatcache -Xcc -fmodules-prune-interval\=86400 -Xcc -fmodules-prune-after\=345600 -Xcc -I/Users/admin/builder/spi-builder-workspace/.derivedData/Build/Products/Debug-watchos/include -Xcc -I/Users/admin/builder/spi-builder-workspace/.derivedData/Build/Intermediates.noindex/FlyoverKit.build/Debug-watchos/FlyoverKit-t.build/DerivedSources-normal/arm64 -Xcc -I/Users/admin/builder/spi-builder-workspace/.derivedData/Build/Intermediates.noindex/FlyoverKit.build/Debug-watchos/FlyoverKit-t.build/DerivedSources/arm64 -Xcc -I/Users/admin/builder/spi-builder-workspace/.derivedData/Build/Intermediates.noindex/FlyoverKit.build/Debug-watchos/FlyoverKit-t.build/DerivedSources -Xcc -DSWIFT_PACKAGE -Xcc -DDEBUG\=1 -no-auto-bridging-header-chaining -module-name FlyoverKit -const-gather-protocols-file /Users/admin/builder/spi-builder-workspace/.derivedData/Build/Intermediates.noindex/FlyoverKit.build/Debug-watchos/FlyoverKit-t.build/Objects-normal/arm64/FlyoverKit_const_extract_protocols.json -disable-clang-spi -clang-target arm64-apple-watchos27.0 -target-sdk-version 27.0 -target-sdk-name watchos27.0 -in-process-plugin-server-path /Applications/Xcode-27.0.0-Release.Candidate.app/Contents/Developer/Toolchains/XcodeDefault.xctoolchain/usr/lib/swift/host/libSwiftInProcPluginServer.dylib -emit-module-doc-path /Users/admin/builder/spi-builder-workspace/.derivedData/Build/Intermediates.noindex/FlyoverKit.build/Debug-watchos/FlyoverKit-t.build/Objects-normal/arm64/FlyoverKit.swiftdoc -emit-module-source-info-path /Users/admin/builder/spi-builder-workspace/.derivedData/Build/Intermediates.noindex/FlyoverKit.build/Debug-watchos/FlyoverKit-t.build/Objects-normal/arm64/FlyoverKit.swiftsourceinfo -emit-objc-header-path /Users/admin/builder/spi-builder-workspace/.derivedData/Build/Intermediates.noindex/FlyoverKit.build/Debug-watchos/FlyoverKit-t.build/Objects-normal/arm64/FlyoverKit-Swift.h -serialize-diagnostics-path /Users/admin/builder/spi-builder-workspace/.derivedData/Build/Intermediates.noindex/FlyoverKit.build/Debug-watchos/FlyoverKit-t.build/Objects-normal/arm64/FlyoverKit-primary-emit-module.dia -emit-dependencies-path /Users/admin/builder/spi-builder-workspace/.derivedData/Build/Intermediates.noindex/FlyoverKit.build/Debug-watchos/FlyoverKit-t.build/Objects-normal/arm64/FlyoverKit-primary-emit-module.d -parse-as-library -o /Users/admin/builder/spi-builder-workspace/.derivedData/Build/Intermediates.noindex/FlyoverKit.build/Debug-watchos/FlyoverKit-t.build/Objects-normal/arm64/FlyoverKit.swiftmodule -emit-abi-descriptor-path /Users/admin/builder/spi-builder-workspace/.derivedData/Build/Intermediates.noindex/FlyoverKit.build/Debug-watchos/FlyoverKit-t.build/Objects-normal/arm64/FlyoverKit.abi.json
SwiftCompile normal arm64 (in target 'FlyoverKit' from project 'FlyoverKit')
cd /Users/admin/builder/spi-builder-workspace/.swiftpm/xcode
SwiftCompile normal arm64_32 Compiling\ FlyoverMapView+MapType.swift /Users/admin/builder/spi-builder-workspace/Sources/MapView/FlyoverMapView+MapType.swift (in target 'FlyoverKit' from project 'FlyoverKit')
/Users/admin/builder/spi-builder-workspace/Sources/MapView/FlyoverMapView+MapType.swift:32:33: error: 'MKMapType' is unavailable in watchOS
30 |
31 | /// Associated type RawValue as MKMapType
32 | public typealias RawValue = MKMapType
| `- error: 'MKMapType' is unavailable in watchOS
33 |
34 | /// RawRepresentable initializer
/Applications/Xcode-27.0.0-Release.Candidate.app/Contents/Developer/Platforms/WatchOS.platform/Developer/SDKs/WatchOS27.0.sdk/System/Library/Frameworks/MapKit.framework/Headers/MKTypes.h:12:29: note: 'MKMapType' has been explicitly marked unavailable here
10 | NS_ASSUME_NONNULL_BEGIN
11 |
12 | typedef NS_ENUM(NSUInteger, MKMapType) {
| `- note: 'MKMapType' has been explicitly marked unavailable here
13 | MKMapTypeStandard = 0,
14 | MKMapTypeSatellite,
SwiftCompile normal arm64_32 /Users/admin/builder/spi-builder-workspace/Sources/MapView/FlyoverMapView+MapType.swift (in target 'FlyoverKit' from project 'FlyoverKit')
cd /Users/admin/builder/spi-builder-workspace/.swiftpm/xcode
builtin-SwiftPerFileCompile FlyoverMapView+MapType.swift
SwiftCompile normal arm64 Compiling\ FlyoverMapView.swift /Users/admin/builder/spi-builder-workspace/Sources/MapView/FlyoverMapView.swift (in target 'FlyoverKit' from project 'FlyoverKit')
/Users/admin/builder/spi-builder-workspace/Sources/MapView/FlyoverMapView.swift:14:28: error: 'MKMapView' is unavailable in watchOS
12 |
13 | /// The FlyoverMapView
14 | open class FlyoverMapView: MKMapView {
| `- error: 'MKMapView' is unavailable in watchOS
15 |
16 | // MARK: Properties
/Applications/Xcode-27.0.0-Release.Candidate.app/Contents/Developer/Platforms/WatchOS.platform/Developer/SDKs/WatchOS27.0.sdk/System/Library/Frameworks/MapKit.framework/Headers/MKMapView.h:73:12: note: 'MKMapView' has been explicitly marked unavailable here
71 | #if TARGET_OS_IPHONE
72 | NS_CLASS_AVAILABLE(NA, 3_0) __TVOS_AVAILABLE(9_2) API_UNAVAILABLE(watchos)
73 | @interface MKMapView : UIView <NSCoding>
| `- note: 'MKMapView' has been explicitly marked unavailable here
74 | #else
75 | NS_CLASS_AVAILABLE(10_9, NA)
SwiftCompile normal arm64 /Users/admin/builder/spi-builder-workspace/Sources/MapView/FlyoverMapView.swift (in target 'FlyoverKit' from project 'FlyoverKit')
cd /Users/admin/builder/spi-builder-workspace/.swiftpm/xcode
builtin-SwiftPerFileCompile FlyoverMapView.swift
SwiftCompile normal arm64_32 Compiling\ FlyoverCamera+State.swift /Users/admin/builder/spi-builder-workspace/Sources/Camera/FlyoverCamera+State.swift (in target 'FlyoverKit' from project 'FlyoverKit')
SwiftCompile normal arm64_32 /Users/admin/builder/spi-builder-workspace/Sources/Camera/FlyoverCamera+State.swift (in target 'FlyoverKit' from project 'FlyoverKit')
cd /Users/admin/builder/spi-builder-workspace/.swiftpm/xcode
builtin-SwiftPerFileCompile FlyoverCamera+State.swift
SwiftEmitModule normal arm64_32 Emitting\ module\ for\ FlyoverKit (in target 'FlyoverKit' from project 'FlyoverKit')
/Users/admin/builder/spi-builder-workspace/Sources/Camera/FlyoverCamera+RegionChangeAnimation.swift:20:54: error: 'UIView' is unavailable in watchOS
18 | /// Animation with given TimeInterval and AnimationCurve
19 | /// should be performed
20 | case animated(duration: TimeInterval, curve: UIView.AnimationCurve)
| `- error: 'UIView' is unavailable in watchOS
21 | }
22 |
/Applications/Xcode-27.0.0-Release.Candidate.app/Contents/Developer/Platforms/WatchOS.platform/Developer/SDKs/WatchOS27.0.sdk/System/Library/Frameworks/UIKit.framework/Headers/UIView.h:152:12: note: 'UIView' has been explicitly marked unavailable here
150 |
151 | UIKIT_EXTERN API_AVAILABLE(ios(2.0)) API_UNAVAILABLE(watchos) NS_SWIFT_UI_ACTOR
152 | @interface UIView : UIResponder <NSCoding, UIAppearance, UIAppearanceContainer, UIDynamicItem, UITraitEnvironment, UICoordinateSpace, UIFocusItem, UIFocusItemContainer, CALayerDelegate>
| `- note: 'UIView' has been explicitly marked unavailable here
153 |
154 | @property(class, nonatomic, readonly) Class layerClass; // default is [CALayer class]. Used when creating the underlying layer for the view.
/Users/admin/builder/spi-builder-workspace/Sources/Camera/FlyoverCamera.swift:26:28: error: 'altitude' is unavailable in watchOS
24 | didSet {
25 | // Set MapCamera altitude
26 | self.mapCamera.altitude = self.configuration.altitude
| `- error: 'altitude' is unavailable in watchOS
27 | // Set MapCamera pitch
28 | self.mapCamera.pitch = CGFloat(self.configuration.pitch)
/Applications/Xcode-27.0.0-Release.Candidate.app/Contents/Developer/Platforms/WatchOS.platform/Developer/SDKs/WatchOS27.0.sdk/System/Library/Frameworks/MapKit.framework/Headers/MKMapCamera.h:24:42: note: 'altitude' has been explicitly marked unavailable here
22 | @property (nonatomic) CLLocationDirection heading;
23 | @property (nonatomic) CGFloat pitch; // In degrees where 0 is looking straight down. Pitch may be clamped to an appropriate value.
24 | @property (nonatomic) CLLocationDistance altitude API_DEPRECATED("Use centerCoordinateDistance", ios(7.0, API_TO_BE_DEPRECATED), macos(10.9, API_TO_BE_DEPRECATED), tvos(9.2, API_TO_BE_DEPRECATED)) API_UNAVAILABLE(watchos);
| `- note: 'altitude' has been explicitly marked unavailable here
25 |
26 | + (instancetype)camera;
/Users/admin/builder/spi-builder-workspace/Sources/Camera/FlyoverCamera.swift:38:21: error: 'UIView' is unavailable in watchOS
36 |
37 | /// The animation curve
38 | open var curve: UIView.AnimationCurve = .linear
| `- error: 'UIView' is unavailable in watchOS
39 |
40 | // MARK: Private properties
/Applications/Xcode-27.0.0-Release.Candidate.app/Contents/Developer/Platforms/WatchOS.platform/Developer/SDKs/WatchOS27.0.sdk/System/Library/Frameworks/UIKit.framework/Headers/UIView.h:152:12: note: 'UIView' has been explicitly marked unavailable here
150 |
151 | UIKIT_EXTERN API_AVAILABLE(ios(2.0)) API_UNAVAILABLE(watchos) NS_SWIFT_UI_ACTOR
152 | @interface UIView : UIResponder <NSCoding, UIAppearance, UIAppearanceContainer, UIDynamicItem, UITraitEnvironment, UICoordinateSpace, UIFocusItem, UIFocusItemContainer, CALayerDelegate>
| `- note: 'UIView' has been explicitly marked unavailable here
153 |
154 | @property(class, nonatomic, readonly) Class layerClass; // default is [CALayer class]. Used when creating the underlying layer for the view.
/Users/admin/builder/spi-builder-workspace/Sources/Camera/FlyoverCamera.swift:43:31: error: 'MKMapView' is unavailable in watchOS
41 |
42 | /// The MapView
43 | private weak var mapView: MKMapView?
| `- error: 'MKMapView' is unavailable in watchOS
44 |
45 | /// The MapView Camera
/Applications/Xcode-27.0.0-Release.Candidate.app/Contents/Developer/Platforms/WatchOS.platform/Developer/SDKs/WatchOS27.0.sdk/System/Library/Frameworks/MapKit.framework/Headers/MKMapView.h:73:12: note: 'MKMapView' has been explicitly marked unavailable here
71 | #if TARGET_OS_IPHONE
72 | NS_CLASS_AVAILABLE(NA, 3_0) __TVOS_AVAILABLE(9_2) API_UNAVAILABLE(watchos)
73 | @interface MKMapView : UIView <NSCoding>
| `- note: 'MKMapView' has been explicitly marked unavailable here
74 | #else
75 | NS_CLASS_AVAILABLE(10_9, NA)
/Users/admin/builder/spi-builder-workspace/Sources/Camera/FlyoverCamera.swift:48:16: error: 'altitude' is unavailable in watchOS
46 | private lazy var mapCamera: MKMapCamera = {
47 | let camera = MKMapCamera()
48 | camera.altitude = self.configuration.altitude
| `- error: 'altitude' is unavailable in watchOS
49 | camera.pitch = CGFloat(self.configuration.pitch)
50 | return camera
/Applications/Xcode-27.0.0-Release.Candidate.app/Contents/Developer/Platforms/WatchOS.platform/Developer/SDKs/WatchOS27.0.sdk/System/Library/Frameworks/MapKit.framework/Headers/MKMapCamera.h:24:42: note: 'altitude' has been explicitly marked unavailable here
22 | @property (nonatomic) CLLocationDirection heading;
23 | @property (nonatomic) CGFloat pitch; // In degrees where 0 is looking straight down. Pitch may be clamped to an appropriate value.
24 | @property (nonatomic) CLLocationDistance altitude API_DEPRECATED("Use centerCoordinateDistance", ios(7.0, API_TO_BE_DEPRECATED), macos(10.9, API_TO_BE_DEPRECATED), tvos(9.2, API_TO_BE_DEPRECATED)) API_UNAVAILABLE(watchos);
| `- note: 'altitude' has been explicitly marked unavailable here
25 |
26 | + (instancetype)camera;
/Users/admin/builder/spi-builder-workspace/Sources/Camera/FlyoverCamera.swift:57:27: error: 'UIViewPropertyAnimator' is unavailable in watchOS
55 |
56 | /// The UIViewPropertyAnimator
57 | private var animator: UIViewPropertyAnimator?
| `- error: 'UIViewPropertyAnimator' is unavailable in watchOS
58 |
59 | // MARK: Initializer
/Applications/Xcode-27.0.0-Release.Candidate.app/Contents/Developer/Platforms/WatchOS.platform/Developer/SDKs/WatchOS27.0.sdk/System/Library/Frameworks/UIKit.framework/Headers/UIViewPropertyAnimator.h:17:12: note: 'UIViewPropertyAnimator' has been explicitly marked unavailable here
15 |
16 | UIKIT_EXTERN API_AVAILABLE(ios(10.0)) API_UNAVAILABLE(watchos) NS_SWIFT_UI_ACTOR
17 | @interface UIViewPropertyAnimator : NSObject <UIViewImplicitlyAnimating, NSCopying>
| `- note: 'UIViewPropertyAnimator' has been explicitly marked unavailable here
18 |
19 | @property(nullable, nonatomic, copy, readonly) id <UITimingCurveProvider> timingParameters;
/Users/admin/builder/spi-builder-workspace/Sources/Camera/FlyoverCamera.swift:66:26: error: 'MKMapView' is unavailable in watchOS
64 | /// - mapView: The MapView
65 | /// - configuration: The Configuration. Default value: `.default` theme
66 | public init(mapView: MKMapView, configuration: Configuration = .default) {
| `- error: 'MKMapView' is unavailable in watchOS
67 | // Set MapView
68 | self.mapView = mapView
/Applications/Xcode-27.0.0-Release.Candidate.app/Contents/Developer/Platforms/WatchOS.platform/Developer/SDKs/WatchOS27.0.sdk/System/Library/Frameworks/MapKit.framework/Headers/MKMapView.h:73:12: note: 'MKMapView' has been explicitly marked unavailable here
71 | #if TARGET_OS_IPHONE
72 | NS_CLASS_AVAILABLE(NA, 3_0) __TVOS_AVAILABLE(9_2) API_UNAVAILABLE(watchos)
73 | @interface MKMapView : UIView <NSCoding>
| `- note: 'MKMapView' has been explicitly marked unavailable here
74 | #else
75 | NS_CLASS_AVAILABLE(10_9, NA)
/Users/admin/builder/spi-builder-workspace/Sources/Camera/FlyoverCamera.swift:255:23: error: 'UIViewPropertyAnimator' is unavailable in watchOS
253 | // MARK: - UIViewPropertyAnimator Extension
254 |
255 | fileprivate extension UIViewPropertyAnimator {
| `- error: 'UIViewPropertyAnimator' is unavailable in watchOS
256 |
257 | /// Force Stop Animation
/Applications/Xcode-27.0.0-Release.Candidate.app/Contents/Developer/Platforms/WatchOS.platform/Developer/SDKs/WatchOS27.0.sdk/System/Library/Frameworks/UIKit.framework/Headers/UIViewPropertyAnimator.h:17:12: note: 'UIViewPropertyAnimator' has been explicitly marked unavailable here
15 |
16 | UIKIT_EXTERN API_AVAILABLE(ios(10.0)) API_UNAVAILABLE(watchos) NS_SWIFT_UI_ACTOR
17 | @interface UIViewPropertyAnimator : NSObject <UIViewImplicitlyAnimating, NSCopying>
| `- note: 'UIViewPropertyAnimator' has been explicitly marked unavailable here
18 |
19 | @property(nullable, nonatomic, copy, readonly) id <UITimingCurveProvider> timingParameters;
/Users/admin/builder/spi-builder-workspace/Sources/Flyover.swift:52:11: error: 'MKMapView' is unavailable in watchOS
50 | }
51 |
52 | extension MKMapView: Flyover {
| `- error: 'MKMapView' is unavailable in watchOS
53 |
54 | /// The flyover coordinate
/Applications/Xcode-27.0.0-Release.Candidate.app/Contents/Developer/Platforms/WatchOS.platform/Developer/SDKs/WatchOS27.0.sdk/System/Library/Frameworks/MapKit.framework/Headers/MKMapView.h:73:12: note: 'MKMapView' has been explicitly marked unavailable here
71 | #if TARGET_OS_IPHONE
72 | NS_CLASS_AVAILABLE(NA, 3_0) __TVOS_AVAILABLE(9_2) API_UNAVAILABLE(watchos)
73 | @interface MKMapView : UIView <NSCoding>
| `- note: 'MKMapView' has been explicitly marked unavailable here
74 | #else
75 | NS_CLASS_AVAILABLE(10_9, NA)
/Users/admin/builder/spi-builder-workspace/Sources/MapView/FlyoverMapView+MapType.swift:32:33: error: 'MKMapType' is unavailable in watchOS
30 |
31 | /// Associated type RawValue as MKMapType
32 | public typealias RawValue = MKMapType
| `- error: 'MKMapType' is unavailable in watchOS
33 |
34 | /// RawRepresentable initializer
/Applications/Xcode-27.0.0-Release.Candidate.app/Contents/Developer/Platforms/WatchOS.platform/Developer/SDKs/WatchOS27.0.sdk/System/Library/Frameworks/MapKit.framework/Headers/MKTypes.h:12:29: note: 'MKMapType' has been explicitly marked unavailable here
10 | NS_ASSUME_NONNULL_BEGIN
11 |
12 | typedef NS_ENUM(NSUInteger, MKMapType) {
| `- note: 'MKMapType' has been explicitly marked unavailable here
13 | MKMapTypeStandard = 0,
14 | MKMapTypeSatellite,
/Users/admin/builder/spi-builder-workspace/Sources/MapView/FlyoverMapView+MapType.swift:29:1: warning: unavailable enum 'MKMapType' was used to satisfy a requirement of protocol 'RawRepresentable'; this will be an error in a future Swift language mode
27 | // MARK: - MapType RawRepresentable
28 |
29 | extension FlyoverMapView.MapType: RawRepresentable {
| `- warning: unavailable enum 'MKMapType' was used to satisfy a requirement of protocol 'RawRepresentable'; this will be an error in a future Swift language mode
30 |
31 | /// Associated type RawValue as MKMapType
/Applications/Xcode-27.0.0-Release.Candidate.app/Contents/Developer/Platforms/WatchOS.platform/Developer/SDKs/WatchOS27.0.sdk/System/Library/Frameworks/MapKit.framework/Headers/MKTypes.h:12:29: note: 'MKMapType' declared here
10 | NS_ASSUME_NONNULL_BEGIN
11 |
12 | typedef NS_ENUM(NSUInteger, MKMapType) {
| `- note: 'MKMapType' declared here
13 | MKMapTypeStandard = 0,
14 | MKMapTypeSatellite,
Swift.RawRepresentable.RawValue:2:16: note: requirement 'RawValue' declared here
1 | protocol RawRepresentable {
2 | associatedtype RawValue}
| `- note: requirement 'RawValue' declared here
3 |
SwiftCompile normal arm64_32 (in target 'FlyoverKit' from project 'FlyoverKit')
cd /Users/admin/builder/spi-builder-workspace/.swiftpm/xcode
SwiftCompile normal arm64_32 Compiling\ FlyoverCamera+RegionChangeAnimation.swift /Users/admin/builder/spi-builder-workspace/Sources/Camera/FlyoverCamera+RegionChangeAnimation.swift (in target 'FlyoverKit' from project 'FlyoverKit')
SwiftCompile normal arm64_32 /Users/admin/builder/spi-builder-workspace/Sources/Camera/FlyoverCamera+RegionChangeAnimation.swift (in target 'FlyoverKit' from project 'FlyoverKit')
cd /Users/admin/builder/spi-builder-workspace/.swiftpm/xcode
builtin-SwiftPerFileCompile FlyoverCamera+RegionChangeAnimation.swift
PruneExplicitPrecompiledModules /Users/admin/builder/spi-builder-workspace/.derivedData/Build/Intermediates.noindex/ExplicitPrecompiledModules
PruneExplicitPrecompiledModules /Users/admin/builder/spi-builder-workspace/.derivedData/Build/Intermediates.noindex/SwiftExplicitPrecompiledModules
PruneExplicitPrecompiledModules /Users/admin/builder/spi-builder-workspace/.derivedData/SDKExplicitPrecompiledModules
2026-09-18 16:18:34.686 xcodebuild[814:4997] [MT] IDERunDestination: Supported platforms for the buildables in the current scheme is empty.
** BUILD FAILED **
The following build commands failed:
SwiftEmitModule normal arm64 Emitting\ module\ for\ FlyoverKit (in target 'FlyoverKit' from project 'FlyoverKit')
SwiftCompile normal arm64 (in target 'FlyoverKit' from project 'FlyoverKit')
Building workspace FlyoverKit with scheme FlyoverKit
(3 failures)
BUILD FAILURE 6.4 watchOS