The Swift Package Index logo.Swift Package Index

Build Information

Failed to build SFSymbolEnum, reference main (409aa2), with Swift 6.1 for macOS (Xcode) using Xcode 16.3 on 26 Jun 2026 11:33:34 UTC.

Build Command

No build command. This typically means the build failed at an early stage where we determine the build command.

Build Log

========================================
RunAll
========================================
Builder version: undefined version: run 'make version' to update
Interrupt handler set up.
========================================
Checkout
========================================
Clone URL: https://github.com/jollyjinx/SFSymbolEnum.git
Reference: main
Initialized empty Git repository in /Users/admin/builder/spi-builder-workspace/.git/
From https://github.com/jollyjinx/SFSymbolEnum
 * branch            main       -> FETCH_HEAD
 * [new branch]      main       -> origin/main
HEAD is now at 409aa23 Generate SFSymbol allCases in Swift
Cloned https://github.com/jollyjinx/SFSymbolEnum.git
Revision (git rev-parse @):
409aa23cb17aea9e2c416c692b2b42ab939072ec
SUCCESS checkout https://github.com/jollyjinx/SFSymbolEnum.git at main
========================================
Build
========================================
Selected platform:         macosXcodebuild
Swift version:             6.1
Building package at path:  $PWD
https://github.com/jollyjinx/SFSymbolEnum.git
https://github.com/jollyjinx/SFSymbolEnum.git
error: 'spi-builder-workspace': package 'spi-builder-workspace' is using Swift tools version 6.2.0 but the installed version is 6.1.0
error: fatalError
Command line invocation:
    /Applications/Xcode-16.3.0.app/Contents/Developer/usr/bin/xcodebuild -IDEClonedSourcePackagesDirPathOverride=/Users/admin/builder/spi-builder-workspace/.dependencies -resolvePackageDependencies
Resolve Package Graph
package 'spi-builder-workspace' is using Swift tools version 6.2.0 but the installed version is 6.1.0
Resolved source packages:
  spi-builder-workspace: (null)
2026-06-26 04:33:34.243 xcodebuild[504:2892] Writing error result bundle to /var/folders/5k/5yc19ymj0jqd5v0zvgfqz0xw0000gn/T/ResultBundle_2026-26-06_04-33-0034.xcresult
xcodebuild: error: Could not resolve package dependencies:
  package 'spi-builder-workspace' is using Swift tools version 6.2.0 but the installed version is 6.1.0
Command line invocation:
    /Applications/Xcode-16.3.0.app/Contents/Developer/usr/bin/xcodebuild -IDEClonedSourcePackagesDirPathOverride=/Users/admin/builder/spi-builder-workspace/.dependencies -resolvePackageDependencies
Resolve Package Graph
package 'spi-builder-workspace' is using Swift tools version 6.2.0 but the installed version is 6.1.0
Resolved source packages:
  spi-builder-workspace: (null)
2026-06-26 04:33:34.950 xcodebuild[515:2985] Writing error result bundle to /var/folders/5k/5yc19ymj0jqd5v0zvgfqz0xw0000gn/T/ResultBundle_2026-26-06_04-33-0034.xcresult
xcodebuild: error: Could not resolve package dependencies:
  package 'spi-builder-workspace' is using Swift tools version 6.2.0 but the installed version is 6.1.0
BUILD FAILURE 6.1 macosXcodebuild