The Swift Package Index logo.Swift Package Index

Build Information

Failed to build SQLiteVecKit, reference 0.1.1 (07c446), with Swift 6.2 for Wasm on 18 Jul 2026 11:02:47 UTC.

Build Command

bash -c docker run --pull=always --rm -v "checkouts-54344844-0":/host -w "$PWD" -e JAVA_HOME="/root/.sdkman/candidates/java/current" -e SPI_BUILD="1" -e SPI_PROCESSING="1" registry.gitlab.com/saguaro1/spi-images:wasm-6.2-latest swift build --swift-sdk swift-6.2-RELEASE_wasm 2>&1

Build Log

========================================
RunAll
========================================
Builder version: 333316120c8b89ed7d21f1b34865290794301d91
Interrupt handler set up.
========================================
Checkout
========================================
Clone URL: https://github.com/carlosypunto/SQLiteVecKit.git
Reference: 0.1.1
Initialized empty Git repository in /host/spi-builder-workspace/.git/
hint: Using 'master' as the name for the initial branch. This default branch name
hint: is subject to change. To configure the initial branch name to use in all
hint: of your new repositories, which will suppress this warning, call:
hint:
hint: 	git config --global init.defaultBranch <name>
hint:
hint: Names commonly chosen instead of 'master' are 'main', 'trunk' and
hint: 'development'. The just-created branch can be renamed via this command:
hint:
hint: 	git branch -m <name>
From https://github.com/carlosypunto/SQLiteVecKit
 * tag               0.1.1      -> FETCH_HEAD
HEAD is now at 07c4466 docs: expand inline DocC across the public API for 0.1.1
Cloned https://github.com/carlosypunto/SQLiteVecKit.git
Revision (git rev-parse @):
07c446657c25a521ab88475fa1bb899b4d19f5eb
SPI manifest file found: $PWD/.spi.yml
SUCCESS checkout https://github.com/carlosypunto/SQLiteVecKit.git at 0.1.1
========================================
Build
========================================
Selected platform:         wasm
Swift version:             6.2
Building package at path:  $PWD
https://github.com/carlosypunto/SQLiteVecKit.git
Running build ...
bash -c docker run --pull=always --rm -v "checkouts-54344844-0":/host -w "$PWD" -e JAVA_HOME="/root/.sdkman/candidates/java/current" -e SPI_BUILD="1" -e SPI_PROCESSING="1" registry.gitlab.com/saguaro1/spi-images:wasm-6.2-latest swift build --swift-sdk swift-6.2-RELEASE_wasm 2>&1
wasm-6.2-latest: Pulling from saguaro1/spi-images
Digest: sha256:dc8dffc38f1d92eca7ee5312617822470123661393ed20672e77964f9dcaaffb
Status: Image is up to date for registry.gitlab.com/saguaro1/spi-images:wasm-6.2-latest
Building for debugging...
[0/29] Write sources
In file included from /host/spi-builder-workspace/Sources/CSQLiteVec/SQLiteVecBootstrap.c:1:
/host/spi-builder-workspace/Sources/CSQLiteVec/include/SQLiteVecBootstrap.h:3:10: fatal error: 'sqlite3.h' file not found
    3 | #include <sqlite3.h>
      |          ^~~~~~~~~~~
1 error generated.
[7/29] Compiling CSQLiteVec SQLiteVecBootstrap.c
In file included from /host/spi-builder-workspace/Sources/CSQLiteVec/SQLiteVecShim.c:11:
In file included from /host/spi-builder-workspace/Sources/CSQLiteVec/sqlite-vec.c:1:
/host/spi-builder-workspace/Sources/CSQLiteVec/sqlite-vec.h:5:10: fatal error: 'sqlite3ext.h' file not found
    5 | #include "sqlite3ext.h"
      |          ^~~~~~~~~~~~~~
[7/29] Compiling CSQLiteVec SQLiteVecShim.c
[7/29] Write swift-version-24593BA9C3E375BF.txt
BUILD FAILURE 6.2 wasm