The Swift Package Index logo.Swift Package Index

Build Information

Failed to build GoogleCloudKMSInventoryV1, reference 0.5.0 (2b9522), with Swift 6.2 for Android on 12 Oct 2026 03:23:11 UTC.

Build Command

bash -c docker run --pull=always --rm -v "checkouts-54344847-0":/host -w "$PWD" -e JAVA_HOME="/root/.sdkman/candidates/java/current" -e SPI_BUILD="1" -e SPI_PROCESSING="1" registry.gitlab.com/saguaro1/spi-images:android-6.2-latest swift build --swift-sdk aarch64-unknown-linux-android28 2>&1

Build Log

========================================
RunAll
========================================
Builder version: 5.1.1
Interrupt handler set up.
========================================
Checkout
========================================
Clone URL: https://github.com/googleapis/swift-google-cloud-kms-inventory-v1.git
Reference: 0.5.0
Initialized empty Git repository in /host/spi-builder-workspace/.git/
hint: Using 'master' as the name for the initial branch. This default branch name
hint: is subject to change. To configure the initial branch name to use in all
hint: of your new repositories, which will suppress this warning, call:
hint:
hint: 	git config --global init.defaultBranch <name>
hint:
hint: Names commonly chosen instead of 'master' are 'main', 'trunk' and
hint: 'development'. The just-created branch can be renamed via this command:
hint:
hint: 	git branch -m <name>
From https://github.com/googleapis/swift-google-cloud-kms-inventory-v1
 * tag               0.5.0      -> FETCH_HEAD
HEAD is now at 2b9522c chore: release circa 2026-10-07 (#1382)
Cloned https://github.com/googleapis/swift-google-cloud-kms-inventory-v1.git
Revision (git rev-parse @):
2b9522c1df0751f56541705e112fcba122adf85a
SPI manifest file found: $PWD/.spi.yml
SUCCESS checkout https://github.com/googleapis/swift-google-cloud-kms-inventory-v1.git at 0.5.0
========================================
Build
========================================
Selected platform:         android
Swift version:             6.2
Building package at path:  $PWD
https://github.com/googleapis/swift-google-cloud-kms-inventory-v1.git
Running build ...
bash -c docker run --pull=always --rm -v "checkouts-54344847-0":/host -w "$PWD" -e JAVA_HOME="/root/.sdkman/candidates/java/current" -e SPI_BUILD="1" -e SPI_PROCESSING="1" registry.gitlab.com/saguaro1/spi-images:android-6.2-latest swift build --swift-sdk aarch64-unknown-linux-android28 2>&1
android-6.2-latest: Pulling from saguaro1/spi-images
Digest: sha256:a839c9ce201f1dacc8eb056626ec7ab0a1c6d53d7b77c83feda395f4507c51be
Status: Image is up to date for registry.gitlab.com/saguaro1/spi-images:android-6.2-latest
Fetching https://github.com/googleapis/swift-google-wkt
Fetching https://github.com/googleapis/swift-google-gax
Fetching https://github.com/googleapis/swift-google-auth
Fetching https://github.com/googleapis/swift-google-cloud-kms-v1
Fetching https://github.com/apple/swift-log
[1/1023] Fetching swift-google-wkt
[1024/9280] Fetching swift-google-wkt, swift-log
[1107/11819] Fetching swift-google-wkt, swift-log, swift-google-cloud-kms-v1
[1108/12842] Fetching swift-google-wkt, swift-log, swift-google-cloud-kms-v1, swift-google-auth
Fetched https://github.com/googleapis/swift-google-auth from cache (0.49s)
[4560/11819] Fetching swift-google-wkt, swift-log, swift-google-cloud-kms-v1
[5380/13567] Fetching swift-google-wkt, swift-log, swift-google-cloud-kms-v1, swift-google-gax
Fetched https://github.com/googleapis/swift-google-cloud-kms-v1 from cache (0.54s)
[5028/11028] Fetching swift-google-wkt, swift-log, swift-google-gax
Fetched https://github.com/googleapis/swift-google-wkt from cache (0.58s)
Fetched https://github.com/googleapis/swift-google-gax from cache (0.58s)
[3303/8257] Fetching swift-log
Fetched https://github.com/apple/swift-log from cache (0.69s)
Computing version for https://github.com/googleapis/swift-google-wkt
Computed https://github.com/googleapis/swift-google-wkt at 0.5.0 (0.84s)
Fetching https://github.com/swift-extras/swift-extras-base64
[1/954] Fetching swift-extras-base64
Fetched https://github.com/swift-extras/swift-extras-base64 from cache (0.40s)
Computing version for https://github.com/googleapis/swift-google-gax
Computed https://github.com/googleapis/swift-google-gax at 0.5.0 (0.56s)
Fetching https://github.com/swift-server/async-http-client.git
Fetching https://github.com/apple/swift-nio
Fetching https://github.com/googleapis/swift-google-rpc
[1/422] Fetching swift-google-rpc
Fetched https://github.com/googleapis/swift-google-rpc from cache (0.38s)
[1/16464] Fetching async-http-client
[16465/102838] Fetching async-http-client, swift-nio
Fetched https://github.com/swift-server/async-http-client.git from cache (3.49s)
Fetched https://github.com/apple/swift-nio from cache (3.52s)
Computing version for https://github.com/googleapis/swift-google-cloud-kms-v1
Computed https://github.com/googleapis/swift-google-cloud-kms-v1 at 0.5.0 (3.68s)
Fetching https://github.com/googleapis/swift-google-iam-v1
Fetching https://github.com/googleapis/swift-google-longrunning
Fetching https://github.com/googleapis/swift-google-cloud-location
[1/706] Fetching swift-google-iam-v1
[51/1325] Fetching swift-google-iam-v1, swift-google-longrunning
[91/1877] Fetching swift-google-iam-v1, swift-google-longrunning, swift-google-cloud-location
Fetched https://github.com/googleapis/swift-google-iam-v1 from cache (0.37s)
Fetched https://github.com/googleapis/swift-google-cloud-location from cache (0.37s)
Fetched https://github.com/googleapis/swift-google-longrunning from cache (0.37s)
Computing version for https://github.com/googleapis/swift-google-auth
Computed https://github.com/googleapis/swift-google-auth at 0.5.0 (0.52s)
Fetching https://github.com/apple/swift-system.git
Fetching https://github.com/vapor/jwt-kit.git
[1/7241] Fetching swift-system
Fetched https://github.com/apple/swift-system.git from cache (0.64s)
[1/10254] Fetching jwt-kit
Fetched https://github.com/vapor/jwt-kit.git from cache (1.23s)
Computing version for https://github.com/googleapis/swift-google-rpc
Computed https://github.com/googleapis/swift-google-rpc at 0.5.0 (1.38s)
Computing version for https://github.com/googleapis/swift-google-longrunning
Computed https://github.com/googleapis/swift-google-longrunning at 0.5.0 (0.15s)
Computing version for https://github.com/googleapis/swift-google-iam-v1
Computed https://github.com/googleapis/swift-google-iam-v1 at 0.5.0 (0.15s)
Fetching https://github.com/googleapis/swift-google-type
[1/437] Fetching swift-google-type
Fetched https://github.com/googleapis/swift-google-type from cache (0.40s)
Computing version for https://github.com/googleapis/swift-google-cloud-location
Computed https://github.com/googleapis/swift-google-cloud-location at 0.5.0 (0.55s)
Computing version for https://github.com/googleapis/swift-google-type
Computed https://github.com/googleapis/swift-google-type at 0.5.0 (0.14s)
Computing version for https://github.com/swift-extras/swift-extras-base64
Computed https://github.com/swift-extras/swift-extras-base64 at 1.2.0 (0.13s)
Computing version for https://github.com/swift-server/async-http-client.git
Computed https://github.com/swift-server/async-http-client.git at 1.36.2 (0.17s)
Fetching https://github.com/apple/swift-atomics.git
Fetching https://github.com/apple/swift-nio-ssl.git
Fetching https://github.com/apple/swift-distributed-tracing.git
Fetching https://github.com/apple/swift-nio-transport-services.git
Fetching https://github.com/apple/swift-service-context.git
Fetching https://github.com/apple/swift-configuration.git
[1/2867] Fetching swift-nio-transport-services
[145/4368] Fetching swift-nio-transport-services, swift-service-context
[4054/8296] Fetching swift-nio-transport-services, swift-service-context, swift-configuration
[4487/25176] Fetching swift-nio-transport-services, swift-service-context, swift-configuration, swift-nio-ssl
[4685/31727] Fetching swift-nio-transport-services, swift-service-context, swift-configuration, swift-nio-ssl, swift-distributed-tracing
[5079/33616] Fetching swift-nio-transport-services, swift-service-context, swift-configuration, swift-nio-ssl, swift-distributed-tracing, swift-atomics
Fetched https://github.com/apple/swift-service-context.git from cache (0.52s)
[12487/32115] Fetching swift-nio-transport-services, swift-configuration, swift-nio-ssl, swift-distributed-tracing, swift-atomics
Fetched https://github.com/apple/swift-nio-transport-services.git from cache (0.52s)
[9685/29248] Fetching swift-configuration, swift-nio-ssl, swift-distributed-tracing, swift-atomics
Fetched https://github.com/apple/swift-configuration.git from cache (0.52s)
[6085/25320] Fetching swift-nio-ssl, swift-distributed-tracing, swift-atomics
Fetching https://github.com/apple/swift-nio-extras.git
Fetching https://github.com/apple/swift-algorithms.git
Fetching https://github.com/apple/swift-nio-http2.git
[25321/31484] Fetching swift-nio-ssl, swift-distributed-tracing, swift-atomics, swift-algorithms
[25322/38188] Fetching swift-nio-ssl, swift-distributed-tracing, swift-atomics, swift-algorithms, swift-nio-extras
[38189/50482] Fetching swift-nio-ssl, swift-distributed-tracing, swift-atomics, swift-algorithms, swift-nio-extras, swift-nio-http2
Fetched https://github.com/apple/swift-algorithms.git from cache (0.55s)
[33623/44318] Fetching swift-nio-ssl, swift-distributed-tracing, swift-atomics, swift-nio-extras, swift-nio-http2
Fetched https://github.com/apple/swift-nio-extras.git from cache (0.57s)
[27779/37614] Fetching swift-nio-ssl, swift-distributed-tracing, swift-atomics, swift-nio-http2
Fetched https://github.com/apple/swift-atomics.git from cache (1.23s)
[35357/35725] Fetching swift-nio-ssl, swift-distributed-tracing, swift-nio-http2
Fetched https://github.com/apple/swift-distributed-tracing.git from cache (1.23s)
[28929/29174] Fetching swift-nio-ssl, swift-nio-http2
Fetched https://github.com/apple/swift-nio-ssl.git from cache (1.24s)
[12294/12294] Fetching swift-nio-http2
Fetched https://github.com/apple/swift-nio-http2.git from cache (0.94s)
Computing version for https://github.com/apple/swift-service-context.git
Computed https://github.com/apple/swift-service-context.git at 1.3.0 (1.62s)
Computing version for https://github.com/apple/swift-algorithms.git
Computed https://github.com/apple/swift-algorithms.git at 1.2.1 (0.89s)
Fetching https://github.com/apple/swift-numerics.git
[1/6742] Fetching swift-numerics
Fetched https://github.com/apple/swift-numerics.git from cache (0.51s)
Computing version for https://github.com/apple/swift-log
Computed https://github.com/apple/swift-log at 1.16.1 (0.68s)
Computing version for https://github.com/apple/swift-distributed-tracing.git
Computed https://github.com/apple/swift-distributed-tracing.git at 1.5.0 (0.15s)
Computing version for https://github.com/apple/swift-atomics.git
Computed https://github.com/apple/swift-atomics.git at 1.3.1 (0.14s)
Computing version for https://github.com/apple/swift-numerics.git
Computed https://github.com/apple/swift-numerics.git at 1.1.1 (0.14s)
Computing version for https://github.com/apple/swift-nio
Computed https://github.com/apple/swift-nio at 2.104.0 (0.35s)
Fetching https://github.com/apple/swift-collections.git
[1/28703] Fetching swift-collections
Fetched https://github.com/apple/swift-collections.git from cache (1.21s)
Computing version for https://github.com/apple/swift-configuration.git
Computed https://github.com/apple/swift-configuration.git at 1.2.2 (2.01s)
Fetching https://github.com/swift-server/swift-service-lifecycle
[1/2867] Fetching swift-service-lifecycle
Fetched https://github.com/swift-server/swift-service-lifecycle from cache (0.46s)
Computing version for https://github.com/apple/swift-nio-transport-services.git
Computed https://github.com/apple/swift-nio-transport-services.git at 1.28.0 (0.62s)
Computing version for https://github.com/swift-server/swift-service-lifecycle
Computed https://github.com/swift-server/swift-service-lifecycle at 2.12.1 (0.14s)
Fetching https://github.com/apple/swift-async-algorithms.git
[1/6820] Fetching swift-async-algorithms
Fetched https://github.com/apple/swift-async-algorithms.git from cache (0.57s)
Computing version for https://github.com/apple/swift-async-algorithms.git
Computed https://github.com/apple/swift-async-algorithms.git at 1.1.7 (0.78s)
Computing version for https://github.com/apple/swift-collections.git
Computed https://github.com/apple/swift-collections.git at 1.7.2 (0.23s)
Computing version for https://github.com/apple/swift-nio-http2.git
Computed https://github.com/apple/swift-nio-http2.git at 1.46.0 (0.15s)
Computing version for https://github.com/vapor/jwt-kit.git
Computed https://github.com/vapor/jwt-kit.git at 5.7.1 (0.13s)
Fetching https://github.com/apple/swift-certificates.git
Fetching https://github.com/apple/swift-crypto.git
[1/18629] Fetching swift-crypto
[2/26242] Fetching swift-crypto, swift-certificates
Fetched https://github.com/apple/swift-certificates.git from cache (1.19s)
Fetched https://github.com/apple/swift-crypto.git from cache (1.20s)
Computing version for https://github.com/apple/swift-crypto.git
Computed https://github.com/apple/swift-crypto.git at 4.5.2 (1.80s)
Fetching https://github.com/apple/swift-asn1.git
[1/2009] Fetching swift-asn1
Fetched https://github.com/apple/swift-asn1.git from cache (1.47s)
Computing version for https://github.com/apple/swift-asn1.git
Computed https://github.com/apple/swift-asn1.git at 1.7.3 (1.65s)
Computing version for https://github.com/apple/swift-certificates.git
Computed https://github.com/apple/swift-certificates.git at 1.21.0 (0.20s)
Computing version for https://github.com/apple/swift-nio-ssl.git
Computed https://github.com/apple/swift-nio-ssl.git at 2.37.5 (0.18s)
Computing version for https://github.com/apple/swift-system.git
Computed https://github.com/apple/swift-system.git at 1.8.1 (0.17s)
Computing version for https://github.com/apple/swift-nio-extras.git
Computed https://github.com/apple/swift-nio-extras.git at 1.35.1 (0.26s)
Fetching https://github.com/apple/swift-http-types.git
Fetching https://github.com/apple/swift-http-structured-headers.git
[1/1253] Fetching swift-http-structured-headers
[854/3192] Fetching swift-http-structured-headers, swift-http-types
Fetched https://github.com/apple/swift-http-structured-headers.git from cache (0.42s)
[156/1939] Fetching swift-http-types
Fetched https://github.com/apple/swift-http-types.git from cache (0.46s)
Computing version for https://github.com/apple/swift-http-structured-headers.git
Computed https://github.com/apple/swift-http-structured-headers.git at 1.7.0 (0.61s)
Computing version for https://github.com/apple/swift-http-types.git
Computed https://github.com/apple/swift-http-types.git at 1.8.0 (0.16s)
Creating working copy for https://github.com/apple/swift-numerics.git
Working copy of https://github.com/apple/swift-numerics.git resolved at 1.1.1
Creating working copy for https://github.com/apple/swift-nio
Working copy of https://github.com/apple/swift-nio resolved at 2.104.0
Creating working copy for https://github.com/vapor/jwt-kit.git
Working copy of https://github.com/vapor/jwt-kit.git resolved at 5.7.1
Creating working copy for https://github.com/swift-extras/swift-extras-base64
Working copy of https://github.com/swift-extras/swift-extras-base64 resolved at 1.2.0
Creating working copy for https://github.com/googleapis/swift-google-iam-v1
Working copy of https://github.com/googleapis/swift-google-iam-v1 resolved at 0.5.0
Creating working copy for https://github.com/apple/swift-crypto.git
Working copy of https://github.com/apple/swift-crypto.git resolved at 4.5.2
Creating working copy for https://github.com/apple/swift-algorithms.git
Working copy of https://github.com/apple/swift-algorithms.git resolved at 1.2.1
Creating working copy for https://github.com/googleapis/swift-google-longrunning
Working copy of https://github.com/googleapis/swift-google-longrunning resolved at 0.5.0
Creating working copy for https://github.com/apple/swift-log
Working copy of https://github.com/apple/swift-log resolved at 1.16.1
Creating working copy for https://github.com/swift-server/swift-service-lifecycle
Working copy of https://github.com/swift-server/swift-service-lifecycle resolved at 2.12.1
Creating working copy for https://github.com/googleapis/swift-google-gax
Working copy of https://github.com/googleapis/swift-google-gax resolved at 0.5.0
Creating working copy for https://github.com/apple/swift-async-algorithms.git
Working copy of https://github.com/apple/swift-async-algorithms.git resolved at 1.1.7
Creating working copy for https://github.com/googleapis/swift-google-type
Working copy of https://github.com/googleapis/swift-google-type resolved at 0.5.0
Creating working copy for https://github.com/apple/swift-nio-extras.git
Working copy of https://github.com/apple/swift-nio-extras.git resolved at 1.35.1
Creating working copy for https://github.com/apple/swift-nio-http2.git
Working copy of https://github.com/apple/swift-nio-http2.git resolved at 1.46.0
Creating working copy for https://github.com/apple/swift-nio-ssl.git
Working copy of https://github.com/apple/swift-nio-ssl.git resolved at 2.37.5
Creating working copy for https://github.com/apple/swift-atomics.git
Working copy of https://github.com/apple/swift-atomics.git resolved at 1.3.1
Creating working copy for https://github.com/apple/swift-certificates.git
Working copy of https://github.com/apple/swift-certificates.git resolved at 1.21.0
Creating working copy for https://github.com/apple/swift-service-context.git
Working copy of https://github.com/apple/swift-service-context.git resolved at 1.3.0
Creating working copy for https://github.com/googleapis/swift-google-cloud-location
Working copy of https://github.com/googleapis/swift-google-cloud-location resolved at 0.5.0
Creating working copy for https://github.com/apple/swift-collections.git
Working copy of https://github.com/apple/swift-collections.git resolved at 1.7.2
Creating working copy for https://github.com/apple/swift-distributed-tracing.git
Working copy of https://github.com/apple/swift-distributed-tracing.git resolved at 1.5.0
Creating working copy for https://github.com/googleapis/swift-google-wkt
Working copy of https://github.com/googleapis/swift-google-wkt resolved at 0.5.0
Creating working copy for https://github.com/apple/swift-asn1.git
Working copy of https://github.com/apple/swift-asn1.git resolved at 1.7.3
Creating working copy for https://github.com/apple/swift-http-types.git
Working copy of https://github.com/apple/swift-http-types.git resolved at 1.8.0
Creating working copy for https://github.com/googleapis/swift-google-rpc
Working copy of https://github.com/googleapis/swift-google-rpc resolved at 0.5.0
Creating working copy for https://github.com/apple/swift-system.git
Working copy of https://github.com/apple/swift-system.git resolved at 1.8.1
Creating working copy for https://github.com/apple/swift-http-structured-headers.git
Working copy of https://github.com/apple/swift-http-structured-headers.git resolved at 1.7.0
Creating working copy for https://github.com/swift-server/async-http-client.git
Working copy of https://github.com/swift-server/async-http-client.git resolved at 1.36.2
Creating working copy for https://github.com/apple/swift-nio-transport-services.git
Working copy of https://github.com/apple/swift-nio-transport-services.git resolved at 1.28.0
Creating working copy for https://github.com/googleapis/swift-google-auth
Working copy of https://github.com/googleapis/swift-google-auth resolved at 0.5.0
Creating working copy for https://github.com/googleapis/swift-google-cloud-kms-v1
Working copy of https://github.com/googleapis/swift-google-cloud-kms-v1 resolved at 0.5.0
Creating working copy for https://github.com/apple/swift-configuration.git
Working copy of https://github.com/apple/swift-configuration.git resolved at 1.2.2
Building for debugging...
[0/916] Write sources
[11/916] Compiling a_i2d_fp.cc
[12/916] Compiling a_octet.cc
[12/916] Write sources
[12/916] Compiling a_gentm.cc
[12/916] Write sources
[53/916] Compiling _NumericsShims _NumericsShims.c
[54/916] Compiling _AtomicsShims.c
[55/916] Compiling CXKCPShims shims.c
[56/916] Compiling SimpleFIPS202.c
[57/916] Compiling KeccakSponge.c
[58/916] Compiling KeccakHash.c
[59/916] Compiling CNIOWindows shim.c
[60/916] Compiling CNIOWindows WSAStartup.c
[61/916] Compiling CSystem shims.c
[62/916] Compiling CNIOWASI CNIOWASI.c
[63/916] Compiling CNIOOpenBSD shim.c
[64/916] Compiling CNIOPosix event_loop_id.c
[65/916] Compiling CNIOLinux liburing_shims.c
[66/916] Compiling a_object.cc
[67/916] Compiling a_strex.cc
[68/916] Compiling CNIOLinux shim.c
[69/916] Compiling CNIOLLHTTP c_nio_http.c
[70/916] Compiling a_mbstr.cc
[71/916] Compiling CNIOFreeBSD shim.c
[71/916] Write swift-version--11D90AFD9DD3AB2.txt
[73/916] Compiling CNIOLLHTTP c_nio_api.c
[74/916] Compiling a_int.cc
[75/916] Compiling CNIOExtrasZlib zutil.c
[76/916] Compiling CNIOExtrasZlib inftrees.c
[77/922] Compiling CNIOExtrasZlib trees.c
[78/935] Compiling CNIOExtrasZlib inflate.c
[79/981] Compiling CNIOLLHTTP c_nio_llhttp.c
[80/981] Compiling KeccakP-1600-opt64.c
[82/1001] Emitting module _CertificateInternals
[83/1003] Emitting module _NIOBase64
[84/1003] Emitting module _NIODataStructures
[85/1003] Emitting module Logging
[86/1004] Emitting module SystemPackage
[87/1009] Compiling Logging Locks.swift
[88/1009] Compiling SwiftASN1 GeneralizedTime.swift
[89/1011] Compiling Logging LogEvent.swift
[90/1011] Compiling Logging LogHandler.swift
[91/1011] Compiling Logging MultiplexLogHandler.swift
[92/1011] Compiling ServiceContextModule ServiceContextKey.swift
[93/1011] Compiling SystemPackage SystemString.swift
[94/1011] Compiling SystemPackage Util+StringArray.swift
[95/1011] Compiling SystemPackage Util.swift
[96/1011] Compiling SystemPackage UtilConsumers.swift
[97/1011] Compiling SystemPackage WinSDK+Overlay.swift
[98/1011] Compiling RealModule Float16+Real.swift
[99/1012] Compiling SwiftASN1 ASN1Integer.swift
[100/1012] Compiling SwiftASN1 ASN1Null.swift
[101/1012] Compiling Logging StreamLogHandler.swift
[102/1012] Compiling Logging SwiftLogNoOpLogHandler.swift
[103/1012] Compiling _NIODataStructures PriorityQueue.swift
[104/1012] Compiling SwiftASN1 TimeUtilities.swift
[105/1012] Compiling SwiftASN1 UTCTime.swift
[106/1012] Compiling RealModule RelaxedArithmetic.swift
[113/1012] Compiling SwiftASN1 ASN1.swift
[114/1012] Compiling Logging Logger+With.swift
[115/1012] Compiling _NIOBase64 Base64.swift
[119/1013] Emitting module RealModule
[124/1013] Compiling _CertificateInternals _TinyArray.swift
[125/1013] Compiling Logging Logger+Attributes.swift
[127/1042] Compiling _NIODataStructures Heap.swift
[128/1042] Compiling Logging Logger.swift
[129/1042] Compiling Logging LoggingSystem.swift
[130/1042] Compiling InternalCollectionsUtilities Iterable+Equality.swift
[131/1042] Compiling InternalCollectionsUtilities LifetimeOverride.swift
[132/1042] Compiling InternalCollectionsUtilities MutableRef.swift
[133/1042] Compiling _NIODataStructures _TinyArray.swift
[134/1048] Compiling ServiceContextModule ServiceContext.swift
[135/1048] Emitting module ServiceContextModule
[136/1049] Compiling RealModule Real.swift
[137/1049] Compiling RealModule Float80+Real.swift
[138/1049] Compiling RealModule RealFunctions.swift
[141/1050] Wrapping AST for _NIOBase64 for debugging
[142/1056] Wrapping AST for _NIODataStructures for debugging
[143/1056] Wrapping AST for _CertificateInternals for debugging
[145/1056] Compiling InternalCollectionsUtilities UnsafeMutablePointer+Extras.swift
[146/1056] Compiling InternalCollectionsUtilities UnsafeMutableRawBufferPointer+Extras.swift
[147/1056] Compiling InternalCollectionsUtilities UnsafePointer+Extras.swift
[147/1059] Wrapping AST for ServiceContextModule for debugging
[148/1059] Wrapping AST for RealModule for debugging
[149/1059] Compiling CNIOExtrasZlib inffast.c
[151/1059] Compiling Instrumentation NoOpInstrument.swift
[152/1059] Compiling InternalCollectionsUtilities UnsafeRawBufferPointer+Extras.swift
[153/1059] Compiling InternalCollectionsUtilities _SortedCollection.swift
[154/1059] Compiling InternalCollectionsUtilities _UniqueCollection.swift
[155/1059] Compiling Instrumentation MultiplexInstrument.swift
[155/1059] Compiling CNIOExtrasZlib crc32.c
[156/1059] Compiling CNIOExtrasZlib deflate.c
[157/1059] Compiling CNIODarwin shim.c
[158/1059] Compiling CNIOExtrasZlib adler32.c
[159/1059] Compiling fiat_p256_adx_sqr.S
[160/1059] Compiling fiat_p256_adx_mul.S
[161/1059] Compiling fiat_curve25519_adx_square.S
[163/1059] Compiling InternalCollectionsUtilities Strideable+LimitHelpers.swift
[164/1059] Compiling InternalCollectionsUtilities String+Padding.swift
[165/1059] Compiling InternalCollectionsUtilities TemporaryAllocation.swift
[166/1059] Compiling InternalCollectionsUtilities _UnsafeBitSet+Index.swift
[166/1059] Compiling fiat_curve25519_adx_mul.S
[167/1059] Compiling CNIOBoringSSLShims shims.c
[169/1059] Compiling InternalCollectionsUtilities MutableSpan+Extras.swift
[170/1059] Compiling InternalCollectionsUtilities OutputSpan+Extras.swift
[171/1059] Compiling InternalCollectionsUtilities RandomAccessCollection+Offsets.swift
[172/1059] Compiling InternalCollectionsUtilities Span+Extras.swift
[173/1059] Compiling InternalCollectionsUtilities Iterable+CopyContents.swift
[179/1059] Compiling InternalCollectionsUtilities BorrowingIteratorProtocol+Equality.swift
[180/1059] Compiling InternalCollectionsUtilities BorrowingIteratorProtocol+Extras.swift
[181/1059] Compiling InternalCollectionsUtilities Debugging.swift
[182/1059] Compiling InternalCollectionsUtilities Descriptions.swift
[183/1059] Emitting module InternalCollectionsUtilities
[184/1059] Compiling InternalCollectionsUtilities FixedWidthInteger+roundUpToPowerOfTwo.swift
[185/1059] Compiling InternalCollectionsUtilities Integer rank.swift
[186/1059] Compiling InternalCollectionsUtilities UInt+first and last set bit.swift
[187/1059] Compiling InternalCollectionsUtilities UInt+reversed.swift
[188/1059] Compiling InternalCollectionsUtilities _UnsafeBitSet+_Word.swift
[189/1059] Compiling InternalCollectionsUtilities _UnsafeBitSet.swift
[190/1059] Compiling InternalCollectionsUtilities UnsafeBufferPointer+Extras.swift
[191/1059] Compiling InternalCollectionsUtilities UnsafeMutableBufferPointer+Extras.swift
[193/1060] Compiling ExtrasBase64 Base32+Span.swift
[194/1060] Compiling ExtrasBase64 Base32.swift
[195/1060] Emitting module SwiftASN1
[197/1060] Compiling Instrumentation InstrumentationSystem.swift
[201/1060] Emitting module Instrumentation
[203/1060] Compiling Instrumentation Locks.swift
[204/1060] Compiling Instrumentation Instrument.swift
[209/1061] Compiling SystemPackage PlatformString.swift
[227/1061] Compiling SystemPackage Backcompat.swift
[228/1061] Compiling SystemPackage CInterop.swift
[229/1061] Compiling SystemPackage Constants.swift
[230/1061] Compiling SystemPackage Exports.swift
[231/1061] Compiling SystemPackage Mocking.swift
[234/1061] Compiling Logging MetadataProvider.swift
[238/1067] Emitting module SpanPreview
[239/1067] Compiling SpanPreview OutputSpan+InputSpanHelpers.swift
[240/1067] Compiling SpanPreview MutableSpan+InputSpanHelpers.swift
[241/1067] Compiling SpanPreview InputSpan.swift
[243/1068] Compiling tls_method.cc
[244/1074] Wrapping AST for SystemPackage for debugging
[245/1076] Wrapping AST for Logging for debugging
[246/1076] Wrapping AST for InternalCollectionsUtilities for debugging
[247/1076] Wrapping AST for SpanPreview for debugging
[248/1076] Wrapping AST for Instrumentation for debugging
[250/1118] Compiling DequeModule RigidDeque+Append.swift
[251/1118] Compiling DequeModule RigidDeque+Consumption.swift
[251/1118] Compiling tls_record.cc
[254/1119] Compiling Tracing NoOpTracer.swift
[255/1119] Compiling Tracing InstrumentationSystem+Tracing.swift
[256/1120] Emitting module Tracing
[257/1120] Compiling Tracing TracingTime.swift
[258/1120] Compiling DequeModule UniqueDeque+Consumption.swift
[259/1120] Compiling DequeModule UniqueDeque+ContainerOperations.swift
[260/1120] Compiling DequeModule UniqueDeque+Deprecations.swift
[261/1120] Compiling DequeModule UniqueDeque+Descriptions.swift
[262/1120] Compiling DequeModule UniqueDeque+Equatable.swift
[263/1120] Compiling DequeModule UniqueDeque+Hashable.swift
[264/1125] Compiling Tracing TracerProtocol.swift
[265/1125] Compiling Tracing WithTracer.swift
[266/1125] Compiling Tracing Tracer.swift
[267/1125] Compiling Tracing SpanProtocol.swift
[268/1125] Compiling Tracing TracerProtocol+Legacy.swift
[269/1126] Compiling DequeModule UniqueDeque+Initializers.swift
[270/1126] Compiling DequeModule UniqueDeque+Insertions.swift
[271/1126] Compiling DequeModule UniqueDeque+Iterable.swift
[272/1126] Compiling DequeModule UniqueDeque+Prepend.swift
[273/1126] Compiling DequeModule UniqueDeque+Removals.swift
[274/1126] Wrapping AST for SwiftASN1 for debugging
[275/1126] Wrapping AST for Tracing for debugging
[277/1126] Compiling DequeModule RigidDeque+Descriptions.swift
[278/1126] Compiling DequeModule RigidDeque+Equatable.swift
[279/1126] Compiling DequeModule RigidDeque+Hashable.swift
[280/1126] Compiling DequeModule RigidDeque+Initializers.swift
[281/1126] Compiling DequeModule RigidDeque+Insertions.swift
[282/1126] Compiling DequeModule RigidDeque+Iterable.swift
[283/1126] Compiling DequeModule RigidDeque+Prepend.swift
[284/1126] Compiling DequeModule RigidDeque+Removals.swift
[285/1126] Compiling DequeModule RigidDeque+Replacements.swift
[286/1126] Compiling DequeModule RigidDeque+Testing.swift
[287/1126] Compiling DequeModule RigidDeque.swift
[288/1126] Compiling DequeModule UniqueDeque+Append.swift
[289/1126] Compiling DequeModule _DequeBuffer.swift
[290/1126] Compiling DequeModule _DequeBufferHeader.swift
[293/1126] Compiling DequeModule RigidDeque+ContainerOperations.swift
[294/1126] Compiling DequeModule RigidDeque+Deprecations.swift
[294/1126] Compiling tls13_server.cc
[296/1126] Compiling DequeModule Deque+Codable.swift
[297/1126] Compiling DequeModule Deque+Collection.swift
[298/1126] Compiling DequeModule Deque+CustomReflectable.swift
[299/1126] Compiling DequeModule Deque+Descriptions.swift
[300/1126] Compiling DequeModule Deque+Equatable.swift
[301/1126] Compiling DequeModule Deque+ExpressibleByArrayLiteral.swift
[301/1126] Compiling tls13_both.cc
[302/1126] Compiling tls13_enc.cc
[303/1126] Compiling tls13_client.cc
[304/1126] Compiling t1_enc.cc
[306/1126] Compiling DequeModule Deque+Extras.swift
[307/1126] Compiling DequeModule Deque+Hashable.swift
[308/1126] Compiling DequeModule Deque+Testing.swift
[309/1126] Compiling DequeModule Deque._Storage.swift
[310/1126] Compiling DequeModule Deque._UnsafeHandle.swift
[311/1126] Compiling DequeModule Deque.swift
[311/1126] Compiling ssl_x509.cc
[312/1126] Compiling ssl_versions.cc
[313/1126] Compiling ssl_transcript.cc
[314/1126] Compiling ssl_stat.cc
[315/1126] Compiling ssl_session.cc
[317/1126] Compiling DequeModule UniqueDeque+Replacements.swift
[318/1126] Compiling DequeModule UniqueDeque.swift
[319/1126] Compiling DequeModule _DequeSlot.swift
[320/1126] Compiling DequeModule _UnsafeDequeHandle.swift
[321/1126] Compiling DequeModule _UnsafeDequeSegments.swift
[321/1126] Compiling ssl_privkey.cc
[323/1126] Emitting module DequeModule
[325/1170] Compiling Configuration Deprecations.swift
[326/1170] Compiling Configuration ExpressibleByConfigInt.swift
[327/1170] Compiling Configuration ExpressibleByConfigString.swift
[328/1170] Compiling Configuration CLIKeyEncoder.swift
[329/1170] Compiling Configuration ConfigKeyEncoder.swift
[330/1170] Compiling Configuration DotSeparatorKeyDecoder.swift
[331/1175] Compiling Configuration JSONSnapshot.swift
[332/1175] Compiling Configuration PropertyListSnapshot.swift
[333/1175] Compiling Configuration ReloadingFileProvider.swift
[334/1175] Compiling Configuration ReloadingFileProviderMetrics.swift
[335/1175] Compiling Configuration YAMLSnapshot.swift
[336/1175] Compiling Configuration InMemoryProvider.swift
[337/1175] Emitting module ExtrasBase64
[337/1175] Compiling ssl_file.cc
[338/1175] Wrapping AST for DequeModule for debugging
[339/1175] Compiling ssl_lib.cc
[339/1175] Compiling ssl_key_share.cc
[341/1175] Compiling ssl_credential.cc
[342/1175] Compiling ssl_cipher.cc
[344/1175] Compiling ExtrasBase64 Base64+Span.swift
[345/1175] Compiling ExtrasBase64 Base64.swift
[346/1176] Compiling ssl_cert.cc
[348/1207] Compiling Configuration EnvironmentKeyEncoder.swift
[349/1207] Compiling Configuration EnvironmentVariablesProvider.swift
[350/1207] Compiling Configuration CommonProviderFileSystem.swift
[351/1207] Compiling Configuration DirectoryFilesProvider.swift
[352/1207] Compiling Configuration FileProvider.swift
[353/1207] Compiling Configuration FileProviderSnapshot.swift
[353/1207] Compiling ssl_asn1.cc
[354/1207] Wrapping AST for ExtrasBase64 for debugging
[355/1207] Compiling s3_pkt.cc
[356/1207] Compiling ssl_buffer.cc
[357/1207] Compiling s3_lib.cc
[358/1207] Compiling ssl_aead_ctx.cc
[359/1207] Compiling s3_both.cc
[361/1207] Emitting module GoogleWKT
[362/1211] Compiling GoogleWKT WKTStringValue.swift
[363/1211] Compiling GoogleWKT WKTTimestamp.swift
[364/1211] Compiling GoogleWKT WKTUInt32Value.swift
[365/1211] Compiling GoogleWKT WKTUInt64Value.swift
[366/1211] Compiling GoogleWKT WKTFloatValue.swift
[367/1211] Compiling GoogleWKT WKTInt32Value.swift
[368/1211] Compiling GoogleWKT WKTInt64Value.swift
[369/1211] Compiling GoogleWKT WKTRecursive.swift
[370/1211] Compiling GoogleWKT WKTField.swift
[371/1211] Compiling GoogleWKT WKTMethod.swift
[372/1211] Compiling GoogleWKT WKTMixin.swift
[373/1211] Compiling GoogleWKT WKTOption.swift
[374/1211] Compiling GoogleWKT WKTValue.swift
[375/1211] Compiling GoogleWKT WKTApi.swift
[376/1211] Compiling GoogleWKT WKTEnum.swift
[377/1211] Compiling GoogleWKT WKTEnumValue.swift
[378/1211] Compiling GoogleWKT UnknownFields.swift
[379/1211] Compiling GoogleWKT WKTAny.swift
[380/1211] Compiling GoogleWKT WKTAnyError.swift
[381/1211] Compiling GoogleWKT WKTBoolValue.swift
[382/1211] Compiling GoogleWKT WKTBytesValue.swift
[383/1211] Compiling GoogleWKT WKTDoubleValue.swift
[384/1211] Compiling GoogleWKT WKTDuration.swift
[385/1211] Compiling GoogleWKT WKTEmpty.swift
[386/1211] Compiling GoogleWKT WKTFieldMask.swift
[393/1211] Compiling Configuration MutableInMemoryProvider.swift
[394/1211] Compiling Configuration ConfigProvider+Operators.swift
[395/1211] Compiling Configuration KeyMappingProvider.swift
[396/1211] Compiling Configuration SecretsSpecifier.swift
[397/1211] Compiling Configuration AsyncCombineLatestManySequence.swift
[398/1211] Compiling Configuration CombineLatestManyStateMachine.swift
[399/1211] Emitting module Configuration
[400/1211] Compiling GoogleWKT AnyPackable.swift
[401/1211] Compiling GoogleWKT DecodeToDefault.swift
[402/1211] Compiling GoogleWKT DiscoveryBase64.swift
[403/1211] Compiling GoogleWKT ProtoJSONDecoder.swift
[404/1211] Compiling GoogleWKT ProtoJSONEncoder.swift
[406/1211] Compiling Configuration CombineLatestManyStorage.swift
[407/1211] Compiling Configuration AsyncSequences.swift
[408/1211] Compiling Configuration FoundationExtensions.swift
[409/1211] Compiling Configuration Span.swift
[410/1211] Compiling Configuration ConfigBytesFromStringDecoder.swift
[410/1211] Compiling handoff.cc
[417/1211] Compiling GoogleWKT WKTSourceContext.swift
[418/1211] Compiling GoogleWKT WKTSyntax.swift
[419/1211] Compiling GoogleWKT WKTType.swift
[420/1211] Compiling GoogleWKT PackageVersion.swift
[421/1212] Compiling handshake.cc
[422/1230] Compiling handshake_server.cc
[423/1230] Compiling handshake_client.cc
[423/1230] Compiling encrypted_client_hello.cc
[425/1230] Wrapping AST for GoogleWKT for debugging
[427/1245] Emitting module GoogleType
[428/1247] Compiling GoogleRpc LocalizedMessage.swift
[429/1247] Compiling GoogleRpc PackageVersion.swift
[429/1249] Compiling extensions.cc
[431/1249] Compiling GoogleRpc HttpHeader.swift
[432/1249] Compiling GoogleRpc RequestInfo.swift
[433/1249] Emitting module GoogleRpc
[434/1249] Compiling GoogleRpc HttpRequest.swift
[435/1249] Compiling GoogleRpc HttpResponse.swift
[436/1249] Compiling GoogleRpc Status.swift
[437/1249] Compiling GoogleType LocalizedText.swift
[438/1249] Compiling GoogleRpc QuotaFailure.swift
[439/1249] Compiling GoogleRpc RetryInfo.swift
[440/1249] Compiling GoogleRpc ResourceInfo.swift
[441/1249] Compiling GoogleRpc PreconditionFailure.swift
[442/1249] Compiling GoogleRpc BadRequest.swift
[443/1249] Compiling GoogleRpc Code.swift
[444/1249] Compiling GoogleRpc DebugInfo.swift
[450/1249] Compiling GoogleRpc ErrorInfo.swift
[451/1249] Compiling GoogleRpc Help.swift
[463/1250] Compiling GoogleType TimeOfDay.swift
[464/1250] Compiling GoogleType TimeZone.swift
[466/1251] Wrapping AST for GoogleRpc for debugging
[467/1251] Compiling dtls_record.cc
[468/1251] Wrapping AST for GoogleType for debugging
[469/1251] Compiling dtls_method.cc
[470/1251] Compiling md5-x86_64-linux.S
[477/1252] Compiling md5-x86_64-apple.S
[478/1252] Compiling md5-586-linux.S
[480/1252] Compiling md5-586-apple.S
[481/1252] Compiling chacha20_poly1305_x86_64-linux.S
[482/1252] Compiling chacha20_poly1305_x86_64-apple.S
[483/1252] Compiling chacha20_poly1305_armv8-win.S
[484/1252] Wrapping AST for Configuration for debugging
[485/1252] Compiling chacha20_poly1305_armv8-apple.S
[486/1252] Compiling d1_pkt.cc
[487/1252] Compiling chacha20_poly1305_armv8-linux.S
[488/1252] Compiling chacha-x86_64-linux.S
[489/1252] Compiling chacha-x86_64-apple.S
[490/1252] Compiling chacha-x86-linux.S
[491/1252] Compiling chacha-x86-apple.S
[492/1252] Compiling chacha-armv8-win.S
[493/1252] Compiling chacha-armv8-apple.S
[494/1252] Compiling chacha-armv4-linux.S
[495/1252] Compiling chacha-armv8-linux.S
[496/1252] Compiling d1_srtp.cc
[497/1252] Compiling aes128gcmsiv-x86_64-linux.S
[498/1252] Compiling aes128gcmsiv-x86_64-apple.S
[499/1252] Compiling x86_64-mont5-linux.S
[500/1252] Compiling x86_64-mont5-apple.S
[501/1252] Compiling x86_64-mont-linux.S
[502/1252] Compiling x86_64-mont-apple.S
[503/1252] Compiling x86-mont-linux.S
[504/1252] Compiling x86-mont-apple.S
[505/1252] Compiling vpaes-x86_64-linux.S
[506/1252] Compiling vpaes-x86_64-apple.S
[507/1252] Compiling vpaes-x86-linux.S
[508/1252] Compiling err_data.cc
[509/1252] Compiling vpaes-x86-apple.S
[510/1252] Compiling vpaes-armv8-win.S
[511/1252] Compiling vpaes-armv8-linux.S
[512/1252] Compiling vpaes-armv8-apple.S
[513/1252] Compiling vpaes-armv7-linux.S
[514/1252] Compiling sha512-x86_64-linux.S
[515/1252] Compiling d1_lib.cc
[516/1252] Compiling sha512-x86_64-apple.S
[517/1252] Compiling sha512-armv8-win.S
[518/1252] Compiling sha512-armv8-apple.S
[519/1252] Compiling sha512-586-linux.S
[520/1252] Compiling sha512-armv4-linux.S
[521/1252] Compiling sha512-armv8-linux.S
[522/1252] Compiling sha512-586-apple.S
[523/1252] Compiling sha256-x86_64-linux.S
[524/1252] Compiling sha256-x86_64-apple.S
[525/1252] Compiling sha256-armv8-win.S
[526/1252] Compiling sha256-armv8-apple.S
[527/1252] Compiling sha256-armv4-linux.S
[528/1252] Compiling sha256-armv8-linux.S
[529/1252] Compiling sha256-586-linux.S
[530/1252] Compiling sha256-586-apple.S
[531/1252] Compiling sha1-x86_64-linux.S
[532/1252] Compiling sha1-armv8-win.S
[533/1252] Compiling sha1-x86_64-apple.S
[534/1252] Compiling sha1-armv8-apple.S
[535/1252] Compiling sha1-armv8-linux.S
[535/1252] Compiling sha1-armv4-large-linux.S
[537/1252] Compiling sha1-586-linux.S
[538/1252] Compiling sha1-586-apple.S
[539/1252] Compiling rsaz-avx2-linux.S
[540/1252] Compiling bio_ssl.cc
[541/1252] Compiling rsaz-avx2-apple.S
[542/1252] Compiling rdrand-x86_64-linux.S
[543/1252] Compiling rdrand-x86_64-apple.S
[544/1252] Compiling p256_beeu-x86_64-asm-linux.S
[545/1252] Compiling p256_beeu-x86_64-asm-apple.S
[546/1252] Compiling p256_beeu-armv8-asm-win.S
[546/1252] Compiling p256_beeu-armv8-asm-apple.S
[548/1252] Compiling p256_beeu-armv8-asm-linux.S
[549/1252] Compiling p256-x86_64-asm-linux.S
[549/1252] Compiling p256-x86_64-asm-apple.S
[551/1252] Compiling p256-armv8-asm-win.S
[552/1252] Compiling p256-armv8-asm-apple.S
[553/1252] Compiling ghashv8-armv8-win.S
[554/1252] Compiling ghashv8-armv8-linux.S
[555/1252] Compiling p256-armv8-asm-linux.S
[556/1252] Compiling ghashv8-armv7-linux.S
[557/1252] Compiling ghashv8-armv8-apple.S
[558/1252] Compiling ghash-x86_64-linux.S
[559/1252] Compiling ghash-x86_64-apple.S
[560/1252] Compiling ghash-x86-apple.S
[561/1252] Compiling ghash-x86-linux.S
[562/1252] Compiling ghash-ssse3-x86_64-linux.S
[563/1252] Compiling ghash-ssse3-x86_64-apple.S
[564/1252] Compiling ghash-ssse3-x86-apple.S
[565/1252] Compiling ghash-ssse3-x86-linux.S
[566/1252] Compiling ghash-neon-armv8-win.S
[567/1252] Compiling ghash-armv4-linux.S
[568/1252] Compiling ghash-neon-armv8-apple.S
[569/1252] Compiling ghash-neon-armv8-linux.S
[570/1252] Compiling co-586-linux.S
[570/1252] Compiling co-586-apple.S
[572/1252] Compiling bsaes-armv7-linux.S
[573/1252] Compiling bn-armv8-win.S
[574/1252] Compiling bn-586-linux.S
[575/1252] Compiling bn-armv8-apple.S
[576/1252] Compiling bn-armv8-linux.S
[577/1252] Compiling bn-586-apple.S
[578/1252] Compiling armv8-mont-win.S
[579/1252] Compiling armv8-mont-apple.S
[580/1252] Compiling armv8-mont-linux.S
[581/1252] Compiling aesv8-gcm-armv8-win.S
[581/1252] Compiling armv4-mont-linux.S
[583/1252] Compiling aesv8-gcm-armv8-apple.S
[584/1252] Compiling aesv8-armv8-win.S
[585/1252] Compiling aesv8-gcm-armv8-linux.S
[586/1252] Compiling aesv8-armv8-linux.S
[587/1252] Compiling aesv8-armv8-apple.S
[588/1252] Compiling aesv8-armv7-linux.S
[588/1252] Compiling aesni-x86_64-linux.S
[590/1252] Compiling aesni-x86_64-apple.S
[591/1252] Compiling aesni-x86-linux.S
[592/1252] Compiling aesni-x86-apple.S
[593/1252] Compiling aesni-gcm-x86_64-apple.S
[594/1252] Compiling aesni-gcm-x86_64-linux.S
[595/1252] Compiling aes-gcm-avx2-x86_64-linux.S
[596/1252] Compiling aes-gcm-avx2-x86_64-apple.S
[597/1252] Compiling aes-gcm-avx10-x86_64-apple.S
[598/1252] Compiling aes-gcm-avx10-x86_64-linux.S
[599/1252] Compiling d1_both.cc
[600/1252] Compiling x_sig.cc
[601/1252] Compiling x_spki.cc
[602/1252] Compiling x_req.cc
[603/1252] Compiling x_x509a.cc
[604/1252] Compiling x_val.cc
[605/1252] Compiling x_pubkey.cc
[606/1252] Compiling x_x509.cc
[607/1252] Compiling x_name.cc
[608/1252] Compiling x_exten.cc
[609/1252] Compiling x_algor.cc
[610/1252] Compiling x_attrib.cc
[610/1252] Compiling x509spki.cc
[612/1252] Compiling x_crl.cc
[613/1252] Compiling x509rset.cc
[614/1252] Compiling x_all.cc
[615/1252] Compiling x509name.cc
[616/1252] Compiling x509cset.cc
[617/1252] Compiling x509_txt.cc
[618/1252] Compiling x509_vpm.cc
[619/1252] Compiling x509_v3.cc
[620/1252] Compiling x509_set.cc
[621/1252] Compiling x509_trs.cc
[622/1252] Compiling x509_vfy.cc
[623/1252] Compiling x509_req.cc
[624/1252] Compiling x509_obj.cc
[625/1252] Compiling x509_d2.cc
[626/1252] Compiling x509_def.cc
[627/1252] Compiling x509_lu.cc
[628/1252] Compiling x509_ext.cc
[629/1252] Compiling x509_cmp.cc
[630/1252] Compiling x509_att.cc
[631/1252] Compiling x509.cc
[632/1252] Compiling v3_skey.cc
[633/1252] Compiling v3_prn.cc
[634/1252] Compiling v3_purp.cc
[635/1252] Compiling v3_pmaps.cc
[635/1252] Compiling v3_pcons.cc
[637/1252] Compiling v3_utl.cc
[638/1252] Compiling v3_ocsp.cc
[639/1252] Compiling v3_ncons.cc
[640/1252] Compiling v3_int.cc
[641/1252] Compiling v3_lib.cc
[642/1252] Compiling v3_genn.cc
[643/1252] Compiling v3_ia5.cc
[644/1252] Compiling v3_extku.cc
[644/1252] Compiling v3_enum.cc
[646/1252] Compiling v3_info.cc
[647/1252] Compiling v3_crld.cc
[648/1252] Compiling v3_cpols.cc
[649/1252] Compiling v3_conf.cc
[650/1252] Compiling v3_bitst.cc
[651/1252] Compiling v3_akeya.cc
[652/1252] Compiling v3_akey.cc
[653/1252] Compiling v3_bcons.cc
[654/1252] Compiling v3_alt.cc
[655/1252] Compiling t_x509a.cc
[656/1252] Compiling i2d_pr.cc
[657/1252] Compiling t_x509.cc
[658/1252] Compiling t_crl.cc
[659/1252] Compiling t_req.cc
[660/1252] Compiling name_print.cc
[661/1252] Compiling rsa_pss.cc
[662/1252] Compiling by_file.cc
[663/1252] Compiling policy.cc
[664/1252] Compiling by_dir.cc
[665/1252] Compiling asn1_gen.cc
[666/1252] Compiling algorithm.cc
[667/1252] Compiling a_verify.cc
[668/1252] Compiling a_digest.cc
[669/1252] Compiling trust_token.cc
[670/1252] Compiling voprf.cc
[671/1252] Compiling a_sign.cc
[672/1252] Compiling thread_none.cc
[673/1252] Compiling thread_win.cc
[674/1252] Compiling thread_pthread.cc
[675/1252] Compiling thread.cc
[676/1252] Compiling stack.cc
[677/1252] Compiling pmbtoken.cc
[678/1252] Compiling slhdsa.cc
[679/1252] Compiling spake2plus.cc
[680/1252] Compiling sha512.cc
[681/1252] Compiling siphash.cc
[682/1252] Compiling sha256.cc
[683/1252] Compiling sha1.cc
[684/1252] Compiling rsa_print.cc
[685/1252] Compiling rsa_extra.cc
[686/1252] Compiling rsa_crypt.cc
[687/1252] Compiling rc4.cc
[687/1252] Compiling windows.cc
[687/1252] Compiling refcount.cc
[690/1252] Compiling urandom.cc
[691/1252] Compiling trusty.cc
[692/1252] Compiling rsa_asn1.cc
[693/1252] Compiling rand.cc
[694/1252] Compiling passive.cc
[695/1252] Compiling poly1305_arm_asm.S
[696/1252] Compiling ios.cc
[697/1252] Compiling getentropy.cc
[698/1252] Compiling forkunsafe.cc
[699/1252] Compiling deterministic.cc
[700/1252] Compiling fork_detect.cc
[701/1252] Compiling poly1305_vec.cc
[702/1252] Compiling poly1305_arm.cc
[703/1252] Compiling pool.cc
[704/1252] Compiling poly1305.cc
[705/1252] Compiling pkcs7.cc
[706/1252] Compiling pkcs8.cc
[707/1252] Compiling pkcs8_x509.cc
[708/1252] Compiling p5_pbev2.cc
[709/1252] Compiling pkcs7_x509.cc
[710/1252] Compiling pem_x509.cc
[711/1252] Compiling pem_xaux.cc
[712/1252] Compiling pem_pkey.cc
[713/1252] Compiling pem_pk8.cc
[714/1252] Compiling pem_oth.cc
[715/1252] Compiling mlkem.cc
[716/1252] Compiling pem_info.cc
[717/1252] Compiling pem_lib.cc
[718/1252] Compiling pem_all.cc
[719/1252] Compiling obj_xref.cc
[720/1252] Compiling obj.cc
[721/1252] Compiling poly_rq_mul.S
[722/1252] Compiling mldsa.cc
[723/1252] Compiling fips_shared_support.cc
[724/1252] Compiling mem.cc
[725/1252] Compiling md4.cc
[726/1252] Compiling md5.cc
[727/1252] Compiling lhash.cc
[728/1252] Compiling kyber.cc
[729/1252] Compiling ex_data.cc
[730/1252] Compiling sign.cc
[731/1252] Compiling hrss.cc
[732/1252] Compiling scrypt.cc
[733/1252] Compiling print.cc
[734/1252] Compiling hpke.cc
[735/1252] Compiling pbkdf.cc
[736/1252] Compiling p_x25519.cc
[737/1252] Compiling p_x25519_asn1.cc
[738/1252] Compiling p_rsa_asn1.cc
[739/1252] Compiling p_hkdf.cc
[740/1252] Compiling p_rsa.cc
[740/1252] Compiling p_ed25519.cc
[742/1252] Compiling p_ed25519_asn1.cc
[743/1252] Compiling p_ec.cc
[744/1252] Compiling p_ec_asn1.cc
[745/1252] Compiling p_dh.cc
[746/1252] Compiling p_dh_asn1.cc
[747/1252] Compiling evp_ctx.cc
[748/1252] Compiling p_dsa_asn1.cc
[749/1252] Compiling evp_asn1.cc
[750/1252] Compiling evp.cc
[751/1252] Compiling err.cc
[752/1252] Compiling engine.cc
[753/1252] Compiling ecdh.cc
[754/1252] Compiling hash_to_curve.cc
[755/1252] Compiling ecdsa_asn1.cc
[756/1252] Compiling ec_derive.cc
[757/1252] Compiling dsa.cc
[758/1252] Compiling dsa_asn1.cc
[759/1252] Compiling ec_asn1.cc
[760/1252] Compiling params.cc
[761/1252] Compiling x25519-asm-arm.S
[762/1252] Compiling bcm.cc
[763/1252] Compiling digest_extra.cc
[764/1252] Compiling des.cc
[765/1252] Compiling dh_asn1.cc
[766/1252] Compiling cpu_intel.cc
[767/1252] Compiling crypto.cc
[768/1252] Compiling spake25519.cc
[769/1252] Compiling curve25519_64_adx.cc
[770/1252] Compiling cpu_arm_linux.cc
[771/1252] Compiling cpu_arm_freebsd.cc
[772/1252] Compiling curve25519.cc
[773/1252] Compiling cpu_aarch64_win.cc
[774/1252] Compiling cpu_aarch64_openbsd.cc
[775/1252] Compiling cpu_aarch64_sysreg.cc
[776/1252] Compiling cpu_aarch64_fuchsia.cc
[777/1252] Compiling cpu_aarch64_linux.cc
[778/1252] Compiling cpu_aarch64_apple.cc
[779/1252] Compiling conf.cc
[779/1252] Compiling tls_cbc.cc
[781/1252] Compiling get_cipher.cc
[782/1252] Compiling e_rc4.cc
[783/1252] Compiling e_tls.cc
[784/1252] Compiling e_null.cc
[785/1252] Compiling e_rc2.cc
[786/1252] Compiling e_des.cc
[787/1252] Compiling e_chacha20poly1305.cc
[787/1252] Compiling e_aesgcmsiv.cc
[789/1252] Compiling e_aesctrhmac.cc
[790/1252] Compiling derive_key.cc
[791/1252] Compiling chacha.cc
[792/1252] Compiling unicode.cc
[793/1252] Compiling buf.cc
[794/1252] Compiling cbb.cc
[795/1252] Compiling cbs.cc
[796/1252] Compiling ber.cc
[797/1252] Compiling asn1_compat.cc
[798/1252] Compiling bn_asn1.cc
[799/1252] Compiling blake2.cc
[800/1252] Compiling convert.cc
[801/1252] Compiling socket_helper.cc
[802/1252] Compiling socket.cc
[803/1252] Compiling printf.cc
[804/1252] Compiling hexdump.cc
[805/1252] Compiling pair.cc
[806/1252] Compiling file.cc
[807/1252] Compiling errno.cc
[808/1252] Compiling fd.cc
[809/1252] Compiling connect.cc
[810/1252] Compiling bio_mem.cc
[811/1252] Compiling bio.cc
[812/1252] Compiling base64.cc
[813/1252] Compiling tasn_utl.cc
[814/1252] Compiling tasn_typ.cc
[815/1252] Compiling tasn_fre.cc
[816/1252] Compiling tasn_enc.cc
[817/1252] Compiling posix_time.cc
[818/1252] Compiling f_string.cc
[819/1252] Compiling tasn_new.cc
[820/1252] Compiling tasn_dec.cc
[821/1252] Compiling f_int.cc
[822/1252] Compiling asn_pack.cc
[823/1252] Compiling asn1_par.cc
[824/1252] Compiling a_utctm.cc
[825/1252] Compiling asn1_lib.cc
[826/1252] Compiling a_time.cc
[827/1252] Compiling a_type.cc
[828/1252] Compiling a_dup.cc
[829/1252] Compiling CGoogleGaxCRC32C CGoogleGaxCRC32C.c
[830/1252] Compiling a_d2i_fp.cc
[831/1252] Compiling fiat_p256_adx_sqr.S
[832/1252] Compiling fiat_p256_adx_mul.S
[833/1252] Compiling a_strnid.cc
[834/1252] Compiling fiat_curve25519_adx_square.S
[835/1252] Compiling fiat_curve25519_adx_mul.S
[836/1252] Compiling md5-x86_64-linux.S
[837/1252] Compiling md5-x86_64-apple.S
[838/1252] Compiling md5-586-linux.S
[839/1252] Compiling md5-586-apple.S
[840/1252] Compiling a_bool.cc
[841/1252] Compiling chacha20_poly1305_x86_64-linux.S
[842/1252] Compiling chacha20_poly1305_x86_64-apple.S
[843/1252] Compiling chacha20_poly1305_armv8-win.S
[844/1252] Compiling chacha20_poly1305_armv8-apple.S
[845/1252] Compiling chacha-x86_64-linux.S
[845/1252] Compiling CCryptoBoringSSLShims shims.c
[847/1252] Compiling chacha20_poly1305_armv8-linux.S
[848/1252] Compiling chacha-x86_64-apple.S
[849/1252] Compiling chacha-x86-linux.S
[850/1252] Compiling chacha-x86-apple.S
[851/1252] Compiling chacha-armv8-win.S
[852/1252] Compiling a_bitstr.cc
[853/1252] Compiling chacha-armv8-linux.S
[854/1252] Compiling chacha-armv8-apple.S
[855/1252] Compiling chacha-armv4-linux.S
[856/1252] Compiling aes128gcmsiv-x86_64-linux.S
[857/1252] Compiling aes128gcmsiv-x86_64-apple.S
[858/1252] Compiling x86_64-mont5-apple.S
[859/1252] Compiling x86_64-mont-linux.S
[860/1252] Compiling x86_64-mont5-linux.S
[861/1252] Compiling x86_64-mont-apple.S
[862/1252] Compiling x86-mont-linux.S
[863/1252] Compiling vpaes-x86_64-apple.S
[864/1252] Compiling vpaes-x86_64-linux.S
[865/1252] Compiling x86-mont-apple.S
[866/1252] Compiling vpaes-x86-linux.S
[867/1252] Compiling vpaes-x86-apple.S
[868/1252] Compiling vpaes-armv8-win.S
[869/1252] Compiling vpaes-armv8-apple.S
[870/1252] Compiling vpaes-armv8-linux.S
[871/1252] Compiling vpaes-armv7-linux.S
[872/1252] Compiling sha512-x86_64-apple.S
[872/1252] Compiling sha512-x86_64-linux.S
[874/1252] Compiling sha512-armv8-win.S
[875/1252] Compiling sha512-armv8-apple.S
[876/1252] Compiling sha512-armv8-linux.S
[877/1252] Compiling sha512-586-linux.S
[878/1252] Compiling sha512-armv4-linux.S
[879/1252] Compiling sha512-586-apple.S
[880/1252] Compiling sha256-x86_64-linux.S
[881/1252] Compiling err_data.cc
[882/1252] Compiling sha256-x86_64-apple.S
[883/1252] Compiling sha256-armv8-win.S
[884/1252] Compiling sha256-armv4-linux.S
[885/1252] Compiling sha256-armv8-apple.S
[886/1252] Compiling sha256-armv8-linux.S
[887/1252] Compiling sha256-586-apple.S
[888/1252] Compiling sha256-586-linux.S
[889/1252] Compiling sha1-x86_64-apple.S
[890/1252] Compiling sha1-x86_64-linux.S
[891/1252] Compiling sha1-armv8-win.S
[892/1252] Compiling sha1-armv4-large-linux.S
[893/1252] Compiling sha1-armv8-apple.S
[894/1252] Compiling sha1-armv8-linux.S
[895/1252] Compiling sha1-586-linux.S
[896/1252] Compiling sha1-586-apple.S
[897/1252] Compiling rsaz-avx2-linux.S
[898/1252] Compiling rsaz-avx2-apple.S
[899/1252] Compiling rdrand-x86_64-apple.S
[900/1252] Compiling rdrand-x86_64-linux.S
[901/1252] Compiling p256_beeu-x86_64-asm-linux.S
[902/1252] Compiling p256_beeu-armv8-asm-win.S
[903/1252] Compiling p256_beeu-x86_64-asm-apple.S
[904/1252] Compiling p256_beeu-armv8-asm-linux.S
[905/1252] Compiling p256_beeu-armv8-asm-apple.S
[906/1252] Compiling p256-x86_64-asm-apple.S
[907/1252] Compiling p256-x86_64-asm-linux.S
[908/1252] Compiling p256-armv8-asm-win.S
[909/1252] Compiling p256-armv8-asm-apple.S
[910/1252] Compiling ghashv8-armv8-win.S
[911/1252] Compiling p256-armv8-asm-linux.S
[912/1252] Compiling ghashv8-armv8-linux.S
[913/1252] Compiling ghashv8-armv7-linux.S
[913/1252] Compiling ghashv8-armv8-apple.S
[915/1252] Compiling ghash-x86_64-linux.S
[916/1252] Compiling ghash-x86_64-apple.S
[917/1252] Compiling ghash-x86-linux.S
[918/1252] Compiling ghash-x86-apple.S
[919/1252] Compiling ghash-ssse3-x86_64-apple.S
[920/1252] Compiling ghash-ssse3-x86_64-linux.S
[921/1252] Compiling ghash-ssse3-x86-linux.S
[922/1252] Compiling ghash-ssse3-x86-apple.S
[923/1252] Compiling ghash-neon-armv8-win.S
[924/1252] Compiling ghash-neon-armv8-linux.S
[925/1252] Compiling ghash-armv4-linux.S
[926/1252] Compiling ghash-neon-armv8-apple.S
[927/1252] Compiling co-586-apple.S
[928/1252] Compiling bsaes-armv7-linux.S
[929/1252] Compiling co-586-linux.S
[930/1252] Compiling bn-armv8-win.S
[931/1252] Compiling bn-armv8-linux.S
[932/1252] Compiling bn-586-linux.S
[933/1252] Compiling bn-armv8-apple.S
[934/1252] Compiling armv8-mont-win.S
[935/1252] Compiling bn-586-apple.S
[936/1252] Compiling armv8-mont-linux.S
[937/1252] Compiling armv4-mont-linux.S
[938/1252] Compiling armv8-mont-apple.S
[939/1252] Compiling aesv8-gcm-armv8-apple.S
[940/1252] Compiling aesv8-gcm-armv8-win.S
[941/1252] Compiling aesv8-gcm-armv8-linux.S
[942/1252] Compiling aesv8-armv8-win.S
[943/1252] Compiling aesv8-armv8-linux.S
[944/1252] Compiling aesv8-armv7-linux.S
[945/1252] Compiling aesv8-armv8-apple.S
[946/1252] Compiling aesni-x86_64-linux.S
[947/1252] Compiling aesni-x86_64-apple.S
[948/1252] Compiling aesni-x86-apple.S
[949/1252] Compiling aesni-x86-linux.S
[950/1252] Compiling aesni-gcm-x86_64-linux.S
[951/1252] Compiling aesni-gcm-x86_64-apple.S
[952/1252] Compiling aes-gcm-avx512-x86_64-apple.S
[953/1252] Compiling aes-gcm-avx512-x86_64-linux.S
[954/1252] Compiling aes-gcm-avx2-x86_64-linux.S
[955/1252] Compiling aes-gcm-avx2-x86_64-apple.S
[956/1252] Compiling xwing.cc
[957/1252] Compiling x_sig.cc
[958/1252] Compiling x_x509a.cc
[959/1252] Compiling x_x509.cc
[960/1252] Compiling x_spki.cc
[961/1252] Compiling x_req.cc
[962/1252] Compiling c-nioatomics.c
[963/1252] Compiling x_pubkey.cc
[964/1252] Compiling x_exten.cc
[965/1252] Compiling x_name.cc
[966/1252] Compiling x_crl.cc
[967/1252] Compiling x_attrib.cc
[968/1252] Compiling c-atomics.c
[969/1252] Compiling x_all.cc
[971/1259] Compiling NIOConcurrencyHelpers NIOLockedValueBox.swift
[971/1259] Compiling x509spki.cc
[972/1259] Compiling x_algor.cc
[973/1259] Compiling x509name.cc
[975/1259] Emitting module NIOConcurrencyHelpers
[975/1259] Compiling x509cset.cc
[976/1259] Compiling x509rset.cc
[978/1259] Compiling NIOConcurrencyHelpers NIOThreadPoolWorkAvailable.swift
[979/1259] Compiling NIOConcurrencyHelpers NIOLock.swift
[980/1259] Compiling NIOConcurrencyHelpers NIOAtomic.swift
[981/1259] Compiling NIOConcurrencyHelpers atomics.swift
[982/1259] Compiling NIOConcurrencyHelpers lock.swift
[983/1260] Compiling x509_vfy.cc
[984/1260] Compiling x509_vpm.cc
[985/1260] Wrapping AST for NIOConcurrencyHelpers for debugging
[986/1260] Compiling x509_v3.cc
[987/1260] Compiling x509_trs.cc
[988/1260] Compiling x509_txt.cc
[989/1260] Compiling x509_set.cc
[990/1260] Compiling x509_req.cc
[991/1260] Compiling x509_obj.cc
[992/1260] Compiling x509_lu.cc
[993/1260] Compiling x509_ext.cc
[994/1260] Compiling x509_def.cc
[995/1260] Compiling x509_d2.cc
[996/1260] Compiling x509_cmp.cc
[997/1260] Compiling x509_att.cc
[998/1260] Compiling x509.cc
[999/1260] Compiling v3_utl.cc
[1000/1260] Compiling v3_skey.cc
[1001/1260] Compiling v3_purp.cc
[1002/1260] Compiling v3_prn.cc
[1003/1260] Compiling v3_pmaps.cc
[1004/1260] Compiling v3_pcons.cc
[1005/1260] Compiling v3_ocsp.cc
[1006/1260] Compiling v3_ncons.cc
[1007/1260] Compiling v3_lib.cc
[1008/1260] Compiling v3_int.cc
[1009/1260] Compiling v3_info.cc
[1010/1260] Compiling v3_ia5.cc
[1011/1260] Compiling v3_genn.cc
[1012/1260] Compiling v3_extku.cc
[1013/1260] Compiling v3_enum.cc
[1014/1260] Compiling v3_crld.cc
[1015/1260] Compiling v3_cpols.cc
[1016/1260] Compiling v3_conf.cc
[1017/1260] Compiling v3_bitst.cc
[1018/1260] Compiling v3_bcons.cc
[1019/1260] Compiling v3_alt.cc
[1020/1260] Compiling v3_akeya.cc
[1021/1260] Compiling v3_akey.cc
[1022/1260] Compiling t_x509a.cc
[1023/1260] Compiling t_x509.cc
[1024/1260] Compiling t_req.cc
[1025/1260] Compiling t_crl.cc
[1026/1260] Compiling rsa_pss.cc
[1027/1260] Compiling i2d_pr.cc
[1028/1260] Compiling policy.cc
[1029/1260] Compiling name_print.cc
[1030/1260] Compiling by_file.cc
[1031/1260] Compiling by_dir.cc
[1032/1260] Compiling asn1_gen.cc
[1033/1260] Compiling algorithm.cc
[1034/1260] Compiling a_verify.cc
[1035/1260] Compiling a_sign.cc
[1036/1260] Compiling a_digest.cc
[1037/1260] Compiling voprf.cc
[1038/1260] Compiling thread_win.cc
[1039/1260] Compiling thread_pthread.cc
[1040/1260] Compiling thread_none.cc
[1041/1260] Compiling trust_token.cc
[1042/1260] Compiling thread.cc
[1043/1260] Compiling pmbtoken.cc
[1044/1260] Compiling stack.cc
[1045/1260] Compiling sha512.cc
[1046/1260] Compiling siphash.cc
[1047/1260] Compiling sha1.cc
[1048/1260] Compiling sha256.cc
[1049/1260] Compiling slhdsa.cc
[1050/1260] Compiling spake2plus.cc
[1051/1260] Compiling rsa_print.cc
[1052/1260] Compiling rsa_extra.cc
[1053/1260] Compiling rc4.cc
[1054/1260] Compiling refcount.cc
[1055/1260] Compiling rsa_crypt.cc
[1056/1260] Compiling windows.cc
[1057/1260] Compiling urandom.cc
[1058/1260] Compiling rand.cc
[1059/1260] Compiling trusty.cc
[1060/1260] Compiling rsa_asn1.cc
[1061/1260] Compiling ios.cc
[1062/1260] Compiling getentropy.cc
[1063/1260] Compiling poly1305_arm_asm.S
[1064/1260] Compiling forkunsafe.cc
[1065/1260] Compiling passive.cc
[1066/1260] Compiling fork_detect.cc
[1067/1260] Compiling deterministic.cc
[1068/1260] Compiling poly1305_vec.cc
[1069/1260] Compiling poly1305_arm.cc
[1070/1260] Compiling poly1305.cc
[1071/1260] Compiling pool.cc
[1072/1260] Compiling pkcs8_x509.cc
[1073/1260] Compiling pkcs8.cc
[1074/1260] Compiling p5_pbev2.cc
[1075/1260] Compiling pkcs7_x509.cc
[1076/1260] Compiling pkcs7.cc
[1077/1260] Compiling pem_x509.cc
[1078/1260] Compiling pem_xaux.cc
[1079/1260] Compiling pem_pkey.cc
[1080/1260] Compiling pem_oth.cc
[1081/1260] Compiling mlkem.cc
[1082/1260] Compiling pem_pk8.cc
[1083/1260] Compiling obj_xref.cc
[1084/1260] Compiling pem_lib.cc
[1085/1260] Compiling pem_info.cc
[1086/1260] Compiling pem_all.cc
[1087/1260] Compiling obj.cc
[1088/1260] Compiling poly_rq_mul.S
[1089/1260] Compiling mldsa.cc
[1090/1260] Compiling mem.cc
[1091/1260] Compiling fips_shared_support.cc
[1092/1260] Compiling lhash.cc
[1093/1260] Compiling md5.cc
[1094/1260] Compiling md4.cc
[1095/1260] Compiling kyber.cc
[1096/1260] Compiling fuzzer_mode.cc
[1097/1260] Compiling hrss.cc
[1098/1260] Compiling hpke.cc
[1099/1260] Compiling ex_data.cc
[1100/1260] Compiling scrypt.cc
[1101/1260] Compiling pbkdf.cc
[1102/1260] Compiling sign.cc
[1103/1260] Compiling print.cc
[1104/1260] Compiling p_x25519.cc
[1105/1260] Compiling p_rsa_asn1.cc
[1106/1260] Compiling p_x25519_asn1.cc
[1107/1260] Compiling p_ed25519.cc
[1108/1260] Compiling p_ed25519_asn1.cc
[1109/1260] Compiling p_hkdf.cc
[1110/1260] Compiling p_rsa.cc
[1111/1260] Compiling p_ec_asn1.cc
[1112/1260] Compiling p_dsa_asn1.cc
[1113/1260] Compiling p_ec.cc
[1114/1260] Compiling p_dh_asn1.cc
[1115/1260] Compiling p_dh.cc
[1116/1260] Compiling evp_ctx.cc
[1117/1260] Compiling engine.cc
[1118/1260] Compiling err.cc
[1119/1260] Compiling evp_asn1.cc
[1120/1260] Compiling evp.cc
[1121/1260] Compiling ecdsa_p1363.cc
[1122/1260] Compiling ecdh.cc
[1123/1260] Compiling hash_to_curve.cc
[1124/1260] Compiling ec_derive.cc
[1125/1260] Compiling ecdsa_asn1.cc
[1126/1260] Compiling dsa.cc
[1127/1260] Compiling ec_asn1.cc
[1128/1260] Compiling dsa_asn1.cc
[1129/1260] Compiling params.cc
[1130/1260] Compiling x25519-asm-arm.S
[1131/1260] Compiling des.cc
[1132/1260] Compiling curve25519_64_adx.cc
[1133/1260] Compiling dh_asn1.cc
[1134/1260] Compiling digest_extra.cc
[1135/1260] Compiling cpu_intel.cc
[1136/1260] Compiling spake25519.cc
[1137/1260] Compiling crypto.cc
[1138/1260] Compiling curve25519.cc
[1139/1260] Compiling cpu_aarch64_win.cc
[1140/1260] Compiling cpu_arm_freebsd.cc
[1141/1260] Compiling cpu_aarch64_sysreg.cc
[1142/1260] Compiling cpu_arm_linux.cc
[1143/1260] Compiling cpu_aarch64_openbsd.cc
[1144/1260] Compiling cpu_aarch64_linux.cc
[1145/1260] Compiling cpu_aarch64_apple.cc
[1146/1260] Compiling cpu_aarch64_fuchsia.cc
[1147/1260] Compiling tls_cbc.cc
[1148/1260] Compiling conf.cc
[1149/1260] Compiling e_rc4.cc
[1150/1260] Compiling e_tls.cc
[1151/1260] Compiling get_cipher.cc
[1152/1260] Compiling cms.cc
[1153/1260] Compiling e_rc2.cc
[1154/1260] Compiling e_null.cc
[1155/1260] Compiling e_des.cc
[1156/1260] Compiling e_aeseax.cc
[1157/1260] Compiling e_chacha20poly1305.cc
[1158/1260] Compiling e_aesgcmsiv.cc
[1159/1260] Compiling derive_key.cc
[1160/1260] Compiling e_aesctrhmac.cc
[1161/1260] Compiling chacha.cc
[1162/1260] Compiling unicode.cc
[1163/1260] Compiling buf.cc
[1164/1260] Compiling cbb.cc
[1165/1260] Compiling ber.cc
[1166/1260] Compiling asn1_compat.cc
[1167/1260] Compiling sqrt.cc
[1168/1260] Compiling cbs.cc
[1169/1260] Compiling printf.cc
[1170/1260] Compiling div.cc
[1171/1260] Compiling blake2.cc
[1171/1260] Compiling exponentiation.cc
[1173/1260] Compiling pair.cc
[1174/1260] Compiling convert.cc
[1175/1260] Compiling bn_asn1.cc
[1176/1260] Compiling file.cc
[1177/1260] Compiling errno.cc
[1178/1260] Compiling hexdump.cc
[1179/1260] Compiling fd.cc
[1180/1260] Compiling bio_mem.cc
[1181/1260] Compiling bio.cc
[1182/1260] Compiling base64.cc
[1183/1260] Compiling tasn_typ.cc
[1184/1260] Compiling tasn_utl.cc
[1185/1260] Compiling tasn_fre.cc
[1186/1260] Compiling tasn_enc.cc
[1187/1260] Compiling tasn_new.cc
[1188/1260] Compiling posix_time.cc
[1189/1260] Compiling tasn_dec.cc
[1190/1260] Compiling f_string.cc
[1191/1260] Compiling f_int.cc
[1191/1260] Compiling asn_pack.cc
[1193/1260] Compiling asn1_par.cc
[1194/1260] Compiling a_utctm.cc
[1195/1260] Compiling asn1_lib.cc
[1196/1260] Compiling bcm.cc
[1197/1260] Compiling a_type.cc
[1198/1260] Compiling a_octet.cc
[1199/1260] Compiling a_strnid.cc
[1200/1260] Compiling a_strex.cc
[1201/1260] Compiling a_time.cc
[1202/1260] Compiling a_object.cc
[1203/1260] Compiling a_mbstr.cc
[1204/1260] Compiling a_dup.cc
[1205/1260] Compiling a_i2d_fp.cc
[1206/1260] Write sources
[1208/1260] Compiling CAsyncHTTPClient CAsyncHTTPClient.c
[1209/1260] Write sources
[1210/1260] Compiling a_int.cc
[1211/1303] Compiling a_d2i_fp.cc
[1212/1303] Compiling a_gentm.cc
[1213/1303] Compiling aes.cc
[1214/1303] Compiling a_bool.cc
[1216/1303] Compiling Algorithms Grouped.swift
[1217/1303] Compiling Algorithms Indexed.swift
[1218/1305] Compiling Algorithms Intersperse.swift
[1219/1305] Compiling Algorithms Joined.swift
[1220/1305] Compiling Algorithms Combinations.swift
[1221/1305] Compiling Algorithms Compacted.swift
[1222/1305] Compiling Algorithms Cycle.swift
[1223/1305] Compiling Algorithms RandomSample.swift
[1224/1305] Compiling Algorithms Reductions.swift
[1225/1305] Compiling Algorithms Keyed.swift
[1226/1305] Compiling Algorithms MinMax.swift
[1226/1305] Compiling a_bitstr.cc
[1228/1313] Compiling Atomics IntegerOperations.swift
[1229/1313] Compiling Atomics Unmanaged extensions.swift
[1230/1313] Compiling Algorithms Split.swift
[1231/1313] Compiling Algorithms Stride.swift
[1232/1313] Compiling Algorithms Suffix.swift
[1240/1316] Compiling Algorithms Permutations.swift
[1241/1316] Compiling Algorithms Product.swift
[1242/1316] Compiling CryptoBoringWrapper RandomBytes.swift
[1243/1316] Compiling Algorithms Trim.swift
[1244/1316] Compiling Algorithms Unique.swift
[1245/1316] Compiling Algorithms Windows.swift
[1246/1316] Compiling CryptoBoringWrapper FiniteFieldArithmeticContext.swift
[1247/1316] Compiling Algorithms AdjacentPairs.swift
[1248/1316] Compiling Algorithms Chain.swift
[1249/1316] Compiling Algorithms Chunked.swift
[1251/1316] Compiling Algorithms FlattenCollection.swift
[1257/1316] Compiling Algorithms EitherSequence.swift
[1258/1316] Compiling Algorithms FirstNonNil.swift
[1259/1316] Compiling CryptoBoringWrapper CryptoKitErrors_boring.swift
[1260/1316] Compiling CryptoBoringWrapper BoringSSLAEAD.swift
[1261/1316] Emitting module CryptoBoringWrapper
[1262/1316] Compiling CryptoBoringWrapper EllipticCurve.swift
[1263/1316] Compiling CryptoBoringWrapper EllipticCurvePoint.swift
[1264/1316] Compiling CryptoBoringWrapper ArbitraryPrecisionInteger.swift
[1265/1317] Wrapping AST for CryptoBoringWrapper for debugging
[1267/1401] Compiling Crypto ASN1.swift
[1268/1401] Compiling Crypto ASN1Any.swift
[1269/1401] Compiling Crypto ASN1BitString.swift
[1270/1401] Emitting module Atomics
[1271/1401] Compiling Crypto AES-GCM.swift
[1272/1401] Compiling Crypto AES-GCM_boring.swift
[1273/1401] Compiling Crypto ChaChaPoly_boring.swift
[1274/1402] Wrapping AST for Atomics for debugging
[1276/1402] Emitting module Algorithms
[1277/1467] Wrapping AST for Algorithms for debugging
[1279/1467] Compiling NIOCore ChannelInvoker.swift
[1280/1467] Compiling NIOCore ChannelOption.swift
[1281/1467] Compiling NIOCore ChannelPipeline.swift
[1282/1467] Compiling NIOCore CircularBuffer.swift
[1283/1467] Compiling NIOCore Codec.swift
[1284/1467] Compiling NIOCore ConvenienceOptionSupport.swift
[1285/1467] Compiling NIOCore DeadChannel.swift
[1286/1467] Compiling NIOCore DispatchQueue+WithFuture.swift
[1287/1467] Compiling NIOCore EventLoop+Deprecated.swift
[1288/1467] Compiling NIOCore EventLoop+SerialExecutor.swift
[1289/1467] Compiling NIOCore EventLoop.swift
[1290/1467] Compiling NIOCore EventLoopFuture+AssumeIsolated.swift
[1291/1467] Compiling NIOCore EventLoopFuture+Deprecated.swift
[1292/1467] Compiling NIOCore EventLoopFuture+WithEventLoop.swift
[1293/1467] Compiling NIOCore EventLoopFuture.swift
[1294/1467] Compiling NIOCore FileDescriptor.swift
[1295/1467] Compiling NIOCore FileHandle.swift
[1296/1467] Compiling NIOCore FileRegion.swift
[1297/1467] Compiling NIOCore GlobalSingletons.swift
[1298/1467] Compiling NIOCore IO.swift
[1299/1467] Compiling NIOCore IOData.swift
[1300/1467] Compiling NIOCore IPProtocol.swift
[1301/1467] Compiling NIOCore IntegerBitPacking.swift
[1302/1467] Compiling NIOCore IntegerTypes.swift
[1303/1478] Compiling NIOCore NIOCoreSendableMetatype.swift
[1304/1478] Compiling NIOCore NIODecodedAsyncSequence.swift
[1305/1478] Compiling NIOCore NIOLoopBound.swift
[1306/1478] Compiling NIOCore NIOPooledRecvBufferAllocator.swift
[1307/1478] Compiling NIOCore NIOScheduledCallback.swift
[1308/1478] Compiling NIOCore NIOSendable.swift
[1309/1478] Compiling NIOCore NIOSplitLinesMessageDecoder.swift
[1310/1478] Compiling NIOCore NIOTransportAccessibleChannelCore.swift
[1311/1478] Compiling NIOCore RecvByteBufferAllocator.swift
[1312/1486] Emitting module Crypto
[1313/1486] Compiling NIOCore AddressedEnvelope.swift
[1314/1486] Compiling NIOCore AsyncAwaitSupport.swift
[1315/1486] Compiling NIOCore AsyncChannel.swift
[1316/1486] Compiling NIOCore AsyncChannelHandler.swift
[1317/1486] Compiling NIOCore AsyncChannelInboundStream.swift
[1318/1486] Compiling NIOCore AsyncChannelOutboundWriter.swift
[1319/1486] Compiling NIOCore NIOAsyncSequenceProducer.swift
[1320/1486] Compiling NIOCore NIOAsyncSequenceProducerStrategies.swift
[1321/1486] Compiling NIOCore NIOAsyncWriter.swift
[1322/1486] Compiling NIOCore NIOThrowingAsyncSequenceProducer.swift
[1323/1486] Compiling NIOCore BSDSocketAPI.swift
[1324/1486] Compiling NIOCore ByteBuffer-aux.swift
[1328/1486] Compiling NIOCore Interfaces.swift
[1329/1486] Compiling NIOCore Linux.swift
[1330/1486] Compiling NIOCore MarkedCircularBuffer.swift
[1331/1486] Compiling NIOCore MulticastChannel.swift
[1332/1486] Compiling NIOCore NIOAny.swift
[1333/1486] Compiling NIOCore NIOCloseOnErrorHandler.swift
[1334/1486] Compiling NIOCore ByteBuffer-binaryEncodedLengthPrefix.swift
[1335/1486] Compiling NIOCore ByteBuffer-conversions.swift
[1336/1486] Compiling NIOCore ByteBuffer-core.swift
[1337/1486] Compiling NIOCore ByteBuffer-hex.swift
[1338/1486] Compiling NIOCore ByteBuffer-int.swift
[1339/1486] Compiling NIOCore ByteBuffer-lengthPrefix.swift
[1340/1486] Compiling NIOCore ByteBuffer-multi-int.swift
[1341/1486] Compiling NIOCore ByteBuffer-quicBinaryEncodingStrategy.swift
[1342/1486] Compiling NIOCore ByteBuffer-views.swift
[1343/1486] Compiling NIOCore Channel.swift
[1344/1486] Compiling NIOCore ChannelHandler.swift
[1345/1486] Compiling NIOCore ChannelHandlers.swift
[1355/1486] Compiling Crypto Signature.swift
[1356/1486] Compiling Crypto CryptoKitErrors_boring.swift
[1357/1486] Compiling Crypto Optional+withUnsafeBytes_boring.swift
[1358/1486] Compiling Crypto RNG_boring.swift
[1359/1486] Compiling Crypto SafeCompare_boring.swift
[1360/1486] Compiling Crypto Zeroization_boring.swift
[1361/1486] Compiling Crypto _CryptoModuleAnchor.swift
[1362/1486] Compiling Crypto PrettyBytes.swift
[1363/1486] Compiling Crypto SafeCompare.swift
[1364/1486] Compiling Crypto SecureBytes.swift
[1365/1486] Compiling Crypto Zeroization.swift
[1366/1486] Compiling Crypto MACFunctions.swift
[1367/1486] Compiling Crypto MessageAuthenticationCode.swift
[1368/1486] Compiling Crypto AES.swift
[1369/1486] Compiling Crypto ECDSASignature_boring.swift
[1370/1486] Compiling Crypto ECDSA_boring.swift
[1371/1486] Compiling Crypto EdDSA_boring.swift
[1372/1486] Compiling Crypto MLDSA_boring.swift
[1373/1486] Compiling Crypto MLDSA_wrapper.swift
[1374/1486] Compiling Crypto ECDSA.swift
[1375/1486] Compiling Crypto Ed25519.swift
[1376/1486] Compiling Crypto MLDSA.swift
[1392/1486] Compiling NIOCore SingleStepByteToMessageDecoder.swift
[1393/1486] Compiling NIOCore SocketAddresses.swift
[1394/1486] Compiling NIOCore SocketOptionProvider.swift
[1395/1486] Compiling NIOCore SystemCallHelpers.swift
[1396/1486] Compiling NIOCore TimeAmount+Duration.swift
[1397/1486] Compiling NIOCore TypeAssistedChannelHandler.swift
[1398/1486] Compiling NIOCore UniversalBootstrapSupport.swift
[1399/1486] Compiling NIOCore Utilities.swift
[1400/1486] Compiling Crypto ANSIx963.swift
[1410/1487] Wrapping AST for Crypto for debugging
[1420/1549] Compiling CryptoExtras AES_CBC.swift
[1421/1549] Compiling CryptoExtras AES_CFB.swift
[1422/1549] Compiling CryptoExtras AES_CTR.swift
[1423/1549] Compiling CryptoExtras AES_GCM_SIV.swift
[1424/1549] Compiling CryptoExtras Block Function.swift
[1425/1549] Compiling CryptoExtras AES_CBC_boring.swift
[1426/1549] Compiling CryptoExtras AES_CFB_boring.swift
[1427/1549] Compiling CryptoExtras AES_CTR_boring.swift
[1428/1549] Compiling CryptoExtras AES_GCM_SIV_boring.swift
[1429/1549] Compiling CryptoExtras PKCS8DERRepresentation.swift
[1430/1549] Compiling CryptoExtras PKCS8PrivateKey.swift
[1431/1549] Compiling CryptoExtras RFC8410AlgorithmIdentifier.swift
[1432/1549] Compiling CryptoExtras ECToolbox_boring.swift
[1433/1549] Compiling CryptoExtras ECToolbox.swift
[1434/1549] Compiling CryptoExtras HashToField.swift
[1435/1549] Compiling CryptoExtras KDF.swift
[1436/1549] Compiling CryptoExtras PBKDF2_boring.swift
[1437/1549] Compiling CryptoExtras PBKDF2_commoncrypto.swift
[1438/1557] Emitting module CryptoExtras
[1448/1557] Compiling CryptoExtras Data+Extensions.swift
[1449/1557] Compiling CryptoExtras DigestType.swift
[1450/1557] Compiling CryptoExtras Error.swift
[1451/1557] Compiling CryptoExtras I2OSP.swift
[1452/1557] Compiling CryptoExtras IntegerEncoding.swift
[1453/1557] Compiling CryptoExtras PEMDocument.swift
[1454/1557] Compiling CryptoExtras PrettyBytes.swift
[1455/1557] Compiling CryptoExtras SubjectPublicKeyInfo.swift
[1456/1557] Compiling CryptoExtras ThreadOps.swift
[1457/1557] Compiling CryptoExtras ThreadPosix.swift
[1458/1557] Compiling CryptoExtras ThreadSpecific.swift
[1459/1557] Compiling CryptoExtras ThreadWindows.swift
[1460/1557] Compiling CryptoExtras DLEQ.swift
[1461/1557] Compiling CryptoExtras Prover.swift
[1462/1557] Compiling CryptoExtras Verifier.swift
[1463/1557] Compiling CryptoExtras ZKPToolbox.swift
[1464/1557] Compiling CryptoExtras CMAC.swift
[1465/1557] Compiling CryptoExtras ARC+API.swift
[1466/1557] Compiling CryptoExtras ARC.swift
[1467/1557] Compiling CryptoExtras ARCCredential.swift
[1468/1557] Compiling CryptoExtras ARCEncoding.swift
[1469/1557] Compiling CryptoExtras ARCPrecredential.swift
[1470/1557] Compiling CryptoExtras ARCPresentation.swift
[1471/1557] Compiling CryptoExtras ARCRequest.swift
[1472/1557] Compiling CryptoExtras ARCResponse.swift
[1473/1557] Compiling CryptoExtras PBKDF2.swift
[1474/1557] Compiling CryptoExtras Scrypt_boring.swift
[1475/1557] Compiling CryptoExtras Scrypt.swift
[1476/1557] Compiling CryptoExtras OPRF.swift
[1477/1557] Compiling CryptoExtras OPRFClient.swift
[1478/1557] Compiling CryptoExtras OPRFServer.swift
[1479/1557] Compiling CryptoExtras VOPRF+API.swift
[1480/1557] Compiling CryptoExtras VOPRFClient.swift
[1481/1557] Compiling CryptoExtras VOPRFServer.swift
[1482/1557] Compiling CryptoExtras BoringSSLPassphraseCallbackManager.swift
[1483/1557] Compiling CryptoExtras RSA+BlindSigning.swift
[1484/1557] Compiling CryptoExtras RSA.swift
[1485/1557] Compiling CryptoExtras RSA_boring.swift
[1486/1557] Compiling CryptoExtras Reexport.swift
[1487/1557] Compiling CryptoExtras Zeroization_boring.swift
[1488/1557] Compiling CryptoExtras BoringSSLHelpers.swift
[1489/1557] Compiling CryptoExtras CryptoKitErrors_boring.swift
[1490/1557] Compiling CryptoExtras ARCServer.swift
[1491/1557] Compiling CryptoExtras ChaCha20CTR_boring.swift
[1492/1557] Compiling CryptoExtras ChaCha20CTR.swift
[1493/1557] Compiling CryptoExtras BoringSSLSHA512256Context.swift
[1494/1557] Compiling CryptoExtras BoringSSLSHA512256HashFunction.swift
[1495/1557] Compiling CryptoExtras SHA512256.swift
[1496/1557] Compiling CryptoExtras SHA512256Digest.swift
[1497/1557] Compiling CryptoExtras Curve25519+PEM.swift
[1498/1557] Compiling CryptoExtras ObjectIdentifier.swift
[1508/1558] Wrapping AST for CryptoExtras for debugging
[1510/1560] Emitting module _CryptoExtras
[1511/1560] Compiling _CryptoExtras Exports.swift
[1512/1561] Wrapping AST for _CryptoExtras for debugging
[1514/1656] Compiling X509 StateOrProvinceName.swift
[1515/1656] Compiling X509 StreetAddress.swift
[1516/1656] Compiling X509 Error.swift
[1517/1656] Compiling X509 AuthorityInformationAccess.swift
[1518/1656] Compiling X509 AuthorityKeyIdentifier.swift
[1519/1656] Compiling X509 BasicConstraints.swift
[1520/1656] Compiling X509 ExtendedKeyUsage.swift
[1521/1656] Compiling X509 ExtensionIdentifiers.swift
[1522/1656] Compiling X509 KeyUsage.swift
[1523/1656] Emitting module NIOCore
[1524/1660] Wrapping AST for NIOCore for debugging
[1526/1714] Compiling NIOFoundationEssentialsCompat Codable+ByteBuffer.swift
[1527/1714] Emitting module NIOEmbedded
[1528/1714] Compiling NIOEmbedded AsyncTestingChannel.swift
[1529/1714] Compiling NIOFoundationEssentialsCompat ByteBuffer-foundation.swift
[1530/1714] Emitting module NIOFoundationEssentialsCompat
[1531/1715] Wrapping AST for NIOFoundationEssentialsCompat for debugging
[1533/1715] Compiling NIOEmbedded Embedded.swift
[1534/1715] Compiling NIOEmbedded AsyncTestingEventLoop.swift
[1535/1716] Wrapping AST for NIOEmbedded for debugging
[1537/1716] Compiling NIOPosix BSDSocketAPICommon.swift
[1538/1716] Compiling NIOPosix BSDSocketAPIPosix.swift
[1539/1716] Compiling NIOPosix BSDSocketAPIWindows.swift
[1540/1716] Compiling NIOPosix BaseSocket.swift
[1541/1716] Compiling NIOPosix BaseSocketChannel+AccessibleTransport.swift
[1542/1716] Compiling NIOPosix BaseSocketChannel+SocketOptionProvider.swift
[1543/1716] Compiling NIOPosix BaseSocketChannel.swift
[1544/1716] Compiling NIOPosix BaseStreamSocketChannel.swift
[1545/1716] Compiling NIOPosix Bootstrap.swift
[1546/1716] Compiling NIOPosix ControlMessage.swift
[1547/1716] Compiling NIOPosix DatagramVectorReadManager.swift
[1548/1716] Compiling NIOPosix Errors+Any.swift
[1549/1716] Compiling NIOPosix FileDescriptor.swift
[1550/1729] Compiling X509 CSRAttribute.swift
[1551/1729] Compiling X509 CSRAttributes.swift
[1552/1729] Compiling X509 CSRVersion.swift
[1553/1729] Compiling X509 CertificateSigningRequest.swift
[1554/1729] Compiling X509 CertificationRequestInfo.swift
[1555/1729] Compiling X509 ExtensionRequest.swift
[1556/1729] Compiling X509 Certificate.swift
[1557/1729] Compiling X509 CertificatePrivateKey.swift
[1558/1729] Compiling X509 CertificatePublicKey.swift
[1559/1729] Compiling X509 CertificateSerialNumber.swift
[1560/1729] Compiling X509 CertificateVersion.swift
[1561/1729] Compiling X509 CMSAttribute.swift
[1562/1729] Compiling X509 CMSContentInfo.swift
[1563/1729] Compiling X509 CMSEncapsulatedContentInfo.swift
[1564/1729] Compiling X509 OneOfPolicies.swift
[1565/1729] Compiling X509 PolicyBuilder.swift
[1566/1729] Compiling X509 BasicConstraintsPolicy.swift
[1567/1729] Compiling X509 DNSNames.swift
[1568/1729] Compiling X509 ExpiryPolicy.swift
[1569/1729] Compiling X509 IPConstraints.swift
[1570/1729] Compiling X509 NameConstraintsPolicy.swift
[1571/1729] Compiling X509 RFC5280Policy.swift
[1572/1729] Compiling X509 URIConstraints.swift
[1573/1729] Compiling X509 VersionPolicy.swift
[1574/1729] Compiling X509 ServerIdentityPolicy.swift
[1575/1729] Compiling X509 TrustRootLoading.swift
[1576/1729] Compiling X509 UnverifiedChain.swift
[1577/1729] Compiling X509 CMSIssuerAndSerialNumber.swift
[1578/1729] Compiling X509 CMSOperations.swift
[1579/1729] Compiling X509 CMSSignature.swift
[1580/1729] Compiling X509 CMSSignedData.swift
[1581/1729] Compiling X509 CMSSignerIdentifier.swift
[1582/1729] Compiling X509 CMSSignerInfo.swift
[1583/1729] Compiling X509 CMSVersion.swift
[1584/1729] Compiling X509 Curve25519+DER.swift
[1585/1729] Compiling X509 CustomPrivateKey.swift
[1586/1729] Compiling X509 Digests.swift
[1587/1729] Compiling X509 DistinguishedName.swift
[1588/1729] Compiling X509 CommonName.swift
[1589/1729] Compiling X509 CountryName.swift
[1590/1729] Compiling X509 DNBuilder.swift
[1591/1729] Compiling NIOPosix SelectorKqueue.swift
[1592/1729] Compiling NIOPosix SelectorUring.swift
[1593/1729] Compiling NIOPosix SelectorWSAPoll.swift
[1594/1729] Compiling NIOPosix ServerSocket.swift
[1595/1729] Compiling NIOPosix Socket.swift
[1596/1729] Compiling NIOPosix SocketChannel.swift
[1597/1729] Compiling NIOPosix SocketProtocols.swift
[1598/1729] Compiling NIOPosix StructuredConcurrencyHelpers.swift
[1599/1729] Compiling NIOPosix System.swift
[1600/1729] Compiling X509 OCSPSingleRequest.swift
[1601/1729] Compiling X509 OCSPSingleResponse.swift
[1602/1729] Compiling X509 OCSPTBSRequest.swift
[1603/1729] Compiling X509 OCSPVersion.swift
[1604/1729] Compiling NIOPosix LinuxUring.swift
[1605/1729] Compiling NIOPosix PipeChannel.swift
[1606/1729] Compiling NIOPosix PipePair.swift
[1607/1729] Compiling NIOPosix Pool.swift
[1608/1729] Compiling NIOPosix PosixSingletons+ConcurrencyTakeOver.swift
[1609/1729] Compiling NIOPosix PosixSingletons.swift
[1610/1729] Compiling NIOPosix RawSocketBootstrap.swift
[1611/1729] Compiling NIOPosix Resolver.swift
[1612/1729] Compiling NIOPosix Selectable.swift
[1613/1729] Compiling NIOPosix SelectableChannel.swift
[1614/1729] Compiling NIOPosix SelectableEventLoop.swift
[1615/1729] Compiling NIOPosix SelectorEpoll.swift
[1616/1729] Compiling NIOPosix SelectorGeneric.swift
[1617/1729] Compiling NIOPosix GetaddrinfoResolver.swift
[1618/1729] Compiling NIOPosix MultiThreadedEventLoopGroup.swift
[1619/1729] Compiling NIOPosix NIOPosixSendableMetatype.swift
[1620/1729] Compiling NIOPosix NIORandomizedDNSResolver.swift
[1621/1729] Compiling NIOPosix NIOThreadPool.swift
[1622/1729] Compiling NIOPosix NonBlockingFileIO.swift
[1623/1729] Compiling NIOPosix PendingDatagramWritesManager.swift
[1624/1729] Compiling NIOPosix PendingWritesManager.swift
[1625/1729] Compiling NIOPosix HappyEyeballs.swift
[1626/1729] Compiling NIOPosix IO.swift
[1627/1729] Compiling NIOPosix IntegerBitPacking.swift
[1628/1729] Compiling NIOPosix IntegerTypes.swift
[1629/1729] Compiling NIOPosix Linux.swift
[1630/1729] Compiling NIOPosix LinuxCPUSet.swift
[1631/1729] Emitting module NIOPosix
[1667/1736] Compiling NIOPosix Thread.swift
[1668/1736] Compiling NIOPosix ThreadPosix.swift
[1669/1736] Compiling NIOPosix ThreadWindows.swift
[1670/1736] Compiling NIOPosix Utilities.swift
[1671/1736] Compiling NIOPosix VsockAddress.swift
[1672/1736] Compiling NIOPosix VsockChannelEvents.swift
[1673/1736] Compiling NIOPosix Windows.swift
[1674/1736] Emitting module X509
[1689/1737] Wrapping AST for NIOPosix for debugging
[1691/1739] Compiling NIO Exports.swift
[1692/1739] Emitting module NIO
[1693/1740] Wrapping AST for NIO for debugging
[1695/1779] Compiling NIOFoundationCompat JSONSerialization+ByteBuffer.swift
[1696/1779] Compiling NIOTLS TLSEvents.swift
[1697/1779] Compiling NIOSOCKS SelectedAuthenticationMethod.swift
[1698/1780] Compiling NIOFoundationCompat Exports.swift
[1699/1780] Compiling NIOTLS ApplicationProtocolNegotiationHandler.swift
[1700/1780] Emitting module NIOFoundationCompat
[1701/1780] Compiling NIOFoundationCompat WaitSpinningRunLoop.swift
[1702/1780] Emitting module NIOTLS
[1704/1781] Compiling NIOSOCKS ClientStateMachine.swift
[1704/1781] Wrapping AST for NIOFoundationCompat for debugging
[1706/1781] Emitting module NIOSOCKS
[1707/1781] Compiling NIOSOCKS SOCKSResponse.swift
[1708/1781] Compiling NIOSOCKS SOCKSClientHandler.swift
[1709/1781] Compiling NIOSOCKS SOCKSServerHandshakeHandler.swift
[1710/1781] Compiling NIOSOCKS AuthenticationMethod.swift
[1711/1781] Compiling NIOSOCKS ClientGreeting.swift
[1712/1781] Compiling NIOSOCKS Messages.swift
[1713/1781] Compiling NIOSOCKS SOCKSRequest.swift
[1714/1781] Compiling NIOSOCKS Errors.swift
[1715/1781] Compiling NIOSOCKS Helpers.swift
[1716/1781] Compiling NIOSOCKS ServerStateMachine.swift
[1718/1782] Compiling NIOTLS NIOTypedApplicationProtocolNegotiationHandler.swift
[1719/1782] Compiling NIOTLS SNIHandler.swift
[1720/1782] Compiling NIOTLS ProtocolNegotiationHandlerStateMachine.swift
[1721/1783] Wrapping AST for NIOSOCKS for debugging
[1722/1783] Wrapping AST for NIOTLS for debugging
[1724/1813] Emitting module NIOHTTP1
[1725/1813] Compiling NIOSSL SSLConnection.swift
[1726/1813] Compiling NIOSSL LinuxCABundle.swift
[1727/1813] Compiling NIOSSL SSLCertificateExtensions.swift
[1728/1813] Compiling NIOSSL SSLCertificateName.swift
[1729/1813] Compiling NIOSSL SafeCompare.swift
[1730/1813] Compiling NIOSSL SSLCertificate.swift
[1731/1813] Compiling NIOSSL NIOSSLClientHandler.swift
[1732/1813] Compiling NIOSSL NIOSSLHandler+Configuration.swift
[1733/1813] Compiling NIOSSL NIOSSLHandler.swift
[1734/1815] Compiling X509 ValidatedCertificateChain.swift
[1735/1815] Compiling X509 VerificationDiagnostic.swift
[1736/1815] Compiling X509 Verifier.swift
[1737/1815] Compiling X509 VerifierPolicy.swift
[1738/1815] Compiling X509 AlgorithmIdentifier.swift
[1739/1815] Compiling X509 ECDSASignature.swift
[1740/1815] Compiling X509 RSAPKCS1PublicKey.swift
[1741/1815] Compiling X509 SubjectPublicKeyInfo.swift
[1742/1815] Compiling X509 TBSCertificate.swift
[1743/1815] Compiling X509 Time.swift
[1744/1815] Compiling X509 TimeCalculations.swift
[1745/1815] Compiling X509 Validity.swift
[1746/1815] Compiling X509 X509SendableMetatype.swift
[1747/1816] Wrapping AST for X509 for debugging
[1749/1883] Compiling JWTKit JWTHeader+CommonFields.swift
[1750/1883] Compiling JWTKit JWTHeader.swift
[1751/1883] Compiling JWTKit JWTHeaderField.swift
[1752/1883] Compiling JWTKit JWTKeyCollection.swift
[1753/1883] Compiling JWTKit JWTParser+MandatoryVerificationFields.swift
[1754/1883] Compiling JWTKit JWTParser.swift
[1755/1883] Compiling JWTKit AudienceClaim.swift
[1756/1883] Compiling JWTKit BoolClaim.swift
[1757/1883] Compiling JWTKit ExpirationClaim.swift
[1758/1883] Compiling JWTKit MLDSAType.swift
[1759/1883] Compiling JWTKit JWTKeyCollection+UnsecuredNone.swift
[1760/1883] Compiling JWTKit UnsecuredNoneSigner.swift
[1761/1883] Compiling JWTKit JWTKeyCollection+RSA.swift
[1762/1883] Compiling JWTKit RSA.swift
[1763/1883] Compiling JWTKit RSAError.swift
[1764/1883] Compiling JWTKit RSASigner.swift
[1765/1883] Compiling JWTKit Base64URL.swift
[1766/1883] Compiling JWTKit CryptoSigner.swift
[1768/1893] Compiling JWTKit ECDSASigningAlgorithm.swift
[1769/1893] Compiling JWTKit JWTKeyCollection+ECDSA.swift
[1770/1893] Compiling JWTKit P256+CurveType.swift
[1771/1893] Compiling JWTKit P384+CurveType.swift
[1772/1893] Compiling JWTKit P521+CurveType.swift
[1773/1893] Compiling JWTKit EdDSA.swift
[1774/1893] Compiling JWTKit EdDSACurve.swift
[1775/1893] Compiling JWTKit EdDSAError.swift
[1776/1893] Compiling JWTKit EdDSASigner.swift
[1777/1893] Compiling JWTKit JWTKeyCollection+EdDSA.swift
[1778/1893] Compiling JWTKit JWTSerializer.swift
[1779/1893] Compiling JWTKit JWTSigner.swift
[1780/1893] Compiling JWTKit JWTKeyCollection+MLDSA.swift
[1781/1893] Compiling JWTKit MLDSA.swift
[1782/1893] Compiling JWTKit MLDSA65+MLDSAKey.swift
[1783/1893] Compiling JWTKit MLDSA87+MLDSAKey.swift
[1784/1893] Compiling JWTKit MLDSAError.swift
[1785/1893] Compiling JWTKit MLDSAKey.swift
[1786/1893] Compiling JWTKit MLDSASigner.swift
[1786/1896] Wrapping AST for NIOHTTP1 for debugging
[1788/1910] Emitting module NIOSSL
[1789/1914] Emitting module JWTKit
[1790/1914] Compiling JWTKit LocaleClaim.swift
[1791/1914] Compiling JWTKit NotBeforeClaim.swift
[1792/1914] Compiling JWTKit SubjectClaim.swift
[1793/1914] Compiling JWTKit TenantIDClaim.swift
[1794/1914] Compiling JWTKit ECDSA.swift
[1795/1914] Compiling JWTKit ECDSACurve.swift
[1796/1914] Compiling JWTKit ECDSACurveType.swift
[1797/1914] Compiling JWTKit ECDSAError.swift
[1798/1914] Compiling JWTKit ECDSAKeyTypes.swift
[1799/1914] Compiling JWTKit ECDSASigner.swift
[1800/1914] Compiling NIOHPACK IndexedHeaderTable.swift
[1801/1914] Compiling NIOHPACK IntegerCoding.swift
[1802/1915] Compiling JWTKit HMAC.swift
[1803/1915] Compiling JWTKit HMACError.swift
[1804/1915] Compiling JWTKit HMACSigner.swift
[1805/1915] Compiling JWTKit JWTKeyCollection+HMAC.swift
[1806/1915] Compiling JWTKit Insecure.swift
[1807/1915] Compiling JWTKit JWK.swift
[1808/1915] Compiling JWTKit JWKIdentifier.swift
[1809/1915] Compiling JWTKit JWKS.swift
[1810/1915] Compiling JWTKit JWKSigner.swift
[1811/1915] Compiling NIOHPACK DynamicHeaderTable.swift
[1812/1915] Compiling NIOHPACK HPACKDecoder.swift
[1815/1915] Compiling NIOHPACK HPACKEncoder.swift
[1816/1915] Compiling NIOHPACK HPACKErrors.swift
[1817/1915] Compiling NIOHPACK HPACKHeader.swift
[1818/1915] Compiling NIOHPACK HeaderTables.swift
[1819/1915] Compiling JWTKit IssuerClaim.swift
[1820/1915] Compiling JWTKit JWTClaim.swift
[1821/1915] Compiling JWTKit JWTMultiValueClaim.swift
[1822/1915] Compiling JWTKit JWTUnixEpochClaim.swift
[1823/1915] Compiling JWTKit JWTAlgorithm.swift
[1824/1915] Compiling JWTKit JWTError.swift
[1831/1915] Compiling JWTKit JWTPayload.swift
[1836/1915] Compiling NIOHPACK HuffmanTables.swift
[1837/1915] Compiling NIOHPACK StaticHeaderTable.swift
[1838/1915] Compiling NIOHTTPCompression HTTPCompression.swift
[1839/1915] Emitting module NIOHTTPCompression
[1840/1915] Compiling NIOHTTPCompression HTTPDecompression.swift
[1841/1915] Compiling NIOHTTPCompression HTTPResponseCompressor.swift
[1842/1915] Compiling NIOHTTPCompression HTTPRequestCompressor.swift
[1843/1915] Compiling NIOHTTPCompression HTTPDecompressor.swift
[1846/1916] Emitting module NIOHPACK
[1848/1916] Compiling NIOHPACK HuffmanCoding.swift
[1865/1916] Wrapping AST for NIOHTTPCompression for debugging
[1877/1917] Wrapping AST for NIOHPACK for debugging
[1879/1955] Compiling JWTKit CustomizedJSONCoders.swift
[1880/1955] Compiling JWTKit Utilities.swift
[1881/1955] Compiling JWTKit AppleIdentityToken.swift
[1882/1955] Compiling JWTKit FirebaseAuthIdentityToken.swift
[1883/1955] Compiling JWTKit GoogleIdentityToken.swift
[1884/1955] Compiling JWTKit MicrosoftIdentityToken.swift
[1885/1955] Compiling JWTKit EmptyPolicy.swift
[1886/1955] Compiling JWTKit ValidationTimePayload.swift
[1887/1955] Compiling JWTKit X5CVerifier.swift
[1888/1981] Wrapping AST for JWTKit for debugging
[1890/1981] Compiling NIOHTTP2 SendingHeadersState.swift
[1891/1981] Compiling NIOHTTP2 SendingPushPromiseState.swift
[1892/1981] Compiling NIOHTTP2 SendingRstStreamState.swift
[1893/1981] Compiling NIOHTTP2 SendingWindowUpdateState.swift
[1894/1982] Wrapping AST for NIOSSL for debugging
[1896/1982] Compiling NIOHTTP2 HTTP2StreamMultiplexer.swift
[1897/1982] Compiling NIOHTTP2 HTTP2ToHTTP1Codec.swift
[1898/1982] Compiling NIOHTTP2 HTTP2UserEvents.swift
[1899/1982] Compiling NIOHTTP2 InboundEventBuffer.swift
[1900/1982] Compiling NIOHTTP2 InboundWindowManager.swift
[1901/1982] Compiling NIOHTTP2 MultiplexerAbstractChannel.swift
[1902/1982] Compiling NIOHTTP2 NIOHTTP2FrameDelegate.swift
[1903/1982] Compiling NIOHTTP2 NIOHTTP2ServerConnectionManagementHandler+StateMachine.swift
[1904/1990] Compiling NIOHTTP2 NIOHTTP2ServerConnectionManagementHandler.swift
[1905/1990] Compiling NIOHTTP2 StreamChannelFlowController.swift
[1906/1990] Compiling NIOHTTP2 StreamChannelList.swift
[1907/1990] Compiling NIOHTTP2 StreamMap.swift
[1908/1990] Compiling NIOHTTP2 StreamStateMachine.swift
[1909/1990] Compiling NIOHTTP2 Timer.swift
[1910/1990] Compiling NIOHTTP2 UnsafeTransfer.swift
[1911/1990] Compiling NIOHTTP2 WatermarkedFlowController.swift
[1912/1990] Emitting module NIOHTTP2
[1913/1990] Compiling NIOHTTP2 MaySendFrames.swift
[1914/1990] Compiling NIOHTTP2 SendingDataState.swift
[1915/1990] Compiling NIOHTTP2 SendingGoawayState.swift
[1920/1990] Compiling NIOHTTP2 HTTP2SettingsState.swift
[1921/1990] Compiling NIOHTTP2 HasExtendedConnectSettings.swift
[1922/1990] Compiling NIOHTTP2 HTTP2FrameParser.swift
[1923/1990] Compiling NIOHTTP2 HTTP2PingData.swift
[1924/1990] Compiling NIOHTTP2 HTTP2PipelineHelpers.swift
[1925/1990] Compiling NIOHTTP2 HTTP2Settings.swift
[1926/1990] Compiling NIOHTTP2 HTTP2Stream.swift
[1927/1990] Compiling NIOHTTP2 HTTP2StreamChannel+OutboundStreamMultiplexer.swift
[1928/1990] Compiling NIOHTTP2 HTTP2StreamChannel.swift
[1929/1990] Compiling NIOHTTP2 HTTP2StreamDelegate.swift
[1930/1990] Compiling NIOHTTP2 HTTP2StreamID.swift
[1931/1990] Compiling NIOHTTP2 HasFlowControlWindows.swift
[1932/1990] Compiling NIOHTTP2 HasLocalSettings.swift
[1933/1990] Compiling NIOHTTP2 HasRemoteSettings.swift
[1934/1990] Compiling NIOHTTP2 LocallyQuiescingState.swift
[1935/1990] Compiling NIOHTTP2 QuiescingState.swift
[1936/1990] Compiling NIOHTTP2 RemotelyQuiescingState.swift
[1937/1990] Compiling NIOHTTP2 SendAndReceiveGoawayState.swift
[1938/1990] Compiling NIOHTTP2 StateMachineResult.swift
[1939/1990] Compiling NIOHTTP2 ContentLengthVerifier.swift
[1940/1990] Compiling NIOHTTP2 DOSHeuristics.swift
[1941/1990] Compiling NIOHTTP2 Error+Any.swift
[1942/1990] Compiling NIOHTTP2 ConcurrentStreamBuffer.swift
[1943/1990] Compiling NIOHTTP2 ControlFrameBuffer.swift
[1944/1990] Compiling NIOHTTP2 OutboundFlowControlBuffer.swift
[1945/1990] Compiling NIOHTTP2 OutboundFrameBuffer.swift
[1946/1990] Compiling NIOHTTP2 GlitchesMonitor.swift
[1947/1990] Compiling NIOHTTP2 HPACKHeaders+Validation.swift
[1948/1990] Compiling NIOHTTP2 HTTP2ChannelHandler+InboundStreamMultiplexer.swift
[1949/1990] Compiling NIOHTTP2 ConnectionStateMachine.swift
[1950/1990] Compiling NIOHTTP2 ConnectionStreamsState.swift
[1951/1990] Compiling NIOHTTP2 MayReceiveFrames.swift
[1952/1990] Compiling NIOHTTP2 ReceivingDataState.swift
[1953/1990] Compiling NIOHTTP2 ReceivingGoAwayState.swift
[1954/1990] Compiling NIOHTTP2 ReceivingHeadersState.swift
[1955/1990] Compiling NIOHTTP2 ReceivingPushPromiseState.swift
[1956/1990] Compiling NIOHTTP2 ReceivingRstStreamState.swift
[1957/1990] Compiling NIOHTTP2 ReceivingWindowUpdateState.swift
[1958/1990] Compiling NIOHTTP2 HTTP2ChannelHandler+InlineStreamMultiplexer.swift
[1959/1990] Compiling NIOHTTP2 HTTP2ChannelHandler.swift
[1960/1990] Compiling NIOHTTP2 HTTP2CommonInboundStreamMultiplexer.swift
[1961/1990] Compiling NIOHTTP2 HTTP2ConnectionStateChange.swift
[1962/1990] Compiling NIOHTTP2 HTTP2Error.swift
[1963/1990] Compiling NIOHTTP2 HTTP2ErrorCode.swift
[1964/1990] Compiling NIOHTTP2 HTTP2FlowControlWindow.swift
[1965/1990] Compiling NIOHTTP2 HTTP2Frame.swift
[1966/1990] Compiling NIOHTTP2 HTTP2FrameEncoder.swift
[1967/1991] Wrapping AST for NIOHTTP2 for debugging
[1969/2055] Compiling AsyncHTTPClient AnyAsyncSequence.swift
[1970/2055] Compiling AsyncHTTPClient AnyAsyncSequenceProucerDelete.swift
[1971/2055] Compiling AsyncHTTPClient AsyncLazySequence.swift
[1972/2055] Compiling AsyncHTTPClient HTTPClient+execute.swift
[1973/2055] Compiling AsyncHTTPClient HTTPClient+shutdown.swift
[1974/2055] Compiling AsyncHTTPClient HTTPClient+tracing.swift
[1975/2055] Compiling AsyncHTTPClient HTTPClientRequest+Prepared.swift
[1976/2055] Compiling AsyncHTTPClient HTTPClientRequest+auth.swift
[1977/2055] Compiling AsyncHTTPClient HTTPClientRequest.swift
[1978/2063] Emitting module AsyncHTTPClient
[1979/2063] Compiling AsyncHTTPClient HTTPClientResponse.swift
[1980/2063] Compiling AsyncHTTPClient SingleIteratorPrecondition.swift
[1981/2063] Compiling AsyncHTTPClient Transaction+StateMachine.swift
[1982/2063] Compiling AsyncHTTPClient Transaction.swift
[1983/2063] Compiling AsyncHTTPClient Base64.swift
[1984/2063] Compiling AsyncHTTPClient BasicAuth.swift
[1985/2063] Compiling AsyncHTTPClient BestEffortHashableTLSConfiguration.swift
[1986/2063] Compiling AsyncHTTPClient Configuration+BrowserLike.swift
[1987/2063] Compiling AsyncHTTPClient ConnectionPool.swift
[1988/2063] Compiling AsyncHTTPClient HTTP1ProxyConnectHandler.swift
[1989/2063] Compiling AsyncHTTPClient SOCKSEventsHandler.swift
[1990/2063] Compiling AsyncHTTPClient TLSEventsHandler.swift
[1991/2063] Compiling AsyncHTTPClient HTTP1ClientChannelHandler.swift
[1992/2063] Compiling AsyncHTTPClient HTTP1Connection.swift
[1993/2063] Compiling AsyncHTTPClient HTTP1ConnectionStateMachine.swift
[1994/2063] Compiling AsyncHTTPClient HTTP2ClientRequestHandler.swift
[1995/2063] Compiling AsyncHTTPClient HTTP2Connection.swift
[1996/2063] Compiling AsyncHTTPClient HTTP2IdleHandler.swift
[1997/2063] Compiling AsyncHTTPClient HTTPConnectionEvent.swift
[1998/2063] Compiling AsyncHTTPClient HTTPConnectionPool+Factory.swift
[1999/2063] Compiling AsyncHTTPClient HTTPConnectionPool+Manager.swift
[2000/2063] Compiling AsyncHTTPClient HTTPConnectionPool.swift
[2001/2063] Compiling AsyncHTTPClient HTTPExecutableRequest.swift
[2002/2063] Compiling AsyncHTTPClient HTTPRequestStateMachine+Demand.swift
[2003/2063] Compiling AsyncHTTPClient HTTPRequestStateMachine.swift
[2004/2063] Compiling AsyncHTTPClient RequestBodyLength.swift
[2005/2063] Compiling AsyncHTTPClient RequestFramingMetadata.swift
[2006/2063] Compiling AsyncHTTPClient RequestValidation.swift
[2007/2063] Compiling AsyncHTTPClient SSLContextCache.swift
[2008/2063] Compiling AsyncHTTPClient Scheme.swift
[2009/2063] Compiling AsyncHTTPClient Singleton.swift
[2010/2063] Compiling AsyncHTTPClient StringConvertibleInstances.swift
[2011/2063] Compiling AsyncHTTPClient StructuredConcurrencyHelpers.swift
[2012/2063] Compiling AsyncHTTPClient TracingSupport.swift
[2013/2063] Compiling AsyncHTTPClient Utils.swift
[2014/2063] Compiling AsyncHTTPClient RequestOptions.swift
[2015/2063] Compiling AsyncHTTPClient HTTPConnectionPool+Backoff.swift
[2016/2063] Compiling AsyncHTTPClient HTTPConnectionPool+HTTP1Connections.swift
[2017/2063] Compiling AsyncHTTPClient HTTPConnectionPool+HTTP1StateMachine.swift
[2018/2063] Compiling AsyncHTTPClient HTTPConnectionPool+HTTP2Connections.swift
[2019/2063] Compiling AsyncHTTPClient HTTPConnectionPool+HTTP2StateMachine.swift
[2020/2063] Compiling AsyncHTTPClient HTTPConnectionPool+RequestQueue.swift
[2021/2063] Compiling AsyncHTTPClient HTTPConnectionPool+StateMachine.swift
[2022/2063] Compiling AsyncHTTPClient ConnectionTarget.swift
[2023/2063] Compiling AsyncHTTPClient LRUCache.swift
[2024/2063] Compiling AsyncHTTPClient NIOLoopBound+Execute.swift
[2025/2063] Compiling AsyncHTTPClient NWErrorHandler.swift
[2026/2063] Compiling AsyncHTTPClient NWWaitingHandler.swift
[2027/2063] Compiling AsyncHTTPClient TLSConfiguration.swift
[2028/2063] Compiling AsyncHTTPClient RedirectState.swift
[2029/2063] Compiling AsyncHTTPClient RequestBag+StateMachine.swift
[2030/2063] Compiling AsyncHTTPClient RequestBag+Tracing.swift
[2031/2063] Compiling AsyncHTTPClient RequestBag.swift
[2032/2063] Compiling AsyncHTTPClient DeconstructedURL.swift
[2033/2063] Compiling AsyncHTTPClient FileDownloadDelegate.swift
[2034/2063] Compiling AsyncHTTPClient FoundationExtensions.swift
[2035/2063] Compiling AsyncHTTPClient HTTPClient+HTTPCookie.swift
[2036/2063] Compiling AsyncHTTPClient HTTPClient+Proxy.swift
[2037/2063] Compiling AsyncHTTPClient HTTPClient+StructuredConcurrency.swift
[2038/2063] Compiling AsyncHTTPClient HTTPClient.swift
[2039/2063] Compiling AsyncHTTPClient HTTPClientConfiguration+SwiftConfiguration.swift
[2040/2063] Compiling AsyncHTTPClient HTTPHandler.swift
[2041/2064] Wrapping AST for AsyncHTTPClient for debugging
[2043/2087] Emitting module GoogleAuth
[2044/2090] Compiling GoogleAuth SubjectTokenProvider.swift
[2045/2090] Compiling GoogleAuth MDSAccessTokenProvider.swift
[2046/2090] Compiling GoogleAuth MDSCredentials.swift
[2047/2090] Compiling GoogleAuth ServiceAccountCredentials.swift
[2048/2090] Compiling GoogleAuth ServiceAccountData.swift
[2049/2090] Compiling GoogleAuth ServiceAccountTokenProvider.swift
[2050/2090] Compiling GoogleAuth ADC.swift
[2051/2090] Compiling GoogleAuth ADCPath.swift
[2052/2090] Compiling GoogleAuth ADCResolver.swift
[2053/2090] Compiling GoogleAuth AuthHeaders.swift
[2054/2090] Compiling GoogleAuth AnonymousCredentials.swift
[2055/2090] Compiling GoogleAuth ApiKeyCredentials.swift
[2056/2090] Compiling GoogleAuth ExternalAccountCredentials.swift
[2057/2090] Compiling GoogleAuth CredentialParserRegistry.swift
[2058/2090] Compiling GoogleAuth Credentials.swift
[2059/2090] Compiling GoogleAuth CredentialsError.swift
[2060/2090] Compiling GoogleAuth AuthHTTPClient.swift
[2061/2090] Compiling GoogleAuth AuthHTTPError.swift
[2062/2090] Compiling GoogleAuth RetryEngine.swift
[2063/2090] Compiling GoogleAuth UserAccountData.swift
[2064/2090] Compiling GoogleAuth UserAccountTokenProvider.swift
[2065/2090] Compiling GoogleAuth UserCredentials.swift
[2066/2090] Compiling GoogleAuth STSHandler.swift
[2067/2090] Compiling GoogleAuth TokenCache.swift
[2068/2090] Compiling GoogleAuth PackageVersion.swift
[2069/2091] Wrapping AST for GoogleAuth for debugging
[2071/2149] Emitting module GoogleGax
[2072/2157] Compiling GoogleGax Pagination.swift
/host/spi-builder-workspace/.build/checkouts/swift-google-gax/Sources/GoogleGax/Pagination.swift:44:22: error: cannot convert '@Sendable (String) async throws -> (response: ResponseType, items: [Item], nextToken: String)' to 'nonisolated(nonsending) @Sendable (String) async throws -> (response: ResponseType, items: [Item], nextToken: String)' because crossing of an isolation boundary requires parameter and result types to conform to 'Sendable' protocol
 42 |   ) where ResponseType: _PaginatedResponse<Item> {
 43 |     self.initialPageToken = initialPageToken ?? ""
 44 |     self.fetchPage = { token in
    |                      |- error: cannot convert '@Sendable (String) async throws -> (response: ResponseType, items: [Item], nextToken: String)' to 'nonisolated(nonsending) @Sendable (String) async throws -> (response: ResponseType, items: [Item], nextToken: String)' because crossing of an isolation boundary requires parameter and result types to conform to 'Sendable' protocol
    |                      `- note: type 'Item' does not conform to 'Sendable' protocol
 45 |       let response = try await listRpc(token)
 46 |       return (response, response._getPaginatedItems(), response._nextPageToken())
[2073/2157] Compiling GoogleGax PollingBackoffPolicy.swift
/host/spi-builder-workspace/.build/checkouts/swift-google-gax/Sources/GoogleGax/Pagination.swift:44:22: error: cannot convert '@Sendable (String) async throws -> (response: ResponseType, items: [Item], nextToken: String)' to 'nonisolated(nonsending) @Sendable (String) async throws -> (response: ResponseType, items: [Item], nextToken: String)' because crossing of an isolation boundary requires parameter and result types to conform to 'Sendable' protocol
 42 |   ) where ResponseType: _PaginatedResponse<Item> {
 43 |     self.initialPageToken = initialPageToken ?? ""
 44 |     self.fetchPage = { token in
    |                      |- error: cannot convert '@Sendable (String) async throws -> (response: ResponseType, items: [Item], nextToken: String)' to 'nonisolated(nonsending) @Sendable (String) async throws -> (response: ResponseType, items: [Item], nextToken: String)' because crossing of an isolation boundary requires parameter and result types to conform to 'Sendable' protocol
    |                      `- note: type 'Item' does not conform to 'Sendable' protocol
 45 |       let response = try await listRpc(token)
 46 |       return (response, response._getPaginatedItems(), response._nextPageToken())
[2074/2157] Compiling GoogleGax PollingErrorPolicy.swift
/host/spi-builder-workspace/.build/checkouts/swift-google-gax/Sources/GoogleGax/Pagination.swift:44:22: error: cannot convert '@Sendable (String) async throws -> (response: ResponseType, items: [Item], nextToken: String)' to 'nonisolated(nonsending) @Sendable (String) async throws -> (response: ResponseType, items: [Item], nextToken: String)' because crossing of an isolation boundary requires parameter and result types to conform to 'Sendable' protocol
 42 |   ) where ResponseType: _PaginatedResponse<Item> {
 43 |     self.initialPageToken = initialPageToken ?? ""
 44 |     self.fetchPage = { token in
    |                      |- error: cannot convert '@Sendable (String) async throws -> (response: ResponseType, items: [Item], nextToken: String)' to 'nonisolated(nonsending) @Sendable (String) async throws -> (response: ResponseType, items: [Item], nextToken: String)' because crossing of an isolation boundary requires parameter and result types to conform to 'Sendable' protocol
    |                      `- note: type 'Item' does not conform to 'Sendable' protocol
 45 |       let response = try await listRpc(token)
 46 |       return (response, response._getPaginatedItems(), response._nextPageToken())
[2075/2157] Compiling GoogleGax PollingResult.swift
/host/spi-builder-workspace/.build/checkouts/swift-google-gax/Sources/GoogleGax/Pagination.swift:44:22: error: cannot convert '@Sendable (String) async throws -> (response: ResponseType, items: [Item], nextToken: String)' to 'nonisolated(nonsending) @Sendable (String) async throws -> (response: ResponseType, items: [Item], nextToken: String)' because crossing of an isolation boundary requires parameter and result types to conform to 'Sendable' protocol
 42 |   ) where ResponseType: _PaginatedResponse<Item> {
 43 |     self.initialPageToken = initialPageToken ?? ""
 44 |     self.fetchPage = { token in
    |                      |- error: cannot convert '@Sendable (String) async throws -> (response: ResponseType, items: [Item], nextToken: String)' to 'nonisolated(nonsending) @Sendable (String) async throws -> (response: ResponseType, items: [Item], nextToken: String)' because crossing of an isolation boundary requires parameter and result types to conform to 'Sendable' protocol
    |                      `- note: type 'Item' does not conform to 'Sendable' protocol
 45 |       let response = try await listRpc(token)
 46 |       return (response, response._getPaginatedItems(), response._nextPageToken())
[2076/2157] Compiling GoogleGax PollingState.swift
/host/spi-builder-workspace/.build/checkouts/swift-google-gax/Sources/GoogleGax/Pagination.swift:44:22: error: cannot convert '@Sendable (String) async throws -> (response: ResponseType, items: [Item], nextToken: String)' to 'nonisolated(nonsending) @Sendable (String) async throws -> (response: ResponseType, items: [Item], nextToken: String)' because crossing of an isolation boundary requires parameter and result types to conform to 'Sendable' protocol
 42 |   ) where ResponseType: _PaginatedResponse<Item> {
 43 |     self.initialPageToken = initialPageToken ?? ""
 44 |     self.fetchPage = { token in
    |                      |- error: cannot convert '@Sendable (String) async throws -> (response: ResponseType, items: [Item], nextToken: String)' to 'nonisolated(nonsending) @Sendable (String) async throws -> (response: ResponseType, items: [Item], nextToken: String)' because crossing of an isolation boundary requires parameter and result types to conform to 'Sendable' protocol
    |                      `- note: type 'Item' does not conform to 'Sendable' protocol
 45 |       let response = try await listRpc(token)
 46 |       return (response, response._getPaginatedItems(), response._nextPageToken())
[2077/2157] Compiling GoogleGax ProtobufConversionError.swift
/host/spi-builder-workspace/.build/checkouts/swift-google-gax/Sources/GoogleGax/Pagination.swift:44:22: error: cannot convert '@Sendable (String) async throws -> (response: ResponseType, items: [Item], nextToken: String)' to 'nonisolated(nonsending) @Sendable (String) async throws -> (response: ResponseType, items: [Item], nextToken: String)' because crossing of an isolation boundary requires parameter and result types to conform to 'Sendable' protocol
 42 |   ) where ResponseType: _PaginatedResponse<Item> {
 43 |     self.initialPageToken = initialPageToken ?? ""
 44 |     self.fetchPage = { token in
    |                      |- error: cannot convert '@Sendable (String) async throws -> (response: ResponseType, items: [Item], nextToken: String)' to 'nonisolated(nonsending) @Sendable (String) async throws -> (response: ResponseType, items: [Item], nextToken: String)' because crossing of an isolation boundary requires parameter and result types to conform to 'Sendable' protocol
    |                      `- note: type 'Item' does not conform to 'Sendable' protocol
 45 |       let response = try await listRpc(token)
 46 |       return (response, response._getPaginatedItems(), response._nextPageToken())
[2078/2157] Compiling GoogleGax QueryParameter.swift
/host/spi-builder-workspace/.build/checkouts/swift-google-gax/Sources/GoogleGax/Pagination.swift:44:22: error: cannot convert '@Sendable (String) async throws -> (response: ResponseType, items: [Item], nextToken: String)' to 'nonisolated(nonsending) @Sendable (String) async throws -> (response: ResponseType, items: [Item], nextToken: String)' because crossing of an isolation boundary requires parameter and result types to conform to 'Sendable' protocol
 42 |   ) where ResponseType: _PaginatedResponse<Item> {
 43 |     self.initialPageToken = initialPageToken ?? ""
 44 |     self.fetchPage = { token in
    |                      |- error: cannot convert '@Sendable (String) async throws -> (response: ResponseType, items: [Item], nextToken: String)' to 'nonisolated(nonsending) @Sendable (String) async throws -> (response: ResponseType, items: [Item], nextToken: String)' because crossing of an isolation boundary requires parameter and result types to conform to 'Sendable' protocol
    |                      `- note: type 'Item' does not conform to 'Sendable' protocol
 45 |       let response = try await listRpc(token)
 46 |       return (response, response._getPaginatedItems(), response._nextPageToken())
[2079/2157] Compiling GoogleGax RequestError.swift
/host/spi-builder-workspace/.build/checkouts/swift-google-gax/Sources/GoogleGax/Pagination.swift:44:22: error: cannot convert '@Sendable (String) async throws -> (response: ResponseType, items: [Item], nextToken: String)' to 'nonisolated(nonsending) @Sendable (String) async throws -> (response: ResponseType, items: [Item], nextToken: String)' because crossing of an isolation boundary requires parameter and result types to conform to 'Sendable' protocol
 42 |   ) where ResponseType: _PaginatedResponse<Item> {
 43 |     self.initialPageToken = initialPageToken ?? ""
 44 |     self.fetchPage = { token in
    |                      |- error: cannot convert '@Sendable (String) async throws -> (response: ResponseType, items: [Item], nextToken: String)' to 'nonisolated(nonsending) @Sendable (String) async throws -> (response: ResponseType, items: [Item], nextToken: String)' because crossing of an isolation boundary requires parameter and result types to conform to 'Sendable' protocol
    |                      `- note: type 'Item' does not conform to 'Sendable' protocol
 45 |       let response = try await listRpc(token)
 46 |       return (response, response._getPaginatedItems(), response._nextPageToken())
[2080/2157] Compiling GoogleGax AIP194+PollingErrorPolicy.swift
[2081/2157] Compiling GoogleGax AIP194+RetryPolicy.swift
[2082/2157] Compiling GoogleGax AIP194.swift
[2083/2157] Compiling GoogleGax AdaptiveThrottler.swift
[2084/2157] Compiling GoogleGax AlwaysPoll.swift
[2085/2157] Compiling GoogleGax AlwaysRetry.swift
[2086/2157] Compiling GoogleGax ApiClientHeader.swift
[2087/2157] Compiling GoogleGax BackoffPolicy.swift
[2088/2157] Compiling GoogleGax BasePollingErrorPolicy.swift
[2089/2157] Compiling GoogleGax HTTPClientProtocol.swift
[2090/2157] Compiling GoogleGax HTTPClientRequest.swift
[2091/2157] Compiling GoogleGax HTTPClientResponse.swift
[2092/2157] Compiling GoogleGax HTTPHeaders.swift
[2093/2157] Compiling GoogleGax HTTPResponseBody.swift
[2094/2157] Compiling GoogleGax HeaderNames.swift
[2095/2157] Compiling GoogleGax Host.swift
[2096/2157] Compiling GoogleGax InProgressResult.swift
[2097/2157] Compiling GoogleGax LimitedAttemptCount+PollingErrorPolicy.swift
[2098/2157] Compiling GoogleGax LimitedAttemptCount+RetryPolicy.swift
[2099/2157] Compiling GoogleGax LimitedAttemptCount.swift
[2100/2157] Compiling GoogleGax LimitedElapsedTime+PollingErrorPolicy.swift
[2101/2157] Compiling GoogleGax LimitedElapsedTime+RetryPolicy.swift
[2102/2157] Compiling GoogleGax LimitedElapsedTime.swift
[2103/2157] Compiling GoogleGax LongRunningOperations.swift
[2104/2157] Compiling GoogleGax NeverRetry.swift
[2105/2157] Compiling GoogleGax BaseRetryPolicy.swift
[2106/2157] Compiling GoogleGax BindingError.swift
[2107/2157] Compiling GoogleGax CRC32C.swift
[2108/2157] Compiling GoogleGax CircuitBreaker.swift
[2109/2157] Compiling GoogleGax ClientError.swift
[2110/2157] Compiling GoogleGax ClientOptions.swift
[2111/2157] Compiling GoogleGax ContinueOnIO+PollingErrorPolicy.swift
[2112/2157] Compiling GoogleGax ContinueOnIO+RetryPolicy.swift
[2113/2157] Compiling GoogleGax ContinueOnIO.swift
[2114/2157] Compiling GoogleGax CredentialsProtocol.swift
[2115/2157] Compiling GoogleGax ErrorWrapper.swift
[2116/2157] Compiling GoogleGax ExponentialBackoff+BackoffPolicy.swift
[2117/2157] Compiling GoogleGax ExponentialBackoff+PollingBackoffPolicy.swift
[2118/2157] Compiling GoogleGax ExponentialBackoff.swift
[2119/2157] Compiling GoogleGax HTTPClient.swift
[2120/2157] Compiling GoogleGax HTTPClientHolder.swift
[2121/2157] Compiling GoogleGax RequestOptions.swift
[2122/2157] Compiling GoogleGax RetryLoop.swift
[2123/2157] Compiling GoogleGax RetryPolicy.swift
[2124/2157] Compiling GoogleGax RetryResult.swift
[2125/2157] Compiling GoogleGax RetryState.swift
[2126/2157] Compiling GoogleGax RetryThrottler.swift
[2127/2157] Compiling GoogleGax RetryThrottlerError.swift
[2128/2157] Compiling GoogleGax RoutingMatcher.swift
[2129/2157] Compiling GoogleGax ServiceError.swift
[2130/2157] Compiling GoogleGax StatusDetail.swift
[2131/2157] Compiling GoogleGax StrictIdempotency.swift
[2132/2157] Compiling GoogleGax ThrottleResult.swift
[2133/2157] Compiling GoogleGax TooManyRequests+PollingErrorPolicy.swift
[2134/2157] Compiling GoogleGax TooManyRequests+RetryPolicy.swift
[2135/2157] Compiling GoogleGax TooManyRequests.swift
[2136/2157] Compiling GoogleGax PackageVersion.swift
BUILD FAILURE 6.2 android