Build Information
Failed to build SwiftyRive, reference 0.1.0 (842af5), with Swift 6.4 for visionOS using Xcode 27.0 on 26 Sep 2026 17:30:44 UTC.
Build Command
env DEVELOPER_DIR=/Applications/Xcode-27.0.0-Release.Candidate.app xcrun xcodebuild -IDEClonedSourcePackagesDirPathOverride=$PWD/.dependencies -skipMacroValidation -skipPackagePluginValidation -derivedDataPath $PWD/.derivedData build -scheme SwiftyRive-Package -destination generic/platform=xrOSBuild Log
========================================
RunAll
========================================
Builder version: 5.1.0
Interrupt handler set up.
========================================
Checkout
========================================
Clone URL: https://github.com/rshimoda/SwiftyRive.git
Reference: 0.1.0
Initialized empty Git repository in /Users/admin/builder/spi-builder-workspace/.git/
From https://github.com/rshimoda/SwiftyRive
* tag 0.1.0 -> FETCH_HEAD
HEAD is now at 842af5a Fix flaky teardown test
Cloned https://github.com/rshimoda/SwiftyRive.git
Revision (git rev-parse @):
842af5a4f352de43b186b6c50d015dcb9af498bf
SPI manifest file found: $PWD/.spi.yml
SUCCESS checkout https://github.com/rshimoda/SwiftyRive.git at 0.1.0
========================================
Build
========================================
Selected platform: visionOS
Swift version: 6.4
Building package at path: $PWD
https://github.com/rshimoda/SwiftyRive.git
Command line invocation:
/Applications/Xcode-27.0.0-Release.Candidate.app/Contents/Developer/usr/bin/xcodebuild -IDEClonedSourcePackagesDirPathOverride=/Users/admin/builder/spi-builder-workspace/.dependencies -resolvePackageDependencies
Resolve Package Graph
Fetching from https://github.com/rive-app/rive-ios
Creating working copy of package ‘rive-ios’
Checking out 6.27.0 of package ‘rive-ios’
Resolve Package Graph
Resolved source packages:
RiveRuntime: https://github.com/rive-app/rive-ios @ 6.27.0
SwiftyRive: /Users/admin/builder/spi-builder-workspace
resolved source packages: RiveRuntime, SwiftyRive
2026-09-26 13:29:49.777 xcodebuild[529:3032] [MT] IDERunDestination: Supported platforms for the buildables in the current scheme is empty.
{
"dependencies" : [
{
"identity" : "rive-ios",
"requirement" : {
"range" : [
{
"lower_bound" : "6.22.0",
"upper_bound" : "7.0.0"
}
]
},
"type" : "sourceControl",
"url" : "https://github.com/rive-app/rive-ios"
}
],
"manifest_display_name" : "SwiftyRive",
"name" : "SwiftyRive",
"path" : "/Users/admin/builder/spi-builder-workspace",
"platforms" : [
{
"name" : "ios",
"version" : "17.0"
},
{
"name" : "macos",
"version" : "14.0"
}
],
"products" : [
{
"name" : "SwiftyRive",
"targets" : [
"SwiftyRive"
],
"type" : {
"library" : [
"automatic"
]
}
},
{
"name" : "RiveInspector",
"targets" : [
"RiveInspector"
],
"type" : {
"executable" : null
}
}
],
"swift_languages_versions" : [
"6"
],
"targets" : [
{
"c99name" : "SwiftyRiveTests",
"module_type" : "SwiftTarget",
"name" : "SwiftyRiveTests",
"path" : "Tests/SwiftyRiveTests",
"resources" : [
{
"path" : "/Users/admin/builder/spi-builder-workspace/Tests/SwiftyRiveTests/Fixtures",
"rule" : {
"copy" : {
}
}
}
],
"sources" : [
"BoundsShimTests.swift",
"DynamicInstanceTests.swift",
"EngineCacheTests.swift",
"ErrorMessageTests.swift",
"FixtureSupport.swift",
"GeneratedFixtureSchema.swift",
"InstanceTests.swift",
"NativeViewTests.swift",
"SchemaGenerationTests.swift",
"SchemaValidationTests.swift",
"SnapshotTests.swift",
"SwiftyRiveTests.swift"
],
"target_dependencies" : [
"SwiftyRive"
],
"type" : "test"
},
{
"c99name" : "SwiftyRive",
"module_type" : "SwiftTarget",
"name" : "SwiftyRive",
"path" : "Sources/SwiftyRive",
"product_dependencies" : [
"RiveRuntime"
],
"product_memberships" : [
"SwiftyRive",
"RiveInspector"
],
"resources" : [
{
"path" : "/Users/admin/builder/spi-builder-workspace/Sources/SwiftyRive/PrivacyInfo.xcprivacy",
"rule" : {
"process" : {
}
}
}
],
"sources" : [
"Binding/PropertyMirror.swift",
"Binding/RiveDynamicInstance.swift",
"Binding/RiveDynamicProperty.swift",
"Binding/RiveInstance.swift",
"Engine/RiveDocument.swift",
"Engine/RiveEngine.swift",
"Engine/RiveSource.swift",
"Geometry/RiveAlignment.swift",
"Geometry/RiveFit.swift",
"Internal/LegacyArtboardBounds.swift",
"Internal/LegacySnapshotRenderer.swift",
"Schema/RiveColor.swift",
"Schema/RiveKey.swift",
"Schema/RivePropertyValue.swift",
"Schema/RiveSchema.swift",
"Schema/RiveSchemaError.swift",
"Schema/SchemaValidator.swift",
"Support/Logging.swift",
"Support/RiveDocument+Diagnostics.swift",
"Support/RiveDocument+SchemaGeneration.swift",
"Support/RiveDocument+Snapshot.swift",
"Support/RiveLoadError.swift",
"Views/AsyncRiveView.swift",
"Views/RiveNativeView.swift",
"Views/RiveRenderHost.swift",
"Views/RiveRepresentable.swift",
"Views/RiveView.swift",
"Views/ViewModifiers.swift"
],
"type" : "library"
},
{
"c99name" : "RiveInspector",
"module_type" : "SwiftTarget",
"name" : "RiveInspector",
"path" : "Examples/RiveInspector",
"product_memberships" : [
"RiveInspector"
],
"sources" : [
"ContentView.swift",
"InspectorPanel.swift",
"ProbeMode.swift",
"RiveInspectorApp.swift"
],
"target_dependencies" : [
"SwiftyRive"
],
"type" : "executable"
}
],
"tools_version" : "6.2"
}
{
"workspace" : {
"name" : "SwiftyRive",
"schemes" : [
"RiveInspector",
"SwiftyRive",
"SwiftyRive-Package"
]
}
}
2026-09-26 13:30:22.431 xcodebuild[748:4520] [MT] IDERunDestination: Supported platforms for the buildables in the current scheme is empty.
{
"workspace" : {
"name" : "SwiftyRive",
"schemes" : [
"RiveInspector",
"SwiftyRive",
"SwiftyRive-Package"
]
}
}
2026-09-26 13:30:23.857 xcodebuild[750:4568] [MT] IDERunDestination: Supported platforms for the buildables in the current scheme is empty.
Running build ...
env DEVELOPER_DIR=/Applications/Xcode-27.0.0-Release.Candidate.app xcrun xcodebuild -IDEClonedSourcePackagesDirPathOverride=$PWD/.dependencies -skipMacroValidation -skipPackagePluginValidation -derivedDataPath $PWD/.derivedData build -scheme SwiftyRive-Package -destination generic/platform=xrOS
Command line invocation:
/Applications/Xcode-27.0.0-Release.Candidate.app/Contents/Developer/usr/bin/xcodebuild -IDEClonedSourcePackagesDirPathOverride=/Users/admin/builder/spi-builder-workspace/.dependencies -skipMacroValidation -skipPackagePluginValidation -derivedDataPath /Users/admin/builder/spi-builder-workspace/.derivedData build -scheme SwiftyRive-Package -destination generic/platform=xrOS
Resolve Package Graph
Resolve Package Graph
Resolved source packages:
SwiftyRive: /Users/admin/builder/spi-builder-workspace
RiveRuntime: https://github.com/rive-app/rive-ios @ 6.27.0
ComputePackagePrebuildTargetDependencyGraph
Prepare packages
CreateBuildRequest
SendProjectDescription
CreateBuildOperation
ComputeTargetDependencyGraph
note: Building targets in dependency order
note: Target dependency graph (5 targets)
Target 'RiveInspector-product' in project 'SwiftyRive'
➜ Explicit dependency on target 'SwiftyRive' in project 'SwiftyRive'
➜ Explicit dependency on target 'RiveRuntime-product' in project 'RiveRuntime'
Target 'SwiftyRive-product' in project 'SwiftyRive'
➜ Explicit dependency on target 'SwiftyRive' in project 'SwiftyRive'
➜ Explicit dependency on target 'SwiftyRive_SwiftyRive' in project 'SwiftyRive'
➜ Explicit dependency on target 'RiveRuntime-product' in project 'RiveRuntime'
Target 'SwiftyRive' in project 'SwiftyRive'
➜ Explicit dependency on target 'SwiftyRive_SwiftyRive' in project 'SwiftyRive'
➜ Explicit dependency on target 'RiveRuntime-product' in project 'RiveRuntime'
Target 'RiveRuntime-product' in project 'RiveRuntime' (no dependencies)
Target 'SwiftyRive_SwiftyRive' in project 'SwiftyRive' (no dependencies)
GatherProvisioningInputs
CreateBuildDescription
ExecuteExternalTool /Applications/Xcode-27.0.0-Release.Candidate.app/Contents/Developer/Toolchains/XcodeDefault.xctoolchain/usr/bin/clang -v -E -dM -isysroot /Applications/Xcode-27.0.0-Release.Candidate.app/Contents/Developer/Platforms/XROS.platform/Developer/SDKs/XROS27.0.sdk -x c -c /dev/null
ExecuteExternalTool /Applications/Xcode-27.0.0-Release.Candidate.app/Contents/Developer/Toolchains/XcodeDefault.xctoolchain/usr/bin/swiftc --version
ExecuteExternalTool /Applications/Xcode-27.0.0-Release.Candidate.app/Contents/Developer/Toolchains/XcodeDefault.xctoolchain/usr/bin/ld -version_details
ReadFileContents /Applications/Xcode-27.0.0-Release.Candidate.app/Contents/Developer/Toolchains/XcodeDefault.xctoolchain/usr/share/docc/features.json
Build description signature: 1d204984dc288890068832ed56dba868
Build description path: /Users/admin/builder/spi-builder-workspace/.derivedData/Build/Intermediates.noindex/XCBuildData/1d204984dc288890068832ed56dba868.xcbuilddata
CreateBuildDirectory /Users/admin/builder/spi-builder-workspace/.derivedData/CompilationCache.noindex
cd /Users/admin/builder/spi-builder-workspace/.swiftpm/xcode
builtin-create-build-directory /Users/admin/builder/spi-builder-workspace/.derivedData/CompilationCache.noindex
CreateBuildDirectory /Users/admin/builder/spi-builder-workspace/.derivedData/ModuleCache.noindex
cd /Users/admin/builder/spi-builder-workspace/.swiftpm/xcode
builtin-create-build-directory /Users/admin/builder/spi-builder-workspace/.derivedData/ModuleCache.noindex
CreateBuildDirectory /Users/admin/builder/spi-builder-workspace/.derivedData/SDKExplicitPrecompiledModules
cd /Users/admin/builder/spi-builder-workspace/.swiftpm/xcode
builtin-create-build-directory /Users/admin/builder/spi-builder-workspace/.derivedData/SDKExplicitPrecompiledModules
CreateBuildDirectory /Users/admin/builder/spi-builder-workspace/.derivedData/Build/Intermediates.noindex
cd /Users/admin/builder/spi-builder-workspace/.swiftpm/xcode
builtin-create-build-directory /Users/admin/builder/spi-builder-workspace/.derivedData/Build/Intermediates.noindex
ClangStatCache /Applications/Xcode-27.0.0-Release.Candidate.app/Contents/Developer/Toolchains/XcodeDefault.xctoolchain/usr/bin/clang-stat-cache /Applications/Xcode-27.0.0-Release.Candidate.app/Contents/Developer/Platforms/XROS.platform/Developer/SDKs/XROS27.0.sdk /Users/admin/builder/spi-builder-workspace/.derivedData/SDKStatCaches.noindex/xros27.0-24M361-e829b21a6f8c9b70876ba0858053c044735bd543db762f57723cac368afd1ce4.sdkstatcache
cd /Users/admin/builder/spi-builder-workspace/.swiftpm/xcode
/Applications/Xcode-27.0.0-Release.Candidate.app/Contents/Developer/Toolchains/XcodeDefault.xctoolchain/usr/bin/clang-stat-cache /Applications/Xcode-27.0.0-Release.Candidate.app/Contents/Developer/Platforms/XROS.platform/Developer/SDKs/XROS27.0.sdk -o /Users/admin/builder/spi-builder-workspace/.derivedData/SDKStatCaches.noindex/xros27.0-24M361-e829b21a6f8c9b70876ba0858053c044735bd543db762f57723cac368afd1ce4.sdkstatcache
CreateBuildDirectory /Users/admin/builder/spi-builder-workspace/.derivedData/Build/Products
cd /Users/admin/builder/spi-builder-workspace/.swiftpm/xcode
builtin-create-build-directory /Users/admin/builder/spi-builder-workspace/.derivedData/Build/Products
CreateBuildDirectory /Users/admin/builder/spi-builder-workspace/.derivedData/Build/Intermediates.noindex/ExplicitPrecompiledModules
cd /Users/admin/builder/spi-builder-workspace/.swiftpm/xcode
builtin-create-build-directory /Users/admin/builder/spi-builder-workspace/.derivedData/Build/Intermediates.noindex/ExplicitPrecompiledModules
CreateBuildDirectory /Users/admin/builder/spi-builder-workspace/.derivedData/Build/Intermediates.noindex/PrecompiledHeaders
cd /Users/admin/builder/spi-builder-workspace/.swiftpm/xcode
builtin-create-build-directory /Users/admin/builder/spi-builder-workspace/.derivedData/Build/Intermediates.noindex/PrecompiledHeaders
CreateBuildDirectory /Users/admin/builder/spi-builder-workspace/.derivedData/Build/Intermediates.noindex/SwiftExplicitPrecompiledModules
cd /Users/admin/builder/spi-builder-workspace/.swiftpm/xcode
builtin-create-build-directory /Users/admin/builder/spi-builder-workspace/.derivedData/Build/Intermediates.noindex/SwiftExplicitPrecompiledModules
CreateBuildDirectory /Users/admin/builder/spi-builder-workspace/.derivedData/Build/Intermediates.noindex/EagerLinkingTBDs/Debug-xros
cd /Users/admin/builder/spi-builder-workspace/.swiftpm/xcode
builtin-create-build-directory /Users/admin/builder/spi-builder-workspace/.derivedData/Build/Intermediates.noindex/EagerLinkingTBDs/Debug-xros
CreateBuildDirectory /Users/admin/builder/spi-builder-workspace/.derivedData/Build/Products/Debug-xros
cd /Users/admin/builder/spi-builder-workspace/.swiftpm/xcode
builtin-create-build-directory /Users/admin/builder/spi-builder-workspace/.derivedData/Build/Products/Debug-xros
CreateBuildDirectory /Users/admin/builder/spi-builder-workspace/.derivedData/Build/Products/Debug-xros/PackageFrameworks
cd /Users/admin/builder/spi-builder-workspace/.swiftpm/xcode
builtin-create-build-directory /Users/admin/builder/spi-builder-workspace/.derivedData/Build/Products/Debug-xros/PackageFrameworks
MkDir /Users/admin/builder/spi-builder-workspace/.derivedData/Build/Products/Debug-xros/SwiftyRive_SwiftyRive.bundle (in target 'SwiftyRive_SwiftyRive' from project 'SwiftyRive')
cd /Users/admin/builder/spi-builder-workspace
/bin/mkdir -p /Users/admin/builder/spi-builder-workspace/.derivedData/Build/Products/Debug-xros/SwiftyRive_SwiftyRive.bundle
WriteAuxiliaryFile /Users/admin/builder/spi-builder-workspace/.derivedData/Build/Intermediates.noindex/SwiftyRive.build/Debug-xros/SwiftyRive_SwiftyRive-b.build/empty-SwiftyRive_SwiftyRive.plist (in target 'SwiftyRive_SwiftyRive' from project 'SwiftyRive')
cd /Users/admin/builder/spi-builder-workspace
write-file /Users/admin/builder/spi-builder-workspace/.derivedData/Build/Intermediates.noindex/SwiftyRive.build/Debug-xros/SwiftyRive_SwiftyRive-b.build/empty-SwiftyRive_SwiftyRive.plist
WriteAuxiliaryFile /Users/admin/builder/spi-builder-workspace/.derivedData/Build/Intermediates.noindex/SwiftyRive.build/Debug-xros/SwiftyRive_SwiftyRive-b.build/SwiftyRive_SwiftyRive.DependencyMetadataFileList (in target 'SwiftyRive_SwiftyRive' from project 'SwiftyRive')
cd /Users/admin/builder/spi-builder-workspace
write-file /Users/admin/builder/spi-builder-workspace/.derivedData/Build/Intermediates.noindex/SwiftyRive.build/Debug-xros/SwiftyRive_SwiftyRive-b.build/SwiftyRive_SwiftyRive.DependencyMetadataFileList
WriteAuxiliaryFile /Users/admin/builder/spi-builder-workspace/.derivedData/Build/Intermediates.noindex/SwiftyRive.build/Debug-xros/SwiftyRive_SwiftyRive-b.build/SwiftyRive_SwiftyRive.DependencyStaticMetadataFileList (in target 'SwiftyRive_SwiftyRive' from project 'SwiftyRive')
cd /Users/admin/builder/spi-builder-workspace
write-file /Users/admin/builder/spi-builder-workspace/.derivedData/Build/Intermediates.noindex/SwiftyRive.build/Debug-xros/SwiftyRive_SwiftyRive-b.build/SwiftyRive_SwiftyRive.DependencyStaticMetadataFileList
ProcessInfoPlistFile /Users/admin/builder/spi-builder-workspace/.derivedData/Build/Products/Debug-xros/SwiftyRive_SwiftyRive.bundle/Info.plist /Users/admin/builder/spi-builder-workspace/.derivedData/Build/Intermediates.noindex/SwiftyRive.build/Debug-xros/SwiftyRive_SwiftyRive-b.build/empty-SwiftyRive_SwiftyRive.plist (in target 'SwiftyRive_SwiftyRive' from project 'SwiftyRive')
cd /Users/admin/builder/spi-builder-workspace
builtin-infoPlistUtility /Users/admin/builder/spi-builder-workspace/.derivedData/Build/Intermediates.noindex/SwiftyRive.build/Debug-xros/SwiftyRive_SwiftyRive-b.build/empty-SwiftyRive_SwiftyRive.plist -producttype com.apple.product-type.bundle -expandbuildsettings -format binary -platform xros -o /Users/admin/builder/spi-builder-workspace/.derivedData/Build/Products/Debug-xros/SwiftyRive_SwiftyRive.bundle/Info.plist
CpResource /Users/admin/builder/spi-builder-workspace/.derivedData/Build/Products/Debug-xros/SwiftyRive_SwiftyRive.bundle/PrivacyInfo.xcprivacy /Users/admin/builder/spi-builder-workspace/Sources/SwiftyRive/PrivacyInfo.xcprivacy (in target 'SwiftyRive_SwiftyRive' from project 'SwiftyRive')
cd /Users/admin/builder/spi-builder-workspace
builtin-copy -exclude .DS_Store -exclude CVS -exclude .svn -exclude .git -exclude .hg -resolve-src-symlinks /Users/admin/builder/spi-builder-workspace/Sources/SwiftyRive/PrivacyInfo.xcprivacy /Users/admin/builder/spi-builder-workspace/.derivedData/Build/Products/Debug-xros/SwiftyRive_SwiftyRive.bundle
ProcessXCFramework /Users/admin/builder/spi-builder-workspace/.dependencies/artifacts/rive-ios/RiveRuntime/RiveRuntime.xcframework /Users/admin/builder/spi-builder-workspace/.derivedData/Build/Products/Debug-xros/RiveRuntime.framework xros
cd /Users/admin/builder/spi-builder-workspace/.swiftpm/xcode
builtin-process-xcframework --xcframework /Users/admin/builder/spi-builder-workspace/.dependencies/artifacts/rive-ios/RiveRuntime/RiveRuntime.xcframework --platform xros --target-path /Users/admin/builder/spi-builder-workspace/.derivedData/Build/Products/Debug-xros
RegisterExecutionPolicyException /Users/admin/builder/spi-builder-workspace/.derivedData/Build/Products/Debug-xros/SwiftyRive_SwiftyRive.bundle (in target 'SwiftyRive_SwiftyRive' from project 'SwiftyRive')
cd /Users/admin/builder/spi-builder-workspace
builtin-RegisterExecutionPolicyException /Users/admin/builder/spi-builder-workspace/.derivedData/Build/Products/Debug-xros/SwiftyRive_SwiftyRive.bundle
Touch /Users/admin/builder/spi-builder-workspace/.derivedData/Build/Products/Debug-xros/SwiftyRive_SwiftyRive.bundle (in target 'SwiftyRive_SwiftyRive' from project 'SwiftyRive')
cd /Users/admin/builder/spi-builder-workspace
/usr/bin/touch -c /Users/admin/builder/spi-builder-workspace/.derivedData/Build/Products/Debug-xros/SwiftyRive_SwiftyRive.bundle
WriteAuxiliaryFile /Users/admin/builder/spi-builder-workspace/.derivedData/Build/Intermediates.noindex/SwiftyRive.build/Debug-xros/SwiftyRive-t.build/SwiftyRive.modulemap (in target 'SwiftyRive' from project 'SwiftyRive')
cd /Users/admin/builder/spi-builder-workspace
write-file /Users/admin/builder/spi-builder-workspace/.derivedData/Build/Intermediates.noindex/SwiftyRive.build/Debug-xros/SwiftyRive-t.build/SwiftyRive.modulemap
WriteAuxiliaryFile /Users/admin/builder/spi-builder-workspace/.derivedData/Build/Intermediates.noindex/SwiftyRive.build/Debug-xros/SwiftyRive-t.build/DerivedSources/resource_bundle_accessor.swift (in target 'SwiftyRive' from project 'SwiftyRive')
cd /Users/admin/builder/spi-builder-workspace
write-file /Users/admin/builder/spi-builder-workspace/.derivedData/Build/Intermediates.noindex/SwiftyRive.build/Debug-xros/SwiftyRive-t.build/DerivedSources/resource_bundle_accessor.swift
WriteAuxiliaryFile /Users/admin/builder/spi-builder-workspace/.derivedData/Build/Intermediates.noindex/SwiftyRive.build/Debug-xros/SwiftyRive-t.build/Objects-normal/arm64/SwiftyRive.SwiftFileList (in target 'SwiftyRive' from project 'SwiftyRive')
cd /Users/admin/builder/spi-builder-workspace
write-file /Users/admin/builder/spi-builder-workspace/.derivedData/Build/Intermediates.noindex/SwiftyRive.build/Debug-xros/SwiftyRive-t.build/Objects-normal/arm64/SwiftyRive.SwiftFileList
WriteAuxiliaryFile /Users/admin/builder/spi-builder-workspace/.derivedData/Build/Intermediates.noindex/SwiftyRive.build/Debug-xros/SwiftyRive-t.build/Objects-normal/arm64/SwiftyRive-OutputFileMap.json (in target 'SwiftyRive' from project 'SwiftyRive')
cd /Users/admin/builder/spi-builder-workspace
write-file /Users/admin/builder/spi-builder-workspace/.derivedData/Build/Intermediates.noindex/SwiftyRive.build/Debug-xros/SwiftyRive-t.build/Objects-normal/arm64/SwiftyRive-OutputFileMap.json
WriteAuxiliaryFile /Users/admin/builder/spi-builder-workspace/.derivedData/Build/Intermediates.noindex/SwiftyRive.build/Debug-xros/SwiftyRive-t.build/Objects-normal/arm64/SwiftyRive_const_extract_protocols.json (in target 'SwiftyRive' from project 'SwiftyRive')
cd /Users/admin/builder/spi-builder-workspace
write-file /Users/admin/builder/spi-builder-workspace/.derivedData/Build/Intermediates.noindex/SwiftyRive.build/Debug-xros/SwiftyRive-t.build/Objects-normal/arm64/SwiftyRive_const_extract_protocols.json
WriteAuxiliaryFile /Users/admin/builder/spi-builder-workspace/.derivedData/Build/Intermediates.noindex/SwiftyRive.build/Debug-xros/SwiftyRive-t.build/SwiftyRive.DependencyStaticMetadataFileList (in target 'SwiftyRive' from project 'SwiftyRive')
cd /Users/admin/builder/spi-builder-workspace
write-file /Users/admin/builder/spi-builder-workspace/.derivedData/Build/Intermediates.noindex/SwiftyRive.build/Debug-xros/SwiftyRive-t.build/SwiftyRive.DependencyStaticMetadataFileList
WriteAuxiliaryFile /Users/admin/builder/spi-builder-workspace/.derivedData/Build/Intermediates.noindex/SwiftyRive.build/Debug-xros/SwiftyRive-t.build/SwiftyRive.DependencyMetadataFileList (in target 'SwiftyRive' from project 'SwiftyRive')
cd /Users/admin/builder/spi-builder-workspace
write-file /Users/admin/builder/spi-builder-workspace/.derivedData/Build/Intermediates.noindex/SwiftyRive.build/Debug-xros/SwiftyRive-t.build/SwiftyRive.DependencyMetadataFileList
WriteAuxiliaryFile /Users/admin/builder/spi-builder-workspace/.derivedData/Build/Intermediates.noindex/SwiftyRive.build/Debug-xros/SwiftyRive-t.build/Objects-normal/arm64/SwiftyRive.SwiftConstValuesFileList (in target 'SwiftyRive' from project 'SwiftyRive')
cd /Users/admin/builder/spi-builder-workspace
write-file /Users/admin/builder/spi-builder-workspace/.derivedData/Build/Intermediates.noindex/SwiftyRive.build/Debug-xros/SwiftyRive-t.build/Objects-normal/arm64/SwiftyRive.SwiftConstValuesFileList
WriteAuxiliaryFile /Users/admin/builder/spi-builder-workspace/.derivedData/Build/Intermediates.noindex/SwiftyRive.build/Debug-xros/SwiftyRive-t.build/Objects-normal/arm64/SwiftyRive.LinkFileList (in target 'SwiftyRive' from project 'SwiftyRive')
cd /Users/admin/builder/spi-builder-workspace
write-file /Users/admin/builder/spi-builder-workspace/.derivedData/Build/Intermediates.noindex/SwiftyRive.build/Debug-xros/SwiftyRive-t.build/Objects-normal/arm64/SwiftyRive.LinkFileList
WriteAuxiliaryFile /Users/admin/builder/spi-builder-workspace/.derivedData/Build/Intermediates.noindex/SwiftyRive.build/Debug-xros/RiveInspector-p.build/RiveInspector.DependencyStaticMetadataFileList (in target 'RiveInspector-product' from project 'SwiftyRive')
cd /Users/admin/builder/spi-builder-workspace
write-file /Users/admin/builder/spi-builder-workspace/.derivedData/Build/Intermediates.noindex/SwiftyRive.build/Debug-xros/RiveInspector-p.build/RiveInspector.DependencyStaticMetadataFileList
WriteAuxiliaryFile /Users/admin/builder/spi-builder-workspace/.derivedData/Build/Intermediates.noindex/SwiftyRive.build/Debug-xros/RiveInspector-p.build/RiveInspector.DependencyMetadataFileList (in target 'RiveInspector-product' from project 'SwiftyRive')
cd /Users/admin/builder/spi-builder-workspace
write-file /Users/admin/builder/spi-builder-workspace/.derivedData/Build/Intermediates.noindex/SwiftyRive.build/Debug-xros/RiveInspector-p.build/RiveInspector.DependencyMetadataFileList
Copy /Users/admin/builder/spi-builder-workspace/.derivedData/Build/Intermediates.noindex/GeneratedModuleMaps-xros/SwiftyRive.modulemap /Users/admin/builder/spi-builder-workspace/.derivedData/Build/Intermediates.noindex/SwiftyRive.build/Debug-xros/SwiftyRive-t.build/SwiftyRive.modulemap (in target 'SwiftyRive' from project 'SwiftyRive')
cd /Users/admin/builder/spi-builder-workspace
builtin-copy -exclude .DS_Store -exclude CVS -exclude .svn -exclude .git -exclude .hg -resolve-src-symlinks /Users/admin/builder/spi-builder-workspace/.derivedData/Build/Intermediates.noindex/SwiftyRive.build/Debug-xros/SwiftyRive-t.build/SwiftyRive.modulemap /Users/admin/builder/spi-builder-workspace/.derivedData/Build/Intermediates.noindex/GeneratedModuleMaps-xros
WriteAuxiliaryFile /Users/admin/builder/spi-builder-workspace/.derivedData/Build/Intermediates.noindex/SwiftyRive.build/Debug-xros/RiveInspector-p.build/Objects-normal/arm64/RiveInspector_const_extract_protocols.json (in target 'RiveInspector-product' from project 'SwiftyRive')
cd /Users/admin/builder/spi-builder-workspace
write-file /Users/admin/builder/spi-builder-workspace/.derivedData/Build/Intermediates.noindex/SwiftyRive.build/Debug-xros/RiveInspector-p.build/Objects-normal/arm64/RiveInspector_const_extract_protocols.json
WriteAuxiliaryFile /Users/admin/builder/spi-builder-workspace/.derivedData/Build/Intermediates.noindex/SwiftyRive.build/Debug-xros/RiveInspector-p.build/Objects-normal/arm64/RiveInspector.SwiftFileList (in target 'RiveInspector-product' from project 'SwiftyRive')
cd /Users/admin/builder/spi-builder-workspace
write-file /Users/admin/builder/spi-builder-workspace/.derivedData/Build/Intermediates.noindex/SwiftyRive.build/Debug-xros/RiveInspector-p.build/Objects-normal/arm64/RiveInspector.SwiftFileList
WriteAuxiliaryFile /Users/admin/builder/spi-builder-workspace/.derivedData/Build/Intermediates.noindex/SwiftyRive.build/Debug-xros/RiveInspector-p.build/Objects-normal/arm64/RiveInspector.LinkFileList (in target 'RiveInspector-product' from project 'SwiftyRive')
cd /Users/admin/builder/spi-builder-workspace
write-file /Users/admin/builder/spi-builder-workspace/.derivedData/Build/Intermediates.noindex/SwiftyRive.build/Debug-xros/RiveInspector-p.build/Objects-normal/arm64/RiveInspector.LinkFileList
WriteAuxiliaryFile /Users/admin/builder/spi-builder-workspace/.derivedData/Build/Intermediates.noindex/SwiftyRive.build/Debug-xros/RiveInspector-p.build/Objects-normal/arm64/RiveInspector-OutputFileMap.json (in target 'RiveInspector-product' from project 'SwiftyRive')
cd /Users/admin/builder/spi-builder-workspace
write-file /Users/admin/builder/spi-builder-workspace/.derivedData/Build/Intermediates.noindex/SwiftyRive.build/Debug-xros/RiveInspector-p.build/Objects-normal/arm64/RiveInspector-OutputFileMap.json
SwiftDriver SwiftyRive normal arm64 com.apple.xcode.tools.swift.compiler (in target 'SwiftyRive' from project 'SwiftyRive')
cd /Users/admin/builder/spi-builder-workspace/.swiftpm/xcode
builtin-SwiftDriver -- /Applications/Xcode-27.0.0-Release.Candidate.app/Contents/Developer/Toolchains/XcodeDefault.xctoolchain/usr/bin/swiftc -parse-as-library -module-name SwiftyRive -Onone @/Users/admin/builder/spi-builder-workspace/.derivedData/Build/Intermediates.noindex/SwiftyRive.build/Debug-xros/SwiftyRive-t.build/Objects-normal/arm64/SwiftyRive.SwiftFileList -DSWIFT_PACKAGE -DDEBUG -DSWIFT_MODULE_RESOURCE_BUNDLE_AVAILABLE -DXcode -default-isolation MainActor -enable-upcoming-feature NonisolatedNonsendingByDefault -plugin-path /Applications/Xcode-27.0.0-Release.Candidate.app/Contents/Developer/Toolchains/XcodeDefault.xctoolchain/usr/lib/swift/host/plugins/testing -enable-experimental-feature DebugDescriptionMacro -sdk /Applications/Xcode-27.0.0-Release.Candidate.app/Contents/Developer/Platforms/XROS.platform/Developer/SDKs/XROS27.0.sdk -target arm64-apple-xros1.0 -g -module-cache-path /Users/admin/builder/spi-builder-workspace/.derivedData/ModuleCache.noindex -Xfrontend -serialize-debugging-options -profile-coverage-mapping -profile-generate -enable-testing -index-store-path /Users/admin/builder/spi-builder-workspace/.derivedData/Index.noindex/DataStore -Xcc -D_LIBCPP_HARDENING_MODE\=_LIBCPP_HARDENING_MODE_DEBUG -swift-version 6 -I /Users/admin/builder/spi-builder-workspace/.derivedData/Build/Products/Debug-xros -Isystem /Applications/Xcode-27.0.0-Release.Candidate.app/Contents/Developer/Platforms/XROS.platform/Developer/usr/lib -F /Users/admin/builder/spi-builder-workspace/.derivedData/Build/Products/Debug-xros -F /Applications/Xcode-27.0.0-Release.Candidate.app/Contents/Developer/Platforms/XROS.platform/Developer/Library/Frameworks -F /Applications/Xcode-27.0.0-Release.Candidate.app/Contents/Developer/Platforms/XROS.platform/Developer/SDKs/XROS27.0.sdk/Developer/Library/Frameworks -c -j10 -enable-batch-mode -incremental -Xcc -ivfsstatcache -Xcc /Users/admin/builder/spi-builder-workspace/.derivedData/SDKStatCaches.noindex/xros27.0-24M361-e829b21a6f8c9b70876ba0858053c044735bd543db762f57723cac368afd1ce4.sdkstatcache -output-file-map /Users/admin/builder/spi-builder-workspace/.derivedData/Build/Intermediates.noindex/SwiftyRive.build/Debug-xros/SwiftyRive-t.build/Objects-normal/arm64/SwiftyRive-OutputFileMap.json -save-temps -no-color-diagnostics -explicit-module-build -module-cache-path /Users/admin/builder/spi-builder-workspace/.derivedData/Build/Intermediates.noindex/SwiftExplicitPrecompiledModules -clang-scanner-module-cache-path /Users/admin/builder/spi-builder-workspace/.derivedData/ModuleCache.noindex -sdk-module-cache-path /Users/admin/builder/spi-builder-workspace/.derivedData/SDKExplicitPrecompiledModules -emit-dependencies -emit-module -emit-module-path /Users/admin/builder/spi-builder-workspace/.derivedData/Build/Intermediates.noindex/SwiftyRive.build/Debug-xros/SwiftyRive-t.build/Objects-normal/arm64/SwiftyRive.swiftmodule -serialize-diagnostics -dependency-scan-serialize-diagnostics-path /Users/admin/builder/spi-builder-workspace/.derivedData/Build/Intermediates.noindex/SwiftyRive.build/Debug-xros/SwiftyRive-t.build/Objects-normal/arm64/SwiftyRive-dependency-scan.dia -validate-clang-modules-once -clang-build-session-file /Users/admin/builder/spi-builder-workspace/.derivedData/ModuleCache.noindex/Session.modulevalidation -Xcc -fmodules-prune-interval\=86400 -Xcc -fmodules-prune-after\=345600 -package-name spi_builder_workspace -emit-const-values -const-gather-protocols-list /Users/admin/builder/spi-builder-workspace/.derivedData/Build/Intermediates.noindex/SwiftyRive.build/Debug-xros/SwiftyRive-t.build/Objects-normal/arm64/SwiftyRive_const_extract_protocols.json -Xcc -I/Users/admin/builder/spi-builder-workspace/.derivedData/Build/Products/Debug-xros/include -Xcc -I/Users/admin/builder/spi-builder-workspace/.derivedData/Build/Intermediates.noindex/SwiftyRive.build/Debug-xros/SwiftyRive-t.build/DerivedSources-normal/arm64 -Xcc -I/Users/admin/builder/spi-builder-workspace/.derivedData/Build/Intermediates.noindex/SwiftyRive.build/Debug-xros/SwiftyRive-t.build/DerivedSources/arm64 -Xcc -I/Users/admin/builder/spi-builder-workspace/.derivedData/Build/Intermediates.noindex/SwiftyRive.build/Debug-xros/SwiftyRive-t.build/DerivedSources -Xcc -DSWIFT_PACKAGE -Xcc -DDEBUG\=1 -emit-objc-header -emit-objc-header-path /Users/admin/builder/spi-builder-workspace/.derivedData/Build/Intermediates.noindex/SwiftyRive.build/Debug-xros/SwiftyRive-t.build/Objects-normal/arm64/SwiftyRive-Swift.h -working-directory /Users/admin/builder/spi-builder-workspace/.swiftpm/xcode -experimental-emit-module-separately -disable-cmo
SwiftExplicitDependencyGeneratePcm arm64 /Users/admin/builder/spi-builder-workspace/.derivedData/SDKExplicitPrecompiledModules/_AvailabilityInternal-6BH9T8OE123ARKKFOJFR111NS.pcm
SwiftExplicitDependencyGeneratePcm arm64 /Users/admin/builder/spi-builder-workspace/.derivedData/SDKExplicitPrecompiledModules/_SwiftConcurrencyShims-9H7TQT237JM0VTD7TXCR6CNM9.pcm
SwiftExplicitDependencyGeneratePcm arm64 /Users/admin/builder/spi-builder-workspace/.derivedData/SDKExplicitPrecompiledModules/_Builtin_float-1J8SO31WACP82RKV0LOTRKG39.pcm
SwiftExplicitDependencyGeneratePcm arm64 /Users/admin/builder/spi-builder-workspace/.derivedData/SDKExplicitPrecompiledModules/ptrcheck-98Y8DWD0HPCMRMDFKAEZCA81O.pcm
SwiftExplicitDependencyGeneratePcm arm64 /Users/admin/builder/spi-builder-workspace/.derivedData/SDKExplicitPrecompiledModules/_Builtin_stdbool-1Q6BTYNEVHC9M74WL5O5GJ1ZM.pcm
SwiftExplicitDependencyGeneratePcm arm64 /Users/admin/builder/spi-builder-workspace/.derivedData/SDKExplicitPrecompiledModules/_Builtin_stddef-2IE0R9M96I5XG0WY72N2UIQ8V.pcm
SwiftExplicitDependencyGeneratePcm arm64 /Users/admin/builder/spi-builder-workspace/.derivedData/SDKExplicitPrecompiledModules/ShaderGraph-60HTPBNDVX0CX5JIAYFVTA9L4.pcm
SwiftExplicitDependencyGeneratePcm arm64 /Users/admin/builder/spi-builder-workspace/.derivedData/SDKExplicitPrecompiledModules/_Builtin_stdarg-62NPPE4D8O3BNLU35D74TGLVQ.pcm
SwiftExplicitDependencyGeneratePcm arm64 /Users/admin/builder/spi-builder-workspace/.derivedData/SDKExplicitPrecompiledModules/DeveloperToolsSupport-194HZPFNNCEHRVXIO6O8L9S0O.pcm
SwiftExplicitDependencyGeneratePcm arm64 /Users/admin/builder/spi-builder-workspace/.derivedData/SDKExplicitPrecompiledModules/ptrauth-9Q1PN7OTQZN7B0Z9D7V7Q8UB1.pcm
SwiftExplicitDependencyGeneratePcm arm64 /Users/admin/builder/spi-builder-workspace/.derivedData/SDKExplicitPrecompiledModules/SwiftShims-2HAZ94YF1BA79JLFTAIV7APMW.pcm
SwiftExplicitDependencyGeneratePcm arm64 /Users/admin/builder/spi-builder-workspace/.derivedData/SDKExplicitPrecompiledModules/_DarwinFoundation1-AVZIQZ8HOAUXTT5CXVE5TNG7E.pcm
SwiftExplicitDependencyGeneratePcm arm64 /Users/admin/builder/spi-builder-workspace/.derivedData/SDKExplicitPrecompiledModules/_DarwinFoundation2-E0NXA4K8N3W3XTJG0EDH15WR2.pcm
SwiftExplicitDependencyGeneratePcm arm64 /Users/admin/builder/spi-builder-workspace/.derivedData/SDKExplicitPrecompiledModules/_Builtin_limits-599EXAY0E7DPK78D1JASUXYCQ.pcm
SwiftExplicitDependencyGeneratePcm arm64 /Users/admin/builder/spi-builder-workspace/.derivedData/SDKExplicitPrecompiledModules/sys_types-A3BBS6FJZK4C974FRQ5ZCTND7.pcm
SwiftExplicitDependencyGeneratePcm arm64 /Users/admin/builder/spi-builder-workspace/.derivedData/SDKExplicitPrecompiledModules/string_h-BGPLTZ4H9HACR813QKF6VS72D.pcm
SwiftExplicitDependencyGeneratePcm arm64 /Users/admin/builder/spi-builder-workspace/.derivedData/SDKExplicitPrecompiledModules/_Builtin_stdint-F1DLW8WMMSOC414RWOQWK8OS8.pcm
SwiftExplicitDependencyGeneratePcm arm64 /Users/admin/builder/spi-builder-workspace/.derivedData/SDKExplicitPrecompiledModules/_Builtin_tgmath-6A504NZTD9420A66PPDYUHISN.pcm
SwiftExplicitDependencyGeneratePcm arm64 /Users/admin/builder/spi-builder-workspace/.derivedData/SDKExplicitPrecompiledModules/_DarwinFoundation3-C1P0SZMW1CBYZ1956G2WPAGVQ.pcm
SwiftExplicitDependencyGeneratePcm arm64 /Users/admin/builder/spi-builder-workspace/.derivedData/SDKExplicitPrecompiledModules/_Builtin_stdatomic-158FFQF46AB7DZCSEC3RCRTFC.pcm
SwiftExplicitDependencyGeneratePcm arm64 /Users/admin/builder/spi-builder-workspace/.derivedData/SDKExplicitPrecompiledModules/_Builtin_intrinsics-3111M8ALPD4YFW0NUUUBCM0JD.pcm
SwiftExplicitDependencyGeneratePcm arm64 /Users/admin/builder/spi-builder-workspace/.derivedData/SDKExplicitPrecompiledModules/_Builtin_inttypes-9DU9NJC5HKVLIXJ97CZROETBU.pcm
SwiftExplicitDependencyGeneratePcm arm64 /Users/admin/builder/spi-builder-workspace/.derivedData/SDKExplicitPrecompiledModules/Darwin-ET1KOXI5QIB2QZ81K0LJ5SCNP.pcm
SwiftExplicitDependencyGeneratePcm arm64 /Users/admin/builder/spi-builder-workspace/.derivedData/SDKExplicitPrecompiledModules/simd-7J2M7D2SOHYQ7IO8MYH2RXTKH.pcm
SwiftExplicitDependencyGeneratePcm arm64 /Users/admin/builder/spi-builder-workspace/.derivedData/SDKExplicitPrecompiledModules/MachO-6F2CAO15JWU9TP0S5ZC6PL9IB.pcm
SwiftExplicitDependencyGeneratePcm arm64 /Users/admin/builder/spi-builder-workspace/.derivedData/SDKExplicitPrecompiledModules/ObjectiveC-7UYOWV2RO2CMEGURP3Y7WLPAT.pcm
SwiftExplicitDependencyGeneratePcm arm64 /Users/admin/builder/spi-builder-workspace/.derivedData/SDKExplicitPrecompiledModules/os_object-A49MUZWNB60JKCX0NMFXESEZD.pcm
SwiftExplicitDependencyGeneratePcm arm64 /Users/admin/builder/spi-builder-workspace/.derivedData/SDKExplicitPrecompiledModules/os_workgroup-1J3Q9ELSMX5271913GPIT75QV.pcm
SwiftExplicitDependencyGeneratePcm arm64 /Users/admin/builder/spi-builder-workspace/.derivedData/SDKExplicitPrecompiledModules/Dispatch-7TDXDXPVVCZ0IQLPT2W4Z1AW3.pcm
SwiftExplicitDependencyGeneratePcm arm64 /Users/admin/builder/spi-builder-workspace/.derivedData/SDKExplicitPrecompiledModules/Spatial-92H2FIVGSGXGN6Z0PM4QAD9U8.pcm
SwiftExplicitDependencyGeneratePcm arm64 /Users/admin/builder/spi-builder-workspace/.derivedData/SDKExplicitPrecompiledModules/XPC-1U8J3QOEPI1JREQTBJYCK4Z2Z.pcm
SwiftExplicitDependencyGeneratePcm arm64 /Users/admin/builder/spi-builder-workspace/.derivedData/SDKExplicitPrecompiledModules/dnssd-3O0RNR51LL3EG0N1T07ZFMALS.pcm
SwiftExplicitDependencyGeneratePcm arm64 /Users/admin/builder/spi-builder-workspace/.derivedData/SDKExplicitPrecompiledModules/CoreFoundation-5D49BF05JAG3T79HLXZS0QOEB.pcm
SwiftExplicitDependencyGeneratePcm arm64 /Users/admin/builder/spi-builder-workspace/.derivedData/SDKExplicitPrecompiledModules/os-7D3ZMGEZW9BBPJG5AFYWTJQLV.pcm
SwiftExplicitDependencyGeneratePcm arm64 /Users/admin/builder/spi-builder-workspace/.derivedData/SDKExplicitPrecompiledModules/CoreGraphics-AY8OPKLJIGMHZ9MYROUT854WA.pcm
SwiftExplicitDependencyGeneratePcm arm64 /Users/admin/builder/spi-builder-workspace/.derivedData/SDKExplicitPrecompiledModules/Security-4BDO3J0PXFNR7ZRKSDSXCO6IM.pcm
SwiftExplicitDependencyGeneratePcm arm64 /Users/admin/builder/spi-builder-workspace/.derivedData/SDKExplicitPrecompiledModules/CoreAudioTypes-312R5U71UD8UC735GBX55K3US.pcm
SwiftExplicitDependencyGeneratePcm arm64 /Users/admin/builder/spi-builder-workspace/.derivedData/SDKExplicitPrecompiledModules/CFNetwork-8XNJAT23SK5D0OET9NV9X387I.pcm
SwiftExplicitDependencyGeneratePcm arm64 /Users/admin/builder/spi-builder-workspace/.derivedData/SDKExplicitPrecompiledModules/CoreAudio-BNVVZ0H6VD0B9Q2N4KZUSB6RB.pcm
SwiftExplicitDependencyGeneratePcm arm64 /Users/admin/builder/spi-builder-workspace/.derivedData/SDKExplicitPrecompiledModules/Foundation-48S9SVOOX01R4NP8KF0LJG57Z.pcm
SwiftExplicitDependencyGeneratePcm arm64 /Users/admin/builder/spi-builder-workspace/.derivedData/SDKExplicitPrecompiledModules/ImageIO-IAKQMD68GVR7DW77YOHGK8X7.pcm
SwiftExplicitDependencyGeneratePcm arm64 /Users/admin/builder/spi-builder-workspace/.derivedData/SDKExplicitPrecompiledModules/CoreText-3Q9AYRR8Y0RMYX4VGST56EDCZ.pcm
SwiftExplicitDependencyGeneratePcm arm64 /Users/admin/builder/spi-builder-workspace/.derivedData/SDKExplicitPrecompiledModules/LocalAuthentication-DY23D7R1X7DY7BV7FZ6NHSR9L.pcm
SwiftExplicitDependencyGeneratePcm arm64 /Users/admin/builder/spi-builder-workspace/.derivedData/SDKExplicitPrecompiledModules/CoreTransferable-EFMTSDPFE8WPPM5HOZ47P0KQO.pcm
SwiftExplicitDependencyGeneratePcm arm64 /Users/admin/builder/spi-builder-workspace/.derivedData/SDKExplicitPrecompiledModules/Symbols-ECOU17NNJUYRSDVSZI1SX0DNL.pcm
SwiftExplicitDependencyGeneratePcm arm64 /Users/admin/builder/spi-builder-workspace/.derivedData/SDKExplicitPrecompiledModules/UIUtilities-F3U0HSZMZSXCP772P753OT1G5.pcm
SwiftExplicitDependencyGeneratePcm arm64 /Users/admin/builder/spi-builder-workspace/.derivedData/SDKExplicitPrecompiledModules/DataDetection-7LQD8Z3LW2FUEO4CR6TGECXW0.pcm
SwiftExplicitDependencyGeneratePcm arm64 /Users/admin/builder/spi-builder-workspace/.derivedData/SDKExplicitPrecompiledModules/CoreMIDI-3PXS069A7G7J69W6C2O4U64TR.pcm
SwiftExplicitDependencyGeneratePcm arm64 /Users/admin/builder/spi-builder-workspace/.derivedData/SDKExplicitPrecompiledModules/UniformTypeIdentifiers-9BPZRHV9PRGRSU35W243D89CW.pcm
SwiftExplicitDependencyGeneratePcm arm64 /Users/admin/builder/spi-builder-workspace/.derivedData/SDKExplicitPrecompiledModules/ModelIO-3QKS54R6USOHW7RUQZUCG4Y4V.pcm
SwiftExplicitDependencyGeneratePcm arm64 /Users/admin/builder/spi-builder-workspace/.derivedData/SDKExplicitPrecompiledModules/Network-59OXS1WBU0E96MTVI1BQ4Y8O0.pcm
SwiftExplicitDependencyGeneratePcm arm64 /Users/admin/builder/spi-builder-workspace/.derivedData/SDKExplicitPrecompiledModules/FileProvider-C1CJK6EJC5IUBTWZU8FS47OM3.pcm
SwiftExplicitDependencyGeneratePcm arm64 /Users/admin/builder/spi-builder-workspace/.derivedData/SDKExplicitPrecompiledModules/IOSurface-2D5KLETWRIPRMLT8HCRTTINH3.pcm
SwiftExplicitDependencyGeneratePcm arm64 /Users/admin/builder/spi-builder-workspace/.derivedData/SDKExplicitPrecompiledModules/UserNotifications-6JIY9EEYAYYTJITYYQZF42LAH.pcm
SwiftExplicitDependencyGeneratePcm arm64 /Users/admin/builder/spi-builder-workspace/.derivedData/SDKExplicitPrecompiledModules/OSLog-3CTW8AFBZNTJNTYU2CNXR306R.pcm
SwiftExplicitDependencyGeneratePcm arm64 /Users/admin/builder/spi-builder-workspace/.derivedData/SDKExplicitPrecompiledModules/_LocationEssentials-32JNDL0Y7WK6X17R1HPKJCQEE.pcm
SwiftExplicitDependencyGeneratePcm arm64 /Users/admin/builder/spi-builder-workspace/.derivedData/SDKExplicitPrecompiledModules/Accessibility-8QB8DU95K5GFNCPAUIMZLHBIU.pcm
SwiftExplicitDependencyGeneratePcm arm64 /Users/admin/builder/spi-builder-workspace/.derivedData/SDKExplicitPrecompiledModules/CoreData-5V8622D8G59RJKITQSAST89GC.pcm
SwiftExplicitDependencyGeneratePcm arm64 /Users/admin/builder/spi-builder-workspace/.derivedData/SDKExplicitPrecompiledModules/AudioToolbox-BIB990ZQT6Y2YX7R0HKENKU6T.pcm
SwiftExplicitDependencyGeneratePcm arm64 /Users/admin/builder/spi-builder-workspace/.derivedData/SDKExplicitPrecompiledModules/AVRouting-A58BUG9HB1NCTPD2PCCO84ARM.pcm
SwiftExplicitDependencyGeneratePcm arm64 /Users/admin/builder/spi-builder-workspace/.derivedData/SDKExplicitPrecompiledModules/CoreLocation-E62WUNIY48I4BO5WNB3SVVIP8.pcm
SwiftExplicitDependencyGeneratePcm arm64 /Users/admin/builder/spi-builder-workspace/.derivedData/SDKExplicitPrecompiledModules/OpenGLES-CKJ9EEPIRPNP44Q12R6YOKS1E.pcm
SwiftExplicitDependencyGeneratePcm arm64 /Users/admin/builder/spi-builder-workspace/.derivedData/SDKExplicitPrecompiledModules/Metal-CAKGHYH5ACDACD017V00QOQC9.pcm
SwiftExplicitDependencyGeneratePcm arm64 /Users/admin/builder/spi-builder-workspace/.derivedData/SDKExplicitPrecompiledModules/CoreMotion-DCVNRIJ2COFK7QG37YNW48EGV.pcm
SwiftExplicitDependencyGeneratePcm arm64 /Users/admin/builder/spi-builder-workspace/.derivedData/SDKExplicitPrecompiledModules/CoreVideo-4PK3Q849TG28PPFW9ON3UC1O9.pcm
SwiftExplicitDependencyCompileModuleFromInterface arm64 /Users/admin/builder/spi-builder-workspace/.derivedData/SDKExplicitPrecompiledModules/ShaderGraph-URHKVVOFZL5Z.swiftmodule
SwiftExplicitDependencyGeneratePcm arm64 /Users/admin/builder/spi-builder-workspace/.derivedData/SDKExplicitPrecompiledModules/CoreML-C2BW2527PDNODK16LJ9I668C8.pcm
SwiftExplicitDependencyGeneratePcm arm64 /Users/admin/builder/spi-builder-workspace/.derivedData/SDKExplicitPrecompiledModules/CoreImage-9GN6OPXIJ356C54K347I7T417.pcm
SwiftExplicitDependencyGeneratePcm arm64 /Users/admin/builder/spi-builder-workspace/.derivedData/SDKExplicitPrecompiledModules/CoreMedia-X23SRPCPJE6SQFHHHYCZ7WVC.pcm
SwiftExplicitDependencyGeneratePcm arm64 /Users/admin/builder/spi-builder-workspace/.derivedData/SDKExplicitPrecompiledModules/ARKitFoundation-BT979VLYXKXTC443T81YQQEY1.pcm
SwiftExplicitDependencyGeneratePcm arm64 /Users/admin/builder/spi-builder-workspace/.derivedData/SDKExplicitPrecompiledModules/QuartzCore-6ZHUATRF8P4D51R22KZF8F6EG.pcm
SwiftExplicitDependencyGeneratePcm arm64 /Users/admin/builder/spi-builder-workspace/.derivedData/SDKExplicitPrecompiledModules/SwiftUICore-374BUSM2QWS9MQO694AHOADDT.pcm
SwiftExplicitDependencyGeneratePcm arm64 /Users/admin/builder/spi-builder-workspace/.derivedData/SDKExplicitPrecompiledModules/UIKit-1PV3XTOUQPUVY5I4MLPUAXR9J.pcm
SwiftExplicitDependencyGeneratePcm arm64 /Users/admin/builder/spi-builder-workspace/.derivedData/SDKExplicitPrecompiledModules/AVFAudio-7A6YZTGYW2RLZD9E99CP5838N.pcm
SwiftExplicitDependencyGeneratePcm arm64 /Users/admin/builder/spi-builder-workspace/.derivedData/SDKExplicitPrecompiledModules/VideoToolbox-3P3B69YG5JT8YUFOCSUNDM59.pcm
SwiftExplicitDependencyGeneratePcm arm64 /Users/admin/builder/spi-builder-workspace/.derivedData/SDKExplicitPrecompiledModules/Vision-3I7AR38LZFB22SF4LQC7Q6KA.pcm
SwiftExplicitDependencyGeneratePcm arm64 /Users/admin/builder/spi-builder-workspace/.derivedData/SDKExplicitPrecompiledModules/MediaToolbox-ANHHEHPC85W3ECWTCJ308UFOE.pcm
SwiftExplicitDependencyGeneratePcm arm64 /Users/admin/builder/spi-builder-workspace/.derivedData/SDKExplicitPrecompiledModules/AVFoundation-81FTBCX2AZLM90X977V6F8213.pcm
SwiftExplicitDependencyGeneratePcm arm64 /Users/admin/builder/spi-builder-workspace/.derivedData/SDKExplicitPrecompiledModules/ARKitCore-3XTE32VQMIOYU5QR9S293LZS1.pcm
SwiftExplicitDependencyGeneratePcm arm64 /Users/admin/builder/spi-builder-workspace/.derivedData/SDKExplicitPrecompiledModules/MetalKit-2NBUWSVTOE912ZYOTV17BPIXU.pcm
SwiftExplicitDependencyGeneratePcm arm64 /Users/admin/builder/spi-builder-workspace/.derivedData/SDKExplicitPrecompiledModules/SwiftUI-C448PJ9D4ZYA5OED1YDWBD562.pcm
SwiftExplicitDependencyGeneratePcm arm64 /Users/admin/builder/spi-builder-workspace/.derivedData/SDKExplicitPrecompiledModules/GameController-X9URPRY7QBKI12E33T2Y28WV.pcm
SwiftExplicitDependencyGeneratePcm arm64 /Users/admin/builder/spi-builder-workspace/.derivedData/SDKExplicitPrecompiledModules/ARKit-DR3A0F7OE5VAP1U4QICI8GJ1B.pcm
SwiftExplicitDependencyGeneratePcm arm64 /Users/admin/builder/spi-builder-workspace/.derivedData/Build/Intermediates.noindex/SwiftExplicitPrecompiledModules/RiveRuntime-228AU6J6W35X3USTBA1ID02PG.pcm
SwiftExplicitDependencyCompileModuleFromInterface arm64 /Users/admin/builder/spi-builder-workspace/.derivedData/Build/Intermediates.noindex/SwiftExplicitPrecompiledModules/RiveRuntime-12OGWBKVI245.swiftmodule
SwiftEmitModule normal arm64 Emitting\ module\ for\ SwiftyRive (in target 'SwiftyRive' from project 'SwiftyRive')
SwiftCompile normal arm64 (in target 'SwiftyRive' from project 'SwiftyRive')
cd /Users/admin/builder/spi-builder-workspace/.swiftpm/xcode
/Users/admin/builder/spi-builder-workspace/Sources/SwiftyRive/Schema/SchemaValidator.swift:198:9: warning: switch must be exhaustive
196 | /// Human-readable name of a runtime property type, for error messages.
197 | static func describe(_ type: RiveRuntime.ViewModelProperty.DataType) -> String {
198 | switch type {
| |- warning: switch must be exhaustive
| `- note: add missing case: '.assetBlob'
199 | case .none: return "none"
200 | case .string: return "string"
SwiftCompile normal arm64 Compiling\ RiveSchema.swift,\ RiveSchemaError.swift,\ SchemaValidator.swift /Users/admin/builder/spi-builder-workspace/Sources/SwiftyRive/Schema/RiveSchema.swift /Users/admin/builder/spi-builder-workspace/Sources/SwiftyRive/Schema/RiveSchemaError.swift /Users/admin/builder/spi-builder-workspace/Sources/SwiftyRive/Schema/SchemaValidator.swift (in target 'SwiftyRive' from project 'SwiftyRive')
SwiftCompile normal arm64 /Users/admin/builder/spi-builder-workspace/Sources/SwiftyRive/Schema/RiveSchema.swift (in target 'SwiftyRive' from project 'SwiftyRive')
cd /Users/admin/builder/spi-builder-workspace/.swiftpm/xcode
builtin-SwiftPerFileCompile RiveSchema.swift
SwiftCompile normal arm64 /Users/admin/builder/spi-builder-workspace/Sources/SwiftyRive/Schema/RiveSchemaError.swift (in target 'SwiftyRive' from project 'SwiftyRive')
cd /Users/admin/builder/spi-builder-workspace/.swiftpm/xcode
builtin-SwiftPerFileCompile RiveSchemaError.swift
SwiftCompile normal arm64 /Users/admin/builder/spi-builder-workspace/Sources/SwiftyRive/Schema/SchemaValidator.swift (in target 'SwiftyRive' from project 'SwiftyRive')
cd /Users/admin/builder/spi-builder-workspace/.swiftpm/xcode
builtin-SwiftPerFileCompile SchemaValidator.swift
/Users/admin/builder/spi-builder-workspace/Sources/SwiftyRive/Schema/SchemaValidator.swift:198:9: warning: switch must be exhaustive
196 | /// Human-readable name of a runtime property type, for error messages.
197 | static func describe(_ type: RiveRuntime.ViewModelProperty.DataType) -> String {
198 | switch type {
| |- warning: switch must be exhaustive
| `- note: add missing case: '.assetBlob'
199 | case .none: return "none"
200 | case .string: return "string"
SwiftCompile normal arm64 Compiling\ RiveDocument+Snapshot.swift,\ RiveLoadError.swift,\ AsyncRiveView.swift /Users/admin/builder/spi-builder-workspace/Sources/SwiftyRive/Support/RiveDocument+Snapshot.swift /Users/admin/builder/spi-builder-workspace/Sources/SwiftyRive/Support/RiveLoadError.swift /Users/admin/builder/spi-builder-workspace/Sources/SwiftyRive/Views/AsyncRiveView.swift (in target 'SwiftyRive' from project 'SwiftyRive')
SwiftCompile normal arm64 /Users/admin/builder/spi-builder-workspace/Sources/SwiftyRive/Support/RiveDocument+Snapshot.swift (in target 'SwiftyRive' from project 'SwiftyRive')
cd /Users/admin/builder/spi-builder-workspace/.swiftpm/xcode
builtin-SwiftPerFileCompile RiveDocument+Snapshot.swift
SwiftCompile normal arm64 /Users/admin/builder/spi-builder-workspace/Sources/SwiftyRive/Support/RiveLoadError.swift (in target 'SwiftyRive' from project 'SwiftyRive')
cd /Users/admin/builder/spi-builder-workspace/.swiftpm/xcode
builtin-SwiftPerFileCompile RiveLoadError.swift
SwiftCompile normal arm64 /Users/admin/builder/spi-builder-workspace/Sources/SwiftyRive/Views/AsyncRiveView.swift (in target 'SwiftyRive' from project 'SwiftyRive')
cd /Users/admin/builder/spi-builder-workspace/.swiftpm/xcode
builtin-SwiftPerFileCompile AsyncRiveView.swift
SwiftCompile normal arm64 Compiling\ RiveView.swift,\ ViewModifiers.swift /Users/admin/builder/spi-builder-workspace/Sources/SwiftyRive/Views/RiveView.swift /Users/admin/builder/spi-builder-workspace/Sources/SwiftyRive/Views/ViewModifiers.swift (in target 'SwiftyRive' from project 'SwiftyRive')
SwiftCompile normal arm64 /Users/admin/builder/spi-builder-workspace/Sources/SwiftyRive/Views/RiveView.swift (in target 'SwiftyRive' from project 'SwiftyRive')
cd /Users/admin/builder/spi-builder-workspace/.swiftpm/xcode
builtin-SwiftPerFileCompile RiveView.swift
SwiftCompile normal arm64 /Users/admin/builder/spi-builder-workspace/Sources/SwiftyRive/Views/ViewModifiers.swift (in target 'SwiftyRive' from project 'SwiftyRive')
cd /Users/admin/builder/spi-builder-workspace/.swiftpm/xcode
builtin-SwiftPerFileCompile ViewModifiers.swift
SwiftCompile normal arm64 Compiling\ RiveColor.swift,\ RiveKey.swift,\ RivePropertyValue.swift /Users/admin/builder/spi-builder-workspace/Sources/SwiftyRive/Schema/RiveColor.swift /Users/admin/builder/spi-builder-workspace/Sources/SwiftyRive/Schema/RiveKey.swift /Users/admin/builder/spi-builder-workspace/Sources/SwiftyRive/Schema/RivePropertyValue.swift (in target 'SwiftyRive' from project 'SwiftyRive')
SwiftCompile normal arm64 /Users/admin/builder/spi-builder-workspace/Sources/SwiftyRive/Schema/RiveColor.swift (in target 'SwiftyRive' from project 'SwiftyRive')
cd /Users/admin/builder/spi-builder-workspace/.swiftpm/xcode
builtin-SwiftPerFileCompile RiveColor.swift
SwiftCompile normal arm64 /Users/admin/builder/spi-builder-workspace/Sources/SwiftyRive/Schema/RiveKey.swift (in target 'SwiftyRive' from project 'SwiftyRive')
cd /Users/admin/builder/spi-builder-workspace/.swiftpm/xcode
builtin-SwiftPerFileCompile RiveKey.swift
SwiftCompile normal arm64 /Users/admin/builder/spi-builder-workspace/Sources/SwiftyRive/Schema/RivePropertyValue.swift (in target 'SwiftyRive' from project 'SwiftyRive')
cd /Users/admin/builder/spi-builder-workspace/.swiftpm/xcode
builtin-SwiftPerFileCompile RivePropertyValue.swift
SwiftCompile normal arm64 Compiling\ RiveFit.swift,\ LegacyArtboardBounds.swift,\ LegacySnapshotRenderer.swift /Users/admin/builder/spi-builder-workspace/Sources/SwiftyRive/Geometry/RiveFit.swift /Users/admin/builder/spi-builder-workspace/Sources/SwiftyRive/Internal/LegacyArtboardBounds.swift /Users/admin/builder/spi-builder-workspace/Sources/SwiftyRive/Internal/LegacySnapshotRenderer.swift (in target 'SwiftyRive' from project 'SwiftyRive')
SwiftCompile normal arm64 /Users/admin/builder/spi-builder-workspace/Sources/SwiftyRive/Geometry/RiveFit.swift (in target 'SwiftyRive' from project 'SwiftyRive')
cd /Users/admin/builder/spi-builder-workspace/.swiftpm/xcode
builtin-SwiftPerFileCompile RiveFit.swift
SwiftCompile normal arm64 /Users/admin/builder/spi-builder-workspace/Sources/SwiftyRive/Internal/LegacyArtboardBounds.swift (in target 'SwiftyRive' from project 'SwiftyRive')
cd /Users/admin/builder/spi-builder-workspace/.swiftpm/xcode
builtin-SwiftPerFileCompile LegacyArtboardBounds.swift
SwiftCompile normal arm64 /Users/admin/builder/spi-builder-workspace/Sources/SwiftyRive/Internal/LegacySnapshotRenderer.swift (in target 'SwiftyRive' from project 'SwiftyRive')
cd /Users/admin/builder/spi-builder-workspace/.swiftpm/xcode
builtin-SwiftPerFileCompile LegacySnapshotRenderer.swift
SwiftCompile normal arm64 Compiling\ resource_bundle_accessor.swift,\ PropertyMirror.swift,\ RiveDynamicInstance.swift /Users/admin/builder/spi-builder-workspace/.derivedData/Build/Intermediates.noindex/SwiftyRive.build/Debug-xros/SwiftyRive-t.build/DerivedSources/resource_bundle_accessor.swift /Users/admin/builder/spi-builder-workspace/Sources/SwiftyRive/Binding/PropertyMirror.swift /Users/admin/builder/spi-builder-workspace/Sources/SwiftyRive/Binding/RiveDynamicInstance.swift (in target 'SwiftyRive' from project 'SwiftyRive')
SwiftCompile normal arm64 /Users/admin/builder/spi-builder-workspace/.derivedData/Build/Intermediates.noindex/SwiftyRive.build/Debug-xros/SwiftyRive-t.build/DerivedSources/resource_bundle_accessor.swift (in target 'SwiftyRive' from project 'SwiftyRive')
cd /Users/admin/builder/spi-builder-workspace/.swiftpm/xcode
builtin-SwiftPerFileCompile resource_bundle_accessor.swift
SwiftCompile normal arm64 /Users/admin/builder/spi-builder-workspace/Sources/SwiftyRive/Binding/PropertyMirror.swift (in target 'SwiftyRive' from project 'SwiftyRive')
cd /Users/admin/builder/spi-builder-workspace/.swiftpm/xcode
builtin-SwiftPerFileCompile PropertyMirror.swift
SwiftCompile normal arm64 /Users/admin/builder/spi-builder-workspace/Sources/SwiftyRive/Binding/RiveDynamicInstance.swift (in target 'SwiftyRive' from project 'SwiftyRive')
cd /Users/admin/builder/spi-builder-workspace/.swiftpm/xcode
builtin-SwiftPerFileCompile RiveDynamicInstance.swift
SwiftCompile normal arm64 Compiling\ RiveDynamicProperty.swift,\ RiveInstance.swift,\ RiveDocument.swift /Users/admin/builder/spi-builder-workspace/Sources/SwiftyRive/Binding/RiveDynamicProperty.swift /Users/admin/builder/spi-builder-workspace/Sources/SwiftyRive/Binding/RiveInstance.swift /Users/admin/builder/spi-builder-workspace/Sources/SwiftyRive/Engine/RiveDocument.swift (in target 'SwiftyRive' from project 'SwiftyRive')
SwiftCompile normal arm64 /Users/admin/builder/spi-builder-workspace/Sources/SwiftyRive/Binding/RiveDynamicProperty.swift (in target 'SwiftyRive' from project 'SwiftyRive')
cd /Users/admin/builder/spi-builder-workspace/.swiftpm/xcode
builtin-SwiftPerFileCompile RiveDynamicProperty.swift
SwiftCompile normal arm64 /Users/admin/builder/spi-builder-workspace/Sources/SwiftyRive/Binding/RiveInstance.swift (in target 'SwiftyRive' from project 'SwiftyRive')
cd /Users/admin/builder/spi-builder-workspace/.swiftpm/xcode
builtin-SwiftPerFileCompile RiveInstance.swift
SwiftCompile normal arm64 /Users/admin/builder/spi-builder-workspace/Sources/SwiftyRive/Engine/RiveDocument.swift (in target 'SwiftyRive' from project 'SwiftyRive')
cd /Users/admin/builder/spi-builder-workspace/.swiftpm/xcode
builtin-SwiftPerFileCompile RiveDocument.swift
SwiftCompile normal arm64 Compiling\ RiveEngine.swift,\ RiveSource.swift,\ RiveAlignment.swift /Users/admin/builder/spi-builder-workspace/Sources/SwiftyRive/Engine/RiveEngine.swift /Users/admin/builder/spi-builder-workspace/Sources/SwiftyRive/Engine/RiveSource.swift /Users/admin/builder/spi-builder-workspace/Sources/SwiftyRive/Geometry/RiveAlignment.swift (in target 'SwiftyRive' from project 'SwiftyRive')
SwiftCompile normal arm64 /Users/admin/builder/spi-builder-workspace/Sources/SwiftyRive/Engine/RiveEngine.swift (in target 'SwiftyRive' from project 'SwiftyRive')
cd /Users/admin/builder/spi-builder-workspace/.swiftpm/xcode
builtin-SwiftPerFileCompile RiveEngine.swift
SwiftCompile normal arm64 /Users/admin/builder/spi-builder-workspace/Sources/SwiftyRive/Engine/RiveSource.swift (in target 'SwiftyRive' from project 'SwiftyRive')
cd /Users/admin/builder/spi-builder-workspace/.swiftpm/xcode
builtin-SwiftPerFileCompile RiveSource.swift
SwiftCompile normal arm64 /Users/admin/builder/spi-builder-workspace/Sources/SwiftyRive/Geometry/RiveAlignment.swift (in target 'SwiftyRive' from project 'SwiftyRive')
cd /Users/admin/builder/spi-builder-workspace/.swiftpm/xcode
builtin-SwiftPerFileCompile RiveAlignment.swift
SwiftCompile normal arm64 Compiling\ RiveNativeView.swift,\ RiveRenderHost.swift,\ RiveRepresentable.swift /Users/admin/builder/spi-builder-workspace/Sources/SwiftyRive/Views/RiveNativeView.swift /Users/admin/builder/spi-builder-workspace/Sources/SwiftyRive/Views/RiveRenderHost.swift /Users/admin/builder/spi-builder-workspace/Sources/SwiftyRive/Views/RiveRepresentable.swift (in target 'SwiftyRive' from project 'SwiftyRive')
SwiftCompile normal arm64 /Users/admin/builder/spi-builder-workspace/Sources/SwiftyRive/Views/RiveNativeView.swift (in target 'SwiftyRive' from project 'SwiftyRive')
cd /Users/admin/builder/spi-builder-workspace/.swiftpm/xcode
builtin-SwiftPerFileCompile RiveNativeView.swift
SwiftCompile normal arm64 /Users/admin/builder/spi-builder-workspace/Sources/SwiftyRive/Views/RiveRenderHost.swift (in target 'SwiftyRive' from project 'SwiftyRive')
cd /Users/admin/builder/spi-builder-workspace/.swiftpm/xcode
builtin-SwiftPerFileCompile RiveRenderHost.swift
SwiftCompile normal arm64 /Users/admin/builder/spi-builder-workspace/Sources/SwiftyRive/Views/RiveRepresentable.swift (in target 'SwiftyRive' from project 'SwiftyRive')
cd /Users/admin/builder/spi-builder-workspace/.swiftpm/xcode
builtin-SwiftPerFileCompile RiveRepresentable.swift
SwiftCompile normal arm64 Compiling\ Logging.swift,\ RiveDocument+Diagnostics.swift,\ RiveDocument+SchemaGeneration.swift /Users/admin/builder/spi-builder-workspace/Sources/SwiftyRive/Support/Logging.swift /Users/admin/builder/spi-builder-workspace/Sources/SwiftyRive/Support/RiveDocument+Diagnostics.swift /Users/admin/builder/spi-builder-workspace/Sources/SwiftyRive/Support/RiveDocument+SchemaGeneration.swift (in target 'SwiftyRive' from project 'SwiftyRive')
SwiftCompile normal arm64 /Users/admin/builder/spi-builder-workspace/Sources/SwiftyRive/Support/Logging.swift (in target 'SwiftyRive' from project 'SwiftyRive')
cd /Users/admin/builder/spi-builder-workspace/.swiftpm/xcode
builtin-SwiftPerFileCompile Logging.swift
SwiftCompile normal arm64 /Users/admin/builder/spi-builder-workspace/Sources/SwiftyRive/Support/RiveDocument+Diagnostics.swift (in target 'SwiftyRive' from project 'SwiftyRive')
cd /Users/admin/builder/spi-builder-workspace/.swiftpm/xcode
builtin-SwiftPerFileCompile RiveDocument+Diagnostics.swift
SwiftCompile normal arm64 /Users/admin/builder/spi-builder-workspace/Sources/SwiftyRive/Support/RiveDocument+SchemaGeneration.swift (in target 'SwiftyRive' from project 'SwiftyRive')
cd /Users/admin/builder/spi-builder-workspace/.swiftpm/xcode
builtin-SwiftPerFileCompile RiveDocument+SchemaGeneration.swift
SwiftDriverJobDiscovery normal arm64 Emitting module for SwiftyRive (in target 'SwiftyRive' from project 'SwiftyRive')
SwiftDriver\ Compilation\ Requirements SwiftyRive normal arm64 com.apple.xcode.tools.swift.compiler (in target 'SwiftyRive' from project 'SwiftyRive')
cd /Users/admin/builder/spi-builder-workspace/.swiftpm/xcode
builtin-Swift-Compilation-Requirements -- /Applications/Xcode-27.0.0-Release.Candidate.app/Contents/Developer/Toolchains/XcodeDefault.xctoolchain/usr/bin/swiftc -parse-as-library -module-name SwiftyRive -Onone @/Users/admin/builder/spi-builder-workspace/.derivedData/Build/Intermediates.noindex/SwiftyRive.build/Debug-xros/SwiftyRive-t.build/Objects-normal/arm64/SwiftyRive.SwiftFileList -DSWIFT_PACKAGE -DDEBUG -DSWIFT_MODULE_RESOURCE_BUNDLE_AVAILABLE -DXcode -default-isolation MainActor -enable-upcoming-feature NonisolatedNonsendingByDefault -plugin-path /Applications/Xcode-27.0.0-Release.Candidate.app/Contents/Developer/Toolchains/XcodeDefault.xctoolchain/usr/lib/swift/host/plugins/testing -enable-experimental-feature DebugDescriptionMacro -sdk /Applications/Xcode-27.0.0-Release.Candidate.app/Contents/Developer/Platforms/XROS.platform/Developer/SDKs/XROS27.0.sdk -target arm64-apple-xros1.0 -g -module-cache-path /Users/admin/builder/spi-builder-workspace/.derivedData/ModuleCache.noindex -Xfrontend -serialize-debugging-options -profile-coverage-mapping -profile-generate -enable-testing -index-store-path /Users/admin/builder/spi-builder-workspace/.derivedData/Index.noindex/DataStore -Xcc -D_LIBCPP_HARDENING_MODE\=_LIBCPP_HARDENING_MODE_DEBUG -swift-version 6 -I /Users/admin/builder/spi-builder-workspace/.derivedData/Build/Products/Debug-xros -Isystem /Applications/Xcode-27.0.0-Release.Candidate.app/Contents/Developer/Platforms/XROS.platform/Developer/usr/lib -F /Users/admin/builder/spi-builder-workspace/.derivedData/Build/Products/Debug-xros -F /Applications/Xcode-27.0.0-Release.Candidate.app/Contents/Developer/Platforms/XROS.platform/Developer/Library/Frameworks -F /Applications/Xcode-27.0.0-Release.Candidate.app/Contents/Developer/Platforms/XROS.platform/Developer/SDKs/XROS27.0.sdk/Developer/Library/Frameworks -c -j10 -enable-batch-mode -incremental -Xcc -ivfsstatcache -Xcc /Users/admin/builder/spi-builder-workspace/.derivedData/SDKStatCaches.noindex/xros27.0-24M361-e829b21a6f8c9b70876ba0858053c044735bd543db762f57723cac368afd1ce4.sdkstatcache -output-file-map /Users/admin/builder/spi-builder-workspace/.derivedData/Build/Intermediates.noindex/SwiftyRive.build/Debug-xros/SwiftyRive-t.build/Objects-normal/arm64/SwiftyRive-OutputFileMap.json -save-temps -no-color-diagnostics -explicit-module-build -module-cache-path /Users/admin/builder/spi-builder-workspace/.derivedData/Build/Intermediates.noindex/SwiftExplicitPrecompiledModules -clang-scanner-module-cache-path /Users/admin/builder/spi-builder-workspace/.derivedData/ModuleCache.noindex -sdk-module-cache-path /Users/admin/builder/spi-builder-workspace/.derivedData/SDKExplicitPrecompiledModules -emit-dependencies -emit-module -emit-module-path /Users/admin/builder/spi-builder-workspace/.derivedData/Build/Intermediates.noindex/SwiftyRive.build/Debug-xros/SwiftyRive-t.build/Objects-normal/arm64/SwiftyRive.swiftmodule -serialize-diagnostics -dependency-scan-serialize-diagnostics-path /Users/admin/builder/spi-builder-workspace/.derivedData/Build/Intermediates.noindex/SwiftyRive.build/Debug-xros/SwiftyRive-t.build/Objects-normal/arm64/SwiftyRive-dependency-scan.dia -validate-clang-modules-once -clang-build-session-file /Users/admin/builder/spi-builder-workspace/.derivedData/ModuleCache.noindex/Session.modulevalidation -Xcc -fmodules-prune-interval\=86400 -Xcc -fmodules-prune-after\=345600 -package-name spi_builder_workspace -emit-const-values -const-gather-protocols-list /Users/admin/builder/spi-builder-workspace/.derivedData/Build/Intermediates.noindex/SwiftyRive.build/Debug-xros/SwiftyRive-t.build/Objects-normal/arm64/SwiftyRive_const_extract_protocols.json -Xcc -I/Users/admin/builder/spi-builder-workspace/.derivedData/Build/Products/Debug-xros/include -Xcc -I/Users/admin/builder/spi-builder-workspace/.derivedData/Build/Intermediates.noindex/SwiftyRive.build/Debug-xros/SwiftyRive-t.build/DerivedSources-normal/arm64 -Xcc -I/Users/admin/builder/spi-builder-workspace/.derivedData/Build/Intermediates.noindex/SwiftyRive.build/Debug-xros/SwiftyRive-t.build/DerivedSources/arm64 -Xcc -I/Users/admin/builder/spi-builder-workspace/.derivedData/Build/Intermediates.noindex/SwiftyRive.build/Debug-xros/SwiftyRive-t.build/DerivedSources -Xcc -DSWIFT_PACKAGE -Xcc -DDEBUG\=1 -emit-objc-header -emit-objc-header-path /Users/admin/builder/spi-builder-workspace/.derivedData/Build/Intermediates.noindex/SwiftyRive.build/Debug-xros/SwiftyRive-t.build/Objects-normal/arm64/SwiftyRive-Swift.h -working-directory /Users/admin/builder/spi-builder-workspace/.swiftpm/xcode -experimental-emit-module-separately -disable-cmo
SwiftDriverJobDiscovery normal arm64 Compiling resource_bundle_accessor.swift, PropertyMirror.swift, RiveDynamicInstance.swift (in target 'SwiftyRive' from project 'SwiftyRive')
SwiftDriverJobDiscovery normal arm64 Compiling RiveSchema.swift, RiveSchemaError.swift, SchemaValidator.swift (in target 'SwiftyRive' from project 'SwiftyRive')
SwiftMergeGeneratedHeaders /Users/admin/builder/spi-builder-workspace/.derivedData/Build/Intermediates.noindex/GeneratedModuleMaps-xros/SwiftyRive-Swift.h /Users/admin/builder/spi-builder-workspace/.derivedData/Build/Intermediates.noindex/SwiftyRive.build/Debug-xros/SwiftyRive-t.build/Objects-normal/arm64/SwiftyRive-Swift.h (in target 'SwiftyRive' from project 'SwiftyRive')
cd /Users/admin/builder/spi-builder-workspace
builtin-swiftHeaderTool -arch arm64 /Users/admin/builder/spi-builder-workspace/.derivedData/Build/Intermediates.noindex/SwiftyRive.build/Debug-xros/SwiftyRive-t.build/Objects-normal/arm64/SwiftyRive-Swift.h -o /Users/admin/builder/spi-builder-workspace/.derivedData/Build/Intermediates.noindex/GeneratedModuleMaps-xros/SwiftyRive-Swift.h
Copy /Users/admin/builder/spi-builder-workspace/.derivedData/Build/Products/Debug-xros/SwiftyRive.swiftmodule/arm64-apple-xros.swiftmodule /Users/admin/builder/spi-builder-workspace/.derivedData/Build/Intermediates.noindex/SwiftyRive.build/Debug-xros/SwiftyRive-t.build/Objects-normal/arm64/SwiftyRive.swiftmodule (in target 'SwiftyRive' from project 'SwiftyRive')
cd /Users/admin/builder/spi-builder-workspace
builtin-copy -exclude .DS_Store -exclude CVS -exclude .svn -exclude .git -exclude .hg -resolve-src-symlinks -rename /Users/admin/builder/spi-builder-workspace/.derivedData/Build/Intermediates.noindex/SwiftyRive.build/Debug-xros/SwiftyRive-t.build/Objects-normal/arm64/SwiftyRive.swiftmodule /Users/admin/builder/spi-builder-workspace/.derivedData/Build/Products/Debug-xros/SwiftyRive.swiftmodule/arm64-apple-xros.swiftmodule
Copy /Users/admin/builder/spi-builder-workspace/.derivedData/Build/Products/Debug-xros/SwiftyRive.swiftmodule/arm64-apple-xros.swiftdoc /Users/admin/builder/spi-builder-workspace/.derivedData/Build/Intermediates.noindex/SwiftyRive.build/Debug-xros/SwiftyRive-t.build/Objects-normal/arm64/SwiftyRive.swiftdoc (in target 'SwiftyRive' from project 'SwiftyRive')
cd /Users/admin/builder/spi-builder-workspace
builtin-copy -exclude .DS_Store -exclude CVS -exclude .svn -exclude .git -exclude .hg -resolve-src-symlinks -rename /Users/admin/builder/spi-builder-workspace/.derivedData/Build/Intermediates.noindex/SwiftyRive.build/Debug-xros/SwiftyRive-t.build/Objects-normal/arm64/SwiftyRive.swiftdoc /Users/admin/builder/spi-builder-workspace/.derivedData/Build/Products/Debug-xros/SwiftyRive.swiftmodule/arm64-apple-xros.swiftdoc
Copy /Users/admin/builder/spi-builder-workspace/.derivedData/Build/Products/Debug-xros/SwiftyRive.swiftmodule/arm64-apple-xros.abi.json /Users/admin/builder/spi-builder-workspace/.derivedData/Build/Intermediates.noindex/SwiftyRive.build/Debug-xros/SwiftyRive-t.build/Objects-normal/arm64/SwiftyRive.abi.json (in target 'SwiftyRive' from project 'SwiftyRive')
cd /Users/admin/builder/spi-builder-workspace
builtin-copy -exclude .DS_Store -exclude CVS -exclude .svn -exclude .git -exclude .hg -resolve-src-symlinks -rename /Users/admin/builder/spi-builder-workspace/.derivedData/Build/Intermediates.noindex/SwiftyRive.build/Debug-xros/SwiftyRive-t.build/Objects-normal/arm64/SwiftyRive.abi.json /Users/admin/builder/spi-builder-workspace/.derivedData/Build/Products/Debug-xros/SwiftyRive.swiftmodule/arm64-apple-xros.abi.json
Copy /Users/admin/builder/spi-builder-workspace/.derivedData/Build/Products/Debug-xros/SwiftyRive.swiftmodule/Project/arm64-apple-xros.swiftsourceinfo /Users/admin/builder/spi-builder-workspace/.derivedData/Build/Intermediates.noindex/SwiftyRive.build/Debug-xros/SwiftyRive-t.build/Objects-normal/arm64/SwiftyRive.swiftsourceinfo (in target 'SwiftyRive' from project 'SwiftyRive')
cd /Users/admin/builder/spi-builder-workspace
builtin-copy -exclude .DS_Store -exclude CVS -exclude .svn -exclude .git -exclude .hg -resolve-src-symlinks -rename /Users/admin/builder/spi-builder-workspace/.derivedData/Build/Intermediates.noindex/SwiftyRive.build/Debug-xros/SwiftyRive-t.build/Objects-normal/arm64/SwiftyRive.swiftsourceinfo /Users/admin/builder/spi-builder-workspace/.derivedData/Build/Products/Debug-xros/SwiftyRive.swiftmodule/Project/arm64-apple-xros.swiftsourceinfo
SwiftDriver RiveInspector normal arm64 com.apple.xcode.tools.swift.compiler (in target 'RiveInspector-product' from project 'SwiftyRive')
cd /Users/admin/builder/spi-builder-workspace/.swiftpm/xcode
builtin-SwiftDriver -- /Applications/Xcode-27.0.0-Release.Candidate.app/Contents/Developer/Toolchains/XcodeDefault.xctoolchain/usr/bin/swiftc -parse-as-library -module-name RiveInspector -Onone @/Users/admin/builder/spi-builder-workspace/.derivedData/Build/Intermediates.noindex/SwiftyRive.build/Debug-xros/RiveInspector-p.build/Objects-normal/arm64/RiveInspector.SwiftFileList -DSWIFT_PACKAGE -DDEBUG -DXcode -default-isolation MainActor -enable-upcoming-feature NonisolatedNonsendingByDefault -plugin-path /Applications/Xcode-27.0.0-Release.Candidate.app/Contents/Developer/Toolchains/XcodeDefault.xctoolchain/usr/lib/swift/host/plugins/testing -enable-experimental-feature DebugDescriptionMacro -sdk /Applications/Xcode-27.0.0-Release.Candidate.app/Contents/Developer/Platforms/XROS.platform/Developer/SDKs/XROS27.0.sdk -target arm64-apple-xros1.0 -g -module-cache-path /Users/admin/builder/spi-builder-workspace/.derivedData/ModuleCache.noindex -Xfrontend -serialize-debugging-options -profile-coverage-mapping -profile-generate -enable-testing -index-store-path /Users/admin/builder/spi-builder-workspace/.derivedData/Index.noindex/DataStore -Xcc -D_LIBCPP_HARDENING_MODE\=_LIBCPP_HARDENING_MODE_DEBUG -swift-version 6 -I /Users/admin/builder/spi-builder-workspace/.derivedData/Build/Products/Debug-xros -Isystem /Applications/Xcode-27.0.0-Release.Candidate.app/Contents/Developer/Platforms/XROS.platform/Developer/usr/lib -F /Users/admin/builder/spi-builder-workspace/.derivedData/Build/Products/Debug-xros/PackageFrameworks -F /Users/admin/builder/spi-builder-workspace/.derivedData/Build/Products/Debug-xros -F /Applications/Xcode-27.0.0-Release.Candidate.app/Contents/Developer/Platforms/XROS.platform/Developer/Library/Frameworks -F /Applications/Xcode-27.0.0-Release.Candidate.app/Contents/Developer/Platforms/XROS.platform/Developer/SDKs/XROS27.0.sdk/Developer/Library/Frameworks -c -j10 -enable-batch-mode -incremental -Xcc -ivfsstatcache -Xcc /Users/admin/builder/spi-builder-workspace/.derivedData/SDKStatCaches.noindex/xros27.0-24M361-e829b21a6f8c9b70876ba0858053c044735bd543db762f57723cac368afd1ce4.sdkstatcache -output-file-map /Users/admin/builder/spi-builder-workspace/.derivedData/Build/Intermediates.noindex/SwiftyRive.build/Debug-xros/RiveInspector-p.build/Objects-normal/arm64/RiveInspector-OutputFileMap.json -save-temps -no-color-diagnostics -explicit-module-build -module-cache-path /Users/admin/builder/spi-builder-workspace/.derivedData/Build/Intermediates.noindex/SwiftExplicitPrecompiledModules -clang-scanner-module-cache-path /Users/admin/builder/spi-builder-workspace/.derivedData/ModuleCache.noindex -sdk-module-cache-path /Users/admin/builder/spi-builder-workspace/.derivedData/SDKExplicitPrecompiledModules -emit-dependencies -emit-module -emit-module-path /Users/admin/builder/spi-builder-workspace/.derivedData/Build/Intermediates.noindex/SwiftyRive.build/Debug-xros/RiveInspector-p.build/Objects-normal/arm64/RiveInspector.swiftmodule -serialize-diagnostics -dependency-scan-serialize-diagnostics-path /Users/admin/builder/spi-builder-workspace/.derivedData/Build/Intermediates.noindex/SwiftyRive.build/Debug-xros/RiveInspector-p.build/Objects-normal/arm64/RiveInspector-dependency-scan.dia -validate-clang-modules-once -clang-build-session-file /Users/admin/builder/spi-builder-workspace/.derivedData/ModuleCache.noindex/Session.modulevalidation -Xcc -fmodules-prune-interval\=86400 -Xcc -fmodules-prune-after\=345600 -package-name spi_builder_workspace -emit-const-values -const-gather-protocols-list /Users/admin/builder/spi-builder-workspace/.derivedData/Build/Intermediates.noindex/SwiftyRive.build/Debug-xros/RiveInspector-p.build/Objects-normal/arm64/RiveInspector_const_extract_protocols.json -Xcc -I/Users/admin/builder/spi-builder-workspace/.derivedData/Build/Products/Debug-xros/include -Xcc -I/Users/admin/builder/spi-builder-workspace/.derivedData/Build/Intermediates.noindex/SwiftyRive.build/Debug-xros/RiveInspector-p.build/DerivedSources-normal/arm64 -Xcc -I/Users/admin/builder/spi-builder-workspace/.derivedData/Build/Intermediates.noindex/SwiftyRive.build/Debug-xros/RiveInspector-p.build/DerivedSources/arm64 -Xcc -I/Users/admin/builder/spi-builder-workspace/.derivedData/Build/Intermediates.noindex/SwiftyRive.build/Debug-xros/RiveInspector-p.build/DerivedSources -Xcc -DSWIFT_PACKAGE -Xcc -DDEBUG\=1 -working-directory /Users/admin/builder/spi-builder-workspace/.swiftpm/xcode -experimental-emit-module-separately -disable-cmo
SwiftDriverJobDiscovery normal arm64 Compiling Logging.swift, RiveDocument+Diagnostics.swift, RiveDocument+SchemaGeneration.swift (in target 'SwiftyRive' from project 'SwiftyRive')
SwiftEmitModule normal arm64 Emitting\ module\ for\ RiveInspector (in target 'RiveInspector-product' from project 'SwiftyRive')
SwiftCompile normal arm64 (in target 'RiveInspector-product' from project 'SwiftyRive')
cd /Users/admin/builder/spi-builder-workspace/.swiftpm/xcode
SwiftCompile normal arm64 Compiling\ ContentView.swift /Users/admin/builder/spi-builder-workspace/Examples/RiveInspector/ContentView.swift (in target 'RiveInspector-product' from project 'SwiftyRive')
SwiftCompile normal arm64 /Users/admin/builder/spi-builder-workspace/Examples/RiveInspector/ContentView.swift (in target 'RiveInspector-product' from project 'SwiftyRive')
cd /Users/admin/builder/spi-builder-workspace/.swiftpm/xcode
builtin-SwiftPerFileCompile ContentView.swift
/Users/admin/builder/spi-builder-workspace/Examples/RiveInspector/ContentView.swift:95:10: error: 'inspector(isPresented:content:)' is unavailable in visionOS
93 | }
94 | }
95 | .inspector(isPresented: $isInspectorPresented) {
| `- error: 'inspector(isPresented:content:)' is unavailable in visionOS
96 | if let document {
97 | InspectorPanel(
SwiftUI.View.inspector:2:25: note: 'inspector(isPresented:content:)' has been explicitly marked unavailable here
1 | protocol View {
2 | nonisolated public func inspector<V>(isPresented: Binding<Bool>, @ContentBuilder content: () -> V) -> some View where V : View
| `- note: 'inspector(isPresented:content:)' has been explicitly marked unavailable here
3 | }
4 |
/Users/admin/builder/spi-builder-workspace/Examples/RiveInspector/ContentView.swift:106:18: error: 'inspectorColumnWidth(min:ideal:max:)' is unavailable in visionOS
104 | bindingNote: bindingNote
105 | )
106 | .inspectorColumnWidth(min: 280, ideal: 320, max: 420)
| `- error: 'inspectorColumnWidth(min:ideal:max:)' is unavailable in visionOS
107 | }
108 | }
SwiftUI.View.inspectorColumnWidth:2:25: note: 'inspectorColumnWidth(min:ideal:max:)' has been explicitly marked unavailable here
1 | protocol View {
2 | nonisolated public func inspectorColumnWidth(min: CGFloat? = nil, ideal: CGFloat, max: CGFloat? = nil) -> some View
| `- note: 'inspectorColumnWidth(min:ideal:max:)' has been explicitly marked unavailable here
3 | }
4 |
/Users/admin/builder/spi-builder-workspace/Examples/RiveInspector/ContentView.swift:214:17: error: 'glassEffect(_:in:)' is unavailable in visionOS
212 | .padding(4)
213 | if #available(iOS 26.0, macOS 26.0, *) {
214 | bar.glassEffect(.regular.interactive(), in: .capsule)
| `- error: 'glassEffect(_:in:)' is unavailable in visionOS
215 | } else {
216 | bar.background(.regularMaterial, in: .capsule)
SwiftUI.View.glassEffect:4:27: note: 'glassEffect(_:in:)' has been explicitly marked unavailable here
2 | @available(iOS 26.0, macOS 26.0, tvOS 26.0, watchOS 26.0, *)
3 | @available(visionOS, unavailable)
4 | nonisolated public func glassEffect(_ glass: Glass = .regular, in shape: some Shape = DefaultGlassEffectShape()) -> some View
| `- note: 'glassEffect(_:in:)' has been explicitly marked unavailable here
5 | }
6 |
Failed frontend command:
/Applications/Xcode-27.0.0-Release.Candidate.app/Contents/Developer/Toolchains/XcodeDefault.xctoolchain/usr/bin/swift-frontend -frontend -c -primary-file /Users/admin/builder/spi-builder-workspace/Examples/RiveInspector/ContentView.swift /Users/admin/builder/spi-builder-workspace/Examples/RiveInspector/InspectorPanel.swift /Users/admin/builder/spi-builder-workspace/Examples/RiveInspector/ProbeMode.swift /Users/admin/builder/spi-builder-workspace/Examples/RiveInspector/RiveInspectorApp.swift -emit-dependencies-path /Users/admin/builder/spi-builder-workspace/.derivedData/Build/Intermediates.noindex/SwiftyRive.build/Debug-xros/RiveInspector-p.build/Objects-normal/arm64/ContentView.d -emit-const-values-path /Users/admin/builder/spi-builder-workspace/.derivedData/Build/Intermediates.noindex/SwiftyRive.build/Debug-xros/RiveInspector-p.build/Objects-normal/arm64/ContentView.swiftconstvalues -emit-reference-dependencies-path /Users/admin/builder/spi-builder-workspace/.derivedData/Build/Intermediates.noindex/SwiftyRive.build/Debug-xros/RiveInspector-p.build/Objects-normal/arm64/ContentView.swiftdeps -serialize-diagnostics-path /Users/admin/builder/spi-builder-workspace/.derivedData/Build/Intermediates.noindex/SwiftyRive.build/Debug-xros/RiveInspector-p.build/Objects-normal/arm64/ContentView.dia -target arm64-apple-xros1.0 -disable-cross-import-overlay-search -load-resolved-plugin /Applications/Xcode-27.0.0-Release.Candidate.app/Contents/Developer/Platforms/XROS.platform/Developer/usr/lib/swift/host/plugins/libFoundationMacros.dylib\#/Applications/Xcode-27.0.0-Release.Candidate.app/Contents/Developer/Platforms/XROS.platform/Developer/usr/bin/swift-plugin-server\#FoundationMacros -load-resolved-plugin /Applications/Xcode-27.0.0-Release.Candidate.app/Contents/Developer/Platforms/XROS.platform/Developer/usr/lib/swift/host/plugins/libObservationMacros.dylib\#/Applications/Xcode-27.0.0-Release.Candidate.app/Contents/Developer/Platforms/XROS.platform/Developer/usr/bin/swift-plugin-server\#ObservationMacros -load-resolved-plugin /Applications/Xcode-27.0.0-Release.Candidate.app/Contents/Developer/Platforms/XROS.platform/Developer/usr/lib/swift/host/plugins/libPreviewsMacros.dylib\#/Applications/Xcode-27.0.0-Release.Candidate.app/Contents/Developer/Platforms/XROS.platform/Developer/usr/bin/swift-plugin-server\#PreviewsMacros -load-resolved-plugin /Applications/Xcode-27.0.0-Release.Candidate.app/Contents/Developer/Platforms/XROS.platform/Developer/usr/lib/swift/host/plugins/libSwiftMacros.dylib\#/Applications/Xcode-27.0.0-Release.Candidate.app/Contents/Developer/Platforms/XROS.platform/Developer/usr/bin/swift-plugin-server\#SwiftMacros -load-resolved-plugin /Applications/Xcode-27.0.0-Release.Candidate.app/Contents/Developer/Platforms/XROS.platform/Developer/usr/lib/swift/host/plugins/libSwiftUIMacros.dylib\#/Applications/Xcode-27.0.0-Release.Candidate.app/Contents/Developer/Platforms/XROS.platform/Developer/usr/bin/swift-plugin-server\#SwiftUIMacros -disable-implicit-swift-modules -Xcc -fno-implicit-modules -Xcc -fno-implicit-module-maps -explicit-swift-module-map-file /Users/admin/builder/spi-builder-workspace/.derivedData/Build/Intermediates.noindex/SwiftyRive.build/Debug-xros/RiveInspector-p.build/Objects-normal/arm64/RiveInspector-dependencies-1.json -Xllvm -aarch64-use-tbi -enable-objc-interop -stack-check -sdk /Applications/Xcode-27.0.0-Release.Candidate.app/Contents/Developer/Platforms/XROS.platform/Developer/SDKs/XROS27.0.sdk -I /Users/admin/builder/spi-builder-workspace/.derivedData/Build/Products/Debug-xros -Isystem /Applications/Xcode-27.0.0-Release.Candidate.app/Contents/Developer/Platforms/XROS.platform/Developer/usr/lib -F /Users/admin/builder/spi-builder-workspace/.derivedData/Build/Products/Debug-xros/PackageFrameworks -F /Users/admin/builder/spi-builder-workspace/.derivedData/Build/Products/Debug-xros -F /Applications/Xcode-27.0.0-Release.Candidate.app/Contents/Developer/Platforms/XROS.platform/Developer/Library/Frameworks -F /Applications/Xcode-27.0.0-Release.Candidate.app/Contents/Developer/Platforms/XROS.platform/Developer/SDKs/XROS27.0.sdk/Developer/Library/Frameworks -module-cache-path /Users/admin/builder/spi-builder-workspace/.derivedData/Build/Intermediates.noindex/SwiftExplicitPrecompiledModules -no-color-diagnostics -Xcc -fno-color-diagnostics -enable-testing -g -debug-info-format\=dwarf -dwarf-version\=4 -profile-generate -profile-coverage-mapping -swift-version 6 -Onone -D SWIFT_PACKAGE -D DEBUG -D Xcode -serialize-debugging-options -enable-upcoming-feature NonisolatedNonsendingByDefault -enable-experimental-feature DebugDescriptionMacro -default-isolation MainActor -empty-abi-descriptor -validate-clang-modules-once -clang-build-session-file /Users/admin/builder/spi-builder-workspace/.derivedData/ModuleCache.noindex/Session.modulevalidation -Xcc -working-directory -Xcc /Users/admin/builder/spi-builder-workspace/.swiftpm/xcode -enable-anonymous-context-mangled-names -file-compilation-dir /Users/admin/builder/spi-builder-workspace/.swiftpm/xcode -Xcc -D_LIBCPP_HARDENING_MODE\=_LIBCPP_HARDENING_MODE_DEBUG -Xcc -ivfsstatcache -Xcc /Users/admin/builder/spi-builder-workspace/.derivedData/SDKStatCaches.noindex/xros27.0-24M361-e829b21a6f8c9b70876ba0858053c044735bd543db762f57723cac368afd1ce4.sdkstatcache -Xcc -fmodules-prune-interval\=86400 -Xcc -fmodules-prune-after\=345600 -Xcc -I/Users/admin/builder/spi-builder-workspace/.derivedData/Build/Products/Debug-xros/include -Xcc -I/Users/admin/builder/spi-builder-workspace/.derivedData/Build/Intermediates.noindex/SwiftyRive.build/Debug-xros/RiveInspector-p.build/DerivedSources-normal/arm64 -Xcc -I/Users/admin/builder/spi-builder-workspace/.derivedData/Build/Intermediates.noindex/SwiftyRive.build/Debug-xros/RiveInspector-p.build/DerivedSources/arm64 -Xcc -I/Users/admin/builder/spi-builder-workspace/.derivedData/Build/Intermediates.noindex/SwiftyRive.build/Debug-xros/RiveInspector-p.build/DerivedSources -Xcc -DSWIFT_PACKAGE -Xcc -DDEBUG\=1 -no-auto-bridging-header-chaining -module-name RiveInspector -package-name spi_builder_workspace -const-gather-protocols-file /Users/admin/builder/spi-builder-workspace/.derivedData/Build/Intermediates.noindex/SwiftyRive.build/Debug-xros/RiveInspector-p.build/Objects-normal/arm64/RiveInspector_const_extract_protocols.json -disable-clang-spi -clang-target arm64-apple-xros27.0 -target-sdk-version 27.0 -target-sdk-name xros27.0 -in-process-plugin-server-path /Applications/Xcode-27.0.0-Release.Candidate.app/Contents/Developer/Toolchains/XcodeDefault.xctoolchain/usr/lib/swift/host/libSwiftInProcPluginServer.dylib -parse-as-library -o /Users/admin/builder/spi-builder-workspace/.derivedData/Build/Intermediates.noindex/SwiftyRive.build/Debug-xros/RiveInspector-p.build/Objects-normal/arm64/ContentView.o -debug-module-path /Users/admin/builder/spi-builder-workspace/.derivedData/Build/Intermediates.noindex/SwiftyRive.build/Debug-xros/RiveInspector-p.build/Objects-normal/arm64/RiveInspector.swiftmodule -index-unit-output-path /SwiftyRive.build/Debug-xros/RiveInspector-p.build/Objects-normal/arm64/ContentView.o -index-store-path /Users/admin/builder/spi-builder-workspace/.derivedData/Index.noindex/DataStore -index-system-modules
SwiftCompile normal arm64 Compiling\ InspectorPanel.swift /Users/admin/builder/spi-builder-workspace/Examples/RiveInspector/InspectorPanel.swift (in target 'RiveInspector-product' from project 'SwiftyRive')
SwiftCompile normal arm64 /Users/admin/builder/spi-builder-workspace/Examples/RiveInspector/InspectorPanel.swift (in target 'RiveInspector-product' from project 'SwiftyRive')
cd /Users/admin/builder/spi-builder-workspace/.swiftpm/xcode
builtin-SwiftPerFileCompile InspectorPanel.swift
SwiftCompile normal arm64 Compiling\ ProbeMode.swift /Users/admin/builder/spi-builder-workspace/Examples/RiveInspector/ProbeMode.swift (in target 'RiveInspector-product' from project 'SwiftyRive')
SwiftCompile normal arm64 /Users/admin/builder/spi-builder-workspace/Examples/RiveInspector/ProbeMode.swift (in target 'RiveInspector-product' from project 'SwiftyRive')
cd /Users/admin/builder/spi-builder-workspace/.swiftpm/xcode
builtin-SwiftPerFileCompile ProbeMode.swift
SwiftDriverJobDiscovery normal arm64 Compiling RiveFit.swift, LegacyArtboardBounds.swift, LegacySnapshotRenderer.swift (in target 'SwiftyRive' from project 'SwiftyRive')
SwiftCompile normal arm64 Compiling\ RiveInspectorApp.swift /Users/admin/builder/spi-builder-workspace/Examples/RiveInspector/RiveInspectorApp.swift (in target 'RiveInspector-product' from project 'SwiftyRive')
SwiftCompile normal arm64 /Users/admin/builder/spi-builder-workspace/Examples/RiveInspector/RiveInspectorApp.swift (in target 'RiveInspector-product' from project 'SwiftyRive')
cd /Users/admin/builder/spi-builder-workspace/.swiftpm/xcode
builtin-SwiftPerFileCompile RiveInspectorApp.swift
SwiftDriverJobDiscovery normal arm64 Compiling ProbeMode.swift (in target 'RiveInspector-product' from project 'SwiftyRive')
SwiftDriverJobDiscovery normal arm64 Emitting module for RiveInspector (in target 'RiveInspector-product' from project 'SwiftyRive')
SwiftDriver\ Compilation\ Requirements RiveInspector normal arm64 com.apple.xcode.tools.swift.compiler (in target 'RiveInspector-product' from project 'SwiftyRive')
cd /Users/admin/builder/spi-builder-workspace/.swiftpm/xcode
builtin-Swift-Compilation-Requirements -- /Applications/Xcode-27.0.0-Release.Candidate.app/Contents/Developer/Toolchains/XcodeDefault.xctoolchain/usr/bin/swiftc -parse-as-library -module-name RiveInspector -Onone @/Users/admin/builder/spi-builder-workspace/.derivedData/Build/Intermediates.noindex/SwiftyRive.build/Debug-xros/RiveInspector-p.build/Objects-normal/arm64/RiveInspector.SwiftFileList -DSWIFT_PACKAGE -DDEBUG -DXcode -default-isolation MainActor -enable-upcoming-feature NonisolatedNonsendingByDefault -plugin-path /Applications/Xcode-27.0.0-Release.Candidate.app/Contents/Developer/Toolchains/XcodeDefault.xctoolchain/usr/lib/swift/host/plugins/testing -enable-experimental-feature DebugDescriptionMacro -sdk /Applications/Xcode-27.0.0-Release.Candidate.app/Contents/Developer/Platforms/XROS.platform/Developer/SDKs/XROS27.0.sdk -target arm64-apple-xros1.0 -g -module-cache-path /Users/admin/builder/spi-builder-workspace/.derivedData/ModuleCache.noindex -Xfrontend -serialize-debugging-options -profile-coverage-mapping -profile-generate -enable-testing -index-store-path /Users/admin/builder/spi-builder-workspace/.derivedData/Index.noindex/DataStore -Xcc -D_LIBCPP_HARDENING_MODE\=_LIBCPP_HARDENING_MODE_DEBUG -swift-version 6 -I /Users/admin/builder/spi-builder-workspace/.derivedData/Build/Products/Debug-xros -Isystem /Applications/Xcode-27.0.0-Release.Candidate.app/Contents/Developer/Platforms/XROS.platform/Developer/usr/lib -F /Users/admin/builder/spi-builder-workspace/.derivedData/Build/Products/Debug-xros/PackageFrameworks -F /Users/admin/builder/spi-builder-workspace/.derivedData/Build/Products/Debug-xros -F /Applications/Xcode-27.0.0-Release.Candidate.app/Contents/Developer/Platforms/XROS.platform/Developer/Library/Frameworks -F /Applications/Xcode-27.0.0-Release.Candidate.app/Contents/Developer/Platforms/XROS.platform/Developer/SDKs/XROS27.0.sdk/Developer/Library/Frameworks -c -j10 -enable-batch-mode -incremental -Xcc -ivfsstatcache -Xcc /Users/admin/builder/spi-builder-workspace/.derivedData/SDKStatCaches.noindex/xros27.0-24M361-e829b21a6f8c9b70876ba0858053c044735bd543db762f57723cac368afd1ce4.sdkstatcache -output-file-map /Users/admin/builder/spi-builder-workspace/.derivedData/Build/Intermediates.noindex/SwiftyRive.build/Debug-xros/RiveInspector-p.build/Objects-normal/arm64/RiveInspector-OutputFileMap.json -save-temps -no-color-diagnostics -explicit-module-build -module-cache-path /Users/admin/builder/spi-builder-workspace/.derivedData/Build/Intermediates.noindex/SwiftExplicitPrecompiledModules -clang-scanner-module-cache-path /Users/admin/builder/spi-builder-workspace/.derivedData/ModuleCache.noindex -sdk-module-cache-path /Users/admin/builder/spi-builder-workspace/.derivedData/SDKExplicitPrecompiledModules -emit-dependencies -emit-module -emit-module-path /Users/admin/builder/spi-builder-workspace/.derivedData/Build/Intermediates.noindex/SwiftyRive.build/Debug-xros/RiveInspector-p.build/Objects-normal/arm64/RiveInspector.swiftmodule -serialize-diagnostics -dependency-scan-serialize-diagnostics-path /Users/admin/builder/spi-builder-workspace/.derivedData/Build/Intermediates.noindex/SwiftyRive.build/Debug-xros/RiveInspector-p.build/Objects-normal/arm64/RiveInspector-dependency-scan.dia -validate-clang-modules-once -clang-build-session-file /Users/admin/builder/spi-builder-workspace/.derivedData/ModuleCache.noindex/Session.modulevalidation -Xcc -fmodules-prune-interval\=86400 -Xcc -fmodules-prune-after\=345600 -package-name spi_builder_workspace -emit-const-values -const-gather-protocols-list /Users/admin/builder/spi-builder-workspace/.derivedData/Build/Intermediates.noindex/SwiftyRive.build/Debug-xros/RiveInspector-p.build/Objects-normal/arm64/RiveInspector_const_extract_protocols.json -Xcc -I/Users/admin/builder/spi-builder-workspace/.derivedData/Build/Products/Debug-xros/include -Xcc -I/Users/admin/builder/spi-builder-workspace/.derivedData/Build/Intermediates.noindex/SwiftyRive.build/Debug-xros/RiveInspector-p.build/DerivedSources-normal/arm64 -Xcc -I/Users/admin/builder/spi-builder-workspace/.derivedData/Build/Intermediates.noindex/SwiftyRive.build/Debug-xros/RiveInspector-p.build/DerivedSources/arm64 -Xcc -I/Users/admin/builder/spi-builder-workspace/.derivedData/Build/Intermediates.noindex/SwiftyRive.build/Debug-xros/RiveInspector-p.build/DerivedSources -Xcc -DSWIFT_PACKAGE -Xcc -DDEBUG\=1 -working-directory /Users/admin/builder/spi-builder-workspace/.swiftpm/xcode -experimental-emit-module-separately -disable-cmo
SwiftDriverJobDiscovery normal arm64 Compiling RiveColor.swift, RiveKey.swift, RivePropertyValue.swift (in target 'SwiftyRive' from project 'SwiftyRive')
SwiftDriverJobDiscovery normal arm64 Compiling RiveView.swift, ViewModifiers.swift (in target 'SwiftyRive' from project 'SwiftyRive')
SwiftDriverJobDiscovery normal arm64 Compiling RiveDynamicProperty.swift, RiveInstance.swift, RiveDocument.swift (in target 'SwiftyRive' from project 'SwiftyRive')
SwiftDriverJobDiscovery normal arm64 Compiling RiveDocument+Snapshot.swift, RiveLoadError.swift, AsyncRiveView.swift (in target 'SwiftyRive' from project 'SwiftyRive')
SwiftDriverJobDiscovery normal arm64 Compiling RiveEngine.swift, RiveSource.swift, RiveAlignment.swift (in target 'SwiftyRive' from project 'SwiftyRive')
SwiftDriverJobDiscovery normal arm64 Compiling RiveNativeView.swift, RiveRenderHost.swift, RiveRepresentable.swift (in target 'SwiftyRive' from project 'SwiftyRive')
SwiftDriver\ Compilation SwiftyRive normal arm64 com.apple.xcode.tools.swift.compiler (in target 'SwiftyRive' from project 'SwiftyRive')
cd /Users/admin/builder/spi-builder-workspace/.swiftpm/xcode
builtin-Swift-Compilation -- /Applications/Xcode-27.0.0-Release.Candidate.app/Contents/Developer/Toolchains/XcodeDefault.xctoolchain/usr/bin/swiftc -parse-as-library -module-name SwiftyRive -Onone @/Users/admin/builder/spi-builder-workspace/.derivedData/Build/Intermediates.noindex/SwiftyRive.build/Debug-xros/SwiftyRive-t.build/Objects-normal/arm64/SwiftyRive.SwiftFileList -DSWIFT_PACKAGE -DDEBUG -DSWIFT_MODULE_RESOURCE_BUNDLE_AVAILABLE -DXcode -default-isolation MainActor -enable-upcoming-feature NonisolatedNonsendingByDefault -plugin-path /Applications/Xcode-27.0.0-Release.Candidate.app/Contents/Developer/Toolchains/XcodeDefault.xctoolchain/usr/lib/swift/host/plugins/testing -enable-experimental-feature DebugDescriptionMacro -sdk /Applications/Xcode-27.0.0-Release.Candidate.app/Contents/Developer/Platforms/XROS.platform/Developer/SDKs/XROS27.0.sdk -target arm64-apple-xros1.0 -g -module-cache-path /Users/admin/builder/spi-builder-workspace/.derivedData/ModuleCache.noindex -Xfrontend -serialize-debugging-options -profile-coverage-mapping -profile-generate -enable-testing -index-store-path /Users/admin/builder/spi-builder-workspace/.derivedData/Index.noindex/DataStore -Xcc -D_LIBCPP_HARDENING_MODE\=_LIBCPP_HARDENING_MODE_DEBUG -swift-version 6 -I /Users/admin/builder/spi-builder-workspace/.derivedData/Build/Products/Debug-xros -Isystem /Applications/Xcode-27.0.0-Release.Candidate.app/Contents/Developer/Platforms/XROS.platform/Developer/usr/lib -F /Users/admin/builder/spi-builder-workspace/.derivedData/Build/Products/Debug-xros -F /Applications/Xcode-27.0.0-Release.Candidate.app/Contents/Developer/Platforms/XROS.platform/Developer/Library/Frameworks -F /Applications/Xcode-27.0.0-Release.Candidate.app/Contents/Developer/Platforms/XROS.platform/Developer/SDKs/XROS27.0.sdk/Developer/Library/Frameworks -c -j10 -enable-batch-mode -incremental -Xcc -ivfsstatcache -Xcc /Users/admin/builder/spi-builder-workspace/.derivedData/SDKStatCaches.noindex/xros27.0-24M361-e829b21a6f8c9b70876ba0858053c044735bd543db762f57723cac368afd1ce4.sdkstatcache -output-file-map /Users/admin/builder/spi-builder-workspace/.derivedData/Build/Intermediates.noindex/SwiftyRive.build/Debug-xros/SwiftyRive-t.build/Objects-normal/arm64/SwiftyRive-OutputFileMap.json -save-temps -no-color-diagnostics -explicit-module-build -module-cache-path /Users/admin/builder/spi-builder-workspace/.derivedData/Build/Intermediates.noindex/SwiftExplicitPrecompiledModules -clang-scanner-module-cache-path /Users/admin/builder/spi-builder-workspace/.derivedData/ModuleCache.noindex -sdk-module-cache-path /Users/admin/builder/spi-builder-workspace/.derivedData/SDKExplicitPrecompiledModules -emit-dependencies -emit-module -emit-module-path /Users/admin/builder/spi-builder-workspace/.derivedData/Build/Intermediates.noindex/SwiftyRive.build/Debug-xros/SwiftyRive-t.build/Objects-normal/arm64/SwiftyRive.swiftmodule -serialize-diagnostics -dependency-scan-serialize-diagnostics-path /Users/admin/builder/spi-builder-workspace/.derivedData/Build/Intermediates.noindex/SwiftyRive.build/Debug-xros/SwiftyRive-t.build/Objects-normal/arm64/SwiftyRive-dependency-scan.dia -validate-clang-modules-once -clang-build-session-file /Users/admin/builder/spi-builder-workspace/.derivedData/ModuleCache.noindex/Session.modulevalidation -Xcc -fmodules-prune-interval\=86400 -Xcc -fmodules-prune-after\=345600 -package-name spi_builder_workspace -emit-const-values -const-gather-protocols-list /Users/admin/builder/spi-builder-workspace/.derivedData/Build/Intermediates.noindex/SwiftyRive.build/Debug-xros/SwiftyRive-t.build/Objects-normal/arm64/SwiftyRive_const_extract_protocols.json -Xcc -I/Users/admin/builder/spi-builder-workspace/.derivedData/Build/Products/Debug-xros/include -Xcc -I/Users/admin/builder/spi-builder-workspace/.derivedData/Build/Intermediates.noindex/SwiftyRive.build/Debug-xros/SwiftyRive-t.build/DerivedSources-normal/arm64 -Xcc -I/Users/admin/builder/spi-builder-workspace/.derivedData/Build/Intermediates.noindex/SwiftyRive.build/Debug-xros/SwiftyRive-t.build/DerivedSources/arm64 -Xcc -I/Users/admin/builder/spi-builder-workspace/.derivedData/Build/Intermediates.noindex/SwiftyRive.build/Debug-xros/SwiftyRive-t.build/DerivedSources -Xcc -DSWIFT_PACKAGE -Xcc -DDEBUG\=1 -emit-objc-header -emit-objc-header-path /Users/admin/builder/spi-builder-workspace/.derivedData/Build/Intermediates.noindex/SwiftyRive.build/Debug-xros/SwiftyRive-t.build/Objects-normal/arm64/SwiftyRive-Swift.h -working-directory /Users/admin/builder/spi-builder-workspace/.swiftpm/xcode -experimental-emit-module-separately -disable-cmo
Ld /Users/admin/builder/spi-builder-workspace/.derivedData/Build/Products/Debug-xros/SwiftyRive.o normal (in target 'SwiftyRive' from project 'SwiftyRive')
cd /Users/admin/builder/spi-builder-workspace
/Applications/Xcode-27.0.0-Release.Candidate.app/Contents/Developer/Toolchains/XcodeDefault.xctoolchain/usr/bin/clang -Xlinker -reproducible -target arm64-apple-xros1.0 -r -isysroot /Applications/Xcode-27.0.0-Release.Candidate.app/Contents/Developer/Platforms/XROS.platform/Developer/SDKs/XROS27.0.sdk -O0 -Xlinker -no_warn_duplicate_libraries -F/Users/admin/builder/spi-builder-workspace/.derivedData/Build/Intermediates.noindex/EagerLinkingTBDs/Debug-xros -F/Users/admin/builder/spi-builder-workspace/.derivedData/Build/Products/Debug-xros -iframework /Applications/Xcode-27.0.0-Release.Candidate.app/Contents/Developer/Platforms/XROS.platform/Developer/Library/Frameworks -iframework /Applications/Xcode-27.0.0-Release.Candidate.app/Contents/Developer/Platforms/XROS.platform/Developer/SDKs/XROS27.0.sdk/Developer/Library/Frameworks -filelist /Users/admin/builder/spi-builder-workspace/.derivedData/Build/Intermediates.noindex/SwiftyRive.build/Debug-xros/SwiftyRive-t.build/Objects-normal/arm64/SwiftyRive.LinkFileList -nostdlib -Xlinker -object_path_lto -Xlinker /Users/admin/builder/spi-builder-workspace/.derivedData/Build/Intermediates.noindex/SwiftyRive.build/Debug-xros/SwiftyRive-t.build/Objects-normal/arm64/SwiftyRive_lto.o -Xlinker -no_deduplicate -Xlinker -debug_variant -Xlinker -dependency_info -Xlinker /Users/admin/builder/spi-builder-workspace/.derivedData/Build/Intermediates.noindex/SwiftyRive.build/Debug-xros/SwiftyRive-t.build/Objects-normal/arm64/SwiftyRive_dependency_info.dat -fobjc-link-runtime -L/Applications/Xcode-27.0.0-Release.Candidate.app/Contents/Developer/Toolchains/XcodeDefault.xctoolchain/usr/lib/swift/xros -L/usr/lib/swift -Xlinker -add_ast_path -Xlinker /Users/admin/builder/spi-builder-workspace/.derivedData/Build/Intermediates.noindex/SwiftyRive.build/Debug-xros/SwiftyRive-t.build/Objects-normal/arm64/SwiftyRive.swiftmodule -o /Users/admin/builder/spi-builder-workspace/.derivedData/Build/Products/Debug-xros/SwiftyRive.o
ExtractAppIntentsMetadata (in target 'SwiftyRive' from project 'SwiftyRive')
cd /Users/admin/builder/spi-builder-workspace
/Applications/Xcode-27.0.0-Release.Candidate.app/Contents/Developer/Toolchains/XcodeDefault.xctoolchain/usr/bin/appintentsmetadataprocessor --toolchain-dir /var/run/com.apple.security.cryptexd/mnt/com.apple.MobileAsset.MetalToolchain-v27.1.266.1.L4O6Od/Metal.xctoolchain --module-name SwiftyRive --sdk-root /Applications/Xcode-27.0.0-Release.Candidate.app/Contents/Developer/Platforms/XROS.platform/Developer/SDKs/XROS27.0.sdk --xcode-version 27A266a --platform-family xrOS --deployment-target 1.0 --bundle-identifier spi-builder-workspace.SwiftyRive --output /Users/admin/builder/spi-builder-workspace/.derivedData/Build/Products/Debug-xros/SwiftyRive.appintents --target-triple arm64-apple-xros1.0 --binary-file /Users/admin/builder/spi-builder-workspace/.derivedData/Build/Products/Debug-xros/SwiftyRive.o --dependency-file /Users/admin/builder/spi-builder-workspace/.derivedData/Build/Intermediates.noindex/SwiftyRive.build/Debug-xros/SwiftyRive-t.build/Objects-normal/arm64/SwiftyRive_dependency_info.dat --stringsdata-file /Users/admin/builder/spi-builder-workspace/.derivedData/Build/Intermediates.noindex/SwiftyRive.build/Debug-xros/SwiftyRive-t.build/Objects-normal/arm64/ExtractedAppShortcutsMetadata.stringsdata --source-file-list /Users/admin/builder/spi-builder-workspace/.derivedData/Build/Intermediates.noindex/SwiftyRive.build/Debug-xros/SwiftyRive-t.build/Objects-normal/arm64/SwiftyRive.SwiftFileList --metadata-file-list /Users/admin/builder/spi-builder-workspace/.derivedData/Build/Intermediates.noindex/SwiftyRive.build/Debug-xros/SwiftyRive-t.build/SwiftyRive.DependencyMetadataFileList --static-metadata-file-list /Users/admin/builder/spi-builder-workspace/.derivedData/Build/Intermediates.noindex/SwiftyRive.build/Debug-xros/SwiftyRive-t.build/SwiftyRive.DependencyStaticMetadataFileList --swift-const-vals-list /Users/admin/builder/spi-builder-workspace/.derivedData/Build/Intermediates.noindex/SwiftyRive.build/Debug-xros/SwiftyRive-t.build/Objects-normal/arm64/SwiftyRive.SwiftConstValuesFileList --force --compile-time-extraction --deployment-aware-processing --no-app-shortcuts-localization
2026-09-26 13:30:37.133 appintentsmetadataprocessor[906:5257] Starting appintentsmetadataprocessor export
2026-09-26 13:30:37.225 appintentsmetadataprocessor[906:5257] Extracted no relevant App Intents symbols, skipping writing output
SwiftDriverJobDiscovery normal arm64 Compiling InspectorPanel.swift (in target 'RiveInspector-product' from project 'SwiftyRive')
SwiftDriverJobDiscovery normal arm64 Compiling RiveInspectorApp.swift (in target 'RiveInspector-product' from project 'SwiftyRive')
PruneExplicitPrecompiledModules /Users/admin/builder/spi-builder-workspace/.derivedData/Build/Intermediates.noindex/SwiftExplicitPrecompiledModules
PruneExplicitPrecompiledModules /Users/admin/builder/spi-builder-workspace/.derivedData/SDKExplicitPrecompiledModules
PruneExplicitPrecompiledModules /Users/admin/builder/spi-builder-workspace/.derivedData/Build/Intermediates.noindex/ExplicitPrecompiledModules
2026-09-26 13:30:26.491 xcodebuild[751:4600] [MT] IDERunDestination: Supported platforms for the buildables in the current scheme is empty.
** BUILD FAILED **
The following build commands failed:
SwiftCompile normal arm64 /Users/admin/builder/spi-builder-workspace/Examples/RiveInspector/ContentView.swift (in target 'RiveInspector-product' from project 'SwiftyRive')
SwiftCompile normal arm64 Compiling\ ContentView.swift /Users/admin/builder/spi-builder-workspace/Examples/RiveInspector/ContentView.swift (in target 'RiveInspector-product' from project 'SwiftyRive')
Building workspace SwiftyRive with scheme SwiftyRive-Package
(3 failures)
Command line invocation:
/Applications/Xcode-27.0.0-Release.Candidate.app/Contents/Developer/usr/bin/xcodebuild -IDEClonedSourcePackagesDirPathOverride=/Users/admin/builder/spi-builder-workspace/.dependencies -resolvePackageDependencies
Resolve Package Graph
Resolved source packages:
RiveRuntime: https://github.com/rive-app/rive-ios @ 6.27.0
SwiftyRive: /Users/admin/builder/spi-builder-workspace
resolved source packages: RiveRuntime, SwiftyRive
2026-09-26 13:30:38.588 xcodebuild[907:5280] [MT] IDERunDestination: Supported platforms for the buildables in the current scheme is empty.
{
"dependencies" : [
{
"identity" : "rive-ios",
"requirement" : {
"range" : [
{
"lower_bound" : "6.22.0",
"upper_bound" : "7.0.0"
}
]
},
"type" : "sourceControl",
"url" : "https://github.com/rive-app/rive-ios"
}
],
"manifest_display_name" : "SwiftyRive",
"name" : "SwiftyRive",
"path" : "/Users/admin/builder/spi-builder-workspace",
"platforms" : [
{
"name" : "ios",
"version" : "17.0"
},
{
"name" : "macos",
"version" : "14.0"
}
],
"products" : [
{
"name" : "SwiftyRive",
"targets" : [
"SwiftyRive"
],
"type" : {
"library" : [
"automatic"
]
}
},
{
"name" : "RiveInspector",
"targets" : [
"RiveInspector"
],
"type" : {
"executable" : null
}
}
],
"swift_languages_versions" : [
"6"
],
"targets" : [
{
"c99name" : "SwiftyRiveTests",
"module_type" : "SwiftTarget",
"name" : "SwiftyRiveTests",
"path" : "Tests/SwiftyRiveTests",
"resources" : [
{
"path" : "/Users/admin/builder/spi-builder-workspace/Tests/SwiftyRiveTests/Fixtures",
"rule" : {
"copy" : {
}
}
}
],
"sources" : [
"BoundsShimTests.swift",
"DynamicInstanceTests.swift",
"EngineCacheTests.swift",
"ErrorMessageTests.swift",
"FixtureSupport.swift",
"GeneratedFixtureSchema.swift",
"InstanceTests.swift",
"NativeViewTests.swift",
"SchemaGenerationTests.swift",
"SchemaValidationTests.swift",
"SnapshotTests.swift",
"SwiftyRiveTests.swift"
],
"target_dependencies" : [
"SwiftyRive"
],
"type" : "test"
},
{
"c99name" : "SwiftyRive",
"module_type" : "SwiftTarget",
"name" : "SwiftyRive",
"path" : "Sources/SwiftyRive",
"product_dependencies" : [
"RiveRuntime"
],
"product_memberships" : [
"SwiftyRive",
"RiveInspector"
],
"resources" : [
{
"path" : "/Users/admin/builder/spi-builder-workspace/Sources/SwiftyRive/PrivacyInfo.xcprivacy",
"rule" : {
"process" : {
}
}
}
],
"sources" : [
"Binding/PropertyMirror.swift",
"Binding/RiveDynamicInstance.swift",
"Binding/RiveDynamicProperty.swift",
"Binding/RiveInstance.swift",
"Engine/RiveDocument.swift",
"Engine/RiveEngine.swift",
"Engine/RiveSource.swift",
"Geometry/RiveAlignment.swift",
"Geometry/RiveFit.swift",
"Internal/LegacyArtboardBounds.swift",
"Internal/LegacySnapshotRenderer.swift",
"Schema/RiveColor.swift",
"Schema/RiveKey.swift",
"Schema/RivePropertyValue.swift",
"Schema/RiveSchema.swift",
"Schema/RiveSchemaError.swift",
"Schema/SchemaValidator.swift",
"Support/Logging.swift",
"Support/RiveDocument+Diagnostics.swift",
"Support/RiveDocument+SchemaGeneration.swift",
"Support/RiveDocument+Snapshot.swift",
"Support/RiveLoadError.swift",
"Views/AsyncRiveView.swift",
"Views/RiveNativeView.swift",
"Views/RiveRenderHost.swift",
"Views/RiveRepresentable.swift",
"Views/RiveView.swift",
"Views/ViewModifiers.swift"
],
"type" : "library"
},
{
"c99name" : "RiveInspector",
"module_type" : "SwiftTarget",
"name" : "RiveInspector",
"path" : "Examples/RiveInspector",
"product_memberships" : [
"RiveInspector"
],
"sources" : [
"ContentView.swift",
"InspectorPanel.swift",
"ProbeMode.swift",
"RiveInspectorApp.swift"
],
"target_dependencies" : [
"SwiftyRive"
],
"type" : "executable"
}
],
"tools_version" : "6.2"
}
{
"workspace" : {
"name" : "SwiftyRive",
"schemes" : [
"RiveInspector",
"SwiftyRive",
"SwiftyRive-Package"
]
}
}
2026-09-26 13:30:40.272 xcodebuild[915:5350] [MT] IDERunDestination: Supported platforms for the buildables in the current scheme is empty.
{
"workspace" : {
"name" : "SwiftyRive",
"schemes" : [
"RiveInspector",
"SwiftyRive",
"SwiftyRive-Package"
]
}
}
2026-09-26 13:30:41.711 xcodebuild[917:5383] [MT] IDERunDestination: Supported platforms for the buildables in the current scheme is empty.
Running build ...
env DEVELOPER_DIR=/Applications/Xcode-27.0.0-Release.Candidate.app xcrun xcodebuild -IDEClonedSourcePackagesDirPathOverride=$PWD/.dependencies -skipMacroValidation -skipPackagePluginValidation -derivedDataPath $PWD/.derivedData build -scheme SwiftyRive-Package -destination generic/platform=xrOS
Command line invocation:
/Applications/Xcode-27.0.0-Release.Candidate.app/Contents/Developer/usr/bin/xcodebuild -IDEClonedSourcePackagesDirPathOverride=/Users/admin/builder/spi-builder-workspace/.dependencies -skipMacroValidation -skipPackagePluginValidation -derivedDataPath /Users/admin/builder/spi-builder-workspace/.derivedData build -scheme SwiftyRive-Package -destination generic/platform=xrOS
Resolve Package Graph
Resolved source packages:
RiveRuntime: https://github.com/rive-app/rive-ios @ 6.27.0
SwiftyRive: /Users/admin/builder/spi-builder-workspace
ComputePackagePrebuildTargetDependencyGraph
Prepare packages
CreateBuildRequest
SendProjectDescription
CreateBuildOperation
ComputeTargetDependencyGraph
note: Building targets in dependency order
note: Target dependency graph (5 targets)
Target 'RiveInspector-product' in project 'SwiftyRive'
➜ Explicit dependency on target 'SwiftyRive' in project 'SwiftyRive'
➜ Explicit dependency on target 'RiveRuntime-product' in project 'RiveRuntime'
Target 'SwiftyRive-product' in project 'SwiftyRive'
➜ Explicit dependency on target 'SwiftyRive' in project 'SwiftyRive'
➜ Explicit dependency on target 'SwiftyRive_SwiftyRive' in project 'SwiftyRive'
➜ Explicit dependency on target 'RiveRuntime-product' in project 'RiveRuntime'
Target 'SwiftyRive' in project 'SwiftyRive'
➜ Explicit dependency on target 'SwiftyRive_SwiftyRive' in project 'SwiftyRive'
➜ Explicit dependency on target 'RiveRuntime-product' in project 'RiveRuntime'
Target 'RiveRuntime-product' in project 'RiveRuntime' (no dependencies)
Target 'SwiftyRive_SwiftyRive' in project 'SwiftyRive' (no dependencies)
GatherProvisioningInputs
CreateBuildDescription
ClangStatCache /Applications/Xcode-27.0.0-Release.Candidate.app/Contents/Developer/Toolchains/XcodeDefault.xctoolchain/usr/bin/clang-stat-cache /Applications/Xcode-27.0.0-Release.Candidate.app/Contents/Developer/Platforms/XROS.platform/Developer/SDKs/XROS27.0.sdk /Users/admin/builder/spi-builder-workspace/.derivedData/SDKStatCaches.noindex/xros27.0-24M361-e829b21a6f8c9b70876ba0858053c044735bd543db762f57723cac368afd1ce4.sdkstatcache
cd /Users/admin/builder/spi-builder-workspace/.swiftpm/xcode
/Applications/Xcode-27.0.0-Release.Candidate.app/Contents/Developer/Toolchains/XcodeDefault.xctoolchain/usr/bin/clang-stat-cache /Applications/Xcode-27.0.0-Release.Candidate.app/Contents/Developer/Platforms/XROS.platform/Developer/SDKs/XROS27.0.sdk -o /Users/admin/builder/spi-builder-workspace/.derivedData/SDKStatCaches.noindex/xros27.0-24M361-e829b21a6f8c9b70876ba0858053c044735bd543db762f57723cac368afd1ce4.sdkstatcache
SwiftDriver RiveInspector normal arm64 com.apple.xcode.tools.swift.compiler (in target 'RiveInspector-product' from project 'SwiftyRive')
cd /Users/admin/builder/spi-builder-workspace/.swiftpm/xcode
builtin-SwiftDriver -- /Applications/Xcode-27.0.0-Release.Candidate.app/Contents/Developer/Toolchains/XcodeDefault.xctoolchain/usr/bin/swiftc -parse-as-library -module-name RiveInspector -Onone @/Users/admin/builder/spi-builder-workspace/.derivedData/Build/Intermediates.noindex/SwiftyRive.build/Debug-xros/RiveInspector-p.build/Objects-normal/arm64/RiveInspector.SwiftFileList -DSWIFT_PACKAGE -DDEBUG -DXcode -default-isolation MainActor -enable-upcoming-feature NonisolatedNonsendingByDefault -plugin-path /Applications/Xcode-27.0.0-Release.Candidate.app/Contents/Developer/Toolchains/XcodeDefault.xctoolchain/usr/lib/swift/host/plugins/testing -enable-experimental-feature DebugDescriptionMacro -sdk /Applications/Xcode-27.0.0-Release.Candidate.app/Contents/Developer/Platforms/XROS.platform/Developer/SDKs/XROS27.0.sdk -target arm64-apple-xros1.0 -g -module-cache-path /Users/admin/builder/spi-builder-workspace/.derivedData/ModuleCache.noindex -Xfrontend -serialize-debugging-options -profile-coverage-mapping -profile-generate -enable-testing -index-store-path /Users/admin/builder/spi-builder-workspace/.derivedData/Index.noindex/DataStore -Xcc -D_LIBCPP_HARDENING_MODE\=_LIBCPP_HARDENING_MODE_DEBUG -swift-version 6 -I /Users/admin/builder/spi-builder-workspace/.derivedData/Build/Products/Debug-xros -Isystem /Applications/Xcode-27.0.0-Release.Candidate.app/Contents/Developer/Platforms/XROS.platform/Developer/usr/lib -F /Users/admin/builder/spi-builder-workspace/.derivedData/Build/Products/Debug-xros/PackageFrameworks -F /Users/admin/builder/spi-builder-workspace/.derivedData/Build/Products/Debug-xros -F /Applications/Xcode-27.0.0-Release.Candidate.app/Contents/Developer/Platforms/XROS.platform/Developer/Library/Frameworks -F /Applications/Xcode-27.0.0-Release.Candidate.app/Contents/Developer/Platforms/XROS.platform/Developer/SDKs/XROS27.0.sdk/Developer/Library/Frameworks -c -j10 -enable-batch-mode -incremental -Xcc -ivfsstatcache -Xcc /Users/admin/builder/spi-builder-workspace/.derivedData/SDKStatCaches.noindex/xros27.0-24M361-e829b21a6f8c9b70876ba0858053c044735bd543db762f57723cac368afd1ce4.sdkstatcache -output-file-map /Users/admin/builder/spi-builder-workspace/.derivedData/Build/Intermediates.noindex/SwiftyRive.build/Debug-xros/RiveInspector-p.build/Objects-normal/arm64/RiveInspector-OutputFileMap.json -save-temps -no-color-diagnostics -explicit-module-build -module-cache-path /Users/admin/builder/spi-builder-workspace/.derivedData/Build/Intermediates.noindex/SwiftExplicitPrecompiledModules -clang-scanner-module-cache-path /Users/admin/builder/spi-builder-workspace/.derivedData/ModuleCache.noindex -sdk-module-cache-path /Users/admin/builder/spi-builder-workspace/.derivedData/SDKExplicitPrecompiledModules -emit-dependencies -emit-module -emit-module-path /Users/admin/builder/spi-builder-workspace/.derivedData/Build/Intermediates.noindex/SwiftyRive.build/Debug-xros/RiveInspector-p.build/Objects-normal/arm64/RiveInspector.swiftmodule -serialize-diagnostics -dependency-scan-serialize-diagnostics-path /Users/admin/builder/spi-builder-workspace/.derivedData/Build/Intermediates.noindex/SwiftyRive.build/Debug-xros/RiveInspector-p.build/Objects-normal/arm64/RiveInspector-dependency-scan.dia -validate-clang-modules-once -clang-build-session-file /Users/admin/builder/spi-builder-workspace/.derivedData/ModuleCache.noindex/Session.modulevalidation -Xcc -fmodules-prune-interval\=86400 -Xcc -fmodules-prune-after\=345600 -package-name spi_builder_workspace -emit-const-values -const-gather-protocols-list /Users/admin/builder/spi-builder-workspace/.derivedData/Build/Intermediates.noindex/SwiftyRive.build/Debug-xros/RiveInspector-p.build/Objects-normal/arm64/RiveInspector_const_extract_protocols.json -Xcc -I/Users/admin/builder/spi-builder-workspace/.derivedData/Build/Products/Debug-xros/include -Xcc -I/Users/admin/builder/spi-builder-workspace/.derivedData/Build/Intermediates.noindex/SwiftyRive.build/Debug-xros/RiveInspector-p.build/DerivedSources-normal/arm64 -Xcc -I/Users/admin/builder/spi-builder-workspace/.derivedData/Build/Intermediates.noindex/SwiftyRive.build/Debug-xros/RiveInspector-p.build/DerivedSources/arm64 -Xcc -I/Users/admin/builder/spi-builder-workspace/.derivedData/Build/Intermediates.noindex/SwiftyRive.build/Debug-xros/RiveInspector-p.build/DerivedSources -Xcc -DSWIFT_PACKAGE -Xcc -DDEBUG\=1 -working-directory /Users/admin/builder/spi-builder-workspace/.swiftpm/xcode -experimental-emit-module-separately -disable-cmo
SwiftCompile normal arm64 Compiling\ ContentView.swift /Users/admin/builder/spi-builder-workspace/Examples/RiveInspector/ContentView.swift (in target 'RiveInspector-product' from project 'SwiftyRive')
SwiftCompile normal arm64 /Users/admin/builder/spi-builder-workspace/Examples/RiveInspector/ContentView.swift (in target 'RiveInspector-product' from project 'SwiftyRive')
cd /Users/admin/builder/spi-builder-workspace/.swiftpm/xcode
builtin-SwiftPerFileCompile ContentView.swift
/Users/admin/builder/spi-builder-workspace/Examples/RiveInspector/ContentView.swift:95:10: error: 'inspector(isPresented:content:)' is unavailable in visionOS
93 | }
94 | }
95 | .inspector(isPresented: $isInspectorPresented) {
| `- error: 'inspector(isPresented:content:)' is unavailable in visionOS
96 | if let document {
97 | InspectorPanel(
SwiftUI.View.inspector:2:25: note: 'inspector(isPresented:content:)' has been explicitly marked unavailable here
1 | protocol View {
2 | nonisolated public func inspector<V>(isPresented: Binding<Bool>, @ContentBuilder content: () -> V) -> some View where V : View
| `- note: 'inspector(isPresented:content:)' has been explicitly marked unavailable here
3 | }
4 |
/Users/admin/builder/spi-builder-workspace/Examples/RiveInspector/ContentView.swift:106:18: error: 'inspectorColumnWidth(min:ideal:max:)' is unavailable in visionOS
104 | bindingNote: bindingNote
105 | )
106 | .inspectorColumnWidth(min: 280, ideal: 320, max: 420)
| `- error: 'inspectorColumnWidth(min:ideal:max:)' is unavailable in visionOS
107 | }
108 | }
SwiftUI.View.inspectorColumnWidth:2:25: note: 'inspectorColumnWidth(min:ideal:max:)' has been explicitly marked unavailable here
1 | protocol View {
2 | nonisolated public func inspectorColumnWidth(min: CGFloat? = nil, ideal: CGFloat, max: CGFloat? = nil) -> some View
| `- note: 'inspectorColumnWidth(min:ideal:max:)' has been explicitly marked unavailable here
3 | }
4 |
/Users/admin/builder/spi-builder-workspace/Examples/RiveInspector/ContentView.swift:214:17: error: 'glassEffect(_:in:)' is unavailable in visionOS
212 | .padding(4)
213 | if #available(iOS 26.0, macOS 26.0, *) {
214 | bar.glassEffect(.regular.interactive(), in: .capsule)
| `- error: 'glassEffect(_:in:)' is unavailable in visionOS
215 | } else {
216 | bar.background(.regularMaterial, in: .capsule)
SwiftUI.View.glassEffect:4:27: note: 'glassEffect(_:in:)' has been explicitly marked unavailable here
2 | @available(iOS 26.0, macOS 26.0, tvOS 26.0, watchOS 26.0, *)
3 | @available(visionOS, unavailable)
4 | nonisolated public func glassEffect(_ glass: Glass = .regular, in shape: some Shape = DefaultGlassEffectShape()) -> some View
| `- note: 'glassEffect(_:in:)' has been explicitly marked unavailable here
5 | }
6 |
Failed frontend command:
/Applications/Xcode-27.0.0-Release.Candidate.app/Contents/Developer/Toolchains/XcodeDefault.xctoolchain/usr/bin/swift-frontend -frontend -c -primary-file /Users/admin/builder/spi-builder-workspace/Examples/RiveInspector/ContentView.swift /Users/admin/builder/spi-builder-workspace/Examples/RiveInspector/InspectorPanel.swift /Users/admin/builder/spi-builder-workspace/Examples/RiveInspector/ProbeMode.swift /Users/admin/builder/spi-builder-workspace/Examples/RiveInspector/RiveInspectorApp.swift -emit-dependencies-path /Users/admin/builder/spi-builder-workspace/.derivedData/Build/Intermediates.noindex/SwiftyRive.build/Debug-xros/RiveInspector-p.build/Objects-normal/arm64/ContentView.d -emit-const-values-path /Users/admin/builder/spi-builder-workspace/.derivedData/Build/Intermediates.noindex/SwiftyRive.build/Debug-xros/RiveInspector-p.build/Objects-normal/arm64/ContentView.swiftconstvalues -emit-reference-dependencies-path /Users/admin/builder/spi-builder-workspace/.derivedData/Build/Intermediates.noindex/SwiftyRive.build/Debug-xros/RiveInspector-p.build/Objects-normal/arm64/ContentView.swiftdeps -serialize-diagnostics-path /Users/admin/builder/spi-builder-workspace/.derivedData/Build/Intermediates.noindex/SwiftyRive.build/Debug-xros/RiveInspector-p.build/Objects-normal/arm64/ContentView.dia -target arm64-apple-xros1.0 -disable-cross-import-overlay-search -load-resolved-plugin /Applications/Xcode-27.0.0-Release.Candidate.app/Contents/Developer/Platforms/XROS.platform/Developer/usr/lib/swift/host/plugins/libFoundationMacros.dylib\#/Applications/Xcode-27.0.0-Release.Candidate.app/Contents/Developer/Platforms/XROS.platform/Developer/usr/bin/swift-plugin-server\#FoundationMacros -load-resolved-plugin /Applications/Xcode-27.0.0-Release.Candidate.app/Contents/Developer/Platforms/XROS.platform/Developer/usr/lib/swift/host/plugins/libObservationMacros.dylib\#/Applications/Xcode-27.0.0-Release.Candidate.app/Contents/Developer/Platforms/XROS.platform/Developer/usr/bin/swift-plugin-server\#ObservationMacros -load-resolved-plugin /Applications/Xcode-27.0.0-Release.Candidate.app/Contents/Developer/Platforms/XROS.platform/Developer/usr/lib/swift/host/plugins/libPreviewsMacros.dylib\#/Applications/Xcode-27.0.0-Release.Candidate.app/Contents/Developer/Platforms/XROS.platform/Developer/usr/bin/swift-plugin-server\#PreviewsMacros -load-resolved-plugin /Applications/Xcode-27.0.0-Release.Candidate.app/Contents/Developer/Platforms/XROS.platform/Developer/usr/lib/swift/host/plugins/libSwiftMacros.dylib\#/Applications/Xcode-27.0.0-Release.Candidate.app/Contents/Developer/Platforms/XROS.platform/Developer/usr/bin/swift-plugin-server\#SwiftMacros -load-resolved-plugin /Applications/Xcode-27.0.0-Release.Candidate.app/Contents/Developer/Platforms/XROS.platform/Developer/usr/lib/swift/host/plugins/libSwiftUIMacros.dylib\#/Applications/Xcode-27.0.0-Release.Candidate.app/Contents/Developer/Platforms/XROS.platform/Developer/usr/bin/swift-plugin-server\#SwiftUIMacros -disable-implicit-swift-modules -Xcc -fno-implicit-modules -Xcc -fno-implicit-module-maps -explicit-swift-module-map-file /Users/admin/builder/spi-builder-workspace/.derivedData/Build/Intermediates.noindex/SwiftyRive.build/Debug-xros/RiveInspector-p.build/Objects-normal/arm64/RiveInspector-dependencies-1.json -Xllvm -aarch64-use-tbi -enable-objc-interop -stack-check -sdk /Applications/Xcode-27.0.0-Release.Candidate.app/Contents/Developer/Platforms/XROS.platform/Developer/SDKs/XROS27.0.sdk -I /Users/admin/builder/spi-builder-workspace/.derivedData/Build/Products/Debug-xros -Isystem /Applications/Xcode-27.0.0-Release.Candidate.app/Contents/Developer/Platforms/XROS.platform/Developer/usr/lib -F /Users/admin/builder/spi-builder-workspace/.derivedData/Build/Products/Debug-xros/PackageFrameworks -F /Users/admin/builder/spi-builder-workspace/.derivedData/Build/Products/Debug-xros -F /Applications/Xcode-27.0.0-Release.Candidate.app/Contents/Developer/Platforms/XROS.platform/Developer/Library/Frameworks -F /Applications/Xcode-27.0.0-Release.Candidate.app/Contents/Developer/Platforms/XROS.platform/Developer/SDKs/XROS27.0.sdk/Developer/Library/Frameworks -module-cache-path /Users/admin/builder/spi-builder-workspace/.derivedData/Build/Intermediates.noindex/SwiftExplicitPrecompiledModules -no-color-diagnostics -Xcc -fno-color-diagnostics -enable-testing -g -debug-info-format\=dwarf -dwarf-version\=4 -profile-generate -profile-coverage-mapping -swift-version 6 -Onone -D SWIFT_PACKAGE -D DEBUG -D Xcode -serialize-debugging-options -enable-upcoming-feature NonisolatedNonsendingByDefault -enable-experimental-feature DebugDescriptionMacro -default-isolation MainActor -empty-abi-descriptor -validate-clang-modules-once -clang-build-session-file /Users/admin/builder/spi-builder-workspace/.derivedData/ModuleCache.noindex/Session.modulevalidation -Xcc -working-directory -Xcc /Users/admin/builder/spi-builder-workspace/.swiftpm/xcode -enable-anonymous-context-mangled-names -file-compilation-dir /Users/admin/builder/spi-builder-workspace/.swiftpm/xcode -Xcc -D_LIBCPP_HARDENING_MODE\=_LIBCPP_HARDENING_MODE_DEBUG -Xcc -ivfsstatcache -Xcc /Users/admin/builder/spi-builder-workspace/.derivedData/SDKStatCaches.noindex/xros27.0-24M361-e829b21a6f8c9b70876ba0858053c044735bd543db762f57723cac368afd1ce4.sdkstatcache -Xcc -fmodules-prune-interval\=86400 -Xcc -fmodules-prune-after\=345600 -Xcc -I/Users/admin/builder/spi-builder-workspace/.derivedData/Build/Products/Debug-xros/include -Xcc -I/Users/admin/builder/spi-builder-workspace/.derivedData/Build/Intermediates.noindex/SwiftyRive.build/Debug-xros/RiveInspector-p.build/DerivedSources-normal/arm64 -Xcc -I/Users/admin/builder/spi-builder-workspace/.derivedData/Build/Intermediates.noindex/SwiftyRive.build/Debug-xros/RiveInspector-p.build/DerivedSources/arm64 -Xcc -I/Users/admin/builder/spi-builder-workspace/.derivedData/Build/Intermediates.noindex/SwiftyRive.build/Debug-xros/RiveInspector-p.build/DerivedSources -Xcc -DSWIFT_PACKAGE -Xcc -DDEBUG\=1 -no-auto-bridging-header-chaining -module-name RiveInspector -package-name spi_builder_workspace -const-gather-protocols-file /Users/admin/builder/spi-builder-workspace/.derivedData/Build/Intermediates.noindex/SwiftyRive.build/Debug-xros/RiveInspector-p.build/Objects-normal/arm64/RiveInspector_const_extract_protocols.json -disable-clang-spi -clang-target arm64-apple-xros27.0 -target-sdk-version 27.0 -target-sdk-name xros27.0 -in-process-plugin-server-path /Applications/Xcode-27.0.0-Release.Candidate.app/Contents/Developer/Toolchains/XcodeDefault.xctoolchain/usr/lib/swift/host/libSwiftInProcPluginServer.dylib -parse-as-library -o /Users/admin/builder/spi-builder-workspace/.derivedData/Build/Intermediates.noindex/SwiftyRive.build/Debug-xros/RiveInspector-p.build/Objects-normal/arm64/ContentView.o -debug-module-path /Users/admin/builder/spi-builder-workspace/.derivedData/Build/Intermediates.noindex/SwiftyRive.build/Debug-xros/RiveInspector-p.build/Objects-normal/arm64/RiveInspector.swiftmodule -index-unit-output-path /SwiftyRive.build/Debug-xros/RiveInspector-p.build/Objects-normal/arm64/ContentView.o -index-store-path /Users/admin/builder/spi-builder-workspace/.derivedData/Index.noindex/DataStore -index-system-modules
SwiftEmitModule normal arm64 Emitting\ module\ for\ RiveInspector (in target 'RiveInspector-product' from project 'SwiftyRive')
SwiftCompile normal arm64 (in target 'RiveInspector-product' from project 'SwiftyRive')
cd /Users/admin/builder/spi-builder-workspace/.swiftpm/xcode
PruneExplicitPrecompiledModules /Users/admin/builder/spi-builder-workspace/.derivedData/Build/Intermediates.noindex/ExplicitPrecompiledModules
PruneExplicitPrecompiledModules /Users/admin/builder/spi-builder-workspace/.derivedData/SDKExplicitPrecompiledModules
PruneExplicitPrecompiledModules /Users/admin/builder/spi-builder-workspace/.derivedData/Build/Intermediates.noindex/SwiftExplicitPrecompiledModules
2026-09-26 13:30:43.126 xcodebuild[918:5409] [MT] IDERunDestination: Supported platforms for the buildables in the current scheme is empty.
** BUILD FAILED **
The following build commands failed:
SwiftCompile normal arm64 /Users/admin/builder/spi-builder-workspace/Examples/RiveInspector/ContentView.swift (in target 'RiveInspector-product' from project 'SwiftyRive')
SwiftCompile normal arm64 Compiling\ ContentView.swift /Users/admin/builder/spi-builder-workspace/Examples/RiveInspector/ContentView.swift (in target 'RiveInspector-product' from project 'SwiftyRive')
Building workspace SwiftyRive with scheme SwiftyRive-Package
(3 failures)
BUILD FAILURE 6.4 visionOS