Build Information
Failed to build Unlocker, reference master (7acae7), with Swift 6.1 for Android on 29 Sep 2026 13:45:02 UTC.
Build Command
bash -c docker run --pull=always --rm -v "checkouts-54344845-1":/host -w "$PWD" -e JAVA_HOME="/root/.sdkman/candidates/java/current" -e SPI_BUILD="1" -e SPI_PROCESSING="1" registry.gitlab.com/saguaro1/spi-images:android-6.1-latest swift build --swift-sdk aarch64-unknown-linux-android24 2>&1Build Log
========================================
RunAll
========================================
Builder version: 5.1.0
Interrupt handler set up.
========================================
Checkout
========================================
Clone URL: https://github.com/mat1th/unlocker.git
Reference: master
Initialized empty Git repository in /host/spi-builder-workspace/.git/
hint: Using 'master' as the name for the initial branch. This default branch name
hint: is subject to change. To configure the initial branch name to use in all
hint: of your new repositories, which will suppress this warning, call:
hint:
hint: git config --global init.defaultBranch <name>
hint:
hint: Names commonly chosen instead of 'master' are 'main', 'trunk' and
hint: 'development'. The just-created branch can be renamed via this command:
hint:
hint: git branch -m <name>
From https://github.com/mat1th/unlocker
* branch master -> FETCH_HEAD
* [new branch] master -> origin/master
HEAD is now at 7acae7f Swift: Bump github.com/apple/swift-argument-parser (#26)
Cloned https://github.com/mat1th/unlocker.git
Revision (git rev-parse @):
7acae7ff2c2e63057972b415753495c7edba397b
SUCCESS checkout https://github.com/mat1th/unlocker.git at master
========================================
Build
========================================
Selected platform: android
Swift version: 6.1
Building package at path: $PWD
https://github.com/mat1th/unlocker.git
https://github.com/mat1th/unlocker.git
WARNING: environment variable SUPPRESS_SWIFT_6_FLAGS is not set
Running build ...
bash -c docker run --pull=always --rm -v "checkouts-54344845-1":/host -w "$PWD" -e JAVA_HOME="/root/.sdkman/candidates/java/current" -e SPI_BUILD="1" -e SPI_PROCESSING="1" registry.gitlab.com/saguaro1/spi-images:android-6.1-latest swift build --swift-sdk aarch64-unknown-linux-android24 -Xswiftc -Xfrontend -Xswiftc -stats-output-dir -Xswiftc -Xfrontend -Xswiftc .stats -Xswiftc -strict-concurrency=complete -Xswiftc -enable-upcoming-feature -Xswiftc StrictConcurrency -Xswiftc -enable-upcoming-feature -Xswiftc DisableOutwardActorInference -Xswiftc -enable-upcoming-feature -Xswiftc GlobalActorIsolatedTypesUsability -Xswiftc -enable-upcoming-feature -Xswiftc InferSendableFromCaptures 2>&1
android-6.1-latest: Pulling from saguaro1/spi-images
Digest: sha256:a7f4f752e160f6cbd9e0c26490aa43ccd5312d524c4c6d77f8b144559b526afa
Status: Image is up to date for registry.gitlab.com/saguaro1/spi-images:android-6.1-latest
Fetching https://github.com/apple/swift-argument-parser
[1/18948] Fetching swift-argument-parser
Fetched https://github.com/apple/swift-argument-parser from cache (0.81s)
Computing version for https://github.com/apple/swift-argument-parser
Computed https://github.com/apple/swift-argument-parser at 1.8.2 (1.07s)
Creating working copy for https://github.com/apple/swift-argument-parser
Working copy of https://github.com/apple/swift-argument-parser resolved at 1.8.2
Downloading binary artifact https://github.com/realm/SwiftLint/releases/download/0.58.2/SwiftLintBinary.artifactbundle.zip
[16375/40913916] Downloading https://github.com/realm/SwiftLint/releases/download/0.58.2/SwiftLintBinary.artifactbundle.zip
Downloaded https://github.com/realm/SwiftLint/releases/download/0.58.2/SwiftLintBinary.artifactbundle.zip (2.35s)
warning: Build tool command 'Running SwiftLint for UnlockerCore' (applied to target 'UnlockerCore') does not declare any output files and therefore will not run. You may want to consider updating the given package to tools-version 6.0 (or higher) which would run such a build tool command even without declared outputs.
warning: Build tool command 'Running SwiftLint for unlocker' (applied to target 'unlocker') does not declare any output files and therefore will not run. You may want to consider updating the given package to tools-version 6.0 (or higher) which would run such a build tool command even without declared outputs.
[1/1] Compiling plugin SwiftLintPlugin
[2/2] Compiling plugin GenerateManual
[3/3] Compiling plugin GenerateDoccReference
Building for debugging...
[3/14] Write sources
[7/14] Write swift-version-24593BA9C3E375BF.txt
[9/28] Emitting module ArgumentParserToolInfo
<unknown>:0: warning: upcoming feature 'InferSendableFromCaptures' is already enabled as of Swift version 6
<unknown>:0: warning: upcoming feature 'GlobalActorIsolatedTypesUsability' is already enabled as of Swift version 6
<unknown>:0: warning: upcoming feature 'DisableOutwardActorInference' is already enabled as of Swift version 6
[10/28] Compiling ArgumentParserToolInfo ToolInfo.swift
<unknown>:0: warning: upcoming feature 'InferSendableFromCaptures' is already enabled as of Swift version 6
<unknown>:0: warning: upcoming feature 'GlobalActorIsolatedTypesUsability' is already enabled as of Swift version 6
<unknown>:0: warning: upcoming feature 'DisableOutwardActorInference' is already enabled as of Swift version 6
[11/29] Wrapping AST for ArgumentParserToolInfo for debugging
error: emit-module command failed with exit code 1 (use -v to see invocation)
[13/76] Emitting module UnlockerCore
/host/spi-builder-workspace/Sources/UnlockerCore/Entities/CGEventProtocol.swift:1:8: error: no such module 'CoreGraphics'
1 | import CoreGraphics
| `- error: no such module 'CoreGraphics'
2 | import Foundation
3 |
[14/76] Compiling ArgumentParser BashCompletionsGenerator.swift
/host/spi-builder-workspace/Sources/UnlockerCore/Entities/CGEventProtocol.swift:1:8: error: no such module 'CoreGraphics'
1 | import CoreGraphics
| `- error: no such module 'CoreGraphics'
2 | import Foundation
3 |
[15/76] Compiling ArgumentParser CompletionsGenerator.swift
/host/spi-builder-workspace/Sources/UnlockerCore/Entities/CGEventProtocol.swift:1:8: error: no such module 'CoreGraphics'
1 | import CoreGraphics
| `- error: no such module 'CoreGraphics'
2 | import Foundation
3 |
[16/77] Compiling UnlockerCore StopScreenSaverUseCase.swift
/host/spi-builder-workspace/Sources/UnlockerCore/Entities/CGEventProtocol.swift:1:8: error: no such module 'CoreGraphics'
1 | import CoreGraphics
| `- error: no such module 'CoreGraphics'
2 | import Foundation
3 |
[17/77] Compiling ArgumentParser FishCompletionsGenerator.swift
/host/spi-builder-workspace/Sources/UnlockerCore/Entities/CGEventProtocol.swift:1:8: error: no such module 'CoreGraphics'
1 | import CoreGraphics
| `- error: no such module 'CoreGraphics'
2 | import Foundation
3 |
[18/77] Compiling ArgumentParser ZshCompletionsGenerator.swift
/host/spi-builder-workspace/Sources/UnlockerCore/Entities/CGEventProtocol.swift:1:8: error: no such module 'CoreGraphics'
1 | import CoreGraphics
| `- error: no such module 'CoreGraphics'
2 | import Foundation
3 |
[19/77] Compiling ArgumentParser ArgumentHelp.swift
/host/spi-builder-workspace/Sources/UnlockerCore/Entities/CGEventProtocol.swift:1:8: error: no such module 'CoreGraphics'
1 | import CoreGraphics
| `- error: no such module 'CoreGraphics'
2 | import Foundation
3 |
[20/77] Compiling ArgumentParser ArgumentVisibility.swift
/host/spi-builder-workspace/Sources/UnlockerCore/Entities/CGEventProtocol.swift:1:8: error: no such module 'CoreGraphics'
1 | import CoreGraphics
| `- error: no such module 'CoreGraphics'
2 | import Foundation
3 |
[21/77] Compiling ArgumentParser Argument.swift
/host/spi-builder-workspace/Sources/UnlockerCore/Entities/CGEventProtocol.swift:1:8: error: no such module 'CoreGraphics'
1 | import CoreGraphics
| `- error: no such module 'CoreGraphics'
2 | import Foundation
3 |
[22/77] Compiling ArgumentParser ArgumentDiscussion.swift
/host/spi-builder-workspace/Sources/UnlockerCore/Entities/CGEventProtocol.swift:1:8: error: no such module 'CoreGraphics'
1 | import CoreGraphics
| `- error: no such module 'CoreGraphics'
2 | import Foundation
3 |
[23/77] Compiling UnlockerCore PostKeyEventUseCase.swift
/host/spi-builder-workspace/Sources/UnlockerCore/Entities/CGEventProtocol.swift:1:8: error: no such module 'CoreGraphics'
1 | import CoreGraphics
| `- error: no such module 'CoreGraphics'
2 | import Foundation
3 |
[24/77] Compiling UnlockerCore ExecuteFramworkUseCase.swift
/host/spi-builder-workspace/Sources/UnlockerCore/Entities/CGEventProtocol.swift:1:8: error: no such module 'CoreGraphics'
1 | import CoreGraphics
| `- error: no such module 'CoreGraphics'
2 | import Foundation
3 |
[25/77] Compiling UnlockerCore WakeScreenUseCase.swift
/host/spi-builder-workspace/Sources/UnlockerCore/Entities/CGEventProtocol.swift:1:8: error: no such module 'CoreGraphics'
1 | import CoreGraphics
| `- error: no such module 'CoreGraphics'
2 | import Foundation
3 |
<unknown>:0: warning: upcoming feature 'InferSendableFromCaptures' is already enabled as of Swift version 6
<unknown>:0: warning: upcoming feature 'GlobalActorIsolatedTypesUsability' is already enabled as of Swift version 6
<unknown>:0: warning: upcoming feature 'DisableOutwardActorInference' is already enabled as of Swift version 6
Running build ...
bash -c docker run --pull=always --rm -v "checkouts-54344845-1":/host -w "$PWD" -e JAVA_HOME="/root/.sdkman/candidates/java/current" -e SPI_BUILD="1" -e SPI_PROCESSING="1" registry.gitlab.com/saguaro1/spi-images:android-6.1-latest swift build --swift-sdk aarch64-unknown-linux-android24 2>&1
android-6.1-latest: Pulling from saguaro1/spi-images
Digest: sha256:a7f4f752e160f6cbd9e0c26490aa43ccd5312d524c4c6d77f8b144559b526afa
Status: Image is up to date for registry.gitlab.com/saguaro1/spi-images:android-6.1-latest
warning: Build tool command 'Running SwiftLint for UnlockerCore' (applied to target 'UnlockerCore') does not declare any output files and therefore will not run. You may want to consider updating the given package to tools-version 6.0 (or higher) which would run such a build tool command even without declared outputs.
warning: Build tool command 'Running SwiftLint for unlocker' (applied to target 'unlocker') does not declare any output files and therefore will not run. You may want to consider updating the given package to tools-version 6.0 (or higher) which would run such a build tool command even without declared outputs.
[0/1] Planning build
[1/1] Compiling plugin SwiftLintPlugin
[2/2] Compiling plugin GenerateManual
[3/3] Compiling plugin GenerateDoccReference
Building for debugging...
[3/10] Write swift-version-24593BA9C3E375BF.txt
[5/24] Compiling UnlockerCore PostKeyEventUseCase.swift
/host/spi-builder-workspace/Sources/UnlockerCore/Entities/CGEventProtocol.swift:1:8: error: no such module 'CoreGraphics'
1 | import CoreGraphics
| `- error: no such module 'CoreGraphics'
2 | import Foundation
3 |
error: emit-module command failed with exit code 1 (use -v to see invocation)
[6/25] Emitting module UnlockerCore
/host/spi-builder-workspace/Sources/UnlockerCore/Entities/CGEventProtocol.swift:1:8: error: no such module 'CoreGraphics'
1 | import CoreGraphics
| `- error: no such module 'CoreGraphics'
2 | import Foundation
3 |
[7/25] Compiling UnlockerCore LockScreenIsActiveUseCase.swift
/host/spi-builder-workspace/Sources/UnlockerCore/Entities/CGEventProtocol.swift:1:8: error: no such module 'CoreGraphics'
1 | import CoreGraphics
| `- error: no such module 'CoreGraphics'
2 | import Foundation
3 |
[8/25] Compiling UnlockerCore LockScreenUseCase.swift
/host/spi-builder-workspace/Sources/UnlockerCore/Entities/CGEventProtocol.swift:1:8: error: no such module 'CoreGraphics'
1 | import CoreGraphics
| `- error: no such module 'CoreGraphics'
2 | import Foundation
3 |
[9/25] Compiling UnlockerCore CGEventProtocol.swift
/host/spi-builder-workspace/Sources/UnlockerCore/Entities/CGEventProtocol.swift:1:8: error: no such module 'CoreGraphics'
1 | import CoreGraphics
| `- error: no such module 'CoreGraphics'
2 | import Foundation
3 |
[10/25] Compiling UnlockerCore KeyCode.swift
/host/spi-builder-workspace/Sources/UnlockerCore/Entities/CGEventProtocol.swift:1:8: error: no such module 'CoreGraphics'
1 | import CoreGraphics
| `- error: no such module 'CoreGraphics'
2 | import Foundation
3 |
[11/25] Compiling UnlockerCore CGEvent+CGEventProtocol.swift
/host/spi-builder-workspace/Sources/UnlockerCore/Entities/CGEventProtocol.swift:1:8: error: no such module 'CoreGraphics'
1 | import CoreGraphics
| `- error: no such module 'CoreGraphics'
2 | import Foundation
3 |
[12/25] Compiling UnlockerCore AccessablityPermissionIsAllowedUseCase.swift
/host/spi-builder-workspace/Sources/UnlockerCore/Entities/CGEventProtocol.swift:1:8: error: no such module 'CoreGraphics'
1 | import CoreGraphics
| `- error: no such module 'CoreGraphics'
2 | import Foundation
3 |
[13/25] Compiling UnlockerCore UnlockScreenUseCase.swift
/host/spi-builder-workspace/Sources/UnlockerCore/Entities/CGEventProtocol.swift:1:8: error: no such module 'CoreGraphics'
1 | import CoreGraphics
| `- error: no such module 'CoreGraphics'
2 | import Foundation
3 |
[14/25] Compiling UnlockerCore StartSceenSaverUseCase.swift
/host/spi-builder-workspace/Sources/UnlockerCore/Entities/CGEventProtocol.swift:1:8: error: no such module 'CoreGraphics'
1 | import CoreGraphics
| `- error: no such module 'CoreGraphics'
2 | import Foundation
3 |
[15/25] Compiling UnlockerCore StopScreenSaverUseCase.swift
/host/spi-builder-workspace/Sources/UnlockerCore/Entities/CGEventProtocol.swift:1:8: error: no such module 'CoreGraphics'
1 | import CoreGraphics
| `- error: no such module 'CoreGraphics'
2 | import Foundation
3 |
[16/25] Compiling UnlockerCore ExecuteFramworkUseCase.swift
/host/spi-builder-workspace/Sources/UnlockerCore/Entities/CGEventProtocol.swift:1:8: error: no such module 'CoreGraphics'
1 | import CoreGraphics
| `- error: no such module 'CoreGraphics'
2 | import Foundation
3 |
[17/25] Compiling UnlockerCore WakeScreenUseCase.swift
/host/spi-builder-workspace/Sources/UnlockerCore/Entities/CGEventProtocol.swift:1:8: error: no such module 'CoreGraphics'
1 | import CoreGraphics
| `- error: no such module 'CoreGraphics'
2 | import Foundation
3 |
[18/25] Emitting module ArgumentParserToolInfo
BUILD FAILURE 6.1 android