The Swift Package Index logo.Swift Package Index

Build Information

Failed to build LoadableImage, reference 1.0.0 (1d0fd4), with Swift 6.4 for visionOS using Xcode 27.0 on 16 Sep 2026 23:04:54 UTC.

Build Command

env DEVELOPER_DIR=/Applications/Xcode-27.0.0-Release.Candidate.app xcrun xcodebuild -IDEClonedSourcePackagesDirPathOverride=$PWD/.dependencies -skipMacroValidation -skipPackagePluginValidation -derivedDataPath $PWD/.derivedData build -scheme LoadableImage -destination generic/platform=xrOS

Build Log

========================================
RunAll
========================================
Builder version: 5.1.0
Interrupt handler set up.
========================================
Checkout
========================================
Clone URL: https://github.com/achirkof/LoadableImage.git
Reference: 1.0.0
Initialized empty Git repository in /Users/admin/builder/spi-builder-workspace/.git/
From https://github.com/achirkof/LoadableImage
 * tag               1.0.0      -> FETCH_HEAD
HEAD is now at 1d0fd43 Update README.md
Cloned https://github.com/achirkof/LoadableImage.git
Revision (git rev-parse @):
1d0fd433ace7eb286990fce12a3d468e979747e0
SUCCESS checkout https://github.com/achirkof/LoadableImage.git at 1.0.0
========================================
Build
========================================
Selected platform:         visionOS
Swift version:             6.4
Building package at path:  $PWD
https://github.com/achirkof/LoadableImage.git
Command line invocation:
    /Applications/Xcode-27.0.0-Release.Candidate.app/Contents/Developer/usr/bin/xcodebuild -IDEClonedSourcePackagesDirPathOverride=/Users/admin/builder/spi-builder-workspace/.dependencies -resolvePackageDependencies
Resolve Package Graph
Invalid Exclude '/Users/admin/builder/spi-builder-workspace/Sources/LoadableImage/codecov.yml': File not found.Invalid Exclude '/Users/admin/builder/spi-builder-workspace/Sources/LoadableImage/Dangerfile.swift': File not found.Invalid Exclude '/Users/admin/builder/spi-builder-workspace/Sources/LoadableImage/Example': File not found.
Resolve Package Graph
Invalid Exclude '/Users/admin/builder/spi-builder-workspace/Sources/LoadableImage/Example': File not found.Invalid Exclude '/Users/admin/builder/spi-builder-workspace/Sources/LoadableImage/codecov.yml': File not found.Invalid Exclude '/Users/admin/builder/spi-builder-workspace/Sources/LoadableImage/Dangerfile.swift': File not found.
Resolved source packages:
  LoadableImage: /Users/admin/builder/spi-builder-workspace
resolved source packages: LoadableImage
2026-09-16 19:03:53.013 xcodebuild[525:2988] [MT] IDERunDestination: Supported platforms for the buildables in the current scheme is empty.
2026-09-16 19:03:53.167 xcodebuild[525:2988] [MT] IDERunDestination: Supported platforms for the buildables in the current scheme is empty.
2026-09-16 19:03:54.800 xcodebuild[525:2988] [MT] IDERunDestination: Supported platforms for the buildables in the current scheme is empty.
{
  "dependencies" : [
  ],
  "manifest_display_name" : "LoadableImage",
  "name" : "LoadableImage",
  "path" : "/Users/admin/builder/spi-builder-workspace",
  "platforms" : [
    {
      "name" : "ios",
      "version" : "13.0"
    }
  ],
  "products" : [
    {
      "name" : "LoadableImage",
      "targets" : [
        "LoadableImage"
      ],
      "type" : {
        "library" : [
          "automatic"
        ]
      }
    }
  ],
  "swift_languages_versions" : [
    "5"
  ],
  "targets" : [
    {
      "c99name" : "LoadableImageTests",
      "module_type" : "SwiftTarget",
      "name" : "LoadableImageTests",
      "path" : "Tests/LoadableImageTests",
      "sources" : [
        "Helpers/Image+Ext.swift",
        "Helpers/Mock.swift",
        "Helpers/Stub.swift",
        "ImageManagerTests.swift",
        "UIImageLoadableTests.swift",
        "URLLoadableTests.swift",
        "XCTestManifests.swift"
      ],
      "target_dependencies" : [
        "LoadableImage"
      ],
      "type" : "test"
    },
    {
      "c99name" : "LoadableImage",
      "module_type" : "SwiftTarget",
      "name" : "LoadableImage",
      "path" : "Sources/LoadableImage",
      "product_memberships" : [
        "LoadableImage"
      ],
      "resources" : [
        {
          "path" : "/Users/admin/builder/spi-builder-workspace/Sources/LoadableImage/Media.xcassets",
          "rule" : {
            "process" : {
            }
          }
        }
      ],
      "sources" : [
        "Components/ImagePlaceholder.swift",
        "Components/ProgressIndicator.swift",
        "Helpers/Error+Helpers.swift",
        "Helpers/Image+Helpers.swift",
        "ImageManager/ImageLoadError.swift",
        "ImageManager/ImageLoadState.swift",
        "ImageManager/ImageManager.swift",
        "Loadable/ImageLoadable.swift",
        "Loadable/Providers/AssetsProvider.swift",
        "Loadable/Providers/NetworkProvider.swift",
        "Loadable/Providers/PublisherProvider.swift",
        "Loadable/UIImageLoadable.swift",
        "Loadable/URLLoadable.swift"
      ],
      "type" : "library"
    }
  ],
  "tools_version" : "5.3"
}
warning: 'spi-builder-workspace': Invalid Exclude '/Users/admin/builder/spi-builder-workspace/Sources/LoadableImage/Example': File not found.
warning: 'spi-builder-workspace': Invalid Exclude '/Users/admin/builder/spi-builder-workspace/Sources/LoadableImage/codecov.yml': File not found.
warning: 'spi-builder-workspace': Invalid Exclude '/Users/admin/builder/spi-builder-workspace/Sources/LoadableImage/Dangerfile.swift': File not found.
{
  "workspace" : {
    "name" : "LoadableImage",
    "schemes" : [
      "LoadableImage"
    ]
  }
}
2026-09-16 19:04:39.970 xcodebuild[622:3896] [MT] IDERunDestination: Supported platforms for the buildables in the current scheme is empty.
2026-09-16 19:04:40.114 xcodebuild[622:3896] [MT] IDERunDestination: Supported platforms for the buildables in the current scheme is empty.
Running build ...
env DEVELOPER_DIR=/Applications/Xcode-27.0.0-Release.Candidate.app xcrun xcodebuild -IDEClonedSourcePackagesDirPathOverride=$PWD/.dependencies -skipMacroValidation -skipPackagePluginValidation -derivedDataPath $PWD/.derivedData build -scheme LoadableImage -destination generic/platform=xrOS
Command line invocation:
    /Applications/Xcode-27.0.0-Release.Candidate.app/Contents/Developer/usr/bin/xcodebuild -IDEClonedSourcePackagesDirPathOverride=/Users/admin/builder/spi-builder-workspace/.dependencies -skipMacroValidation -skipPackagePluginValidation -derivedDataPath /Users/admin/builder/spi-builder-workspace/.derivedData build -scheme LoadableImage -destination generic/platform=xrOS
Resolve Package Graph
Invalid Exclude '/Users/admin/builder/spi-builder-workspace/Sources/LoadableImage/Example': File not found.Invalid Exclude '/Users/admin/builder/spi-builder-workspace/Sources/LoadableImage/Dangerfile.swift': File not found.Invalid Exclude '/Users/admin/builder/spi-builder-workspace/Sources/LoadableImage/codecov.yml': File not found.
Resolved source packages:
  LoadableImage: /Users/admin/builder/spi-builder-workspace
ComputePackagePrebuildTargetDependencyGraph
Prepare packages
CreateBuildRequest
SendProjectDescription
CreateBuildOperation
ComputeTargetDependencyGraph
note: Building targets in dependency order
note: Target dependency graph (4 targets)
    Target 'LoadableImageTests-product' in project 'LoadableImage'
        ➜ Explicit dependency on target 'LoadableImage' in project 'LoadableImage'
    Target 'LoadableImage-product' in project 'LoadableImage'
        ➜ Explicit dependency on target 'LoadableImage' in project 'LoadableImage'
        ➜ Explicit dependency on target 'LoadableImage_LoadableImage' in project 'LoadableImage'
    Target 'LoadableImage' in project 'LoadableImage'
        ➜ Explicit dependency on target 'LoadableImage_LoadableImage' in project 'LoadableImage'
    Target 'LoadableImage_LoadableImage' in project 'LoadableImage' (no dependencies)
GatherProvisioningInputs
CreateBuildDescription
ExecuteExternalTool /Applications/Xcode-27.0.0-Release.Candidate.app/Contents/Developer/Toolchains/XcodeDefault.xctoolchain/usr/bin/clang -v -E -dM -isysroot /Applications/Xcode-27.0.0-Release.Candidate.app/Contents/Developer/Platforms/XROS.platform/Developer/SDKs/XROS27.0.sdk -x c -c /dev/null
ExecuteExternalTool /Applications/Xcode-27.0.0-Release.Candidate.app/Contents/Developer/usr/bin/actool --version --output-format xml1
ExecuteExternalTool /Applications/Xcode-27.0.0-Release.Candidate.app/Contents/Developer/Toolchains/XcodeDefault.xctoolchain/usr/bin/swiftc --version
ExecuteExternalTool /Applications/Xcode-27.0.0-Release.Candidate.app/Contents/Developer/Toolchains/XcodeDefault.xctoolchain/usr/bin/ld -version_details
Build description signature: f16c5f3534cb783636becb83dc1bd378
Build description path: /Users/admin/builder/spi-builder-workspace/.derivedData/Build/Intermediates.noindex/XCBuildData/f16c5f3534cb783636becb83dc1bd378.xcbuilddata
CreateBuildDirectory /Users/admin/builder/spi-builder-workspace/.derivedData/SDKExplicitPrecompiledModules
    cd /Users/admin/builder/spi-builder-workspace/.swiftpm/xcode
    builtin-create-build-directory /Users/admin/builder/spi-builder-workspace/.derivedData/SDKExplicitPrecompiledModules
CreateBuildDirectory /Users/admin/builder/spi-builder-workspace/.derivedData/CompilationCache.noindex
    cd /Users/admin/builder/spi-builder-workspace/.swiftpm/xcode
    builtin-create-build-directory /Users/admin/builder/spi-builder-workspace/.derivedData/CompilationCache.noindex
CreateBuildDirectory /Users/admin/builder/spi-builder-workspace/.derivedData/ModuleCache.noindex
    cd /Users/admin/builder/spi-builder-workspace/.swiftpm/xcode
    builtin-create-build-directory /Users/admin/builder/spi-builder-workspace/.derivedData/ModuleCache.noindex
ClangStatCache /Applications/Xcode-27.0.0-Release.Candidate.app/Contents/Developer/Toolchains/XcodeDefault.xctoolchain/usr/bin/clang-stat-cache /Applications/Xcode-27.0.0-Release.Candidate.app/Contents/Developer/Platforms/XROS.platform/Developer/SDKs/XROS27.0.sdk /Users/admin/builder/spi-builder-workspace/.derivedData/SDKStatCaches.noindex/xros27.0-24M361-e829b21a6f8c9b70876ba0858053c044735bd543db762f57723cac368afd1ce4.sdkstatcache
    cd /Users/admin/builder/spi-builder-workspace/.swiftpm/xcode
    /Applications/Xcode-27.0.0-Release.Candidate.app/Contents/Developer/Toolchains/XcodeDefault.xctoolchain/usr/bin/clang-stat-cache /Applications/Xcode-27.0.0-Release.Candidate.app/Contents/Developer/Platforms/XROS.platform/Developer/SDKs/XROS27.0.sdk -o /Users/admin/builder/spi-builder-workspace/.derivedData/SDKStatCaches.noindex/xros27.0-24M361-e829b21a6f8c9b70876ba0858053c044735bd543db762f57723cac368afd1ce4.sdkstatcache
CreateBuildDirectory /Users/admin/builder/spi-builder-workspace/.derivedData/Build/Intermediates.noindex
    cd /Users/admin/builder/spi-builder-workspace/.swiftpm/xcode
    builtin-create-build-directory /Users/admin/builder/spi-builder-workspace/.derivedData/Build/Intermediates.noindex
CreateBuildDirectory /Users/admin/builder/spi-builder-workspace/.derivedData/Build/Products
    cd /Users/admin/builder/spi-builder-workspace/.swiftpm/xcode
    builtin-create-build-directory /Users/admin/builder/spi-builder-workspace/.derivedData/Build/Products
CreateBuildDirectory /Users/admin/builder/spi-builder-workspace/.derivedData/Build/Intermediates.noindex/SwiftExplicitPrecompiledModules
    cd /Users/admin/builder/spi-builder-workspace/.swiftpm/xcode
    builtin-create-build-directory /Users/admin/builder/spi-builder-workspace/.derivedData/Build/Intermediates.noindex/SwiftExplicitPrecompiledModules
CreateBuildDirectory /Users/admin/builder/spi-builder-workspace/.derivedData/Build/Intermediates.noindex/PrecompiledHeaders
    cd /Users/admin/builder/spi-builder-workspace/.swiftpm/xcode
    builtin-create-build-directory /Users/admin/builder/spi-builder-workspace/.derivedData/Build/Intermediates.noindex/PrecompiledHeaders
CreateBuildDirectory /Users/admin/builder/spi-builder-workspace/.derivedData/Build/Intermediates.noindex/ExplicitPrecompiledModules
    cd /Users/admin/builder/spi-builder-workspace/.swiftpm/xcode
    builtin-create-build-directory /Users/admin/builder/spi-builder-workspace/.derivedData/Build/Intermediates.noindex/ExplicitPrecompiledModules
CreateBuildDirectory /Users/admin/builder/spi-builder-workspace/.derivedData/Build/Products/Debug-xros
    cd /Users/admin/builder/spi-builder-workspace/.swiftpm/xcode
    builtin-create-build-directory /Users/admin/builder/spi-builder-workspace/.derivedData/Build/Products/Debug-xros
CreateBuildDirectory /Users/admin/builder/spi-builder-workspace/.derivedData/Build/Intermediates.noindex/EagerLinkingTBDs/Debug-xros
    cd /Users/admin/builder/spi-builder-workspace/.swiftpm/xcode
    builtin-create-build-directory /Users/admin/builder/spi-builder-workspace/.derivedData/Build/Intermediates.noindex/EagerLinkingTBDs/Debug-xros
CreateBuildDirectory /Users/admin/builder/spi-builder-workspace/.derivedData/Build/Products/Debug-xros/PackageFrameworks
    cd /Users/admin/builder/spi-builder-workspace/.swiftpm/xcode
    builtin-create-build-directory /Users/admin/builder/spi-builder-workspace/.derivedData/Build/Products/Debug-xros/PackageFrameworks
MkDir /Users/admin/builder/spi-builder-workspace/.derivedData/Build/Products/Debug-xros/LoadableImage_LoadableImage.bundle (in target 'LoadableImage_LoadableImage' from project 'LoadableImage')
    cd /Users/admin/builder/spi-builder-workspace
    /bin/mkdir -p /Users/admin/builder/spi-builder-workspace/.derivedData/Build/Products/Debug-xros/LoadableImage_LoadableImage.bundle
WriteAuxiliaryFile /Users/admin/builder/spi-builder-workspace/.derivedData/Build/Intermediates.noindex/LoadableImage.build/Debug-xros/LoadableImage_LoadableImage-b.build/LoadableImage_LoadableImage.DependencyMetadataFileList (in target 'LoadableImage_LoadableImage' from project 'LoadableImage')
    cd /Users/admin/builder/spi-builder-workspace
    write-file /Users/admin/builder/spi-builder-workspace/.derivedData/Build/Intermediates.noindex/LoadableImage.build/Debug-xros/LoadableImage_LoadableImage-b.build/LoadableImage_LoadableImage.DependencyMetadataFileList
WriteAuxiliaryFile /Users/admin/builder/spi-builder-workspace/.derivedData/Build/Intermediates.noindex/LoadableImage.build/Debug-xros/LoadableImage_LoadableImage-b.build/LoadableImage_LoadableImage.DependencyStaticMetadataFileList (in target 'LoadableImage_LoadableImage' from project 'LoadableImage')
    cd /Users/admin/builder/spi-builder-workspace
    write-file /Users/admin/builder/spi-builder-workspace/.derivedData/Build/Intermediates.noindex/LoadableImage.build/Debug-xros/LoadableImage_LoadableImage-b.build/LoadableImage_LoadableImage.DependencyStaticMetadataFileList
WriteAuxiliaryFile /Users/admin/builder/spi-builder-workspace/.derivedData/Build/Intermediates.noindex/LoadableImage.build/Debug-xros/LoadableImageTests-p.build/empty-LoadableImageTests.plist (in target 'LoadableImageTests-product' from project 'LoadableImage')
    cd /Users/admin/builder/spi-builder-workspace
    write-file /Users/admin/builder/spi-builder-workspace/.derivedData/Build/Intermediates.noindex/LoadableImage.build/Debug-xros/LoadableImageTests-p.build/empty-LoadableImageTests.plist
WriteAuxiliaryFile /Users/admin/builder/spi-builder-workspace/.derivedData/Build/Intermediates.noindex/LoadableImage.build/Debug-xros/LoadableImage_LoadableImage-b.build/empty-LoadableImage_LoadableImage.plist (in target 'LoadableImage_LoadableImage' from project 'LoadableImage')
    cd /Users/admin/builder/spi-builder-workspace
    write-file /Users/admin/builder/spi-builder-workspace/.derivedData/Build/Intermediates.noindex/LoadableImage.build/Debug-xros/LoadableImage_LoadableImage-b.build/empty-LoadableImage_LoadableImage.plist
WriteAuxiliaryFile /Users/admin/builder/spi-builder-workspace/.derivedData/Build/Intermediates.noindex/LoadableImage.build/Debug-xros/LoadableImageTests-p.build/Objects-normal/arm64/LoadableImageTests.SwiftConstValuesFileList (in target 'LoadableImageTests-product' from project 'LoadableImage')
    cd /Users/admin/builder/spi-builder-workspace
    write-file /Users/admin/builder/spi-builder-workspace/.derivedData/Build/Intermediates.noindex/LoadableImage.build/Debug-xros/LoadableImageTests-p.build/Objects-normal/arm64/LoadableImageTests.SwiftConstValuesFileList
WriteAuxiliaryFile /Users/admin/builder/spi-builder-workspace/.derivedData/Build/Intermediates.noindex/LoadableImage.build/Debug-xros/LoadableImageTests-p.build/Objects-normal/arm64/LoadableImageTests.SwiftFileList (in target 'LoadableImageTests-product' from project 'LoadableImage')
    cd /Users/admin/builder/spi-builder-workspace
    write-file /Users/admin/builder/spi-builder-workspace/.derivedData/Build/Intermediates.noindex/LoadableImage.build/Debug-xros/LoadableImageTests-p.build/Objects-normal/arm64/LoadableImageTests.SwiftFileList
WriteAuxiliaryFile /Users/admin/builder/spi-builder-workspace/.derivedData/Build/Intermediates.noindex/LoadableImage.build/Debug-xros/LoadableImageTests-p.build/Objects-normal/arm64/LoadableImageTests.LinkFileList (in target 'LoadableImageTests-product' from project 'LoadableImage')
    cd /Users/admin/builder/spi-builder-workspace
    write-file /Users/admin/builder/spi-builder-workspace/.derivedData/Build/Intermediates.noindex/LoadableImage.build/Debug-xros/LoadableImageTests-p.build/Objects-normal/arm64/LoadableImageTests.LinkFileList
WriteAuxiliaryFile /Users/admin/builder/spi-builder-workspace/.derivedData/Build/Intermediates.noindex/LoadableImage.build/Debug-xros/LoadableImageTests-p.build/Objects-normal/arm64/LoadableImageTests-OutputFileMap.json (in target 'LoadableImageTests-product' from project 'LoadableImage')
    cd /Users/admin/builder/spi-builder-workspace
    write-file /Users/admin/builder/spi-builder-workspace/.derivedData/Build/Intermediates.noindex/LoadableImage.build/Debug-xros/LoadableImageTests-p.build/Objects-normal/arm64/LoadableImageTests-OutputFileMap.json
WriteAuxiliaryFile /Users/admin/builder/spi-builder-workspace/.derivedData/Build/Intermediates.noindex/LoadableImage.build/Debug-xros/LoadableImageTests-p.build/Objects-normal/arm64/LoadableImageTests_const_extract_protocols.json (in target 'LoadableImageTests-product' from project 'LoadableImage')
    cd /Users/admin/builder/spi-builder-workspace
    write-file /Users/admin/builder/spi-builder-workspace/.derivedData/Build/Intermediates.noindex/LoadableImage.build/Debug-xros/LoadableImageTests-p.build/Objects-normal/arm64/LoadableImageTests_const_extract_protocols.json
WriteAuxiliaryFile /Users/admin/builder/spi-builder-workspace/.derivedData/Build/Intermediates.noindex/LoadableImage.build/Debug-xros/LoadableImageTests-p.build/LoadableImageTests.DependencyStaticMetadataFileList (in target 'LoadableImageTests-product' from project 'LoadableImage')
    cd /Users/admin/builder/spi-builder-workspace
    write-file /Users/admin/builder/spi-builder-workspace/.derivedData/Build/Intermediates.noindex/LoadableImage.build/Debug-xros/LoadableImageTests-p.build/LoadableImageTests.DependencyStaticMetadataFileList
WriteAuxiliaryFile /Users/admin/builder/spi-builder-workspace/.derivedData/Build/Intermediates.noindex/LoadableImage.build/Debug-xros/LoadableImageTests-p.build/LoadableImageTests.DependencyMetadataFileList (in target 'LoadableImageTests-product' from project 'LoadableImage')
    cd /Users/admin/builder/spi-builder-workspace
    write-file /Users/admin/builder/spi-builder-workspace/.derivedData/Build/Intermediates.noindex/LoadableImage.build/Debug-xros/LoadableImageTests-p.build/LoadableImageTests.DependencyMetadataFileList
WriteAuxiliaryFile /Users/admin/builder/spi-builder-workspace/.derivedData/Build/Intermediates.noindex/LoadableImage.build/Debug-xros/LoadableImage-t.build/Objects-normal/arm64/LoadableImage.SwiftConstValuesFileList (in target 'LoadableImage' from project 'LoadableImage')
    cd /Users/admin/builder/spi-builder-workspace
    write-file /Users/admin/builder/spi-builder-workspace/.derivedData/Build/Intermediates.noindex/LoadableImage.build/Debug-xros/LoadableImage-t.build/Objects-normal/arm64/LoadableImage.SwiftConstValuesFileList
WriteAuxiliaryFile /Users/admin/builder/spi-builder-workspace/.derivedData/Build/Intermediates.noindex/LoadableImage.build/Debug-xros/LoadableImage-t.build/Objects-normal/arm64/LoadableImage.SwiftFileList (in target 'LoadableImage' from project 'LoadableImage')
    cd /Users/admin/builder/spi-builder-workspace
    write-file /Users/admin/builder/spi-builder-workspace/.derivedData/Build/Intermediates.noindex/LoadableImage.build/Debug-xros/LoadableImage-t.build/Objects-normal/arm64/LoadableImage.SwiftFileList
WriteAuxiliaryFile /Users/admin/builder/spi-builder-workspace/.derivedData/Build/Intermediates.noindex/LoadableImage.build/Debug-xros/LoadableImage-t.build/Objects-normal/arm64/LoadableImage_const_extract_protocols.json (in target 'LoadableImage' from project 'LoadableImage')
    cd /Users/admin/builder/spi-builder-workspace
    write-file /Users/admin/builder/spi-builder-workspace/.derivedData/Build/Intermediates.noindex/LoadableImage.build/Debug-xros/LoadableImage-t.build/Objects-normal/arm64/LoadableImage_const_extract_protocols.json
WriteAuxiliaryFile /Users/admin/builder/spi-builder-workspace/.derivedData/Build/Intermediates.noindex/LoadableImage.build/Debug-xros/LoadableImage-t.build/Objects-normal/arm64/LoadableImage.LinkFileList (in target 'LoadableImage' from project 'LoadableImage')
    cd /Users/admin/builder/spi-builder-workspace
    write-file /Users/admin/builder/spi-builder-workspace/.derivedData/Build/Intermediates.noindex/LoadableImage.build/Debug-xros/LoadableImage-t.build/Objects-normal/arm64/LoadableImage.LinkFileList
WriteAuxiliaryFile /Users/admin/builder/spi-builder-workspace/.derivedData/Build/Intermediates.noindex/LoadableImage.build/Debug-xros/LoadableImage-t.build/Objects-normal/arm64/LoadableImage-OutputFileMap.json (in target 'LoadableImage' from project 'LoadableImage')
    cd /Users/admin/builder/spi-builder-workspace
    write-file /Users/admin/builder/spi-builder-workspace/.derivedData/Build/Intermediates.noindex/LoadableImage.build/Debug-xros/LoadableImage-t.build/Objects-normal/arm64/LoadableImage-OutputFileMap.json
WriteAuxiliaryFile /Users/admin/builder/spi-builder-workspace/.derivedData/Build/Intermediates.noindex/LoadableImage.build/Debug-xros/LoadableImage-t.build/LoadableImage.modulemap (in target 'LoadableImage' from project 'LoadableImage')
    cd /Users/admin/builder/spi-builder-workspace
    write-file /Users/admin/builder/spi-builder-workspace/.derivedData/Build/Intermediates.noindex/LoadableImage.build/Debug-xros/LoadableImage-t.build/LoadableImage.modulemap
WriteAuxiliaryFile /Users/admin/builder/spi-builder-workspace/.derivedData/Build/Intermediates.noindex/LoadableImage.build/Debug-xros/LoadableImage-t.build/LoadableImage.DependencyStaticMetadataFileList (in target 'LoadableImage' from project 'LoadableImage')
    cd /Users/admin/builder/spi-builder-workspace
    write-file /Users/admin/builder/spi-builder-workspace/.derivedData/Build/Intermediates.noindex/LoadableImage.build/Debug-xros/LoadableImage-t.build/LoadableImage.DependencyStaticMetadataFileList
WriteAuxiliaryFile /Users/admin/builder/spi-builder-workspace/.derivedData/Build/Intermediates.noindex/LoadableImage.build/Debug-xros/LoadableImage-t.build/LoadableImage.DependencyMetadataFileList (in target 'LoadableImage' from project 'LoadableImage')
    cd /Users/admin/builder/spi-builder-workspace
    write-file /Users/admin/builder/spi-builder-workspace/.derivedData/Build/Intermediates.noindex/LoadableImage.build/Debug-xros/LoadableImage-t.build/LoadableImage.DependencyMetadataFileList
WriteAuxiliaryFile /Users/admin/builder/spi-builder-workspace/.derivedData/Build/Intermediates.noindex/LoadableImage.build/Debug-xros/LoadableImage-t.build/DerivedSources/resource_bundle_accessor.swift (in target 'LoadableImage' from project 'LoadableImage')
    cd /Users/admin/builder/spi-builder-workspace
    write-file /Users/admin/builder/spi-builder-workspace/.derivedData/Build/Intermediates.noindex/LoadableImage.build/Debug-xros/LoadableImage-t.build/DerivedSources/resource_bundle_accessor.swift
MkDir /Users/admin/builder/spi-builder-workspace/.derivedData/Build/Products/Debug-xros/LoadableImageTests.xctest (in target 'LoadableImageTests-product' from project 'LoadableImage')
    cd /Users/admin/builder/spi-builder-workspace
    /bin/mkdir -p /Users/admin/builder/spi-builder-workspace/.derivedData/Build/Products/Debug-xros/LoadableImageTests.xctest
Copy /Users/admin/builder/spi-builder-workspace/.derivedData/Build/Intermediates.noindex/GeneratedModuleMaps-xros/LoadableImage.modulemap /Users/admin/builder/spi-builder-workspace/.derivedData/Build/Intermediates.noindex/LoadableImage.build/Debug-xros/LoadableImage-t.build/LoadableImage.modulemap (in target 'LoadableImage' from project 'LoadableImage')
    cd /Users/admin/builder/spi-builder-workspace
    builtin-copy -exclude .DS_Store -exclude CVS -exclude .svn -exclude .git -exclude .hg -resolve-src-symlinks /Users/admin/builder/spi-builder-workspace/.derivedData/Build/Intermediates.noindex/LoadableImage.build/Debug-xros/LoadableImage-t.build/LoadableImage.modulemap /Users/admin/builder/spi-builder-workspace/.derivedData/Build/Intermediates.noindex/GeneratedModuleMaps-xros
GenerateAssetSymbols /Users/admin/builder/spi-builder-workspace/Sources/LoadableImage/Media.xcassets (in target 'LoadableImage' from project 'LoadableImage')
    cd /Users/admin/builder/spi-builder-workspace
    /Applications/Xcode-27.0.0-Release.Candidate.app/Contents/Developer/usr/bin/actool /Users/admin/builder/spi-builder-workspace/Sources/LoadableImage/Media.xcassets --compile /Users/admin/builder/spi-builder-workspace/.derivedData/Build/Products/Debug-xros --output-format human-readable-text --notices --warnings --export-dependency-info /Users/admin/builder/spi-builder-workspace/.derivedData/Build/Intermediates.noindex/LoadableImage.build/Debug-xros/LoadableImage-t.build/assetcatalog_dependencies --output-partial-info-plist /Users/admin/builder/spi-builder-workspace/.derivedData/Build/Intermediates.noindex/LoadableImage.build/Debug-xros/LoadableImage-t.build/assetcatalog_generated_info.plist --compress-pngs --enable-on-demand-resources NO --development-region en --target-device vision --minimum-deployment-target 1.0 --platform xros --bundle-identifier spi-builder-workspace.LoadableImage --generate-swift-asset-symbol-extensions NO --generate-swift-asset-symbols /Users/admin/builder/spi-builder-workspace/.derivedData/Build/Intermediates.noindex/LoadableImage.build/Debug-xros/LoadableImage-t.build/DerivedSources/GeneratedAssetSymbols.swift --generate-objc-asset-symbols /Users/admin/builder/spi-builder-workspace/.derivedData/Build/Intermediates.noindex/LoadableImage.build/Debug-xros/LoadableImage-t.build/DerivedSources/GeneratedAssetSymbols.h --generate-asset-symbol-index /Users/admin/builder/spi-builder-workspace/.derivedData/Build/Intermediates.noindex/LoadableImage.build/Debug-xros/LoadableImage-t.build/DerivedSources/GeneratedAssetSymbols-Index.plist
/* com.apple.actool.compilation-results */
/Users/admin/builder/spi-builder-workspace/.derivedData/Build/Intermediates.noindex/LoadableImage.build/Debug-xros/LoadableImage-t.build/DerivedSources/GeneratedAssetSymbols-Index.plist
/Users/admin/builder/spi-builder-workspace/.derivedData/Build/Intermediates.noindex/LoadableImage.build/Debug-xros/LoadableImage-t.build/DerivedSources/GeneratedAssetSymbols.h
/Users/admin/builder/spi-builder-workspace/.derivedData/Build/Intermediates.noindex/LoadableImage.build/Debug-xros/LoadableImage-t.build/DerivedSources/GeneratedAssetSymbols.swift
MkDir /Users/admin/builder/spi-builder-workspace/.derivedData/Build/Intermediates.noindex/LoadableImage.build/Debug-xros/LoadableImage_LoadableImage-b.build/assetcatalog_output/unthinned (in target 'LoadableImage_LoadableImage' from project 'LoadableImage')
    cd /Users/admin/builder/spi-builder-workspace
    /bin/mkdir -p /Users/admin/builder/spi-builder-workspace/.derivedData/Build/Intermediates.noindex/LoadableImage.build/Debug-xros/LoadableImage_LoadableImage-b.build/assetcatalog_output/unthinned
MkDir /Users/admin/builder/spi-builder-workspace/.derivedData/Build/Intermediates.noindex/LoadableImage.build/Debug-xros/LoadableImage_LoadableImage-b.build/assetcatalog_output/thinned (in target 'LoadableImage_LoadableImage' from project 'LoadableImage')
    cd /Users/admin/builder/spi-builder-workspace
    /bin/mkdir -p /Users/admin/builder/spi-builder-workspace/.derivedData/Build/Intermediates.noindex/LoadableImage.build/Debug-xros/LoadableImage_LoadableImage-b.build/assetcatalog_output/thinned
CompileAssetCatalogVariant thinned /Users/admin/builder/spi-builder-workspace/.derivedData/Build/Products/Debug-xros/LoadableImage_LoadableImage.bundle /Users/admin/builder/spi-builder-workspace/Sources/LoadableImage/Media.xcassets (in target 'LoadableImage_LoadableImage' from project 'LoadableImage')
    cd /Users/admin/builder/spi-builder-workspace
    /Applications/Xcode-27.0.0-Release.Candidate.app/Contents/Developer/usr/bin/actool /Users/admin/builder/spi-builder-workspace/Sources/LoadableImage/Media.xcassets --compile /Users/admin/builder/spi-builder-workspace/.derivedData/Build/Intermediates.noindex/LoadableImage.build/Debug-xros/LoadableImage_LoadableImage-b.build/assetcatalog_output/thinned --output-format human-readable-text --notices --warnings --export-dependency-info /Users/admin/builder/spi-builder-workspace/.derivedData/Build/Intermediates.noindex/LoadableImage.build/Debug-xros/LoadableImage_LoadableImage-b.build/assetcatalog_dependencies_thinned --output-partial-info-plist /Users/admin/builder/spi-builder-workspace/.derivedData/Build/Intermediates.noindex/LoadableImage.build/Debug-xros/LoadableImage_LoadableImage-b.build/assetcatalog_generated_info.plist_thinned --compress-pngs --enable-on-demand-resources NO --development-region en --target-device vision --minimum-deployment-target 1.0 --platform xros
/* com.apple.actool.compilation-results */
/Users/admin/builder/spi-builder-workspace/.derivedData/Build/Intermediates.noindex/LoadableImage.build/Debug-xros/LoadableImage_LoadableImage-b.build/assetcatalog_generated_info.plist_thinned
/Users/admin/builder/spi-builder-workspace/.derivedData/Build/Intermediates.noindex/LoadableImage.build/Debug-xros/LoadableImage_LoadableImage-b.build/assetcatalog_output/thinned/Assets.car
SwiftDriver LoadableImage normal arm64 com.apple.xcode.tools.swift.compiler (in target 'LoadableImage' from project 'LoadableImage')
    cd /Users/admin/builder/spi-builder-workspace/.swiftpm/xcode
    builtin-SwiftDriver -- /Applications/Xcode-27.0.0-Release.Candidate.app/Contents/Developer/Toolchains/XcodeDefault.xctoolchain/usr/bin/swiftc -parse-as-library -module-name LoadableImage -Onone @/Users/admin/builder/spi-builder-workspace/.derivedData/Build/Intermediates.noindex/LoadableImage.build/Debug-xros/LoadableImage-t.build/Objects-normal/arm64/LoadableImage.SwiftFileList -DSWIFT_PACKAGE -DDEBUG -DSWIFT_MODULE_RESOURCE_BUNDLE_AVAILABLE -DXcode -plugin-path /Applications/Xcode-27.0.0-Release.Candidate.app/Contents/Developer/Toolchains/XcodeDefault.xctoolchain/usr/lib/swift/host/plugins/testing -enable-experimental-feature DebugDescriptionMacro -sdk /Applications/Xcode-27.0.0-Release.Candidate.app/Contents/Developer/Platforms/XROS.platform/Developer/SDKs/XROS27.0.sdk -target arm64-apple-xros1.0 -g -module-cache-path /Users/admin/builder/spi-builder-workspace/.derivedData/ModuleCache.noindex -Xfrontend -serialize-debugging-options -profile-coverage-mapping -profile-generate -enable-testing -index-store-path /Users/admin/builder/spi-builder-workspace/.derivedData/Index.noindex/DataStore -Xcc -D_LIBCPP_HARDENING_MODE\=_LIBCPP_HARDENING_MODE_DEBUG -swift-version 5 -I /Users/admin/builder/spi-builder-workspace/.derivedData/Build/Products/Debug-xros -Isystem /Applications/Xcode-27.0.0-Release.Candidate.app/Contents/Developer/Platforms/XROS.platform/Developer/usr/lib -F /Users/admin/builder/spi-builder-workspace/.derivedData/Build/Products/Debug-xros -F /Applications/Xcode-27.0.0-Release.Candidate.app/Contents/Developer/Platforms/XROS.platform/Developer/Library/Frameworks -F /Applications/Xcode-27.0.0-Release.Candidate.app/Contents/Developer/Platforms/XROS.platform/Developer/SDKs/XROS27.0.sdk/Developer/Library/Frameworks -c -j10 -enable-batch-mode -incremental -Xcc -ivfsstatcache -Xcc /Users/admin/builder/spi-builder-workspace/.derivedData/SDKStatCaches.noindex/xros27.0-24M361-e829b21a6f8c9b70876ba0858053c044735bd543db762f57723cac368afd1ce4.sdkstatcache -output-file-map /Users/admin/builder/spi-builder-workspace/.derivedData/Build/Intermediates.noindex/LoadableImage.build/Debug-xros/LoadableImage-t.build/Objects-normal/arm64/LoadableImage-OutputFileMap.json -save-temps -no-color-diagnostics -explicit-module-build -module-cache-path /Users/admin/builder/spi-builder-workspace/.derivedData/Build/Intermediates.noindex/SwiftExplicitPrecompiledModules -clang-scanner-module-cache-path /Users/admin/builder/spi-builder-workspace/.derivedData/ModuleCache.noindex -sdk-module-cache-path /Users/admin/builder/spi-builder-workspace/.derivedData/SDKExplicitPrecompiledModules -emit-dependencies -emit-module -emit-module-path /Users/admin/builder/spi-builder-workspace/.derivedData/Build/Intermediates.noindex/LoadableImage.build/Debug-xros/LoadableImage-t.build/Objects-normal/arm64/LoadableImage.swiftmodule -serialize-diagnostics -dependency-scan-serialize-diagnostics-path /Users/admin/builder/spi-builder-workspace/.derivedData/Build/Intermediates.noindex/LoadableImage.build/Debug-xros/LoadableImage-t.build/Objects-normal/arm64/LoadableImage-dependency-scan.dia -validate-clang-modules-once -clang-build-session-file /Users/admin/builder/spi-builder-workspace/.derivedData/ModuleCache.noindex/Session.modulevalidation -Xcc -fmodules-prune-interval\=86400 -Xcc -fmodules-prune-after\=345600 -emit-const-values -const-gather-protocols-list /Users/admin/builder/spi-builder-workspace/.derivedData/Build/Intermediates.noindex/LoadableImage.build/Debug-xros/LoadableImage-t.build/Objects-normal/arm64/LoadableImage_const_extract_protocols.json -Xcc -I/Users/admin/builder/spi-builder-workspace/.derivedData/Build/Products/Debug-xros/include -Xcc -I/Users/admin/builder/spi-builder-workspace/.derivedData/Build/Intermediates.noindex/LoadableImage.build/Debug-xros/LoadableImage-t.build/DerivedSources-normal/arm64 -Xcc -I/Users/admin/builder/spi-builder-workspace/.derivedData/Build/Intermediates.noindex/LoadableImage.build/Debug-xros/LoadableImage-t.build/DerivedSources/arm64 -Xcc -I/Users/admin/builder/spi-builder-workspace/.derivedData/Build/Intermediates.noindex/LoadableImage.build/Debug-xros/LoadableImage-t.build/DerivedSources -Xcc -DSWIFT_PACKAGE -Xcc -DDEBUG\=1 -emit-objc-header -emit-objc-header-path /Users/admin/builder/spi-builder-workspace/.derivedData/Build/Intermediates.noindex/LoadableImage.build/Debug-xros/LoadableImage-t.build/Objects-normal/arm64/LoadableImage-Swift.h -working-directory /Users/admin/builder/spi-builder-workspace/.swiftpm/xcode -experimental-emit-module-separately -disable-cmo
LinkAssetCatalog /Users/admin/builder/spi-builder-workspace/Sources/LoadableImage/Media.xcassets (in target 'LoadableImage_LoadableImage' from project 'LoadableImage')
    cd /Users/admin/builder/spi-builder-workspace
    builtin-linkAssetCatalog --thinned /Users/admin/builder/spi-builder-workspace/.derivedData/Build/Intermediates.noindex/LoadableImage.build/Debug-xros/LoadableImage_LoadableImage-b.build/assetcatalog_output/thinned --thinned-dependencies /Users/admin/builder/spi-builder-workspace/.derivedData/Build/Intermediates.noindex/LoadableImage.build/Debug-xros/LoadableImage_LoadableImage-b.build/assetcatalog_dependencies_thinned --thinned-info-plist-content /Users/admin/builder/spi-builder-workspace/.derivedData/Build/Intermediates.noindex/LoadableImage.build/Debug-xros/LoadableImage_LoadableImage-b.build/assetcatalog_generated_info.plist_thinned --unthinned /Users/admin/builder/spi-builder-workspace/.derivedData/Build/Intermediates.noindex/LoadableImage.build/Debug-xros/LoadableImage_LoadableImage-b.build/assetcatalog_output/unthinned --unthinned-dependencies /Users/admin/builder/spi-builder-workspace/.derivedData/Build/Intermediates.noindex/LoadableImage.build/Debug-xros/LoadableImage_LoadableImage-b.build/assetcatalog_dependencies_unthinned --unthinned-info-plist-content /Users/admin/builder/spi-builder-workspace/.derivedData/Build/Intermediates.noindex/LoadableImage.build/Debug-xros/LoadableImage_LoadableImage-b.build/assetcatalog_generated_info.plist_unthinned --output /Users/admin/builder/spi-builder-workspace/.derivedData/Build/Products/Debug-xros/LoadableImage_LoadableImage.bundle --plist-output /Users/admin/builder/spi-builder-workspace/.derivedData/Build/Intermediates.noindex/LoadableImage.build/Debug-xros/LoadableImage_LoadableImage-b.build/assetcatalog_generated_info.plist
note: Emplaced /Users/admin/builder/spi-builder-workspace/.derivedData/Build/Products/Debug-xros/LoadableImage_LoadableImage.bundle/Assets.car (in target 'LoadableImage_LoadableImage' from project 'LoadableImage')
ProcessInfoPlistFile /Users/admin/builder/spi-builder-workspace/.derivedData/Build/Products/Debug-xros/LoadableImage_LoadableImage.bundle/Info.plist /Users/admin/builder/spi-builder-workspace/.derivedData/Build/Intermediates.noindex/LoadableImage.build/Debug-xros/LoadableImage_LoadableImage-b.build/empty-LoadableImage_LoadableImage.plist (in target 'LoadableImage_LoadableImage' from project 'LoadableImage')
    cd /Users/admin/builder/spi-builder-workspace
    builtin-infoPlistUtility /Users/admin/builder/spi-builder-workspace/.derivedData/Build/Intermediates.noindex/LoadableImage.build/Debug-xros/LoadableImage_LoadableImage-b.build/empty-LoadableImage_LoadableImage.plist -producttype com.apple.product-type.bundle -expandbuildsettings -format binary -platform xros -additionalcontentfile /Users/admin/builder/spi-builder-workspace/.derivedData/Build/Intermediates.noindex/LoadableImage.build/Debug-xros/LoadableImage_LoadableImage-b.build/assetcatalog_generated_info.plist -o /Users/admin/builder/spi-builder-workspace/.derivedData/Build/Products/Debug-xros/LoadableImage_LoadableImage.bundle/Info.plist
RegisterExecutionPolicyException /Users/admin/builder/spi-builder-workspace/.derivedData/Build/Products/Debug-xros/LoadableImage_LoadableImage.bundle (in target 'LoadableImage_LoadableImage' from project 'LoadableImage')
    cd /Users/admin/builder/spi-builder-workspace
    builtin-RegisterExecutionPolicyException /Users/admin/builder/spi-builder-workspace/.derivedData/Build/Products/Debug-xros/LoadableImage_LoadableImage.bundle
Touch /Users/admin/builder/spi-builder-workspace/.derivedData/Build/Products/Debug-xros/LoadableImage_LoadableImage.bundle (in target 'LoadableImage_LoadableImage' from project 'LoadableImage')
    cd /Users/admin/builder/spi-builder-workspace
    /usr/bin/touch -c /Users/admin/builder/spi-builder-workspace/.derivedData/Build/Products/Debug-xros/LoadableImage_LoadableImage.bundle
SwiftExplicitDependencyGeneratePcm arm64 /Users/admin/builder/spi-builder-workspace/.derivedData/SDKExplicitPrecompiledModules/_Builtin_stdbool-5BU2ADS7JXQMYENKQHW9X8XOU.pcm
SwiftExplicitDependencyGeneratePcm arm64 /Users/admin/builder/spi-builder-workspace/.derivedData/SDKExplicitPrecompiledModules/_Builtin_stddef-5NQ9Z1GV07GBSRQGAQCGXGVRI.pcm
SwiftExplicitDependencyGeneratePcm arm64 /Users/admin/builder/spi-builder-workspace/.derivedData/SDKExplicitPrecompiledModules/ptrcheck-BXA97MNLI4BB0HF5I8MJE403D.pcm
SwiftExplicitDependencyGeneratePcm arm64 /Users/admin/builder/spi-builder-workspace/.derivedData/SDKExplicitPrecompiledModules/DeveloperToolsSupport-46GOQP8J1QTHLYQSJW81T8UZ3.pcm
SwiftExplicitDependencyGeneratePcm arm64 /Users/admin/builder/spi-builder-workspace/.derivedData/SDKExplicitPrecompiledModules/ptrauth-1WBA714DZSVUL5JQDJ08CLKZ.pcm
SwiftExplicitDependencyGeneratePcm arm64 /Users/admin/builder/spi-builder-workspace/.derivedData/SDKExplicitPrecompiledModules/_AvailabilityInternal-1Q8IQP6M38UWSGZ95UCEY2M44.pcm
SwiftExplicitDependencyGeneratePcm arm64 /Users/admin/builder/spi-builder-workspace/.derivedData/SDKExplicitPrecompiledModules/_Builtin_stdarg-CDA349K2K4US766844K8E0PVA.pcm
SwiftExplicitDependencyGeneratePcm arm64 /Users/admin/builder/spi-builder-workspace/.derivedData/SDKExplicitPrecompiledModules/_SwiftConcurrencyShims-C8XHKSHX96D5YYALNM4W70Z0O.pcm
SwiftExplicitDependencyGeneratePcm arm64 /Users/admin/builder/spi-builder-workspace/.derivedData/SDKExplicitPrecompiledModules/SwiftShims-CI4H5RO9IYFFWQ2COB512Q2S9.pcm
SwiftExplicitDependencyGeneratePcm arm64 /Users/admin/builder/spi-builder-workspace/.derivedData/SDKExplicitPrecompiledModules/ShaderGraph-AW1O397P711WTY8KSK8LZX9YA.pcm
SwiftExplicitDependencyGeneratePcm arm64 /Users/admin/builder/spi-builder-workspace/.derivedData/SDKExplicitPrecompiledModules/_Builtin_float-6WKHNW5S40U2QGHXXGETUDIRA.pcm
SwiftExplicitDependencyGeneratePcm arm64 /Users/admin/builder/spi-builder-workspace/.derivedData/SDKExplicitPrecompiledModules/_DarwinFoundation1-5RGRVV2TZ6WC4WZW5IXF8NQ04.pcm
SwiftExplicitDependencyGeneratePcm arm64 /Users/admin/builder/spi-builder-workspace/.derivedData/SDKExplicitPrecompiledModules/_DarwinFoundation2-ENTECK156YEWITZRRBTOCE4KR.pcm
SwiftExplicitDependencyGeneratePcm arm64 /Users/admin/builder/spi-builder-workspace/.derivedData/SDKExplicitPrecompiledModules/_Builtin_limits-425JDMN5HPM3D0UEI8LEHP6NM.pcm
SwiftExplicitDependencyGeneratePcm arm64 /Users/admin/builder/spi-builder-workspace/.derivedData/SDKExplicitPrecompiledModules/_Builtin_tgmath-BPYSMHWI520EQRL2HW519ZY7Z.pcm
SwiftExplicitDependencyGeneratePcm arm64 /Users/admin/builder/spi-builder-workspace/.derivedData/SDKExplicitPrecompiledModules/_Builtin_stdint-8OR6T47OOYJA90ZBO3N1USDE.pcm
SwiftExplicitDependencyGeneratePcm arm64 /Users/admin/builder/spi-builder-workspace/.derivedData/SDKExplicitPrecompiledModules/string_h-2GT67HHHHK5CF1V1S31LH0PU2.pcm
SwiftExplicitDependencyGeneratePcm arm64 /Users/admin/builder/spi-builder-workspace/.derivedData/SDKExplicitPrecompiledModules/sys_types-AYM0BHR77VKMWZCO2T0XGV2HF.pcm
SwiftExplicitDependencyGeneratePcm arm64 /Users/admin/builder/spi-builder-workspace/.derivedData/SDKExplicitPrecompiledModules/_DarwinFoundation3-9ZHN6JKBS40BBA81RQMV8H0IC.pcm
SwiftExplicitDependencyGeneratePcm arm64 /Users/admin/builder/spi-builder-workspace/.derivedData/SDKExplicitPrecompiledModules/_Builtin_intrinsics-BC5IJI3YI34RQ61ZNVDRDZ6RN.pcm
SwiftExplicitDependencyGeneratePcm arm64 /Users/admin/builder/spi-builder-workspace/.derivedData/SDKExplicitPrecompiledModules/_Builtin_stdatomic-1VUZPM79PNCAHXVBERD53WRSF.pcm
SwiftExplicitDependencyGeneratePcm arm64 /Users/admin/builder/spi-builder-workspace/.derivedData/SDKExplicitPrecompiledModules/_Builtin_inttypes-11B64KJD36B3YOHBR1BBXBJY8.pcm
SwiftExplicitDependencyGeneratePcm arm64 /Users/admin/builder/spi-builder-workspace/.derivedData/SDKExplicitPrecompiledModules/Darwin-60P5LVNQO3ESRRM5DCJ05PFNK.pcm
SwiftExplicitDependencyGeneratePcm arm64 /Users/admin/builder/spi-builder-workspace/.derivedData/SDKExplicitPrecompiledModules/simd-9XXAB17Y6E4BBPQADD61NZ23.pcm
SwiftExplicitDependencyGeneratePcm arm64 /Users/admin/builder/spi-builder-workspace/.derivedData/SDKExplicitPrecompiledModules/ObjectiveC-26TIBFYCEJZVP216ZZAU1X8KN.pcm
SwiftExplicitDependencyGeneratePcm arm64 /Users/admin/builder/spi-builder-workspace/.derivedData/SDKExplicitPrecompiledModules/MachO-3XTHY7HWV6RF3KXKYQVHUBUXK.pcm
SwiftExplicitDependencyGeneratePcm arm64 /Users/admin/builder/spi-builder-workspace/.derivedData/SDKExplicitPrecompiledModules/os_object-692CJ8BG6RE5H04487EJJOVXW.pcm
SwiftExplicitDependencyGeneratePcm arm64 /Users/admin/builder/spi-builder-workspace/.derivedData/SDKExplicitPrecompiledModules/os_workgroup-4U1VXMWIZD80E7PRUQF2G7P9X.pcm
SwiftExplicitDependencyGeneratePcm arm64 /Users/admin/builder/spi-builder-workspace/.derivedData/SDKExplicitPrecompiledModules/Dispatch-CLT3466HKC22GCKAWSCNG0H7T.pcm
SwiftExplicitDependencyGeneratePcm arm64 /Users/admin/builder/spi-builder-workspace/.derivedData/SDKExplicitPrecompiledModules/Spatial-5E0I2846LO3ZE24CSVR2O57TI.pcm
SwiftExplicitDependencyGeneratePcm arm64 /Users/admin/builder/spi-builder-workspace/.derivedData/SDKExplicitPrecompiledModules/CoreFoundation-AVLTZVCXBU2TO75JCN4AGU8XJ.pcm
SwiftExplicitDependencyGeneratePcm arm64 /Users/admin/builder/spi-builder-workspace/.derivedData/SDKExplicitPrecompiledModules/dnssd-CCUV1M8EULNEQJUXO7L0PJAL4.pcm
SwiftExplicitDependencyGeneratePcm arm64 /Users/admin/builder/spi-builder-workspace/.derivedData/SDKExplicitPrecompiledModules/XPC-EP5EU7FNGP4VOA3EDM18P1KHO.pcm
SwiftExplicitDependencyGeneratePcm arm64 /Users/admin/builder/spi-builder-workspace/.derivedData/SDKExplicitPrecompiledModules/os-1004XEJ3IXOOAU0KL58SM3D0K.pcm
SwiftExplicitDependencyGeneratePcm arm64 /Users/admin/builder/spi-builder-workspace/.derivedData/SDKExplicitPrecompiledModules/CoreAudioTypes-45UXYEQRN95KG6BF2CW0QIYK9.pcm
SwiftExplicitDependencyGeneratePcm arm64 /Users/admin/builder/spi-builder-workspace/.derivedData/SDKExplicitPrecompiledModules/CFNetwork-5MI70N1VLDQSWTX4COWLMSIRO.pcm
SwiftExplicitDependencyGeneratePcm arm64 /Users/admin/builder/spi-builder-workspace/.derivedData/SDKExplicitPrecompiledModules/CoreGraphics-BFUJ177R223UT2ZI327ZTZY91.pcm
SwiftExplicitDependencyGeneratePcm arm64 /Users/admin/builder/spi-builder-workspace/.derivedData/SDKExplicitPrecompiledModules/Security-8TH2M8WJIQMET4SADWX0N8372.pcm
SwiftExplicitDependencyGeneratePcm arm64 /Users/admin/builder/spi-builder-workspace/.derivedData/SDKExplicitPrecompiledModules/CoreAudio-CXS3C78T5TQDGLEGXIBJ04WJ4.pcm
SwiftExplicitDependencyGeneratePcm arm64 /Users/admin/builder/spi-builder-workspace/.derivedData/SDKExplicitPrecompiledModules/Foundation-8GON1KVEKRN3NOQI8RETBRWJP.pcm
SwiftExplicitDependencyGeneratePcm arm64 /Users/admin/builder/spi-builder-workspace/.derivedData/SDKExplicitPrecompiledModules/CoreText-6F9TY5TEPCCZ1K2KYM4GMEGHD.pcm
SwiftExplicitDependencyGeneratePcm arm64 /Users/admin/builder/spi-builder-workspace/.derivedData/SDKExplicitPrecompiledModules/ImageIO-5CC6COR9KJYI1UBL7CSHLU2OG.pcm
SwiftExplicitDependencyGeneratePcm arm64 /Users/admin/builder/spi-builder-workspace/.derivedData/SDKExplicitPrecompiledModules/IOSurface-5FE9U89GVFF9A7X7AGO2R8ENI.pcm
SwiftExplicitDependencyGeneratePcm arm64 /Users/admin/builder/spi-builder-workspace/.derivedData/SDKExplicitPrecompiledModules/_LocationEssentials-8GQGFVARUE99D8VJX3TINY0VP.pcm
SwiftExplicitDependencyGeneratePcm arm64 /Users/admin/builder/spi-builder-workspace/.derivedData/SDKExplicitPrecompiledModules/Accessibility-1DR4J4YDVDGAYQTZ0FKZ1PU09.pcm
SwiftExplicitDependencyGeneratePcm arm64 /Users/admin/builder/spi-builder-workspace/.derivedData/SDKExplicitPrecompiledModules/CoreTransferable-8TBYAKHCX6UC8QQSS7BD8GQK5.pcm
SwiftExplicitDependencyGeneratePcm arm64 /Users/admin/builder/spi-builder-workspace/.derivedData/SDKExplicitPrecompiledModules/DataDetection-BANTQ3WXXGKZJYC0LLB3MD9K0.pcm
SwiftExplicitDependencyGeneratePcm arm64 /Users/admin/builder/spi-builder-workspace/.derivedData/SDKExplicitPrecompiledModules/LocalAuthentication-9MSPUJ85OBXBTOD7NJCT1GZ0O.pcm
SwiftExplicitDependencyGeneratePcm arm64 /Users/admin/builder/spi-builder-workspace/.derivedData/SDKExplicitPrecompiledModules/FileProvider-C9I28SI56F2SEVH1BCWTKGODO.pcm
SwiftExplicitDependencyGeneratePcm arm64 /Users/admin/builder/spi-builder-workspace/.derivedData/SDKExplicitPrecompiledModules/Symbols-8G2XC01RPQ5HYIZE6JNUT864I.pcm
SwiftExplicitDependencyGeneratePcm arm64 /Users/admin/builder/spi-builder-workspace/.derivedData/SDKExplicitPrecompiledModules/OSLog-BNGT87TS0GMBFF7TY70HHB69.pcm
SwiftExplicitDependencyGeneratePcm arm64 /Users/admin/builder/spi-builder-workspace/.derivedData/SDKExplicitPrecompiledModules/UserNotifications-8IIV1V1FPNAPA4LY1Y23LOM2N.pcm
SwiftExplicitDependencyGeneratePcm arm64 /Users/admin/builder/spi-builder-workspace/.derivedData/SDKExplicitPrecompiledModules/CoreMIDI-7L19IC4ZH9BPYLVTD8IIFWN9R.pcm
SwiftExplicitDependencyGeneratePcm arm64 /Users/admin/builder/spi-builder-workspace/.derivedData/SDKExplicitPrecompiledModules/CoreLocation-1SN37095DAPVJ068LLP9TBDQX.pcm
SwiftExplicitDependencyGeneratePcm arm64 /Users/admin/builder/spi-builder-workspace/.derivedData/SDKExplicitPrecompiledModules/CoreData-73N6Z547OZUEZ8ADGEC6XRHWN.pcm
SwiftExplicitDependencyGeneratePcm arm64 /Users/admin/builder/spi-builder-workspace/.derivedData/SDKExplicitPrecompiledModules/UIUtilities-AOVGLUWEAN6CG2UZFNESGSP6C.pcm
SwiftExplicitDependencyGeneratePcm arm64 /Users/admin/builder/spi-builder-workspace/.derivedData/SDKExplicitPrecompiledModules/UniformTypeIdentifiers-E5KMWDZEKS4QW9RO1KBRDEXV6.pcm
SwiftExplicitDependencyGeneratePcm arm64 /Users/admin/builder/spi-builder-workspace/.derivedData/SDKExplicitPrecompiledModules/Network-EQPZZF3W6BWG89K0PY9NZO3T0.pcm
SwiftExplicitDependencyGeneratePcm arm64 /Users/admin/builder/spi-builder-workspace/.derivedData/SDKExplicitPrecompiledModules/Metal-EKNUM9P3PRIBHZK1ZBD6BA2T7.pcm
SwiftExplicitDependencyGeneratePcm arm64 /Users/admin/builder/spi-builder-workspace/.derivedData/SDKExplicitPrecompiledModules/OpenGLES-56BKSYXNVAP91BYZRWAKQZKGI.pcm
SwiftExplicitDependencyGeneratePcm arm64 /Users/admin/builder/spi-builder-workspace/.derivedData/SDKExplicitPrecompiledModules/CoreMotion-10LV922UPGE28QX2SOIO7ALIZ.pcm
SwiftExplicitDependencyGeneratePcm arm64 /Users/admin/builder/spi-builder-workspace/.derivedData/SDKExplicitPrecompiledModules/AudioToolbox-2K3S8EA590EB3GMH6D6784BWZ.pcm
SwiftExplicitDependencyGeneratePcm arm64 /Users/admin/builder/spi-builder-workspace/.derivedData/SDKExplicitPrecompiledModules/AVRouting-55P8FRNK50AFZOMMB2LBBOX33.pcm
SwiftExplicitDependencyCompileModuleFromInterface arm64 /Users/admin/builder/spi-builder-workspace/.derivedData/SDKExplicitPrecompiledModules/ShaderGraph-URHKVVOFZL5Z.swiftmodule
SwiftExplicitDependencyGeneratePcm arm64 /Users/admin/builder/spi-builder-workspace/.derivedData/SDKExplicitPrecompiledModules/CoreVideo-E12HJSJSLO0YKWYBES11UKJ02.pcm
SwiftExplicitDependencyGeneratePcm arm64 /Users/admin/builder/spi-builder-workspace/.derivedData/SDKExplicitPrecompiledModules/ARKitFoundation-3N77COW7DLP77CM0PWZXSR9BD.pcm
SwiftExplicitDependencyGeneratePcm arm64 /Users/admin/builder/spi-builder-workspace/.derivedData/SDKExplicitPrecompiledModules/CoreImage-8WF1P230U10QM666EQMNV7OF1.pcm
SwiftExplicitDependencyGeneratePcm arm64 /Users/admin/builder/spi-builder-workspace/.derivedData/SDKExplicitPrecompiledModules/QuartzCore-12T8WVKUNCL1N7VXH87MM4YOB.pcm
SwiftExplicitDependencyGeneratePcm arm64 /Users/admin/builder/spi-builder-workspace/.derivedData/SDKExplicitPrecompiledModules/CoreML-37QYERWC0RQN4IY4377UD0TY1.pcm
SwiftExplicitDependencyGeneratePcm arm64 /Users/admin/builder/spi-builder-workspace/.derivedData/SDKExplicitPrecompiledModules/CoreMedia-D1IBHC28BRHWLNUG1Q75G5YN0.pcm
SwiftExplicitDependencyGeneratePcm arm64 /Users/admin/builder/spi-builder-workspace/.derivedData/SDKExplicitPrecompiledModules/SwiftUICore-6OBBMA39VFD4CB6SG2PE41FAP.pcm
SwiftExplicitDependencyGeneratePcm arm64 /Users/admin/builder/spi-builder-workspace/.derivedData/SDKExplicitPrecompiledModules/MediaToolbox-1J5U29ERBPNPI1HKEJHXOP8EV.pcm
SwiftExplicitDependencyGeneratePcm arm64 /Users/admin/builder/spi-builder-workspace/.derivedData/SDKExplicitPrecompiledModules/VideoToolbox-7I4MDYIPJ4IWU1ZSL4JE3I7M6.pcm
SwiftExplicitDependencyGeneratePcm arm64 /Users/admin/builder/spi-builder-workspace/.derivedData/SDKExplicitPrecompiledModules/AVFAudio-E8GATWFYYBEBB41O9N0LRRGYC.pcm
SwiftExplicitDependencyGeneratePcm arm64 /Users/admin/builder/spi-builder-workspace/.derivedData/SDKExplicitPrecompiledModules/Vision-DVVG9MQGC3IMTVPTC1691MQ6Z.pcm
SwiftExplicitDependencyGeneratePcm arm64 /Users/admin/builder/spi-builder-workspace/.derivedData/SDKExplicitPrecompiledModules/UIKit-2D2PMAAE45TMO6S28UCGCO5BR.pcm
SwiftExplicitDependencyGeneratePcm arm64 /Users/admin/builder/spi-builder-workspace/.derivedData/SDKExplicitPrecompiledModules/AVFoundation-DFCX8GQJWVA3CZBITWEHAZEFX.pcm
SwiftExplicitDependencyGeneratePcm arm64 /Users/admin/builder/spi-builder-workspace/.derivedData/SDKExplicitPrecompiledModules/ARKitCore-307YVPJLQNB66BTBIONHZNP86.pcm
SwiftExplicitDependencyGeneratePcm arm64 /Users/admin/builder/spi-builder-workspace/.derivedData/SDKExplicitPrecompiledModules/SwiftUI-77PUPXISY3V3TUF5FJEHUQC86.pcm
SwiftExplicitDependencyGeneratePcm arm64 /Users/admin/builder/spi-builder-workspace/.derivedData/SDKExplicitPrecompiledModules/GameController-7QL0VMQHE24OWQFUR0UFT89DW.pcm
SwiftExplicitDependencyGeneratePcm arm64 /Users/admin/builder/spi-builder-workspace/.derivedData/SDKExplicitPrecompiledModules/ARKit-27VDPOZ50FG2MJG7OFV6IFQYQ.pcm
SwiftEmitModule normal arm64 Emitting\ module\ for\ LoadableImage (in target 'LoadableImage' from project 'LoadableImage')
/Users/admin/builder/spi-builder-workspace/Sources/LoadableImage/ImageManager/ImageLoadState.swift:15:18: error: cannot find type 'UIImage' in scope
13 | public enum ImageLoadState {
14 |     case loading
15 |     case fetched(UIImage)
   |                  `- error: cannot find type 'UIImage' in scope
16 |     case failed(ImageLoadError)
17 | }
/Users/admin/builder/spi-builder-workspace/Sources/LoadableImage/Loadable/Providers/AssetsProvider.swift:17:29: error: cannot find type 'UIImage' in scope
15 | @available(iOS 13.0, macOS 10.15, *)
16 | public protocol AssetsProvider {
17 |     typealias Output = Just<UIImage>.Output
   |                             `- error: cannot find type 'UIImage' in scope
18 |     func publisher(for name: String) -> AnyPublisher<Output, ImageLoadError>
19 | }
/Users/admin/builder/spi-builder-workspace/Sources/LoadableImage/Loadable/Providers/NetworkProvider.swift:17:24: error: cannot find type 'URLSession' in scope
15 | @available(iOS 13.0, macOS 10.15, *)
16 | public protocol NetworkProvider {
17 |     typealias Output = URLSession.DataTaskPublisher.Output
   |                        `- error: cannot find type 'URLSession' in scope
18 |     func publisher(for url: URL, cachePolicy: URLRequest.CachePolicy) -> AnyPublisher<Output, URLError>
19 | }
/Users/admin/builder/spi-builder-workspace/Sources/LoadableImage/Loadable/Providers/NetworkProvider.swift:18:29: error: cannot find type 'URL' in scope
16 | public protocol NetworkProvider {
17 |     typealias Output = URLSession.DataTaskPublisher.Output
18 |     func publisher(for url: URL, cachePolicy: URLRequest.CachePolicy) -> AnyPublisher<Output, URLError>
   |                             `- error: cannot find type 'URL' in scope
19 | }
20 |
/Users/admin/builder/spi-builder-workspace/Sources/LoadableImage/Loadable/Providers/NetworkProvider.swift:18:47: error: cannot find type 'URLRequest' in scope
16 | public protocol NetworkProvider {
17 |     typealias Output = URLSession.DataTaskPublisher.Output
18 |     func publisher(for url: URL, cachePolicy: URLRequest.CachePolicy) -> AnyPublisher<Output, URLError>
   |                                               `- error: cannot find type 'URLRequest' in scope
19 | }
20 |
/Users/admin/builder/spi-builder-workspace/Sources/LoadableImage/Loadable/Providers/NetworkProvider.swift:26:18: error: cannot find type 'URL' in scope
24 |
25 |     public func publisher(
26 |         for url: URL,
   |                  `- error: cannot find type 'URL' in scope
27 |         cachePolicy: URLRequest.CachePolicy = .reloadRevalidatingCacheData
28 |     ) -> AnyPublisher<Output, URLError> {
/Users/admin/builder/spi-builder-workspace/Sources/LoadableImage/Loadable/Providers/NetworkProvider.swift:27:22: error: cannot find type 'URLRequest' in scope
25 |     public func publisher(
26 |         for url: URL,
27 |         cachePolicy: URLRequest.CachePolicy = .reloadRevalidatingCacheData
   |                      `- error: cannot find type 'URLRequest' in scope
28 |     ) -> AnyPublisher<Output, URLError> {
29 |         let request = URLRequest(url: url, cachePolicy: cachePolicy)
/Users/admin/builder/spi-builder-workspace/Sources/LoadableImage/Loadable/UIImageLoadable.swift:28:40: error: cannot find type 'UIImage' in scope
26 |     }
27 |
28 |     public var publisher: AnyPublisher<UIImage, ImageLoadError> {
   |                                        `- error: cannot find type 'UIImage' in scope
29 |         return assets.publisher(for: name)
30 |             .eraseToAnyPublisher()
/Users/admin/builder/spi-builder-workspace/Sources/LoadableImage/Loadable/URLLoadable.swift:17:22: error: cannot find type 'URL' in scope
15 | @available(iOS 13.0, macOS 10.15, *)
16 | public class URLLoadable: PublisherProvider {
17 |     private let url: URL?
   |                      `- error: cannot find type 'URL' in scope
18 |     private let network: NetworkProvider
19 |
/Users/admin/builder/spi-builder-workspace/Sources/LoadableImage/Loadable/URLLoadable.swift:21:14: error: cannot find type 'URL' in scope
19 |
20 |     public init(
21 |         url: URL?,
   |              `- error: cannot find type 'URL' in scope
22 |         network: NetworkProvider = Network()
23 |     ) {
/Users/admin/builder/spi-builder-workspace/Sources/LoadableImage/Loadable/URLLoadable.swift:28:40: error: cannot find type 'UIImage' in scope
26 |     }
27 |
28 |     public var publisher: AnyPublisher<UIImage, ImageLoadError> {
   |                                        `- error: cannot find type 'UIImage' in scope
29 |         guard let url = url else {
30 |             return Fail<UIImage, ImageLoadError>(error: ImageLoadError.notExists)
Failed frontend command:
SwiftCompile normal arm64 (in target 'LoadableImage' from project 'LoadableImage')
    cd /Users/admin/builder/spi-builder-workspace/.swiftpm/xcode

/Applications/Xcode-27.0.0-Release.Candidate.app/Contents/Developer/Toolchains/XcodeDefault.xctoolchain/usr/bin/swift-frontend -frontend -emit-module -experimental-skip-non-inlinable-function-bodies-without-types /Users/admin/builder/spi-builder-workspace/.derivedData/Build/Intermediates.noindex/LoadableImage.build/Debug-xros/LoadableImage-t.build/DerivedSources/resource_bundle_accessor.swift /Users/admin/builder/spi-builder-workspace/Sources/LoadableImage/Components/ImagePlaceholder.swift /Users/admin/builder/spi-builder-workspace/Sources/LoadableImage/Components/ProgressIndicator.swift /Users/admin/builder/spi-builder-workspace/Sources/LoadableImage/Helpers/Error+Helpers.swift /Users/admin/builder/spi-builder-workspace/Sources/LoadableImage/Helpers/Image+Helpers.swift /Users/admin/builder/spi-builder-workspace/Sources/LoadableImage/ImageManager/ImageLoadError.swift /Users/admin/builder/spi-builder-workspace/Sources/LoadableImage/ImageManager/ImageLoadState.swift /Users/admin/builder/spi-builder-workspace/Sources/LoadableImage/ImageManager/ImageManager.swift /Users/admin/builder/spi-builder-workspace/Sources/LoadableImage/Loadable/ImageLoadable.swift /Users/admin/builder/spi-builder-workspace/Sources/LoadableImage/Loadable/Providers/AssetsProvider.swift /Users/admin/builder/spi-builder-workspace/Sources/LoadableImage/Loadable/Providers/NetworkProvider.swift /Users/admin/builder/spi-builder-workspace/Sources/LoadableImage/Loadable/Providers/PublisherProvider.swift /Users/admin/builder/spi-builder-workspace/Sources/LoadableImage/Loadable/UIImageLoadable.swift /Users/admin/builder/spi-builder-workspace/Sources/LoadableImage/Loadable/URLLoadable.swift /Users/admin/builder/spi-builder-workspace/.derivedData/Build/Intermediates.noindex/LoadableImage.build/Debug-xros/LoadableImage-t.build/DerivedSources/GeneratedAssetSymbols.swift -target arm64-apple-xros1.0 -module-can-import-version DeveloperToolsSupport 24.0.24 24.0.24 -disable-cross-import-overlay-search -load-resolved-plugin /Applications/Xcode-27.0.0-Release.Candidate.app/Contents/Developer/Platforms/XROS.platform/Developer/usr/lib/swift/host/plugins/libFoundationMacros.dylib\#/Applications/Xcode-27.0.0-Release.Candidate.app/Contents/Developer/Platforms/XROS.platform/Developer/usr/bin/swift-plugin-server\#FoundationMacros -load-resolved-plugin /Applications/Xcode-27.0.0-Release.Candidate.app/Contents/Developer/Platforms/XROS.platform/Developer/usr/lib/swift/host/plugins/libObservationMacros.dylib\#/Applications/Xcode-27.0.0-Release.Candidate.app/Contents/Developer/Platforms/XROS.platform/Developer/usr/bin/swift-plugin-server\#ObservationMacros -load-resolved-plugin /Applications/Xcode-27.0.0-Release.Candidate.app/Contents/Developer/Platforms/XROS.platform/Developer/usr/lib/swift/host/plugins/libPreviewsMacros.dylib\#/Applications/Xcode-27.0.0-Release.Candidate.app/Contents/Developer/Platforms/XROS.platform/Developer/usr/bin/swift-plugin-server\#PreviewsMacros -load-resolved-plugin /Applications/Xcode-27.0.0-Release.Candidate.app/Contents/Developer/Platforms/XROS.platform/Developer/usr/lib/swift/host/plugins/libSwiftMacros.dylib\#/Applications/Xcode-27.0.0-Release.Candidate.app/Contents/Developer/Platforms/XROS.platform/Developer/usr/bin/swift-plugin-server\#SwiftMacros -load-resolved-plugin /Applications/Xcode-27.0.0-Release.Candidate.app/Contents/Developer/Platforms/XROS.platform/Developer/usr/lib/swift/host/plugins/libSwiftUIMacros.dylib\#/Applications/Xcode-27.0.0-Release.Candidate.app/Contents/Developer/Platforms/XROS.platform/Developer/usr/bin/swift-plugin-server\#SwiftUIMacros -disable-implicit-swift-modules -Xcc -fno-implicit-modules -Xcc -fno-implicit-module-maps -explicit-swift-module-map-file /Users/admin/builder/spi-builder-workspace/.derivedData/Build/Intermediates.noindex/LoadableImage.build/Debug-xros/LoadableImage-t.build/Objects-normal/arm64/LoadableImage-dependencies-1.json -Xllvm -aarch64-use-tbi -enable-objc-interop -stack-check -sdk /Applications/Xcode-27.0.0-Release.Candidate.app/Contents/Developer/Platforms/XROS.platform/Developer/SDKs/XROS27.0.sdk -I /Users/admin/builder/spi-builder-workspace/.derivedData/Build/Products/Debug-xros -Isystem /Applications/Xcode-27.0.0-Release.Candidate.app/Contents/Developer/Platforms/XROS.platform/Developer/usr/lib -F /Users/admin/builder/spi-builder-workspace/.derivedData/Build/Products/Debug-xros -F /Applications/Xcode-27.0.0-Release.Candidate.app/Contents/Developer/Platforms/XROS.platform/Developer/Library/Frameworks -F /Applications/Xcode-27.0.0-Release.Candidate.app/Contents/Developer/Platforms/XROS.platform/Developer/SDKs/XROS27.0.sdk/Developer/Library/Frameworks -module-cache-path /Users/admin/builder/spi-builder-workspace/.derivedData/Build/Intermediates.noindex/SwiftExplicitPrecompiledModules -no-color-diagnostics -Xcc -fno-color-diagnostics -enable-testing -g -debug-info-format\=dwarf -dwarf-version\=4 -profile-generate -profile-coverage-mapping -swift-version 5 -Onone -D SWIFT_PACKAGE -D DEBUG -D SWIFT_MODULE_RESOURCE_BUNDLE_AVAILABLE -D Xcode -serialize-debugging-options -enable-experimental-feature DebugDescriptionMacro -empty-abi-descriptor -validate-clang-modules-once -clang-build-session-file /Users/admin/builder/spi-builder-workspace/.derivedData/ModuleCache.noindex/Session.modulevalidation -Xcc -working-directory -Xcc /Users/admin/builder/spi-builder-workspace/.swiftpm/xcode -enable-anonymous-context-mangled-names -file-compilation-dir /Users/admin/builder/spi-builder-workspace/.swiftpm/xcode -Xcc -D_LIBCPP_HARDENING_MODE\=_LIBCPP_HARDENING_MODE_DEBUG -Xcc -ivfsstatcache -Xcc /Users/admin/builder/spi-builder-workspace/.derivedData/SDKStatCaches.noindex/xros27.0-24M361-e829b21a6f8c9b70876ba0858053c044735bd543db762f57723cac368afd1ce4.sdkstatcache -Xcc -fmodules-prune-interval\=86400 -Xcc -fmodules-prune-after\=345600 -Xcc -I/Users/admin/builder/spi-builder-workspace/.derivedData/Build/Products/Debug-xros/include -Xcc -I/Users/admin/builder/spi-builder-workspace/.derivedData/Build/Intermediates.noindex/LoadableImage.build/Debug-xros/LoadableImage-t.build/DerivedSources-normal/arm64 -Xcc -I/Users/admin/builder/spi-builder-workspace/.derivedData/Build/Intermediates.noindex/LoadableImage.build/Debug-xros/LoadableImage-t.build/DerivedSources/arm64 -Xcc -I/Users/admin/builder/spi-builder-workspace/.derivedData/Build/Intermediates.noindex/LoadableImage.build/Debug-xros/LoadableImage-t.build/DerivedSources -Xcc -DSWIFT_PACKAGE -Xcc -DDEBUG\=1 -no-auto-bridging-header-chaining -module-name LoadableImage -const-gather-protocols-file /Users/admin/builder/spi-builder-workspace/.derivedData/Build/Intermediates.noindex/LoadableImage.build/Debug-xros/LoadableImage-t.build/Objects-normal/arm64/LoadableImage_const_extract_protocols.json -disable-clang-spi -clang-target arm64-apple-xros27.0 -target-sdk-version 27.0 -target-sdk-name xros27.0 -in-process-plugin-server-path /Applications/Xcode-27.0.0-Release.Candidate.app/Contents/Developer/Toolchains/XcodeDefault.xctoolchain/usr/lib/swift/host/libSwiftInProcPluginServer.dylib -emit-module-doc-path /Users/admin/builder/spi-builder-workspace/.derivedData/Build/Intermediates.noindex/LoadableImage.build/Debug-xros/LoadableImage-t.build/Objects-normal/arm64/LoadableImage.swiftdoc -emit-module-source-info-path /Users/admin/builder/spi-builder-workspace/.derivedData/Build/Intermediates.noindex/LoadableImage.build/Debug-xros/LoadableImage-t.build/Objects-normal/arm64/LoadableImage.swiftsourceinfo -emit-objc-header-path /Users/admin/builder/spi-builder-workspace/.derivedData/Build/Intermediates.noindex/LoadableImage.build/Debug-xros/LoadableImage-t.build/Objects-normal/arm64/LoadableImage-Swift.h -serialize-diagnostics-path /Users/admin/builder/spi-builder-workspace/.derivedData/Build/Intermediates.noindex/LoadableImage.build/Debug-xros/LoadableImage-t.build/Objects-normal/arm64/LoadableImage-primary-emit-module.dia -emit-dependencies-path /Users/admin/builder/spi-builder-workspace/.derivedData/Build/Intermediates.noindex/LoadableImage.build/Debug-xros/LoadableImage-t.build/Objects-normal/arm64/LoadableImage-primary-emit-module.d -parse-as-library -o /Users/admin/builder/spi-builder-workspace/.derivedData/Build/Intermediates.noindex/LoadableImage.build/Debug-xros/LoadableImage-t.build/Objects-normal/arm64/LoadableImage.swiftmodule -emit-abi-descriptor-path /Users/admin/builder/spi-builder-workspace/.derivedData/Build/Intermediates.noindex/LoadableImage.build/Debug-xros/LoadableImage-t.build/Objects-normal/arm64/LoadableImage.abi.json
SwiftCompile normal arm64 Compiling\ URLLoadable.swift /Users/admin/builder/spi-builder-workspace/Sources/LoadableImage/Loadable/URLLoadable.swift (in target 'LoadableImage' from project 'LoadableImage')
SwiftCompile normal arm64 /Users/admin/builder/spi-builder-workspace/Sources/LoadableImage/Loadable/URLLoadable.swift (in target 'LoadableImage' from project 'LoadableImage')
    cd /Users/admin/builder/spi-builder-workspace/.swiftpm/xcode
    builtin-SwiftPerFileCompile URLLoadable.swift
/Users/admin/builder/spi-builder-workspace/Sources/LoadableImage/Loadable/URLLoadable.swift:17:22: error: cannot find type 'URL' in scope
15 | @available(iOS 13.0, macOS 10.15, *)
16 | public class URLLoadable: PublisherProvider {
17 |     private let url: URL?
   |                      `- error: cannot find type 'URL' in scope
18 |     private let network: NetworkProvider
19 |
/Users/admin/builder/spi-builder-workspace/Sources/LoadableImage/Loadable/Providers/NetworkProvider.swift:17:24: error: cannot find type 'URLSession' in scope
15 | @available(iOS 13.0, macOS 10.15, *)
16 | public protocol NetworkProvider {
17 |     typealias Output = URLSession.DataTaskPublisher.Output
   |                        `- error: cannot find type 'URLSession' in scope
18 |     func publisher(for url: URL, cachePolicy: URLRequest.CachePolicy) -> AnyPublisher<Output, URLError>
19 | }
/Users/admin/builder/spi-builder-workspace/Sources/LoadableImage/Loadable/Providers/NetworkProvider.swift:18:29: error: cannot find type 'URL' in scope
16 | public protocol NetworkProvider {
17 |     typealias Output = URLSession.DataTaskPublisher.Output
18 |     func publisher(for url: URL, cachePolicy: URLRequest.CachePolicy) -> AnyPublisher<Output, URLError>
   |                             `- error: cannot find type 'URL' in scope
19 | }
20 |
/Users/admin/builder/spi-builder-workspace/Sources/LoadableImage/Loadable/Providers/NetworkProvider.swift:18:47: error: cannot find type 'URLRequest' in scope
16 | public protocol NetworkProvider {
17 |     typealias Output = URLSession.DataTaskPublisher.Output
18 |     func publisher(for url: URL, cachePolicy: URLRequest.CachePolicy) -> AnyPublisher<Output, URLError>
   |                                               `- error: cannot find type 'URLRequest' in scope
19 | }
20 |
/Users/admin/builder/spi-builder-workspace/Sources/LoadableImage/Loadable/URLLoadable.swift:21:14: error: cannot find type 'URL' in scope
19 |
20 |     public init(
21 |         url: URL?,
   |              `- error: cannot find type 'URL' in scope
22 |         network: NetworkProvider = Network()
23 |     ) {
/Users/admin/builder/spi-builder-workspace/Sources/LoadableImage/Loadable/URLLoadable.swift:28:40: error: cannot find type 'UIImage' in scope
26 |     }
27 |
28 |     public var publisher: AnyPublisher<UIImage, ImageLoadError> {
   |                                        `- error: cannot find type 'UIImage' in scope
29 |         guard let url = url else {
30 |             return Fail<UIImage, ImageLoadError>(error: ImageLoadError.notExists)
/Users/admin/builder/spi-builder-workspace/Sources/LoadableImage/Loadable/URLLoadable.swift:30:25: error: cannot find type 'UIImage' in scope
28 |     public var publisher: AnyPublisher<UIImage, ImageLoadError> {
29 |         guard let url = url else {
30 |             return Fail<UIImage, ImageLoadError>(error: ImageLoadError.notExists)
   |                         `- error: cannot find type 'UIImage' in scope
31 |                 .eraseToAnyPublisher()
32 |         }
SwiftCompile normal arm64 Compiling\ NetworkProvider.swift /Users/admin/builder/spi-builder-workspace/Sources/LoadableImage/Loadable/Providers/NetworkProvider.swift (in target 'LoadableImage' from project 'LoadableImage')
SwiftCompile normal arm64 /Users/admin/builder/spi-builder-workspace/Sources/LoadableImage/Loadable/Providers/NetworkProvider.swift (in target 'LoadableImage' from project 'LoadableImage')
    cd /Users/admin/builder/spi-builder-workspace/.swiftpm/xcode
    builtin-SwiftPerFileCompile NetworkProvider.swift
/Users/admin/builder/spi-builder-workspace/Sources/LoadableImage/Loadable/Providers/NetworkProvider.swift:17:24: error: cannot find type 'URLSession' in scope
15 | @available(iOS 13.0, macOS 10.15, *)
16 | public protocol NetworkProvider {
17 |     typealias Output = URLSession.DataTaskPublisher.Output
   |                        `- error: cannot find type 'URLSession' in scope
18 |     func publisher(for url: URL, cachePolicy: URLRequest.CachePolicy) -> AnyPublisher<Output, URLError>
19 | }
/Users/admin/builder/spi-builder-workspace/Sources/LoadableImage/Loadable/Providers/NetworkProvider.swift:18:29: error: cannot find type 'URL' in scope
16 | public protocol NetworkProvider {
17 |     typealias Output = URLSession.DataTaskPublisher.Output
18 |     func publisher(for url: URL, cachePolicy: URLRequest.CachePolicy) -> AnyPublisher<Output, URLError>
   |                             `- error: cannot find type 'URL' in scope
19 | }
20 |
/Users/admin/builder/spi-builder-workspace/Sources/LoadableImage/Loadable/Providers/NetworkProvider.swift:18:47: error: cannot find type 'URLRequest' in scope
16 | public protocol NetworkProvider {
17 |     typealias Output = URLSession.DataTaskPublisher.Output
18 |     func publisher(for url: URL, cachePolicy: URLRequest.CachePolicy) -> AnyPublisher<Output, URLError>
   |                                               `- error: cannot find type 'URLRequest' in scope
19 | }
20 |
/Users/admin/builder/spi-builder-workspace/Sources/LoadableImage/Loadable/Providers/NetworkProvider.swift:26:18: error: cannot find type 'URL' in scope
24 |
25 |     public func publisher(
26 |         for url: URL,
   |                  `- error: cannot find type 'URL' in scope
27 |         cachePolicy: URLRequest.CachePolicy = .reloadRevalidatingCacheData
28 |     ) -> AnyPublisher<Output, URLError> {
/Users/admin/builder/spi-builder-workspace/Sources/LoadableImage/Loadable/Providers/NetworkProvider.swift:27:22: error: cannot find type 'URLRequest' in scope
25 |     public func publisher(
26 |         for url: URL,
27 |         cachePolicy: URLRequest.CachePolicy = .reloadRevalidatingCacheData
   |                      `- error: cannot find type 'URLRequest' in scope
28 |     ) -> AnyPublisher<Output, URLError> {
29 |         let request = URLRequest(url: url, cachePolicy: cachePolicy)
/Users/admin/builder/spi-builder-workspace/Sources/LoadableImage/Loadable/Providers/NetworkProvider.swift:29:23: error: cannot find 'URLRequest' in scope
27 |         cachePolicy: URLRequest.CachePolicy = .reloadRevalidatingCacheData
28 |     ) -> AnyPublisher<Output, URLError> {
29 |         let request = URLRequest(url: url, cachePolicy: cachePolicy)
   |                       `- error: cannot find 'URLRequest' in scope
30 |         return URLSession.shared
31 |             .dataTaskPublisher(for: request)
SwiftCompile normal arm64 Compiling\ GeneratedAssetSymbols.swift /Users/admin/builder/spi-builder-workspace/.derivedData/Build/Intermediates.noindex/LoadableImage.build/Debug-xros/LoadableImage-t.build/DerivedSources/GeneratedAssetSymbols.swift (in target 'LoadableImage' from project 'LoadableImage')
SwiftCompile normal arm64 /Users/admin/builder/spi-builder-workspace/.derivedData/Build/Intermediates.noindex/LoadableImage.build/Debug-xros/LoadableImage-t.build/DerivedSources/GeneratedAssetSymbols.swift (in target 'LoadableImage' from project 'LoadableImage')
    cd /Users/admin/builder/spi-builder-workspace/.swiftpm/xcode
    builtin-SwiftPerFileCompile GeneratedAssetSymbols.swift
SwiftCompile normal arm64 Compiling\ ImageLoadState.swift,\ ImageManager.swift /Users/admin/builder/spi-builder-workspace/Sources/LoadableImage/ImageManager/ImageLoadState.swift /Users/admin/builder/spi-builder-workspace/Sources/LoadableImage/ImageManager/ImageManager.swift (in target 'LoadableImage' from project 'LoadableImage')
SwiftCompile normal arm64 /Users/admin/builder/spi-builder-workspace/Sources/LoadableImage/ImageManager/ImageLoadState.swift (in target 'LoadableImage' from project 'LoadableImage')
    cd /Users/admin/builder/spi-builder-workspace/.swiftpm/xcode
    builtin-SwiftPerFileCompile ImageLoadState.swift
SwiftCompile normal arm64 /Users/admin/builder/spi-builder-workspace/Sources/LoadableImage/ImageManager/ImageManager.swift (in target 'LoadableImage' from project 'LoadableImage')
    cd /Users/admin/builder/spi-builder-workspace/.swiftpm/xcode
    builtin-SwiftPerFileCompile ImageManager.swift
SwiftCompile normal arm64 Compiling\ ImageLoadable.swift,\ AssetsProvider.swift /Users/admin/builder/spi-builder-workspace/Sources/LoadableImage/Loadable/ImageLoadable.swift /Users/admin/builder/spi-builder-workspace/Sources/LoadableImage/Loadable/Providers/AssetsProvider.swift (in target 'LoadableImage' from project 'LoadableImage')
/Users/admin/builder/spi-builder-workspace/Sources/LoadableImage/Loadable/UIImageLoadable.swift:28:40: error: cannot find type 'UIImage' in scope
26 |     }
27 |
28 |     public var publisher: AnyPublisher<UIImage, ImageLoadError> {
   |                                        `- error: cannot find type 'UIImage' in scope
29 |         return assets.publisher(for: name)
30 |             .eraseToAnyPublisher()
/Users/admin/builder/spi-builder-workspace/Sources/LoadableImage/Loadable/URLLoadable.swift:21:14: error: cannot find type 'URL' in scope
19 |
20 |     public init(
21 |         url: URL?,
   |              `- error: cannot find type 'URL' in scope
22 |         network: NetworkProvider = Network()
23 |     ) {
/Users/admin/builder/spi-builder-workspace/Sources/LoadableImage/ImageManager/ImageLoadState.swift:15:18: error: cannot find type 'UIImage' in scope
13 | public enum ImageLoadState {
14 |     case loading
15 |     case fetched(UIImage)
   |                  `- error: cannot find type 'UIImage' in scope
16 |     case failed(ImageLoadError)
17 | }
/Users/admin/builder/spi-builder-workspace/Sources/LoadableImage/Loadable/Providers/AssetsProvider.swift:17:29: error: cannot find type 'UIImage' in scope
15 | @available(iOS 13.0, macOS 10.15, *)
16 | public protocol AssetsProvider {
17 |     typealias Output = Just<UIImage>.Output
   |                             `- error: cannot find type 'UIImage' in scope
18 |     func publisher(for name: String) -> AnyPublisher<Output, ImageLoadError>
19 | }
/Users/admin/builder/spi-builder-workspace/Sources/LoadableImage/Loadable/Providers/AssetsProvider.swift:26:27: error: cannot find 'UIImage' in scope
24 |
25 |     public func publisher(for name: String) -> AnyPublisher<Output, ImageLoadError> {
26 |         guard let image = UIImage(named: name) else {
   |                           `- error: cannot find 'UIImage' in scope
27 |             return Fail<UIImage, ImageLoadError>(error: .notExists)
28 |                 .eraseToAnyPublisher()
SwiftCompile normal arm64 /Users/admin/builder/spi-builder-workspace/Sources/LoadableImage/Loadable/ImageLoadable.swift (in target 'LoadableImage' from project 'LoadableImage')
    cd /Users/admin/builder/spi-builder-workspace/.swiftpm/xcode
    builtin-SwiftPerFileCompile ImageLoadable.swift
SwiftCompile normal arm64 /Users/admin/builder/spi-builder-workspace/Sources/LoadableImage/Loadable/Providers/AssetsProvider.swift (in target 'LoadableImage' from project 'LoadableImage')
    cd /Users/admin/builder/spi-builder-workspace/.swiftpm/xcode
    builtin-SwiftPerFileCompile AssetsProvider.swift
SwiftCompile normal arm64 Compiling\ Image+Helpers.swift,\ ImageLoadError.swift /Users/admin/builder/spi-builder-workspace/Sources/LoadableImage/Helpers/Image+Helpers.swift /Users/admin/builder/spi-builder-workspace/Sources/LoadableImage/ImageManager/ImageLoadError.swift (in target 'LoadableImage' from project 'LoadableImage')
/Users/admin/builder/spi-builder-workspace/Sources/LoadableImage/Helpers/Image+Helpers.swift:45:5: error: 'self.init' isn't called on all paths before returning from initializer
43 |             self.init(nsImage: image)
44 |         #endif
45 |     }
   |     `- error: 'self.init' isn't called on all paths before returning from initializer
46 | }
47 |
/Users/admin/builder/spi-builder-workspace/Sources/LoadableImage/Helpers/Image+Helpers.swift:24:5: error: missing return in instance method expected to return 'Bool'
22 |             return self.tiffRepresentation == image.tiffRepresentation
23 |         #endif
24 |     }
   |     `- error: missing return in instance method expected to return 'Bool'
25 |
26 |     public static func noImage() -> UIImage {
SwiftCompile normal arm64 /Users/admin/builder/spi-builder-workspace/Sources/LoadableImage/Helpers/Image+Helpers.swift (in target 'LoadableImage' from project 'LoadableImage')
    cd /Users/admin/builder/spi-builder-workspace/.swiftpm/xcode
    builtin-SwiftPerFileCompile Image+Helpers.swift
SwiftCompile normal arm64 /Users/admin/builder/spi-builder-workspace/Sources/LoadableImage/ImageManager/ImageLoadError.swift (in target 'LoadableImage' from project 'LoadableImage')
    cd /Users/admin/builder/spi-builder-workspace/.swiftpm/xcode
    builtin-SwiftPerFileCompile ImageLoadError.swift
SwiftCompile normal arm64 Compiling\ resource_bundle_accessor.swift,\ ImagePlaceholder.swift /Users/admin/builder/spi-builder-workspace/.derivedData/Build/Intermediates.noindex/LoadableImage.build/Debug-xros/LoadableImage-t.build/DerivedSources/resource_bundle_accessor.swift /Users/admin/builder/spi-builder-workspace/Sources/LoadableImage/Components/ImagePlaceholder.swift (in target 'LoadableImage' from project 'LoadableImage')
SwiftCompile normal arm64 /Users/admin/builder/spi-builder-workspace/.derivedData/Build/Intermediates.noindex/LoadableImage.build/Debug-xros/LoadableImage-t.build/DerivedSources/resource_bundle_accessor.swift (in target 'LoadableImage' from project 'LoadableImage')
    cd /Users/admin/builder/spi-builder-workspace/.swiftpm/xcode
    builtin-SwiftPerFileCompile resource_bundle_accessor.swift
SwiftCompile normal arm64 /Users/admin/builder/spi-builder-workspace/Sources/LoadableImage/Components/ImagePlaceholder.swift (in target 'LoadableImage' from project 'LoadableImage')
    cd /Users/admin/builder/spi-builder-workspace/.swiftpm/xcode
    builtin-SwiftPerFileCompile ImagePlaceholder.swift
SwiftCompile normal arm64 Compiling\ UIImageLoadable.swift /Users/admin/builder/spi-builder-workspace/Sources/LoadableImage/Loadable/UIImageLoadable.swift (in target 'LoadableImage' from project 'LoadableImage')
/Users/admin/builder/spi-builder-workspace/Sources/LoadableImage/Loadable/Providers/AssetsProvider.swift:17:29: error: cannot find type 'UIImage' in scope
15 | @available(iOS 13.0, macOS 10.15, *)
16 | public protocol AssetsProvider {
17 |     typealias Output = Just<UIImage>.Output
   |                             `- error: cannot find type 'UIImage' in scope
18 |     func publisher(for name: String) -> AnyPublisher<Output, ImageLoadError>
19 | }
SwiftCompile normal arm64 /Users/admin/builder/spi-builder-workspace/Sources/LoadableImage/Loadable/UIImageLoadable.swift (in target 'LoadableImage' from project 'LoadableImage')
    cd /Users/admin/builder/spi-builder-workspace/.swiftpm/xcode
    builtin-SwiftPerFileCompile UIImageLoadable.swift
SwiftCompile normal arm64 Compiling\ ProgressIndicator.swift,\ Error+Helpers.swift /Users/admin/builder/spi-builder-workspace/Sources/LoadableImage/Components/ProgressIndicator.swift /Users/admin/builder/spi-builder-workspace/Sources/LoadableImage/Helpers/Error+Helpers.swift (in target 'LoadableImage' from project 'LoadableImage')
SwiftCompile normal arm64 /Users/admin/builder/spi-builder-workspace/Sources/LoadableImage/Components/ProgressIndicator.swift (in target 'LoadableImage' from project 'LoadableImage')
    cd /Users/admin/builder/spi-builder-workspace/.swiftpm/xcode
    builtin-SwiftPerFileCompile ProgressIndicator.swift
SwiftCompile normal arm64 /Users/admin/builder/spi-builder-workspace/Sources/LoadableImage/Helpers/Error+Helpers.swift (in target 'LoadableImage' from project 'LoadableImage')
    cd /Users/admin/builder/spi-builder-workspace/.swiftpm/xcode
    builtin-SwiftPerFileCompile Error+Helpers.swift
SwiftCompile normal arm64 Compiling\ PublisherProvider.swift /Users/admin/builder/spi-builder-workspace/Sources/LoadableImage/Loadable/Providers/PublisherProvider.swift (in target 'LoadableImage' from project 'LoadableImage')
SwiftCompile normal arm64 /Users/admin/builder/spi-builder-workspace/Sources/LoadableImage/Loadable/Providers/PublisherProvider.swift (in target 'LoadableImage' from project 'LoadableImage')
    cd /Users/admin/builder/spi-builder-workspace/.swiftpm/xcode
    builtin-SwiftPerFileCompile PublisherProvider.swift
PruneExplicitPrecompiledModules /Users/admin/builder/spi-builder-workspace/.derivedData/SDKExplicitPrecompiledModules
PruneExplicitPrecompiledModules /Users/admin/builder/spi-builder-workspace/.derivedData/Build/Intermediates.noindex/SwiftExplicitPrecompiledModules
PruneExplicitPrecompiledModules /Users/admin/builder/spi-builder-workspace/.derivedData/Build/Intermediates.noindex/ExplicitPrecompiledModules
2026-09-16 19:04:41.089 xcodebuild[624:3969] [MT] IDERunDestination: Supported platforms for the buildables in the current scheme is empty.
2026-09-16 19:04:41.229 xcodebuild[624:3969] [MT] IDERunDestination: Supported platforms for the buildables in the current scheme is empty.
** BUILD FAILED **
The following build commands failed:
	SwiftCompile normal arm64 (in target 'LoadableImage' from project 'LoadableImage')
	SwiftEmitModule normal arm64 Emitting\ module\ for\ LoadableImage (in target 'LoadableImage' from project 'LoadableImage')
	Building workspace LoadableImage with scheme LoadableImage
(3 failures)
Command line invocation:
    /Applications/Xcode-27.0.0-Release.Candidate.app/Contents/Developer/usr/bin/xcodebuild -IDEClonedSourcePackagesDirPathOverride=/Users/admin/builder/spi-builder-workspace/.dependencies -resolvePackageDependencies
Resolve Package Graph
Invalid Exclude '/Users/admin/builder/spi-builder-workspace/Sources/LoadableImage/codecov.yml': File not found.Invalid Exclude '/Users/admin/builder/spi-builder-workspace/Sources/LoadableImage/Example': File not found.Invalid Exclude '/Users/admin/builder/spi-builder-workspace/Sources/LoadableImage/Dangerfile.swift': File not found.
Resolved source packages:
  LoadableImage: /Users/admin/builder/spi-builder-workspace
resolved source packages: LoadableImage
2026-09-16 19:04:50.828 xcodebuild[803:4812] [MT] IDERunDestination: Supported platforms for the buildables in the current scheme is empty.
{
  "dependencies" : [
  ],
  "manifest_display_name" : "LoadableImage",
  "name" : "LoadableImage",
  "path" : "/Users/admin/builder/spi-builder-workspace",
  "platforms" : [
    {
      "name" : "ios",
      "version" : "13.0"
    }
  ],
  "products" : [
    {
      "name" : "LoadableImage",
      "targets" : [
        "LoadableImage"
      ],
      "type" : {
        "library" : [
          "automatic"
        ]
      }
    }
  ],
  "swift_languages_versions" : [
    "5"
  ],
  "targets" : [
    {
      "c99name" : "LoadableImageTests",
      "module_type" : "SwiftTarget",
      "name" : "LoadableImageTests",
      "path" : "Tests/LoadableImageTests",
      "sources" : [
        "Helpers/Image+Ext.swift",
        "Helpers/Mock.swift",
        "Helpers/Stub.swift",
        "ImageManagerTests.swift",
        "UIImageLoadableTests.swift",
        "URLLoadableTests.swift",
        "XCTestManifests.swift"
      ],
      "target_dependencies" : [
        "LoadableImage"
      ],
      "type" : "test"
    },
    {
      "c99name" : "LoadableImage",
      "module_type" : "SwiftTarget",
      "name" : "LoadableImage",
      "path" : "Sources/LoadableImage",
      "product_memberships" : [
        "LoadableImage"
      ],
      "resources" : [
        {
          "path" : "/Users/admin/builder/spi-builder-workspace/Sources/LoadableImage/Media.xcassets",
          "rule" : {
            "process" : {
            }
          }
        }
      ],
      "sources" : [
        "Components/ImagePlaceholder.swift",
        "Components/ProgressIndicator.swift",
        "Helpers/Error+Helpers.swift",
        "Helpers/Image+Helpers.swift",
        "ImageManager/ImageLoadError.swift",
        "ImageManager/ImageLoadState.swift",
        "ImageManager/ImageManager.swift",
        "Loadable/ImageLoadable.swift",
        "Loadable/Providers/AssetsProvider.swift",
        "Loadable/Providers/NetworkProvider.swift",
        "Loadable/Providers/PublisherProvider.swift",
        "Loadable/UIImageLoadable.swift",
        "Loadable/URLLoadable.swift"
      ],
      "type" : "library"
    }
  ],
  "tools_version" : "5.3"
}
warning: 'spi-builder-workspace': Invalid Exclude '/Users/admin/builder/spi-builder-workspace/Sources/LoadableImage/codecov.yml': File not found.
warning: 'spi-builder-workspace': Invalid Exclude '/Users/admin/builder/spi-builder-workspace/Sources/LoadableImage/Dangerfile.swift': File not found.
warning: 'spi-builder-workspace': Invalid Exclude '/Users/admin/builder/spi-builder-workspace/Sources/LoadableImage/Example': File not found.
{
  "workspace" : {
    "name" : "LoadableImage",
    "schemes" : [
      "LoadableImage"
    ]
  }
}
2026-09-16 19:04:52.047 xcodebuild[811:4874] [MT] IDERunDestination: Supported platforms for the buildables in the current scheme is empty.
2026-09-16 19:04:52.188 xcodebuild[811:4874] [MT] IDERunDestination: Supported platforms for the buildables in the current scheme is empty.
Running build ...
env DEVELOPER_DIR=/Applications/Xcode-27.0.0-Release.Candidate.app xcrun xcodebuild -IDEClonedSourcePackagesDirPathOverride=$PWD/.dependencies -skipMacroValidation -skipPackagePluginValidation -derivedDataPath $PWD/.derivedData build -scheme LoadableImage -destination generic/platform=xrOS
Command line invocation:
    /Applications/Xcode-27.0.0-Release.Candidate.app/Contents/Developer/usr/bin/xcodebuild -IDEClonedSourcePackagesDirPathOverride=/Users/admin/builder/spi-builder-workspace/.dependencies -skipMacroValidation -skipPackagePluginValidation -derivedDataPath /Users/admin/builder/spi-builder-workspace/.derivedData build -scheme LoadableImage -destination generic/platform=xrOS
Resolve Package Graph
Invalid Exclude '/Users/admin/builder/spi-builder-workspace/Sources/LoadableImage/codecov.yml': File not found.Invalid Exclude '/Users/admin/builder/spi-builder-workspace/Sources/LoadableImage/Example': File not found.Invalid Exclude '/Users/admin/builder/spi-builder-workspace/Sources/LoadableImage/Dangerfile.swift': File not found.
Resolved source packages:
  LoadableImage: /Users/admin/builder/spi-builder-workspace
ComputePackagePrebuildTargetDependencyGraph
Prepare packages
CreateBuildRequest
SendProjectDescription
CreateBuildOperation
ComputeTargetDependencyGraph
note: Building targets in dependency order
note: Target dependency graph (4 targets)
    Target 'LoadableImageTests-product' in project 'LoadableImage'
        ➜ Explicit dependency on target 'LoadableImage' in project 'LoadableImage'
    Target 'LoadableImage-product' in project 'LoadableImage'
        ➜ Explicit dependency on target 'LoadableImage' in project 'LoadableImage'
        ➜ Explicit dependency on target 'LoadableImage_LoadableImage' in project 'LoadableImage'
    Target 'LoadableImage' in project 'LoadableImage'
        ➜ Explicit dependency on target 'LoadableImage_LoadableImage' in project 'LoadableImage'
    Target 'LoadableImage_LoadableImage' in project 'LoadableImage' (no dependencies)
GatherProvisioningInputs
CreateBuildDescription
ClangStatCache /Applications/Xcode-27.0.0-Release.Candidate.app/Contents/Developer/Toolchains/XcodeDefault.xctoolchain/usr/bin/clang-stat-cache /Applications/Xcode-27.0.0-Release.Candidate.app/Contents/Developer/Platforms/XROS.platform/Developer/SDKs/XROS27.0.sdk /Users/admin/builder/spi-builder-workspace/.derivedData/SDKStatCaches.noindex/xros27.0-24M361-e829b21a6f8c9b70876ba0858053c044735bd543db762f57723cac368afd1ce4.sdkstatcache
    cd /Users/admin/builder/spi-builder-workspace/.swiftpm/xcode
    /Applications/Xcode-27.0.0-Release.Candidate.app/Contents/Developer/Toolchains/XcodeDefault.xctoolchain/usr/bin/clang-stat-cache /Applications/Xcode-27.0.0-Release.Candidate.app/Contents/Developer/Platforms/XROS.platform/Developer/SDKs/XROS27.0.sdk -o /Users/admin/builder/spi-builder-workspace/.derivedData/SDKStatCaches.noindex/xros27.0-24M361-e829b21a6f8c9b70876ba0858053c044735bd543db762f57723cac368afd1ce4.sdkstatcache
SwiftDriver LoadableImage normal arm64 com.apple.xcode.tools.swift.compiler (in target 'LoadableImage' from project 'LoadableImage')
    cd /Users/admin/builder/spi-builder-workspace/.swiftpm/xcode
    builtin-SwiftDriver -- /Applications/Xcode-27.0.0-Release.Candidate.app/Contents/Developer/Toolchains/XcodeDefault.xctoolchain/usr/bin/swiftc -parse-as-library -module-name LoadableImage -Onone @/Users/admin/builder/spi-builder-workspace/.derivedData/Build/Intermediates.noindex/LoadableImage.build/Debug-xros/LoadableImage-t.build/Objects-normal/arm64/LoadableImage.SwiftFileList -DSWIFT_PACKAGE -DDEBUG -DSWIFT_MODULE_RESOURCE_BUNDLE_AVAILABLE -DXcode -plugin-path /Applications/Xcode-27.0.0-Release.Candidate.app/Contents/Developer/Toolchains/XcodeDefault.xctoolchain/usr/lib/swift/host/plugins/testing -enable-experimental-feature DebugDescriptionMacro -sdk /Applications/Xcode-27.0.0-Release.Candidate.app/Contents/Developer/Platforms/XROS.platform/Developer/SDKs/XROS27.0.sdk -target arm64-apple-xros1.0 -g -module-cache-path /Users/admin/builder/spi-builder-workspace/.derivedData/ModuleCache.noindex -Xfrontend -serialize-debugging-options -profile-coverage-mapping -profile-generate -enable-testing -index-store-path /Users/admin/builder/spi-builder-workspace/.derivedData/Index.noindex/DataStore -Xcc -D_LIBCPP_HARDENING_MODE\=_LIBCPP_HARDENING_MODE_DEBUG -swift-version 5 -I /Users/admin/builder/spi-builder-workspace/.derivedData/Build/Products/Debug-xros -Isystem /Applications/Xcode-27.0.0-Release.Candidate.app/Contents/Developer/Platforms/XROS.platform/Developer/usr/lib -F /Users/admin/builder/spi-builder-workspace/.derivedData/Build/Products/Debug-xros -F /Applications/Xcode-27.0.0-Release.Candidate.app/Contents/Developer/Platforms/XROS.platform/Developer/Library/Frameworks -F /Applications/Xcode-27.0.0-Release.Candidate.app/Contents/Developer/Platforms/XROS.platform/Developer/SDKs/XROS27.0.sdk/Developer/Library/Frameworks -c -j10 -enable-batch-mode -incremental -Xcc -ivfsstatcache -Xcc /Users/admin/builder/spi-builder-workspace/.derivedData/SDKStatCaches.noindex/xros27.0-24M361-e829b21a6f8c9b70876ba0858053c044735bd543db762f57723cac368afd1ce4.sdkstatcache -output-file-map /Users/admin/builder/spi-builder-workspace/.derivedData/Build/Intermediates.noindex/LoadableImage.build/Debug-xros/LoadableImage-t.build/Objects-normal/arm64/LoadableImage-OutputFileMap.json -save-temps -no-color-diagnostics -explicit-module-build -module-cache-path /Users/admin/builder/spi-builder-workspace/.derivedData/Build/Intermediates.noindex/SwiftExplicitPrecompiledModules -clang-scanner-module-cache-path /Users/admin/builder/spi-builder-workspace/.derivedData/ModuleCache.noindex -sdk-module-cache-path /Users/admin/builder/spi-builder-workspace/.derivedData/SDKExplicitPrecompiledModules -emit-dependencies -emit-module -emit-module-path /Users/admin/builder/spi-builder-workspace/.derivedData/Build/Intermediates.noindex/LoadableImage.build/Debug-xros/LoadableImage-t.build/Objects-normal/arm64/LoadableImage.swiftmodule -serialize-diagnostics -dependency-scan-serialize-diagnostics-path /Users/admin/builder/spi-builder-workspace/.derivedData/Build/Intermediates.noindex/LoadableImage.build/Debug-xros/LoadableImage-t.build/Objects-normal/arm64/LoadableImage-dependency-scan.dia -validate-clang-modules-once -clang-build-session-file /Users/admin/builder/spi-builder-workspace/.derivedData/ModuleCache.noindex/Session.modulevalidation -Xcc -fmodules-prune-interval\=86400 -Xcc -fmodules-prune-after\=345600 -emit-const-values -const-gather-protocols-list /Users/admin/builder/spi-builder-workspace/.derivedData/Build/Intermediates.noindex/LoadableImage.build/Debug-xros/LoadableImage-t.build/Objects-normal/arm64/LoadableImage_const_extract_protocols.json -Xcc -I/Users/admin/builder/spi-builder-workspace/.derivedData/Build/Products/Debug-xros/include -Xcc -I/Users/admin/builder/spi-builder-workspace/.derivedData/Build/Intermediates.noindex/LoadableImage.build/Debug-xros/LoadableImage-t.build/DerivedSources-normal/arm64 -Xcc -I/Users/admin/builder/spi-builder-workspace/.derivedData/Build/Intermediates.noindex/LoadableImage.build/Debug-xros/LoadableImage-t.build/DerivedSources/arm64 -Xcc -I/Users/admin/builder/spi-builder-workspace/.derivedData/Build/Intermediates.noindex/LoadableImage.build/Debug-xros/LoadableImage-t.build/DerivedSources -Xcc -DSWIFT_PACKAGE -Xcc -DDEBUG\=1 -emit-objc-header -emit-objc-header-path /Users/admin/builder/spi-builder-workspace/.derivedData/Build/Intermediates.noindex/LoadableImage.build/Debug-xros/LoadableImage-t.build/Objects-normal/arm64/LoadableImage-Swift.h -working-directory /Users/admin/builder/spi-builder-workspace/.swiftpm/xcode -experimental-emit-module-separately -disable-cmo
SwiftCompile normal arm64 Compiling\ ProgressIndicator.swift,\ Error+Helpers.swift /Users/admin/builder/spi-builder-workspace/Sources/LoadableImage/Components/ProgressIndicator.swift /Users/admin/builder/spi-builder-workspace/Sources/LoadableImage/Helpers/Error+Helpers.swift (in target 'LoadableImage' from project 'LoadableImage')
SwiftCompile normal arm64 /Users/admin/builder/spi-builder-workspace/Sources/LoadableImage/Components/ProgressIndicator.swift (in target 'LoadableImage' from project 'LoadableImage')
    cd /Users/admin/builder/spi-builder-workspace/.swiftpm/xcode
    builtin-SwiftPerFileCompile ProgressIndicator.swift
SwiftCompile normal arm64 /Users/admin/builder/spi-builder-workspace/Sources/LoadableImage/Helpers/Error+Helpers.swift (in target 'LoadableImage' from project 'LoadableImage')
    cd /Users/admin/builder/spi-builder-workspace/.swiftpm/xcode
    builtin-SwiftPerFileCompile Error+Helpers.swift
SwiftCompile normal arm64 Compiling\ NetworkProvider.swift /Users/admin/builder/spi-builder-workspace/Sources/LoadableImage/Loadable/Providers/NetworkProvider.swift (in target 'LoadableImage' from project 'LoadableImage')
SwiftCompile normal arm64 /Users/admin/builder/spi-builder-workspace/Sources/LoadableImage/Loadable/Providers/NetworkProvider.swift (in target 'LoadableImage' from project 'LoadableImage')
    cd /Users/admin/builder/spi-builder-workspace/.swiftpm/xcode
    builtin-SwiftPerFileCompile NetworkProvider.swift
/Users/admin/builder/spi-builder-workspace/Sources/LoadableImage/Loadable/Providers/NetworkProvider.swift:17:24: error: cannot find type 'URLSession' in scope
15 | @available(iOS 13.0, macOS 10.15, *)
16 | public protocol NetworkProvider {
17 |     typealias Output = URLSession.DataTaskPublisher.Output
   |                        `- error: cannot find type 'URLSession' in scope
18 |     func publisher(for url: URL, cachePolicy: URLRequest.CachePolicy) -> AnyPublisher<Output, URLError>
19 | }
/Users/admin/builder/spi-builder-workspace/Sources/LoadableImage/Loadable/Providers/NetworkProvider.swift:18:29: error: cannot find type 'URL' in scope
16 | public protocol NetworkProvider {
17 |     typealias Output = URLSession.DataTaskPublisher.Output
18 |     func publisher(for url: URL, cachePolicy: URLRequest.CachePolicy) -> AnyPublisher<Output, URLError>
   |                             `- error: cannot find type 'URL' in scope
19 | }
20 |
/Users/admin/builder/spi-builder-workspace/Sources/LoadableImage/Loadable/Providers/NetworkProvider.swift:18:47: error: cannot find type 'URLRequest' in scope
16 | public protocol NetworkProvider {
17 |     typealias Output = URLSession.DataTaskPublisher.Output
18 |     func publisher(for url: URL, cachePolicy: URLRequest.CachePolicy) -> AnyPublisher<Output, URLError>
   |                                               `- error: cannot find type 'URLRequest' in scope
19 | }
20 |
/Users/admin/builder/spi-builder-workspace/Sources/LoadableImage/Loadable/Providers/NetworkProvider.swift:26:18: error: cannot find type 'URL' in scope
24 |
25 |     public func publisher(
26 |         for url: URL,
   |                  `- error: cannot find type 'URL' in scope
27 |         cachePolicy: URLRequest.CachePolicy = .reloadRevalidatingCacheData
28 |     ) -> AnyPublisher<Output, URLError> {
/Users/admin/builder/spi-builder-workspace/Sources/LoadableImage/Loadable/Providers/NetworkProvider.swift:27:22: error: cannot find type 'URLRequest' in scope
25 |     public func publisher(
26 |         for url: URL,
27 |         cachePolicy: URLRequest.CachePolicy = .reloadRevalidatingCacheData
   |                      `- error: cannot find type 'URLRequest' in scope
28 |     ) -> AnyPublisher<Output, URLError> {
29 |         let request = URLRequest(url: url, cachePolicy: cachePolicy)
/Users/admin/builder/spi-builder-workspace/Sources/LoadableImage/Loadable/Providers/NetworkProvider.swift:29:23: error: cannot find 'URLRequest' in scope
27 |         cachePolicy: URLRequest.CachePolicy = .reloadRevalidatingCacheData
28 |     ) -> AnyPublisher<Output, URLError> {
29 |         let request = URLRequest(url: url, cachePolicy: cachePolicy)
   |                       `- error: cannot find 'URLRequest' in scope
30 |         return URLSession.shared
31 |             .dataTaskPublisher(for: request)
SwiftCompile normal arm64 Compiling\ URLLoadable.swift /Users/admin/builder/spi-builder-workspace/Sources/LoadableImage/Loadable/URLLoadable.swift (in target 'LoadableImage' from project 'LoadableImage')
/Users/admin/builder/spi-builder-workspace/Sources/LoadableImage/Loadable/URLLoadable.swift:17:22: error: cannot find type 'URL' in scope
15 | @available(iOS 13.0, macOS 10.15, *)
16 | public class URLLoadable: PublisherProvider {
17 |     private let url: URL?
   |                      `- error: cannot find type 'URL' in scope
18 |     private let network: NetworkProvider
19 |
/Users/admin/builder/spi-builder-workspace/Sources/LoadableImage/Loadable/Providers/NetworkProvider.swift:17:24: error: cannot find type 'URLSession' in scope
15 | @available(iOS 13.0, macOS 10.15, *)
16 | public protocol NetworkProvider {
17 |     typealias Output = URLSession.DataTaskPublisher.Output
   |                        `- error: cannot find type 'URLSession' in scope
18 |     func publisher(for url: URL, cachePolicy: URLRequest.CachePolicy) -> AnyPublisher<Output, URLError>
19 | }
/Users/admin/builder/spi-builder-workspace/Sources/LoadableImage/Loadable/Providers/NetworkProvider.swift:18:29: error: cannot find type 'URL' in scope
16 | public protocol NetworkProvider {
17 |     typealias Output = URLSession.DataTaskPublisher.Output
18 |     func publisher(for url: URL, cachePolicy: URLRequest.CachePolicy) -> AnyPublisher<Output, URLError>
   |                             `- error: cannot find type 'URL' in scope
19 | }
20 |
/Users/admin/builder/spi-builder-workspace/Sources/LoadableImage/Loadable/Providers/NetworkProvider.swift:18:47: error: cannot find type 'URLRequest' in scope
16 | public protocol NetworkProvider {
17 |     typealias Output = URLSession.DataTaskPublisher.Output
18 |     func publisher(for url: URL, cachePolicy: URLRequest.CachePolicy) -> AnyPublisher<Output, URLError>
   |                                               `- error: cannot find type 'URLRequest' in scope
19 | }
20 |
/Users/admin/builder/spi-builder-workspace/Sources/LoadableImage/Loadable/URLLoadable.swift:21:14: error: cannot find type 'URL' in scope
19 |
20 |     public init(
21 |         url: URL?,
   |              `- error: cannot find type 'URL' in scope
22 |         network: NetworkProvider = Network()
23 |     ) {
/Users/admin/builder/spi-builder-workspace/Sources/LoadableImage/Loadable/URLLoadable.swift:28:40: error: cannot find type 'UIImage' in scope
26 |     }
27 |
28 |     public var publisher: AnyPublisher<UIImage, ImageLoadError> {
   |                                        `- error: cannot find type 'UIImage' in scope
29 |         guard let url = url else {
30 |             return Fail<UIImage, ImageLoadError>(error: ImageLoadError.notExists)
/Users/admin/builder/spi-builder-workspace/Sources/LoadableImage/Loadable/URLLoadable.swift:30:25: error: cannot find type 'UIImage' in scope
28 |     public var publisher: AnyPublisher<UIImage, ImageLoadError> {
29 |         guard let url = url else {
30 |             return Fail<UIImage, ImageLoadError>(error: ImageLoadError.notExists)
   |                         `- error: cannot find type 'UIImage' in scope
31 |                 .eraseToAnyPublisher()
32 |         }
SwiftCompile normal arm64 /Users/admin/builder/spi-builder-workspace/Sources/LoadableImage/Loadable/URLLoadable.swift (in target 'LoadableImage' from project 'LoadableImage')
    cd /Users/admin/builder/spi-builder-workspace/.swiftpm/xcode
    builtin-SwiftPerFileCompile URLLoadable.swift
SwiftCompile normal arm64 Compiling\ ImageLoadState.swift,\ ImageManager.swift /Users/admin/builder/spi-builder-workspace/Sources/LoadableImage/ImageManager/ImageLoadState.swift /Users/admin/builder/spi-builder-workspace/Sources/LoadableImage/ImageManager/ImageManager.swift (in target 'LoadableImage' from project 'LoadableImage')
SwiftCompile normal arm64 /Users/admin/builder/spi-builder-workspace/Sources/LoadableImage/ImageManager/ImageLoadState.swift (in target 'LoadableImage' from project 'LoadableImage')
    cd /Users/admin/builder/spi-builder-workspace/.swiftpm/xcode
    builtin-SwiftPerFileCompile ImageLoadState.swift
SwiftCompile normal arm64 /Users/admin/builder/spi-builder-workspace/Sources/LoadableImage/ImageManager/ImageManager.swift (in target 'LoadableImage' from project 'LoadableImage')
    cd /Users/admin/builder/spi-builder-workspace/.swiftpm/xcode
    builtin-SwiftPerFileCompile ImageManager.swift
SwiftCompile normal arm64 Compiling\ UIImageLoadable.swift /Users/admin/builder/spi-builder-workspace/Sources/LoadableImage/Loadable/UIImageLoadable.swift (in target 'LoadableImage' from project 'LoadableImage')
/Users/admin/builder/spi-builder-workspace/Sources/LoadableImage/Loadable/Providers/AssetsProvider.swift:17:29: error: cannot find type 'UIImage' in scope
15 | @available(iOS 13.0, macOS 10.15, *)
16 | public protocol AssetsProvider {
17 |     typealias Output = Just<UIImage>.Output
   |                             `- error: cannot find type 'UIImage' in scope
18 |     func publisher(for name: String) -> AnyPublisher<Output, ImageLoadError>
19 | }
SwiftCompile normal arm64 /Users/admin/builder/spi-builder-workspace/Sources/LoadableImage/Loadable/UIImageLoadable.swift (in target 'LoadableImage' from project 'LoadableImage')
    cd /Users/admin/builder/spi-builder-workspace/.swiftpm/xcode
    builtin-SwiftPerFileCompile UIImageLoadable.swift
SwiftCompile normal arm64 Compiling\ resource_bundle_accessor.swift,\ ImagePlaceholder.swift /Users/admin/builder/spi-builder-workspace/.derivedData/Build/Intermediates.noindex/LoadableImage.build/Debug-xros/LoadableImage-t.build/DerivedSources/resource_bundle_accessor.swift /Users/admin/builder/spi-builder-workspace/Sources/LoadableImage/Components/ImagePlaceholder.swift (in target 'LoadableImage' from project 'LoadableImage')
SwiftCompile normal arm64 /Users/admin/builder/spi-builder-workspace/.derivedData/Build/Intermediates.noindex/LoadableImage.build/Debug-xros/LoadableImage-t.build/DerivedSources/resource_bundle_accessor.swift (in target 'LoadableImage' from project 'LoadableImage')
    cd /Users/admin/builder/spi-builder-workspace/.swiftpm/xcode
    builtin-SwiftPerFileCompile resource_bundle_accessor.swift
SwiftCompile normal arm64 /Users/admin/builder/spi-builder-workspace/Sources/LoadableImage/Components/ImagePlaceholder.swift (in target 'LoadableImage' from project 'LoadableImage')
    cd /Users/admin/builder/spi-builder-workspace/.swiftpm/xcode
    builtin-SwiftPerFileCompile ImagePlaceholder.swift
SwiftCompile normal arm64 Compiling\ Image+Helpers.swift,\ ImageLoadError.swift /Users/admin/builder/spi-builder-workspace/Sources/LoadableImage/Helpers/Image+Helpers.swift /Users/admin/builder/spi-builder-workspace/Sources/LoadableImage/ImageManager/ImageLoadError.swift (in target 'LoadableImage' from project 'LoadableImage')
/Users/admin/builder/spi-builder-workspace/Sources/LoadableImage/Helpers/Image+Helpers.swift:45:5: error: 'self.init' isn't called on all paths before returning from initializer
43 |             self.init(nsImage: image)
44 |         #endif
45 |     }
   |     `- error: 'self.init' isn't called on all paths before returning from initializer
46 | }
47 |
/Users/admin/builder/spi-builder-workspace/Sources/LoadableImage/Helpers/Image+Helpers.swift:24:5: error: missing return in instance method expected to return 'Bool'
22 |             return self.tiffRepresentation == image.tiffRepresentation
23 |         #endif
24 |     }
   |     `- error: missing return in instance method expected to return 'Bool'
25 |
26 |     public static func noImage() -> UIImage {
SwiftCompile normal arm64 /Users/admin/builder/spi-builder-workspace/Sources/LoadableImage/Helpers/Image+Helpers.swift (in target 'LoadableImage' from project 'LoadableImage')
    cd /Users/admin/builder/spi-builder-workspace/.swiftpm/xcode
    builtin-SwiftPerFileCompile Image+Helpers.swift
SwiftCompile normal arm64 /Users/admin/builder/spi-builder-workspace/Sources/LoadableImage/ImageManager/ImageLoadError.swift (in target 'LoadableImage' from project 'LoadableImage')
    cd /Users/admin/builder/spi-builder-workspace/.swiftpm/xcode
    builtin-SwiftPerFileCompile ImageLoadError.swift
SwiftCompile normal arm64 Compiling\ ImageLoadable.swift,\ AssetsProvider.swift /Users/admin/builder/spi-builder-workspace/Sources/LoadableImage/Loadable/ImageLoadable.swift /Users/admin/builder/spi-builder-workspace/Sources/LoadableImage/Loadable/Providers/AssetsProvider.swift (in target 'LoadableImage' from project 'LoadableImage')
/Users/admin/builder/spi-builder-workspace/Sources/LoadableImage/Loadable/UIImageLoadable.swift:28:40: error: cannot find type 'UIImage' in scope
26 |     }
27 |
28 |     public var publisher: AnyPublisher<UIImage, ImageLoadError> {
   |                                        `- error: cannot find type 'UIImage' in scope
29 |         return assets.publisher(for: name)
30 |             .eraseToAnyPublisher()
/Users/admin/builder/spi-builder-workspace/Sources/LoadableImage/Loadable/URLLoadable.swift:21:14: error: cannot find type 'URL' in scope
19 |
20 |     public init(
21 |         url: URL?,
   |              `- error: cannot find type 'URL' in scope
22 |         network: NetworkProvider = Network()
23 |     ) {
/Users/admin/builder/spi-builder-workspace/Sources/LoadableImage/ImageManager/ImageLoadState.swift:15:18: error: cannot find type 'UIImage' in scope
13 | public enum ImageLoadState {
14 |     case loading
15 |     case fetched(UIImage)
   |                  `- error: cannot find type 'UIImage' in scope
16 |     case failed(ImageLoadError)
17 | }
/Users/admin/builder/spi-builder-workspace/Sources/LoadableImage/Loadable/Providers/AssetsProvider.swift:17:29: error: cannot find type 'UIImage' in scope
15 | @available(iOS 13.0, macOS 10.15, *)
16 | public protocol AssetsProvider {
17 |     typealias Output = Just<UIImage>.Output
   |                             `- error: cannot find type 'UIImage' in scope
18 |     func publisher(for name: String) -> AnyPublisher<Output, ImageLoadError>
19 | }
/Users/admin/builder/spi-builder-workspace/Sources/LoadableImage/Loadable/Providers/AssetsProvider.swift:26:27: error: cannot find 'UIImage' in scope
24 |
25 |     public func publisher(for name: String) -> AnyPublisher<Output, ImageLoadError> {
26 |         guard let image = UIImage(named: name) else {
   |                           `- error: cannot find 'UIImage' in scope
27 |             return Fail<UIImage, ImageLoadError>(error: .notExists)
28 |                 .eraseToAnyPublisher()
SwiftCompile normal arm64 /Users/admin/builder/spi-builder-workspace/Sources/LoadableImage/Loadable/ImageLoadable.swift (in target 'LoadableImage' from project 'LoadableImage')
    cd /Users/admin/builder/spi-builder-workspace/.swiftpm/xcode
    builtin-SwiftPerFileCompile ImageLoadable.swift
SwiftCompile normal arm64 /Users/admin/builder/spi-builder-workspace/Sources/LoadableImage/Loadable/Providers/AssetsProvider.swift (in target 'LoadableImage' from project 'LoadableImage')
    cd /Users/admin/builder/spi-builder-workspace/.swiftpm/xcode
    builtin-SwiftPerFileCompile AssetsProvider.swift
SwiftCompile normal arm64 Compiling\ PublisherProvider.swift /Users/admin/builder/spi-builder-workspace/Sources/LoadableImage/Loadable/Providers/PublisherProvider.swift (in target 'LoadableImage' from project 'LoadableImage')
SwiftCompile normal arm64 /Users/admin/builder/spi-builder-workspace/Sources/LoadableImage/Loadable/Providers/PublisherProvider.swift (in target 'LoadableImage' from project 'LoadableImage')
    cd /Users/admin/builder/spi-builder-workspace/.swiftpm/xcode
    builtin-SwiftPerFileCompile PublisherProvider.swift
SwiftEmitModule normal arm64 Emitting\ module\ for\ LoadableImage (in target 'LoadableImage' from project 'LoadableImage')
/Users/admin/builder/spi-builder-workspace/Sources/LoadableImage/ImageManager/ImageLoadState.swift:15:18: error: cannot find type 'UIImage' in scope
13 | public enum ImageLoadState {
14 |     case loading
15 |     case fetched(UIImage)
   |                  `- error: cannot find type 'UIImage' in scope
16 |     case failed(ImageLoadError)
17 | }
/Users/admin/builder/spi-builder-workspace/Sources/LoadableImage/Loadable/Providers/AssetsProvider.swift:17:29: error: cannot find type 'UIImage' in scope
15 | @available(iOS 13.0, macOS 10.15, *)
16 | public protocol AssetsProvider {
17 |     typealias Output = Just<UIImage>.Output
   |                             `- error: cannot find type 'UIImage' in scope
18 |     func publisher(for name: String) -> AnyPublisher<Output, ImageLoadError>
19 | }
/Users/admin/builder/spi-builder-workspace/Sources/LoadableImage/Loadable/Providers/NetworkProvider.swift:17:24: error: cannot find type 'URLSession' in scope
15 | @available(iOS 13.0, macOS 10.15, *)
16 | public protocol NetworkProvider {
17 |     typealias Output = URLSession.DataTaskPublisher.Output
   |                        `- error: cannot find type 'URLSession' in scope
18 |     func publisher(for url: URL, cachePolicy: URLRequest.CachePolicy) -> AnyPublisher<Output, URLError>
19 | }
/Users/admin/builder/spi-builder-workspace/Sources/LoadableImage/Loadable/Providers/NetworkProvider.swift:18:29: error: cannot find type 'URL' in scope
16 | public protocol NetworkProvider {
17 |     typealias Output = URLSession.DataTaskPublisher.Output
18 |     func publisher(for url: URL, cachePolicy: URLRequest.CachePolicy) -> AnyPublisher<Output, URLError>
   |                             `- error: cannot find type 'URL' in scope
19 | }
20 |
/Users/admin/builder/spi-builder-workspace/Sources/LoadableImage/Loadable/Providers/NetworkProvider.swift:18:47: error: cannot find type 'URLRequest' in scope
16 | public protocol NetworkProvider {
17 |     typealias Output = URLSession.DataTaskPublisher.Output
18 |     func publisher(for url: URL, cachePolicy: URLRequest.CachePolicy) -> AnyPublisher<Output, URLError>
   |                                               `- error: cannot find type 'URLRequest' in scope
19 | }
20 |
/Users/admin/builder/spi-builder-workspace/Sources/LoadableImage/Loadable/Providers/NetworkProvider.swift:26:18: error: cannot find type 'URL' in scope
24 |
25 |     public func publisher(
26 |         for url: URL,
   |                  `- error: cannot find type 'URL' in scope
27 |         cachePolicy: URLRequest.CachePolicy = .reloadRevalidatingCacheData
28 |     ) -> AnyPublisher<Output, URLError> {
/Users/admin/builder/spi-builder-workspace/Sources/LoadableImage/Loadable/Providers/NetworkProvider.swift:27:22: error: cannot find type 'URLRequest' in scope
25 |     public func publisher(
26 |         for url: URL,
27 |         cachePolicy: URLRequest.CachePolicy = .reloadRevalidatingCacheData
   |                      `- error: cannot find type 'URLRequest' in scope
28 |     ) -> AnyPublisher<Output, URLError> {
29 |         let request = URLRequest(url: url, cachePolicy: cachePolicy)
/Users/admin/builder/spi-builder-workspace/Sources/LoadableImage/Loadable/UIImageLoadable.swift:28:40: error: cannot find type 'UIImage' in scope
26 |     }
27 |
28 |     public var publisher: AnyPublisher<UIImage, ImageLoadError> {
   |                                        `- error: cannot find type 'UIImage' in scope
29 |         return assets.publisher(for: name)
30 |             .eraseToAnyPublisher()
/Users/admin/builder/spi-builder-workspace/Sources/LoadableImage/Loadable/URLLoadable.swift:17:22: error: cannot find type 'URL' in scope
15 | @available(iOS 13.0, macOS 10.15, *)
16 | public class URLLoadable: PublisherProvider {
17 |     private let url: URL?
   |                      `- error: cannot find type 'URL' in scope
18 |     private let network: NetworkProvider
19 |
/Users/admin/builder/spi-builder-workspace/Sources/LoadableImage/Loadable/URLLoadable.swift:21:14: error: cannot find type 'URL' in scope
19 |
20 |     public init(
21 |         url: URL?,
   |              `- error: cannot find type 'URL' in scope
22 |         network: NetworkProvider = Network()
23 |     ) {
/Users/admin/builder/spi-builder-workspace/Sources/LoadableImage/Loadable/URLLoadable.swift:28:40: error: cannot find type 'UIImage' in scope
26 |     }
27 |
28 |     public var publisher: AnyPublisher<UIImage, ImageLoadError> {
   |                                        `- error: cannot find type 'UIImage' in scope
29 |         guard let url = url else {
30 |             return Fail<UIImage, ImageLoadError>(error: ImageLoadError.notExists)
Failed frontend command:
/Applications/Xcode-27.0.0-Release.Candidate.app/Contents/Developer/Toolchains/XcodeDefault.xctoolchain/usr/bin/swift-frontend -frontend -emit-module -experimental-skip-non-inlinable-function-bodies-without-types /Users/admin/builder/spi-builder-workspace/.derivedData/Build/Intermediates.noindex/LoadableImage.build/Debug-xros/LoadableImage-t.build/DerivedSources/resource_bundle_accessor.swift /Users/admin/builder/spi-builder-workspace/Sources/LoadableImage/Components/ImagePlaceholder.swift /Users/admin/builder/spi-builder-workspace/Sources/LoadableImage/Components/ProgressIndicator.swift /Users/admin/builder/spi-builder-workspace/Sources/LoadableImage/Helpers/Error+Helpers.swift /Users/admin/builder/spi-builder-workspace/Sources/LoadableImage/Helpers/Image+Helpers.swift /Users/admin/builder/spi-builder-workspace/Sources/LoadableImage/ImageManager/ImageLoadError.swift /Users/admin/builder/spi-builder-workspace/Sources/LoadableImage/ImageManager/ImageLoadState.swift /Users/admin/builder/spi-builder-workspace/Sources/LoadableImage/ImageManager/ImageManager.swift /Users/admin/builder/spi-builder-workspace/Sources/LoadableImage/Loadable/ImageLoadable.swift /Users/admin/builder/spi-builder-workspace/Sources/LoadableImage/Loadable/Providers/AssetsProvider.swift /Users/admin/builder/spi-builder-workspace/Sources/LoadableImage/Loadable/Providers/NetworkProvider.swift /Users/admin/builder/spi-builder-workspace/Sources/LoadableImage/Loadable/Providers/PublisherProvider.swift /Users/admin/builder/spi-builder-workspace/Sources/LoadableImage/Loadable/UIImageLoadable.swift /Users/admin/builder/spi-builder-workspace/Sources/LoadableImage/Loadable/URLLoadable.swift /Users/admin/builder/spi-builder-workspace/.derivedData/Build/Intermediates.noindex/LoadableImage.build/Debug-xros/LoadableImage-t.build/DerivedSources/GeneratedAssetSymbols.swift -target arm64-apple-xros1.0 -module-can-import-version DeveloperToolsSupport 24.0.24 24.0.24 -disable-cross-import-overlay-search -load-resolved-plugin /Applications/Xcode-27.0.0-Release.Candidate.app/Contents/Developer/Platforms/XROS.platform/Developer/usr/lib/swift/host/plugins/libFoundationMacros.dylib\#/Applications/Xcode-27.0.0-Release.Candidate.app/Contents/Developer/Platforms/XROS.platform/Developer/usr/bin/swift-plugin-server\#FoundationMacros -load-resolved-plugin /Applications/Xcode-27.0.0-Release.Candidate.app/Contents/Developer/Platforms/XROS.platform/Developer/usr/lib/swift/host/plugins/libObservationMacros.dylib\#/Applications/Xcode-27.0.0-Release.Candidate.app/Contents/Developer/Platforms/XROS.platform/Developer/usr/bin/swift-plugin-server\#ObservationMacros -load-resolved-plugin /Applications/Xcode-27.0.0-Release.Candidate.app/Contents/Developer/Platforms/XROS.platform/Developer/usr/lib/swift/host/plugins/libPreviewsMacros.dylib\#/Applications/Xcode-27.0.0-Release.Candidate.app/Contents/Developer/Platforms/XROS.platform/Developer/usr/bin/swift-plugin-server\#PreviewsMacros -load-resolved-plugin /Applications/Xcode-27.0.0-Release.Candidate.app/Contents/Developer/Platforms/XROS.platform/Developer/usr/lib/swift/host/plugins/libSwiftMacros.dylib\#/Applications/Xcode-27.0.0-Release.Candidate.app/Contents/Developer/Platforms/XROS.platform/Developer/usr/bin/swift-plugin-server\#SwiftMacros -load-resolved-plugin /Applications/Xcode-27.0.0-Release.Candidate.app/Contents/Developer/Platforms/XROS.platform/Developer/usr/lib/swift/host/plugins/libSwiftUIMacros.dylib\#/Applications/Xcode-27.0.0-Release.Candidate.app/Contents/Developer/Platforms/XROS.platform/Developer/usr/bin/swift-plugin-server\#SwiftUIMacros -disable-implicit-swift-modules -Xcc -fno-implicit-modules -Xcc -fno-implicit-module-maps -explicit-swift-module-map-file /Users/admin/builder/spi-builder-workspace/.derivedData/Build/Intermediates.noindex/LoadableImage.build/Debug-xros/LoadableImage-t.build/Objects-normal/arm64/LoadableImage-dependencies-1.json -Xllvm -aarch64-use-tbi -enable-objc-interop -stack-check -sdk /Applications/Xcode-27.0.0-Release.Candidate.app/Contents/Developer/Platforms/XROS.platform/Developer/SDKs/XROS27.0.sdk -I /Users/admin/builder/spi-builder-workspace/.derivedData/Build/Products/Debug-xros -Isystem /Applications/Xcode-27.0.0-Release.Candidate.app/Contents/Developer/Platforms/XROS.platform/Developer/usr/lib -F /Users/admin/builder/spi-builder-workspace/.derivedData/Build/Products/Debug-xros -F /Applications/Xcode-27.0.0-Release.Candidate.app/Contents/Developer/Platforms/XROS.platform/Developer/Library/Frameworks -F /Applications/Xcode-27.0.0-Release.Candidate.app/Contents/Developer/Platforms/XROS.platform/Developer/SDKs/XROS27.0.sdk/Developer/Library/Frameworks -module-cache-path /Users/admin/builder/spi-builder-workspace/.derivedData/Build/Intermediates.noindex/SwiftExplicitPrecompiledModules -no-color-diagnostics -Xcc -fno-color-diagnostics -enable-testing -g -debug-info-format\=dwarf -dwarf-version\=4 -profile-generate -profile-coverage-mapping -swift-version 5 -Onone -D SWIFT_PACKAGE -D DEBUG -D SWIFT_MODULE_RESOURCE_BUNDLE_AVAILABLE -D Xcode -serialize-debugging-options -enable-experimental-feature DebugDescriptionMacro -empty-abi-descriptor -validate-clang-modules-once -clang-build-session-file /Users/admin/builder/spi-builder-workspace/.derivedData/ModuleCache.noindex/Session.modulevalidation -Xcc -working-directory -Xcc /Users/admin/builder/spi-builder-workspace/.swiftpm/xcode -enable-anonymous-context-mangled-names -file-compilation-dir /Users/admin/builder/spi-builder-workspace/.swiftpm/xcode -Xcc -D_LIBCPP_HARDENING_MODE\=_LIBCPP_HARDENING_MODE_DEBUG -Xcc -ivfsstatcache -Xcc /Users/admin/builder/spi-builder-workspace/.derivedData/SDKStatCaches.noindex/xros27.0-24M361-e829b21a6f8c9b70876ba0858053c044735bd543db762f57723cac368afd1ce4.sdkstatcache -Xcc -fmodules-prune-interval\=86400 -Xcc -fmodules-prune-after\=345600 -Xcc -I/Users/admin/builder/spi-builder-workspace/.derivedData/Build/Products/Debug-xros/include -Xcc -I/Users/admin/builder/spi-builder-workspace/.derivedData/Build/Intermediates.noindex/LoadableImage.build/Debug-xros/LoadableImage-t.build/DerivedSources-normal/arm64 -Xcc -I/Users/admin/builder/spi-builder-workspace/.derivedData/Build/Intermediates.noindex/LoadableImage.build/Debug-xros/LoadableImage-t.build/DerivedSources/arm64 -Xcc -I/Users/admin/builder/spi-builder-workspace/.derivedData/Build/Intermediates.noindex/LoadableImage.build/Debug-xros/LoadableImage-t.build/DerivedSources -Xcc -DSWIFT_PACKAGE -Xcc -DDEBUG\=1 -no-auto-bridging-header-chaining -module-name LoadableImage -const-gather-protocols-file /Users/admin/builder/spi-builder-workspace/.derivedData/Build/Intermediates.noindex/LoadableImage.build/Debug-xros/LoadableImage-t.build/Objects-normal/arm64/LoadableImage_const_extract_protocols.json -disable-clang-spi -clang-target arm64-apple-xros27.0 -target-sdk-version 27.0 -target-sdk-name xros27.0 -in-process-plugin-server-path /Applications/Xcode-27.0.0-Release.Candidate.app/Contents/Developer/Toolchains/XcodeDefault.xctoolchain/usr/lib/swift/host/libSwiftInProcPluginServer.dylib -emit-module-doc-path /Users/admin/builder/spi-builder-workspace/.derivedData/Build/Intermediates.noindex/LoadableImage.build/Debug-xros/LoadableImage-t.build/Objects-normal/arm64/LoadableImage.swiftdoc -emit-module-source-info-path /Users/admin/builder/spi-builder-workspace/.derivedData/Build/Intermediates.noindex/LoadableImage.build/Debug-xros/LoadableImage-t.build/Objects-normal/arm64/LoadableImage.swiftsourceinfo -emit-objc-header-path /Users/admin/builder/spi-builder-workspace/.derivedData/Build/Intermediates.noindex/LoadableImage.build/Debug-xros/LoadableImage-t.build/Objects-normal/arm64/LoadableImage-Swift.h -serialize-diagnostics-path /Users/admin/builder/spi-builder-workspace/.derivedData/Build/Intermediates.noindex/LoadableImage.build/Debug-xros/LoadableImage-t.build/Objects-normal/arm64/LoadableImage-primary-emit-module.dia -emit-dependencies-path /Users/admin/builder/spi-builder-workspace/.derivedData/Build/Intermediates.noindex/LoadableImage.build/Debug-xros/LoadableImage-t.build/Objects-normal/arm64/LoadableImage-primary-emit-module.d -parse-as-library -o /Users/admin/builder/spi-builder-workspace/.derivedData/Build/Intermediates.noindex/LoadableImage.build/Debug-xros/LoadableImage-t.build/Objects-normal/arm64/LoadableImage.swiftmodule -emit-abi-descriptor-path /Users/admin/builder/spi-builder-workspace/.derivedData/Build/Intermediates.noindex/LoadableImage.build/Debug-xros/LoadableImage-t.build/Objects-normal/arm64/LoadableImage.abi.json
SwiftCompile normal arm64 (in target 'LoadableImage' from project 'LoadableImage')
    cd /Users/admin/builder/spi-builder-workspace/.swiftpm/xcode

SwiftCompile normal arm64 Compiling\ GeneratedAssetSymbols.swift /Users/admin/builder/spi-builder-workspace/.derivedData/Build/Intermediates.noindex/LoadableImage.build/Debug-xros/LoadableImage-t.build/DerivedSources/GeneratedAssetSymbols.swift (in target 'LoadableImage' from project 'LoadableImage')
SwiftCompile normal arm64 /Users/admin/builder/spi-builder-workspace/.derivedData/Build/Intermediates.noindex/LoadableImage.build/Debug-xros/LoadableImage-t.build/DerivedSources/GeneratedAssetSymbols.swift (in target 'LoadableImage' from project 'LoadableImage')
    cd /Users/admin/builder/spi-builder-workspace/.swiftpm/xcode
    builtin-SwiftPerFileCompile GeneratedAssetSymbols.swift
PruneExplicitPrecompiledModules /Users/admin/builder/spi-builder-workspace/.derivedData/SDKExplicitPrecompiledModules
PruneExplicitPrecompiledModules /Users/admin/builder/spi-builder-workspace/.derivedData/Build/Intermediates.noindex/ExplicitPrecompiledModules
PruneExplicitPrecompiledModules /Users/admin/builder/spi-builder-workspace/.derivedData/Build/Intermediates.noindex/SwiftExplicitPrecompiledModules
2026-09-16 19:04:52.997 xcodebuild[812:4899] [MT] IDERunDestination: Supported platforms for the buildables in the current scheme is empty.
2026-09-16 19:04:53.117 xcodebuild[812:4899] [MT] IDERunDestination: Supported platforms for the buildables in the current scheme is empty.
** BUILD FAILED **
The following build commands failed:
	SwiftEmitModule normal arm64 Emitting\ module\ for\ LoadableImage (in target 'LoadableImage' from project 'LoadableImage')
	SwiftCompile normal arm64 (in target 'LoadableImage' from project 'LoadableImage')
	Building workspace LoadableImage with scheme LoadableImage
(3 failures)
BUILD FAILURE 6.4 visionOS