Build Information
Failed to build JSONDump, reference v1.0.4 (0743e4), with Swift 6.4 for macOS (Xcode) using Xcode 27.0 on 16 Sep 2026 12:45:48 UTC.
Build Command
env DEVELOPER_DIR=/Applications/Xcode-27.0.0-Release.Candidate.app xcrun xcodebuild -IDEClonedSourcePackagesDirPathOverride=$PWD/.dependencies -skipMacroValidation -skipPackagePluginValidation -derivedDataPath $PWD/.derivedData build -scheme JSONDump-Package -destination platform=macOS,arch=arm64Build Log
========================================
RunAll
========================================
Builder version: 5.1.0
Interrupt handler set up.
========================================
Checkout
========================================
Clone URL: https://github.com/elegantchaos/JSONDump.git
Reference: v1.0.4
Initialized empty Git repository in /Users/admin/builder/spi-builder-workspace/.git/
From https://github.com/elegantchaos/JSONDump
* tag v1.0.4 -> FETCH_HEAD
HEAD is now at 0743e45 Merge pull request #3 from elegantchaos/ios-platform-fix
Cloned https://github.com/elegantchaos/JSONDump.git
Revision (git rev-parse @):
0743e45cc8c57550136df4cc0e1d1d332a9da494
SUCCESS checkout https://github.com/elegantchaos/JSONDump.git at v1.0.4
========================================
Build
========================================
Selected platform: macosXcodebuild
Swift version: 6.4
Building package at path: $PWD
https://github.com/elegantchaos/JSONDump.git
Command line invocation:
/Applications/Xcode-27.0.0-Release.Candidate.app/Contents/Developer/usr/bin/xcodebuild -IDEClonedSourcePackagesDirPathOverride=/Users/admin/builder/spi-builder-workspace/.dependencies -resolvePackageDependencies
resolved source packages:
{
"dependencies" : [
],
"manifest_display_name" : "JSONDump",
"name" : "JSONDump",
"path" : "/Users/admin/builder/spi-builder-workspace",
"platforms" : [
],
"products" : [
{
"name" : "JSONDump",
"targets" : [
"JSONDump"
],
"type" : {
"library" : [
"automatic"
]
}
}
],
"targets" : [
{
"c99name" : "JSONDumpTests",
"module_type" : "SwiftTarget",
"name" : "JSONDumpTests",
"path" : "Tests/JSONDumpTests",
"sources" : [
"JSONDumpTests.swift",
"XCTestManifests.swift"
],
"target_dependencies" : [
"JSONDump"
],
"type" : "test"
},
{
"c99name" : "JSONDump",
"module_type" : "SwiftTarget",
"name" : "JSONDump",
"path" : "Sources/JSONDump",
"product_memberships" : [
"JSONDump"
],
"sources" : [
"JSONDump.swift"
],
"type" : "library"
}
],
"tools_version" : "4.2"
}
{
"project" : {
"configurations" : [
"Debug",
"Release"
],
"name" : "JSONDump",
"schemes" : [
"JSONDump-Package"
],
"targets" : [
"JSONDump",
"JSONDumpPackageDescription",
"JSONDumpPackageTests",
"JSONDumpTests"
]
}
}
Running build ...
env DEVELOPER_DIR=/Applications/Xcode-27.0.0-Release.Candidate.app xcrun xcodebuild -IDEClonedSourcePackagesDirPathOverride=$PWD/.dependencies -skipMacroValidation -skipPackagePluginValidation -derivedDataPath $PWD/.derivedData build -scheme JSONDump-Package -destination platform=macOS,arch=arm64
Command line invocation:
/Applications/Xcode-27.0.0-Release.Candidate.app/Contents/Developer/usr/bin/xcodebuild -IDEClonedSourcePackagesDirPathOverride=/Users/admin/builder/spi-builder-workspace/.dependencies -skipMacroValidation -skipPackagePluginValidation -derivedDataPath /Users/admin/builder/spi-builder-workspace/.derivedData build -scheme JSONDump-Package -destination platform=macOS,arch=arm64
ComputePackagePrebuildTargetDependencyGraph
Prepare packages
CreateBuildRequest
SendProjectDescription
CreateBuildOperation
ComputeTargetDependencyGraph
note: Building targets in dependency order
note: Target dependency graph (1 target)
Target 'JSONDump' in project 'JSONDump' (no dependencies)
GatherProvisioningInputs
CreateBuildDescription
ExecuteExternalTool /Applications/Xcode-27.0.0-Release.Candidate.app/Contents/Developer/Toolchains/XcodeDefault.xctoolchain/usr/bin/clang -v -E -dM -isysroot /Applications/Xcode-27.0.0-Release.Candidate.app/Contents/Developer/Platforms/MacOSX.platform/Developer/SDKs/MacOSX27.0.sdk -x c -c /dev/null
ExecuteExternalTool /Applications/Xcode-27.0.0-Release.Candidate.app/Contents/Developer/Toolchains/XcodeDefault.xctoolchain/usr/bin/swiftc --version
ExecuteExternalTool /Applications/Xcode-27.0.0-Release.Candidate.app/Contents/Developer/Toolchains/XcodeDefault.xctoolchain/usr/bin/ld -version_details
Build description signature: b549b7fea1b2ae2b2b6fb882e3db9703
Build description path: /Users/admin/builder/spi-builder-workspace/.derivedData/Build/Intermediates.noindex/XCBuildData/b549b7fea1b2ae2b2b6fb882e3db9703.xcbuilddata
/Users/admin/builder/spi-builder-workspace/JSONDump.xcodeproj: error: The macOS deployment target 'MACOSX_DEPLOYMENT_TARGET' is set to 10.10, but the range of supported deployment target versions is 12.0 to 27.0.x. (in target 'JSONDump' from project 'JSONDump')
** BUILD FAILED **
The following build commands failed:
Building project JSONDump with scheme JSONDump-Package
(1 failure)
Command line invocation:
/Applications/Xcode-27.0.0-Release.Candidate.app/Contents/Developer/usr/bin/xcodebuild -IDEClonedSourcePackagesDirPathOverride=/Users/admin/builder/spi-builder-workspace/.dependencies -resolvePackageDependencies
resolved source packages:
{
"dependencies" : [
],
"manifest_display_name" : "JSONDump",
"name" : "JSONDump",
"path" : "/Users/admin/builder/spi-builder-workspace",
"platforms" : [
],
"products" : [
{
"name" : "JSONDump",
"targets" : [
"JSONDump"
],
"type" : {
"library" : [
"automatic"
]
}
}
],
"targets" : [
{
"c99name" : "JSONDumpTests",
"module_type" : "SwiftTarget",
"name" : "JSONDumpTests",
"path" : "Tests/JSONDumpTests",
"sources" : [
"JSONDumpTests.swift",
"XCTestManifests.swift"
],
"target_dependencies" : [
"JSONDump"
],
"type" : "test"
},
{
"c99name" : "JSONDump",
"module_type" : "SwiftTarget",
"name" : "JSONDump",
"path" : "Sources/JSONDump",
"product_memberships" : [
"JSONDump"
],
"sources" : [
"JSONDump.swift"
],
"type" : "library"
}
],
"tools_version" : "4.2"
}
{
"project" : {
"configurations" : [
"Debug",
"Release"
],
"name" : "JSONDump",
"schemes" : [
"JSONDump-Package"
],
"targets" : [
"JSONDump",
"JSONDumpPackageDescription",
"JSONDumpPackageTests",
"JSONDumpTests"
]
}
}
Running build ...
env DEVELOPER_DIR=/Applications/Xcode-27.0.0-Release.Candidate.app xcrun xcodebuild -IDEClonedSourcePackagesDirPathOverride=$PWD/.dependencies -skipMacroValidation -skipPackagePluginValidation -derivedDataPath $PWD/.derivedData build -scheme JSONDump-Package -destination platform=macOS,arch=arm64
Command line invocation:
/Applications/Xcode-27.0.0-Release.Candidate.app/Contents/Developer/usr/bin/xcodebuild -IDEClonedSourcePackagesDirPathOverride=/Users/admin/builder/spi-builder-workspace/.dependencies -skipMacroValidation -skipPackagePluginValidation -derivedDataPath /Users/admin/builder/spi-builder-workspace/.derivedData build -scheme JSONDump-Package -destination platform=macOS,arch=arm64
ComputePackagePrebuildTargetDependencyGraph
Prepare packages
CreateBuildRequest
SendProjectDescription
CreateBuildOperation
ComputeTargetDependencyGraph
note: Building targets in dependency order
note: Target dependency graph (1 target)
Target 'JSONDump' in project 'JSONDump' (no dependencies)
GatherProvisioningInputs
CreateBuildDescription
/Users/admin/builder/spi-builder-workspace/JSONDump.xcodeproj: error: The macOS deployment target 'MACOSX_DEPLOYMENT_TARGET' is set to 10.10, but the range of supported deployment target versions is 12.0 to 27.0.x. (in target 'JSONDump' from project 'JSONDump')
** BUILD FAILED **
The following build commands failed:
Building project JSONDump with scheme JSONDump-Package
(1 failure)
BUILD FAILURE 6.4 macosXcodebuild