The Swift Package Index logo.Swift Package Index

Track the adoption of Swift 6 strict concurrency checks for data race safety. How many packages are Ready for Swift 6?

Build Information

Failed to build swift-biome with Swift 5.10 for visionOS using Xcode 15.4 at v0.3.3.

Build Command

env DEVELOPER_DIR=/Applications/Xcode-15.3.0-Beta.2.app xcrun xcodebuild -IDEClonedSourcePackagesDirPathOverride=$workDir/.dependencies -skipMacroValidation -skipPackagePluginValidation -derivedDataPath $workDir/.derivedData build -scheme swift-biome-Package -destination generic/platform=xros

Build Log

    cd /Users/builder/builds/UKfvDsi8u/2/finestructure/swiftpackageindex-builder/spi-builder-workspace/.dependencies/checkouts/swift-nio
    write-file /Users/builder/builds/UKfvDsi8u/2/finestructure/swiftpackageindex-builder/spi-builder-workspace/.derivedData/Build/Intermediates.noindex/swift-nio.build/Debug-xros/NIOConcurrencyHelpers.build/Objects-normal/arm64/NIOConcurrencyHelpers.SwiftFileList
WriteAuxiliaryFile /Users/builder/builds/UKfvDsi8u/2/finestructure/swiftpackageindex-builder/spi-builder-workspace/.derivedData/Build/Intermediates.noindex/swift-nio.build/Debug-xros/NIOConcurrencyHelpers.build/Objects-normal/arm64/NIOConcurrencyHelpers-OutputFileMap.json (in target 'NIOConcurrencyHelpers' from project 'swift-nio')
    cd /Users/builder/builds/UKfvDsi8u/2/finestructure/swiftpackageindex-builder/spi-builder-workspace/.dependencies/checkouts/swift-nio
    write-file /Users/builder/builds/UKfvDsi8u/2/finestructure/swiftpackageindex-builder/spi-builder-workspace/.derivedData/Build/Intermediates.noindex/swift-nio.build/Debug-xros/NIOConcurrencyHelpers.build/Objects-normal/arm64/NIOConcurrencyHelpers-OutputFileMap.json
WriteAuxiliaryFile /Users/builder/builds/UKfvDsi8u/2/finestructure/swiftpackageindex-builder/spi-builder-workspace/.derivedData/Build/Intermediates.noindex/swift-markdown.build/Debug-xros/Markdown.build/Objects-normal/arm64/Markdown.SwiftFileList (in target 'Markdown' from project 'swift-markdown')
    cd /Users/builder/builds/UKfvDsi8u/2/finestructure/swiftpackageindex-builder/spi-builder-workspace/.dependencies/checkouts/swift-markdown
    write-file /Users/builder/builds/UKfvDsi8u/2/finestructure/swiftpackageindex-builder/spi-builder-workspace/.derivedData/Build/Intermediates.noindex/swift-markdown.build/Debug-xros/Markdown.build/Objects-normal/arm64/Markdown.SwiftFileList
WriteAuxiliaryFile /Users/builder/builds/UKfvDsi8u/2/finestructure/swiftpackageindex-builder/spi-builder-workspace/.derivedData/Build/Intermediates.noindex/swift-markdown.build/Debug-xros/Markdown.build/Objects-normal/arm64/Markdown_const_extract_protocols.json (in target 'Markdown' from project 'swift-markdown')
    cd /Users/builder/builds/UKfvDsi8u/2/finestructure/swiftpackageindex-builder/spi-builder-workspace/.dependencies/checkouts/swift-markdown
    write-file /Users/builder/builds/UKfvDsi8u/2/finestructure/swiftpackageindex-builder/spi-builder-workspace/.derivedData/Build/Intermediates.noindex/swift-markdown.build/Debug-xros/Markdown.build/Objects-normal/arm64/Markdown_const_extract_protocols.json
WriteAuxiliaryFile /Users/builder/builds/UKfvDsi8u/2/finestructure/swiftpackageindex-builder/spi-builder-workspace/.derivedData/Build/Intermediates.noindex/swift-markdown.build/Debug-xros/Markdown.build/Objects-normal/arm64/Markdown-OutputFileMap.json (in target 'Markdown' from project 'swift-markdown')
    cd /Users/builder/builds/UKfvDsi8u/2/finestructure/swiftpackageindex-builder/spi-builder-workspace/.dependencies/checkouts/swift-markdown
    write-file /Users/builder/builds/UKfvDsi8u/2/finestructure/swiftpackageindex-builder/spi-builder-workspace/.derivedData/Build/Intermediates.noindex/swift-markdown.build/Debug-xros/Markdown.build/Objects-normal/arm64/Markdown-OutputFileMap.json
WriteAuxiliaryFile /Users/builder/builds/UKfvDsi8u/2/finestructure/swiftpackageindex-builder/spi-builder-workspace/.derivedData/Build/Intermediates.noindex/swift-backtrace.build/Debug-xros/Backtrace.build/Objects-normal/arm64/Backtrace-OutputFileMap.json (in target 'Backtrace' from project 'swift-backtrace')
    cd /Users/builder/builds/UKfvDsi8u/2/finestructure/swiftpackageindex-builder/spi-builder-workspace/.dependencies/checkouts/swift-backtrace
    write-file /Users/builder/builds/UKfvDsi8u/2/finestructure/swiftpackageindex-builder/spi-builder-workspace/.derivedData/Build/Intermediates.noindex/swift-backtrace.build/Debug-xros/Backtrace.build/Objects-normal/arm64/Backtrace-OutputFileMap.json
WriteAuxiliaryFile /Users/builder/builds/UKfvDsi8u/2/finestructure/swiftpackageindex-builder/spi-builder-workspace/.derivedData/Build/Intermediates.noindex/swift-backtrace.build/Debug-xros/Backtrace.build/Objects-normal/arm64/Backtrace.SwiftFileList (in target 'Backtrace' from project 'swift-backtrace')
    cd /Users/builder/builds/UKfvDsi8u/2/finestructure/swiftpackageindex-builder/spi-builder-workspace/.dependencies/checkouts/swift-backtrace
    write-file /Users/builder/builds/UKfvDsi8u/2/finestructure/swiftpackageindex-builder/spi-builder-workspace/.derivedData/Build/Intermediates.noindex/swift-backtrace.build/Debug-xros/Backtrace.build/Objects-normal/arm64/Backtrace.SwiftFileList
WriteAuxiliaryFile /Users/builder/builds/UKfvDsi8u/2/finestructure/swiftpackageindex-builder/spi-builder-workspace/.derivedData/Build/Intermediates.noindex/swift-backtrace.build/Debug-xros/Backtrace.build/Objects-normal/arm64/Backtrace_const_extract_protocols.json (in target 'Backtrace' from project 'swift-backtrace')
    cd /Users/builder/builds/UKfvDsi8u/2/finestructure/swiftpackageindex-builder/spi-builder-workspace/.dependencies/checkouts/swift-backtrace
    write-file /Users/builder/builds/UKfvDsi8u/2/finestructure/swiftpackageindex-builder/spi-builder-workspace/.derivedData/Build/Intermediates.noindex/swift-backtrace.build/Debug-xros/Backtrace.build/Objects-normal/arm64/Backtrace_const_extract_protocols.json
Copy /Users/builder/builds/UKfvDsi8u/2/finestructure/swiftpackageindex-builder/spi-builder-workspace/.derivedData/Build/Products/Debug-xros/WebSemantics.swiftmodule/arm64-apple-xros.abi.json /Users/builder/builds/UKfvDsi8u/2/finestructure/swiftpackageindex-builder/spi-builder-workspace/.derivedData/Build/Intermediates.noindex/swift-resource.build/Debug-xros/WebSemantics.build/Objects-normal/arm64/WebSemantics.abi.json (in target 'WebSemantics' from project 'swift-resource')
    cd /Users/builder/builds/UKfvDsi8u/2/finestructure/swiftpackageindex-builder/spi-builder-workspace/.dependencies/checkouts/swift-resource
    builtin-copy -exclude .DS_Store -exclude CVS -exclude .svn -exclude .git -exclude .hg -resolve-src-symlinks -rename /Users/builder/builds/UKfvDsi8u/2/finestructure/swiftpackageindex-builder/spi-builder-workspace/.derivedData/Build/Intermediates.noindex/swift-resource.build/Debug-xros/WebSemantics.build/Objects-normal/arm64/WebSemantics.abi.json /Users/builder/builds/UKfvDsi8u/2/finestructure/swiftpackageindex-builder/spi-builder-workspace/.derivedData/Build/Products/Debug-xros/WebSemantics.swiftmodule/arm64-apple-xros.abi.json
Copy /Users/builder/builds/UKfvDsi8u/2/finestructure/swiftpackageindex-builder/spi-builder-workspace/.derivedData/Build/Products/Debug-xros/WebSemantics.swiftmodule/arm64-apple-xros.swiftdoc /Users/builder/builds/UKfvDsi8u/2/finestructure/swiftpackageindex-builder/spi-builder-workspace/.derivedData/Build/Intermediates.noindex/swift-resource.build/Debug-xros/WebSemantics.build/Objects-normal/arm64/WebSemantics.swiftdoc (in target 'WebSemantics' from project 'swift-resource')
    cd /Users/builder/builds/UKfvDsi8u/2/finestructure/swiftpackageindex-builder/spi-builder-workspace/.dependencies/checkouts/swift-resource
    builtin-copy -exclude .DS_Store -exclude CVS -exclude .svn -exclude .git -exclude .hg -resolve-src-symlinks -rename /Users/builder/builds/UKfvDsi8u/2/finestructure/swiftpackageindex-builder/spi-builder-workspace/.derivedData/Build/Intermediates.noindex/swift-resource.build/Debug-xros/WebSemantics.build/Objects-normal/arm64/WebSemantics.swiftdoc /Users/builder/builds/UKfvDsi8u/2/finestructure/swiftpackageindex-builder/spi-builder-workspace/.derivedData/Build/Products/Debug-xros/WebSemantics.swiftmodule/arm64-apple-xros.swiftdoc
SwiftMergeGeneratedHeaders /Users/builder/builds/UKfvDsi8u/2/finestructure/swiftpackageindex-builder/spi-builder-workspace/.derivedData/Build/Intermediates.noindex/GeneratedModuleMaps-xros/WebSemantics-Swift.h /Users/builder/builds/UKfvDsi8u/2/finestructure/swiftpackageindex-builder/spi-builder-workspace/.derivedData/Build/Intermediates.noindex/swift-resource.build/Debug-xros/WebSemantics.build/Objects-normal/arm64/WebSemantics-Swift.h (in target 'WebSemantics' from project 'swift-resource')
    cd /Users/builder/builds/UKfvDsi8u/2/finestructure/swiftpackageindex-builder/spi-builder-workspace/.dependencies/checkouts/swift-resource
    builtin-swiftHeaderTool -arch arm64 /Users/builder/builds/UKfvDsi8u/2/finestructure/swiftpackageindex-builder/spi-builder-workspace/.derivedData/Build/Intermediates.noindex/swift-resource.build/Debug-xros/WebSemantics.build/Objects-normal/arm64/WebSemantics-Swift.h -o /Users/builder/builds/UKfvDsi8u/2/finestructure/swiftpackageindex-builder/spi-builder-workspace/.derivedData/Build/Intermediates.noindex/GeneratedModuleMaps-xros/WebSemantics-Swift.h
SwiftMergeGeneratedHeaders /Users/builder/builds/UKfvDsi8u/2/finestructure/swiftpackageindex-builder/spi-builder-workspace/.derivedData/Build/Intermediates.noindex/GeneratedModuleMaps-xros/MIME-Swift.h /Users/builder/builds/UKfvDsi8u/2/finestructure/swiftpackageindex-builder/spi-builder-workspace/.derivedData/Build/Intermediates.noindex/swift-resource.build/Debug-xros/MIME.build/Objects-normal/arm64/MIME-Swift.h (in target 'MIME' from project 'swift-resource')
    cd /Users/builder/builds/UKfvDsi8u/2/finestructure/swiftpackageindex-builder/spi-builder-workspace/.dependencies/checkouts/swift-resource
    builtin-swiftHeaderTool -arch arm64 /Users/builder/builds/UKfvDsi8u/2/finestructure/swiftpackageindex-builder/spi-builder-workspace/.derivedData/Build/Intermediates.noindex/swift-resource.build/Debug-xros/MIME.build/Objects-normal/arm64/MIME-Swift.h -o /Users/builder/builds/UKfvDsi8u/2/finestructure/swiftpackageindex-builder/spi-builder-workspace/.derivedData/Build/Intermediates.noindex/GeneratedModuleMaps-xros/MIME-Swift.h
Copy /Users/builder/builds/UKfvDsi8u/2/finestructure/swiftpackageindex-builder/spi-builder-workspace/.derivedData/Build/Products/Debug-xros/WebSemantics.swiftmodule/Project/arm64-apple-xros.swiftsourceinfo /Users/builder/builds/UKfvDsi8u/2/finestructure/swiftpackageindex-builder/spi-builder-workspace/.derivedData/Build/Intermediates.noindex/swift-resource.build/Debug-xros/WebSemantics.build/Objects-normal/arm64/WebSemantics.swiftsourceinfo (in target 'WebSemantics' from project 'swift-resource')
    cd /Users/builder/builds/UKfvDsi8u/2/finestructure/swiftpackageindex-builder/spi-builder-workspace/.dependencies/checkouts/swift-resource
    builtin-copy -exclude .DS_Store -exclude CVS -exclude .svn -exclude .git -exclude .hg -resolve-src-symlinks -rename /Users/builder/builds/UKfvDsi8u/2/finestructure/swiftpackageindex-builder/spi-builder-workspace/.derivedData/Build/Intermediates.noindex/swift-resource.build/Debug-xros/WebSemantics.build/Objects-normal/arm64/WebSemantics.swiftsourceinfo /Users/builder/builds/UKfvDsi8u/2/finestructure/swiftpackageindex-builder/spi-builder-workspace/.derivedData/Build/Products/Debug-xros/WebSemantics.swiftmodule/Project/arm64-apple-xros.swiftsourceinfo
Copy /Users/builder/builds/UKfvDsi8u/2/finestructure/swiftpackageindex-builder/spi-builder-workspace/.derivedData/Build/Products/Debug-xros/WebSemantics.swiftmodule/arm64-apple-xros.swiftmodule /Users/builder/builds/UKfvDsi8u/2/finestructure/swiftpackageindex-builder/spi-builder-workspace/.derivedData/Build/Intermediates.noindex/swift-resource.build/Debug-xros/WebSemantics.build/Objects-normal/arm64/WebSemantics.swiftmodule (in target 'WebSemantics' from project 'swift-resource')
    cd /Users/builder/builds/UKfvDsi8u/2/finestructure/swiftpackageindex-builder/spi-builder-workspace/.dependencies/checkouts/swift-resource
    builtin-copy -exclude .DS_Store -exclude CVS -exclude .svn -exclude .git -exclude .hg -resolve-src-symlinks -rename /Users/builder/builds/UKfvDsi8u/2/finestructure/swiftpackageindex-builder/spi-builder-workspace/.derivedData/Build/Intermediates.noindex/swift-resource.build/Debug-xros/WebSemantics.build/Objects-normal/arm64/WebSemantics.swiftmodule /Users/builder/builds/UKfvDsi8u/2/finestructure/swiftpackageindex-builder/spi-builder-workspace/.derivedData/Build/Products/Debug-xros/WebSemantics.swiftmodule/arm64-apple-xros.swiftmodule
Copy /Users/builder/builds/UKfvDsi8u/2/finestructure/swiftpackageindex-builder/spi-builder-workspace/.derivedData/Build/Products/Debug-xros/MIME.swiftmodule/arm64-apple-xros.swiftdoc /Users/builder/builds/UKfvDsi8u/2/finestructure/swiftpackageindex-builder/spi-builder-workspace/.derivedData/Build/Intermediates.noindex/swift-resource.build/Debug-xros/MIME.build/Objects-normal/arm64/MIME.swiftdoc (in target 'MIME' from project 'swift-resource')
    cd /Users/builder/builds/UKfvDsi8u/2/finestructure/swiftpackageindex-builder/spi-builder-workspace/.dependencies/checkouts/swift-resource
    builtin-copy -exclude .DS_Store -exclude CVS -exclude .svn -exclude .git -exclude .hg -resolve-src-symlinks -rename /Users/builder/builds/UKfvDsi8u/2/finestructure/swiftpackageindex-builder/spi-builder-workspace/.derivedData/Build/Intermediates.noindex/swift-resource.build/Debug-xros/MIME.build/Objects-normal/arm64/MIME.swiftdoc /Users/builder/builds/UKfvDsi8u/2/finestructure/swiftpackageindex-builder/spi-builder-workspace/.derivedData/Build/Products/Debug-xros/MIME.swiftmodule/arm64-apple-xros.swiftdoc
Copy /Users/builder/builds/UKfvDsi8u/2/finestructure/swiftpackageindex-builder/spi-builder-workspace/.derivedData/Build/Products/Debug-xros/MIME.swiftmodule/arm64-apple-xros.swiftmodule /Users/builder/builds/UKfvDsi8u/2/finestructure/swiftpackageindex-builder/spi-builder-workspace/.derivedData/Build/Intermediates.noindex/swift-resource.build/Debug-xros/MIME.build/Objects-normal/arm64/MIME.swiftmodule (in target 'MIME' from project 'swift-resource')
    cd /Users/builder/builds/UKfvDsi8u/2/finestructure/swiftpackageindex-builder/spi-builder-workspace/.dependencies/checkouts/swift-resource
    builtin-copy -exclude .DS_Store -exclude CVS -exclude .svn -exclude .git -exclude .hg -resolve-src-symlinks -rename /Users/builder/builds/UKfvDsi8u/2/finestructure/swiftpackageindex-builder/spi-builder-workspace/.derivedData/Build/Intermediates.noindex/swift-resource.build/Debug-xros/MIME.build/Objects-normal/arm64/MIME.swiftmodule /Users/builder/builds/UKfvDsi8u/2/finestructure/swiftpackageindex-builder/spi-builder-workspace/.derivedData/Build/Products/Debug-xros/MIME.swiftmodule/arm64-apple-xros.swiftmodule
Copy /Users/builder/builds/UKfvDsi8u/2/finestructure/swiftpackageindex-builder/spi-builder-workspace/.derivedData/Build/Products/Debug-xros/MIME.swiftmodule/arm64-apple-xros.abi.json /Users/builder/builds/UKfvDsi8u/2/finestructure/swiftpackageindex-builder/spi-builder-workspace/.derivedData/Build/Intermediates.noindex/swift-resource.build/Debug-xros/MIME.build/Objects-normal/arm64/MIME.abi.json (in target 'MIME' from project 'swift-resource')
    cd /Users/builder/builds/UKfvDsi8u/2/finestructure/swiftpackageindex-builder/spi-builder-workspace/.dependencies/checkouts/swift-resource
    builtin-copy -exclude .DS_Store -exclude CVS -exclude .svn -exclude .git -exclude .hg -resolve-src-symlinks -rename /Users/builder/builds/UKfvDsi8u/2/finestructure/swiftpackageindex-builder/spi-builder-workspace/.derivedData/Build/Intermediates.noindex/swift-resource.build/Debug-xros/MIME.build/Objects-normal/arm64/MIME.abi.json /Users/builder/builds/UKfvDsi8u/2/finestructure/swiftpackageindex-builder/spi-builder-workspace/.derivedData/Build/Products/Debug-xros/MIME.swiftmodule/arm64-apple-xros.abi.json
Copy /Users/builder/builds/UKfvDsi8u/2/finestructure/swiftpackageindex-builder/spi-builder-workspace/.derivedData/Build/Products/Debug-xros/MIME.swiftmodule/Project/arm64-apple-xros.swiftsourceinfo /Users/builder/builds/UKfvDsi8u/2/finestructure/swiftpackageindex-builder/spi-builder-workspace/.derivedData/Build/Intermediates.noindex/swift-resource.build/Debug-xros/MIME.build/Objects-normal/arm64/MIME.swiftsourceinfo (in target 'MIME' from project 'swift-resource')
    cd /Users/builder/builds/UKfvDsi8u/2/finestructure/swiftpackageindex-builder/spi-builder-workspace/.dependencies/checkouts/swift-resource
    builtin-copy -exclude .DS_Store -exclude CVS -exclude .svn -exclude .git -exclude .hg -resolve-src-symlinks -rename /Users/builder/builds/UKfvDsi8u/2/finestructure/swiftpackageindex-builder/spi-builder-workspace/.derivedData/Build/Intermediates.noindex/swift-resource.build/Debug-xros/MIME.build/Objects-normal/arm64/MIME.swiftsourceinfo /Users/builder/builds/UKfvDsi8u/2/finestructure/swiftpackageindex-builder/spi-builder-workspace/.derivedData/Build/Products/Debug-xros/MIME.swiftmodule/Project/arm64-apple-xros.swiftsourceinfo
CompileC /Users/builder/builds/UKfvDsi8u/2/finestructure/swiftpackageindex-builder/spi-builder-workspace/.derivedData/Build/Intermediates.noindex/cmark-gfm.build/Debug-xros/cmark-gfm-extensions.build/Objects-normal/arm64/tasklist.o /Users/builder/builds/UKfvDsi8u/2/finestructure/swiftpackageindex-builder/spi-builder-workspace/.dependencies/checkouts/swift-cmark/extensions/tasklist.c normal arm64 c com.apple.compilers.llvm.clang.1_0.compiler (in target 'cmark-gfm-extensions' from project 'cmark-gfm')
    cd /Users/builder/builds/UKfvDsi8u/2/finestructure/swiftpackageindex-builder/spi-builder-workspace/.dependencies/checkouts/swift-cmark
    /Applications/Xcode-15.3.0-Beta.2.app/Contents/Developer/Toolchains/XcodeDefault.xctoolchain/usr/bin/clang -x c -ivfsstatcache /Users/builder/builds/UKfvDsi8u/2/finestructure/swiftpackageindex-builder/spi-builder-workspace/.derivedData/SDKStatCaches.noindex/xros1.1-21O5181e-ee5c1ba7e8e63f56232e286fb9e6086d.sdkstatcache -fmessage-length\=0 -fdiagnostics-show-note-include-stack -fmacro-backtrace-limit\=0 -fno-color-diagnostics -fmodules-prune-interval\=86400 -fmodules-prune-after\=345600 -fbuild-session-file\=/Users/builder/builds/UKfvDsi8u/2/finestructure/swiftpackageindex-builder/spi-builder-workspace/.derivedData/ModuleCache.noindex/Session.modulevalidation -fmodules-validate-once-per-build-session -Wnon-modular-include-in-framework-module -Werror\=non-modular-include-in-framework-module -Wno-trigraphs -Wno-missing-field-initializers -Wno-missing-prototypes -Wno-return-type -Wno-missing-braces -Wparentheses -Wswitch -Wno-unused-function -Wno-unused-label -Wno-unused-parameter -Wno-unused-variable -Wunused-value -Wno-empty-body -Wno-uninitialized -Wno-unknown-pragmas -w -Wno-shadow -Wno-four-char-constants -Wno-conversion -Wno-constant-conversion -Wno-int-conversion -Wno-bool-conversion -Wno-enum-conversion -Wno-float-conversion -Wno-non-literal-null-conversion -Wno-objc-literal-conversion -Wshorten-64-to-32 -Wpointer-sign -Wno-newline-eof -Wno-implicit-fallthrough -fstrict-aliasing -Wdeprecated-declarations -Wno-sign-conversion -Wno-infinite-recursion -Wno-comma -Wno-block-capture-autoreleasing -Wno-strict-prototypes -Wno-semicolon-before-method-body -index-store-path /Users/builder/builds/UKfvDsi8u/2/finestructure/swiftpackageindex-builder/spi-builder-workspace/.derivedData/Index.noindex/DataStore @/Users/builder/builds/UKfvDsi8u/2/finestructure/swiftpackageindex-builder/spi-builder-workspace/.derivedData/Build/Intermediates.noindex/cmark-gfm.build/Debug-xros/cmark-gfm-extensions.build/Objects-normal/arm64/7187679823f38a2a940e0043cdf9d637-common-args.resp -MMD -MT dependencies -MF /Users/builder/builds/UKfvDsi8u/2/finestructure/swiftpackageindex-builder/spi-builder-workspace/.derivedData/Build/Intermediates.noindex/cmark-gfm.build/Debug-xros/cmark-gfm-extensions.build/Objects-normal/arm64/tasklist.d --serialize-diagnostics /Users/builder/builds/UKfvDsi8u/2/finestructure/swiftpackageindex-builder/spi-builder-workspace/.derivedData/Build/Intermediates.noindex/cmark-gfm.build/Debug-xros/cmark-gfm-extensions.build/Objects-normal/arm64/tasklist.dia -c /Users/builder/builds/UKfvDsi8u/2/finestructure/swiftpackageindex-builder/spi-builder-workspace/.dependencies/checkouts/swift-cmark/extensions/tasklist.c -o /Users/builder/builds/UKfvDsi8u/2/finestructure/swiftpackageindex-builder/spi-builder-workspace/.derivedData/Build/Intermediates.noindex/cmark-gfm.build/Debug-xros/cmark-gfm-extensions.build/Objects-normal/arm64/tasklist.o -index-unit-output-path /cmark-gfm.build/Debug-xros/cmark-gfm-extensions.build/Objects-normal/arm64/tasklist.o
CompileC /Users/builder/builds/UKfvDsi8u/2/finestructure/swiftpackageindex-builder/spi-builder-workspace/.derivedData/Build/Intermediates.noindex/cmark-gfm.build/Debug-xros/cmark-gfm-extensions.build/Objects-normal/arm64/tagfilter.o /Users/builder/builds/UKfvDsi8u/2/finestructure/swiftpackageindex-builder/spi-builder-workspace/.dependencies/checkouts/swift-cmark/extensions/tagfilter.c normal arm64 c com.apple.compilers.llvm.clang.1_0.compiler (in target 'cmark-gfm-extensions' from project 'cmark-gfm')
    cd /Users/builder/builds/UKfvDsi8u/2/finestructure/swiftpackageindex-builder/spi-builder-workspace/.dependencies/checkouts/swift-cmark
    /Applications/Xcode-15.3.0-Beta.2.app/Contents/Developer/Toolchains/XcodeDefault.xctoolchain/usr/bin/clang -x c -ivfsstatcache /Users/builder/builds/UKfvDsi8u/2/finestructure/swiftpackageindex-builder/spi-builder-workspace/.derivedData/SDKStatCaches.noindex/xros1.1-21O5181e-ee5c1ba7e8e63f56232e286fb9e6086d.sdkstatcache -fmessage-length\=0 -fdiagnostics-show-note-include-stack -fmacro-backtrace-limit\=0 -fno-color-diagnostics -fmodules-prune-interval\=86400 -fmodules-prune-after\=345600 -fbuild-session-file\=/Users/builder/builds/UKfvDsi8u/2/finestructure/swiftpackageindex-builder/spi-builder-workspace/.derivedData/ModuleCache.noindex/Session.modulevalidation -fmodules-validate-once-per-build-session -Wnon-modular-include-in-framework-module -Werror\=non-modular-include-in-framework-module -Wno-trigraphs -Wno-missing-field-initializers -Wno-missing-prototypes -Wno-return-type -Wno-missing-braces -Wparentheses -Wswitch -Wno-unused-function -Wno-unused-label -Wno-unused-parameter -Wno-unused-variable -Wunused-value -Wno-empty-body -Wno-uninitialized -Wno-unknown-pragmas -w -Wno-shadow -Wno-four-char-constants -Wno-conversion -Wno-constant-conversion -Wno-int-conversion -Wno-bool-conversion -Wno-enum-conversion -Wno-float-conversion -Wno-non-literal-null-conversion -Wno-objc-literal-conversion -Wshorten-64-to-32 -Wpointer-sign -Wno-newline-eof -Wno-implicit-fallthrough -fstrict-aliasing -Wdeprecated-declarations -Wno-sign-conversion -Wno-infinite-recursion -Wno-comma -Wno-block-capture-autoreleasing -Wno-strict-prototypes -Wno-semicolon-before-method-body -index-store-path /Users/builder/builds/UKfvDsi8u/2/finestructure/swiftpackageindex-builder/spi-builder-workspace/.derivedData/Index.noindex/DataStore @/Users/builder/builds/UKfvDsi8u/2/finestructure/swiftpackageindex-builder/spi-builder-workspace/.derivedData/Build/Intermediates.noindex/cmark-gfm.build/Debug-xros/cmark-gfm-extensions.build/Objects-normal/arm64/7187679823f38a2a940e0043cdf9d637-common-args.resp -MMD -MT dependencies -MF /Users/builder/builds/UKfvDsi8u/2/finestructure/swiftpackageindex-builder/spi-builder-workspace/.derivedData/Build/Intermediates.noindex/cmark-gfm.build/Debug-xros/cmark-gfm-extensions.build/Objects-normal/arm64/tagfilter.d --serialize-diagnostics /Users/builder/builds/UKfvDsi8u/2/finestructure/swiftpackageindex-builder/spi-builder-workspace/.derivedData/Build/Intermediates.noindex/cmark-gfm.build/Debug-xros/cmark-gfm-extensions.build/Objects-normal/arm64/tagfilter.dia -c /Users/builder/builds/UKfvDsi8u/2/finestructure/swiftpackageindex-builder/spi-builder-workspace/.dependencies/checkouts/swift-cmark/extensions/tagfilter.c -o /Users/builder/builds/UKfvDsi8u/2/finestructure/swiftpackageindex-builder/spi-builder-workspace/.derivedData/Build/Intermediates.noindex/cmark-gfm.build/Debug-xros/cmark-gfm-extensions.build/Objects-normal/arm64/tagfilter.o -index-unit-output-path /cmark-gfm.build/Debug-xros/cmark-gfm-extensions.build/Objects-normal/arm64/tagfilter.o
CompileC /Users/builder/builds/UKfvDsi8u/2/finestructure/swiftpackageindex-builder/spi-builder-workspace/.derivedData/Build/Intermediates.noindex/cmark-gfm.build/Debug-xros/cmark-gfm-extensions.build/Objects-normal/arm64/table.o /Users/builder/builds/UKfvDsi8u/2/finestructure/swiftpackageindex-builder/spi-builder-workspace/.dependencies/checkouts/swift-cmark/extensions/table.c normal arm64 c com.apple.compilers.llvm.clang.1_0.compiler (in target 'cmark-gfm-extensions' from project 'cmark-gfm')
    cd /Users/builder/builds/UKfvDsi8u/2/finestructure/swiftpackageindex-builder/spi-builder-workspace/.dependencies/checkouts/swift-cmark
    /Applications/Xcode-15.3.0-Beta.2.app/Contents/Developer/Toolchains/XcodeDefault.xctoolchain/usr/bin/clang -x c -ivfsstatcache /Users/builder/builds/UKfvDsi8u/2/finestructure/swiftpackageindex-builder/spi-builder-workspace/.derivedData/SDKStatCaches.noindex/xros1.1-21O5181e-ee5c1ba7e8e63f56232e286fb9e6086d.sdkstatcache -fmessage-length\=0 -fdiagnostics-show-note-include-stack -fmacro-backtrace-limit\=0 -fno-color-diagnostics -fmodules-prune-interval\=86400 -fmodules-prune-after\=345600 -fbuild-session-file\=/Users/builder/builds/UKfvDsi8u/2/finestructure/swiftpackageindex-builder/spi-builder-workspace/.derivedData/ModuleCache.noindex/Session.modulevalidation -fmodules-validate-once-per-build-session -Wnon-modular-include-in-framework-module -Werror\=non-modular-include-in-framework-module -Wno-trigraphs -Wno-missing-field-initializers -Wno-missing-prototypes -Wno-return-type -Wno-missing-braces -Wparentheses -Wswitch -Wno-unused-function -Wno-unused-label -Wno-unused-parameter -Wno-unused-variable -Wunused-value -Wno-empty-body -Wno-uninitialized -Wno-unknown-pragmas -w -Wno-shadow -Wno-four-char-constants -Wno-conversion -Wno-constant-conversion -Wno-int-conversion -Wno-bool-conversion -Wno-enum-conversion -Wno-float-conversion -Wno-non-literal-null-conversion -Wno-objc-literal-conversion -Wshorten-64-to-32 -Wpointer-sign -Wno-newline-eof -Wno-implicit-fallthrough -fstrict-aliasing -Wdeprecated-declarations -Wno-sign-conversion -Wno-infinite-recursion -Wno-comma -Wno-block-capture-autoreleasing -Wno-strict-prototypes -Wno-semicolon-before-method-body -index-store-path /Users/builder/builds/UKfvDsi8u/2/finestructure/swiftpackageindex-builder/spi-builder-workspace/.derivedData/Index.noindex/DataStore @/Users/builder/builds/UKfvDsi8u/2/finestructure/swiftpackageindex-builder/spi-builder-workspace/.derivedData/Build/Intermediates.noindex/cmark-gfm.build/Debug-xros/cmark-gfm-extensions.build/Objects-normal/arm64/7187679823f38a2a940e0043cdf9d637-common-args.resp -MMD -MT dependencies -MF /Users/builder/builds/UKfvDsi8u/2/finestructure/swiftpackageindex-builder/spi-builder-workspace/.derivedData/Build/Intermediates.noindex/cmark-gfm.build/Debug-xros/cmark-gfm-extensions.build/Objects-normal/arm64/table.d --serialize-diagnostics /Users/builder/builds/UKfvDsi8u/2/finestructure/swiftpackageindex-builder/spi-builder-workspace/.derivedData/Build/Intermediates.noindex/cmark-gfm.build/Debug-xros/cmark-gfm-extensions.build/Objects-normal/arm64/table.dia -c /Users/builder/builds/UKfvDsi8u/2/finestructure/swiftpackageindex-builder/spi-builder-workspace/.dependencies/checkouts/swift-cmark/extensions/table.c -o /Users/builder/builds/UKfvDsi8u/2/finestructure/swiftpackageindex-builder/spi-builder-workspace/.derivedData/Build/Intermediates.noindex/cmark-gfm.build/Debug-xros/cmark-gfm-extensions.build/Objects-normal/arm64/table.o -index-unit-output-path /cmark-gfm.build/Debug-xros/cmark-gfm-extensions.build/Objects-normal/arm64/table.o
CompileC /Users/builder/builds/UKfvDsi8u/2/finestructure/swiftpackageindex-builder/spi-builder-workspace/.derivedData/Build/Intermediates.noindex/cmark-gfm.build/Debug-xros/cmark-gfm-extensions.build/Objects-normal/arm64/strikethrough.o /Users/builder/builds/UKfvDsi8u/2/finestructure/swiftpackageindex-builder/spi-builder-workspace/.dependencies/checkouts/swift-cmark/extensions/strikethrough.c normal arm64 c com.apple.compilers.llvm.clang.1_0.compiler (in target 'cmark-gfm-extensions' from project 'cmark-gfm')
    cd /Users/builder/builds/UKfvDsi8u/2/finestructure/swiftpackageindex-builder/spi-builder-workspace/.dependencies/checkouts/swift-cmark
    /Applications/Xcode-15.3.0-Beta.2.app/Contents/Developer/Toolchains/XcodeDefault.xctoolchain/usr/bin/clang -x c -ivfsstatcache /Users/builder/builds/UKfvDsi8u/2/finestructure/swiftpackageindex-builder/spi-builder-workspace/.derivedData/SDKStatCaches.noindex/xros1.1-21O5181e-ee5c1ba7e8e63f56232e286fb9e6086d.sdkstatcache -fmessage-length\=0 -fdiagnostics-show-note-include-stack -fmacro-backtrace-limit\=0 -fno-color-diagnostics -fmodules-prune-interval\=86400 -fmodules-prune-after\=345600 -fbuild-session-file\=/Users/builder/builds/UKfvDsi8u/2/finestructure/swiftpackageindex-builder/spi-builder-workspace/.derivedData/ModuleCache.noindex/Session.modulevalidation -fmodules-validate-once-per-build-session -Wnon-modular-include-in-framework-module -Werror\=non-modular-include-in-framework-module -Wno-trigraphs -Wno-missing-field-initializers -Wno-missing-prototypes -Wno-return-type -Wno-missing-braces -Wparentheses -Wswitch -Wno-unused-function -Wno-unused-label -Wno-unused-parameter -Wno-unused-variable -Wunused-value -Wno-empty-body -Wno-uninitialized -Wno-unknown-pragmas -w -Wno-shadow -Wno-four-char-constants -Wno-conversion -Wno-constant-conversion -Wno-int-conversion -Wno-bool-conversion -Wno-enum-conversion -Wno-float-conversion -Wno-non-literal-null-conversion -Wno-objc-literal-conversion -Wshorten-64-to-32 -Wpointer-sign -Wno-newline-eof -Wno-implicit-fallthrough -fstrict-aliasing -Wdeprecated-declarations -Wno-sign-conversion -Wno-infinite-recursion -Wno-comma -Wno-block-capture-autoreleasing -Wno-strict-prototypes -Wno-semicolon-before-method-body -index-store-path /Users/builder/builds/UKfvDsi8u/2/finestructure/swiftpackageindex-builder/spi-builder-workspace/.derivedData/Index.noindex/DataStore @/Users/builder/builds/UKfvDsi8u/2/finestructure/swiftpackageindex-builder/spi-builder-workspace/.derivedData/Build/Intermediates.noindex/cmark-gfm.build/Debug-xros/cmark-gfm-extensions.build/Objects-normal/arm64/7187679823f38a2a940e0043cdf9d637-common-args.resp -MMD -MT dependencies -MF /Users/builder/builds/UKfvDsi8u/2/finestructure/swiftpackageindex-builder/spi-builder-workspace/.derivedData/Build/Intermediates.noindex/cmark-gfm.build/Debug-xros/cmark-gfm-extensions.build/Objects-normal/arm64/strikethrough.d --serialize-diagnostics /Users/builder/builds/UKfvDsi8u/2/finestructure/swiftpackageindex-builder/spi-builder-workspace/.derivedData/Build/Intermediates.noindex/cmark-gfm.build/Debug-xros/cmark-gfm-extensions.build/Objects-normal/arm64/strikethrough.dia -c /Users/builder/builds/UKfvDsi8u/2/finestructure/swiftpackageindex-builder/spi-builder-workspace/.dependencies/checkouts/swift-cmark/extensions/strikethrough.c -o /Users/builder/builds/UKfvDsi8u/2/finestructure/swiftpackageindex-builder/spi-builder-workspace/.derivedData/Build/Intermediates.noindex/cmark-gfm.build/Debug-xros/cmark-gfm-extensions.build/Objects-normal/arm64/strikethrough.o -index-unit-output-path /cmark-gfm.build/Debug-xros/cmark-gfm-extensions.build/Objects-normal/arm64/strikethrough.o
CompileC /Users/builder/builds/UKfvDsi8u/2/finestructure/swiftpackageindex-builder/spi-builder-workspace/.derivedData/Build/Intermediates.noindex/cmark-gfm.build/Debug-xros/cmark-gfm-extensions.build/Objects-normal/arm64/ext_scanners.o /Users/builder/builds/UKfvDsi8u/2/finestructure/swiftpackageindex-builder/spi-builder-workspace/.dependencies/checkouts/swift-cmark/extensions/ext_scanners.c normal arm64 c com.apple.compilers.llvm.clang.1_0.compiler (in target 'cmark-gfm-extensions' from project 'cmark-gfm')
    cd /Users/builder/builds/UKfvDsi8u/2/finestructure/swiftpackageindex-builder/spi-builder-workspace/.dependencies/checkouts/swift-cmark
    /Applications/Xcode-15.3.0-Beta.2.app/Contents/Developer/Toolchains/XcodeDefault.xctoolchain/usr/bin/clang -x c -ivfsstatcache /Users/builder/builds/UKfvDsi8u/2/finestructure/swiftpackageindex-builder/spi-builder-workspace/.derivedData/SDKStatCaches.noindex/xros1.1-21O5181e-ee5c1ba7e8e63f56232e286fb9e6086d.sdkstatcache -fmessage-length\=0 -fdiagnostics-show-note-include-stack -fmacro-backtrace-limit\=0 -fno-color-diagnostics -fmodules-prune-interval\=86400 -fmodules-prune-after\=345600 -fbuild-session-file\=/Users/builder/builds/UKfvDsi8u/2/finestructure/swiftpackageindex-builder/spi-builder-workspace/.derivedData/ModuleCache.noindex/Session.modulevalidation -fmodules-validate-once-per-build-session -Wnon-modular-include-in-framework-module -Werror\=non-modular-include-in-framework-module -Wno-trigraphs -Wno-missing-field-initializers -Wno-missing-prototypes -Wno-return-type -Wno-missing-braces -Wparentheses -Wswitch -Wno-unused-function -Wno-unused-label -Wno-unused-parameter -Wno-unused-variable -Wunused-value -Wno-empty-body -Wno-uninitialized -Wno-unknown-pragmas -w -Wno-shadow -Wno-four-char-constants -Wno-conversion -Wno-constant-conversion -Wno-int-conversion -Wno-bool-conversion -Wno-enum-conversion -Wno-float-conversion -Wno-non-literal-null-conversion -Wno-objc-literal-conversion -Wshorten-64-to-32 -Wpointer-sign -Wno-newline-eof -Wno-implicit-fallthrough -fstrict-aliasing -Wdeprecated-declarations -Wno-sign-conversion -Wno-infinite-recursion -Wno-comma -Wno-block-capture-autoreleasing -Wno-strict-prototypes -Wno-semicolon-before-method-body -index-store-path /Users/builder/builds/UKfvDsi8u/2/finestructure/swiftpackageindex-builder/spi-builder-workspace/.derivedData/Index.noindex/DataStore @/Users/builder/builds/UKfvDsi8u/2/finestructure/swiftpackageindex-builder/spi-builder-workspace/.derivedData/Build/Intermediates.noindex/cmark-gfm.build/Debug-xros/cmark-gfm-extensions.build/Objects-normal/arm64/7187679823f38a2a940e0043cdf9d637-common-args.resp -MMD -MT dependencies -MF /Users/builder/builds/UKfvDsi8u/2/finestructure/swiftpackageindex-builder/spi-builder-workspace/.derivedData/Build/Intermediates.noindex/cmark-gfm.build/Debug-xros/cmark-gfm-extensions.build/Objects-normal/arm64/ext_scanners.d --serialize-diagnostics /Users/builder/builds/UKfvDsi8u/2/finestructure/swiftpackageindex-builder/spi-builder-workspace/.derivedData/Build/Intermediates.noindex/cmark-gfm.build/Debug-xros/cmark-gfm-extensions.build/Objects-normal/arm64/ext_scanners.dia -c /Users/builder/builds/UKfvDsi8u/2/finestructure/swiftpackageindex-builder/spi-builder-workspace/.dependencies/checkouts/swift-cmark/extensions/ext_scanners.c -o /Users/builder/builds/UKfvDsi8u/2/finestructure/swiftpackageindex-builder/spi-builder-workspace/.derivedData/Build/Intermediates.noindex/cmark-gfm.build/Debug-xros/cmark-gfm-extensions.build/Objects-normal/arm64/ext_scanners.o -index-unit-output-path /cmark-gfm.build/Debug-xros/cmark-gfm-extensions.build/Objects-normal/arm64/ext_scanners.o
CompileC /Users/builder/builds/UKfvDsi8u/2/finestructure/swiftpackageindex-builder/spi-builder-workspace/.derivedData/Build/Intermediates.noindex/cmark-gfm.build/Debug-xros/cmark-gfm-extensions.build/Objects-normal/arm64/core-extensions.o /Users/builder/builds/UKfvDsi8u/2/finestructure/swiftpackageindex-builder/spi-builder-workspace/.dependencies/checkouts/swift-cmark/extensions/core-extensions.c normal arm64 c com.apple.compilers.llvm.clang.1_0.compiler (in target 'cmark-gfm-extensions' from project 'cmark-gfm')
    cd /Users/builder/builds/UKfvDsi8u/2/finestructure/swiftpackageindex-builder/spi-builder-workspace/.dependencies/checkouts/swift-cmark
    /Applications/Xcode-15.3.0-Beta.2.app/Contents/Developer/Toolchains/XcodeDefault.xctoolchain/usr/bin/clang -x c -ivfsstatcache /Users/builder/builds/UKfvDsi8u/2/finestructure/swiftpackageindex-builder/spi-builder-workspace/.derivedData/SDKStatCaches.noindex/xros1.1-21O5181e-ee5c1ba7e8e63f56232e286fb9e6086d.sdkstatcache -fmessage-length\=0 -fdiagnostics-show-note-include-stack -fmacro-backtrace-limit\=0 -fno-color-diagnostics -fmodules-prune-interval\=86400 -fmodules-prune-after\=345600 -fbuild-session-file\=/Users/builder/builds/UKfvDsi8u/2/finestructure/swiftpackageindex-builder/spi-builder-workspace/.derivedData/ModuleCache.noindex/Session.modulevalidation -fmodules-validate-once-per-build-session -Wnon-modular-include-in-framework-module -Werror\=non-modular-include-in-framework-module -Wno-trigraphs -Wno-missing-field-initializers -Wno-missing-prototypes -Wno-return-type -Wno-missing-braces -Wparentheses -Wswitch -Wno-unused-function -Wno-unused-label -Wno-unused-parameter -Wno-unused-variable -Wunused-value -Wno-empty-body -Wno-uninitialized -Wno-unknown-pragmas -w -Wno-shadow -Wno-four-char-constants -Wno-conversion -Wno-constant-conversion -Wno-int-conversion -Wno-bool-conversion -Wno-enum-conversion -Wno-float-conversion -Wno-non-literal-null-conversion -Wno-objc-literal-conversion -Wshorten-64-to-32 -Wpointer-sign -Wno-newline-eof -Wno-implicit-fallthrough -fstrict-aliasing -Wdeprecated-declarations -Wno-sign-conversion -Wno-infinite-recursion -Wno-comma -Wno-block-capture-autoreleasing -Wno-strict-prototypes -Wno-semicolon-before-method-body -index-store-path /Users/builder/builds/UKfvDsi8u/2/finestructure/swiftpackageindex-builder/spi-builder-workspace/.derivedData/Index.noindex/DataStore @/Users/builder/builds/UKfvDsi8u/2/finestructure/swiftpackageindex-builder/spi-builder-workspace/.derivedData/Build/Intermediates.noindex/cmark-gfm.build/Debug-xros/cmark-gfm-extensions.build/Objects-normal/arm64/7187679823f38a2a940e0043cdf9d637-common-args.resp -MMD -MT dependencies -MF /Users/builder/builds/UKfvDsi8u/2/finestructure/swiftpackageindex-builder/spi-builder-workspace/.derivedData/Build/Intermediates.noindex/cmark-gfm.build/Debug-xros/cmark-gfm-extensions.build/Objects-normal/arm64/core-extensions.d --serialize-diagnostics /Users/builder/builds/UKfvDsi8u/2/finestructure/swiftpackageindex-builder/spi-builder-workspace/.derivedData/Build/Intermediates.noindex/cmark-gfm.build/Debug-xros/cmark-gfm-extensions.build/Objects-normal/arm64/core-extensions.dia -c /Users/builder/builds/UKfvDsi8u/2/finestructure/swiftpackageindex-builder/spi-builder-workspace/.dependencies/checkouts/swift-cmark/extensions/core-extensions.c -o /Users/builder/builds/UKfvDsi8u/2/finestructure/swiftpackageindex-builder/spi-builder-workspace/.derivedData/Build/Intermediates.noindex/cmark-gfm.build/Debug-xros/cmark-gfm-extensions.build/Objects-normal/arm64/core-extensions.o -index-unit-output-path /cmark-gfm.build/Debug-xros/cmark-gfm-extensions.build/Objects-normal/arm64/core-extensions.o
CompileC /Users/builder/builds/UKfvDsi8u/2/finestructure/swiftpackageindex-builder/spi-builder-workspace/.derivedData/Build/Intermediates.noindex/cmark-gfm.build/Debug-xros/cmark-gfm-extensions.build/Objects-normal/arm64/autolink.o /Users/builder/builds/UKfvDsi8u/2/finestructure/swiftpackageindex-builder/spi-builder-workspace/.dependencies/checkouts/swift-cmark/extensions/autolink.c normal arm64 c com.apple.compilers.llvm.clang.1_0.compiler (in target 'cmark-gfm-extensions' from project 'cmark-gfm')
    cd /Users/builder/builds/UKfvDsi8u/2/finestructure/swiftpackageindex-builder/spi-builder-workspace/.dependencies/checkouts/swift-cmark
    /Applications/Xcode-15.3.0-Beta.2.app/Contents/Developer/Toolchains/XcodeDefault.xctoolchain/usr/bin/clang -x c -ivfsstatcache /Users/builder/builds/UKfvDsi8u/2/finestructure/swiftpackageindex-builder/spi-builder-workspace/.derivedData/SDKStatCaches.noindex/xros1.1-21O5181e-ee5c1ba7e8e63f56232e286fb9e6086d.sdkstatcache -fmessage-length\=0 -fdiagnostics-show-note-include-stack -fmacro-backtrace-limit\=0 -fno-color-diagnostics -fmodules-prune-interval\=86400 -fmodules-prune-after\=345600 -fbuild-session-file\=/Users/builder/builds/UKfvDsi8u/2/finestructure/swiftpackageindex-builder/spi-builder-workspace/.derivedData/ModuleCache.noindex/Session.modulevalidation -fmodules-validate-once-per-build-session -Wnon-modular-include-in-framework-module -Werror\=non-modular-include-in-framework-module -Wno-trigraphs -Wno-missing-field-initializers -Wno-missing-prototypes -Wno-return-type -Wno-missing-braces -Wparentheses -Wswitch -Wno-unused-function -Wno-unused-label -Wno-unused-parameter -Wno-unused-variable -Wunused-value -Wno-empty-body -Wno-uninitialized -Wno-unknown-pragmas -w -Wno-shadow -Wno-four-char-constants -Wno-conversion -Wno-constant-conversion -Wno-int-conversion -Wno-bool-conversion -Wno-enum-conversion -Wno-float-conversion -Wno-non-literal-null-conversion -Wno-objc-literal-conversion -Wshorten-64-to-32 -Wpointer-sign -Wno-newline-eof -Wno-implicit-fallthrough -fstrict-aliasing -Wdeprecated-declarations -Wno-sign-conversion -Wno-infinite-recursion -Wno-comma -Wno-block-capture-autoreleasing -Wno-strict-prototypes -Wno-semicolon-before-method-body -index-store-path /Users/builder/builds/UKfvDsi8u/2/finestructure/swiftpackageindex-builder/spi-builder-workspace/.derivedData/Index.noindex/DataStore @/Users/builder/builds/UKfvDsi8u/2/finestructure/swiftpackageindex-builder/spi-builder-workspace/.derivedData/Build/Intermediates.noindex/cmark-gfm.build/Debug-xros/cmark-gfm-extensions.build/Objects-normal/arm64/7187679823f38a2a940e0043cdf9d637-common-args.resp -MMD -MT dependencies -MF /Users/builder/builds/UKfvDsi8u/2/finestructure/swiftpackageindex-builder/spi-builder-workspace/.derivedData/Build/Intermediates.noindex/cmark-gfm.build/Debug-xros/cmark-gfm-extensions.build/Objects-normal/arm64/autolink.d --serialize-diagnostics /Users/builder/builds/UKfvDsi8u/2/finestructure/swiftpackageindex-builder/spi-builder-workspace/.derivedData/Build/Intermediates.noindex/cmark-gfm.build/Debug-xros/cmark-gfm-extensions.build/Objects-normal/arm64/autolink.dia -c /Users/builder/builds/UKfvDsi8u/2/finestructure/swiftpackageindex-builder/spi-builder-workspace/.dependencies/checkouts/swift-cmark/extensions/autolink.c -o /Users/builder/builds/UKfvDsi8u/2/finestructure/swiftpackageindex-builder/spi-builder-workspace/.derivedData/Build/Intermediates.noindex/cmark-gfm.build/Debug-xros/cmark-gfm-extensions.build/Objects-normal/arm64/autolink.o -index-unit-output-path /cmark-gfm.build/Debug-xros/cmark-gfm-extensions.build/Objects-normal/arm64/autolink.o
CompileC /Users/builder/builds/UKfvDsi8u/2/finestructure/swiftpackageindex-builder/spi-builder-workspace/.derivedData/Build/Intermediates.noindex/cmark-gfm.build/Debug-xros/cmark-gfm.build/Objects-normal/arm64/linked_list.o /Users/builder/builds/UKfvDsi8u/2/finestructure/swiftpackageindex-builder/spi-builder-workspace/.dependencies/checkouts/swift-cmark/src/linked_list.c normal arm64 c com.apple.compilers.llvm.clang.1_0.compiler (in target 'cmark-gfm' from project 'cmark-gfm')
    cd /Users/builder/builds/UKfvDsi8u/2/finestructure/swiftpackageindex-builder/spi-builder-workspace/.dependencies/checkouts/swift-cmark
    /Applications/Xcode-15.3.0-Beta.2.app/Contents/Developer/Toolchains/XcodeDefault.xctoolchain/usr/bin/clang -x c -ivfsstatcache /Users/builder/builds/UKfvDsi8u/2/finestructure/swiftpackageindex-builder/spi-builder-workspace/.derivedData/SDKStatCaches.noindex/xros1.1-21O5181e-ee5c1ba7e8e63f56232e286fb9e6086d.sdkstatcache -fmessage-length\=0 -fdiagnostics-show-note-include-stack -fmacro-backtrace-limit\=0 -fno-color-diagnostics -fmodules-prune-interval\=86400 -fmodules-prune-after\=345600 -fbuild-session-file\=/Users/builder/builds/UKfvDsi8u/2/finestructure/swiftpackageindex-builder/spi-builder-workspace/.derivedData/ModuleCache.noindex/Session.modulevalidation -fmodules-validate-once-per-build-session -Wnon-modular-include-in-framework-module -Werror\=non-modular-include-in-framework-module -Wno-trigraphs -Wno-missing-field-initializers -Wno-missing-prototypes -Wno-return-type -Wno-missing-braces -Wparentheses -Wswitch -Wno-unused-function -Wno-unused-label -Wno-unused-parameter -Wno-unused-variable -Wunused-value -Wno-empty-body -Wno-uninitialized -Wno-unknown-pragmas -w -Wno-shadow -Wno-four-char-constants -Wno-conversion -Wno-constant-conversion -Wno-int-conversion -Wno-bool-conversion -Wno-enum-conversion -Wno-float-conversion -Wno-non-literal-null-conversion -Wno-objc-literal-conversion -Wshorten-64-to-32 -Wpointer-sign -Wno-newline-eof -Wno-implicit-fallthrough -fstrict-aliasing -Wdeprecated-declarations -Wno-sign-conversion -Wno-infinite-recursion -Wno-comma -Wno-block-capture-autoreleasing -Wno-strict-prototypes -Wno-semicolon-before-method-body -index-store-path /Users/builder/builds/UKfvDsi8u/2/finestructure/swiftpackageindex-builder/spi-builder-workspace/.derivedData/Index.noindex/DataStore @/Users/builder/builds/UKfvDsi8u/2/finestructure/swiftpackageindex-builder/spi-builder-workspace/.derivedData/Build/Intermediates.noindex/cmark-gfm.build/Debug-xros/cmark-gfm.build/Objects-normal/arm64/7187679823f38a2a940e0043cdf9d637-common-args.resp -MMD -MT dependencies -MF /Users/builder/builds/UKfvDsi8u/2/finestructure/swiftpackageindex-builder/spi-builder-workspace/.derivedData/Build/Intermediates.noindex/cmark-gfm.build/Debug-xros/cmark-gfm.build/Objects-normal/arm64/linked_list.d --serialize-diagnostics /Users/builder/builds/UKfvDsi8u/2/finestructure/swiftpackageindex-builder/spi-builder-workspace/.derivedData/Build/Intermediates.noindex/cmark-gfm.build/Debug-xros/cmark-gfm.build/Objects-normal/arm64/linked_list.dia -c /Users/builder/builds/UKfvDsi8u/2/finestructure/swiftpackageindex-builder/spi-builder-workspace/.dependencies/checkouts/swift-cmark/src/linked_list.c -o /Users/builder/builds/UKfvDsi8u/2/finestructure/swiftpackageindex-builder/spi-builder-workspace/.derivedData/Build/Intermediates.noindex/cmark-gfm.build/Debug-xros/cmark-gfm.build/Objects-normal/arm64/linked_list.o -index-unit-output-path /cmark-gfm.build/Debug-xros/cmark-gfm.build/Objects-normal/arm64/linked_list.o
SwiftDriver _NIODataStructures normal arm64 com.apple.xcode.tools.swift.compiler (in target '_NIODataStructures' from project 'swift-nio')
    cd /Users/builder/builds/UKfvDsi8u/2/finestructure/swiftpackageindex-builder/spi-builder-workspace/.dependencies/checkouts/swift-nio
    builtin-SwiftDriver -- /Applications/Xcode-15.3.0-Beta.2.app/Contents/Developer/Toolchains/XcodeDefault.xctoolchain/usr/bin/swiftc -module-name _NIODataStructures -Onone -enforce-exclusivity\=checked @/Users/builder/builds/UKfvDsi8u/2/finestructure/swiftpackageindex-builder/spi-builder-workspace/.derivedData/Build/Intermediates.noindex/swift-nio.build/Debug-xros/_NIODataStructures.build/Objects-normal/arm64/_NIODataStructures.SwiftFileList -DSWIFT_PACKAGE -DDEBUG -DXcode -sdk /Applications/Xcode-15.3.0-Beta.2.app/Contents/Developer/Platforms/XROS.platform/Developer/SDKs/XROS1.1.sdk -target arm64-apple-xros1.0 -g -module-cache-path /Users/builder/builds/UKfvDsi8u/2/finestructure/swiftpackageindex-builder/spi-builder-workspace/.derivedData/ModuleCache.noindex -Xfrontend -serialize-debugging-options -enable-testing -suppress-warnings -index-store-path /Users/builder/builds/UKfvDsi8u/2/finestructure/swiftpackageindex-builder/spi-builder-workspace/.derivedData/Index.noindex/DataStore -swift-version 5 -I /Users/builder/builds/UKfvDsi8u/2/finestructure/swiftpackageindex-builder/spi-builder-workspace/.derivedData/Build/Products/Debug-xros -I /Applications/Xcode-15.3.0-Beta.2.app/Contents/Developer/Platforms/XROS.platform/Developer/usr/lib -F /Users/builder/builds/UKfvDsi8u/2/finestructure/swiftpackageindex-builder/spi-builder-workspace/.derivedData/Build/Products/Debug-xros -F /Applications/Xcode-15.3.0-Beta.2.app/Contents/Developer/Platforms/XROS.platform/Developer/Library/Frameworks -F /Applications/Xcode-15.3.0-Beta.2.app/Contents/Developer/Platforms/XROS.platform/Developer/SDKs/XROS1.1.sdk/Developer/Library/Frameworks -c -j8 -enable-batch-mode -incremental -Xcc -ivfsstatcache -Xcc /Users/builder/builds/UKfvDsi8u/2/finestructure/swiftpackageindex-builder/spi-builder-workspace/.derivedData/SDKStatCaches.noindex/xros1.1-21O5181e-ee5c1ba7e8e63f56232e286fb9e6086d.sdkstatcache -output-file-map /Users/builder/builds/UKfvDsi8u/2/finestructure/swiftpackageindex-builder/spi-builder-workspace/.derivedData/Build/Intermediates.noindex/swift-nio.build/Debug-xros/_NIODataStructures.build/Objects-normal/arm64/_NIODataStructures-OutputFileMap.json -use-frontend-parseable-output -save-temps -no-color-diagnostics -serialize-diagnostics -emit-dependencies -emit-module -emit-module-path /Users/builder/builds/UKfvDsi8u/2/finestructure/swiftpackageindex-builder/spi-builder-workspace/.derivedData/Build/Intermediates.noindex/swift-nio.build/Debug-xros/_NIODataStructures.build/Objects-normal/arm64/_NIODataStructures.swiftmodule -validate-clang-modules-once -clang-build-session-file /Users/builder/builds/UKfvDsi8u/2/finestructure/swiftpackageindex-builder/spi-builder-workspace/.derivedData/ModuleCache.noindex/Session.modulevalidation -Xcc -I/Users/builder/builds/UKfvDsi8u/2/finestructure/swiftpackageindex-builder/spi-builder-workspace/.derivedData/Build/Intermediates.noindex/swift-nio.build/Debug-xros/_NIODataStructures.build/swift-overrides.hmap -emit-const-values -Xfrontend -const-gather-protocols-file -Xfrontend /Users/builder/builds/UKfvDsi8u/2/finestructure/swiftpackageindex-builder/spi-builder-workspace/.derivedData/Build/Intermediates.noindex/swift-nio.build/Debug-xros/_NIODataStructures.build/Objects-normal/arm64/_NIODataStructures_const_extract_protocols.json -Xcc -I/Users/builder/builds/UKfvDsi8u/2/finestructure/swiftpackageindex-builder/spi-builder-workspace/.derivedData/Build/Products/Debug-xros/include -Xcc -I/Users/builder/builds/UKfvDsi8u/2/finestructure/swiftpackageindex-builder/spi-builder-workspace/.derivedData/Build/Intermediates.noindex/swift-nio.build/Debug-xros/_NIODataStructures.build/DerivedSources-normal/arm64 -Xcc -I/Users/builder/builds/UKfvDsi8u/2/finestructure/swiftpackageindex-builder/spi-builder-workspace/.derivedData/Build/Intermediates.noindex/swift-nio.build/Debug-xros/_NIODataStructures.build/DerivedSources/arm64 -Xcc -I/Users/builder/builds/UKfvDsi8u/2/finestructure/swiftpackageindex-builder/spi-builder-workspace/.derivedData/Build/Intermediates.noindex/swift-nio.build/Debug-xros/_NIODataStructures.build/DerivedSources -Xcc -DSWIFT_PACKAGE -Xcc -DDEBUG\=1 -emit-objc-header -emit-objc-header-path /Users/builder/builds/UKfvDsi8u/2/finestructure/swiftpackageindex-builder/spi-builder-workspace/.derivedData/Build/Intermediates.noindex/swift-nio.build/Debug-xros/_NIODataStructures.build/Objects-normal/arm64/_NIODataStructures-Swift.h -working-directory /Users/builder/builds/UKfvDsi8u/2/finestructure/swiftpackageindex-builder/spi-builder-workspace/.dependencies/checkouts/swift-nio -experimental-emit-module-separately -disable-cmo
SwiftDriver WebSemantics normal arm64 com.apple.xcode.tools.swift.compiler (in target 'WebSemantics' from project 'swift-resource')
    cd /Users/builder/builds/UKfvDsi8u/2/finestructure/swiftpackageindex-builder/spi-builder-workspace/.dependencies/checkouts/swift-resource
    builtin-SwiftDriver -- /Applications/Xcode-15.3.0-Beta.2.app/Contents/Developer/Toolchains/XcodeDefault.xctoolchain/usr/bin/swiftc -module-name WebSemantics -Onone -enforce-exclusivity\=checked @/Users/builder/builds/UKfvDsi8u/2/finestructure/swiftpackageindex-builder/spi-builder-workspace/.derivedData/Build/Intermediates.noindex/swift-resource.build/Debug-xros/WebSemantics.build/Objects-normal/arm64/WebSemantics.SwiftFileList -DSWIFT_PACKAGE -DDEBUG -DXcode -sdk /Applications/Xcode-15.3.0-Beta.2.app/Contents/Developer/Platforms/XROS.platform/Developer/SDKs/XROS1.1.sdk -target arm64-apple-xros1.0 -g -module-cache-path /Users/builder/builds/UKfvDsi8u/2/finestructure/swiftpackageindex-builder/spi-builder-workspace/.derivedData/ModuleCache.noindex -Xfrontend -serialize-debugging-options -enable-testing -suppress-warnings -index-store-path /Users/builder/builds/UKfvDsi8u/2/finestructure/swiftpackageindex-builder/spi-builder-workspace/.derivedData/Index.noindex/DataStore -swift-version 5 -I /Users/builder/builds/UKfvDsi8u/2/finestructure/swiftpackageindex-builder/spi-builder-workspace/.derivedData/Build/Products/Debug-xros -I /Applications/Xcode-15.3.0-Beta.2.app/Contents/Developer/Platforms/XROS.platform/Developer/usr/lib -F /Users/builder/builds/UKfvDsi8u/2/finestructure/swiftpackageindex-builder/spi-builder-workspace/.derivedData/Build/Products/Debug-xros -F /Applications/Xcode-15.3.0-Beta.2.app/Contents/Developer/Platforms/XROS.platform/Developer/Library/Frameworks -F /Applications/Xcode-15.3.0-Beta.2.app/Contents/Developer/Platforms/XROS.platform/Developer/SDKs/XROS1.1.sdk/Developer/Library/Frameworks -parse-as-library -c -j8 -enable-batch-mode -incremental -Xcc -ivfsstatcache -Xcc /Users/builder/builds/UKfvDsi8u/2/finestructure/swiftpackageindex-builder/spi-builder-workspace/.derivedData/SDKStatCaches.noindex/xros1.1-21O5181e-ee5c1ba7e8e63f56232e286fb9e6086d.sdkstatcache -output-file-map /Users/builder/builds/UKfvDsi8u/2/finestructure/swiftpackageindex-builder/spi-builder-workspace/.derivedData/Build/Intermediates.noindex/swift-resource.build/Debug-xros/WebSemantics.build/Objects-normal/arm64/WebSemantics-OutputFileMap.json -use-frontend-parseable-output -save-temps -no-color-diagnostics -serialize-diagnostics -emit-dependencies -emit-module -emit-module-path /Users/builder/builds/UKfvDsi8u/2/finestructure/swiftpackageindex-builder/spi-builder-workspace/.derivedData/Build/Intermediates.noindex/swift-resource.build/Debug-xros/WebSemantics.build/Objects-normal/arm64/WebSemantics.swiftmodule -validate-clang-modules-once -clang-build-session-file /Users/builder/builds/UKfvDsi8u/2/finestructure/swiftpackageindex-builder/spi-builder-workspace/.derivedData/ModuleCache.noindex/Session.modulevalidation -Xcc -I/Users/builder/builds/UKfvDsi8u/2/finestructure/swiftpackageindex-builder/spi-builder-workspace/.derivedData/Build/Intermediates.noindex/swift-resource.build/Debug-xros/WebSemantics.build/swift-overrides.hmap -emit-const-values -Xfrontend -const-gather-protocols-file -Xfrontend /Users/builder/builds/UKfvDsi8u/2/finestructure/swiftpackageindex-builder/spi-builder-workspace/.derivedData/Build/Intermediates.noindex/swift-resource.build/Debug-xros/WebSemantics.build/Objects-normal/arm64/WebSemantics_const_extract_protocols.json -Xcc -I/Users/builder/builds/UKfvDsi8u/2/finestructure/swiftpackageindex-builder/spi-builder-workspace/.derivedData/Build/Products/Debug-xros/include -Xcc -I/Users/builder/builds/UKfvDsi8u/2/finestructure/swiftpackageindex-builder/spi-builder-workspace/.derivedData/Build/Intermediates.noindex/swift-resource.build/Debug-xros/WebSemantics.build/DerivedSources-normal/arm64 -Xcc -I/Users/builder/builds/UKfvDsi8u/2/finestructure/swiftpackageindex-builder/spi-builder-workspace/.derivedData/Build/Intermediates.noindex/swift-resource.build/Debug-xros/WebSemantics.build/DerivedSources/arm64 -Xcc -I/Users/builder/builds/UKfvDsi8u/2/finestructure/swiftpackageindex-builder/spi-builder-workspace/.derivedData/Build/Intermediates.noindex/swift-resource.build/Debug-xros/WebSemantics.build/DerivedSources -Xcc -DSWIFT_PACKAGE -Xcc -DDEBUG\=1 -emit-objc-header -emit-objc-header-path /Users/builder/builds/UKfvDsi8u/2/finestructure/swiftpackageindex-builder/spi-builder-workspace/.derivedData/Build/Intermediates.noindex/swift-resource.build/Debug-xros/WebSemantics.build/Objects-normal/arm64/WebSemantics-Swift.h -working-directory /Users/builder/builds/UKfvDsi8u/2/finestructure/swiftpackageindex-builder/spi-builder-workspace/.dependencies/checkouts/swift-resource -experimental-emit-module-separately -disable-cmo
SwiftDriver SystemPackage normal arm64 com.apple.xcode.tools.swift.compiler (in target 'SystemPackage' from project 'swift-system')
    cd /Users/builder/builds/UKfvDsi8u/2/finestructure/swiftpackageindex-builder/spi-builder-workspace/.dependencies/checkouts/swift-system
    builtin-SwiftDriver -- /Applications/Xcode-15.3.0-Beta.2.app/Contents/Developer/Toolchains/XcodeDefault.xctoolchain/usr/bin/swiftc -module-name SystemPackage -Onone -enforce-exclusivity\=checked @/Users/builder/builds/UKfvDsi8u/2/finestructure/swiftpackageindex-builder/spi-builder-workspace/.derivedData/Build/Intermediates.noindex/swift-system.build/Debug-xros/SystemPackage.build/Objects-normal/arm64/SystemPackage.SwiftFileList -DSWIFT_PACKAGE -DDEBUG -DSYSTEM_PACKAGE -DENABLE_MOCKING -DXcode -sdk /Applications/Xcode-15.3.0-Beta.2.app/Contents/Developer/Platforms/XROS.platform/Developer/SDKs/XROS1.1.sdk -target arm64-apple-xros1.0 -g -module-cache-path /Users/builder/builds/UKfvDsi8u/2/finestructure/swiftpackageindex-builder/spi-builder-workspace/.derivedData/ModuleCache.noindex -Xfrontend -serialize-debugging-options -enable-testing -suppress-warnings -index-store-path /Users/builder/builds/UKfvDsi8u/2/finestructure/swiftpackageindex-builder/spi-builder-workspace/.derivedData/Index.noindex/DataStore -swift-version 5 -I /Users/builder/builds/UKfvDsi8u/2/finestructure/swiftpackageindex-builder/spi-builder-workspace/.derivedData/Build/Products/Debug-xros -I /Applications/Xcode-15.3.0-Beta.2.app/Contents/Developer/Platforms/XROS.platform/Developer/usr/lib -F /Users/builder/builds/UKfvDsi8u/2/finestructure/swiftpackageindex-builder/spi-builder-workspace/.derivedData/Build/Products/Debug-xros/PackageFrameworks -F /Users/builder/builds/UKfvDsi8u/2/finestructure/swiftpackageindex-builder/spi-builder-workspace/.derivedData/Build/Products/Debug-xros -F /Applications/Xcode-15.3.0-Beta.2.app/Contents/Developer/Platforms/XROS.platform/Developer/Library/Frameworks -F /Applications/Xcode-15.3.0-Beta.2.app/Contents/Developer/Platforms/XROS.platform/Developer/SDKs/XROS1.1.sdk/Developer/Library/Frameworks -c -j8 -enable-batch-mode -incremental -Xcc -ivfsstatcache -Xcc /Users/builder/builds/UKfvDsi8u/2/finestructure/swiftpackageindex-builder/spi-builder-workspace/.derivedData/SDKStatCaches.noindex/xros1.1-21O5181e-ee5c1ba7e8e63f56232e286fb9e6086d.sdkstatcache -output-file-map /Users/builder/builds/UKfvDsi8u/2/finestructure/swiftpackageindex-builder/spi-builder-workspace/.derivedData/Build/Intermediates.noindex/swift-system.build/Debug-xros/SystemPackage.build/Objects-normal/arm64/SystemPackage-OutputFileMap.json -use-frontend-parseable-output -save-temps -no-color-diagnostics -serialize-diagnostics -emit-dependencies -emit-module -emit-module-path /Users/builder/builds/UKfvDsi8u/2/finestructure/swiftpackageindex-builder/spi-builder-workspace/.derivedData/Build/Intermediates.noindex/swift-system.build/Debug-xros/SystemPackage.build/Objects-normal/arm64/SystemPackage.swiftmodule -validate-clang-modules-once -clang-build-session-file /Users/builder/builds/UKfvDsi8u/2/finestructure/swiftpackageindex-builder/spi-builder-workspace/.derivedData/ModuleCache.noindex/Session.modulevalidation -Xcc -I/Users/builder/builds/UKfvDsi8u/2/finestructure/swiftpackageindex-builder/spi-builder-workspace/.derivedData/Build/Intermediates.noindex/swift-system.build/Debug-xros/SystemPackage.build/swift-overrides.hmap -emit-const-values -Xfrontend -const-gather-protocols-file -Xfrontend /Users/builder/builds/UKfvDsi8u/2/finestructure/swiftpackageindex-builder/spi-builder-workspace/.derivedData/Build/Intermediates.noindex/swift-system.build/Debug-xros/SystemPackage.build/Objects-normal/arm64/SystemPackage_const_extract_protocols.json -Xcc -I/Users/builder/builds/UKfvDsi8u/2/finestructure/swiftpackageindex-builder/spi-builder-workspace/.dependencies/checkouts/swift-system/Sources/CSystem/include -Xcc -I/Users/builder/builds/UKfvDsi8u/2/finestructure/swiftpackageindex-builder/spi-builder-workspace/.derivedData/Build/Products/Debug-xros/include -Xcc -I/Users/builder/builds/UKfvDsi8u/2/finestructure/swiftpackageindex-builder/spi-builder-workspace/.derivedData/Build/Intermediates.noindex/swift-system.build/Debug-xros/SystemPackage.build/DerivedSources-normal/arm64 -Xcc -I/Users/builder/builds/UKfvDsi8u/2/finestructure/swiftpackageindex-builder/spi-builder-workspace/.derivedData/Build/Intermediates.noindex/swift-system.build/Debug-xros/SystemPackage.build/DerivedSources/arm64 -Xcc -I/Users/builder/builds/UKfvDsi8u/2/finestructure/swiftpackageindex-builder/spi-builder-workspace/.derivedData/Build/Intermediates.noindex/swift-system.build/Debug-xros/SystemPackage.build/DerivedSources -Xcc -DSWIFT_PACKAGE -Xcc -DDEBUG\=1 -Xcc -D_CRT_SECURE_NO_WARNINGS -emit-objc-header -emit-objc-header-path /Users/builder/builds/UKfvDsi8u/2/finestructure/swiftpackageindex-builder/spi-builder-workspace/.derivedData/Build/Intermediates.noindex/swift-system.build/Debug-xros/SystemPackage.build/Objects-normal/arm64/SystemPackage-Swift.h -working-directory /Users/builder/builds/UKfvDsi8u/2/finestructure/swiftpackageindex-builder/spi-builder-workspace/.dependencies/checkouts/swift-system -experimental-emit-module-separately -disable-cmo
SwiftDriver SwiftSyntax normal arm64 com.apple.xcode.tools.swift.compiler (in target 'SwiftSyntax' from project 'SwiftSyntax')
    cd /Users/builder/builds/UKfvDsi8u/2/finestructure/swiftpackageindex-builder/spi-builder-workspace/.dependencies/checkouts/swift-syntax
    builtin-SwiftDriver -- /Applications/Xcode-15.3.0-Beta.2.app/Contents/Developer/Toolchains/XcodeDefault.xctoolchain/usr/bin/swiftc -module-name SwiftSyntax -Onone -enforce-exclusivity\=checked @/Users/builder/builds/UKfvDsi8u/2/finestructure/swiftpackageindex-builder/spi-builder-workspace/.derivedData/Build/Intermediates.noindex/SwiftSyntax.build/Debug-xros/SwiftSyntax.build/Objects-normal/arm64/SwiftSyntax.SwiftFileList -DSWIFT_PACKAGE -DDEBUG -Xcc -fmodule-map-file\=/Users/builder/builds/UKfvDsi8u/2/finestructure/swiftpackageindex-builder/spi-builder-workspace/.derivedData/Build/Intermediates.noindex/GeneratedModuleMaps-xros/_CSwiftSyntax.modulemap -DXcode -sdk /Applications/Xcode-15.3.0-Beta.2.app/Contents/Developer/Platforms/XROS.platform/Developer/SDKs/XROS1.1.sdk -target arm64-apple-xros1.0 -g -module-cache-path /Users/builder/builds/UKfvDsi8u/2/finestructure/swiftpackageindex-builder/spi-builder-workspace/.derivedData/ModuleCache.noindex -Xfrontend -serialize-debugging-options -enable-testing -suppress-warnings -index-store-path /Users/builder/builds/UKfvDsi8u/2/finestructure/swiftpackageindex-builder/spi-builder-workspace/.derivedData/Index.noindex/DataStore -swift-version 5 -I /Users/builder/builds/UKfvDsi8u/2/finestructure/swiftpackageindex-builder/spi-builder-workspace/.derivedData/Build/Products/Debug-xros -I /Applications/Xcode-15.3.0-Beta.2.app/Contents/Developer/Platforms/XROS.platform/Developer/usr/lib -F /Users/builder/builds/UKfvDsi8u/2/finestructure/swiftpackageindex-builder/spi-builder-workspace/.derivedData/Build/Products/Debug-xros/PackageFrameworks -F /Users/builder/builds/UKfvDsi8u/2/finestructure/swiftpackageindex-builder/spi-builder-workspace/.derivedData/Build/Products/Debug-xros -F /Applications/Xcode-15.3.0-Beta.2.app/Contents/Developer/Platforms/XROS.platform/Developer/Library/Frameworks -F /Applications/Xcode-15.3.0-Beta.2.app/Contents/Developer/Platforms/XROS.platform/Developer/SDKs/XROS1.1.sdk/Developer/Library/Frameworks -c -j8 -enable-batch-mode -incremental -Xcc -ivfsstatcache -Xcc /Users/builder/builds/UKfvDsi8u/2/finestructure/swiftpackageindex-builder/spi-builder-workspace/.derivedData/SDKStatCaches.noindex/xros1.1-21O5181e-ee5c1ba7e8e63f56232e286fb9e6086d.sdkstatcache -output-file-map /Users/builder/builds/UKfvDsi8u/2/finestructure/swiftpackageindex-builder/spi-builder-workspace/.derivedData/Build/Intermediates.noindex/SwiftSyntax.build/Debug-xros/SwiftSyntax.build/Objects-normal/arm64/SwiftSyntax-OutputFileMap.json -use-frontend-parseable-output -save-temps -no-color-diagnostics -serialize-diagnostics -emit-dependencies -emit-module -emit-module-path /Users/builder/builds/UKfvDsi8u/2/finestructure/swiftpackageindex-builder/spi-builder-workspace/.derivedData/Build/Intermediates.noindex/SwiftSyntax.build/Debug-xros/SwiftSyntax.build/Objects-normal/arm64/SwiftSyntax.swiftmodule -validate-clang-modules-once -clang-build-session-file /Users/builder/builds/UKfvDsi8u/2/finestructure/swiftpackageindex-builder/spi-builder-workspace/.derivedData/ModuleCache.noindex/Session.modulevalidation -Xcc -I/Users/builder/builds/UKfvDsi8u/2/finestructure/swiftpackageindex-builder/spi-builder-workspace/.derivedData/Build/Intermediates.noindex/SwiftSyntax.build/Debug-xros/SwiftSyntax.build/swift-overrides.hmap -emit-const-values -Xfrontend -const-gather-protocols-file -Xfrontend /Users/builder/builds/UKfvDsi8u/2/finestructure/swiftpackageindex-builder/spi-builder-workspace/.derivedData/Build/Intermediates.noindex/SwiftSyntax.build/Debug-xros/SwiftSyntax.build/Objects-normal/arm64/SwiftSyntax_const_extract_protocols.json -Xcc -I/Users/builder/builds/UKfvDsi8u/2/finestructure/swiftpackageindex-builder/spi-builder-workspace/.dependencies/checkouts/swift-syntax/Sources/_CSwiftSyntax/include -Xcc -I/Users/builder/builds/UKfvDsi8u/2/finestructure/swiftpackageindex-builder/spi-builder-workspace/.derivedData/Build/Products/Debug-xros/include -Xcc -I/Users/builder/builds/UKfvDsi8u/2/finestructure/swiftpackageindex-builder/spi-builder-workspace/.derivedData/Build/Intermediates.noindex/SwiftSyntax.build/Debug-xros/SwiftSyntax.build/DerivedSources-normal/arm64 -Xcc -I/Users/builder/builds/UKfvDsi8u/2/finestructure/swiftpackageindex-builder/spi-builder-workspace/.derivedData/Build/Intermediates.noindex/SwiftSyntax.build/Debug-xros/SwiftSyntax.build/DerivedSources/arm64 -Xcc -I/Users/builder/builds/UKfvDsi8u/2/finestructure/swiftpackageindex-builder/spi-builder-workspace/.derivedData/Build/Intermediates.noindex/SwiftSyntax.build/Debug-xros/SwiftSyntax.build/DerivedSources -Xcc -DSWIFT_PACKAGE -Xcc -DDEBUG\=1 -emit-objc-header -emit-objc-header-path /Users/builder/builds/UKfvDsi8u/2/finestructure/swiftpackageindex-builder/spi-builder-workspace/.derivedData/Build/Intermediates.noindex/SwiftSyntax.build/Debug-xros/SwiftSyntax.build/Objects-normal/arm64/SwiftSyntax-Swift.h -working-directory /Users/builder/builds/UKfvDsi8u/2/finestructure/swiftpackageindex-builder/spi-builder-workspace/.dependencies/checkouts/swift-syntax -experimental-emit-module-separately -disable-cmo
SwiftDriver Notebook normal arm64 com.apple.xcode.tools.swift.compiler (in target 'Notebook' from project 'swift-highlight')
    cd /Users/builder/builds/UKfvDsi8u/2/finestructure/swiftpackageindex-builder/spi-builder-workspace/.dependencies/checkouts/swift-highlight
    builtin-SwiftDriver -- /Applications/Xcode-15.3.0-Beta.2.app/Contents/Developer/Toolchains/XcodeDefault.xctoolchain/usr/bin/swiftc -module-name Notebook -Onone -enforce-exclusivity\=checked @/Users/builder/builds/UKfvDsi8u/2/finestructure/swiftpackageindex-builder/spi-builder-workspace/.derivedData/Build/Intermediates.noindex/swift-highlight.build/Debug-xros/Notebook.build/Objects-normal/arm64/Notebook.SwiftFileList -DSWIFT_PACKAGE -DDEBUG -DXcode -sdk /Applications/Xcode-15.3.0-Beta.2.app/Contents/Developer/Platforms/XROS.platform/Developer/SDKs/XROS1.1.sdk -target arm64-apple-xros1.0 -g -module-cache-path /Users/builder/builds/UKfvDsi8u/2/finestructure/swiftpackageindex-builder/spi-builder-workspace/.derivedData/ModuleCache.noindex -Xfrontend -serialize-debugging-options -enable-testing -suppress-warnings -index-store-path /Users/builder/builds/UKfvDsi8u/2/finestructure/swiftpackageindex-builder/spi-builder-workspace/.derivedData/Index.noindex/DataStore -swift-version 5 -I /Users/builder/builds/UKfvDsi8u/2/finestructure/swiftpackageindex-builder/spi-builder-workspace/.derivedData/Build/Products/Debug-xros -I /Applications/Xcode-15.3.0-Beta.2.app/Contents/Developer/Platforms/XROS.platform/Developer/usr/lib -F /Users/builder/builds/UKfvDsi8u/2/finestructure/swiftpackageindex-builder/spi-builder-workspace/.derivedData/Build/Products/Debug-xros -F /Applications/Xcode-15.3.0-Beta.2.app/Contents/Developer/Platforms/XROS.platform/Developer/Library/Frameworks -F /Applications/Xcode-15.3.0-Beta.2.app/Contents/Developer/Platforms/XROS.platform/Developer/SDKs/XROS1.1.sdk/Developer/Library/Frameworks -parse-as-library -c -j8 -enable-batch-mode -incremental -Xcc -ivfsstatcache -Xcc /Users/builder/builds/UKfvDsi8u/2/finestructure/swiftpackageindex-builder/spi-builder-workspace/.derivedData/SDKStatCaches.noindex/xros1.1-21O5181e-ee5c1ba7e8e63f56232e286fb9e6086d.sdkstatcache -output-file-map /Users/builder/builds/UKfvDsi8u/2/finestructure/swiftpackageindex-builder/spi-builder-workspace/.derivedData/Build/Intermediates.noindex/swift-highlight.build/Debug-xros/Notebook.build/Objects-normal/arm64/Notebook-OutputFileMap.json -use-frontend-parseable-output -save-temps -no-color-diagnostics -serialize-diagnostics -emit-dependencies -emit-module -emit-module-path /Users/builder/builds/UKfvDsi8u/2/finestructure/swiftpackageindex-builder/spi-builder-workspace/.derivedData/Build/Intermediates.noindex/swift-highlight.build/Debug-xros/Notebook.build/Objects-normal/arm64/Notebook.swiftmodule -validate-clang-modules-once -clang-build-session-file /Users/builder/builds/UKfvDsi8u/2/finestructure/swiftpackageindex-builder/spi-builder-workspace/.derivedData/ModuleCache.noindex/Session.modulevalidation -Xcc -I/Users/builder/builds/UKfvDsi8u/2/finestructure/swiftpackageindex-builder/spi-builder-workspace/.derivedData/Build/Intermediates.noindex/swift-highlight.build/Debug-xros/Notebook.build/swift-overrides.hmap -emit-const-values -Xfrontend -const-gather-protocols-file -Xfrontend /Users/builder/builds/UKfvDsi8u/2/finestructure/swiftpackageindex-builder/spi-builder-workspace/.derivedData/Build/Intermediates.noindex/swift-highlight.build/Debug-xros/Notebook.build/Objects-normal/arm64/Notebook_const_extract_protocols.json -Xcc -I/Users/builder/builds/UKfvDsi8u/2/finestructure/swiftpackageindex-builder/spi-builder-workspace/.derivedData/Build/Products/Debug-xros/include -Xcc -I/Users/builder/builds/UKfvDsi8u/2/finestructure/swiftpackageindex-builder/spi-builder-workspace/.derivedData/Build/Intermediates.noindex/swift-highlight.build/Debug-xros/Notebook.build/DerivedSources-normal/arm64 -Xcc -I/Users/builder/builds/UKfvDsi8u/2/finestructure/swiftpackageindex-builder/spi-builder-workspace/.derivedData/Build/Intermediates.noindex/swift-highlight.build/Debug-xros/Notebook.build/DerivedSources/arm64 -Xcc -I/Users/builder/builds/UKfvDsi8u/2/finestructure/swiftpackageindex-builder/spi-builder-workspace/.derivedData/Build/Intermediates.noindex/swift-highlight.build/Debug-xros/Notebook.build/DerivedSources -Xcc -DSWIFT_PACKAGE -Xcc -DDEBUG\=1 -emit-objc-header -emit-objc-header-path /Users/builder/builds/UKfvDsi8u/2/finestructure/swiftpackageindex-builder/spi-builder-workspace/.derivedData/Build/Intermediates.noindex/swift-highlight.build/Debug-xros/Notebook.build/Objects-normal/arm64/Notebook-Swift.h -working-directory /Users/builder/builds/UKfvDsi8u/2/finestructure/swiftpackageindex-builder/spi-builder-workspace/.dependencies/checkouts/swift-highlight -experimental-emit-module-separately -disable-cmo
SwiftDriver NIOConcurrencyHelpers normal arm64 com.apple.xcode.tools.swift.compiler (in target 'NIOConcurrencyHelpers' from project 'swift-nio')
    cd /Users/builder/builds/UKfvDsi8u/2/finestructure/swiftpackageindex-builder/spi-builder-workspace/.dependencies/checkouts/swift-nio
    builtin-SwiftDriver -- /Applications/Xcode-15.3.0-Beta.2.app/Contents/Developer/Toolchains/XcodeDefault.xctoolchain/usr/bin/swiftc -module-name NIOConcurrencyHelpers -Onone -enforce-exclusivity\=checked @/Users/builder/builds/UKfvDsi8u/2/finestructure/swiftpackageindex-builder/spi-builder-workspace/.derivedData/Build/Intermediates.noindex/swift-nio.build/Debug-xros/NIOConcurrencyHelpers.build/Objects-normal/arm64/NIOConcurrencyHelpers.SwiftFileList -DSWIFT_PACKAGE -DDEBUG -Xcc -fmodule-map-file\=/Users/builder/builds/UKfvDsi8u/2/finestructure/swiftpackageindex-builder/spi-builder-workspace/.derivedData/Build/Intermediates.noindex/GeneratedModuleMaps-xros/CNIOAtomics.modulemap -DXcode -sdk /Applications/Xcode-15.3.0-Beta.2.app/Contents/Developer/Platforms/XROS.platform/Developer/SDKs/XROS1.1.sdk -target arm64-apple-xros1.0 -g -module-cache-path /Users/builder/builds/UKfvDsi8u/2/finestructure/swiftpackageindex-builder/spi-builder-workspace/.derivedData/ModuleCache.noindex -Xfrontend -serialize-debugging-options -enable-testing -suppress-warnings -index-store-path /Users/builder/builds/UKfvDsi8u/2/finestructure/swiftpackageindex-builder/spi-builder-workspace/.derivedData/Index.noindex/DataStore -swift-version 5 -I /Users/builder/builds/UKfvDsi8u/2/finestructure/swiftpackageindex-builder/spi-builder-workspace/.derivedData/Build/Products/Debug-xros -I /Applications/Xcode-15.3.0-Beta.2.app/Contents/Developer/Platforms/XROS.platform/Developer/usr/lib -F /Users/builder/builds/UKfvDsi8u/2/finestructure/swiftpackageindex-builder/spi-builder-workspace/.derivedData/Build/Products/Debug-xros/PackageFrameworks -F /Users/builder/builds/UKfvDsi8u/2/finestructure/swiftpackageindex-builder/spi-builder-workspace/.derivedData/Build/Products/Debug-xros -F /Applications/Xcode-15.3.0-Beta.2.app/Contents/Developer/Platforms/XROS.platform/Developer/Library/Frameworks -F /Applications/Xcode-15.3.0-Beta.2.app/Contents/Developer/Platforms/XROS.platform/Developer/SDKs/XROS1.1.sdk/Developer/Library/Frameworks -c -j8 -enable-batch-mode -incremental -Xcc -ivfsstatcache -Xcc /Users/builder/builds/UKfvDsi8u/2/finestructure/swiftpackageindex-builder/spi-builder-workspace/.derivedData/SDKStatCaches.noindex/xros1.1-21O5181e-ee5c1ba7e8e63f56232e286fb9e6086d.sdkstatcache -output-file-map /Users/builder/builds/UKfvDsi8u/2/finestructure/swiftpackageindex-builder/spi-builder-workspace/.derivedData/Build/Intermediates.noindex/swift-nio.build/Debug-xros/NIOConcurrencyHelpers.build/Objects-normal/arm64/NIOConcurrencyHelpers-OutputFileMap.json -use-frontend-parseable-output -save-temps -no-color-diagnostics -serialize-diagnostics -emit-dependencies -emit-module -emit-module-path /Users/builder/builds/UKfvDsi8u/2/finestructure/swiftpackageindex-builder/spi-builder-workspace/.derivedData/Build/Intermediates.noindex/swift-nio.build/Debug-xros/NIOConcurrencyHelpers.build/Objects-normal/arm64/NIOConcurrencyHelpers.swiftmodule -validate-clang-modules-once -clang-build-session-file /Users/builder/builds/UKfvDsi8u/2/finestructure/swiftpackageindex-builder/spi-builder-workspace/.derivedData/ModuleCache.noindex/Session.modulevalidation -Xcc -I/Users/builder/builds/UKfvDsi8u/2/finestructure/swiftpackageindex-builder/spi-builder-workspace/.derivedData/Build/Intermediates.noindex/swift-nio.build/Debug-xros/NIOConcurrencyHelpers.build/swift-overrides.hmap -emit-const-values -Xfrontend -const-gather-protocols-file -Xfrontend /Users/builder/builds/UKfvDsi8u/2/finestructure/swiftpackageindex-builder/spi-builder-workspace/.derivedData/Build/Intermediates.noindex/swift-nio.build/Debug-xros/NIOConcurrencyHelpers.build/Objects-normal/arm64/NIOConcurrencyHelpers_const_extract_protocols.json -Xcc -I/Users/builder/builds/UKfvDsi8u/2/finestructure/swiftpackageindex-builder/spi-builder-workspace/.dependencies/checkouts/swift-nio/Sources/CNIOAtomics/include -Xcc -I/Users/builder/builds/UKfvDsi8u/2/finestructure/swiftpackageindex-builder/spi-builder-workspace/.derivedData/Build/Products/Debug-xros/include -Xcc -I/Users/builder/builds/UKfvDsi8u/2/finestructure/swiftpackageindex-builder/spi-builder-workspace/.derivedData/Build/Intermediates.noindex/swift-nio.build/Debug-xros/NIOConcurrencyHelpers.build/DerivedSources-normal/arm64 -Xcc -I/Users/builder/builds/UKfvDsi8u/2/finestructure/swiftpackageindex-builder/spi-builder-workspace/.derivedData/Build/Intermediates.noindex/swift-nio.build/Debug-xros/NIOConcurrencyHelpers.build/DerivedSources/arm64 -Xcc -I/Users/builder/builds/UKfvDsi8u/2/finestructure/swiftpackageindex-builder/spi-builder-workspace/.derivedData/Build/Intermediates.noindex/swift-nio.build/Debug-xros/NIOConcurrencyHelpers.build/DerivedSources -Xcc -DSWIFT_PACKAGE -Xcc -DDEBUG\=1 -emit-objc-header -emit-objc-header-path /Users/builder/builds/UKfvDsi8u/2/finestructure/swiftpackageindex-builder/spi-builder-workspace/.derivedData/Build/Intermediates.noindex/swift-nio.build/Debug-xros/NIOConcurrencyHelpers.build/Objects-normal/arm64/NIOConcurrencyHelpers-Swift.h -working-directory /Users/builder/builds/UKfvDsi8u/2/finestructure/swiftpackageindex-builder/spi-builder-workspace/.dependencies/checkouts/swift-nio -experimental-emit-module-separately -disable-cmo
SwiftDriver Markdown normal arm64 com.apple.xcode.tools.swift.compiler (in target 'Markdown' from project 'swift-markdown')
    cd /Users/builder/builds/UKfvDsi8u/2/finestructure/swiftpackageindex-builder/spi-builder-workspace/.dependencies/checkouts/swift-markdown
    builtin-SwiftDriver -- /Applications/Xcode-15.3.0-Beta.2.app/Contents/Developer/Toolchains/XcodeDefault.xctoolchain/usr/bin/swiftc -module-name Markdown -Onone -enforce-exclusivity\=checked @/Users/builder/builds/UKfvDsi8u/2/finestructure/swiftpackageindex-builder/spi-builder-workspace/.derivedData/Build/Intermediates.noindex/swift-markdown.build/Debug-xros/Markdown.build/Objects-normal/arm64/Markdown.SwiftFileList -DSWIFT_PACKAGE -DDEBUG -Xcc -fmodule-map-file\=/Users/builder/builds/UKfvDsi8u/2/finestructure/swiftpackageindex-builder/spi-builder-workspace/.derivedData/Build/Intermediates.noindex/GeneratedModuleMaps-xros/cmark-gfm-extensions.modulemap -Xcc -fmodule-map-file\=/Users/builder/builds/UKfvDsi8u/2/finestructure/swiftpackageindex-builder/spi-builder-workspace/.derivedData/Build/Intermediates.noindex/GeneratedModuleMaps-xros/CAtomic.modulemap -DXcode -sdk /Applications/Xcode-15.3.0-Beta.2.app/Contents/Developer/Platforms/XROS.platform/Developer/SDKs/XROS1.1.sdk -target arm64-apple-xros1.0 -g -module-cache-path /Users/builder/builds/UKfvDsi8u/2/finestructure/swiftpackageindex-builder/spi-builder-workspace/.derivedData/ModuleCache.noindex -Xfrontend -serialize-debugging-options -enable-testing -suppress-warnings -index-store-path /Users/builder/builds/UKfvDsi8u/2/finestructure/swiftpackageindex-builder/spi-builder-workspace/.derivedData/Index.noindex/DataStore -swift-version 5 -I /Users/builder/builds/UKfvDsi8u/2/finestructure/swiftpackageindex-builder/spi-builder-workspace/.derivedData/Build/Products/Debug-xros -I /Applications/Xcode-15.3.0-Beta.2.app/Contents/Developer/Platforms/XROS.platform/Developer/usr/lib -F /Users/builder/builds/UKfvDsi8u/2/finestructure/swiftpackageindex-builder/spi-builder-workspace/.derivedData/Build/Products/Debug-xros/PackageFrameworks -F /Users/builder/builds/UKfvDsi8u/2/finestructure/swiftpackageindex-builder/spi-builder-workspace/.derivedData/Build/Products/Debug-xros/PackageFrameworks -F /Users/builder/builds/UKfvDsi8u/2/finestructure/swiftpackageindex-builder/spi-builder-workspace/.derivedData/Build/Products/Debug-xros/PackageFrameworks -F /Users/builder/builds/UKfvDsi8u/2/finestructure/swiftpackageindex-builder/spi-builder-workspace/.derivedData/Build/Products/Debug-xros -F /Applications/Xcode-15.3.0-Beta.2.app/Contents/Developer/Platforms/XROS.platform/Developer/Library/Frameworks -F /Applications/Xcode-15.3.0-Beta.2.app/Contents/Developer/Platforms/XROS.platform/Developer/SDKs/XROS1.1.sdk/Developer/Library/Frameworks -c -j8 -enable-batch-mode -incremental -Xcc -ivfsstatcache -Xcc /Users/builder/builds/UKfvDsi8u/2/finestructure/swiftpackageindex-builder/spi-builder-workspace/.derivedData/SDKStatCaches.noindex/xros1.1-21O5181e-ee5c1ba7e8e63f56232e286fb9e6086d.sdkstatcache -output-file-map /Users/builder/builds/UKfvDsi8u/2/finestructure/swiftpackageindex-builder/spi-builder-workspace/.derivedData/Build/Intermediates.noindex/swift-markdown.build/Debug-xros/Markdown.build/Objects-normal/arm64/Markdown-OutputFileMap.json -use-frontend-parseable-output -save-temps -no-color-diagnostics -serialize-diagnostics -emit-dependencies -emit-module -emit-module-path /Users/builder/builds/UKfvDsi8u/2/finestructure/swiftpackageindex-builder/spi-builder-workspace/.derivedData/Build/Intermediates.noindex/swift-markdown.build/Debug-xros/Markdown.build/Objects-normal/arm64/Markdown.swiftmodule -validate-clang-modules-once -clang-build-session-file /Users/builder/builds/UKfvDsi8u/2/finestructure/swiftpackageindex-builder/spi-builder-workspace/.derivedData/ModuleCache.noindex/Session.modulevalidation -Xcc -I/Users/builder/builds/UKfvDsi8u/2/finestructure/swiftpackageindex-builder/spi-builder-workspace/.derivedData/Build/Intermediates.noindex/swift-markdown.build/Debug-xros/Markdown.build/swift-overrides.hmap -emit-const-values -Xfrontend -const-gather-protocols-file -Xfrontend /Users/builder/builds/UKfvDsi8u/2/finestructure/swiftpackageindex-builder/spi-builder-workspace/.derivedData/Build/Intermediates.noindex/swift-markdown.build/Debug-xros/Markdown.build/Objects-normal/arm64/Markdown_const_extract_protocols.json -Xcc -I/Users/builder/builds/UKfvDsi8u/2/finestructure/swiftpackageindex-builder/spi-builder-workspace/.dependencies/checkouts/swift-cmark/src/include -Xcc -I/Users/builder/builds/UKfvDsi8u/2/finestructure/swiftpackageindex-builder/spi-builder-workspace/.dependencies/checkouts/swift-cmark/extensions/include -Xcc -I/Users/builder/builds/UKfvDsi8u/2/finestructure/swiftpackageindex-builder/spi-builder-workspace/.dependencies/checkouts/swift-markdown/Sources/CAtomic/include -Xcc -I/Users/builder/builds/UKfvDsi8u/2/finestructure/swiftpackageindex-builder/spi-builder-workspace/.derivedData/Build/Products/Debug-xros/include -Xcc -I/Users/builder/builds/UKfvDsi8u/2/finestructure/swiftpackageindex-builder/spi-builder-workspace/.derivedData/Build/Intermediates.noindex/swift-markdown.build/Debug-xros/Markdown.build/DerivedSources-normal/arm64 -Xcc -I/Users/builder/builds/UKfvDsi8u/2/finestructure/swiftpackageindex-builder/spi-builder-workspace/.derivedData/Build/Intermediates.noindex/swift-markdown.build/Debug-xros/Markdown.build/DerivedSources/arm64 -Xcc -I/Users/builder/builds/UKfvDsi8u/2/finestructure/swiftpackageindex-builder/spi-builder-workspace/.derivedData/Build/Intermediates.noindex/swift-markdown.build/Debug-xros/Markdown.build/DerivedSources -Xcc -DSWIFT_PACKAGE -Xcc -DDEBUG\=1 -emit-objc-header -emit-objc-header-path /Users/builder/builds/UKfvDsi8u/2/finestructure/swiftpackageindex-builder/spi-builder-workspace/.derivedData/Build/Intermediates.noindex/swift-markdown.build/Debug-xros/Markdown.build/Objects-normal/arm64/Markdown-Swift.h -working-directory /Users/builder/builds/UKfvDsi8u/2/finestructure/swiftpackageindex-builder/spi-builder-workspace/.dependencies/checkouts/swift-markdown -experimental-emit-module-separately -disable-cmo
SwiftDriver MIME normal arm64 com.apple.xcode.tools.swift.compiler (in target 'MIME' from project 'swift-resource')
    cd /Users/builder/builds/UKfvDsi8u/2/finestructure/swiftpackageindex-builder/spi-builder-workspace/.dependencies/checkouts/swift-resource
    builtin-SwiftDriver -- /Applications/Xcode-15.3.0-Beta.2.app/Contents/Developer/Toolchains/XcodeDefault.xctoolchain/usr/bin/swiftc -module-name MIME -Onone -enforce-exclusivity\=checked @/Users/builder/builds/UKfvDsi8u/2/finestructure/swiftpackageindex-builder/spi-builder-workspace/.derivedData/Build/Intermediates.noindex/swift-resource.build/Debug-xros/MIME.build/Objects-normal/arm64/MIME.SwiftFileList -DSWIFT_PACKAGE -DDEBUG -DXcode -sdk /Applications/Xcode-15.3.0-Beta.2.app/Contents/Developer/Platforms/XROS.platform/Developer/SDKs/XROS1.1.sdk -target arm64-apple-xros1.0 -g -module-cache-path /Users/builder/builds/UKfvDsi8u/2/finestructure/swiftpackageindex-builder/spi-builder-workspace/.derivedData/ModuleCache.noindex -Xfrontend -serialize-debugging-options -enable-testing -suppress-warnings -index-store-path /Users/builder/builds/UKfvDsi8u/2/finestructure/swiftpackageindex-builder/spi-builder-workspace/.derivedData/Index.noindex/DataStore -swift-version 5 -I /Users/builder/builds/UKfvDsi8u/2/finestructure/swiftpackageindex-builder/spi-builder-workspace/.derivedData/Build/Products/Debug-xros -I /Applications/Xcode-15.3.0-Beta.2.app/Contents/Developer/Platforms/XROS.platform/Developer/usr/lib -F /Users/builder/builds/UKfvDsi8u/2/finestructure/swiftpackageindex-builder/spi-builder-workspace/.derivedData/Build/Products/Debug-xros -F /Applications/Xcode-15.3.0-Beta.2.app/Contents/Developer/Platforms/XROS.platform/Developer/Library/Frameworks -F /Applications/Xcode-15.3.0-Beta.2.app/Contents/Developer/Platforms/XROS.platform/Developer/SDKs/XROS1.1.sdk/Developer/Library/Frameworks -parse-as-library -c -j8 -enable-batch-mode -incremental -Xcc -ivfsstatcache -Xcc /Users/builder/builds/UKfvDsi8u/2/finestructure/swiftpackageindex-builder/spi-builder-workspace/.derivedData/SDKStatCaches.noindex/xros1.1-21O5181e-ee5c1ba7e8e63f56232e286fb9e6086d.sdkstatcache -output-file-map /Users/builder/builds/UKfvDsi8u/2/finestructure/swiftpackageindex-builder/spi-builder-workspace/.derivedData/Build/Intermediates.noindex/swift-resource.build/Debug-xros/MIME.build/Objects-normal/arm64/MIME-OutputFileMap.json -use-frontend-parseable-output -save-temps -no-color-diagnostics -serialize-diagnostics -emit-dependencies -emit-module -emit-module-path /Users/builder/builds/UKfvDsi8u/2/finestructure/swiftpackageindex-builder/spi-builder-workspace/.derivedData/Build/Intermediates.noindex/swift-resource.build/Debug-xros/MIME.build/Objects-normal/arm64/MIME.swiftmodule -validate-clang-modules-once -clang-build-session-file /Users/builder/builds/UKfvDsi8u/2/finestructure/swiftpackageindex-builder/spi-builder-workspace/.derivedData/ModuleCache.noindex/Session.modulevalidation -Xcc -I/Users/builder/builds/UKfvDsi8u/2/finestructure/swiftpackageindex-builder/spi-builder-workspace/.derivedData/Build/Intermediates.noindex/swift-resource.build/Debug-xros/MIME.build/swift-overrides.hmap -emit-const-values -Xfrontend -const-gather-protocols-file -Xfrontend /Users/builder/builds/UKfvDsi8u/2/finestructure/swiftpackageindex-builder/spi-builder-workspace/.derivedData/Build/Intermediates.noindex/swift-resource.build/Debug-xros/MIME.build/Objects-normal/arm64/MIME_const_extract_protocols.json -Xcc -I/Users/builder/builds/UKfvDsi8u/2/finestructure/swiftpackageindex-builder/spi-builder-workspace/.derivedData/Build/Products/Debug-xros/include -Xcc -I/Users/builder/builds/UKfvDsi8u/2/finestructure/swiftpackageindex-builder/spi-builder-workspace/.derivedData/Build/Intermediates.noindex/swift-resource.build/Debug-xros/MIME.build/DerivedSources-normal/arm64 -Xcc -I/Users/builder/builds/UKfvDsi8u/2/finestructure/swiftpackageindex-builder/spi-builder-workspace/.derivedData/Build/Intermediates.noindex/swift-resource.build/Debug-xros/MIME.build/DerivedSources/arm64 -Xcc -I/Users/builder/builds/UKfvDsi8u/2/finestructure/swiftpackageindex-builder/spi-builder-workspace/.derivedData/Build/Intermediates.noindex/swift-resource.build/Debug-xros/MIME.build/DerivedSources -Xcc -DSWIFT_PACKAGE -Xcc -DDEBUG\=1 -emit-objc-header -emit-objc-header-path /Users/builder/builds/UKfvDsi8u/2/finestructure/swiftpackageindex-builder/spi-builder-workspace/.derivedData/Build/Intermediates.noindex/swift-resource.build/Debug-xros/MIME.build/Objects-normal/arm64/MIME-Swift.h -working-directory /Users/builder/builds/UKfvDsi8u/2/finestructure/swiftpackageindex-builder/spi-builder-workspace/.dependencies/checkouts/swift-resource -experimental-emit-module-separately -disable-cmo
SwiftDriver Grammar normal arm64 com.apple.xcode.tools.swift.compiler (in target 'Grammar' from project 'swift-grammar')
    cd /Users/builder/builds/UKfvDsi8u/2/finestructure/swiftpackageindex-builder/spi-builder-workspace/.dependencies/checkouts/swift-grammar
    builtin-SwiftDriver -- /Applications/Xcode-15.3.0-Beta.2.app/Contents/Developer/Toolchains/XcodeDefault.xctoolchain/usr/bin/swiftc -module-name Grammar -Onone -enforce-exclusivity\=checked @/Users/builder/builds/UKfvDsi8u/2/finestructure/swiftpackageindex-builder/spi-builder-workspace/.derivedData/Build/Intermediates.noindex/swift-grammar.build/Debug-xros/Grammar.build/Objects-normal/arm64/Grammar.SwiftFileList -DSWIFT_PACKAGE -DDEBUG -DXcode -sdk /Applications/Xcode-15.3.0-Beta.2.app/Contents/Developer/Platforms/XROS.platform/Developer/SDKs/XROS1.1.sdk -target arm64-apple-xros1.0 -g -module-cache-path /Users/builder/builds/UKfvDsi8u/2/finestructure/swiftpackageindex-builder/spi-builder-workspace/.derivedData/ModuleCache.noindex -Xfrontend -serialize-debugging-options -enable-testing -suppress-warnings -index-store-path /Users/builder/builds/UKfvDsi8u/2/finestructure/swiftpackageindex-builder/spi-builder-workspace/.derivedData/Index.noindex/DataStore -swift-version 5 -I /Users/builder/builds/UKfvDsi8u/2/finestructure/swiftpackageindex-builder/spi-builder-workspace/.derivedData/Build/Products/Debug-xros -I /Applications/Xcode-15.3.0-Beta.2.app/Contents/Developer/Platforms/XROS.platform/Developer/usr/lib -F /Users/builder/builds/UKfvDsi8u/2/finestructure/swiftpackageindex-builder/spi-builder-workspace/.derivedData/Build/Products/Debug-xros -F /Applications/Xcode-15.3.0-Beta.2.app/Contents/Developer/Platforms/XROS.platform/Developer/Library/Frameworks -F /Applications/Xcode-15.3.0-Beta.2.app/Contents/Developer/Platforms/XROS.platform/Developer/SDKs/XROS1.1.sdk/Developer/Library/Frameworks -c -j8 -enable-batch-mode -incremental -Xcc -ivfsstatcache -Xcc /Users/builder/builds/UKfvDsi8u/2/finestructure/swiftpackageindex-builder/spi-builder-workspace/.derivedData/SDKStatCaches.noindex/xros1.1-21O5181e-ee5c1ba7e8e63f56232e286fb9e6086d.sdkstatcache -output-file-map /Users/builder/builds/UKfvDsi8u/2/finestructure/swiftpackageindex-builder/spi-builder-workspace/.derivedData/Build/Intermediates.noindex/swift-grammar.build/Debug-xros/Grammar.build/Objects-normal/arm64/Grammar-OutputFileMap.json -use-frontend-parseable-output -save-temps -no-color-diagnostics -serialize-diagnostics -emit-dependencies -emit-module -emit-module-path /Users/builder/builds/UKfvDsi8u/2/finestructure/swiftpackageindex-builder/spi-builder-workspace/.derivedData/Build/Intermediates.noindex/swift-grammar.build/Debug-xros/Grammar.build/Objects-normal/arm64/Grammar.swiftmodule -validate-clang-modules-once -clang-build-session-file /Users/builder/builds/UKfvDsi8u/2/finestructure/swiftpackageindex-builder/spi-builder-workspace/.derivedData/ModuleCache.noindex/Session.modulevalidation -Xcc -I/Users/builder/builds/UKfvDsi8u/2/finestructure/swiftpackageindex-builder/spi-builder-workspace/.derivedData/Build/Intermediates.noindex/swift-grammar.build/Debug-xros/Grammar.build/swift-overrides.hmap -emit-const-values -Xfrontend -const-gather-protocols-file -Xfrontend /Users/builder/builds/UKfvDsi8u/2/finestructure/swiftpackageindex-builder/spi-builder-workspace/.derivedData/Build/Intermediates.noindex/swift-grammar.build/Debug-xros/Grammar.build/Objects-normal/arm64/Grammar_const_extract_protocols.json -Xcc -I/Users/builder/builds/UKfvDsi8u/2/finestructure/swiftpackageindex-builder/spi-builder-workspace/.derivedData/Build/Products/Debug-xros/include -Xcc -I/Users/builder/builds/UKfvDsi8u/2/finestructure/swiftpackageindex-builder/spi-builder-workspace/.derivedData/Build/Intermediates.noindex/swift-grammar.build/Debug-xros/Grammar.build/DerivedSources-normal/arm64 -Xcc -I/Users/builder/builds/UKfvDsi8u/2/finestructure/swiftpackageindex-builder/spi-builder-workspace/.derivedData/Build/Intermediates.noindex/swift-grammar.build/Debug-xros/Grammar.build/DerivedSources/arm64 -Xcc -I/Users/builder/builds/UKfvDsi8u/2/finestructure/swiftpackageindex-builder/spi-builder-workspace/.derivedData/Build/Intermediates.noindex/swift-grammar.build/Debug-xros/Grammar.build/DerivedSources -Xcc -DSWIFT_PACKAGE -Xcc -DDEBUG\=1 -emit-objc-header -emit-objc-header-path /Users/builder/builds/UKfvDsi8u/2/finestructure/swiftpackageindex-builder/spi-builder-workspace/.derivedData/Build/Intermediates.noindex/swift-grammar.build/Debug-xros/Grammar.build/Objects-normal/arm64/Grammar-Swift.h -working-directory /Users/builder/builds/UKfvDsi8u/2/finestructure/swiftpackageindex-builder/spi-builder-workspace/.dependencies/checkouts/swift-grammar -experimental-emit-module-separately -disable-cmo
SwiftDriver Forest normal arm64 com.apple.xcode.tools.swift.compiler (in target 'Forest' from project 'swift-biome')
    cd /Users/builder/builds/UKfvDsi8u/2/finestructure/swiftpackageindex-builder/spi-builder-workspace
    builtin-SwiftDriver -- /Applications/Xcode-15.3.0-Beta.2.app/Contents/Developer/Toolchains/XcodeDefault.xctoolchain/usr/bin/swiftc -module-name Forest -Onone -enforce-exclusivity\=checked @/Users/builder/builds/UKfvDsi8u/2/finestructure/swiftpackageindex-builder/spi-builder-workspace/.derivedData/Build/Intermediates.noindex/swift-biome.build/Debug-xros/Forest.build/Objects-normal/arm64/Forest.SwiftFileList -DSWIFT_PACKAGE -DDEBUG -DXcode -sdk /Applications/Xcode-15.3.0-Beta.2.app/Contents/Developer/Platforms/XROS.platform/Developer/SDKs/XROS1.1.sdk -target arm64-apple-xros1.0 -g -module-cache-path /Users/builder/builds/UKfvDsi8u/2/finestructure/swiftpackageindex-builder/spi-builder-workspace/.derivedData/ModuleCache.noindex -Xfrontend -serialize-debugging-options -enable-testing -index-store-path /Users/builder/builds/UKfvDsi8u/2/finestructure/swiftpackageindex-builder/spi-builder-workspace/.derivedData/Index.noindex/DataStore -swift-version 5 -I /Users/builder/builds/UKfvDsi8u/2/finestructure/swiftpackageindex-builder/spi-builder-workspace/.derivedData/Build/Products/Debug-xros -I /Applications/Xcode-15.3.0-Beta.2.app/Contents/Developer/Platforms/XROS.platform/Developer/usr/lib -F /Users/builder/builds/UKfvDsi8u/2/finestructure/swiftpackageindex-builder/spi-builder-workspace/.derivedData/Build/Products/Debug-xros -F /Applications/Xcode-15.3.0-Beta.2.app/Contents/Developer/Platforms/XROS.platform/Developer/Library/Frameworks -F /Applications/Xcode-15.3.0-Beta.2.app/Contents/Developer/Platforms/XROS.platform/Developer/SDKs/XROS1.1.sdk/Developer/Library/Frameworks -c -j8 -enable-batch-mode -incremental -Xcc -ivfsstatcache -Xcc /Users/builder/builds/UKfvDsi8u/2/finestructure/swiftpackageindex-builder/spi-builder-workspace/.derivedData/SDKStatCaches.noindex/xros1.1-21O5181e-ee5c1ba7e8e63f56232e286fb9e6086d.sdkstatcache -output-file-map /Users/builder/builds/UKfvDsi8u/2/finestructure/swiftpackageindex-builder/spi-builder-workspace/.derivedData/Build/Intermediates.noindex/swift-biome.build/Debug-xros/Forest.build/Objects-normal/arm64/Forest-OutputFileMap.json -use-frontend-parseable-output -save-temps -no-color-diagnostics -serialize-diagnostics -emit-dependencies -emit-module -emit-module-path /Users/builder/builds/UKfvDsi8u/2/finestructure/swiftpackageindex-builder/spi-builder-workspace/.derivedData/Build/Intermediates.noindex/swift-biome.build/Debug-xros/Forest.build/Objects-normal/arm64/Forest.swiftmodule -validate-clang-modules-once -clang-build-session-file /Users/builder/builds/UKfvDsi8u/2/finestructure/swiftpackageindex-builder/spi-builder-workspace/.derivedData/ModuleCache.noindex/Session.modulevalidation -Xcc -I/Users/builder/builds/UKfvDsi8u/2/finestructure/swiftpackageindex-builder/spi-builder-workspace/.derivedData/Build/Intermediates.noindex/swift-biome.build/Debug-xros/Forest.build/swift-overrides.hmap -emit-const-values -Xfrontend -const-gather-protocols-file -Xfrontend /Users/builder/builds/UKfvDsi8u/2/finestructure/swiftpackageindex-builder/spi-builder-workspace/.derivedData/Build/Intermediates.noindex/swift-biome.build/Debug-xros/Forest.build/Objects-normal/arm64/Forest_const_extract_protocols.json -Xcc -I/Users/builder/builds/UKfvDsi8u/2/finestructure/swiftpackageindex-builder/spi-builder-workspace/.derivedData/Build/Products/Debug-xros/include -Xcc -I/Users/builder/builds/UKfvDsi8u/2/finestructure/swiftpackageindex-builder/spi-builder-workspace/.derivedData/Build/Intermediates.noindex/swift-biome.build/Debug-xros/Forest.build/DerivedSources-normal/arm64 -Xcc -I/Users/builder/builds/UKfvDsi8u/2/finestructure/swiftpackageindex-builder/spi-builder-workspace/.derivedData/Build/Intermediates.noindex/swift-biome.build/Debug-xros/Forest.build/DerivedSources/arm64 -Xcc -I/Users/builder/builds/UKfvDsi8u/2/finestructure/swiftpackageindex-builder/spi-builder-workspace/.derivedData/Build/Intermediates.noindex/swift-biome.build/Debug-xros/Forest.build/DerivedSources -Xcc -DSWIFT_PACKAGE -Xcc -DDEBUG\=1 -emit-objc-header -emit-objc-header-path /Users/builder/builds/UKfvDsi8u/2/finestructure/swiftpackageindex-builder/spi-builder-workspace/.derivedData/Build/Intermediates.noindex/swift-biome.build/Debug-xros/Forest.build/Objects-normal/arm64/Forest-Swift.h -working-directory /Users/builder/builds/UKfvDsi8u/2/finestructure/swiftpackageindex-builder/spi-builder-workspace -experimental-emit-module-separately -disable-cmo
SwiftEmitModule normal arm64 Emitting\ module\ for\ WebSemantics (in target 'WebSemantics' from project 'swift-resource')
    cd /Users/builder/builds/UKfvDsi8u/2/finestructure/swiftpackageindex-builder/spi-builder-workspace/.dependencies/checkouts/swift-resource
    builtin-swiftTaskExecution -- /Applications/Xcode-15.3.0-Beta.2.app/Contents/Developer/Toolchains/XcodeDefault.xctoolchain/usr/bin/swift-frontend -frontend -emit-module -experimental-skip-non-inlinable-function-bodies-without-types /Users/builder/builds/UKfvDsi8u/2/finestructure/swiftpackageindex-builder/spi-builder-workspace/.dependencies/checkouts/swift-resource/Sources/WebSemantics/Response.swift -target arm64-apple-xros1.0 -Xllvm -aarch64-use-tbi -enable-objc-interop -stack-check -sdk /Applications/Xcode-15.3.0-Beta.2.app/Contents/Developer/Platforms/XROS.platform/Developer/SDKs/XROS1.1.sdk -I /Users/builder/builds/UKfvDsi8u/2/finestructure/swiftpackageindex-builder/spi-builder-workspace/.derivedData/Build/Products/Debug-xros -I /Applications/Xcode-15.3.0-Beta.2.app/Contents/Developer/Platforms/XROS.platform/Developer/usr/lib -F /Users/builder/builds/UKfvDsi8u/2/finestructure/swiftpackageindex-builder/spi-builder-workspace/.derivedData/Build/Products/Debug-xros -F /Applications/Xcode-15.3.0-Beta.2.app/Contents/Developer/Platforms/XROS.platform/Developer/Library/Frameworks -F /Applications/Xcode-15.3.0-Beta.2.app/Contents/Developer/Platforms/XROS.platform/Developer/SDKs/XROS1.1.sdk/Developer/Library/Frameworks -no-color-diagnostics -enable-testing -g -module-cache-path /Users/builder/builds/UKfvDsi8u/2/finestructure/swiftpackageindex-builder/spi-builder-workspace/.derivedData/ModuleCache.noindex -suppress-warnings -swift-version 5 -enforce-exclusivity\=checked -Onone -D SWIFT_PACKAGE -D DEBUG -D Xcode -serialize-debugging-options -const-gather-protocols-file /Users/builder/builds/UKfvDsi8u/2/finestructure/swiftpackageindex-builder/spi-builder-workspace/.derivedData/Build/Intermediates.noindex/swift-resource.build/Debug-xros/WebSemantics.build/Objects-normal/arm64/WebSemantics_const_extract_protocols.json -empty-abi-descriptor -validate-clang-modules-once -clang-build-session-file /Users/builder/builds/UKfvDsi8u/2/finestructure/swiftpackageindex-builder/spi-builder-workspace/.derivedData/ModuleCache.noindex/Session.modulevalidation -Xcc -working-directory -Xcc /Users/builder/builds/UKfvDsi8u/2/finestructure/swiftpackageindex-builder/spi-builder-workspace/.dependencies/checkouts/swift-resource -resource-dir /Applications/Xcode-15.3.0-Beta.2.app/Contents/Developer/Toolchains/XcodeDefault.xctoolchain/usr/lib/swift -enable-anonymous-context-mangled-names -Xcc -ivfsstatcache -Xcc /Users/builder/builds/UKfvDsi8u/2/finestructure/swiftpackageindex-builder/spi-builder-workspace/.derivedData/SDKStatCaches.noindex/xros1.1-21O5181e-ee5c1ba7e8e63f56232e286fb9e6086d.sdkstatcache -Xcc -I/Users/builder/builds/UKfvDsi8u/2/finestructure/swiftpackageindex-builder/spi-builder-workspace/.derivedData/Build/Intermediates.noindex/swift-resource.build/Debug-xros/WebSemantics.build/swift-overrides.hmap -Xcc -I/Users/builder/builds/UKfvDsi8u/2/finestructure/swiftpackageindex-builder/spi-builder-workspace/.derivedData/Build/Products/Debug-xros/include -Xcc -I/Users/builder/builds/UKfvDsi8u/2/finestructure/swiftpackageindex-builder/spi-builder-workspace/.derivedData/Build/Intermediates.noindex/swift-resource.build/Debug-xros/WebSemantics.build/DerivedSources-normal/arm64 -Xcc -I/Users/builder/builds/UKfvDsi8u/2/finestructure/swiftpackageindex-builder/spi-builder-workspace/.derivedData/Build/Intermediates.noindex/swift-resource.build/Debug-xros/WebSemantics.build/DerivedSources/arm64 -Xcc -I/Users/builder/builds/UKfvDsi8u/2/finestructure/swiftpackageindex-builder/spi-builder-workspace/.derivedData/Build/Intermediates.noindex/swift-resource.build/Debug-xros/WebSemantics.build/DerivedSources -Xcc -DSWIFT_PACKAGE -Xcc -DDEBUG\=1 -module-name WebSemantics -disable-clang-spi -target-sdk-version 1.1 -target-sdk-name xros1.1 -external-plugin-path /Applications/Xcode-15.3.0-Beta.2.app/Contents/Developer/Platforms/XROS.platform/Developer/SDKs/XROS1.1.sdk/usr/lib/swift/host/plugins\#/Applications/Xcode-15.3.0-Beta.2.app/Contents/Developer/Platforms/XROS.platform/Developer/SDKs/XROS1.1.sdk/usr/bin/swift-plugin-server -external-plugin-path /Applications/Xcode-15.3.0-Beta.2.app/Contents/Developer/Platforms/XROS.platform/Developer/SDKs/XROS1.1.sdk/usr/local/lib/swift/host/plugins\#/Applications/Xcode-15.3.0-Beta.2.app/Contents/Developer/Platforms/XROS.platform/Developer/SDKs/XROS1.1.sdk/usr/bin/swift-plugin-server -external-plugin-path /Applications/Xcode-15.3.0-Beta.2.app/Contents/Developer/Platforms/XROS.platform/Developer/usr/lib/swift/host/plugins\#/Applications/Xcode-15.3.0-Beta.2.app/Contents/Developer/Platforms/XROS.platform/Developer/usr/bin/swift-plugin-server -external-plugin-path /Applications/Xcode-15.3.0-Beta.2.app/Contents/Developer/Platforms/XROS.platform/Developer/usr/local/lib/swift/host/plugins\#/Applications/Xcode-15.3.0-Beta.2.app/Contents/Developer/Platforms/XROS.platform/Developer/usr/bin/swift-plugin-server -plugin-path /Applications/Xcode-15.3.0-Beta.2.app/Contents/Developer/Toolchains/XcodeDefault.xctoolchain/usr/lib/swift/host/plugins -plugin-path /Applications/Xcode-15.3.0-Beta.2.app/Contents/Developer/Toolchains/XcodeDefault.xctoolchain/usr/local/lib/swift/host/plugins -emit-module-doc-path /Users/builder/builds/UKfvDsi8u/2/finestructure/swiftpackageindex-builder/spi-builder-workspace/.derivedData/Build/Intermediates.noindex/swift-resource.build/Debug-xros/WebSemantics.build/Objects-normal/arm64/WebSemantics.swiftdoc -emit-module-source-info-path /Users/builder/builds/UKfvDsi8u/2/finestructure/swiftpackageindex-builder/spi-builder-workspace/.derivedData/Build/Intermediates.noindex/swift-resource.build/Debug-xros/WebSemantics.build/Objects-normal/arm64/WebSemantics.swiftsourceinfo -emit-objc-header-path /Users/builder/builds/UKfvDsi8u/2/finestructure/swiftpackageindex-builder/spi-builder-workspace/.derivedData/Build/Intermediates.noindex/swift-resource.build/Debug-xros/WebSemantics.build/Objects-normal/arm64/WebSemantics-Swift.h -serialize-diagnostics-path /Users/builder/builds/UKfvDsi8u/2/finestructure/swiftpackageindex-builder/spi-builder-workspace/.derivedData/Build/Intermediates.noindex/swift-resource.build/Debug-xros/WebSemantics.build/Objects-normal/arm64/WebSemantics-master-emit-module.dia -emit-dependencies-path /Users/builder/builds/UKfvDsi8u/2/finestructure/swiftpackageindex-builder/spi-builder-workspace/.derivedData/Build/Intermediates.noindex/swift-resource.build/Debug-xros/WebSemantics.build/Objects-normal/arm64/WebSemantics-master-emit-module.d -parse-as-library -o /Users/builder/builds/UKfvDsi8u/2/finestructure/swiftpackageindex-builder/spi-builder-workspace/.derivedData/Build/Intermediates.noindex/swift-resource.build/Debug-xros/WebSemantics.build/Objects-normal/arm64/WebSemantics.swiftmodule -emit-abi-descriptor-path /Users/builder/builds/UKfvDsi8u/2/finestructure/swiftpackageindex-builder/spi-builder-workspace/.derivedData/Build/Intermediates.noindex/swift-resource.build/Debug-xros/WebSemantics.build/Objects-normal/arm64/WebSemantics.abi.json
SwiftEmitModule normal arm64 Emitting\ module\ for\ _NIODataStructures (in target '_NIODataStructures' from project 'swift-nio')
    cd /Users/builder/builds/UKfvDsi8u/2/finestructure/swiftpackageindex-builder/spi-builder-workspace/.dependencies/checkouts/swift-nio
    builtin-swiftTaskExecution -- /Applications/Xcode-15.3.0-Beta.2.app/Contents/Developer/Toolchains/XcodeDefault.xctoolchain/usr/bin/swift-frontend -frontend -emit-module -experimental-skip-non-inlinable-function-bodies-without-types /Users/builder/builds/UKfvDsi8u/2/finestructure/swiftpackageindex-builder/spi-builder-workspace/.dependencies/checkouts/swift-nio/Sources/_NIODataStructures/Heap.swift /Users/builder/builds/UKfvDsi8u/2/finestructure/swiftpackageindex-builder/spi-builder-workspace/.dependencies/checkouts/swift-nio/Sources/_NIODataStructures/PriorityQueue.swift -target arm64-apple-xros1.0 -Xllvm -aarch64-use-tbi -enable-objc-interop -stack-check -sdk /Applications/Xcode-15.3.0-Beta.2.app/Contents/Developer/Platforms/XROS.platform/Developer/SDKs/XROS1.1.sdk -I /Users/builder/builds/UKfvDsi8u/2/finestructure/swiftpackageindex-builder/spi-builder-workspace/.derivedData/Build/Products/Debug-xros -I /Applications/Xcode-15.3.0-Beta.2.app/Contents/Developer/Platforms/XROS.platform/Developer/usr/lib -F /Users/builder/builds/UKfvDsi8u/2/finestructure/swiftpackageindex-builder/spi-builder-workspace/.derivedData/Build/Products/Debug-xros -F /Applications/Xcode-15.3.0-Beta.2.app/Contents/Developer/Platforms/XROS.platform/Developer/Library/Frameworks -F /Applications/Xcode-15.3.0-Beta.2.app/Contents/Developer/Platforms/XROS.platform/Developer/SDKs/XROS1.1.sdk/Developer/Library/Frameworks -no-color-diagnostics -enable-testing -g -module-cache-path /Users/builder/builds/UKfvDsi8u/2/finestructure/swiftpackageindex-builder/spi-builder-workspace/.derivedData/ModuleCache.noindex -suppress-warnings -swift-version 5 -enforce-exclusivity\=checked -Onone -D SWIFT_PACKAGE -D DEBUG -D Xcode -serialize-debugging-options -const-gather-protocols-file /Users/builder/builds/UKfvDsi8u/2/finestructure/swiftpackageindex-builder/spi-builder-workspace/.derivedData/Build/Intermediates.noindex/swift-nio.build/Debug-xros/_NIODataStructures.build/Objects-normal/arm64/_NIODataStructures_const_extract_protocols.json -empty-abi-descriptor -validate-clang-modules-once -clang-build-session-file /Users/builder/builds/UKfvDsi8u/2/finestructure/swiftpackageindex-builder/spi-builder-workspace/.derivedData/ModuleCache.noindex/Session.modulevalidation -Xcc -working-directory -Xcc /Users/builder/builds/UKfvDsi8u/2/finestructure/swiftpackageindex-builder/spi-builder-workspace/.dependencies/checkouts/swift-nio -resource-dir /Applications/Xcode-15.3.0-Beta.2.app/Contents/Developer/Toolchains/XcodeDefault.xctoolchain/usr/lib/swift -enable-anonymous-context-mangled-names -Xcc -ivfsstatcache -Xcc /Users/builder/builds/UKfvDsi8u/2/finestructure/swiftpackageindex-builder/spi-builder-workspace/.derivedData/SDKStatCaches.noindex/xros1.1-21O5181e-ee5c1ba7e8e63f56232e286fb9e6086d.sdkstatcache -Xcc -I/Users/builder/builds/UKfvDsi8u/2/finestructure/swiftpackageindex-builder/spi-builder-workspace/.derivedData/Build/Intermediates.noindex/swift-nio.build/Debug-xros/_NIODataStructures.build/swift-overrides.hmap -Xcc -I/Users/builder/builds/UKfvDsi8u/2/finestructure/swiftpackageindex-builder/spi-builder-workspace/.derivedData/Build/Products/Debug-xros/include -Xcc -I/Users/builder/builds/UKfvDsi8u/2/finestructure/swiftpackageindex-builder/spi-builder-workspace/.derivedData/Build/Intermediates.noindex/swift-nio.build/Debug-xros/_NIODataStructures.build/DerivedSources-normal/arm64 -Xcc -I/Users/builder/builds/UKfvDsi8u/2/finestructure/swiftpackageindex-builder/spi-builder-workspace/.derivedData/Build/Intermediates.noindex/swift-nio.build/Debug-xros/_NIODataStructures.build/DerivedSources/arm64 -Xcc -I/Users/builder/builds/UKfvDsi8u/2/finestructure/swiftpackageindex-builder/spi-builder-workspace/.derivedData/Build/Intermediates.noindex/swift-nio.build/Debug-xros/_NIODataStructures.build/DerivedSources -Xcc -DSWIFT_PACKAGE -Xcc -DDEBUG\=1 -module-name _NIODataStructures -disable-clang-spi -target-sdk-version 1.1 -target-sdk-name xros1.1 -external-plugin-path /Applications/Xcode-15.3.0-Beta.2.app/Contents/Developer/Platforms/XROS.platform/Developer/SDKs/XROS1.1.sdk/usr/lib/swift/host/plugins\#/Applications/Xcode-15.3.0-Beta.2.app/Contents/Developer/Platforms/XROS.platform/Developer/SDKs/XROS1.1.sdk/usr/bin/swift-plugin-server -external-plugin-path /Applications/Xcode-15.3.0-Beta.2.app/Contents/Developer/Platforms/XROS.platform/Developer/SDKs/XROS1.1.sdk/usr/local/lib/swift/host/plugins\#/Applications/Xcode-15.3.0-Beta.2.app/Contents/Developer/Platforms/XROS.platform/Developer/SDKs/XROS1.1.sdk/usr/bin/swift-plugin-server -external-plugin-path /Applications/Xcode-15.3.0-Beta.2.app/Contents/Developer/Platforms/XROS.platform/Developer/usr/lib/swift/host/plugins\#/Applications/Xcode-15.3.0-Beta.2.app/Contents/Developer/Platforms/XROS.platform/Developer/usr/bin/swift-plugin-server -external-plugin-path /Applications/Xcode-15.3.0-Beta.2.app/Contents/Developer/Platforms/XROS.platform/Developer/usr/local/lib/swift/host/plugins\#/Applications/Xcode-15.3.0-Beta.2.app/Contents/Developer/Platforms/XROS.platform/Developer/usr/bin/swift-plugin-server -plugin-path /Applications/Xcode-15.3.0-Beta.2.app/Contents/Developer/Toolchains/XcodeDefault.xctoolchain/usr/lib/swift/host/plugins -plugin-path /Applications/Xcode-15.3.0-Beta.2.app/Contents/Developer/Toolchains/XcodeDefault.xctoolchain/usr/local/lib/swift/host/plugins -emit-module-doc-path /Users/builder/builds/UKfvDsi8u/2/finestructure/swiftpackageindex-builder/spi-builder-workspace/.derivedData/Build/Intermediates.noindex/swift-nio.build/Debug-xros/_NIODataStructures.build/Objects-normal/arm64/_NIODataStructures.swiftdoc -emit-module-source-info-path /Users/builder/builds/UKfvDsi8u/2/finestructure/swiftpackageindex-builder/spi-builder-workspace/.derivedData/Build/Intermediates.noindex/swift-nio.build/Debug-xros/_NIODataStructures.build/Objects-normal/arm64/_NIODataStructures.swiftsourceinfo -emit-objc-header-path /Users/builder/builds/UKfvDsi8u/2/finestructure/swiftpackageindex-builder/spi-builder-workspace/.derivedData/Build/Intermediates.noindex/swift-nio.build/Debug-xros/_NIODataStructures.build/Objects-normal/arm64/_NIODataStructures-Swift.h -serialize-diagnostics-path /Users/builder/builds/UKfvDsi8u/2/finestructure/swiftpackageindex-builder/spi-builder-workspace/.derivedData/Build/Intermediates.noindex/swift-nio.build/Debug-xros/_NIODataStructures.build/Objects-normal/arm64/_NIODataStructures-master-emit-module.dia -emit-dependencies-path /Users/builder/builds/UKfvDsi8u/2/finestructure/swiftpackageindex-builder/spi-builder-workspace/.derivedData/Build/Intermediates.noindex/swift-nio.build/Debug-xros/_NIODataStructures.build/Objects-normal/arm64/_NIODataStructures-master-emit-module.d -o /Users/builder/builds/UKfvDsi8u/2/finestructure/swiftpackageindex-builder/spi-builder-workspace/.derivedData/Build/Intermediates.noindex/swift-nio.build/Debug-xros/_NIODataStructures.build/Objects-normal/arm64/_NIODataStructures.swiftmodule -emit-abi-descriptor-path /Users/builder/builds/UKfvDsi8u/2/finestructure/swiftpackageindex-builder/spi-builder-workspace/.derivedData/Build/Intermediates.noindex/swift-nio.build/Debug-xros/_NIODataStructures.build/Objects-normal/arm64/_NIODataStructures.abi.json
/Users/builder/builds/UKfvDsi8u/2/finestructure/swiftpackageindex-builder/spi-builder-workspace/.dependencies/checkouts/swift-nio/Sources/_NIODataStructures/Heap.swift:199:28: error: cannot find 'log2' in scope
                return Int(log2(Double(index + 1)))
                           ^~~~
SwiftEmitModule normal arm64 Emitting\ module\ for\ Notebook (in target 'Notebook' from project 'swift-highlight')
    cd /Users/builder/builds/UKfvDsi8u/2/finestructure/swiftpackageindex-builder/spi-builder-workspace/.dependencies/checkouts/swift-highlight
    builtin-swiftTaskExecution -- /Applications/Xcode-15.3.0-Beta.2.app/Contents/Developer/Toolchains/XcodeDefault.xctoolchain/usr/bin/swift-frontend -frontend -emit-module -experimental-skip-non-inlinable-function-bodies-without-types /Users/builder/builds/UKfvDsi8u/2/finestructure/swiftpackageindex-builder/spi-builder-workspace/.dependencies/checkouts/swift-highlight/sources/notebook/notebook.swift -target arm64-apple-xros1.0 -Xllvm -aarch64-use-tbi -enable-objc-interop -stack-check -sdk /Applications/Xcode-15.3.0-Beta.2.app/Contents/Developer/Platforms/XROS.platform/Developer/SDKs/XROS1.1.sdk -I /Users/builder/builds/UKfvDsi8u/2/finestructure/swiftpackageindex-builder/spi-builder-workspace/.derivedData/Build/Products/Debug-xros -I /Applications/Xcode-15.3.0-Beta.2.app/Contents/Developer/Platforms/XROS.platform/Developer/usr/lib -F /Users/builder/builds/UKfvDsi8u/2/finestructure/swiftpackageindex-builder/spi-builder-workspace/.derivedData/Build/Products/Debug-xros -F /Applications/Xcode-15.3.0-Beta.2.app/Contents/Developer/Platforms/XROS.platform/Developer/Library/Frameworks -F /Applications/Xcode-15.3.0-Beta.2.app/Contents/Developer/Platforms/XROS.platform/Developer/SDKs/XROS1.1.sdk/Developer/Library/Frameworks -no-color-diagnostics -enable-testing -g -module-cache-path /Users/builder/builds/UKfvDsi8u/2/finestructure/swiftpackageindex-builder/spi-builder-workspace/.derivedData/ModuleCache.noindex -suppress-warnings -swift-version 5 -enforce-exclusivity\=checked -Onone -D SWIFT_PACKAGE -D DEBUG -D Xcode -serialize-debugging-options -const-gather-protocols-file /Users/builder/builds/UKfvDsi8u/2/finestructure/swiftpackageindex-builder/spi-builder-workspace/.derivedData/Build/Intermediates.noindex/swift-highlight.build/Debug-xros/Notebook.build/Objects-normal/arm64/Notebook_const_extract_protocols.json -empty-abi-descriptor -validate-clang-modules-once -clang-build-session-file /Users/builder/builds/UKfvDsi8u/2/finestructure/swiftpackageindex-builder/spi-builder-workspace/.derivedData/ModuleCache.noindex/Session.modulevalidation -Xcc -working-directory -Xcc /Users/builder/builds/UKfvDsi8u/2/finestructure/swiftpackageindex-builder/spi-builder-workspace/.dependencies/checkouts/swift-highlight -resource-dir /Applications/Xcode-15.3.0-Beta.2.app/Contents/Developer/Toolchains/XcodeDefault.xctoolchain/usr/lib/swift -enable-anonymous-context-mangled-names -Xcc -ivfsstatcache -Xcc /Users/builder/builds/UKfvDsi8u/2/finestructure/swiftpackageindex-builder/spi-builder-workspace/.derivedData/SDKStatCaches.noindex/xros1.1-21O5181e-ee5c1ba7e8e63f56232e286fb9e6086d.sdkstatcache -Xcc -I/Users/builder/builds/UKfvDsi8u/2/finestructure/swiftpackageindex-builder/spi-builder-workspace/.derivedData/Build/Intermediates.noindex/swift-highlight.build/Debug-xros/Notebook.build/swift-overrides.hmap -Xcc -I/Users/builder/builds/UKfvDsi8u/2/finestructure/swiftpackageindex-builder/spi-builder-workspace/.derivedData/Build/Products/Debug-xros/include -Xcc -I/Users/builder/builds/UKfvDsi8u/2/finestructure/swiftpackageindex-builder/spi-builder-workspace/.derivedData/Build/Intermediates.noindex/swift-highlight.build/Debug-xros/Notebook.build/DerivedSources-normal/arm64 -Xcc -I/Users/builder/builds/UKfvDsi8u/2/finestructure/swiftpackageindex-builder/spi-builder-workspace/.derivedData/Build/Intermediates.noindex/swift-highlight.build/Debug-xros/Notebook.build/DerivedSources/arm64 -Xcc -I/Users/builder/builds/UKfvDsi8u/2/finestructure/swiftpackageindex-builder/spi-builder-workspace/.derivedData/Build/Intermediates.noindex/swift-highlight.build/Debug-xros/Notebook.build/DerivedSources -Xcc -DSWIFT_PACKAGE -Xcc -DDEBUG\=1 -module-name Notebook -disable-clang-spi -target-sdk-version 1.1 -target-sdk-name xros1.1 -external-plugin-path /Applications/Xcode-15.3.0-Beta.2.app/Contents/Developer/Platforms/XROS.platform/Developer/SDKs/XROS1.1.sdk/usr/lib/swift/host/plugins\#/Applications/Xcode-15.3.0-Beta.2.app/Contents/Developer/Platforms/XROS.platform/Developer/SDKs/XROS1.1.sdk/usr/bin/swift-plugin-server -external-plugin-path /Applications/Xcode-15.3.0-Beta.2.app/Contents/Developer/Platforms/XROS.platform/Developer/SDKs/XROS1.1.sdk/usr/local/lib/swift/host/plugins\#/Applications/Xcode-15.3.0-Beta.2.app/Contents/Developer/Platforms/XROS.platform/Developer/SDKs/XROS1.1.sdk/usr/bin/swift-plugin-server -external-plugin-path /Applications/Xcode-15.3.0-Beta.2.app/Contents/Developer/Platforms/XROS.platform/Developer/usr/lib/swift/host/plugins\#/Applications/Xcode-15.3.0-Beta.2.app/Contents/Developer/Platforms/XROS.platform/Developer/usr/bin/swift-plugin-server -external-plugin-path /Applications/Xcode-15.3.0-Beta.2.app/Contents/Developer/Platforms/XROS.platform/Developer/usr/local/lib/swift/host/plugins\#/Applications/Xcode-15.3.0-Beta.2.app/Contents/Developer/Platforms/XROS.platform/Developer/usr/bin/swift-plugin-server -plugin-path /Applications/Xcode-15.3.0-Beta.2.app/Contents/Developer/Toolchains/XcodeDefault.xctoolchain/usr/lib/swift/host/plugins -plugin-path /Applications/Xcode-15.3.0-Beta.2.app/Contents/Developer/Toolchains/XcodeDefault.xctoolchain/usr/local/lib/swift/host/plugins -emit-module-doc-path /Users/builder/builds/UKfvDsi8u/2/finestructure/swiftpackageindex-builder/spi-builder-workspace/.derivedData/Build/Intermediates.noindex/swift-highlight.build/Debug-xros/Notebook.build/Objects-normal/arm64/Notebook.swiftdoc -emit-module-source-info-path /Users/builder/builds/UKfvDsi8u/2/finestructure/swiftpackageindex-builder/spi-builder-workspace/.derivedData/Build/Intermediates.noindex/swift-highlight.build/Debug-xros/Notebook.build/Objects-normal/arm64/Notebook.swiftsourceinfo -emit-objc-header-path /Users/builder/builds/UKfvDsi8u/2/finestructure/swiftpackageindex-builder/spi-builder-workspace/.derivedData/Build/Intermediates.noindex/swift-highlight.build/Debug-xros/Notebook.build/Objects-normal/arm64/Notebook-Swift.h -serialize-diagnostics-path /Users/builder/builds/UKfvDsi8u/2/finestructure/swiftpackageindex-builder/spi-builder-workspace/.derivedData/Build/Intermediates.noindex/swift-highlight.build/Debug-xros/Notebook.build/Objects-normal/arm64/Notebook-master-emit-module.dia -emit-dependencies-path /Users/builder/builds/UKfvDsi8u/2/finestructure/swiftpackageindex-builder/spi-builder-workspace/.derivedData/Build/Intermediates.noindex/swift-highlight.build/Debug-xros/Notebook.build/Objects-normal/arm64/Notebook-master-emit-module.d -parse-as-library -o /Users/builder/builds/UKfvDsi8u/2/finestructure/swiftpackageindex-builder/spi-builder-workspace/.derivedData/Build/Intermediates.noindex/swift-highlight.build/Debug-xros/Notebook.build/Objects-normal/arm64/Notebook.swiftmodule -emit-abi-descriptor-path /Users/builder/builds/UKfvDsi8u/2/finestructure/swiftpackageindex-builder/spi-builder-workspace/.derivedData/Build/Intermediates.noindex/swift-highlight.build/Debug-xros/Notebook.build/Objects-normal/arm64/Notebook.abi.json
SwiftEmitModule normal arm64 Emitting\ module\ for\ NIOConcurrencyHelpers (in target 'NIOConcurrencyHelpers' from project 'swift-nio')
    cd /Users/builder/builds/UKfvDsi8u/2/finestructure/swiftpackageindex-builder/spi-builder-workspace/.dependencies/checkouts/swift-nio
    builtin-swiftTaskExecution -- /Applications/Xcode-15.3.0-Beta.2.app/Contents/Developer/Toolchains/XcodeDefault.xctoolchain/usr/bin/swift-frontend -frontend -emit-module -experimental-skip-non-inlinable-function-bodies-without-types /Users/builder/builds/UKfvDsi8u/2/finestructure/swiftpackageindex-builder/spi-builder-workspace/.dependencies/checkouts/swift-nio/Sources/NIOConcurrencyHelpers/NIOAtomic.swift /Users/builder/builds/UKfvDsi8u/2/finestructure/swiftpackageindex-builder/spi-builder-workspace/.dependencies/checkouts/swift-nio/Sources/NIOConcurrencyHelpers/atomics.swift /Users/builder/builds/UKfvDsi8u/2/finestructure/swiftpackageindex-builder/spi-builder-workspace/.dependencies/checkouts/swift-nio/Sources/NIOConcurrencyHelpers/lock.swift -target arm64-apple-xros1.0 -Xllvm -aarch64-use-tbi -enable-objc-interop -stack-check -sdk /Applications/Xcode-15.3.0-Beta.2.app/Contents/Developer/Platforms/XROS.platform/Developer/SDKs/XROS1.1.sdk -I /Users/builder/builds/UKfvDsi8u/2/finestructure/swiftpackageindex-builder/spi-builder-workspace/.derivedData/Build/Products/Debug-xros -I /Applications/Xcode-15.3.0-Beta.2.app/Contents/Developer/Platforms/XROS.platform/Developer/usr/lib -F /Users/builder/builds/UKfvDsi8u/2/finestructure/swiftpackageindex-builder/spi-builder-workspace/.derivedData/Build/Products/Debug-xros/PackageFrameworks -F /Users/builder/builds/UKfvDsi8u/2/finestructure/swiftpackageindex-builder/spi-builder-workspace/.derivedData/Build/Products/Debug-xros -F /Applications/Xcode-15.3.0-Beta.2.app/Contents/Developer/Platforms/XROS.platform/Developer/Library/Frameworks -F /Applications/Xcode-15.3.0-Beta.2.app/Contents/Developer/Platforms/XROS.platform/Developer/SDKs/XROS1.1.sdk/Developer/Library/Frameworks -no-color-diagnostics -enable-testing -g -module-cache-path /Users/builder/builds/UKfvDsi8u/2/finestructure/swiftpackageindex-builder/spi-builder-workspace/.derivedData/ModuleCache.noindex -suppress-warnings -swift-version 5 -enforce-exclusivity\=checked -Onone -D SWIFT_PACKAGE -D DEBUG -D Xcode -serialize-debugging-options -const-gather-protocols-file /Users/builder/builds/UKfvDsi8u/2/finestructure/swiftpackageindex-builder/spi-builder-workspace/.derivedData/Build/Intermediates.noindex/swift-nio.build/Debug-xros/NIOConcurrencyHelpers.build/Objects-normal/arm64/NIOConcurrencyHelpers_const_extract_protocols.json -empty-abi-descriptor -validate-clang-modules-once -clang-build-session-file /Users/builder/builds/UKfvDsi8u/2/finestructure/swiftpackageindex-builder/spi-builder-workspace/.derivedData/ModuleCache.noindex/Session.modulevalidation -Xcc -working-directory -Xcc /Users/builder/builds/UKfvDsi8u/2/finestructure/swiftpackageindex-builder/spi-builder-workspace/.dependencies/checkouts/swift-nio -resource-dir /Applications/Xcode-15.3.0-Beta.2.app/Contents/Developer/Toolchains/XcodeDefault.xctoolchain/usr/lib/swift -enable-anonymous-context-mangled-names -Xcc -fmodule-map-file\=/Users/builder/builds/UKfvDsi8u/2/finestructure/swiftpackageindex-builder/spi-builder-workspace/.derivedData/Build/Intermediates.noindex/GeneratedModuleMaps-xros/CNIOAtomics.modulemap -Xcc -ivfsstatcache -Xcc /Users/builder/builds/UKfvDsi8u/2/finestructure/swiftpackageindex-builder/spi-builder-workspace/.derivedData/SDKStatCaches.noindex/xros1.1-21O5181e-ee5c1ba7e8e63f56232e286fb9e6086d.sdkstatcache -Xcc -I/Users/builder/builds/UKfvDsi8u/2/finestructure/swiftpackageindex-builder/spi-builder-workspace/.derivedData/Build/Intermediates.noindex/swift-nio.build/Debug-xros/NIOConcurrencyHelpers.build/swift-overrides.hmap -Xcc -I/Users/builder/builds/UKfvDsi8u/2/finestructure/swiftpackageindex-builder/spi-builder-workspace/.dependencies/checkouts/swift-nio/Sources/CNIOAtomics/include -Xcc -I/Users/builder/builds/UKfvDsi8u/2/finestructure/swiftpackageindex-builder/spi-builder-workspace/.derivedData/Build/Products/Debug-xros/include -Xcc -I/Users/builder/builds/UKfvDsi8u/2/finestructure/swiftpackageindex-builder/spi-builder-workspace/.derivedData/Build/Intermediates.noindex/swift-nio.build/Debug-xros/NIOConcurrencyHelpers.build/DerivedSources-normal/arm64 -Xcc -I/Users/builder/builds/UKfvDsi8u/2/finestructure/swiftpackageindex-builder/spi-builder-workspace/.derivedData/Build/Intermediates.noindex/swift-nio.build/Debug-xros/NIOConcurrencyHelpers.build/DerivedSources/arm64 -Xcc -I/Users/builder/builds/UKfvDsi8u/2/finestructure/swiftpackageindex-builder/spi-builder-workspace/.derivedData/Build/Intermediates.noindex/swift-nio.build/Debug-xros/NIOConcurrencyHelpers.build/DerivedSources -Xcc -DSWIFT_PACKAGE -Xcc -DDEBUG\=1 -module-name NIOConcurrencyHelpers -disable-clang-spi -target-sdk-version 1.1 -target-sdk-name xros1.1 -external-plugin-path /Applications/Xcode-15.3.0-Beta.2.app/Contents/Developer/Platforms/XROS.platform/Developer/SDKs/XROS1.1.sdk/usr/lib/swift/host/plugins\#/Applications/Xcode-15.3.0-Beta.2.app/Contents/Developer/Platforms/XROS.platform/Developer/SDKs/XROS1.1.sdk/usr/bin/swift-plugin-server -external-plugin-path /Applications/Xcode-15.3.0-Beta.2.app/Contents/Developer/Platforms/XROS.platform/Developer/SDKs/XROS1.1.sdk/usr/local/lib/swift/host/plugins\#/Applications/Xcode-15.3.0-Beta.2.app/Contents/Developer/Platforms/XROS.platform/Developer/SDKs/XROS1.1.sdk/usr/bin/swift-plugin-server -external-plugin-path /Applications/Xcode-15.3.0-Beta.2.app/Contents/Developer/Platforms/XROS.platform/Developer/usr/lib/swift/host/plugins\#/Applications/Xcode-15.3.0-Beta.2.app/Contents/Developer/Platforms/XROS.platform/Developer/usr/bin/swift-plugin-server -external-plugin-path /Applications/Xcode-15.3.0-Beta.2.app/Contents/Developer/Platforms/XROS.platform/Developer/usr/local/lib/swift/host/plugins\#/Applications/Xcode-15.3.0-Beta.2.app/Contents/Developer/Platforms/XROS.platform/Developer/usr/bin/swift-plugin-server -plugin-path /Applications/Xcode-15.3.0-Beta.2.app/Contents/Developer/Toolchains/XcodeDefault.xctoolchain/usr/lib/swift/host/plugins -plugin-path /Applications/Xcode-15.3.0-Beta.2.app/Contents/Developer/Toolchains/XcodeDefault.xctoolchain/usr/local/lib/swift/host/plugins -emit-module-doc-path /Users/builder/builds/UKfvDsi8u/2/finestructure/swiftpackageindex-builder/spi-builder-workspace/.derivedData/Build/Intermediates.noindex/swift-nio.build/Debug-xros/NIOConcurrencyHelpers.build/Objects-normal/arm64/NIOConcurrencyHelpers.swiftdoc -emit-module-source-info-path /Users/builder/builds/UKfvDsi8u/2/finestructure/swiftpackageindex-builder/spi-builder-workspace/.derivedData/Build/Intermediates.noindex/swift-nio.build/Debug-xros/NIOConcurrencyHelpers.build/Objects-normal/arm64/NIOConcurrencyHelpers.swiftsourceinfo -emit-objc-header-path /Users/builder/builds/UKfvDsi8u/2/finestructure/swiftpackageindex-builder/spi-builder-workspace/.derivedData/Build/Intermediates.noindex/swift-nio.build/Debug-xros/NIOConcurrencyHelpers.build/Objects-normal/arm64/NIOConcurrencyHelpers-Swift.h -serialize-diagnostics-path /Users/builder/builds/UKfvDsi8u/2/finestructure/swiftpackageindex-builder/spi-builder-workspace/.derivedData/Build/Intermediates.noindex/swift-nio.build/Debug-xros/NIOConcurrencyHelpers.build/Objects-normal/arm64/NIOConcurrencyHelpers-master-emit-module.dia -emit-dependencies-path /Users/builder/builds/UKfvDsi8u/2/finestructure/swiftpackageindex-builder/spi-builder-workspace/.derivedData/Build/Intermediates.noindex/swift-nio.build/Debug-xros/NIOConcurrencyHelpers.build/Objects-normal/arm64/NIOConcurrencyHelpers-master-emit-module.d -o /Users/builder/builds/UKfvDsi8u/2/finestructure/swiftpackageindex-builder/spi-builder-workspace/.derivedData/Build/Intermediates.noindex/swift-nio.build/Debug-xros/NIOConcurrencyHelpers.build/Objects-normal/arm64/NIOConcurrencyHelpers.swiftmodule -emit-abi-descriptor-path /Users/builder/builds/UKfvDsi8u/2/finestructure/swiftpackageindex-builder/spi-builder-workspace/.derivedData/Build/Intermediates.noindex/swift-nio.build/Debug-xros/NIOConcurrencyHelpers.build/Objects-normal/arm64/NIOConcurrencyHelpers.abi.json
SwiftEmitModule normal arm64 Emitting\ module\ for\ MIME (in target 'MIME' from project 'swift-resource')
    cd /Users/builder/builds/UKfvDsi8u/2/finestructure/swiftpackageindex-builder/spi-builder-workspace/.dependencies/checkouts/swift-resource
    builtin-swiftTaskExecution -- /Applications/Xcode-15.3.0-Beta.2.app/Contents/Developer/Toolchains/XcodeDefault.xctoolchain/usr/bin/swift-frontend -frontend -emit-module -experimental-skip-non-inlinable-function-bodies-without-types /Users/builder/builds/UKfvDsi8u/2/finestructure/swiftpackageindex-builder/spi-builder-workspace/.dependencies/checkouts/swift-resource/Sources/MIME/MIME.swift -target arm64-apple-xros1.0 -Xllvm -aarch64-use-tbi -enable-objc-interop -stack-check -sdk /Applications/Xcode-15.3.0-Beta.2.app/Contents/Developer/Platforms/XROS.platform/Developer/SDKs/XROS1.1.sdk -I /Users/builder/builds/UKfvDsi8u/2/finestructure/swiftpackageindex-builder/spi-builder-workspace/.derivedData/Build/Products/Debug-xros -I /Applications/Xcode-15.3.0-Beta.2.app/Contents/Developer/Platforms/XROS.platform/Developer/usr/lib -F /Users/builder/builds/UKfvDsi8u/2/finestructure/swiftpackageindex-builder/spi-builder-workspace/.derivedData/Build/Products/Debug-xros -F /Applications/Xcode-15.3.0-Beta.2.app/Contents/Developer/Platforms/XROS.platform/Developer/Library/Frameworks -F /Applications/Xcode-15.3.0-Beta.2.app/Contents/Developer/Platforms/XROS.platform/Developer/SDKs/XROS1.1.sdk/Developer/Library/Frameworks -no-color-diagnostics -enable-testing -g -module-cache-path /Users/builder/builds/UKfvDsi8u/2/finestructure/swiftpackageindex-builder/spi-builder-workspace/.derivedData/ModuleCache.noindex -suppress-warnings -swift-version 5 -enforce-exclusivity\=checked -Onone -D SWIFT_PACKAGE -D DEBUG -D Xcode -serialize-debugging-options -const-gather-protocols-file /Users/builder/builds/UKfvDsi8u/2/finestructure/swiftpackageindex-builder/spi-builder-workspace/.derivedData/Build/Intermediates.noindex/swift-resource.build/Debug-xros/MIME.build/Objects-normal/arm64/MIME_const_extract_protocols.json -empty-abi-descriptor -validate-clang-modules-once -clang-build-session-file /Users/builder/builds/UKfvDsi8u/2/finestructure/swiftpackageindex-builder/spi-builder-workspace/.derivedData/ModuleCache.noindex/Session.modulevalidation -Xcc -working-directory -Xcc /Users/builder/builds/UKfvDsi8u/2/finestructure/swiftpackageindex-builder/spi-builder-workspace/.dependencies/checkouts/swift-resource -resource-dir /Applications/Xcode-15.3.0-Beta.2.app/Contents/Developer/Toolchains/XcodeDefault.xctoolchain/usr/lib/swift -enable-anonymous-context-mangled-names -Xcc -ivfsstatcache -Xcc /Users/builder/builds/UKfvDsi8u/2/finestructure/swiftpackageindex-builder/spi-builder-workspace/.derivedData/SDKStatCaches.noindex/xros1.1-21O5181e-ee5c1ba7e8e63f56232e286fb9e6086d.sdkstatcache -Xcc -I/Users/builder/builds/UKfvDsi8u/2/finestructure/swiftpackageindex-builder/spi-builder-workspace/.derivedData/Build/Intermediates.noindex/swift-resource.build/Debug-xros/MIME.build/swift-overrides.hmap -Xcc -I/Users/builder/builds/UKfvDsi8u/2/finestructure/swiftpackageindex-builder/spi-builder-workspace/.derivedData/Build/Products/Debug-xros/include -Xcc -I/Users/builder/builds/UKfvDsi8u/2/finestructure/swiftpackageindex-builder/spi-builder-workspace/.derivedData/Build/Intermediates.noindex/swift-resource.build/Debug-xros/MIME.build/DerivedSources-normal/arm64 -Xcc -I/Users/builder/builds/UKfvDsi8u/2/finestructure/swiftpackageindex-builder/spi-builder-workspace/.derivedData/Build/Intermediates.noindex/swift-resource.build/Debug-xros/MIME.build/DerivedSources/arm64 -Xcc -I/Users/builder/builds/UKfvDsi8u/2/finestructure/swiftpackageindex-builder/spi-builder-workspace/.derivedData/Build/Intermediates.noindex/swift-resource.build/Debug-xros/MIME.build/DerivedSources -Xcc -DSWIFT_PACKAGE -Xcc -DDEBUG\=1 -module-name MIME -disable-clang-spi -target-sdk-version 1.1 -target-sdk-name xros1.1 -external-plugin-path /Applications/Xcode-15.3.0-Beta.2.app/Contents/Developer/Platforms/XROS.platform/Developer/SDKs/XROS1.1.sdk/usr/lib/swift/host/plugins\#/Applications/Xcode-15.3.0-Beta.2.app/Contents/Developer/Platforms/XROS.platform/Developer/SDKs/XROS1.1.sdk/usr/bin/swift-plugin-server -external-plugin-path /Applications/Xcode-15.3.0-Beta.2.app/Contents/Developer/Platforms/XROS.platform/Developer/SDKs/XROS1.1.sdk/usr/local/lib/swift/host/plugins\#/Applications/Xcode-15.3.0-Beta.2.app/Contents/Developer/Platforms/XROS.platform/Developer/SDKs/XROS1.1.sdk/usr/bin/swift-plugin-server -external-plugin-path /Applications/Xcode-15.3.0-Beta.2.app/Contents/Developer/Platforms/XROS.platform/Developer/usr/lib/swift/host/plugins\#/Applications/Xcode-15.3.0-Beta.2.app/Contents/Developer/Platforms/XROS.platform/Developer/usr/bin/swift-plugin-server -external-plugin-path /Applications/Xcode-15.3.0-Beta.2.app/Contents/Developer/Platforms/XROS.platform/Developer/usr/local/lib/swift/host/plugins\#/Applications/Xcode-15.3.0-Beta.2.app/Contents/Developer/Platforms/XROS.platform/Developer/usr/bin/swift-plugin-server -plugin-path /Applications/Xcode-15.3.0-Beta.2.app/Contents/Developer/Toolchains/XcodeDefault.xctoolchain/usr/lib/swift/host/plugins -plugin-path /Applications/Xcode-15.3.0-Beta.2.app/Contents/Developer/Toolchains/XcodeDefault.xctoolchain/usr/local/lib/swift/host/plugins -emit-module-doc-path /Users/builder/builds/UKfvDsi8u/2/finestructure/swiftpackageindex-builder/spi-builder-workspace/.derivedData/Build/Intermediates.noindex/swift-resource.build/Debug-xros/MIME.build/Objects-normal/arm64/MIME.swiftdoc -emit-module-source-info-path /Users/builder/builds/UKfvDsi8u/2/finestructure/swiftpackageindex-builder/spi-builder-workspace/.derivedData/Build/Intermediates.noindex/swift-resource.build/Debug-xros/MIME.build/Objects-normal/arm64/MIME.swiftsourceinfo -emit-objc-header-path /Users/builder/builds/UKfvDsi8u/2/finestructure/swiftpackageindex-builder/spi-builder-workspace/.derivedData/Build/Intermediates.noindex/swift-resource.build/Debug-xros/MIME.build/Objects-normal/arm64/MIME-Swift.h -serialize-diagnostics-path /Users/builder/builds/UKfvDsi8u/2/finestructure/swiftpackageindex-builder/spi-builder-workspace/.derivedData/Build/Intermediates.noindex/swift-resource.build/Debug-xros/MIME.build/Objects-normal/arm64/MIME-master-emit-module.dia -emit-dependencies-path /Users/builder/builds/UKfvDsi8u/2/finestructure/swiftpackageindex-builder/spi-builder-workspace/.derivedData/Build/Intermediates.noindex/swift-resource.build/Debug-xros/MIME.build/Objects-normal/arm64/MIME-master-emit-module.d -parse-as-library -o /Users/builder/builds/UKfvDsi8u/2/finestructure/swiftpackageindex-builder/spi-builder-workspace/.derivedData/Build/Intermediates.noindex/swift-resource.build/Debug-xros/MIME.build/Objects-normal/arm64/MIME.swiftmodule -emit-abi-descriptor-path /Users/builder/builds/UKfvDsi8u/2/finestructure/swiftpackageindex-builder/spi-builder-workspace/.derivedData/Build/Intermediates.noindex/swift-resource.build/Debug-xros/MIME.build/Objects-normal/arm64/MIME.abi.json
SwiftEmitModule normal arm64 Emitting\ module\ for\ Grammar (in target 'Grammar' from project 'swift-grammar')
    cd /Users/builder/builds/UKfvDsi8u/2/finestructure/swiftpackageindex-builder/spi-builder-workspace/.dependencies/checkouts/swift-grammar
    builtin-swiftTaskExecution -- /Applications/Xcode-15.3.0-Beta.2.app/Contents/Developer/Toolchains/XcodeDefault.xctoolchain/usr/bin/swift-frontend -frontend -emit-module -experimental-skip-non-inlinable-function-bodies-without-types /Users/builder/builds/UKfvDsi8u/2/finestructure/swiftpackageindex-builder/spi-builder-workspace/.dependencies/checkouts/swift-grammar/Sources/Grammar/Diagnostics/DefaultDiagnostics.swift /Users/builder/builds/UKfvDsi8u/2/finestructure/swiftpackageindex-builder/spi-builder-workspace/.dependencies/checkouts/swift-grammar/Sources/Grammar/Diagnostics/NoDiagnostics.swift /Users/builder/builds/UKfvDsi8u/2/finestructure/swiftpackageindex-builder/spi-builder-workspace/.dependencies/checkouts/swift-grammar/Sources/Grammar/Diagnostics/ParsingDiagnostics.spf.swift /Users/builder/builds/UKfvDsi8u/2/finestructure/swiftpackageindex-builder/spi-builder-workspace/.dependencies/checkouts/swift-grammar/Sources/Grammar/Digit/DigitRule.spf.swift /Users/builder/builds/UKfvDsi8u/2/finestructure/swiftpackageindex-builder/spi-builder-workspace/.dependencies/checkouts/swift-grammar/Sources/Grammar/Digit/UnicodeDigit.swift /Users/builder/builds/UKfvDsi8u/2/finestructure/swiftpackageindex-builder/spi-builder-workspace/.dependencies/checkouts/swift-grammar/Sources/Grammar/Parsing/ASCIITerminal.swift /Users/builder/builds/UKfvDsi8u/2/finestructure/swiftpackageindex-builder/spi-builder-workspace/.dependencies/checkouts/swift-grammar/Sources/Grammar/Parsing/Grammar.swift /Users/builder/builds/UKfvDsi8u/2/finestructure/swiftpackageindex-builder/spi-builder-workspace/.dependencies/checkouts/swift-grammar/Sources/Grammar/Parsing/ParsingError.swift /Users/builder/builds/UKfvDsi8u/2/finestructure/swiftpackageindex-builder/spi-builder-workspace/.dependencies/checkouts/swift-grammar/Sources/Grammar/Parsing/ParsingInput.swift /Users/builder/builds/UKfvDsi8u/2/finestructure/swiftpackageindex-builder/spi-builder-workspace/.dependencies/checkouts/swift-grammar/Sources/Grammar/Parsing/TraceableError.swift /Users/builder/builds/UKfvDsi8u/2/finestructure/swiftpackageindex-builder/spi-builder-workspace/.dependencies/checkouts/swift-grammar/Sources/Grammar/Rule/LiteralRule.spf.swift /Users/builder/builds/UKfvDsi8u/2/finestructure/swiftpackageindex-builder/spi-builder-workspace/.dependencies/checkouts/swift-grammar/Sources/Grammar/Rule/ParsingRule.spf.swift /Users/builder/builds/UKfvDsi8u/2/finestructure/swiftpackageindex-builder/spi-builder-workspace/.dependencies/checkouts/swift-grammar/Sources/Grammar/Rule/Pattern.swift /Users/builder/builds/UKfvDsi8u/2/finestructure/swiftpackageindex-builder/spi-builder-workspace/.dependencies/checkouts/swift-grammar/Sources/Grammar/Rule/TerminalRule.spf.swift /Users/builder/builds/UKfvDsi8u/2/finestructure/swiftpackageindex-builder/spi-builder-workspace/.dependencies/checkouts/swift-grammar/Sources/Grammar/Rule/UnicodeEncoding.spf.swift -target arm64-apple-xros1.0 -Xllvm -aarch64-use-tbi -enable-objc-interop -stack-check -sdk /Applications/Xcode-15.3.0-Beta.2.app/Contents/Developer/Platforms/XROS.platform/Developer/SDKs/XROS1.1.sdk -I /Users/builder/builds/UKfvDsi8u/2/finestructure/swiftpackageindex-builder/spi-builder-workspace/.derivedData/Build/Products/Debug-xros -I /Applications/Xcode-15.3.0-Beta.2.app/Contents/Developer/Platforms/XROS.platform/Developer/usr/lib -F /Users/builder/builds/UKfvDsi8u/2/finestructure/swiftpackageindex-builder/spi-builder-workspace/.derivedData/Build/Products/Debug-xros -F /Applications/Xcode-15.3.0-Beta.2.app/Contents/Developer/Platforms/XROS.platform/Developer/Library/Frameworks -F /Applications/Xcode-15.3.0-Beta.2.app/Contents/Developer/Platforms/XROS.platform/Developer/SDKs/XROS1.1.sdk/Developer/Library/Frameworks -no-color-diagnostics -enable-testing -g -module-cache-path /Users/builder/builds/UKfvDsi8u/2/finestructure/swiftpackageindex-builder/spi-builder-workspace/.derivedData/ModuleCache.noindex -suppress-warnings -swift-version 5 -enforce-exclusivity\=checked -Onone -D SWIFT_PACKAGE -D DEBUG -D Xcode -serialize-debugging-options -const-gather-protocols-file /Users/builder/builds/UKfvDsi8u/2/finestructure/swiftpackageindex-builder/spi-builder-workspace/.derivedData/Build/Intermediates.noindex/swift-grammar.build/Debug-xros/Grammar.build/Objects-normal/arm64/Grammar_const_extract_protocols.json -empty-abi-descriptor -validate-clang-modules-once -clang-build-session-file /Users/builder/builds/UKfvDsi8u/2/finestructure/swiftpackageindex-builder/spi-builder-workspace/.derivedData/ModuleCache.noindex/Session.modulevalidation -Xcc -working-directory -Xcc /Users/builder/builds/UKfvDsi8u/2/finestructure/swiftpackageindex-builder/spi-builder-workspace/.dependencies/checkouts/swift-grammar -resource-dir /Applications/Xcode-15.3.0-Beta.2.app/Contents/Developer/Toolchains/XcodeDefault.xctoolchain/usr/lib/swift -enable-anonymous-context-mangled-names -Xcc -ivfsstatcache -Xcc /Users/builder/builds/UKfvDsi8u/2/finestructure/swiftpackageindex-builder/spi-builder-workspace/.derivedData/SDKStatCaches.noindex/xros1.1-21O5181e-ee5c1ba7e8e63f56232e286fb9e6086d.sdkstatcache -Xcc -I/Users/builder/builds/UKfvDsi8u/2/finestructure/swiftpackageindex-builder/spi-builder-workspace/.derivedData/Build/Intermediates.noindex/swift-grammar.build/Debug-xros/Grammar.build/swift-overrides.hmap -Xcc -I/Users/builder/builds/UKfvDsi8u/2/finestructure/swiftpackageindex-builder/spi-builder-workspace/.derivedData/Build/Products/Debug-xros/include -Xcc -I/Users/builder/builds/UKfvDsi8u/2/finestructure/swiftpackageindex-builder/spi-builder-workspace/.derivedData/Build/Intermediates.noindex/swift-grammar.build/Debug-xros/Grammar.build/DerivedSources-normal/arm64 -Xcc -I/Users/builder/builds/UKfvDsi8u/2/finestructure/swiftpackageindex-builder/spi-builder-workspace/.derivedData/Build/Intermediates.noindex/swift-grammar.build/Debug-xros/Grammar.build/DerivedSources/arm64 -Xcc -I/Users/builder/builds/UKfvDsi8u/2/finestructure/swiftpackageindex-builder/spi-builder-workspace/.derivedData/Build/Intermediates.noindex/swift-grammar.build/Debug-xros/Grammar.build/DerivedSources -Xcc -DSWIFT_PACKAGE -Xcc -DDEBUG\=1 -module-name Grammar -disable-clang-spi -target-sdk-version 1.1 -target-sdk-name xros1.1 -external-plugin-path /Applications/Xcode-15.3.0-Beta.2.app/Contents/Developer/Platforms/XROS.platform/Developer/SDKs/XROS1.1.sdk/usr/lib/swift/host/plugins\#/Applications/Xcode-15.3.0-Beta.2.app/Contents/Developer/Platforms/XROS.platform/Developer/SDKs/XROS1.1.sdk/usr/bin/swift-plugin-server -external-plugin-path /Applications/Xcode-15.3.0-Beta.2.app/Contents/Developer/Platforms/XROS.platform/Developer/SDKs/XROS1.1.sdk/usr/local/lib/swift/host/plugins\#/Applications/Xcode-15.3.0-Beta.2.app/Contents/Developer/Platforms/XROS.platform/Developer/SDKs/XROS1.1.sdk/usr/bin/swift-plugin-server -external-plugin-path /Applications/Xcode-15.3.0-Beta.2.app/Contents/Developer/Platforms/XROS.platform/Developer/usr/lib/swift/host/plugins\#/Applications/Xcode-15.3.0-Beta.2.app/Contents/Developer/Platforms/XROS.platform/Developer/usr/bin/swift-plugin-server -external-plugin-path /Applications/Xcode-15.3.0-Beta.2.app/Contents/Developer/Platforms/XROS.platform/Developer/usr/local/lib/swift/host/plugins\#/Applications/Xcode-15.3.0-Beta.2.app/Contents/Developer/Platforms/XROS.platform/Developer/usr/bin/swift-plugin-server -plugin-path /Applications/Xcode-15.3.0-Beta.2.app/Contents/Developer/Toolchains/XcodeDefault.xctoolchain/usr/lib/swift/host/plugins -plugin-path /Applications/Xcode-15.3.0-Beta.2.app/Contents/Developer/Toolchains/XcodeDefault.xctoolchain/usr/local/lib/swift/host/plugins -emit-module-doc-path /Users/builder/builds/UKfvDsi8u/2/finestructure/swiftpackageindex-builder/spi-builder-workspace/.derivedData/Build/Intermediates.noindex/swift-grammar.build/Debug-xros/Grammar.build/Objects-normal/arm64/Grammar.swiftdoc -emit-module-source-info-path /Users/builder/builds/UKfvDsi8u/2/finestructure/swiftpackageindex-builder/spi-builder-workspace/.derivedData/Build/Intermediates.noindex/swift-grammar.build/Debug-xros/Grammar.build/Objects-normal/arm64/Grammar.swiftsourceinfo -emit-objc-header-path /Users/builder/builds/UKfvDsi8u/2/finestructure/swiftpackageindex-builder/spi-builder-workspace/.derivedData/Build/Intermediates.noindex/swift-grammar.build/Debug-xros/Grammar.build/Objects-normal/arm64/Grammar-Swift.h -serialize-diagnostics-path /Users/builder/builds/UKfvDsi8u/2/finestructure/swiftpackageindex-builder/spi-builder-workspace/.derivedData/Build/Intermediates.noindex/swift-grammar.build/Debug-xros/Grammar.build/Objects-normal/arm64/Grammar-master-emit-module.dia -emit-dependencies-path /Users/builder/builds/UKfvDsi8u/2/finestructure/swiftpackageindex-builder/spi-builder-workspace/.derivedData/Build/Intermediates.noindex/swift-grammar.build/Debug-xros/Grammar.build/Objects-normal/arm64/Grammar-master-emit-module.d -o /Users/builder/builds/UKfvDsi8u/2/finestructure/swiftpackageindex-builder/spi-builder-workspace/.derivedData/Build/Intermediates.noindex/swift-grammar.build/Debug-xros/Grammar.build/Objects-normal/arm64/Grammar.swiftmodule -emit-abi-descriptor-path /Users/builder/builds/UKfvDsi8u/2/finestructure/swiftpackageindex-builder/spi-builder-workspace/.derivedData/Build/Intermediates.noindex/swift-grammar.build/Debug-xros/Grammar.build/Objects-normal/arm64/Grammar.abi.json
SwiftEmitModule normal arm64 Emitting\ module\ for\ SystemPackage (in target 'SystemPackage' from project 'swift-system')
    cd /Users/builder/builds/UKfvDsi8u/2/finestructure/swiftpackageindex-builder/spi-builder-workspace/.dependencies/checkouts/swift-system
    builtin-swiftTaskExecution -- /Applications/Xcode-15.3.0-Beta.2.app/Contents/Developer/Toolchains/XcodeDefault.xctoolchain/usr/bin/swift-frontend -frontend -emit-module -experimental-skip-non-inlinable-function-bodies-without-types /Users/builder/builds/UKfvDsi8u/2/finestructure/swiftpackageindex-builder/spi-builder-workspace/.dependencies/checkouts/swift-system/Sources/System/Errno.swift /Users/builder/builds/UKfvDsi8u/2/finestructure/swiftpackageindex-builder/spi-builder-workspace/.dependencies/checkouts/swift-system/Sources/System/FileDescriptor.swift /Users/builder/builds/UKfvDsi8u/2/finestructure/swiftpackageindex-builder/spi-builder-workspace/.dependencies/checkouts/swift-system/Sources/System/FileHelpers.swift /Users/builder/builds/UKfvDsi8u/2/finestructure/swiftpackageindex-builder/spi-builder-workspace/.dependencies/checkouts/swift-system/Sources/System/FileOperations.swift /Users/builder/builds/UKfvDsi8u/2/finestructure/swiftpackageindex-builder/spi-builder-workspace/.dependencies/checkouts/swift-system/Sources/System/FilePath/FilePath.swift /Users/builder/builds/UKfvDsi8u/2/finestructure/swiftpackageindex-builder/spi-builder-workspace/.dependencies/checkouts/swift-system/Sources/System/FilePath/FilePathComponentView.swift /Users/builder/builds/UKfvDsi8u/2/finestructure/swiftpackageindex-builder/spi-builder-workspace/.dependencies/checkouts/swift-system/Sources/System/FilePath/FilePathComponents.swift /Users/builder/builds/UKfvDsi8u/2/finestructure/swiftpackageindex-builder/spi-builder-workspace/.dependencies/checkouts/swift-system/Sources/System/FilePath/FilePathParsing.swift /Users/builder/builds/UKfvDsi8u/2/finestructure/swiftpackageindex-builder/spi-builder-workspace/.dependencies/checkouts/swift-system/Sources/System/FilePath/FilePathString.swift /Users/builder/builds/UKfvDsi8u/2/finestructure/swiftpackageindex-builder/spi-builder-workspace/.dependencies/checkouts/swift-system/Sources/System/FilePath/FilePathSyntax.swift /Users/builder/builds/UKfvDsi8u/2/finestructure/swiftpackageindex-builder/spi-builder-workspace/.dependencies/checkouts/swift-system/Sources/System/FilePath/FilePathWindows.swift /Users/builder/builds/UKfvDsi8u/2/finestructure/swiftpackageindex-builder/spi-builder-workspace/.dependencies/checkouts/swift-system/Sources/System/FilePermissions.swift /Users/builder/builds/UKfvDsi8u/2/finestructure/swiftpackageindex-builder/spi-builder-workspace/.dependencies/checkouts/swift-system/Sources/System/Internals/CInterop.swift /Users/builder/builds/UKfvDsi8u/2/finestructure/swiftpackageindex-builder/spi-builder-workspace/.dependencies/checkouts/swift-system/Sources/System/Internals/Constants.swift /Users/builder/builds/UKfvDsi8u/2/finestructure/swiftpackageindex-builder/spi-builder-workspace/.dependencies/checkouts/swift-system/Sources/System/Internals/Exports.swift /Users/builder/builds/UKfvDsi8u/2/finestructure/swiftpackageindex-builder/spi-builder-workspace/.dependencies/checkouts/swift-system/Sources/System/Internals/Mocking.swift /Users/builder/builds/UKfvDsi8u/2/finestructure/swiftpackageindex-builder/spi-builder-workspace/.dependencies/checkouts/swift-system/Sources/System/Internals/Syscalls.swift /Users/builder/builds/UKfvDsi8u/2/finestructure/swiftpackageindex-builder/spi-builder-workspace/.dependencies/checkouts/swift-system/Sources/System/Internals/WindowsSyscallAdapters.swift /Users/builder/builds/UKfvDsi8u/2/finestructure/swiftpackageindex-builder/spi-builder-workspace/.dependencies/checkouts/swift-system/Sources/System/PlatformString.swift /Users/builder/builds/UKfvDsi8u/2/finestructure/swiftpackageindex-builder/spi-builder-workspace/.dependencies/checkouts/swift-system/Sources/System/SystemString.swift /Users/builder/builds/UKfvDsi8u/2/finestructure/swiftpackageindex-builder/spi-builder-workspace/.dependencies/checkouts/swift-system/Sources/System/Util.swift /Users/builder/builds/UKfvDsi8u/2/finestructure/swiftpackageindex-builder/spi-builder-workspace/.dependencies/checkouts/swift-system/Sources/System/UtilConsumers.swift -target arm64-apple-xros1.0 -Xllvm -aarch64-use-tbi -enable-objc-interop -stack-check -sdk /Applications/Xcode-15.3.0-Beta.2.app/Contents/Developer/Platforms/XROS.platform/Developer/SDKs/XROS1.1.sdk -I /Users/builder/builds/UKfvDsi8u/2/finestructure/swiftpackageindex-builder/spi-builder-workspace/.derivedData/Build/Products/Debug-xros -I /Applications/Xcode-15.3.0-Beta.2.app/Contents/Developer/Platforms/XROS.platform/Developer/usr/lib -F /Users/builder/builds/UKfvDsi8u/2/finestructure/swiftpackageindex-builder/spi-builder-workspace/.derivedData/Build/Products/Debug-xros/PackageFrameworks -F /Users/builder/builds/UKfvDsi8u/2/finestructure/swiftpackageindex-builder/spi-builder-workspace/.derivedData/Build/Products/Debug-xros -F /Applications/Xcode-15.3.0-Beta.2.app/Contents/Developer/Platforms/XROS.platform/Developer/Library/Frameworks -F /Applications/Xcode-15.3.0-Beta.2.app/Contents/Developer/Platforms/XROS.platform/Developer/SDKs/XROS1.1.sdk/Developer/Library/Frameworks -no-color-diagnostics -enable-testing -g -module-cache-path /Users/builder/builds/UKfvDsi8u/2/finestructure/swiftpackageindex-builder/spi-builder-workspace/.derivedData/ModuleCache.noindex -suppress-warnings -swift-version 5 -enforce-exclusivity\=checked -Onone -D SWIFT_PACKAGE -D DEBUG -D SYSTEM_PACKAGE -D ENABLE_MOCKING -D Xcode -serialize-debugging-options -const-gather-protocols-file /Users/builder/builds/UKfvDsi8u/2/finestructure/swiftpackageindex-builder/spi-builder-workspace/.derivedData/Build/Intermediates.noindex/swift-system.build/Debug-xros/SystemPackage.build/Objects-normal/arm64/SystemPackage_const_extract_protocols.json -empty-abi-descriptor -validate-clang-modules-once -clang-build-session-file /Users/builder/builds/UKfvDsi8u/2/finestructure/swiftpackageindex-builder/spi-builder-workspace/.derivedData/ModuleCache.noindex/Session.modulevalidation -Xcc -working-directory -Xcc /Users/builder/builds/UKfvDsi8u/2/finestructure/swiftpackageindex-builder/spi-builder-workspace/.dependencies/checkouts/swift-system -resource-dir /Applications/Xcode-15.3.0-Beta.2.app/Contents/Developer/Toolchains/XcodeDefault.xctoolchain/usr/lib/swift -enable-anonymous-context-mangled-names -Xcc -ivfsstatcache -Xcc /Users/builder/builds/UKfvDsi8u/2/finestructure/swiftpackageindex-builder/spi-builder-workspace/.derivedData/SDKStatCaches.noindex/xros1.1-21O5181e-ee5c1ba7e8e63f56232e286fb9e6086d.sdkstatcache -Xcc -I/Users/builder/builds/UKfvDsi8u/2/finestructure/swiftpackageindex-builder/spi-builder-workspace/.derivedData/Build/Intermediates.noindex/swift-system.build/Debug-xros/SystemPackage.build/swift-overrides.hmap -Xcc -I/Users/builder/builds/UKfvDsi8u/2/finestructure/swiftpackageindex-builder/spi-builder-workspace/.dependencies/checkouts/swift-system/Sources/CSystem/include -Xcc -I/Users/builder/builds/UKfvDsi8u/2/finestructure/swiftpackageindex-builder/spi-builder-workspace/.derivedData/Build/Products/Debug-xros/include -Xcc -I/Users/builder/builds/UKfvDsi8u/2/finestructure/swiftpackageindex-builder/spi-builder-workspace/.derivedData/Build/Intermediates.noindex/swift-system.build/Debug-xros/SystemPackage.build/DerivedSources-normal/arm64 -Xcc -I/Users/builder/builds/UKfvDsi8u/2/finestructure/swiftpackageindex-builder/spi-builder-workspace/.derivedData/Build/Intermediates.noindex/swift-system.build/Debug-xros/SystemPackage.build/DerivedSources/arm64 -Xcc -I/Users/builder/builds/UKfvDsi8u/2/finestructure/swiftpackageindex-builder/spi-builder-workspace/.derivedData/Build/Intermediates.noindex/swift-system.build/Debug-xros/SystemPackage.build/DerivedSources -Xcc -DSWIFT_PACKAGE -Xcc -DDEBUG\=1 -Xcc -D_CRT_SECURE_NO_WARNINGS -module-name SystemPackage -disable-clang-spi -target-sdk-version 1.1 -target-sdk-name xros1.1 -external-plugin-path /Applications/Xcode-15.3.0-Beta.2.app/Contents/Developer/Platforms/XROS.platform/Developer/SDKs/XROS1.1.sdk/usr/lib/swift/host/plugins\#/Applications/Xcode-15.3.0-Beta.2.app/Contents/Developer/Platforms/XROS.platform/Developer/SDKs/XROS1.1.sdk/usr/bin/swift-plugin-server -external-plugin-path /Applications/Xcode-15.3.0-Beta.2.app/Contents/Developer/Platforms/XROS.platform/Developer/SDKs/XROS1.1.sdk/usr/local/lib/swift/host/plugins\#/Applications/Xcode-15.3.0-Beta.2.app/Contents/Developer/Platforms/XROS.platform/Developer/SDKs/XROS1.1.sdk/usr/bin/swift-plugin-server -external-plugin-path /Applications/Xcode-15.3.0-Beta.2.app/Contents/Developer/Platforms/XROS.platform/Developer/usr/lib/swift/host/plugins\#/Applications/Xcode-15.3.0-Beta.2.app/Contents/Developer/Platforms/XROS.platform/Developer/usr/bin/swift-plugin-server -external-plugin-path /Applications/Xcode-15.3.0-Beta.2.app/Contents/Developer/Platforms/XROS.platform/Developer/usr/local/lib/swift/host/plugins\#/Applications/Xcode-15.3.0-Beta.2.app/Contents/Developer/Platforms/XROS.platform/Developer/usr/bin/swift-plugin-server -plugin-path /Applications/Xcode-15.3.0-Beta.2.app/Contents/Developer/Toolchains/XcodeDefault.xctoolchain/usr/lib/swift/host/plugins -plugin-path /Applications/Xcode-15.3.0-Beta.2.app/Contents/Developer/Toolchains/XcodeDefault.xctoolchain/usr/local/lib/swift/host/plugins -emit-module-doc-path /Users/builder/builds/UKfvDsi8u/2/finestructure/swiftpackageindex-builder/spi-builder-workspace/.derivedData/Build/Intermediates.noindex/swift-system.build/Debug-xros/SystemPackage.build/Objects-normal/arm64/SystemPackage.swiftdoc -emit-module-source-info-path /Users/builder/builds/UKfvDsi8u/2/finestructure/swiftpackageindex-builder/spi-builder-workspace/.derivedData/Build/Intermediates.noindex/swift-system.build/Debug-xros/SystemPackage.build/Objects-normal/arm64/SystemPackage.swiftsourceinfo -emit-objc-header-path /Users/builder/builds/UKfvDsi8u/2/finestructure/swiftpackageindex-builder/spi-builder-workspace/.derivedData/Build/Intermediates.noindex/swift-system.build/Debug-xros/SystemPackage.build/Objects-normal/arm64/SystemPackage-Swift.h -serialize-diagnostics-path /Users/builder/builds/UKfvDsi8u/2/finestructure/swiftpackageindex-builder/spi-builder-workspace/.derivedData/Build/Intermediates.noindex/swift-system.build/Debug-xros/SystemPackage.build/Objects-normal/arm64/SystemPackage-master-emit-module.dia -emit-dependencies-path /Users/builder/builds/UKfvDsi8u/2/finestructure/swiftpackageindex-builder/spi-builder-workspace/.derivedData/Build/Intermediates.noindex/swift-system.build/Debug-xros/SystemPackage.build/Objects-normal/arm64/SystemPackage-master-emit-module.d -o /Users/builder/builds/UKfvDsi8u/2/finestructure/swiftpackageindex-builder/spi-builder-workspace/.derivedData/Build/Intermediates.noindex/swift-system.build/Debug-xros/SystemPackage.build/Objects-normal/arm64/SystemPackage.swiftmodule -emit-abi-descriptor-path /Users/builder/builds/UKfvDsi8u/2/finestructure/swiftpackageindex-builder/spi-builder-workspace/.derivedData/Build/Intermediates.noindex/swift-system.build/Debug-xros/SystemPackage.build/Objects-normal/arm64/SystemPackage.abi.json
Command SwiftEmitModule failed with a nonzero exit code
SwiftEmitModule normal arm64 Emitting\ module\ for\ Forest (in target 'Forest' from project 'swift-biome')
    cd /Users/builder/builds/UKfvDsi8u/2/finestructure/swiftpackageindex-builder/spi-builder-workspace
    builtin-swiftTaskExecution -- /Applications/Xcode-15.3.0-Beta.2.app/Contents/Developer/Toolchains/XcodeDefault.xctoolchain/usr/bin/swift-frontend -frontend -emit-module -experimental-skip-non-inlinable-function-bodies-without-types /Users/builder/builds/UKfvDsi8u/2/finestructure/swiftpackageindex-builder/spi-builder-workspace/swift-balanced-trees/Sources/Forest/Forest.Tree.swift /Users/builder/builds/UKfvDsi8u/2/finestructure/swiftpackageindex-builder/spi-builder-workspace/swift-balanced-trees/Sources/Forest/Forest.swift /Users/builder/builds/UKfvDsi8u/2/finestructure/swiftpackageindex-builder/spi-builder-workspace/swift-balanced-trees/Sources/Forest/Insert.swift /Users/builder/builds/UKfvDsi8u/2/finestructure/swiftpackageindex-builder/spi-builder-workspace/swift-balanced-trees/Sources/Forest/Remove.swift /Users/builder/builds/UKfvDsi8u/2/finestructure/swiftpackageindex-builder/spi-builder-workspace/swift-balanced-trees/Sources/Forest/Validate.swift -target arm64-apple-xros1.0 -Xllvm -aarch64-use-tbi -enable-objc-interop -stack-check -sdk /Applications/Xcode-15.3.0-Beta.2.app/Contents/Developer/Platforms/XROS.platform/Developer/SDKs/XROS1.1.sdk -I /Users/builder/builds/UKfvDsi8u/2/finestructure/swiftpackageindex-builder/spi-builder-workspace/.derivedData/Build/Products/Debug-xros -I /Applications/Xcode-15.3.0-Beta.2.app/Contents/Developer/Platforms/XROS.platform/Developer/usr/lib -F /Users/builder/builds/UKfvDsi8u/2/finestructure/swiftpackageindex-builder/spi-builder-workspace/.derivedData/Build/Products/Debug-xros -F /Applications/Xcode-15.3.0-Beta.2.app/Contents/Developer/Platforms/XROS.platform/Developer/Library/Frameworks -F /Applications/Xcode-15.3.0-Beta.2.app/Contents/Developer/Platforms/XROS.platform/Developer/SDKs/XROS1.1.sdk/Developer/Library/Frameworks -no-color-diagnostics -enable-testing -g -module-cache-path /Users/builder/builds/UKfvDsi8u/2/finestructure/swiftpackageindex-builder/spi-builder-workspace/.derivedData/ModuleCache.noindex -swift-version 5 -enforce-exclusivity\=checked -Onone -D SWIFT_PACKAGE -D DEBUG -D Xcode -serialize-debugging-options -const-gather-protocols-file /Users/builder/builds/UKfvDsi8u/2/finestructure/swiftpackageindex-builder/spi-builder-workspace/.derivedData/Build/Intermediates.noindex/swift-biome.build/Debug-xros/Forest.build/Objects-normal/arm64/Forest_const_extract_protocols.json -empty-abi-descriptor -validate-clang-modules-once -clang-build-session-file /Users/builder/builds/UKfvDsi8u/2/finestructure/swiftpackageindex-builder/spi-builder-workspace/.derivedData/ModuleCache.noindex/Session.modulevalidation -Xcc -working-directory -Xcc /Users/builder/builds/UKfvDsi8u/2/finestructure/swiftpackageindex-builder/spi-builder-workspace -resource-dir /Applications/Xcode-15.3.0-Beta.2.app/Contents/Developer/Toolchains/XcodeDefault.xctoolchain/usr/lib/swift -enable-anonymous-context-mangled-names -Xcc -ivfsstatcache -Xcc /Users/builder/builds/UKfvDsi8u/2/finestructure/swiftpackageindex-builder/spi-builder-workspace/.derivedData/SDKStatCaches.noindex/xros1.1-21O5181e-ee5c1ba7e8e63f56232e286fb9e6086d.sdkstatcache -Xcc -I/Users/builder/builds/UKfvDsi8u/2/finestructure/swiftpackageindex-builder/spi-builder-workspace/.derivedData/Build/Intermediates.noindex/swift-biome.build/Debug-xros/Forest.build/swift-overrides.hmap -Xcc -I/Users/builder/builds/UKfvDsi8u/2/finestructure/swiftpackageindex-builder/spi-builder-workspace/.derivedData/Build/Products/Debug-xros/include -Xcc -I/Users/builder/builds/UKfvDsi8u/2/finestructure/swiftpackageindex-builder/spi-builder-workspace/.derivedData/Build/Intermediates.noindex/swift-biome.build/Debug-xros/Forest.build/DerivedSources-normal/arm64 -Xcc -I/Users/builder/builds/UKfvDsi8u/2/finestructure/swiftpackageindex-builder/spi-builder-workspace/.derivedData/Build/Intermediates.noindex/swift-biome.build/Debug-xros/Forest.build/DerivedSources/arm64 -Xcc -I/Users/builder/builds/UKfvDsi8u/2/finestructure/swiftpackageindex-builder/spi-builder-workspace/.derivedData/Build/Intermediates.noindex/swift-biome.build/Debug-xros/Forest.build/DerivedSources -Xcc -DSWIFT_PACKAGE -Xcc -DDEBUG\=1 -module-name Forest -disable-clang-spi -target-sdk-version 1.1 -target-sdk-name xros1.1 -external-plugin-path /Applications/Xcode-15.3.0-Beta.2.app/Contents/Developer/Platforms/XROS.platform/Developer/SDKs/XROS1.1.sdk/usr/lib/swift/host/plugins\#/Applications/Xcode-15.3.0-Beta.2.app/Contents/Developer/Platforms/XROS.platform/Developer/SDKs/XROS1.1.sdk/usr/bin/swift-plugin-server -external-plugin-path /Applications/Xcode-15.3.0-Beta.2.app/Contents/Developer/Platforms/XROS.platform/Developer/SDKs/XROS1.1.sdk/usr/local/lib/swift/host/plugins\#/Applications/Xcode-15.3.0-Beta.2.app/Contents/Developer/Platforms/XROS.platform/Developer/SDKs/XROS1.1.sdk/usr/bin/swift-plugin-server -external-plugin-path /Applications/Xcode-15.3.0-Beta.2.app/Contents/Developer/Platforms/XROS.platform/Developer/usr/lib/swift/host/plugins\#/Applications/Xcode-15.3.0-Beta.2.app/Contents/Developer/Platforms/XROS.platform/Developer/usr/bin/swift-plugin-server -external-plugin-path /Applications/Xcode-15.3.0-Beta.2.app/Contents/Developer/Platforms/XROS.platform/Developer/usr/local/lib/swift/host/plugins\#/Applications/Xcode-15.3.0-Beta.2.app/Contents/Developer/Platforms/XROS.platform/Developer/usr/bin/swift-plugin-server -plugin-path /Applications/Xcode-15.3.0-Beta.2.app/Contents/Developer/Toolchains/XcodeDefault.xctoolchain/usr/lib/swift/host/plugins -plugin-path /Applications/Xcode-15.3.0-Beta.2.app/Contents/Developer/Toolchains/XcodeDefault.xctoolchain/usr/local/lib/swift/host/plugins -emit-module-doc-path /Users/builder/builds/UKfvDsi8u/2/finestructure/swiftpackageindex-builder/spi-builder-workspace/.derivedData/Build/Intermediates.noindex/swift-biome.build/Debug-xros/Forest.build/Objects-normal/arm64/Forest.swiftdoc -emit-module-source-info-path /Users/builder/builds/UKfvDsi8u/2/finestructure/swiftpackageindex-builder/spi-builder-workspace/.derivedData/Build/Intermediates.noindex/swift-biome.build/Debug-xros/Forest.build/Objects-normal/arm64/Forest.swiftsourceinfo -emit-objc-header-path /Users/builder/builds/UKfvDsi8u/2/finestructure/swiftpackageindex-builder/spi-builder-workspace/.derivedData/Build/Intermediates.noindex/swift-biome.build/Debug-xros/Forest.build/Objects-normal/arm64/Forest-Swift.h -serialize-diagnostics-path /Users/builder/builds/UKfvDsi8u/2/finestructure/swiftpackageindex-builder/spi-builder-workspace/.derivedData/Build/Intermediates.noindex/swift-biome.build/Debug-xros/Forest.build/Objects-normal/arm64/Forest-master-emit-module.dia -emit-dependencies-path /Users/builder/builds/UKfvDsi8u/2/finestructure/swiftpackageindex-builder/spi-builder-workspace/.derivedData/Build/Intermediates.noindex/swift-biome.build/Debug-xros/Forest.build/Objects-normal/arm64/Forest-master-emit-module.d -o /Users/builder/builds/UKfvDsi8u/2/finestructure/swiftpackageindex-builder/spi-builder-workspace/.derivedData/Build/Intermediates.noindex/swift-biome.build/Debug-xros/Forest.build/Objects-normal/arm64/Forest.swiftmodule -emit-abi-descriptor-path /Users/builder/builds/UKfvDsi8u/2/finestructure/swiftpackageindex-builder/spi-builder-workspace/.derivedData/Build/Intermediates.noindex/swift-biome.build/Debug-xros/Forest.build/Objects-normal/arm64/Forest.abi.json
Command SwiftEmitModule failed with a nonzero exit code
SwiftEmitModule normal arm64 Emitting\ module\ for\ SwiftSyntax (in target 'SwiftSyntax' from project 'SwiftSyntax')
    cd /Users/builder/builds/UKfvDsi8u/2/finestructure/swiftpackageindex-builder/spi-builder-workspace/.dependencies/checkouts/swift-syntax
    builtin-swiftTaskExecution -- /Applications/Xcode-15.3.0-Beta.2.app/Contents/Developer/Toolchains/XcodeDefault.xctoolchain/usr/bin/swift-frontend -frontend -emit-module -experimental-skip-non-inlinable-function-bodies-without-types /Users/builder/builds/UKfvDsi8u/2/finestructure/swiftpackageindex-builder/spi-builder-workspace/.dependencies/checkouts/swift-syntax/Sources/SwiftSyntax/AbsolutePosition.swift /Users/builder/builds/UKfvDsi8u/2/finestructure/swiftpackageindex-builder/spi-builder-workspace/.dependencies/checkouts/swift-syntax/Sources/SwiftSyntax/AtomicCounter.swift /Users/builder/builds/UKfvDsi8u/2/finestructure/swiftpackageindex-builder/spi-builder-workspace/.dependencies/checkouts/swift-syntax/Sources/SwiftSyntax/BumpPtrAllocator.swift /Users/builder/builds/UKfvDsi8u/2/finestructure/swiftpackageindex-builder/spi-builder-workspace/.dependencies/checkouts/swift-syntax/Sources/SwiftSyntax/CNodes.swift /Users/builder/builds/UKfvDsi8u/2/finestructure/swiftpackageindex-builder/spi-builder-workspace/.dependencies/checkouts/swift-syntax/Sources/SwiftSyntax/IncrementalParseTransition.swift /Users/builder/builds/UKfvDsi8u/2/finestructure/swiftpackageindex-builder/spi-builder-workspace/.dependencies/checkouts/swift-syntax/Sources/SwiftSyntax/RawSyntax+CSwiftSyntax.swift /Users/builder/builds/UKfvDsi8u/2/finestructure/swiftpackageindex-builder/spi-builder-workspace/.dependencies/checkouts/swift-syntax/Sources/SwiftSyntax/RawSyntax.swift /Users/builder/builds/UKfvDsi8u/2/finestructure/swiftpackageindex-builder/spi-builder-workspace/.dependencies/checkouts/swift-syntax/Sources/SwiftSyntax/RawSyntaxNodeProtocol.swift /Users/builder/builds/UKfvDsi8u/2/finestructure/swiftpackageindex-builder/spi-builder-workspace/.dependencies/checkouts/swift-syntax/Sources/SwiftSyntax/SourceLength.swift /Users/builder/builds/UKfvDsi8u/2/finestructure/swiftpackageindex-builder/spi-builder-workspace/.dependencies/checkouts/swift-syntax/Sources/SwiftSyntax/SourceLocation.swift /Users/builder/builds/UKfvDsi8u/2/finestructure/swiftpackageindex-builder/spi-builder-workspace/.dependencies/checkouts/swift-syntax/Sources/SwiftSyntax/SourcePresence.swift /Users/builder/builds/UKfvDsi8u/2/finestructure/swiftpackageindex-builder/spi-builder-workspace/.dependencies/checkouts/swift-syntax/Sources/SwiftSyntax/Syntax.swift /Users/builder/builds/UKfvDsi8u/2/finestructure/swiftpackageindex-builder/spi-builder-workspace/.dependencies/checkouts/swift-syntax/Sources/SwiftSyntax/SyntaxArena.swift /Users/builder/builds/UKfvDsi8u/2/finestructure/swiftpackageindex-builder/spi-builder-workspace/.dependencies/checkouts/swift-syntax/Sources/SwiftSyntax/SyntaxChildren.swift /Users/builder/builds/UKfvDsi8u/2/finestructure/swiftpackageindex-builder/spi-builder-workspace/.dependencies/checkouts/swift-syntax/Sources/SwiftSyntax/SyntaxClassifier.swift /Users/builder/builds/UKfvDsi8u/2/finestructure/swiftpackageindex-builder/spi-builder-workspace/.dependencies/checkouts/swift-syntax/Sources/SwiftSyntax/SyntaxData.swift /Users/builder/builds/UKfvDsi8u/2/finestructure/swiftpackageindex-builder/spi-builder-workspace/.dependencies/checkouts/swift-syntax/Sources/SwiftSyntax/SyntaxOtherNodes.swift /Users/builder/builds/UKfvDsi8u/2/finestructure/swiftpackageindex-builder/spi-builder-workspace/.dependencies/checkouts/swift-syntax/Sources/SwiftSyntax/SyntaxText.swift /Users/builder/builds/UKfvDsi8u/2/finestructure/swiftpackageindex-builder/spi-builder-workspace/.dependencies/checkouts/swift-syntax/Sources/SwiftSyntax/SyntaxTreeViewMode.swift /Users/builder/builds/UKfvDsi8u/2/finestructure/swiftpackageindex-builder/spi-builder-workspace/.dependencies/checkouts/swift-syntax/Sources/SwiftSyntax/SyntaxVerifier.swift /Users/builder/builds/UKfvDsi8u/2/finestructure/swiftpackageindex-builder/spi-builder-workspace/.dependencies/checkouts/swift-syntax/Sources/SwiftSyntax/Utils.swift /Users/builder/builds/UKfvDsi8u/2/finestructure/swiftpackageindex-builder/spi-builder-workspace/.dependencies/checkouts/swift-syntax/Sources/SwiftSyntax/_SyntaxParserInterop.swift /Users/builder/builds/UKfvDsi8u/2/finestructure/swiftpackageindex-builder/spi-builder-workspace/.dependencies/checkouts/swift-syntax/Sources/SwiftSyntax/gyb_generated/Misc.swift /Users/builder/builds/UKfvDsi8u/2/finestructure/swiftpackageindex-builder/spi-builder-workspace/.dependencies/checkouts/swift-syntax/Sources/SwiftSyntax/gyb_generated/RawSyntaxNodes.swift /Users/builder/builds/UKfvDsi8u/2/finestructure/swiftpackageindex-builder/spi-builder-workspace/.dependencies/checkouts/swift-syntax/Sources/SwiftSyntax/gyb_generated/RawSyntaxValidation.swift /Users/builder/builds/UKfvDsi8u/2/finestructure/swiftpackageindex-builder/spi-builder-workspace/.dependencies/checkouts/swift-syntax/Sources/SwiftSyntax/gyb_generated/SyntaxAnyVisitor.swift /Users/builder/builds/UKfvDsi8u/2/finestructure/swiftpackageindex-builder/spi-builder-workspace/.dependencies/checkouts/swift-syntax/Sources/SwiftSyntax/gyb_generated/SyntaxBaseNodes.swift /Users/builder/builds/UKfvDsi8u/2/finestructure/swiftpackageindex-builder/spi-builder-workspace/.dependencies/checkouts/swift-syntax/Sources/SwiftSyntax/gyb_generated/SyntaxClassification.swift /Users/builder/builds/UKfvDsi8u/2/finestructure/swiftpackageindex-builder/spi-builder-workspace/.dependencies/checkouts/swift-syntax/Sources/SwiftSyntax/gyb_generated/SyntaxCollections.swift /Users/builder/builds/UKfvDsi8u/2/finestructure/swiftpackageindex-builder/spi-builder-workspace/.dependencies/checkouts/swift-syntax/Sources/SwiftSyntax/gyb_generated/SyntaxEnum.swift /Users/builder/builds/UKfvDsi8u/2/finestructure/swiftpackageindex-builder/spi-builder-workspace/.dependencies/checkouts/swift-syntax/Sources/SwiftSyntax/gyb_generated/SyntaxFactory.swift /Users/builder/builds/UKfvDsi8u/2/finestructure/swiftpackageindex-builder/spi-builder-workspace/.dependencies/checkouts/swift-syntax/Sources/SwiftSyntax/gyb_generated/SyntaxKind.swift /Users/builder/builds/UKfvDsi8u/2/finestructure/swiftpackageindex-builder/spi-builder-workspace/.dependencies/checkouts/swift-syntax/Sources/SwiftSyntax/gyb_generated/SyntaxRewriter.swift /Users/builder/builds/UKfvDsi8u/2/finestructure/swiftpackageindex-builder/spi-builder-workspace/.dependencies/checkouts/swift-syntax/Sources/SwiftSyntax/gyb_generated/SyntaxTraits.swift /Users/builder/builds/UKfvDsi8u/2/finestructure/swiftpackageindex-builder/spi-builder-workspace/.dependencies/checkouts/swift-syntax/Sources/SwiftSyntax/gyb_generated/SyntaxVisitor.swift /Users/builder/builds/UKfvDsi8u/2/finestructure/swiftpackageindex-builder/spi-builder-workspace/.dependencies/checkouts/swift-syntax/Sources/SwiftSyntax/gyb_generated/TokenKind.swift /Users/builder/builds/UKfvDsi8u/2/finestructure/swiftpackageindex-builder/spi-builder-workspace/.dependencies/checkouts/swift-syntax/Sources/SwiftSyntax/gyb_generated/Tokens.swift /Users/builder/builds/UKfvDsi8u/2/finestructure/swiftpackageindex-builder/spi-builder-workspace/.dependencies/checkouts/swift-syntax/Sources/SwiftSyntax/gyb_generated/Trivia.swift /Users/builder/builds/UKfvDsi8u/2/finestructure/swiftpackageindex-builder/spi-builder-workspace/.dependencies/checkouts/swift-syntax/Sources/SwiftSyntax/gyb_generated/syntax_nodes/SyntaxDeclNodes.swift /Users/builder/builds/UKfvDsi8u/2/finestructure/swiftpackageindex-builder/spi-builder-workspace/.dependencies/checkouts/swift-syntax/Sources/SwiftSyntax/gyb_generated/syntax_nodes/SyntaxExprNodes.swift /Users/builder/builds/UKfvDsi8u/2/finestructure/swiftpackageindex-builder/spi-builder-workspace/.dependencies/checkouts/swift-syntax/Sources/SwiftSyntax/gyb_generated/syntax_nodes/SyntaxNodes.swift /Users/builder/builds/UKfvDsi8u/2/finestructure/swiftpackageindex-builder/spi-builder-workspace/.dependencies/checkouts/swift-syntax/Sources/SwiftSyntax/gyb_generated/syntax_nodes/SyntaxPatternNodes.swift /Users/builder/builds/UKfvDsi8u/2/finestructure/swiftpackageindex-builder/spi-builder-workspace/.dependencies/checkouts/swift-syntax/Sources/SwiftSyntax/gyb_generated/syntax_nodes/SyntaxStmtNodes.swift /Users/builder/builds/UKfvDsi8u/2/finestructure/swiftpackageindex-builder/spi-builder-workspace/.dependencies/checkouts/swift-syntax/Sources/SwiftSyntax/gyb_generated/syntax_nodes/SyntaxTypeNodes.swift -target arm64-apple-xros1.0 -Xllvm -aarch64-use-tbi -enable-objc-interop -stack-check -sdk /Applications/Xcode-15.3.0-Beta.2.app/Contents/Developer/Platforms/XROS.platform/Developer/SDKs/XROS1.1.sdk -I /Users/builder/builds/UKfvDsi8u/2/finestructure/swiftpackageindex-builder/spi-builder-workspace/.derivedData/Build/Products/Debug-xros -I /Applications/Xcode-15.3.0-Beta.2.app/Contents/Developer/Platforms/XROS.platform/Developer/usr/lib -F /Users/builder/builds/UKfvDsi8u/2/finestructure/swiftpackageindex-builder/spi-builder-workspace/.derivedData/Build/Products/Debug-xros/PackageFrameworks -F /Users/builder/builds/UKfvDsi8u/2/finestructure/swiftpackageindex-builder/spi-builder-workspace/.derivedData/Build/Products/Debug-xros -F /Applications/Xcode-15.3.0-Beta.2.app/Contents/Developer/Platforms/XROS.platform/Developer/Library/Frameworks -F /Applications/Xcode-15.3.0-Beta.2.app/Contents/Developer/Platforms/XROS.platform/Developer/SDKs/XROS1.1.sdk/Developer/Library/Frameworks -no-color-diagnostics -enable-testing -g -module-cache-path /Users/builder/builds/UKfvDsi8u/2/finestructure/swiftpackageindex-builder/spi-builder-workspace/.derivedData/ModuleCache.noindex -suppress-warnings -swift-version 5 -enforce-exclusivity\=checked -Onone -D SWIFT_PACKAGE -D DEBUG -D Xcode -serialize-debugging-options -const-gather-protocols-file /Users/builder/builds/UKfvDsi8u/2/finestructure/swiftpackageindex-builder/spi-builder-workspace/.derivedData/Build/Intermediates.noindex/SwiftSyntax.build/Debug-xros/SwiftSyntax.build/Objects-normal/arm64/SwiftSyntax_const_extract_protocols.json -empty-abi-descriptor -validate-clang-modules-once -clang-build-session-file /Users/builder/builds/UKfvDsi8u/2/finestructure/swiftpackageindex-builder/spi-builder-workspace/.derivedData/ModuleCache.noindex/Session.modulevalidation -Xcc -working-directory -Xcc /Users/builder/builds/UKfvDsi8u/2/finestructure/swiftpackageindex-builder/spi-builder-workspace/.dependencies/checkouts/swift-syntax -resource-dir /Applications/Xcode-15.3.0-Beta.2.app/Contents/Developer/Toolchains/XcodeDefault.xctoolchain/usr/lib/swift -enable-anonymous-context-mangled-names -Xcc -fmodule-map-file\=/Users/builder/builds/UKfvDsi8u/2/finestructure/swiftpackageindex-builder/spi-builder-workspace/.derivedData/Build/Intermediates.noindex/GeneratedModuleMaps-xros/_CSwiftSyntax.modulemap -Xcc -ivfsstatcache -Xcc /Users/builder/builds/UKfvDsi8u/2/finestructure/swiftpackageindex-builder/spi-builder-workspace/.derivedData/SDKStatCaches.noindex/xros1.1-21O5181e-ee5c1ba7e8e63f56232e286fb9e6086d.sdkstatcache -Xcc -I/Users/builder/builds/UKfvDsi8u/2/finestructure/swiftpackageindex-builder/spi-builder-workspace/.derivedData/Build/Intermediates.noindex/SwiftSyntax.build/Debug-xros/SwiftSyntax.build/swift-overrides.hmap -Xcc -I/Users/builder/builds/UKfvDsi8u/2/finestructure/swiftpackageindex-builder/spi-builder-workspace/.dependencies/checkouts/swift-syntax/Sources/_CSwiftSyntax/include -Xcc -I/Users/builder/builds/UKfvDsi8u/2/finestructure/swiftpackageindex-builder/spi-builder-workspace/.derivedData/Build/Products/Debug-xros/include -Xcc -I/Users/builder/builds/UKfvDsi8u/2/finestructure/swiftpackageindex-builder/spi-builder-workspace/.derivedData/Build/Intermediates.noindex/SwiftSyntax.build/Debug-xros/SwiftSyntax.build/DerivedSources-normal/arm64 -Xcc -I/Users/builder/builds/UKfvDsi8u/2/finestructure/swiftpackageindex-builder/spi-builder-workspace/.derivedData/Build/Intermediates.noindex/SwiftSyntax.build/Debug-xros/SwiftSyntax.build/DerivedSources/arm64 -Xcc -I/Users/builder/builds/UKfvDsi8u/2/finestructure/swiftpackageindex-builder/spi-builder-workspace/.derivedData/Build/Intermediates.noindex/SwiftSyntax.build/Debug-xros/SwiftSyntax.build/DerivedSources -Xcc -DSWIFT_PACKAGE -Xcc -DDEBUG\=1 -module-name SwiftSyntax -disable-clang-spi -target-sdk-version 1.1 -target-sdk-name xros1.1 -external-plugin-path /Applications/Xcode-15.3.0-Beta.2.app/Contents/Developer/Platforms/XROS.platform/Developer/SDKs/XROS1.1.sdk/usr/lib/swift/host/plugins\#/Applications/Xcode-15.3.0-Beta.2.app/Contents/Developer/Platforms/XROS.platform/Developer/SDKs/XROS1.1.sdk/usr/bin/swift-plugin-server -external-plugin-path /Applications/Xcode-15.3.0-Beta.2.app/Contents/Developer/Platforms/XROS.platform/Developer/SDKs/XROS1.1.sdk/usr/local/lib/swift/host/plugins\#/Applications/Xcode-15.3.0-Beta.2.app/Contents/Developer/Platforms/XROS.platform/Developer/SDKs/XROS1.1.sdk/usr/bin/swift-plugin-server -external-plugin-path /Applications/Xcode-15.3.0-Beta.2.app/Contents/Developer/Platforms/XROS.platform/Developer/usr/lib/swift/host/plugins\#/Applications/Xcode-15.3.0-Beta.2.app/Contents/Developer/Platforms/XROS.platform/Developer/usr/bin/swift-plugin-server -external-plugin-path /Applications/Xcode-15.3.0-Beta.2.app/Contents/Developer/Platforms/XROS.platform/Developer/usr/local/lib/swift/host/plugins\#/Applications/Xcode-15.3.0-Beta.2.app/Contents/Developer/Platforms/XROS.platform/Developer/usr/bin/swift-plugin-server -plugin-path /Applications/Xcode-15.3.0-Beta.2.app/Contents/Developer/Toolchains/XcodeDefault.xctoolchain/usr/lib/swift/host/plugins -plugin-path /Applications/Xcode-15.3.0-Beta.2.app/Contents/Developer/Toolchains/XcodeDefault.xctoolchain/usr/local/lib/swift/host/plugins -emit-module-doc-path /Users/builder/builds/UKfvDsi8u/2/finestructure/swiftpackageindex-builder/spi-builder-workspace/.derivedData/Build/Intermediates.noindex/SwiftSyntax.build/Debug-xros/SwiftSyntax.build/Objects-normal/arm64/SwiftSyntax.swiftdoc -emit-module-source-info-path /Users/builder/builds/UKfvDsi8u/2/finestructure/swiftpackageindex-builder/spi-builder-workspace/.derivedData/Build/Intermediates.noindex/SwiftSyntax.build/Debug-xros/SwiftSyntax.build/Objects-normal/arm64/SwiftSyntax.swiftsourceinfo -emit-objc-header-path /Users/builder/builds/UKfvDsi8u/2/finestructure/swiftpackageindex-builder/spi-builder-workspace/.derivedData/Build/Intermediates.noindex/SwiftSyntax.build/Debug-xros/SwiftSyntax.build/Objects-normal/arm64/SwiftSyntax-Swift.h -serialize-diagnostics-path /Users/builder/builds/UKfvDsi8u/2/finestructure/swiftpackageindex-builder/spi-builder-workspace/.derivedData/Build/Intermediates.noindex/SwiftSyntax.build/Debug-xros/SwiftSyntax.build/Objects-normal/arm64/SwiftSyntax-master-emit-module.dia -emit-dependencies-path /Users/builder/builds/UKfvDsi8u/2/finestructure/swiftpackageindex-builder/spi-builder-workspace/.derivedData/Build/Intermediates.noindex/SwiftSyntax.build/Debug-xros/SwiftSyntax.build/Objects-normal/arm64/SwiftSyntax-master-emit-module.d -o /Users/builder/builds/UKfvDsi8u/2/finestructure/swiftpackageindex-builder/spi-builder-workspace/.derivedData/Build/Intermediates.noindex/SwiftSyntax.build/Debug-xros/SwiftSyntax.build/Objects-normal/arm64/SwiftSyntax.swiftmodule -emit-abi-descriptor-path /Users/builder/builds/UKfvDsi8u/2/finestructure/swiftpackageindex-builder/spi-builder-workspace/.derivedData/Build/Intermediates.noindex/SwiftSyntax.build/Debug-xros/SwiftSyntax.build/Objects-normal/arm64/SwiftSyntax.abi.json
Command SwiftEmitModule failed with a nonzero exit code
SwiftEmitModule normal arm64 Emitting\ module\ for\ Markdown (in target 'Markdown' from project 'swift-markdown')
    cd /Users/builder/builds/UKfvDsi8u/2/finestructure/swiftpackageindex-builder/spi-builder-workspace/.dependencies/checkouts/swift-markdown
    builtin-swiftTaskExecution -- /Applications/Xcode-15.3.0-Beta.2.app/Contents/Developer/Toolchains/XcodeDefault.xctoolchain/usr/bin/swift-frontend -frontend -emit-module -experimental-skip-non-inlinable-function-bodies-without-types /Users/builder/builds/UKfvDsi8u/2/finestructure/swiftpackageindex-builder/spi-builder-workspace/.dependencies/checkouts/swift-markdown/Sources/Markdown/Base/ChildIndexPath.swift /Users/builder/builds/UKfvDsi8u/2/finestructure/swiftpackageindex-builder/spi-builder-workspace/.dependencies/checkouts/swift-markdown/Sources/Markdown/Base/DirectiveArgument.swift /Users/builder/builds/UKfvDsi8u/2/finestructure/swiftpackageindex-builder/spi-builder-workspace/.dependencies/checkouts/swift-markdown/Sources/Markdown/Base/Document.swift /Users/builder/builds/UKfvDsi8u/2/finestructure/swiftpackageindex-builder/spi-builder-workspace/.dependencies/checkouts/swift-markdown/Sources/Markdown/Base/LiteralMarkup.swift /Users/builder/builds/UKfvDsi8u/2/finestructure/swiftpackageindex-builder/spi-builder-workspace/.dependencies/checkouts/swift-markdown/Sources/Markdown/Base/Markup.swift /Users/builder/builds/UKfvDsi8u/2/finestructure/swiftpackageindex-builder/spi-builder-workspace/.dependencies/checkouts/swift-markdown/Sources/Markdown/Base/MarkupChildren.swift /Users/builder/builds/UKfvDsi8u/2/finestructure/swiftpackageindex-builder/spi-builder-workspace/.dependencies/checkouts/swift-markdown/Sources/Markdown/Base/MarkupData.swift /Users/builder/builds/UKfvDsi8u/2/finestructure/swiftpackageindex-builder/spi-builder-workspace/.dependencies/checkouts/swift-markdown/Sources/Markdown/Base/PlainTextConvertibleMarkup.swift /Users/builder/builds/UKfvDsi8u/2/finestructure/swiftpackageindex-builder/spi-builder-workspace/.dependencies/checkouts/swift-markdown/Sources/Markdown/Base/RawMarkup.swift /Users/builder/builds/UKfvDsi8u/2/finestructure/swiftpackageindex-builder/spi-builder-workspace/.dependencies/checkouts/swift-markdown/Sources/Markdown/Block\ Nodes/Block\ Container\ Blocks/BlockDirective.swift /Users/builder/builds/UKfvDsi8u/2/finestructure/swiftpackageindex-builder/spi-builder-workspace/.dependencies/checkouts/swift-markdown/Sources/Markdown/Block\ Nodes/Block\ Container\ Blocks/BlockQuote.swift /Users/builder/builds/UKfvDsi8u/2/finestructure/swiftpackageindex-builder/spi-builder-workspace/.dependencies/checkouts/swift-markdown/Sources/Markdown/Block\ Nodes/Block\ Container\ Blocks/CustomBlock.swift /Users/builder/builds/UKfvDsi8u/2/finestructure/swiftpackageindex-builder/spi-builder-workspace/.dependencies/checkouts/swift-markdown/Sources/Markdown/Block\ Nodes/Block\ Container\ Blocks/ListItem.swift /Users/builder/builds/UKfvDsi8u/2/finestructure/swiftpackageindex-builder/spi-builder-workspace/.dependencies/checkouts/swift-markdown/Sources/Markdown/Block\ Nodes/Block\ Container\ Blocks/OrderedList.swift /Users/builder/builds/UKfvDsi8u/2/finestructure/swiftpackageindex-builder/spi-builder-workspace/.dependencies/checkouts/swift-markdown/Sources/Markdown/Block\ Nodes/Block\ Container\ Blocks/UnorderedList.swift /Users/builder/builds/UKfvDsi8u/2/finestructure/swiftpackageindex-builder/spi-builder-workspace/.dependencies/checkouts/swift-markdown/Sources/Markdown/Block\ Nodes/Inline\ Container\ Blocks/Paragraph.swift /Users/builder/builds/UKfvDsi8u/2/finestructure/swiftpackageindex-builder/spi-builder-workspace/.dependencies/checkouts/swift-markdown/Sources/Markdown/Block\ Nodes/Leaf\ Blocks/CodeBlock.swift /Users/builder/builds/UKfvDsi8u/2/finestructure/swiftpackageindex-builder/spi-builder-workspace/.dependencies/checkouts/swift-markdown/Sources/Markdown/Block\ Nodes/Leaf\ Blocks/HTMLBlock.swift /Users/builder/builds/UKfvDsi8u/2/finestructure/swiftpackageindex-builder/spi-builder-workspace/.dependencies/checkouts/swift-markdown/Sources/Markdown/Block\ Nodes/Leaf\ Blocks/Heading.swift /Users/builder/builds/UKfvDsi8u/2/finestructure/swiftpackageindex-builder/spi-builder-workspace/.dependencies/checkouts/swift-markdown/Sources/Markdown/Block\ Nodes/Leaf\ Blocks/ThematicBreak.swift /Users/builder/builds/UKfvDsi8u/2/finestructure/swiftpackageindex-builder/spi-builder-workspace/.dependencies/checkouts/swift-markdown/Sources/Markdown/Block\ Nodes/Tables/Table.swift /Users/builder/builds/UKfvDsi8u/2/finestructure/swiftpackageindex-builder/spi-builder-workspace/.dependencies/checkouts/swift-markdown/Sources/Markdown/Block\ Nodes/Tables/TableBody.swift /Users/builder/builds/UKfvDsi8u/2/finestructure/swiftpackageindex-builder/spi-builder-workspace/.dependencies/checkouts/swift-markdown/Sources/Markdown/Block\ Nodes/Tables/TableCell.swift /Users/builder/builds/UKfvDsi8u/2/finestructure/swiftpackageindex-builder/spi-builder-workspace/.dependencies/checkouts/swift-markdown/Sources/Markdown/Block\ Nodes/Tables/TableCellContainer.swift /Users/builder/builds/UKfvDsi8u/2/finestructure/swiftpackageindex-builder/spi-builder-workspace/.dependencies/checkouts/swift-markdown/Sources/Markdown/Block\ Nodes/Tables/TableHead.swift /Users/builder/builds/UKfvDsi8u/2/finestructure/swiftpackageindex-builder/spi-builder-workspace/.dependencies/checkouts/swift-markdown/Sources/Markdown/Block\ Nodes/Tables/TableRow.swift /Users/builder/builds/UKfvDsi8u/2/finestructure/swiftpackageindex-builder/spi-builder-workspace/.dependencies/checkouts/swift-markdown/Sources/Markdown/Infrastructure/Replacement.swift /Users/builder/builds/UKfvDsi8u/2/finestructure/swiftpackageindex-builder/spi-builder-workspace/.dependencies/checkouts/swift-markdown/Sources/Markdown/Infrastructure/SourceLocation.swift /Users/builder/builds/UKfvDsi8u/2/finestructure/swiftpackageindex-builder/spi-builder-workspace/.dependencies/checkouts/swift-markdown/Sources/Markdown/Inline\ Nodes/Inline\ Containers/Emphasis.swift /Users/builder/builds/UKfvDsi8u/2/finestructure/swiftpackageindex-builder/spi-builder-workspace/.dependencies/checkouts/swift-markdown/Sources/Markdown/Inline\ Nodes/Inline\ Containers/Image.swift /Users/builder/builds/UKfvDsi8u/2/finestructure/swiftpackageindex-builder/spi-builder-workspace/.dependencies/checkouts/swift-markdown/Sources/Markdown/Inline\ Nodes/Inline\ Containers/Link.swift /Users/builder/builds/UKfvDsi8u/2/finestructure/swiftpackageindex-builder/spi-builder-workspace/.dependencies/checkouts/swift-markdown/Sources/Markdown/Inline\ Nodes/Inline\ Containers/Strikethrough.swift /Users/builder/builds/UKfvDsi8u/2/finestructure/swiftpackageindex-builder/spi-builder-workspace/.dependencies/checkouts/swift-markdown/Sources/Markdown/Inline\ Nodes/Inline\ Containers/Strong.swift /Users/builder/builds/UKfvDsi8u/2/finestructure/swiftpackageindex-builder/spi-builder-workspace/.dependencies/checkouts/swift-markdown/Sources/Markdown/Inline\ Nodes/Inline\ Leaves/CustomInline.swift /Users/builder/builds/UKfvDsi8u/2/finestructure/swiftpackageindex-builder/spi-builder-workspace/.dependencies/checkouts/swift-markdown/Sources/Markdown/Inline\ Nodes/Inline\ Leaves/InlineCode.swift /Users/builder/builds/UKfvDsi8u/2/finestructure/swiftpackageindex-builder/spi-builder-workspace/.dependencies/checkouts/swift-markdown/Sources/Markdown/Inline\ Nodes/Inline\ Leaves/InlineHTML.swift /Users/builder/builds/UKfvDsi8u/2/finestructure/swiftpackageindex-builder/spi-builder-workspace/.dependencies/checkouts/swift-markdown/Sources/Markdown/Inline\ Nodes/Inline\ Leaves/LineBreak.swift /Users/builder/builds/UKfvDsi8u/2/finestructure/swiftpackageindex-builder/spi-builder-workspace/.dependencies/checkouts/swift-markdown/Sources/Markdown/Inline\ Nodes/Inline\ Leaves/SoftBreak.swift /Users/builder/builds/UKfvDsi8u/2/finestructure/swiftpackageindex-builder/spi-builder-workspace/.dependencies/checkouts/swift-markdown/Sources/Markdown/Inline\ Nodes/Inline\ Leaves/SymbolLink.swift /Users/builder/builds/UKfvDsi8u/2/finestructure/swiftpackageindex-builder/spi-builder-workspace/.dependencies/checkouts/swift-markdown/Sources/Markdown/Inline\ Nodes/Inline\ Leaves/Text.swift /Users/builder/builds/UKfvDsi8u/2/finestructure/swiftpackageindex-builder/spi-builder-workspace/.dependencies/checkouts/swift-markdown/Sources/Markdown/Interpretive\ Nodes/Aside.swift /Users/builder/builds/UKfvDsi8u/2/finestructure/swiftpackageindex-builder/spi-builder-workspace/.dependencies/checkouts/swift-markdown/Sources/Markdown/Parser/BlockDirectiveParser.swift /Users/builder/builds/UKfvDsi8u/2/finestructure/swiftpackageindex-builder/spi-builder-workspace/.dependencies/checkouts/swift-markdown/Sources/Markdown/Parser/CommonMarkConverter.swift /Users/builder/builds/UKfvDsi8u/2/finestructure/swiftpackageindex-builder/spi-builder-workspace/.dependencies/checkouts/swift-markdown/Sources/Markdown/Parser/LazySplitLines.swift /Users/builder/builds/UKfvDsi8u/2/finestructure/swiftpackageindex-builder/spi-builder-workspace/.dependencies/checkouts/swift-markdown/Sources/Markdown/Parser/ParseOptions.swift /Users/builder/builds/UKfvDsi8u/2/finestructure/swiftpackageindex-builder/spi-builder-workspace/.dependencies/checkouts/swift-markdown/Sources/Markdown/Parser/RangeAdjuster.swift /Users/builder/builds/UKfvDsi8u/2/finestructure/swiftpackageindex-builder/spi-builder-workspace/.dependencies/checkouts/swift-markdown/Sources/Markdown/Parser/RangerTracker.swift /Users/builder/builds/UKfvDsi8u/2/finestructure/swiftpackageindex-builder/spi-builder-workspace/.dependencies/checkouts/swift-markdown/Sources/Markdown/Rewriter/MarkupRewriter.swift /Users/builder/builds/UKfvDsi8u/2/finestructure/swiftpackageindex-builder/spi-builder-workspace/.dependencies/checkouts/swift-markdown/Sources/Markdown/Structural\ Restrictions/BasicBlockContainer.swift /Users/builder/builds/UKfvDsi8u/2/finestructure/swiftpackageindex-builder/spi-builder-workspace/.dependencies/checkouts/swift-markdown/Sources/Markdown/Structural\ Restrictions/BasicInlineContainer.swift /Users/builder/builds/UKfvDsi8u/2/finestructure/swiftpackageindex-builder/spi-builder-workspace/.dependencies/checkouts/swift-markdown/Sources/Markdown/Structural\ Restrictions/BlockContainer.swift /Users/builder/builds/UKfvDsi8u/2/finestructure/swiftpackageindex-builder/spi-builder-workspace/.dependencies/checkouts/swift-markdown/Sources/Markdown/Structural\ Restrictions/BlockMarkup.swift /Users/builder/builds/UKfvDsi8u/2/finestructure/swiftpackageindex-builder/spi-builder-workspace/.dependencies/checkouts/swift-markdown/Sources/Markdown/Structural\ Restrictions/InlineContainer.swift /Users/builder/builds/UKfvDsi8u/2/finestructure/swiftpackageindex-builder/spi-builder-workspace/.dependencies/checkouts/swift-markdown/Sources/Markdown/Structural\ Restrictions/InlineMarkup.swift /Users/builder/builds/UKfvDsi8u/2/finestructure/swiftpackageindex-builder/spi-builder-workspace/.dependencies/checkouts/swift-markdown/Sources/Markdown/Structural\ Restrictions/ListItemContainer.swift /Users/builder/builds/UKfvDsi8u/2/finestructure/swiftpackageindex-builder/spi-builder-workspace/.dependencies/checkouts/swift-markdown/Sources/Markdown/Utility/AtomicCounter.swift /Users/builder/builds/UKfvDsi8u/2/finestructure/swiftpackageindex-builder/spi-builder-workspace/.dependencies/checkouts/swift-markdown/Sources/Markdown/Utility/CharacterExtensions.swift /Users/builder/builds/UKfvDsi8u/2/finestructure/swiftpackageindex-builder/spi-builder-workspace/.dependencies/checkouts/swift-markdown/Sources/Markdown/Utility/CollectionExtensions.swift /Users/builder/builds/UKfvDsi8u/2/finestructure/swiftpackageindex-builder/spi-builder-workspace/.dependencies/checkouts/swift-markdown/Sources/Markdown/Utility/StringExtensions.swift /Users/builder/builds/UKfvDsi8u/2/finestructure/swiftpackageindex-builder/spi-builder-workspace/.dependencies/checkouts/swift-markdown/Sources/Markdown/Visitor/MarkupVisitor.swift /Users/builder/builds/UKfvDsi8u/2/finestructure/swiftpackageindex-builder/spi-builder-workspace/.dependencies/checkouts/swift-markdown/Sources/Markdown/Walker/MarkupWalker.swift /Users/builder/builds/UKfvDsi8u/2/finestructure/swiftpackageindex-builder/spi-builder-workspace/.dependencies/checkouts/swift-markdown/Sources/Markdown/Walker/Walkers/MarkupFormatter.swift /Users/builder/builds/UKfvDsi8u/2/finestructure/swiftpackageindex-builder/spi-builder-workspace/.dependencies/checkouts/swift-markdown/Sources/Markdown/Walker/Walkers/MarkupTreeDumper.swift -target arm64-apple-xros1.0 -Xllvm -aarch64-use-tbi -enable-objc-interop -stack-check -sdk /Applications/Xcode-15.3.0-Beta.2.app/Contents/Developer/Platforms/XROS.platform/Developer/SDKs/XROS1.1.sdk -I /Users/builder/builds/UKfvDsi8u/2/finestructure/swiftpackageindex-builder/spi-builder-workspace/.derivedData/Build/Products/Debug-xros -I /Applications/Xcode-15.3.0-Beta.2.app/Contents/Developer/Platforms/XROS.platform/Developer/usr/lib -F /Users/builder/builds/UKfvDsi8u/2/finestructure/swiftpackageindex-builder/spi-builder-workspace/.derivedData/Build/Products/Debug-xros/PackageFrameworks -F /Users/builder/builds/UKfvDsi8u/2/finestructure/swiftpackageindex-builder/spi-builder-workspace/.derivedData/Build/Products/Debug-xros/PackageFrameworks -F /Users/builder/builds/UKfvDsi8u/2/finestructure/swiftpackageindex-builder/spi-builder-workspace/.derivedData/Build/Products/Debug-xros/PackageFrameworks -F /Users/builder/builds/UKfvDsi8u/2/finestructure/swiftpackageindex-builder/spi-builder-workspace/.derivedData/Build/Products/Debug-xros -F /Applications/Xcode-15.3.0-Beta.2.app/Contents/Developer/Platforms/XROS.platform/Developer/Library/Frameworks -F /Applications/Xcode-15.3.0-Beta.2.app/Contents/Developer/Platforms/XROS.platform/Developer/SDKs/XROS1.1.sdk/Developer/Library/Frameworks -no-color-diagnostics -enable-testing -g -module-cache-path /Users/builder/builds/UKfvDsi8u/2/finestructure/swiftpackageindex-builder/spi-builder-workspace/.derivedData/ModuleCache.noindex -suppress-warnings -swift-version 5 -enforce-exclusivity\=checked -Onone -D SWIFT_PACKAGE -D DEBUG -D Xcode -serialize-debugging-options -const-gather-protocols-file /Users/builder/builds/UKfvDsi8u/2/finestructure/swiftpackageindex-builder/spi-builder-workspace/.derivedData/Build/Intermediates.noindex/swift-markdown.build/Debug-xros/Markdown.build/Objects-normal/arm64/Markdown_const_extract_protocols.json -empty-abi-descriptor -validate-clang-modules-once -clang-build-session-file /Users/builder/builds/UKfvDsi8u/2/finestructure/swiftpackageindex-builder/spi-builder-workspace/.derivedData/ModuleCache.noindex/Session.modulevalidation -Xcc -working-directory -Xcc /Users/builder/builds/UKfvDsi8u/2/finestructure/swiftpackageindex-builder/spi-builder-workspace/.dependencies/checkouts/swift-markdown -resource-dir /Applications/Xcode-15.3.0-Beta.2.app/Contents/Developer/Toolchains/XcodeDefault.xctoolchain/usr/lib/swift -enable-anonymous-context-mangled-names -Xcc -fmodule-map-file\=/Users/builder/builds/UKfvDsi8u/2/finestructure/swiftpackageindex-builder/spi-builder-workspace/.derivedData/Build/Intermediates.noindex/GeneratedModuleMaps-xros/cmark-gfm-extensions.modulemap -Xcc -fmodule-map-file\=/Users/builder/builds/UKfvDsi8u/2/finestructure/swiftpackageindex-builder/spi-builder-workspace/.derivedData/Build/Intermediates.noindex/GeneratedModuleMaps-xros/CAtomic.modulemap -Xcc -ivfsstatcache -Xcc /Users/builder/builds/UKfvDsi8u/2/finestructure/swiftpackageindex-builder/spi-builder-workspace/.derivedData/SDKStatCaches.noindex/xros1.1-21O5181e-ee5c1ba7e8e63f56232e286fb9e6086d.sdkstatcache -Xcc -I/Users/builder/builds/UKfvDsi8u/2/finestructure/swiftpackageindex-builder/spi-builder-workspace/.derivedData/Build/Intermediates.noindex/swift-markdown.build/Debug-xros/Markdown.build/swift-overrides.hmap -Xcc -I/Users/builder/builds/UKfvDsi8u/2/finestructure/swiftpackageindex-builder/spi-builder-workspace/.dependencies/checkouts/swift-cmark/src/include -Xcc -I/Users/builder/builds/UKfvDsi8u/2/finestructure/swiftpackageindex-builder/spi-builder-workspace/.dependencies/checkouts/swift-cmark/extensions/include -Xcc -I/Users/builder/builds/UKfvDsi8u/2/finestructure/swiftpackageindex-builder/spi-builder-workspace/.dependencies/checkouts/swift-markdown/Sources/CAtomic/include -Xcc -I/Users/builder/builds/UKfvDsi8u/2/finestructure/swiftpackageindex-builder/spi-builder-workspace/.derivedData/Build/Products/Debug-xros/include -Xcc -I/Users/builder/builds/UKfvDsi8u/2/finestructure/swiftpackageindex-builder/spi-builder-workspace/.derivedData/Build/Intermediates.noindex/swift-markdown.build/Debug-xros/Markdown.build/DerivedSources-normal/arm64 -Xcc -I/Users/builder/builds/UKfvDsi8u/2/finestructure/swiftpackageindex-builder/spi-builder-workspace/.derivedData/Build/Intermediates.noindex/swift-markdown.build/Debug-xros/Markdown.build/DerivedSources/arm64 -Xcc -I/Users/builder/builds/UKfvDsi8u/2/finestructure/swiftpackageindex-builder/spi-builder-workspace/.derivedData/Build/Intermediates.noindex/swift-markdown.build/Debug-xros/Markdown.build/DerivedSources -Xcc -DSWIFT_PACKAGE -Xcc -DDEBUG\=1 -module-name Markdown -disable-clang-spi -target-sdk-version 1.1 -target-sdk-name xros1.1 -external-plugin-path /Applications/Xcode-15.3.0-Beta.2.app/Contents/Developer/Platforms/XROS.platform/Developer/SDKs/XROS1.1.sdk/usr/lib/swift/host/plugins\#/Applications/Xcode-15.3.0-Beta.2.app/Contents/Developer/Platforms/XROS.platform/Developer/SDKs/XROS1.1.sdk/usr/bin/swift-plugin-server -external-plugin-path /Applications/Xcode-15.3.0-Beta.2.app/Contents/Developer/Platforms/XROS.platform/Developer/SDKs/XROS1.1.sdk/usr/local/lib/swift/host/plugins\#/Applications/Xcode-15.3.0-Beta.2.app/Contents/Developer/Platforms/XROS.platform/Developer/SDKs/XROS1.1.sdk/usr/bin/swift-plugin-server -external-plugin-path /Applications/Xcode-15.3.0-Beta.2.app/Contents/Developer/Platforms/XROS.platform/Developer/usr/lib/swift/host/plugins\#/Applications/Xcode-15.3.0-Beta.2.app/Contents/Developer/Platforms/XROS.platform/Developer/usr/bin/swift-plugin-server -external-plugin-path /Applications/Xcode-15.3.0-Beta.2.app/Contents/Developer/Platforms/XROS.platform/Developer/usr/local/lib/swift/host/plugins\#/Applications/Xcode-15.3.0-Beta.2.app/Contents/Developer/Platforms/XROS.platform/Developer/usr/bin/swift-plugin-server -plugin-path /Applications/Xcode-15.3.0-Beta.2.app/Contents/Developer/Toolchains/XcodeDefault.xctoolchain/usr/lib/swift/host/plugins -plugin-path /Applications/Xcode-15.3.0-Beta.2.app/Contents/Developer/Toolchains/XcodeDefault.xctoolchain/usr/local/lib/swift/host/plugins -emit-module-doc-path /Users/builder/builds/UKfvDsi8u/2/finestructure/swiftpackageindex-builder/spi-builder-workspace/.derivedData/Build/Intermediates.noindex/swift-markdown.build/Debug-xros/Markdown.build/Objects-normal/arm64/Markdown.swiftdoc -emit-module-source-info-path /Users/builder/builds/UKfvDsi8u/2/finestructure/swiftpackageindex-builder/spi-builder-workspace/.derivedData/Build/Intermediates.noindex/swift-markdown.build/Debug-xros/Markdown.build/Objects-normal/arm64/Markdown.swiftsourceinfo -emit-objc-header-path /Users/builder/builds/UKfvDsi8u/2/finestructure/swiftpackageindex-builder/spi-builder-workspace/.derivedData/Build/Intermediates.noindex/swift-markdown.build/Debug-xros/Markdown.build/Objects-normal/arm64/Markdown-Swift.h -serialize-diagnostics-path /Users/builder/builds/UKfvDsi8u/2/finestructure/swiftpackageindex-builder/spi-builder-workspace/.derivedData/Build/Intermediates.noindex/swift-markdown.build/Debug-xros/Markdown.build/Objects-normal/arm64/Markdown-master-emit-module.dia -emit-dependencies-path /Users/builder/builds/UKfvDsi8u/2/finestructure/swiftpackageindex-builder/spi-builder-workspace/.derivedData/Build/Intermediates.noindex/swift-markdown.build/Debug-xros/Markdown.build/Objects-normal/arm64/Markdown-master-emit-module.d -o /Users/builder/builds/UKfvDsi8u/2/finestructure/swiftpackageindex-builder/spi-builder-workspace/.derivedData/Build/Intermediates.noindex/swift-markdown.build/Debug-xros/Markdown.build/Objects-normal/arm64/Markdown.swiftmodule -emit-abi-descriptor-path /Users/builder/builds/UKfvDsi8u/2/finestructure/swiftpackageindex-builder/spi-builder-workspace/.derivedData/Build/Intermediates.noindex/swift-markdown.build/Debug-xros/Markdown.build/Objects-normal/arm64/Markdown.abi.json
Command SwiftEmitModule failed with a nonzero exit code
2024-02-16 15:10:48.156 xcodebuild[72185:27275054] Requested but did not find extension point with identifier Xcode.DVTDeviceFoundation.Aspect for extension Xcode.IDEiOSSupportCore.Aspect.NBDD of plug-in com.apple.dt.IDE.IDEiOSSupportCore
2024-02-16 15:10:48.736 xcodebuild[72185:27275054] [MT] DVTPlugInQuery: Requested but did not find extension point with identifier 'Xcode.DVTDeviceFoundation.CompatibleDeviceFamilyPair'. This is programmer error; code should only request extension points that are defined by itself or its dependencies.
** BUILD FAILED **
The following build commands failed:
	SwiftEmitModule normal arm64 Emitting\ module\ for\ _NIODataStructures (in target '_NIODataStructures' from project 'swift-nio')
	SwiftEmitModule normal arm64 Emitting\ module\ for\ SystemPackage (in target 'SystemPackage' from project 'swift-system')
	SwiftEmitModule normal arm64 Emitting\ module\ for\ Forest (in target 'Forest' from project 'swift-biome')
	SwiftEmitModule normal arm64 Emitting\ module\ for\ SwiftSyntax (in target 'SwiftSyntax' from project 'SwiftSyntax')
	SwiftEmitModule normal arm64 Emitting\ module\ for\ Markdown (in target 'Markdown' from project 'swift-markdown')
(5 failures)
BUILD FAILURE 5.10 visionOS