Build Information
Failed to build swift-notes-automation, reference main (58c194), with Swift 6.4 for visionOS using Xcode 27.0 on 12 Oct 2026 20:50:50 UTC.
Build Command
env DEVELOPER_DIR=/Applications/Xcode-27.0.0-Release.Candidate.app xcrun xcodebuild -IDEClonedSourcePackagesDirPathOverride=$PWD/.dependencies -skipMacroValidation -skipPackagePluginValidation -derivedDataPath $PWD/.derivedData build -scheme swift-notes-automation -destination generic/platform=xrOSBuild Log
========================================
RunAll
========================================
Builder version: 5.1.1
Interrupt handler set up.
========================================
Checkout
========================================
Clone URL: https://github.com/chrischall/swift-notes-automation.git
Reference: main
Initialized empty Git repository in /Users/admin/builder/spi-builder-workspace/.git/
From https://github.com/chrischall/swift-notes-automation
* branch main -> FETCH_HEAD
* [new branch] main -> origin/main
HEAD is now at 58c1943 chore(main): release 1.4.4 (#64)
Cloned https://github.com/chrischall/swift-notes-automation.git
Revision (git rev-parse @):
58c1943b72987d223d41a7a7fec504543e389c17
SPI manifest file found: $PWD/.spi.yml
SUCCESS checkout https://github.com/chrischall/swift-notes-automation.git at main
========================================
Build
========================================
Selected platform: visionOS
Swift version: 6.4
Building package at path: $PWD
https://github.com/chrischall/swift-notes-automation.git
Command line invocation:
/Applications/Xcode-27.0.0.app/Contents/Developer/usr/bin/xcodebuild -IDEClonedSourcePackagesDirPathOverride=/Users/admin/builder/spi-builder-workspace/.dependencies -resolvePackageDependencies
Resolve Package Graph
Resolve Package Graph
Resolved source packages:
swift-notes-automation: /Users/admin/builder/spi-builder-workspace
resolved source packages: swift-notes-automation
2026-10-12 16:50:05.338 xcodebuild[525:3018] [MT] IDERunDestination: Supported platforms for the buildables in the current scheme is empty.
{
"dependencies" : [
],
"manifest_display_name" : "swift-notes-automation",
"name" : "swift-notes-automation",
"path" : "/Users/admin/builder/spi-builder-workspace",
"platforms" : [
{
"name" : "macos",
"version" : "14.0"
}
],
"products" : [
{
"name" : "NotesAutomation",
"targets" : [
"NotesAutomation"
],
"type" : {
"library" : [
"automatic"
]
}
}
],
"targets" : [
{
"c99name" : "NotesAutomationTests",
"module_type" : "SwiftTarget",
"name" : "NotesAutomationTests",
"path" : "Tests/NotesAutomationTests",
"sources" : [
"AppleScriptEscapingTests.swift",
"BlankInputGuardTests.swift",
"BodyExcerptTests.swift",
"ErrorTests.swift",
"FakeAppleScriptRunner.swift",
"InputBoundsTests.swift",
"NSAppleScriptRunnerTests.swift",
"NoteDetailTests.swift",
"NoteFoldersTests.swift",
"NotePaginationTests.swift",
"NoteReadWriteIntegrationTests.swift",
"NoteServiceIntegrationTests.swift",
"NoteServiceTests.swift",
"NoteStoreFixture.swift",
"NoteStoreReaderIntegrationTests.swift",
"NoteStoreReaderSearchMatchingTests.swift",
"NoteStoreReaderStepErrorTests.swift",
"NoteStoreReaderTests.swift",
"NoteStoreReaderWALTests.swift",
"NoteTests.swift",
"NoteUpdateTests.swift",
"SnippetLengthTests.swift",
"StringHelpersTests.swift"
],
"target_dependencies" : [
"NotesAutomation"
],
"type" : "test"
},
{
"c99name" : "NotesAutomation",
"module_type" : "SwiftTarget",
"name" : "NotesAutomation",
"path" : "Sources/NotesAutomation",
"product_memberships" : [
"NotesAutomation"
],
"sources" : [
"AppleScriptRunner.swift",
"NSAppleScriptRunner.swift",
"Note.swift",
"NoteBodyPage.swift",
"NoteDetail.swift",
"NoteService.swift",
"NoteStoreReader.swift",
"StringHelpers.swift"
],
"type" : "library"
}
],
"tools_version" : "6.0"
}
{
"workspace" : {
"name" : "swift-notes-automation",
"schemes" : [
"swift-notes-automation"
]
}
}
2026-10-12 16:50:38.501 xcodebuild[622:3814] [MT] IDERunDestination: Supported platforms for the buildables in the current scheme is empty.
Running build ...
env DEVELOPER_DIR=/Applications/Xcode-27.0.0-Release.Candidate.app xcrun xcodebuild -IDEClonedSourcePackagesDirPathOverride=$PWD/.dependencies -skipMacroValidation -skipPackagePluginValidation -derivedDataPath $PWD/.derivedData build -scheme swift-notes-automation -destination generic/platform=xrOS
Command line invocation:
/Applications/Xcode-27.0.0.app/Contents/Developer/usr/bin/xcodebuild -IDEClonedSourcePackagesDirPathOverride=/Users/admin/builder/spi-builder-workspace/.dependencies -skipMacroValidation -skipPackagePluginValidation -derivedDataPath /Users/admin/builder/spi-builder-workspace/.derivedData build -scheme swift-notes-automation -destination generic/platform=xrOS
Resolve Package Graph
Resolved source packages:
swift-notes-automation: /Users/admin/builder/spi-builder-workspace
ComputePackagePrebuildTargetDependencyGraph
Prepare packages
CreateBuildRequest
SendProjectDescription
CreateBuildOperation
ComputeTargetDependencyGraph
note: Building targets in dependency order
note: Target dependency graph (2 targets)
Target 'NotesAutomation-product' in project 'swift-notes-automation'
➜ Explicit dependency on target 'NotesAutomation' in project 'swift-notes-automation'
Target 'NotesAutomation' in project 'swift-notes-automation' (no dependencies)
GatherProvisioningInputs
CreateBuildDescription
ExecuteExternalTool /Applications/Xcode-27.0.0.app/Contents/Developer/Toolchains/XcodeDefault.xctoolchain/usr/bin/clang -v -E -dM -isysroot /Applications/Xcode-27.0.0.app/Contents/Developer/Platforms/XROS.platform/Developer/SDKs/XROS27.0.sdk -x c -c /dev/null
ExecuteExternalTool /Applications/Xcode-27.0.0.app/Contents/Developer/Toolchains/XcodeDefault.xctoolchain/usr/bin/swiftc --version
ExecuteExternalTool /Applications/Xcode-27.0.0.app/Contents/Developer/Toolchains/XcodeDefault.xctoolchain/usr/bin/ld -version_details
Build description signature: fd6f69ed6e7f0c84913920623a6ecc57
Build description path: /Users/admin/builder/spi-builder-workspace/.derivedData/Build/Intermediates.noindex/XCBuildData/fd6f69ed6e7f0c84913920623a6ecc57.xcbuilddata
CreateBuildDirectory /Users/admin/builder/spi-builder-workspace/.derivedData/SDKExplicitPrecompiledModules
cd /Users/admin/builder/spi-builder-workspace/.swiftpm/xcode
builtin-create-build-directory /Users/admin/builder/spi-builder-workspace/.derivedData/SDKExplicitPrecompiledModules
CreateBuildDirectory /Users/admin/builder/spi-builder-workspace/.derivedData/ModuleCache.noindex
cd /Users/admin/builder/spi-builder-workspace/.swiftpm/xcode
builtin-create-build-directory /Users/admin/builder/spi-builder-workspace/.derivedData/ModuleCache.noindex
CreateBuildDirectory /Users/admin/builder/spi-builder-workspace/.derivedData/CompilationCache.noindex
cd /Users/admin/builder/spi-builder-workspace/.swiftpm/xcode
builtin-create-build-directory /Users/admin/builder/spi-builder-workspace/.derivedData/CompilationCache.noindex
CreateBuildDirectory /Users/admin/builder/spi-builder-workspace/.derivedData/Build/Products
cd /Users/admin/builder/spi-builder-workspace/.swiftpm/xcode
builtin-create-build-directory /Users/admin/builder/spi-builder-workspace/.derivedData/Build/Products
CreateBuildDirectory /Users/admin/builder/spi-builder-workspace/.derivedData/Build/Intermediates.noindex
cd /Users/admin/builder/spi-builder-workspace/.swiftpm/xcode
builtin-create-build-directory /Users/admin/builder/spi-builder-workspace/.derivedData/Build/Intermediates.noindex
ClangStatCache /Applications/Xcode-27.0.0.app/Contents/Developer/Toolchains/XcodeDefault.xctoolchain/usr/bin/clang-stat-cache /Applications/Xcode-27.0.0.app/Contents/Developer/Platforms/XROS.platform/Developer/SDKs/XROS27.0.sdk /Users/admin/builder/spi-builder-workspace/.derivedData/SDKStatCaches.noindex/xros27.0-24M361-e829b21a6f8c9b70876ba0858053c04489c3c372b822c72ca60ec5271cbc7f3c.sdkstatcache
cd /Users/admin/builder/spi-builder-workspace/.swiftpm/xcode
/Applications/Xcode-27.0.0.app/Contents/Developer/Toolchains/XcodeDefault.xctoolchain/usr/bin/clang-stat-cache /Applications/Xcode-27.0.0.app/Contents/Developer/Platforms/XROS.platform/Developer/SDKs/XROS27.0.sdk -o /Users/admin/builder/spi-builder-workspace/.derivedData/SDKStatCaches.noindex/xros27.0-24M361-e829b21a6f8c9b70876ba0858053c04489c3c372b822c72ca60ec5271cbc7f3c.sdkstatcache
CreateBuildDirectory /Users/admin/builder/spi-builder-workspace/.derivedData/Build/Intermediates.noindex/SwiftExplicitPrecompiledModules
cd /Users/admin/builder/spi-builder-workspace/.swiftpm/xcode
builtin-create-build-directory /Users/admin/builder/spi-builder-workspace/.derivedData/Build/Intermediates.noindex/SwiftExplicitPrecompiledModules
CreateBuildDirectory /Users/admin/builder/spi-builder-workspace/.derivedData/Build/Intermediates.noindex/ExplicitPrecompiledModules
cd /Users/admin/builder/spi-builder-workspace/.swiftpm/xcode
builtin-create-build-directory /Users/admin/builder/spi-builder-workspace/.derivedData/Build/Intermediates.noindex/ExplicitPrecompiledModules
CreateBuildDirectory /Users/admin/builder/spi-builder-workspace/.derivedData/Build/Intermediates.noindex/PrecompiledHeaders
cd /Users/admin/builder/spi-builder-workspace/.swiftpm/xcode
builtin-create-build-directory /Users/admin/builder/spi-builder-workspace/.derivedData/Build/Intermediates.noindex/PrecompiledHeaders
CreateBuildDirectory /Users/admin/builder/spi-builder-workspace/.derivedData/Build/Intermediates.noindex/EagerLinkingTBDs/Debug-xros
cd /Users/admin/builder/spi-builder-workspace/.swiftpm/xcode
builtin-create-build-directory /Users/admin/builder/spi-builder-workspace/.derivedData/Build/Intermediates.noindex/EagerLinkingTBDs/Debug-xros
CreateBuildDirectory /Users/admin/builder/spi-builder-workspace/.derivedData/Build/Products/Debug-xros
cd /Users/admin/builder/spi-builder-workspace/.swiftpm/xcode
builtin-create-build-directory /Users/admin/builder/spi-builder-workspace/.derivedData/Build/Products/Debug-xros
CreateBuildDirectory /Users/admin/builder/spi-builder-workspace/.derivedData/Build/Products/Debug-xros/PackageFrameworks
cd /Users/admin/builder/spi-builder-workspace/.swiftpm/xcode
builtin-create-build-directory /Users/admin/builder/spi-builder-workspace/.derivedData/Build/Products/Debug-xros/PackageFrameworks
WriteAuxiliaryFile /Users/admin/builder/spi-builder-workspace/.derivedData/Build/Intermediates.noindex/swift-notes-automation.build/Debug-xros/NotesAutomation-t.build/NotesAutomation.DependencyMetadataFileList (in target 'NotesAutomation' from project 'swift-notes-automation')
cd /Users/admin/builder/spi-builder-workspace
write-file /Users/admin/builder/spi-builder-workspace/.derivedData/Build/Intermediates.noindex/swift-notes-automation.build/Debug-xros/NotesAutomation-t.build/NotesAutomation.DependencyMetadataFileList
WriteAuxiliaryFile /Users/admin/builder/spi-builder-workspace/.derivedData/Build/Intermediates.noindex/swift-notes-automation.build/Debug-xros/NotesAutomation-t.build/NotesAutomation.modulemap (in target 'NotesAutomation' from project 'swift-notes-automation')
cd /Users/admin/builder/spi-builder-workspace
write-file /Users/admin/builder/spi-builder-workspace/.derivedData/Build/Intermediates.noindex/swift-notes-automation.build/Debug-xros/NotesAutomation-t.build/NotesAutomation.modulemap
WriteAuxiliaryFile /Users/admin/builder/spi-builder-workspace/.derivedData/Build/Intermediates.noindex/swift-notes-automation.build/Debug-xros/NotesAutomation-t.build/NotesAutomation.DependencyStaticMetadataFileList (in target 'NotesAutomation' from project 'swift-notes-automation')
cd /Users/admin/builder/spi-builder-workspace
write-file /Users/admin/builder/spi-builder-workspace/.derivedData/Build/Intermediates.noindex/swift-notes-automation.build/Debug-xros/NotesAutomation-t.build/NotesAutomation.DependencyStaticMetadataFileList
WriteAuxiliaryFile /Users/admin/builder/spi-builder-workspace/.derivedData/Build/Intermediates.noindex/swift-notes-automation.build/Debug-xros/NotesAutomation-t.build/Objects-normal/arm64/NotesAutomation.LinkFileList (in target 'NotesAutomation' from project 'swift-notes-automation')
cd /Users/admin/builder/spi-builder-workspace
write-file /Users/admin/builder/spi-builder-workspace/.derivedData/Build/Intermediates.noindex/swift-notes-automation.build/Debug-xros/NotesAutomation-t.build/Objects-normal/arm64/NotesAutomation.LinkFileList
WriteAuxiliaryFile /Users/admin/builder/spi-builder-workspace/.derivedData/Build/Intermediates.noindex/swift-notes-automation.build/Debug-xros/NotesAutomation-t.build/Objects-normal/arm64/NotesAutomation.SwiftConstValuesFileList (in target 'NotesAutomation' from project 'swift-notes-automation')
cd /Users/admin/builder/spi-builder-workspace
write-file /Users/admin/builder/spi-builder-workspace/.derivedData/Build/Intermediates.noindex/swift-notes-automation.build/Debug-xros/NotesAutomation-t.build/Objects-normal/arm64/NotesAutomation.SwiftConstValuesFileList
WriteAuxiliaryFile /Users/admin/builder/spi-builder-workspace/.derivedData/Build/Intermediates.noindex/swift-notes-automation.build/Debug-xros/NotesAutomation-t.build/Objects-normal/arm64/NotesAutomation-OutputFileMap.json (in target 'NotesAutomation' from project 'swift-notes-automation')
cd /Users/admin/builder/spi-builder-workspace
write-file /Users/admin/builder/spi-builder-workspace/.derivedData/Build/Intermediates.noindex/swift-notes-automation.build/Debug-xros/NotesAutomation-t.build/Objects-normal/arm64/NotesAutomation-OutputFileMap.json
WriteAuxiliaryFile /Users/admin/builder/spi-builder-workspace/.derivedData/Build/Intermediates.noindex/swift-notes-automation.build/Debug-xros/NotesAutomation-t.build/Objects-normal/arm64/NotesAutomation.SwiftFileList (in target 'NotesAutomation' from project 'swift-notes-automation')
cd /Users/admin/builder/spi-builder-workspace
write-file /Users/admin/builder/spi-builder-workspace/.derivedData/Build/Intermediates.noindex/swift-notes-automation.build/Debug-xros/NotesAutomation-t.build/Objects-normal/arm64/NotesAutomation.SwiftFileList
WriteAuxiliaryFile /Users/admin/builder/spi-builder-workspace/.derivedData/Build/Intermediates.noindex/swift-notes-automation.build/Debug-xros/NotesAutomation-t.build/Objects-normal/arm64/NotesAutomation_const_extract_protocols.json (in target 'NotesAutomation' from project 'swift-notes-automation')
cd /Users/admin/builder/spi-builder-workspace
write-file /Users/admin/builder/spi-builder-workspace/.derivedData/Build/Intermediates.noindex/swift-notes-automation.build/Debug-xros/NotesAutomation-t.build/Objects-normal/arm64/NotesAutomation_const_extract_protocols.json
Copy /Users/admin/builder/spi-builder-workspace/.derivedData/Build/Intermediates.noindex/GeneratedModuleMaps-xros/NotesAutomation.modulemap /Users/admin/builder/spi-builder-workspace/.derivedData/Build/Intermediates.noindex/swift-notes-automation.build/Debug-xros/NotesAutomation-t.build/NotesAutomation.modulemap (in target 'NotesAutomation' from project 'swift-notes-automation')
cd /Users/admin/builder/spi-builder-workspace
builtin-copy -exclude .DS_Store -exclude CVS -exclude .svn -exclude .git -exclude .hg -resolve-src-symlinks /Users/admin/builder/spi-builder-workspace/.derivedData/Build/Intermediates.noindex/swift-notes-automation.build/Debug-xros/NotesAutomation-t.build/NotesAutomation.modulemap /Users/admin/builder/spi-builder-workspace/.derivedData/Build/Intermediates.noindex/GeneratedModuleMaps-xros
SwiftDriver NotesAutomation normal arm64 com.apple.xcode.tools.swift.compiler (in target 'NotesAutomation' from project 'swift-notes-automation')
cd /Users/admin/builder/spi-builder-workspace/.swiftpm/xcode
builtin-SwiftDriver -- /Applications/Xcode-27.0.0.app/Contents/Developer/Toolchains/XcodeDefault.xctoolchain/usr/bin/swiftc -parse-as-library -module-name NotesAutomation -Onone @/Users/admin/builder/spi-builder-workspace/.derivedData/Build/Intermediates.noindex/swift-notes-automation.build/Debug-xros/NotesAutomation-t.build/Objects-normal/arm64/NotesAutomation.SwiftFileList -DSWIFT_PACKAGE -DDEBUG -DSWIFT_MODULE_RESOURCE_BUNDLE_UNAVAILABLE -DXcode -plugin-path /Applications/Xcode-27.0.0.app/Contents/Developer/Toolchains/XcodeDefault.xctoolchain/usr/lib/swift/host/plugins/testing -enable-experimental-feature DebugDescriptionMacro -sdk /Applications/Xcode-27.0.0.app/Contents/Developer/Platforms/XROS.platform/Developer/SDKs/XROS27.0.sdk -target arm64-apple-xros1.0 -g -module-cache-path /Users/admin/builder/spi-builder-workspace/.derivedData/ModuleCache.noindex -Xfrontend -serialize-debugging-options -profile-coverage-mapping -profile-generate -enable-testing -index-store-path /Users/admin/builder/spi-builder-workspace/.derivedData/Index.noindex/DataStore -Xcc -D_LIBCPP_HARDENING_MODE\=_LIBCPP_HARDENING_MODE_DEBUG -swift-version 6 -I /Users/admin/builder/spi-builder-workspace/.derivedData/Build/Products/Debug-xros -Isystem /Applications/Xcode-27.0.0.app/Contents/Developer/Platforms/XROS.platform/Developer/usr/lib -F /Users/admin/builder/spi-builder-workspace/.derivedData/Build/Products/Debug-xros -F /Applications/Xcode-27.0.0.app/Contents/Developer/Platforms/XROS.platform/Developer/Library/Frameworks -F /Applications/Xcode-27.0.0.app/Contents/Developer/Platforms/XROS.platform/Developer/SDKs/XROS27.0.sdk/Developer/Library/Frameworks -c -j10 -enable-batch-mode -incremental -Xcc -ivfsstatcache -Xcc /Users/admin/builder/spi-builder-workspace/.derivedData/SDKStatCaches.noindex/xros27.0-24M361-e829b21a6f8c9b70876ba0858053c04489c3c372b822c72ca60ec5271cbc7f3c.sdkstatcache -output-file-map /Users/admin/builder/spi-builder-workspace/.derivedData/Build/Intermediates.noindex/swift-notes-automation.build/Debug-xros/NotesAutomation-t.build/Objects-normal/arm64/NotesAutomation-OutputFileMap.json -save-temps -no-color-diagnostics -explicit-module-build -module-cache-path /Users/admin/builder/spi-builder-workspace/.derivedData/Build/Intermediates.noindex/SwiftExplicitPrecompiledModules -clang-scanner-module-cache-path /Users/admin/builder/spi-builder-workspace/.derivedData/ModuleCache.noindex -sdk-module-cache-path /Users/admin/builder/spi-builder-workspace/.derivedData/SDKExplicitPrecompiledModules -emit-dependencies -emit-module -emit-module-path /Users/admin/builder/spi-builder-workspace/.derivedData/Build/Intermediates.noindex/swift-notes-automation.build/Debug-xros/NotesAutomation-t.build/Objects-normal/arm64/NotesAutomation.swiftmodule -serialize-diagnostics -dependency-scan-serialize-diagnostics-path /Users/admin/builder/spi-builder-workspace/.derivedData/Build/Intermediates.noindex/swift-notes-automation.build/Debug-xros/NotesAutomation-t.build/Objects-normal/arm64/NotesAutomation-dependency-scan.dia -validate-clang-modules-once -clang-build-session-file /Users/admin/builder/spi-builder-workspace/.derivedData/ModuleCache.noindex/Session.modulevalidation -Xcc -fmodules-prune-interval\=86400 -Xcc -fmodules-prune-after\=345600 -package-name spi_builder_workspace -emit-const-values -const-gather-protocols-list /Users/admin/builder/spi-builder-workspace/.derivedData/Build/Intermediates.noindex/swift-notes-automation.build/Debug-xros/NotesAutomation-t.build/Objects-normal/arm64/NotesAutomation_const_extract_protocols.json -Xcc -I/Users/admin/builder/spi-builder-workspace/.derivedData/Build/Products/Debug-xros/include -Xcc -I/Users/admin/builder/spi-builder-workspace/.derivedData/Build/Intermediates.noindex/swift-notes-automation.build/Debug-xros/NotesAutomation-t.build/DerivedSources-normal/arm64 -Xcc -I/Users/admin/builder/spi-builder-workspace/.derivedData/Build/Intermediates.noindex/swift-notes-automation.build/Debug-xros/NotesAutomation-t.build/DerivedSources/arm64 -Xcc -I/Users/admin/builder/spi-builder-workspace/.derivedData/Build/Intermediates.noindex/swift-notes-automation.build/Debug-xros/NotesAutomation-t.build/DerivedSources -Xcc -DSWIFT_PACKAGE -Xcc -DDEBUG\=1 -emit-objc-header -emit-objc-header-path /Users/admin/builder/spi-builder-workspace/.derivedData/Build/Intermediates.noindex/swift-notes-automation.build/Debug-xros/NotesAutomation-t.build/Objects-normal/arm64/NotesAutomation-Swift.h -working-directory /Users/admin/builder/spi-builder-workspace/.swiftpm/xcode -experimental-emit-module-separately -disable-cmo
SwiftExplicitDependencyGeneratePcm arm64 /Users/admin/builder/spi-builder-workspace/.derivedData/SDKExplicitPrecompiledModules/_SwiftConcurrencyShims-3EF1GVAW4TS536KZ3ISCWLVI6.pcm
SwiftExplicitDependencyGeneratePcm arm64 /Users/admin/builder/spi-builder-workspace/.derivedData/SDKExplicitPrecompiledModules/_Builtin_float-9E6B4TIGZ50MNC52SEWSO4SZA.pcm
SwiftExplicitDependencyGeneratePcm arm64 /Users/admin/builder/spi-builder-workspace/.derivedData/SDKExplicitPrecompiledModules/_AvailabilityInternal-CQB1A4J371K4B4EILM2GHQLI5.pcm
SwiftExplicitDependencyGeneratePcm arm64 /Users/admin/builder/spi-builder-workspace/.derivedData/SDKExplicitPrecompiledModules/_Builtin_stdbool-66KCM3WFQAA6GDT5JBXE5ZFIM.pcm
SwiftExplicitDependencyGeneratePcm arm64 /Users/admin/builder/spi-builder-workspace/.derivedData/SDKExplicitPrecompiledModules/SwiftShims-9P1B0X253BMBIS5IYY1ZS9UX4.pcm
SwiftExplicitDependencyGeneratePcm arm64 /Users/admin/builder/spi-builder-workspace/.derivedData/SDKExplicitPrecompiledModules/_Builtin_stddef-CVIVEKYCWAJVVLZCWQUORXB3T.pcm
SwiftExplicitDependencyGeneratePcm arm64 /Users/admin/builder/spi-builder-workspace/.derivedData/SDKExplicitPrecompiledModules/_Builtin_stdarg-4D75MSV0U703TNZDFDPUQKTXY.pcm
SwiftExplicitDependencyGeneratePcm arm64 /Users/admin/builder/spi-builder-workspace/.derivedData/SDKExplicitPrecompiledModules/ptrcheck-AOAZ3TGYCT5FI4M12FP635MBZ.pcm
SwiftExplicitDependencyGeneratePcm arm64 /Users/admin/builder/spi-builder-workspace/.derivedData/SDKExplicitPrecompiledModules/ptrauth-CWIG5ZC92SLGPE634QB8U1F67.pcm
SwiftExplicitDependencyGeneratePcm arm64 /Users/admin/builder/spi-builder-workspace/.derivedData/SDKExplicitPrecompiledModules/_DarwinFoundation1-91KG98W8B99A53S7R7KZPDZAW.pcm
SwiftExplicitDependencyGeneratePcm arm64 /Users/admin/builder/spi-builder-workspace/.derivedData/SDKExplicitPrecompiledModules/_Builtin_limits-AC2IJ4ID8KQ2P514ASRJ1WNZ4.pcm
SwiftExplicitDependencyGeneratePcm arm64 /Users/admin/builder/spi-builder-workspace/.derivedData/SDKExplicitPrecompiledModules/SQLite3-2HI65H39IFVWVHVBTJV6P6KKC.pcm
SwiftExplicitDependencyGeneratePcm arm64 /Users/admin/builder/spi-builder-workspace/.derivedData/SDKExplicitPrecompiledModules/_DarwinFoundation2-6ZDTV3QLGX7QOB6B18WLZ0QH7.pcm
SwiftExplicitDependencyGeneratePcm arm64 /Users/admin/builder/spi-builder-workspace/.derivedData/SDKExplicitPrecompiledModules/sys_types-68SF6OGD5BU2UA3UVRAIPDM9Q.pcm
SwiftExplicitDependencyGeneratePcm arm64 /Users/admin/builder/spi-builder-workspace/.derivedData/SDKExplicitPrecompiledModules/string_h-EIJ0T3OTIUVPUQS0YYJN2SZ94.pcm
SwiftExplicitDependencyGeneratePcm arm64 /Users/admin/builder/spi-builder-workspace/.derivedData/SDKExplicitPrecompiledModules/_Builtin_stdint-DPOHJORS81SRDUS3TAH2I07JL.pcm
SwiftExplicitDependencyGeneratePcm arm64 /Users/admin/builder/spi-builder-workspace/.derivedData/SDKExplicitPrecompiledModules/_DarwinFoundation3-3NU4SV6DJO9R2BVETBBQUNTYM.pcm
SwiftExplicitDependencyGeneratePcm arm64 /Users/admin/builder/spi-builder-workspace/.derivedData/SDKExplicitPrecompiledModules/_Builtin_inttypes-F3HIDSK25XXER1ECI6T7MZQ6E.pcm
SwiftExplicitDependencyGeneratePcm arm64 /Users/admin/builder/spi-builder-workspace/.derivedData/SDKExplicitPrecompiledModules/Darwin-AIC9CLQZ5295SW9HWDOMZAQG5.pcm
SwiftExplicitDependencyGeneratePcm arm64 /Users/admin/builder/spi-builder-workspace/.derivedData/SDKExplicitPrecompiledModules/ObjectiveC-31UJBSEJJ1RKILDATCLWC7HN0.pcm
SwiftExplicitDependencyGeneratePcm arm64 /Users/admin/builder/spi-builder-workspace/.derivedData/SDKExplicitPrecompiledModules/os_object-1E3PX1DAS800SDQUYLVXR028V.pcm
SwiftExplicitDependencyGeneratePcm arm64 /Users/admin/builder/spi-builder-workspace/.derivedData/SDKExplicitPrecompiledModules/os_workgroup-CDEHWR6MV89NPD15QCX7VRHTU.pcm
SwiftExplicitDependencyGeneratePcm arm64 /Users/admin/builder/spi-builder-workspace/.derivedData/SDKExplicitPrecompiledModules/Dispatch-7GOER010PQL3JUB7KLESWY6E6.pcm
SwiftExplicitDependencyGeneratePcm arm64 /Users/admin/builder/spi-builder-workspace/.derivedData/SDKExplicitPrecompiledModules/CoreFoundation-3LDSUSDZ6HHB4NPG349G12ZOB.pcm
SwiftExplicitDependencyGeneratePcm arm64 /Users/admin/builder/spi-builder-workspace/.derivedData/SDKExplicitPrecompiledModules/XPC-3ELB137QFY4ZB1QC0M9VTZNL2.pcm
SwiftExplicitDependencyGeneratePcm arm64 /Users/admin/builder/spi-builder-workspace/.derivedData/SDKExplicitPrecompiledModules/Security-CKHEN0JBM822Q2GRP0DTS6SQF.pcm
SwiftExplicitDependencyGeneratePcm arm64 /Users/admin/builder/spi-builder-workspace/.derivedData/SDKExplicitPrecompiledModules/CFNetwork-3Q0VFS7OMB5CF9ZKK1V1U2UBK.pcm
SwiftExplicitDependencyGeneratePcm arm64 /Users/admin/builder/spi-builder-workspace/.derivedData/SDKExplicitPrecompiledModules/Foundation-8EHXGENADHBTHJM90X3OTROEY.pcm
SwiftEmitModule normal arm64 Emitting\ module\ for\ NotesAutomation (in target 'NotesAutomation' from project 'swift-notes-automation')
SwiftCompile normal arm64 (in target 'NotesAutomation' from project 'swift-notes-automation')
cd /Users/admin/builder/spi-builder-workspace/.swiftpm/xcode
SwiftCompile normal arm64 Compiling\ NoteDetail.swift /Users/admin/builder/spi-builder-workspace/Sources/NotesAutomation/NoteDetail.swift (in target 'NotesAutomation' from project 'swift-notes-automation')
SwiftCompile normal arm64 /Users/admin/builder/spi-builder-workspace/Sources/NotesAutomation/NoteDetail.swift (in target 'NotesAutomation' from project 'swift-notes-automation')
cd /Users/admin/builder/spi-builder-workspace/.swiftpm/xcode
builtin-SwiftPerFileCompile NoteDetail.swift
SwiftCompile normal arm64 Compiling\ NoteBodyPage.swift /Users/admin/builder/spi-builder-workspace/Sources/NotesAutomation/NoteBodyPage.swift (in target 'NotesAutomation' from project 'swift-notes-automation')
SwiftCompile normal arm64 /Users/admin/builder/spi-builder-workspace/Sources/NotesAutomation/NoteBodyPage.swift (in target 'NotesAutomation' from project 'swift-notes-automation')
cd /Users/admin/builder/spi-builder-workspace/.swiftpm/xcode
builtin-SwiftPerFileCompile NoteBodyPage.swift
SwiftCompile normal arm64 Compiling\ Note.swift /Users/admin/builder/spi-builder-workspace/Sources/NotesAutomation/Note.swift (in target 'NotesAutomation' from project 'swift-notes-automation')
SwiftCompile normal arm64 /Users/admin/builder/spi-builder-workspace/Sources/NotesAutomation/Note.swift (in target 'NotesAutomation' from project 'swift-notes-automation')
cd /Users/admin/builder/spi-builder-workspace/.swiftpm/xcode
builtin-SwiftPerFileCompile Note.swift
SwiftCompile normal arm64 Compiling\ NoteService.swift /Users/admin/builder/spi-builder-workspace/Sources/NotesAutomation/NoteService.swift (in target 'NotesAutomation' from project 'swift-notes-automation')
SwiftCompile normal arm64 /Users/admin/builder/spi-builder-workspace/Sources/NotesAutomation/NoteService.swift (in target 'NotesAutomation' from project 'swift-notes-automation')
cd /Users/admin/builder/spi-builder-workspace/.swiftpm/xcode
builtin-SwiftPerFileCompile NoteService.swift
SwiftCompile normal arm64 Compiling\ StringHelpers.swift /Users/admin/builder/spi-builder-workspace/Sources/NotesAutomation/StringHelpers.swift (in target 'NotesAutomation' from project 'swift-notes-automation')
SwiftCompile normal arm64 /Users/admin/builder/spi-builder-workspace/Sources/NotesAutomation/StringHelpers.swift (in target 'NotesAutomation' from project 'swift-notes-automation')
cd /Users/admin/builder/spi-builder-workspace/.swiftpm/xcode
builtin-SwiftPerFileCompile StringHelpers.swift
SwiftCompile normal arm64 Compiling\ AppleScriptRunner.swift /Users/admin/builder/spi-builder-workspace/Sources/NotesAutomation/AppleScriptRunner.swift (in target 'NotesAutomation' from project 'swift-notes-automation')
SwiftCompile normal arm64 /Users/admin/builder/spi-builder-workspace/Sources/NotesAutomation/AppleScriptRunner.swift (in target 'NotesAutomation' from project 'swift-notes-automation')
cd /Users/admin/builder/spi-builder-workspace/.swiftpm/xcode
builtin-SwiftPerFileCompile AppleScriptRunner.swift
SwiftCompile normal arm64 Compiling\ NSAppleScriptRunner.swift /Users/admin/builder/spi-builder-workspace/Sources/NotesAutomation/NSAppleScriptRunner.swift (in target 'NotesAutomation' from project 'swift-notes-automation')
/Users/admin/builder/spi-builder-workspace/Sources/NotesAutomation/NSAppleScriptRunner.swift:72:32: error: cannot find 'NSAppleScript' in scope
70 | // not `Sendable`, so its whole lifetime stays on one thread.
71 | try await Self.onMainThread { () throws -> String in
72 | guard let script = NSAppleScript(source: source) else {
| `- error: cannot find 'NSAppleScript' in scope
73 | throw AppleScriptError.compile("Failed to construct NSAppleScript")
74 | }
/Users/admin/builder/spi-builder-workspace/Sources/NotesAutomation/NSAppleScriptRunner.swift:78:41: error: cannot find 'NSAppleScript' in scope
76 | let descriptor = script.executeAndReturnError(&errorInfo)
77 | if let errorInfo {
78 | let message = errorInfo[NSAppleScript.errorMessage] as? String
| `- error: cannot find 'NSAppleScript' in scope
79 | ?? errorInfo[NSAppleScript.errorBriefMessage] as? String
80 | ?? "AppleScript error \(errorInfo[NSAppleScript.errorNumber] ?? "?")"
/Users/admin/builder/spi-builder-workspace/Sources/NotesAutomation/NSAppleScriptRunner.swift:79:34: error: cannot find 'NSAppleScript' in scope
77 | if let errorInfo {
78 | let message = errorInfo[NSAppleScript.errorMessage] as? String
79 | ?? errorInfo[NSAppleScript.errorBriefMessage] as? String
| `- error: cannot find 'NSAppleScript' in scope
80 | ?? "AppleScript error \(errorInfo[NSAppleScript.errorNumber] ?? "?")"
81 | throw AppleScriptError.runtime(message)
/Users/admin/builder/spi-builder-workspace/Sources/NotesAutomation/NSAppleScriptRunner.swift:80:55: error: cannot find 'NSAppleScript' in scope
78 | let message = errorInfo[NSAppleScript.errorMessage] as? String
79 | ?? errorInfo[NSAppleScript.errorBriefMessage] as? String
80 | ?? "AppleScript error \(errorInfo[NSAppleScript.errorNumber] ?? "?")"
| `- error: cannot find 'NSAppleScript' in scope
81 | throw AppleScriptError.runtime(message)
82 | }
Failed frontend command:
/Applications/Xcode-27.0.0.app/Contents/Developer/Toolchains/XcodeDefault.xctoolchain/usr/bin/swift-frontend -frontend -c /Users/admin/builder/spi-builder-workspace/Sources/NotesAutomation/AppleScriptRunner.swift -primary-file /Users/admin/builder/spi-builder-workspace/Sources/NotesAutomation/NSAppleScriptRunner.swift /Users/admin/builder/spi-builder-workspace/Sources/NotesAutomation/Note.swift /Users/admin/builder/spi-builder-workspace/Sources/NotesAutomation/NoteBodyPage.swift /Users/admin/builder/spi-builder-workspace/Sources/NotesAutomation/NoteDetail.swift /Users/admin/builder/spi-builder-workspace/Sources/NotesAutomation/NoteService.swift /Users/admin/builder/spi-builder-workspace/Sources/NotesAutomation/NoteStoreReader.swift /Users/admin/builder/spi-builder-workspace/Sources/NotesAutomation/StringHelpers.swift -emit-dependencies-path /Users/admin/builder/spi-builder-workspace/.derivedData/Build/Intermediates.noindex/swift-notes-automation.build/Debug-xros/NotesAutomation-t.build/Objects-normal/arm64/NSAppleScriptRunner.d -emit-const-values-path /Users/admin/builder/spi-builder-workspace/.derivedData/Build/Intermediates.noindex/swift-notes-automation.build/Debug-xros/NotesAutomation-t.build/Objects-normal/arm64/NSAppleScriptRunner.swiftconstvalues -emit-reference-dependencies-path /Users/admin/builder/spi-builder-workspace/.derivedData/Build/Intermediates.noindex/swift-notes-automation.build/Debug-xros/NotesAutomation-t.build/Objects-normal/arm64/NSAppleScriptRunner.swiftdeps -serialize-diagnostics-path /Users/admin/builder/spi-builder-workspace/.derivedData/Build/Intermediates.noindex/swift-notes-automation.build/Debug-xros/NotesAutomation-t.build/Objects-normal/arm64/NSAppleScriptRunner.dia -target arm64-apple-xros1.0 -disable-cross-import-overlay-search -load-resolved-plugin /Applications/Xcode-27.0.0.app/Contents/Developer/Platforms/XROS.platform/Developer/usr/lib/swift/host/plugins/libFoundationMacros.dylib\#/Applications/Xcode-27.0.0.app/Contents/Developer/Platforms/XROS.platform/Developer/usr/bin/swift-plugin-server\#FoundationMacros -load-resolved-plugin /Applications/Xcode-27.0.0.app/Contents/Developer/Platforms/XROS.platform/Developer/usr/lib/swift/host/plugins/libObservationMacros.dylib\#/Applications/Xcode-27.0.0.app/Contents/Developer/Platforms/XROS.platform/Developer/usr/bin/swift-plugin-server\#ObservationMacros -load-resolved-plugin /Applications/Xcode-27.0.0.app/Contents/Developer/Platforms/XROS.platform/Developer/usr/lib/swift/host/plugins/libSwiftMacros.dylib\#/Applications/Xcode-27.0.0.app/Contents/Developer/Platforms/XROS.platform/Developer/usr/bin/swift-plugin-server\#SwiftMacros -disable-implicit-swift-modules -Xcc -fno-implicit-modules -Xcc -fno-implicit-module-maps -explicit-swift-module-map-file /Users/admin/builder/spi-builder-workspace/.derivedData/Build/Intermediates.noindex/swift-notes-automation.build/Debug-xros/NotesAutomation-t.build/Objects-normal/arm64/NotesAutomation-dependencies-1.json -Xllvm -aarch64-use-tbi -enable-objc-interop -stack-check -sdk /Applications/Xcode-27.0.0.app/Contents/Developer/Platforms/XROS.platform/Developer/SDKs/XROS27.0.sdk -I /Users/admin/builder/spi-builder-workspace/.derivedData/Build/Products/Debug-xros -Isystem /Applications/Xcode-27.0.0.app/Contents/Developer/Platforms/XROS.platform/Developer/usr/lib -F /Users/admin/builder/spi-builder-workspace/.derivedData/Build/Products/Debug-xros -F /Applications/Xcode-27.0.0.app/Contents/Developer/Platforms/XROS.platform/Developer/Library/Frameworks -F /Applications/Xcode-27.0.0.app/Contents/Developer/Platforms/XROS.platform/Developer/SDKs/XROS27.0.sdk/Developer/Library/Frameworks -module-cache-path /Users/admin/builder/spi-builder-workspace/.derivedData/Build/Intermediates.noindex/SwiftExplicitPrecompiledModules -no-color-diagnostics -Xcc -fno-color-diagnostics -enable-testing -g -debug-info-format\=dwarf -dwarf-version\=4 -profile-generate -profile-coverage-mapping -swift-version 6 -Onone -D SWIFT_PACKAGE -D DEBUG -D SWIFT_MODULE_RESOURCE_BUNDLE_UNAVAILABLE -D Xcode -serialize-debugging-options -enable-experimental-feature DebugDescriptionMacro -empty-abi-descriptor -validate-clang-modules-once -clang-build-session-file /Users/admin/builder/spi-builder-workspace/.derivedData/ModuleCache.noindex/Session.modulevalidation -Xcc -working-directory -Xcc /Users/admin/builder/spi-builder-workspace/.swiftpm/xcode -enable-anonymous-context-mangled-names -file-compilation-dir /Users/admin/builder/spi-builder-workspace/.swiftpm/xcode -Xcc -D_LIBCPP_HARDENING_MODE\=_LIBCPP_HARDENING_MODE_DEBUG -Xcc -ivfsstatcache -Xcc /Users/admin/builder/spi-builder-workspace/.derivedData/SDKStatCaches.noindex/xros27.0-24M361-e829b21a6f8c9b70876ba0858053c04489c3c372b822c72ca60ec5271cbc7f3c.sdkstatcache -Xcc -fmodules-prune-interval\=86400 -Xcc -fmodules-prune-after\=345600 -Xcc -I/Users/admin/builder/spi-builder-workspace/.derivedData/Build/Products/Debug-xros/include -Xcc -I/Users/admin/builder/spi-builder-workspace/.derivedData/Build/Intermediates.noindex/swift-notes-automation.build/Debug-xros/NotesAutomation-t.build/DerivedSources-normal/arm64 -Xcc -I/Users/admin/builder/spi-builder-workspace/.derivedData/Build/Intermediates.noindex/swift-notes-automation.build/Debug-xros/NotesAutomation-t.build/DerivedSources/arm64 -Xcc -I/Users/admin/builder/spi-builder-workspace/.derivedData/Build/Intermediates.noindex/swift-notes-automation.build/Debug-xros/NotesAutomation-t.build/DerivedSources -Xcc -DSWIFT_PACKAGE -Xcc -DDEBUG\=1 -no-auto-bridging-header-chaining -module-name NotesAutomation -package-name spi_builder_workspace -const-gather-protocols-file /Users/admin/builder/spi-builder-workspace/.derivedData/Build/Intermediates.noindex/swift-notes-automation.build/Debug-xros/NotesAutomation-t.build/Objects-normal/arm64/NotesAutomation_const_extract_protocols.json -disable-clang-spi -clang-target arm64-apple-xros27.0 -target-sdk-version 27.0 -target-sdk-name xros27.0 -in-process-plugin-server-path /Applications/Xcode-27.0.0.app/Contents/Developer/Toolchains/XcodeDefault.xctoolchain/usr/lib/swift/host/libSwiftInProcPluginServer.dylib -parse-as-library -o /Users/admin/builder/spi-builder-workspace/.derivedData/Build/Intermediates.noindex/swift-notes-automation.build/Debug-xros/NotesAutomation-t.build/Objects-normal/arm64/NSAppleScriptRunner.o -debug-module-path /Users/admin/builder/spi-builder-workspace/.derivedData/Build/Intermediates.noindex/swift-notes-automation.build/Debug-xros/NotesAutomation-t.build/Objects-normal/arm64/NotesAutomation.swiftmodule -index-unit-output-path /swift-notes-automation.build/Debug-xros/NotesAutomation-t.build/Objects-normal/arm64/NSAppleScriptRunner.o -index-store-path /Users/admin/builder/spi-builder-workspace/.derivedData/Index.noindex/DataStore -index-system-modules
SwiftCompile normal arm64 /Users/admin/builder/spi-builder-workspace/Sources/NotesAutomation/NSAppleScriptRunner.swift (in target 'NotesAutomation' from project 'swift-notes-automation')
cd /Users/admin/builder/spi-builder-workspace/.swiftpm/xcode
builtin-SwiftPerFileCompile NSAppleScriptRunner.swift
SwiftCompile normal arm64 Compiling\ NoteStoreReader.swift /Users/admin/builder/spi-builder-workspace/Sources/NotesAutomation/NoteStoreReader.swift (in target 'NotesAutomation' from project 'swift-notes-automation')
SwiftCompile normal arm64 /Users/admin/builder/spi-builder-workspace/Sources/NotesAutomation/NoteStoreReader.swift (in target 'NotesAutomation' from project 'swift-notes-automation')
cd /Users/admin/builder/spi-builder-workspace/.swiftpm/xcode
builtin-SwiftPerFileCompile NoteStoreReader.swift
SwiftDriverJobDiscovery normal arm64 Emitting module for NotesAutomation (in target 'NotesAutomation' from project 'swift-notes-automation')
SwiftDriver\ Compilation\ Requirements NotesAutomation normal arm64 com.apple.xcode.tools.swift.compiler (in target 'NotesAutomation' from project 'swift-notes-automation')
cd /Users/admin/builder/spi-builder-workspace/.swiftpm/xcode
builtin-Swift-Compilation-Requirements -- /Applications/Xcode-27.0.0.app/Contents/Developer/Toolchains/XcodeDefault.xctoolchain/usr/bin/swiftc -parse-as-library -module-name NotesAutomation -Onone @/Users/admin/builder/spi-builder-workspace/.derivedData/Build/Intermediates.noindex/swift-notes-automation.build/Debug-xros/NotesAutomation-t.build/Objects-normal/arm64/NotesAutomation.SwiftFileList -DSWIFT_PACKAGE -DDEBUG -DSWIFT_MODULE_RESOURCE_BUNDLE_UNAVAILABLE -DXcode -plugin-path /Applications/Xcode-27.0.0.app/Contents/Developer/Toolchains/XcodeDefault.xctoolchain/usr/lib/swift/host/plugins/testing -enable-experimental-feature DebugDescriptionMacro -sdk /Applications/Xcode-27.0.0.app/Contents/Developer/Platforms/XROS.platform/Developer/SDKs/XROS27.0.sdk -target arm64-apple-xros1.0 -g -module-cache-path /Users/admin/builder/spi-builder-workspace/.derivedData/ModuleCache.noindex -Xfrontend -serialize-debugging-options -profile-coverage-mapping -profile-generate -enable-testing -index-store-path /Users/admin/builder/spi-builder-workspace/.derivedData/Index.noindex/DataStore -Xcc -D_LIBCPP_HARDENING_MODE\=_LIBCPP_HARDENING_MODE_DEBUG -swift-version 6 -I /Users/admin/builder/spi-builder-workspace/.derivedData/Build/Products/Debug-xros -Isystem /Applications/Xcode-27.0.0.app/Contents/Developer/Platforms/XROS.platform/Developer/usr/lib -F /Users/admin/builder/spi-builder-workspace/.derivedData/Build/Products/Debug-xros -F /Applications/Xcode-27.0.0.app/Contents/Developer/Platforms/XROS.platform/Developer/Library/Frameworks -F /Applications/Xcode-27.0.0.app/Contents/Developer/Platforms/XROS.platform/Developer/SDKs/XROS27.0.sdk/Developer/Library/Frameworks -c -j10 -enable-batch-mode -incremental -Xcc -ivfsstatcache -Xcc /Users/admin/builder/spi-builder-workspace/.derivedData/SDKStatCaches.noindex/xros27.0-24M361-e829b21a6f8c9b70876ba0858053c04489c3c372b822c72ca60ec5271cbc7f3c.sdkstatcache -output-file-map /Users/admin/builder/spi-builder-workspace/.derivedData/Build/Intermediates.noindex/swift-notes-automation.build/Debug-xros/NotesAutomation-t.build/Objects-normal/arm64/NotesAutomation-OutputFileMap.json -save-temps -no-color-diagnostics -explicit-module-build -module-cache-path /Users/admin/builder/spi-builder-workspace/.derivedData/Build/Intermediates.noindex/SwiftExplicitPrecompiledModules -clang-scanner-module-cache-path /Users/admin/builder/spi-builder-workspace/.derivedData/ModuleCache.noindex -sdk-module-cache-path /Users/admin/builder/spi-builder-workspace/.derivedData/SDKExplicitPrecompiledModules -emit-dependencies -emit-module -emit-module-path /Users/admin/builder/spi-builder-workspace/.derivedData/Build/Intermediates.noindex/swift-notes-automation.build/Debug-xros/NotesAutomation-t.build/Objects-normal/arm64/NotesAutomation.swiftmodule -serialize-diagnostics -dependency-scan-serialize-diagnostics-path /Users/admin/builder/spi-builder-workspace/.derivedData/Build/Intermediates.noindex/swift-notes-automation.build/Debug-xros/NotesAutomation-t.build/Objects-normal/arm64/NotesAutomation-dependency-scan.dia -validate-clang-modules-once -clang-build-session-file /Users/admin/builder/spi-builder-workspace/.derivedData/ModuleCache.noindex/Session.modulevalidation -Xcc -fmodules-prune-interval\=86400 -Xcc -fmodules-prune-after\=345600 -package-name spi_builder_workspace -emit-const-values -const-gather-protocols-list /Users/admin/builder/spi-builder-workspace/.derivedData/Build/Intermediates.noindex/swift-notes-automation.build/Debug-xros/NotesAutomation-t.build/Objects-normal/arm64/NotesAutomation_const_extract_protocols.json -Xcc -I/Users/admin/builder/spi-builder-workspace/.derivedData/Build/Products/Debug-xros/include -Xcc -I/Users/admin/builder/spi-builder-workspace/.derivedData/Build/Intermediates.noindex/swift-notes-automation.build/Debug-xros/NotesAutomation-t.build/DerivedSources-normal/arm64 -Xcc -I/Users/admin/builder/spi-builder-workspace/.derivedData/Build/Intermediates.noindex/swift-notes-automation.build/Debug-xros/NotesAutomation-t.build/DerivedSources/arm64 -Xcc -I/Users/admin/builder/spi-builder-workspace/.derivedData/Build/Intermediates.noindex/swift-notes-automation.build/Debug-xros/NotesAutomation-t.build/DerivedSources -Xcc -DSWIFT_PACKAGE -Xcc -DDEBUG\=1 -emit-objc-header -emit-objc-header-path /Users/admin/builder/spi-builder-workspace/.derivedData/Build/Intermediates.noindex/swift-notes-automation.build/Debug-xros/NotesAutomation-t.build/Objects-normal/arm64/NotesAutomation-Swift.h -working-directory /Users/admin/builder/spi-builder-workspace/.swiftpm/xcode -experimental-emit-module-separately -disable-cmo
SwiftMergeGeneratedHeaders /Users/admin/builder/spi-builder-workspace/.derivedData/Build/Intermediates.noindex/GeneratedModuleMaps-xros/NotesAutomation-Swift.h /Users/admin/builder/spi-builder-workspace/.derivedData/Build/Intermediates.noindex/swift-notes-automation.build/Debug-xros/NotesAutomation-t.build/Objects-normal/arm64/NotesAutomation-Swift.h (in target 'NotesAutomation' from project 'swift-notes-automation')
cd /Users/admin/builder/spi-builder-workspace
builtin-swiftHeaderTool -arch arm64 /Users/admin/builder/spi-builder-workspace/.derivedData/Build/Intermediates.noindex/swift-notes-automation.build/Debug-xros/NotesAutomation-t.build/Objects-normal/arm64/NotesAutomation-Swift.h -o /Users/admin/builder/spi-builder-workspace/.derivedData/Build/Intermediates.noindex/GeneratedModuleMaps-xros/NotesAutomation-Swift.h
Copy /Users/admin/builder/spi-builder-workspace/.derivedData/Build/Products/Debug-xros/NotesAutomation.swiftmodule/arm64-apple-xros.swiftmodule /Users/admin/builder/spi-builder-workspace/.derivedData/Build/Intermediates.noindex/swift-notes-automation.build/Debug-xros/NotesAutomation-t.build/Objects-normal/arm64/NotesAutomation.swiftmodule (in target 'NotesAutomation' from project 'swift-notes-automation')
cd /Users/admin/builder/spi-builder-workspace
builtin-copy -exclude .DS_Store -exclude CVS -exclude .svn -exclude .git -exclude .hg -resolve-src-symlinks -rename /Users/admin/builder/spi-builder-workspace/.derivedData/Build/Intermediates.noindex/swift-notes-automation.build/Debug-xros/NotesAutomation-t.build/Objects-normal/arm64/NotesAutomation.swiftmodule /Users/admin/builder/spi-builder-workspace/.derivedData/Build/Products/Debug-xros/NotesAutomation.swiftmodule/arm64-apple-xros.swiftmodule
Copy /Users/admin/builder/spi-builder-workspace/.derivedData/Build/Products/Debug-xros/NotesAutomation.swiftmodule/arm64-apple-xros.swiftdoc /Users/admin/builder/spi-builder-workspace/.derivedData/Build/Intermediates.noindex/swift-notes-automation.build/Debug-xros/NotesAutomation-t.build/Objects-normal/arm64/NotesAutomation.swiftdoc (in target 'NotesAutomation' from project 'swift-notes-automation')
cd /Users/admin/builder/spi-builder-workspace
builtin-copy -exclude .DS_Store -exclude CVS -exclude .svn -exclude .git -exclude .hg -resolve-src-symlinks -rename /Users/admin/builder/spi-builder-workspace/.derivedData/Build/Intermediates.noindex/swift-notes-automation.build/Debug-xros/NotesAutomation-t.build/Objects-normal/arm64/NotesAutomation.swiftdoc /Users/admin/builder/spi-builder-workspace/.derivedData/Build/Products/Debug-xros/NotesAutomation.swiftmodule/arm64-apple-xros.swiftdoc
Copy /Users/admin/builder/spi-builder-workspace/.derivedData/Build/Products/Debug-xros/NotesAutomation.swiftmodule/arm64-apple-xros.abi.json /Users/admin/builder/spi-builder-workspace/.derivedData/Build/Intermediates.noindex/swift-notes-automation.build/Debug-xros/NotesAutomation-t.build/Objects-normal/arm64/NotesAutomation.abi.json (in target 'NotesAutomation' from project 'swift-notes-automation')
cd /Users/admin/builder/spi-builder-workspace
builtin-copy -exclude .DS_Store -exclude CVS -exclude .svn -exclude .git -exclude .hg -resolve-src-symlinks -rename /Users/admin/builder/spi-builder-workspace/.derivedData/Build/Intermediates.noindex/swift-notes-automation.build/Debug-xros/NotesAutomation-t.build/Objects-normal/arm64/NotesAutomation.abi.json /Users/admin/builder/spi-builder-workspace/.derivedData/Build/Products/Debug-xros/NotesAutomation.swiftmodule/arm64-apple-xros.abi.json
Copy /Users/admin/builder/spi-builder-workspace/.derivedData/Build/Products/Debug-xros/NotesAutomation.swiftmodule/Project/arm64-apple-xros.swiftsourceinfo /Users/admin/builder/spi-builder-workspace/.derivedData/Build/Intermediates.noindex/swift-notes-automation.build/Debug-xros/NotesAutomation-t.build/Objects-normal/arm64/NotesAutomation.swiftsourceinfo (in target 'NotesAutomation' from project 'swift-notes-automation')
cd /Users/admin/builder/spi-builder-workspace
builtin-copy -exclude .DS_Store -exclude CVS -exclude .svn -exclude .git -exclude .hg -resolve-src-symlinks -rename /Users/admin/builder/spi-builder-workspace/.derivedData/Build/Intermediates.noindex/swift-notes-automation.build/Debug-xros/NotesAutomation-t.build/Objects-normal/arm64/NotesAutomation.swiftsourceinfo /Users/admin/builder/spi-builder-workspace/.derivedData/Build/Products/Debug-xros/NotesAutomation.swiftmodule/Project/arm64-apple-xros.swiftsourceinfo
PruneExplicitPrecompiledModules /Users/admin/builder/spi-builder-workspace/.derivedData/SDKExplicitPrecompiledModules
PruneExplicitPrecompiledModules /Users/admin/builder/spi-builder-workspace/.derivedData/Build/Intermediates.noindex/SwiftExplicitPrecompiledModules
PruneExplicitPrecompiledModules /Users/admin/builder/spi-builder-workspace/.derivedData/Build/Intermediates.noindex/ExplicitPrecompiledModules
2026-10-12 16:50:40.074 xcodebuild[623:3859] [MT] IDERunDestination: Supported platforms for the buildables in the current scheme is empty.
** BUILD FAILED **
The following build commands failed:
SwiftCompile normal arm64 Compiling\ NSAppleScriptRunner.swift /Users/admin/builder/spi-builder-workspace/Sources/NotesAutomation/NSAppleScriptRunner.swift (in target 'NotesAutomation' from project 'swift-notes-automation')
SwiftCompile normal arm64 /Users/admin/builder/spi-builder-workspace/Sources/NotesAutomation/NSAppleScriptRunner.swift (in target 'NotesAutomation' from project 'swift-notes-automation')
Building workspace swift-notes-automation with scheme swift-notes-automation
(3 failures)
Command line invocation:
/Applications/Xcode-27.0.0.app/Contents/Developer/usr/bin/xcodebuild -IDEClonedSourcePackagesDirPathOverride=/Users/admin/builder/spi-builder-workspace/.dependencies -resolvePackageDependencies
Resolve Package Graph
Resolved source packages:
swift-notes-automation: /Users/admin/builder/spi-builder-workspace
resolved source packages: swift-notes-automation
2026-10-12 16:50:47.809 xcodebuild[706:4302] [MT] IDERunDestination: Supported platforms for the buildables in the current scheme is empty.
{
"dependencies" : [
],
"manifest_display_name" : "swift-notes-automation",
"name" : "swift-notes-automation",
"path" : "/Users/admin/builder/spi-builder-workspace",
"platforms" : [
{
"name" : "macos",
"version" : "14.0"
}
],
"products" : [
{
"name" : "NotesAutomation",
"targets" : [
"NotesAutomation"
],
"type" : {
"library" : [
"automatic"
]
}
}
],
"targets" : [
{
"c99name" : "NotesAutomationTests",
"module_type" : "SwiftTarget",
"name" : "NotesAutomationTests",
"path" : "Tests/NotesAutomationTests",
"sources" : [
"AppleScriptEscapingTests.swift",
"BlankInputGuardTests.swift",
"BodyExcerptTests.swift",
"ErrorTests.swift",
"FakeAppleScriptRunner.swift",
"InputBoundsTests.swift",
"NSAppleScriptRunnerTests.swift",
"NoteDetailTests.swift",
"NoteFoldersTests.swift",
"NotePaginationTests.swift",
"NoteReadWriteIntegrationTests.swift",
"NoteServiceIntegrationTests.swift",
"NoteServiceTests.swift",
"NoteStoreFixture.swift",
"NoteStoreReaderIntegrationTests.swift",
"NoteStoreReaderSearchMatchingTests.swift",
"NoteStoreReaderStepErrorTests.swift",
"NoteStoreReaderTests.swift",
"NoteStoreReaderWALTests.swift",
"NoteTests.swift",
"NoteUpdateTests.swift",
"SnippetLengthTests.swift",
"StringHelpersTests.swift"
],
"target_dependencies" : [
"NotesAutomation"
],
"type" : "test"
},
{
"c99name" : "NotesAutomation",
"module_type" : "SwiftTarget",
"name" : "NotesAutomation",
"path" : "Sources/NotesAutomation",
"product_memberships" : [
"NotesAutomation"
],
"sources" : [
"AppleScriptRunner.swift",
"NSAppleScriptRunner.swift",
"Note.swift",
"NoteBodyPage.swift",
"NoteDetail.swift",
"NoteService.swift",
"NoteStoreReader.swift",
"StringHelpers.swift"
],
"type" : "library"
}
],
"tools_version" : "6.0"
}
{
"workspace" : {
"name" : "swift-notes-automation",
"schemes" : [
"swift-notes-automation"
]
}
}
2026-10-12 16:50:48.985 xcodebuild[714:4374] [MT] IDERunDestination: Supported platforms for the buildables in the current scheme is empty.
Running build ...
env DEVELOPER_DIR=/Applications/Xcode-27.0.0-Release.Candidate.app xcrun xcodebuild -IDEClonedSourcePackagesDirPathOverride=$PWD/.dependencies -skipMacroValidation -skipPackagePluginValidation -derivedDataPath $PWD/.derivedData build -scheme swift-notes-automation -destination generic/platform=xrOS
Command line invocation:
/Applications/Xcode-27.0.0.app/Contents/Developer/usr/bin/xcodebuild -IDEClonedSourcePackagesDirPathOverride=/Users/admin/builder/spi-builder-workspace/.dependencies -skipMacroValidation -skipPackagePluginValidation -derivedDataPath /Users/admin/builder/spi-builder-workspace/.derivedData build -scheme swift-notes-automation -destination generic/platform=xrOS
Resolve Package Graph
Resolved source packages:
swift-notes-automation: /Users/admin/builder/spi-builder-workspace
ComputePackagePrebuildTargetDependencyGraph
Prepare packages
CreateBuildRequest
SendProjectDescription
CreateBuildOperation
ComputeTargetDependencyGraph
note: Building targets in dependency order
note: Target dependency graph (2 targets)
Target 'NotesAutomation-product' in project 'swift-notes-automation'
➜ Explicit dependency on target 'NotesAutomation' in project 'swift-notes-automation'
Target 'NotesAutomation' in project 'swift-notes-automation' (no dependencies)
GatherProvisioningInputs
CreateBuildDescription
ClangStatCache /Applications/Xcode-27.0.0.app/Contents/Developer/Toolchains/XcodeDefault.xctoolchain/usr/bin/clang-stat-cache /Applications/Xcode-27.0.0.app/Contents/Developer/Platforms/XROS.platform/Developer/SDKs/XROS27.0.sdk /Users/admin/builder/spi-builder-workspace/.derivedData/SDKStatCaches.noindex/xros27.0-24M361-e829b21a6f8c9b70876ba0858053c04489c3c372b822c72ca60ec5271cbc7f3c.sdkstatcache
cd /Users/admin/builder/spi-builder-workspace/.swiftpm/xcode
/Applications/Xcode-27.0.0.app/Contents/Developer/Toolchains/XcodeDefault.xctoolchain/usr/bin/clang-stat-cache /Applications/Xcode-27.0.0.app/Contents/Developer/Platforms/XROS.platform/Developer/SDKs/XROS27.0.sdk -o /Users/admin/builder/spi-builder-workspace/.derivedData/SDKStatCaches.noindex/xros27.0-24M361-e829b21a6f8c9b70876ba0858053c04489c3c372b822c72ca60ec5271cbc7f3c.sdkstatcache
SwiftDriver NotesAutomation normal arm64 com.apple.xcode.tools.swift.compiler (in target 'NotesAutomation' from project 'swift-notes-automation')
cd /Users/admin/builder/spi-builder-workspace/.swiftpm/xcode
builtin-SwiftDriver -- /Applications/Xcode-27.0.0.app/Contents/Developer/Toolchains/XcodeDefault.xctoolchain/usr/bin/swiftc -parse-as-library -module-name NotesAutomation -Onone @/Users/admin/builder/spi-builder-workspace/.derivedData/Build/Intermediates.noindex/swift-notes-automation.build/Debug-xros/NotesAutomation-t.build/Objects-normal/arm64/NotesAutomation.SwiftFileList -DSWIFT_PACKAGE -DDEBUG -DSWIFT_MODULE_RESOURCE_BUNDLE_UNAVAILABLE -DXcode -plugin-path /Applications/Xcode-27.0.0.app/Contents/Developer/Toolchains/XcodeDefault.xctoolchain/usr/lib/swift/host/plugins/testing -enable-experimental-feature DebugDescriptionMacro -sdk /Applications/Xcode-27.0.0.app/Contents/Developer/Platforms/XROS.platform/Developer/SDKs/XROS27.0.sdk -target arm64-apple-xros1.0 -g -module-cache-path /Users/admin/builder/spi-builder-workspace/.derivedData/ModuleCache.noindex -Xfrontend -serialize-debugging-options -profile-coverage-mapping -profile-generate -enable-testing -index-store-path /Users/admin/builder/spi-builder-workspace/.derivedData/Index.noindex/DataStore -Xcc -D_LIBCPP_HARDENING_MODE\=_LIBCPP_HARDENING_MODE_DEBUG -swift-version 6 -I /Users/admin/builder/spi-builder-workspace/.derivedData/Build/Products/Debug-xros -Isystem /Applications/Xcode-27.0.0.app/Contents/Developer/Platforms/XROS.platform/Developer/usr/lib -F /Users/admin/builder/spi-builder-workspace/.derivedData/Build/Products/Debug-xros -F /Applications/Xcode-27.0.0.app/Contents/Developer/Platforms/XROS.platform/Developer/Library/Frameworks -F /Applications/Xcode-27.0.0.app/Contents/Developer/Platforms/XROS.platform/Developer/SDKs/XROS27.0.sdk/Developer/Library/Frameworks -c -j10 -enable-batch-mode -incremental -Xcc -ivfsstatcache -Xcc /Users/admin/builder/spi-builder-workspace/.derivedData/SDKStatCaches.noindex/xros27.0-24M361-e829b21a6f8c9b70876ba0858053c04489c3c372b822c72ca60ec5271cbc7f3c.sdkstatcache -output-file-map /Users/admin/builder/spi-builder-workspace/.derivedData/Build/Intermediates.noindex/swift-notes-automation.build/Debug-xros/NotesAutomation-t.build/Objects-normal/arm64/NotesAutomation-OutputFileMap.json -save-temps -no-color-diagnostics -explicit-module-build -module-cache-path /Users/admin/builder/spi-builder-workspace/.derivedData/Build/Intermediates.noindex/SwiftExplicitPrecompiledModules -clang-scanner-module-cache-path /Users/admin/builder/spi-builder-workspace/.derivedData/ModuleCache.noindex -sdk-module-cache-path /Users/admin/builder/spi-builder-workspace/.derivedData/SDKExplicitPrecompiledModules -emit-dependencies -emit-module -emit-module-path /Users/admin/builder/spi-builder-workspace/.derivedData/Build/Intermediates.noindex/swift-notes-automation.build/Debug-xros/NotesAutomation-t.build/Objects-normal/arm64/NotesAutomation.swiftmodule -serialize-diagnostics -dependency-scan-serialize-diagnostics-path /Users/admin/builder/spi-builder-workspace/.derivedData/Build/Intermediates.noindex/swift-notes-automation.build/Debug-xros/NotesAutomation-t.build/Objects-normal/arm64/NotesAutomation-dependency-scan.dia -validate-clang-modules-once -clang-build-session-file /Users/admin/builder/spi-builder-workspace/.derivedData/ModuleCache.noindex/Session.modulevalidation -Xcc -fmodules-prune-interval\=86400 -Xcc -fmodules-prune-after\=345600 -package-name spi_builder_workspace -emit-const-values -const-gather-protocols-list /Users/admin/builder/spi-builder-workspace/.derivedData/Build/Intermediates.noindex/swift-notes-automation.build/Debug-xros/NotesAutomation-t.build/Objects-normal/arm64/NotesAutomation_const_extract_protocols.json -Xcc -I/Users/admin/builder/spi-builder-workspace/.derivedData/Build/Products/Debug-xros/include -Xcc -I/Users/admin/builder/spi-builder-workspace/.derivedData/Build/Intermediates.noindex/swift-notes-automation.build/Debug-xros/NotesAutomation-t.build/DerivedSources-normal/arm64 -Xcc -I/Users/admin/builder/spi-builder-workspace/.derivedData/Build/Intermediates.noindex/swift-notes-automation.build/Debug-xros/NotesAutomation-t.build/DerivedSources/arm64 -Xcc -I/Users/admin/builder/spi-builder-workspace/.derivedData/Build/Intermediates.noindex/swift-notes-automation.build/Debug-xros/NotesAutomation-t.build/DerivedSources -Xcc -DSWIFT_PACKAGE -Xcc -DDEBUG\=1 -emit-objc-header -emit-objc-header-path /Users/admin/builder/spi-builder-workspace/.derivedData/Build/Intermediates.noindex/swift-notes-automation.build/Debug-xros/NotesAutomation-t.build/Objects-normal/arm64/NotesAutomation-Swift.h -working-directory /Users/admin/builder/spi-builder-workspace/.swiftpm/xcode -experimental-emit-module-separately -disable-cmo
SwiftCompile normal arm64 Compiling\ NSAppleScriptRunner.swift /Users/admin/builder/spi-builder-workspace/Sources/NotesAutomation/NSAppleScriptRunner.swift (in target 'NotesAutomation' from project 'swift-notes-automation')
SwiftCompile normal arm64 /Users/admin/builder/spi-builder-workspace/Sources/NotesAutomation/NSAppleScriptRunner.swift (in target 'NotesAutomation' from project 'swift-notes-automation')
cd /Users/admin/builder/spi-builder-workspace/.swiftpm/xcode
builtin-SwiftPerFileCompile NSAppleScriptRunner.swift
/Users/admin/builder/spi-builder-workspace/Sources/NotesAutomation/NSAppleScriptRunner.swift:72:32: error: cannot find 'NSAppleScript' in scope
70 | // not `Sendable`, so its whole lifetime stays on one thread.
71 | try await Self.onMainThread { () throws -> String in
72 | guard let script = NSAppleScript(source: source) else {
| `- error: cannot find 'NSAppleScript' in scope
73 | throw AppleScriptError.compile("Failed to construct NSAppleScript")
74 | }
/Users/admin/builder/spi-builder-workspace/Sources/NotesAutomation/NSAppleScriptRunner.swift:78:41: error: cannot find 'NSAppleScript' in scope
76 | let descriptor = script.executeAndReturnError(&errorInfo)
77 | if let errorInfo {
78 | let message = errorInfo[NSAppleScript.errorMessage] as? String
| `- error: cannot find 'NSAppleScript' in scope
79 | ?? errorInfo[NSAppleScript.errorBriefMessage] as? String
80 | ?? "AppleScript error \(errorInfo[NSAppleScript.errorNumber] ?? "?")"
/Users/admin/builder/spi-builder-workspace/Sources/NotesAutomation/NSAppleScriptRunner.swift:79:34: error: cannot find 'NSAppleScript' in scope
77 | if let errorInfo {
78 | let message = errorInfo[NSAppleScript.errorMessage] as? String
79 | ?? errorInfo[NSAppleScript.errorBriefMessage] as? String
| `- error: cannot find 'NSAppleScript' in scope
80 | ?? "AppleScript error \(errorInfo[NSAppleScript.errorNumber] ?? "?")"
81 | throw AppleScriptError.runtime(message)
/Users/admin/builder/spi-builder-workspace/Sources/NotesAutomation/NSAppleScriptRunner.swift:80:55: error: cannot find 'NSAppleScript' in scope
78 | let message = errorInfo[NSAppleScript.errorMessage] as? String
79 | ?? errorInfo[NSAppleScript.errorBriefMessage] as? String
80 | ?? "AppleScript error \(errorInfo[NSAppleScript.errorNumber] ?? "?")"
| `- error: cannot find 'NSAppleScript' in scope
81 | throw AppleScriptError.runtime(message)
82 | }
Failed frontend command:
/Applications/Xcode-27.0.0.app/Contents/Developer/Toolchains/XcodeDefault.xctoolchain/usr/bin/swift-frontend -frontend -c /Users/admin/builder/spi-builder-workspace/Sources/NotesAutomation/AppleScriptRunner.swift -primary-file /Users/admin/builder/spi-builder-workspace/Sources/NotesAutomation/NSAppleScriptRunner.swift /Users/admin/builder/spi-builder-workspace/Sources/NotesAutomation/Note.swift /Users/admin/builder/spi-builder-workspace/Sources/NotesAutomation/NoteBodyPage.swift /Users/admin/builder/spi-builder-workspace/Sources/NotesAutomation/NoteDetail.swift /Users/admin/builder/spi-builder-workspace/Sources/NotesAutomation/NoteService.swift /Users/admin/builder/spi-builder-workspace/Sources/NotesAutomation/NoteStoreReader.swift /Users/admin/builder/spi-builder-workspace/Sources/NotesAutomation/StringHelpers.swift -emit-dependencies-path /Users/admin/builder/spi-builder-workspace/.derivedData/Build/Intermediates.noindex/swift-notes-automation.build/Debug-xros/NotesAutomation-t.build/Objects-normal/arm64/NSAppleScriptRunner.d -emit-const-values-path /Users/admin/builder/spi-builder-workspace/.derivedData/Build/Intermediates.noindex/swift-notes-automation.build/Debug-xros/NotesAutomation-t.build/Objects-normal/arm64/NSAppleScriptRunner.swiftconstvalues -emit-reference-dependencies-path /Users/admin/builder/spi-builder-workspace/.derivedData/Build/Intermediates.noindex/swift-notes-automation.build/Debug-xros/NotesAutomation-t.build/Objects-normal/arm64/NSAppleScriptRunner.swiftdeps -serialize-diagnostics-path /Users/admin/builder/spi-builder-workspace/.derivedData/Build/Intermediates.noindex/swift-notes-automation.build/Debug-xros/NotesAutomation-t.build/Objects-normal/arm64/NSAppleScriptRunner.dia -target arm64-apple-xros1.0 -disable-cross-import-overlay-search -load-resolved-plugin /Applications/Xcode-27.0.0.app/Contents/Developer/Platforms/XROS.platform/Developer/usr/lib/swift/host/plugins/libFoundationMacros.dylib\#/Applications/Xcode-27.0.0.app/Contents/Developer/Platforms/XROS.platform/Developer/usr/bin/swift-plugin-server\#FoundationMacros -load-resolved-plugin /Applications/Xcode-27.0.0.app/Contents/Developer/Platforms/XROS.platform/Developer/usr/lib/swift/host/plugins/libObservationMacros.dylib\#/Applications/Xcode-27.0.0.app/Contents/Developer/Platforms/XROS.platform/Developer/usr/bin/swift-plugin-server\#ObservationMacros -load-resolved-plugin /Applications/Xcode-27.0.0.app/Contents/Developer/Platforms/XROS.platform/Developer/usr/lib/swift/host/plugins/libSwiftMacros.dylib\#/Applications/Xcode-27.0.0.app/Contents/Developer/Platforms/XROS.platform/Developer/usr/bin/swift-plugin-server\#SwiftMacros -disable-implicit-swift-modules -Xcc -fno-implicit-modules -Xcc -fno-implicit-module-maps -explicit-swift-module-map-file /Users/admin/builder/spi-builder-workspace/.derivedData/Build/Intermediates.noindex/swift-notes-automation.build/Debug-xros/NotesAutomation-t.build/Objects-normal/arm64/NotesAutomation-dependencies-1.json -Xllvm -aarch64-use-tbi -enable-objc-interop -stack-check -sdk /Applications/Xcode-27.0.0.app/Contents/Developer/Platforms/XROS.platform/Developer/SDKs/XROS27.0.sdk -I /Users/admin/builder/spi-builder-workspace/.derivedData/Build/Products/Debug-xros -Isystem /Applications/Xcode-27.0.0.app/Contents/Developer/Platforms/XROS.platform/Developer/usr/lib -F /Users/admin/builder/spi-builder-workspace/.derivedData/Build/Products/Debug-xros -F /Applications/Xcode-27.0.0.app/Contents/Developer/Platforms/XROS.platform/Developer/Library/Frameworks -F /Applications/Xcode-27.0.0.app/Contents/Developer/Platforms/XROS.platform/Developer/SDKs/XROS27.0.sdk/Developer/Library/Frameworks -module-cache-path /Users/admin/builder/spi-builder-workspace/.derivedData/Build/Intermediates.noindex/SwiftExplicitPrecompiledModules -no-color-diagnostics -Xcc -fno-color-diagnostics -enable-testing -g -debug-info-format\=dwarf -dwarf-version\=4 -profile-generate -profile-coverage-mapping -swift-version 6 -Onone -D SWIFT_PACKAGE -D DEBUG -D SWIFT_MODULE_RESOURCE_BUNDLE_UNAVAILABLE -D Xcode -serialize-debugging-options -enable-experimental-feature DebugDescriptionMacro -empty-abi-descriptor -validate-clang-modules-once -clang-build-session-file /Users/admin/builder/spi-builder-workspace/.derivedData/ModuleCache.noindex/Session.modulevalidation -Xcc -working-directory -Xcc /Users/admin/builder/spi-builder-workspace/.swiftpm/xcode -enable-anonymous-context-mangled-names -file-compilation-dir /Users/admin/builder/spi-builder-workspace/.swiftpm/xcode -Xcc -D_LIBCPP_HARDENING_MODE\=_LIBCPP_HARDENING_MODE_DEBUG -Xcc -ivfsstatcache -Xcc /Users/admin/builder/spi-builder-workspace/.derivedData/SDKStatCaches.noindex/xros27.0-24M361-e829b21a6f8c9b70876ba0858053c04489c3c372b822c72ca60ec5271cbc7f3c.sdkstatcache -Xcc -fmodules-prune-interval\=86400 -Xcc -fmodules-prune-after\=345600 -Xcc -I/Users/admin/builder/spi-builder-workspace/.derivedData/Build/Products/Debug-xros/include -Xcc -I/Users/admin/builder/spi-builder-workspace/.derivedData/Build/Intermediates.noindex/swift-notes-automation.build/Debug-xros/NotesAutomation-t.build/DerivedSources-normal/arm64 -Xcc -I/Users/admin/builder/spi-builder-workspace/.derivedData/Build/Intermediates.noindex/swift-notes-automation.build/Debug-xros/NotesAutomation-t.build/DerivedSources/arm64 -Xcc -I/Users/admin/builder/spi-builder-workspace/.derivedData/Build/Intermediates.noindex/swift-notes-automation.build/Debug-xros/NotesAutomation-t.build/DerivedSources -Xcc -DSWIFT_PACKAGE -Xcc -DDEBUG\=1 -no-auto-bridging-header-chaining -module-name NotesAutomation -package-name spi_builder_workspace -const-gather-protocols-file /Users/admin/builder/spi-builder-workspace/.derivedData/Build/Intermediates.noindex/swift-notes-automation.build/Debug-xros/NotesAutomation-t.build/Objects-normal/arm64/NotesAutomation_const_extract_protocols.json -disable-clang-spi -clang-target arm64-apple-xros27.0 -target-sdk-version 27.0 -target-sdk-name xros27.0 -in-process-plugin-server-path /Applications/Xcode-27.0.0.app/Contents/Developer/Toolchains/XcodeDefault.xctoolchain/usr/lib/swift/host/libSwiftInProcPluginServer.dylib -parse-as-library -o /Users/admin/builder/spi-builder-workspace/.derivedData/Build/Intermediates.noindex/swift-notes-automation.build/Debug-xros/NotesAutomation-t.build/Objects-normal/arm64/NSAppleScriptRunner.o -debug-module-path /Users/admin/builder/spi-builder-workspace/.derivedData/Build/Intermediates.noindex/swift-notes-automation.build/Debug-xros/NotesAutomation-t.build/Objects-normal/arm64/NotesAutomation.swiftmodule -index-unit-output-path /swift-notes-automation.build/Debug-xros/NotesAutomation-t.build/Objects-normal/arm64/NSAppleScriptRunner.o -index-store-path /Users/admin/builder/spi-builder-workspace/.derivedData/Index.noindex/DataStore -index-system-modules
SwiftCompile normal arm64 Compiling\ NoteDetail.swift /Users/admin/builder/spi-builder-workspace/Sources/NotesAutomation/NoteDetail.swift (in target 'NotesAutomation' from project 'swift-notes-automation')
SwiftCompile normal arm64 /Users/admin/builder/spi-builder-workspace/Sources/NotesAutomation/NoteDetail.swift (in target 'NotesAutomation' from project 'swift-notes-automation')
cd /Users/admin/builder/spi-builder-workspace/.swiftpm/xcode
builtin-SwiftPerFileCompile NoteDetail.swift
SwiftCompile normal arm64 Compiling\ NoteStoreReader.swift /Users/admin/builder/spi-builder-workspace/Sources/NotesAutomation/NoteStoreReader.swift (in target 'NotesAutomation' from project 'swift-notes-automation')
SwiftCompile normal arm64 /Users/admin/builder/spi-builder-workspace/Sources/NotesAutomation/NoteStoreReader.swift (in target 'NotesAutomation' from project 'swift-notes-automation')
cd /Users/admin/builder/spi-builder-workspace/.swiftpm/xcode
builtin-SwiftPerFileCompile NoteStoreReader.swift
SwiftCompile normal arm64 Compiling\ NoteBodyPage.swift /Users/admin/builder/spi-builder-workspace/Sources/NotesAutomation/NoteBodyPage.swift (in target 'NotesAutomation' from project 'swift-notes-automation')
SwiftCompile normal arm64 /Users/admin/builder/spi-builder-workspace/Sources/NotesAutomation/NoteBodyPage.swift (in target 'NotesAutomation' from project 'swift-notes-automation')
cd /Users/admin/builder/spi-builder-workspace/.swiftpm/xcode
builtin-SwiftPerFileCompile NoteBodyPage.swift
SwiftCompile normal arm64 Compiling\ AppleScriptRunner.swift /Users/admin/builder/spi-builder-workspace/Sources/NotesAutomation/AppleScriptRunner.swift (in target 'NotesAutomation' from project 'swift-notes-automation')
SwiftCompile normal arm64 /Users/admin/builder/spi-builder-workspace/Sources/NotesAutomation/AppleScriptRunner.swift (in target 'NotesAutomation' from project 'swift-notes-automation')
cd /Users/admin/builder/spi-builder-workspace/.swiftpm/xcode
builtin-SwiftPerFileCompile AppleScriptRunner.swift
SwiftCompile normal arm64 Compiling\ StringHelpers.swift /Users/admin/builder/spi-builder-workspace/Sources/NotesAutomation/StringHelpers.swift (in target 'NotesAutomation' from project 'swift-notes-automation')
SwiftCompile normal arm64 /Users/admin/builder/spi-builder-workspace/Sources/NotesAutomation/StringHelpers.swift (in target 'NotesAutomation' from project 'swift-notes-automation')
cd /Users/admin/builder/spi-builder-workspace/.swiftpm/xcode
builtin-SwiftPerFileCompile StringHelpers.swift
SwiftCompile normal arm64 Compiling\ Note.swift /Users/admin/builder/spi-builder-workspace/Sources/NotesAutomation/Note.swift (in target 'NotesAutomation' from project 'swift-notes-automation')
SwiftCompile normal arm64 /Users/admin/builder/spi-builder-workspace/Sources/NotesAutomation/Note.swift (in target 'NotesAutomation' from project 'swift-notes-automation')
cd /Users/admin/builder/spi-builder-workspace/.swiftpm/xcode
builtin-SwiftPerFileCompile Note.swift
SwiftCompile normal arm64 Compiling\ NoteService.swift /Users/admin/builder/spi-builder-workspace/Sources/NotesAutomation/NoteService.swift (in target 'NotesAutomation' from project 'swift-notes-automation')
SwiftCompile normal arm64 /Users/admin/builder/spi-builder-workspace/Sources/NotesAutomation/NoteService.swift (in target 'NotesAutomation' from project 'swift-notes-automation')
cd /Users/admin/builder/spi-builder-workspace/.swiftpm/xcode
builtin-SwiftPerFileCompile NoteService.swift
SwiftEmitModule normal arm64 Emitting\ module\ for\ NotesAutomation (in target 'NotesAutomation' from project 'swift-notes-automation')
SwiftCompile normal arm64 (in target 'NotesAutomation' from project 'swift-notes-automation')
cd /Users/admin/builder/spi-builder-workspace/.swiftpm/xcode
PruneExplicitPrecompiledModules /Users/admin/builder/spi-builder-workspace/.derivedData/Build/Intermediates.noindex/ExplicitPrecompiledModules
PruneExplicitPrecompiledModules /Users/admin/builder/spi-builder-workspace/.derivedData/Build/Intermediates.noindex/SwiftExplicitPrecompiledModules
PruneExplicitPrecompiledModules /Users/admin/builder/spi-builder-workspace/.derivedData/SDKExplicitPrecompiledModules
2026-10-12 16:50:49.945 xcodebuild[715:4399] [MT] IDERunDestination: Supported platforms for the buildables in the current scheme is empty.
** BUILD FAILED **
The following build commands failed:
SwiftCompile normal arm64 /Users/admin/builder/spi-builder-workspace/Sources/NotesAutomation/NSAppleScriptRunner.swift (in target 'NotesAutomation' from project 'swift-notes-automation')
SwiftCompile normal arm64 Compiling\ NSAppleScriptRunner.swift /Users/admin/builder/spi-builder-workspace/Sources/NotesAutomation/NSAppleScriptRunner.swift (in target 'NotesAutomation' from project 'swift-notes-automation')
Building workspace swift-notes-automation with scheme swift-notes-automation
(3 failures)
BUILD FAILURE 6.4 visionOS