Build Information
Failed to build FeedbackAssistantCLI, reference main (2437d8), with Swift 6.1 for Wasm on 4 Jul 2026 19:46:29 UTC.
Build Command
bash -c docker run --pull=always --rm -v "checkouts-53886769-0":/host -w "$PWD" -e JAVA_HOME="/root/.sdkman/candidates/java/current" -e SPI_BUILD="1" -e SPI_PROCESSING="1" registry.gitlab.com/saguaro1/spi-images:wasm-6.1-latest swift build --swift-sdk wasm32-unknown-wasi 2>&1Build Log
========================================
RunAll
========================================
Builder version: 0e64495ecc1688c3b3e031a5ef1348b5c05091ae
Interrupt handler set up.
========================================
Checkout
========================================
Clone URL: https://github.com/rudrankriyam/Feedback-Assistant-CLI.git
Reference: main
Initialized empty Git repository in /host/spi-builder-workspace/.git/
hint: Using 'master' as the name for the initial branch. This default branch name
hint: is subject to change. To configure the initial branch name to use in all
hint: of your new repositories, which will suppress this warning, call:
hint:
hint: git config --global init.defaultBranch <name>
hint:
hint: Names commonly chosen instead of 'master' are 'main', 'trunk' and
hint: 'development'. The just-created branch can be renamed via this command:
hint:
hint: git branch -m <name>
From https://github.com/rudrankriyam/Feedback-Assistant-CLI
* branch main -> FETCH_HEAD
* [new branch] main -> origin/main
HEAD is now at 2437d85 Merge pull request #6 from rudrankriyam/fix/feedback-type-dedup-readme
Cloned https://github.com/rudrankriyam/Feedback-Assistant-CLI.git
Revision (git rev-parse @):
2437d85362f35d9fe42194d2f2b6e285bb3dcb0c
SUCCESS checkout https://github.com/rudrankriyam/Feedback-Assistant-CLI.git at main
========================================
Build
========================================
Selected platform: wasm
Swift version: 6.1
Building package at path: $PWD
https://github.com/rudrankriyam/Feedback-Assistant-CLI.git
https://github.com/rudrankriyam/Feedback-Assistant-CLI.git
WARNING: environment variable SUPPRESS_SWIFT_6_FLAGS is not set
Running build ...
bash -c docker run --pull=always --rm -v "checkouts-53886769-0":/host -w "$PWD" -e JAVA_HOME="/root/.sdkman/candidates/java/current" -e SPI_BUILD="1" -e SPI_PROCESSING="1" registry.gitlab.com/saguaro1/spi-images:wasm-6.1-latest swift build --swift-sdk wasm32-unknown-wasi -Xswiftc -Xfrontend -Xswiftc -stats-output-dir -Xswiftc -Xfrontend -Xswiftc .stats -Xswiftc -strict-concurrency=complete -Xswiftc -enable-upcoming-feature -Xswiftc StrictConcurrency -Xswiftc -enable-upcoming-feature -Xswiftc DisableOutwardActorInference -Xswiftc -enable-upcoming-feature -Xswiftc GlobalActorIsolatedTypesUsability -Xswiftc -enable-upcoming-feature -Xswiftc InferSendableFromCaptures 2>&1
wasm-6.1-latest: Pulling from saguaro1/spi-images
Digest: sha256:1ad245dad3d2ae0004e1afbc92334bd39884ed9ca587cf04d0a8d5f640fb02e9
Status: Image is up to date for registry.gitlab.com/saguaro1/spi-images:wasm-6.1-latest
Fetching https://github.com/attaswift/BigInt.git
[1/4939] Fetching bigint
Fetched https://github.com/attaswift/BigInt.git from cache (0.47s)
Computing version for https://github.com/attaswift/BigInt.git
Computed https://github.com/attaswift/BigInt.git at 5.7.0 (0.71s)
Creating working copy for https://github.com/attaswift/BigInt.git
Working copy of https://github.com/attaswift/BigInt.git resolved at 5.7.0
Building for debugging...
[0/10] Write sources
/host/spi-builder-workspace/Sources/XCFBNativeAutomation/XCFBNativeAutomation.m:3:9: fatal error: 'AppKit/AppKit.h' file not found
3 | #import <AppKit/AppKit.h>
| ^~~~~~~~~~~~~~~~~
1 error generated.
[3/10] Compiling XCFBNativeAutomation XCFBNativeAutomation.m
[3/10] Write swift-version-24593BA9C3E375BF.txt
Running build ...
bash -c docker run --pull=always --rm -v "checkouts-53886769-0":/host -w "$PWD" -e JAVA_HOME="/root/.sdkman/candidates/java/current" -e SPI_BUILD="1" -e SPI_PROCESSING="1" registry.gitlab.com/saguaro1/spi-images:wasm-6.1-latest swift build --swift-sdk wasm32-unknown-wasi 2>&1
wasm-6.1-latest: Pulling from saguaro1/spi-images
Digest: sha256:1ad245dad3d2ae0004e1afbc92334bd39884ed9ca587cf04d0a8d5f640fb02e9
Status: Image is up to date for registry.gitlab.com/saguaro1/spi-images:wasm-6.1-latest
[0/1] Planning build
Building for debugging...
[0/7] Write swift-version-24593BA9C3E375BF.txt
/host/spi-builder-workspace/Sources/XCFBNativeAutomation/XCFBNativeAutomation.m:3:9: fatal error: 'AppKit/AppKit.h' file not found
3 | #import <AppKit/AppKit.h>
| ^~~~~~~~~~~~~~~~~
1 error generated.
[1/7] Compiling XCFBNativeAutomation XCFBNativeAutomation.m
BUILD FAILURE 6.1 wasm