Build Information
Failed to build ExtendedSwift, reference main (a01a07), with Swift 6.3 for Android on 30 Sep 2026 21:44:15 UTC.
Build Command
bash -c docker run --pull=always --rm -v "checkouts-53886770-0":/host -w "$PWD" -e JAVA_HOME="/root/.sdkman/candidates/java/current" -e SPI_BUILD="1" -e SPI_PROCESSING="1" registry.gitlab.com/saguaro1/spi-images:android-6.3-latest swift build --swift-sdk aarch64-unknown-linux-android28 2>&1Build Log
========================================
RunAll
========================================
Builder version: 5.1.1
Interrupt handler set up.
========================================
Checkout
========================================
Clone URL: https://github.com/davedelong/extendedswift.git
Reference: main
Initialized empty Git repository in /host/spi-builder-workspace/.git/
hint: Using 'master' as the name for the initial branch. This default branch name
hint: is subject to change. To configure the initial branch name to use in all
hint: of your new repositories, which will suppress this warning, call:
hint:
hint: git config --global init.defaultBranch <name>
hint:
hint: Names commonly chosen instead of 'master' are 'main', 'trunk' and
hint: 'development'. The just-created branch can be renamed via this command:
hint:
hint: git branch -m <name>
From https://github.com/davedelong/extendedswift
* branch main -> FETCH_HEAD
* [new branch] main -> origin/main
HEAD is now at a01a072 make immutable
Cloned https://github.com/davedelong/extendedswift.git
Revision (git rev-parse @):
a01a072a97449028210b1cfc8d033c62927af3ab
SUCCESS checkout https://github.com/davedelong/extendedswift.git at main
========================================
Build
========================================
Selected platform: android
Swift version: 6.3
Building package at path: $PWD
https://github.com/davedelong/extendedswift.git
Running build ...
bash -c docker run --pull=always --rm -v "checkouts-53886770-0":/host -w "$PWD" -e JAVA_HOME="/root/.sdkman/candidates/java/current" -e SPI_BUILD="1" -e SPI_PROCESSING="1" registry.gitlab.com/saguaro1/spi-images:android-6.3-latest swift build --swift-sdk aarch64-unknown-linux-android28 2>&1
android-6.3-latest: Pulling from saguaro1/spi-images
Digest: sha256:8ca9e1e6d70fd53f5b05e4f64d92569d697563f7f457a1485802bc9eb2cd1382
Status: Image is up to date for registry.gitlab.com/saguaro1/spi-images:android-6.3-latest
Fetching https://github.com/apple/swift-algorithms
Fetching https://github.com/apple/swift-log
[1/6159] Fetching swift-algorithms
Fetched https://github.com/apple/swift-algorithms from cache (0.61s)
[1/8213] Fetching swift-log
Fetched https://github.com/apple/swift-log from cache (1.07s)
Computing version for https://github.com/apple/swift-algorithms
Computed https://github.com/apple/swift-algorithms at 1.2.1 (2.02s)
Fetching https://github.com/apple/swift-numerics.git
[1/6651] Fetching swift-numerics
Fetched https://github.com/apple/swift-numerics.git from cache (0.65s)
Computing version for https://github.com/apple/swift-numerics.git
Computed https://github.com/apple/swift-numerics.git at 1.1.1 (0.81s)
Computing version for https://github.com/apple/swift-log
Computed https://github.com/apple/swift-log at 1.15.1 (0.17s)
Creating working copy for https://github.com/apple/swift-log
Working copy of https://github.com/apple/swift-log resolved at 1.15.1
Creating working copy for https://github.com/apple/swift-algorithms
Working copy of https://github.com/apple/swift-algorithms resolved at 1.2.1
Creating working copy for https://github.com/apple/swift-numerics.git
Working copy of https://github.com/apple/swift-numerics.git resolved at 1.1.1
warning: 'spi-builder-workspace': ignoring target 'PrivateAPITests' in package 'spi-builder-workspace'; C language in tests is not yet supported
warning: 'spi-builder-workspace': ignoring target 'ExtendedObjCTests' in package 'spi-builder-workspace'; C language in tests is not yet supported
Building for debugging...
[0/28] Write sources
In file included from /host/spi-builder-workspace/Sources/ExtendedObjC/src/Runtime.m:9:
/host/spi-builder-workspace/Sources/ExtendedObjC/include/Runtime.h:9:9: fatal error: 'Foundation/Foundation.h' file not found
9 | #import <Foundation/Foundation.h>
| ^~~~~~~~~~~~~~~~~~~~~~~~~
1 error generated.
[2/28] Compiling Runtime.m
In file included from /host/spi-builder-workspace/Sources/PrivateAPI/src/SignalSafe.m:8:
/host/spi-builder-workspace/Sources/PrivateAPI/include/SignalSafe.h:8:9: fatal error: 'Foundation/Foundation.h' file not found
8 | #import <Foundation/Foundation.h>
| ^~~~~~~~~~~~~~~~~~~~~~~~~
1 error generated.
[2/28] Compiling SignalSafe.m
[2/28] Compiling _NumericsShims _NumericsShims.c
In file included from /host/spi-builder-workspace/Sources/PrivateAPI/src/AppSession.m:8:
/host/spi-builder-workspace/Sources/PrivateAPI/include/AppSession.h:8:9: fatal error: 'Foundation/Foundation.h' file not found
8 | #import <Foundation/Foundation.h>
| ^~~~~~~~~~~~~~~~~~~~~~~~~
[2/28] Compiling AppSession.m
In file included from /host/spi-builder-workspace/Sources/PrivateAPI/src/GregorianDate+Formatters.m:8:
/host/spi-builder-workspace/Sources/PrivateAPI/include/GregorianDate+Formatters.h:8:9: fatal error: 'Foundation/Foundation.h' file not found
8 | #import <Foundation/Foundation.h>
| ^~~~~~~~~~~~~~~~~~~~~~~~~
1 error generated.
[2/28] Compiling GregorianDate+Formatters.m
[2/28] Compiling NSUUID+Time.m
In file included from /host/spi-builder-workspace/Sources/PrivateAPI/src/GregorianDate+Format.m:8:
/host/spi-builder-workspace/Sources/PrivateAPI/include/GregorianDate+Format.h:8:9: fatal error: 'Foundation/Foundation.h' file not found
8 | #import <Foundation/Foundation.h>
| ^~~~~~~~~~~~~~~~~~~~~~~~~
[2/28] Compiling GregorianDate+Format.m
[2/28] Write swift-version-272D24FF697CF451.txt
BUILD FAILURE 6.3 android