The Swift Package Index logo.Swift Package Index

Build Information

Failed to build Noora, reference 0.57.6 (86ae58), with Swift 6.3 for Wasm on 24 Oct 2026 07:48:54 UTC.

Build Command

bash -c docker run --pull=always --rm -v "checkouts-54344843-0":/host -w "$PWD" -e JAVA_HOME="/root/.sdkman/candidates/java/current" -e SPI_BUILD="1" -e SPI_PROCESSING="1" registry.gitlab.com/saguaro1/spi-images:wasm-6.3-latest swift build --swift-sdk swift-6.3.2-RELEASE_wasm 2>&1

Build Log

========================================
RunAll
========================================
Builder version: 5.1.3
Interrupt handler set up.
========================================
Checkout
========================================
Clone URL: https://github.com/tuist/noora.git
Reference: 0.57.6
Initialized empty Git repository in /host/spi-builder-workspace/.git/
hint: Using 'master' as the name for the initial branch. This default branch name
hint: is subject to change. To configure the initial branch name to use in all
hint: of your new repositories, which will suppress this warning, call:
hint:
hint: 	git config --global init.defaultBranch <name>
hint:
hint: Names commonly chosen instead of 'master' are 'main', 'trunk' and
hint: 'development'. The just-created branch can be renamed via this command:
hint:
hint: 	git branch -m <name>
From https://github.com/tuist/noora
 * tag               0.57.6     -> FETCH_HEAD
HEAD is now at 86ae58b [Release] Noora CLI 0.57.6
Cloned https://github.com/tuist/noora.git
Revision (git rev-parse @):
86ae58be14ab7d5cd9455949845007549a7fa0bb
SUCCESS checkout https://github.com/tuist/noora.git at 0.57.6
========================================
Build
========================================
Selected platform:         wasm
Swift version:             6.3
Building package at path:  $PWD
https://github.com/tuist/noora.git
Running build ...
bash -c docker run --pull=always --rm -v "checkouts-54344843-0":/host -w "$PWD" -e JAVA_HOME="/root/.sdkman/candidates/java/current" -e SPI_BUILD="1" -e SPI_PROCESSING="1" registry.gitlab.com/saguaro1/spi-images:wasm-6.3-latest swift build --swift-sdk swift-6.3.2-RELEASE_wasm 2>&1
wasm-6.3-latest: Pulling from saguaro1/spi-images
Digest: sha256:eea66feda95ad8894091082dbcb77ec1fc917891d37888fd1938b0b68455d992
Status: Image is up to date for registry.gitlab.com/saguaro1/spi-images:wasm-6.3-latest
Fetching https://github.com/apple/swift-log
Fetching https://github.com/onevcat/Rainbow
Fetching https://github.com/apple/swift-argument-parser
Fetching https://github.com/tuist/path
[1/1514] Fetching rainbow
[47/1932] Fetching rainbow, path
[1933/10305] Fetching rainbow, path, swift-log
[10306/29602] Fetching rainbow, path, swift-log, swift-argument-parser
Fetched https://github.com/tuist/path from cache (0.81s)
Fetched https://github.com/onevcat/Rainbow from cache (0.81s)
Fetched https://github.com/apple/swift-log from cache (0.82s)
Fetched https://github.com/apple/swift-argument-parser from cache (0.82s)
Computing version for https://github.com/tuist/path
Computed https://github.com/tuist/path at 0.3.8 (1.76s)
Computing version for https://github.com/apple/swift-argument-parser
Computed https://github.com/apple/swift-argument-parser at 1.8.2 (0.17s)
Computing version for https://github.com/onevcat/Rainbow
Computed https://github.com/onevcat/Rainbow at 4.2.2 (0.88s)
Computing version for https://github.com/apple/swift-log
Computed https://github.com/apple/swift-log at 1.16.1 (0.16s)
Creating working copy for https://github.com/apple/swift-argument-parser
Working copy of https://github.com/apple/swift-argument-parser resolved at 1.8.2
Creating working copy for https://github.com/onevcat/Rainbow
Working copy of https://github.com/onevcat/Rainbow resolved at 4.2.2
Creating working copy for https://github.com/apple/swift-log
Working copy of https://github.com/apple/swift-log resolved at 1.16.1
Creating working copy for https://github.com/tuist/path
Working copy of https://github.com/tuist/path resolved at 0.3.8
[1/1] Compiling plugin GenerateManual
[2/2] Compiling plugin GenerateDoccReference
Building for debugging...
[2/21] Write sources
[9/21] Write swift-version-24593BA9C3E375BF.txt
[11/51] Compiling Rainbow StringGenerator.swift
[12/51] Compiling Rainbow Style.swift
[13/52] Compiling Logging LogEvent.swift
[14/52] Compiling Logging LogHandler.swift
[15/53] Compiling ArgumentParserToolInfo ToolInfo.swift
[16/53] Compiling Rainbow String+ConditionalStyling.swift
[17/53] Compiling Rainbow String+Rainbow.swift
[18/53] Emitting module ArgumentParserToolInfo
[19/54] Compiling Logging Logger+With.swift
[21/54] Compiling Logging Logger.swift
[22/54] Compiling Logging LoggingSystem.swift
[23/54] Compiling Logging Logger+Attributes.swift
[23/54] Wrapping AST for ArgumentParserToolInfo for debugging
[25/54] Emitting module Path
[26/54] Compiling Path Path.swift
[27/102] Wrapping AST for Path for debugging
[29/102] Compiling Logging MetadataProvider.swift
[30/102] Compiling ArgumentParser BashCompletionsGenerator.swift
[31/102] Compiling ArgumentParser CompletionsGenerator.swift
[32/102] Emitting module Logging
[33/102] Compiling ArgumentParser Argument.swift
[34/102] Compiling ArgumentParser ArgumentDiscussion.swift
[35/103] Wrapping AST for Logging for debugging
[37/103] Compiling ArgumentParser ArgumentHelp.swift
[38/103] Compiling ArgumentParser ArgumentVisibility.swift
[39/103] Compiling ArgumentParser CompletionKind.swift
[40/103] Compiling ArgumentParser Errors.swift
[41/103] Compiling ArgumentParser FishCompletionsGenerator.swift
[42/103] Compiling ArgumentParser ZshCompletionsGenerator.swift
[47/103] Emitting module Rainbow
[48/103] Compiling Rainbow StyledStringBuilder.swift
[49/104] Wrapping AST for Rainbow for debugging
[51/143] Emitting module ArgumentParser
[52/149] Compiling Noora LockIsolated.swift
/host/spi-builder-workspace/cli/Sources/Noora/Utilities/Terminal.swift:13:12: error: no such module 'Darwin'
 11 |     import WinSDK
 12 | #else
 13 |     import Darwin
    |            `- error: no such module 'Darwin'
 14 | #endif
 15 |
[53/149] Compiling Noora Renderer.swift
/host/spi-builder-workspace/cli/Sources/Noora/Utilities/Terminal.swift:13:12: error: no such module 'Darwin'
 11 |     import WinSDK
 12 | #else
 13 |     import Darwin
    |            `- error: no such module 'Darwin'
 14 | #endif
 15 |
[54/149] Compiling Noora Spinner.swift
/host/spi-builder-workspace/cli/Sources/Noora/Utilities/Terminal.swift:13:12: error: no such module 'Darwin'
 11 |     import WinSDK
 12 | #else
 13 |     import Darwin
    |            `- error: no such module 'Darwin'
 14 | #endif
 15 |
[55/149] Compiling Noora StandardPipelines.swift
/host/spi-builder-workspace/cli/Sources/Noora/Utilities/Terminal.swift:13:12: error: no such module 'Darwin'
 11 |     import WinSDK
 12 | #else
 13 |     import Darwin
    |            `- error: no such module 'Darwin'
 14 | #endif
 15 |
[56/149] Compiling Noora Terminal.swift
/host/spi-builder-workspace/cli/Sources/Noora/Utilities/Terminal.swift:13:12: error: no such module 'Darwin'
 11 |     import WinSDK
 12 | #else
 13 |     import Darwin
    |            `- error: no such module 'Darwin'
 14 | #endif
 15 |
error: emit-module command failed with exit code 1 (use -v to see invocation)
[57/154] Emitting module Noora
/host/spi-builder-workspace/cli/Sources/Noora/Utilities/Terminal.swift:13:12: error: no such module 'Darwin'
 11 |     import WinSDK
 12 | #else
 13 |     import Darwin
    |            `- error: no such module 'Darwin'
 14 | #endif
 15 |
[58/154] Compiling Noora InputValidating.swift
/host/spi-builder-workspace/cli/Sources/Noora/Utilities/Terminal.swift:13:12: error: no such module 'Darwin'
 11 |     import WinSDK
 12 | #else
 13 |     import Darwin
    |            `- error: no such module 'Darwin'
 14 | #endif
 15 |
[59/154] Compiling Noora LengthValidationRule.swift
/host/spi-builder-workspace/cli/Sources/Noora/Utilities/Terminal.swift:13:12: error: no such module 'Darwin'
 11 |     import WinSDK
 12 | #else
 13 |     import Darwin
    |            `- error: no such module 'Darwin'
 14 | #endif
 15 |
[60/154] Compiling Noora NonEmptyValidationRule.swift
/host/spi-builder-workspace/cli/Sources/Noora/Utilities/Terminal.swift:13:12: error: no such module 'Darwin'
 11 |     import WinSDK
 12 | #else
 13 |     import Darwin
    |            `- error: no such module 'Darwin'
 14 | #endif
 15 |
[61/154] Compiling Noora RegexValidationRule.swift
/host/spi-builder-workspace/cli/Sources/Noora/Utilities/Terminal.swift:13:12: error: no such module 'Darwin'
 11 |     import WinSDK
 12 | #else
 13 |     import Darwin
    |            `- error: no such module 'Darwin'
 14 | #endif
 15 |
[62/154] Compiling Noora Validator.swift
/host/spi-builder-workspace/cli/Sources/Noora/Utilities/Terminal.swift:13:12: error: no such module 'Darwin'
 11 |     import WinSDK
 12 | #else
 13 |     import Darwin
    |            `- error: no such module 'Darwin'
 14 | #endif
 15 |
[63/154] Compiling Noora PaginatedTable.swift
/host/spi-builder-workspace/cli/Sources/Noora/Utilities/Terminal.swift:13:12: error: no such module 'Darwin'
 11 |     import WinSDK
 12 | #else
 13 |     import Darwin
    |            `- error: no such module 'Darwin'
 14 | #endif
 15 |
[64/154] Compiling Noora SelectableTable.swift
/host/spi-builder-workspace/cli/Sources/Noora/Utilities/Terminal.swift:13:12: error: no such module 'Darwin'
 11 |     import WinSDK
 12 | #else
 13 |     import Darwin
    |            `- error: no such module 'Darwin'
 14 | #endif
 15 |
[65/154] Compiling Noora Table.swift
/host/spi-builder-workspace/cli/Sources/Noora/Utilities/Terminal.swift:13:12: error: no such module 'Darwin'
 11 |     import WinSDK
 12 | #else
 13 |     import Darwin
    |            `- error: no such module 'Darwin'
 14 | #endif
 15 |
[66/154] Compiling Noora TableColumn.swift
/host/spi-builder-workspace/cli/Sources/Noora/Utilities/Terminal.swift:13:12: error: no such module 'Darwin'
 11 |     import WinSDK
 12 | #else
 13 |     import Darwin
    |            `- error: no such module 'Darwin'
 14 | #endif
 15 |
[67/154] Compiling Noora TableData.swift
/host/spi-builder-workspace/cli/Sources/Noora/Utilities/Terminal.swift:13:12: error: no such module 'Darwin'
 11 |     import WinSDK
 12 | #else
 13 |     import Darwin
    |            `- error: no such module 'Darwin'
 14 | #endif
 15 |
[68/154] Compiling Noora TableRenderer.swift
/host/spi-builder-workspace/cli/Sources/Noora/Utilities/Terminal.swift:13:12: error: no such module 'Darwin'
 11 |     import WinSDK
 12 | #else
 13 |     import Darwin
    |            `- error: no such module 'Darwin'
 14 | #endif
 15 |
[69/154] Compiling Noora TableStyle.swift
/host/spi-builder-workspace/cli/Sources/Noora/Utilities/Terminal.swift:13:12: error: no such module 'Darwin'
 11 |     import WinSDK
 12 | #else
 13 |     import Darwin
    |            `- error: no such module 'Darwin'
 14 | #endif
 15 |
[70/154] Compiling Noora UpdatingSelectableTable.swift
/host/spi-builder-workspace/cli/Sources/Noora/Utilities/Terminal.swift:13:12: error: no such module 'Darwin'
 11 |     import WinSDK
 12 | #else
 13 |     import Darwin
    |            `- error: no such module 'Darwin'
 14 | #endif
 15 |
[71/154] Compiling Noora UpdatingTable.swift
/host/spi-builder-workspace/cli/Sources/Noora/Utilities/Terminal.swift:13:12: error: no such module 'Darwin'
 11 |     import WinSDK
 12 | #else
 13 |     import Darwin
    |            `- error: no such module 'Darwin'
 14 | #endif
 15 |
[72/154] Compiling Noora TextPrompt.swift
/host/spi-builder-workspace/cli/Sources/Noora/Utilities/Terminal.swift:13:12: error: no such module 'Darwin'
 11 |     import WinSDK
 12 | #else
 13 |     import Darwin
    |            `- error: no such module 'Darwin'
 14 | #endif
 15 |
[73/154] Compiling Noora YesOrNoChoicePrompt.swift
/host/spi-builder-workspace/cli/Sources/Noora/Utilities/Terminal.swift:13:12: error: no such module 'Darwin'
 11 |     import WinSDK
 12 | #else
 13 |     import Darwin
    |            `- error: no such module 'Darwin'
 14 | #endif
 15 |
[74/154] Compiling Noora Content.swift
/host/spi-builder-workspace/cli/Sources/Noora/Utilities/Terminal.swift:13:12: error: no such module 'Darwin'
 11 |     import WinSDK
 12 | #else
 13 |     import Darwin
    |            `- error: no such module 'Darwin'
 14 | #endif
 15 |
[75/154] Compiling Noora TerminalText+DisplayWidth.swift
/host/spi-builder-workspace/cli/Sources/Noora/Utilities/Terminal.swift:13:12: error: no such module 'Darwin'
 11 |     import WinSDK
 12 | #else
 13 |     import Darwin
    |            `- error: no such module 'Darwin'
 14 | #endif
 15 |
[76/154] Compiling Noora TerminalText.swift
/host/spi-builder-workspace/cli/Sources/Noora/Utilities/Terminal.swift:13:12: error: no such module 'Darwin'
 11 |     import WinSDK
 12 | #else
 13 |     import Darwin
    |            `- error: no such module 'Darwin'
 14 | #endif
 15 |
[77/154] Compiling Noora ValidatableError.swift
/host/spi-builder-workspace/cli/Sources/Noora/Utilities/Terminal.swift:13:12: error: no such module 'Darwin'
 11 |     import WinSDK
 12 | #else
 13 |     import Darwin
    |            `- error: no such module 'Darwin'
 14 | #endif
 15 |
[78/154] Compiling Noora ValidatableRule.swift
/host/spi-builder-workspace/cli/Sources/Noora/Utilities/Terminal.swift:13:12: error: no such module 'Darwin'
 11 |     import WinSDK
 12 | #else
 13 |     import Darwin
    |            `- error: no such module 'Darwin'
 14 | #endif
 15 |
[79/154] Compiling Noora ValidationError.swift
/host/spi-builder-workspace/cli/Sources/Noora/Utilities/Terminal.swift:13:12: error: no such module 'Darwin'
 11 |     import WinSDK
 12 | #else
 13 |     import Darwin
    |            `- error: no such module 'Darwin'
 14 | #endif
 15 |
[80/154] Compiling Noora Stack.swift
/host/spi-builder-workspace/cli/Sources/Noora/Utilities/Terminal.swift:13:12: error: no such module 'Darwin'
 11 |     import WinSDK
 12 | #else
 13 |     import Darwin
    |            `- error: no such module 'Darwin'
 14 | #endif
 15 |
[81/154] Compiling Noora Character+isPrintable.swift
/host/spi-builder-workspace/cli/Sources/Noora/Utilities/Terminal.swift:13:12: error: no such module 'Darwin'
 11 |     import WinSDK
 12 | #else
 13 |     import Darwin
    |            `- error: no such module 'Darwin'
 14 | #endif
 15 |
[82/154] Compiling Noora String+Rainbow.swift
/host/spi-builder-workspace/cli/Sources/Noora/Utilities/Terminal.swift:13:12: error: no such module 'Darwin'
 11 |     import WinSDK
 12 | #else
 13 |     import Darwin
    |            `- error: no such module 'Darwin'
 14 | #endif
 15 |
[83/154] Compiling Noora String+ValidatableError.swift
/host/spi-builder-workspace/cli/Sources/Noora/Utilities/Terminal.swift:13:12: error: no such module 'Darwin'
 11 |     import WinSDK
 12 | #else
 13 |     import Darwin
    |            `- error: no such module 'Darwin'
 14 | #endif
 15 |
[84/154] Compiling Noora Noora.swift
/host/spi-builder-workspace/cli/Sources/Noora/Utilities/Terminal.swift:13:12: error: no such module 'Darwin'
 11 |     import WinSDK
 12 | #else
 13 |     import Darwin
    |            `- error: no such module 'Darwin'
 14 | #endif
 15 |
[88/154] Compiling ArgumentParser StringExtensions.swift
[89/154] Compiling ArgumentParser SwiftExtensions.swift
[90/154] Compiling ArgumentParser Tree.swift
[91/154] Compiling Noora NooraError.swift
/host/spi-builder-workspace/cli/Sources/Noora/Utilities/Terminal.swift:13:12: error: no such module 'Darwin'
 11 |     import WinSDK
 12 | #else
 13 |     import Darwin
    |            `- error: no such module 'Darwin'
 14 | #endif
 15 |
[92/154] Compiling Noora NooraMock.swift
/host/spi-builder-workspace/cli/Sources/Noora/Utilities/Terminal.swift:13:12: error: no such module 'Darwin'
 11 |     import WinSDK
 12 | #else
 13 |     import Darwin
    |            `- error: no such module 'Darwin'
 14 | #endif
 15 |
[93/154] Compiling Noora StandardPipelineType.swift
/host/spi-builder-workspace/cli/Sources/Noora/Utilities/Terminal.swift:13:12: error: no such module 'Darwin'
 11 |     import WinSDK
 12 | #else
 13 |     import Darwin
    |            `- error: no such module 'Darwin'
 14 | #endif
 15 |
[94/154] Compiling Noora Theme.swift
/host/spi-builder-workspace/cli/Sources/Noora/Utilities/Terminal.swift:13:12: error: no such module 'Darwin'
 11 |     import WinSDK
 12 | #else
 13 |     import Darwin
    |            `- error: no such module 'Darwin'
 14 | #endif
 15 |
[95/154] Compiling Noora KeyStrokeListener.swift
/host/spi-builder-workspace/cli/Sources/Noora/Utilities/Terminal.swift:13:12: error: no such module 'Darwin'
 11 |     import WinSDK
 12 | #else
 13 |     import Darwin
    |            `- error: no such module 'Darwin'
 14 | #endif
 15 |
[96/154] Compiling ArgumentParser AsyncCompletionsValidator.swift
[97/154] Compiling ArgumentParser CodingKeyValidator.swift
[98/154] Compiling ArgumentParser NonsenseFlagsValidator.swift
[99/154] Compiling ArgumentParser ParsableArgumentsValidation.swift
[100/154] Compiling ArgumentParser PositionalArgumentsValidator.swift
[101/154] Compiling ArgumentParser UniqueNamesValidator.swift
[102/154] Compiling Noora Alert.swift
/host/spi-builder-workspace/cli/Sources/Noora/Utilities/Terminal.swift:13:12: error: no such module 'Darwin'
 11 |     import WinSDK
 12 | #else
 13 |     import Darwin
    |            `- error: no such module 'Darwin'
 14 | #endif
 15 |
[103/154] Compiling Noora CollapsibleStep.swift
/host/spi-builder-workspace/cli/Sources/Noora/Utilities/Terminal.swift:13:12: error: no such module 'Darwin'
 11 |     import WinSDK
 12 | #else
 13 |     import Darwin
    |            `- error: no such module 'Darwin'
 14 | #endif
 15 |
[104/154] Compiling Noora MultipleChoicePrompt.swift
/host/spi-builder-workspace/cli/Sources/Noora/Utilities/Terminal.swift:13:12: error: no such module 'Darwin'
 11 |     import WinSDK
 12 | #else
 13 |     import Darwin
    |            `- error: no such module 'Darwin'
 14 | #endif
 15 |
[105/154] Compiling Noora ProgressBarStep.swift
/host/spi-builder-workspace/cli/Sources/Noora/Utilities/Terminal.swift:13:12: error: no such module 'Darwin'
 11 |     import WinSDK
 12 | #else
 13 |     import Darwin
    |            `- error: no such module 'Darwin'
 14 | #endif
 15 |
[106/154] Compiling Noora ProgressStep.swift
/host/spi-builder-workspace/cli/Sources/Noora/Utilities/Terminal.swift:13:12: error: no such module 'Darwin'
 11 |     import WinSDK
 12 | #else
 13 |     import Darwin
    |            `- error: no such module 'Darwin'
 14 | #endif
 15 |
[107/154] Compiling Noora SingleChoicePrompt.swift
/host/spi-builder-workspace/cli/Sources/Noora/Utilities/Terminal.swift:13:12: error: no such module 'Darwin'
 11 |     import WinSDK
 12 | #else
 13 |     import Darwin
    |            `- error: no such module 'Darwin'
 14 | #endif
 15 |
BUILD FAILURE 6.3 wasm