The Swift Package Index logo.Swift Package Index

Build Information

Failed to build VDLayout, reference main (1b3ea6), with Swift 6.4 for tvOS using Xcode 27.0 on 20 Sep 2026 23:06:22 UTC.

Build Command

env DEVELOPER_DIR=/Applications/Xcode-27.0.0-Release.Candidate.app xcrun xcodebuild -IDEClonedSourcePackagesDirPathOverride=$PWD/.dependencies -skipMacroValidation -skipPackagePluginValidation -derivedDataPath $PWD/.derivedData build -scheme VDLayout -destination generic/platform=tvOS

Build Log

SwiftDriver VDPin normal arm64 com.apple.xcode.tools.swift.compiler (in target 'VDPin' from project 'VDPin')
    cd /Users/admin/builder/spi-builder-workspace/.swiftpm/xcode
    builtin-SwiftDriver -- /Applications/Xcode-27.0.0-Release.Candidate.app/Contents/Developer/Toolchains/XcodeDefault.xctoolchain/usr/bin/swiftc -parse-as-library -module-name VDPin -Onone @/Users/admin/builder/spi-builder-workspace/.derivedData/Build/Intermediates.noindex/VDPin.build/Debug-appletvos/VDPin-t.build/Objects-normal/arm64/VDPin.SwiftFileList -DSWIFT_PACKAGE -DDEBUG -DSWIFT_MODULE_RESOURCE_BUNDLE_UNAVAILABLE -DXcode -plugin-path /Applications/Xcode-27.0.0-Release.Candidate.app/Contents/Developer/Toolchains/XcodeDefault.xctoolchain/usr/lib/swift/host/plugins/testing -enable-experimental-feature DebugDescriptionMacro -sdk /Applications/Xcode-27.0.0-Release.Candidate.app/Contents/Developer/Platforms/AppleTVOS.platform/Developer/SDKs/AppleTVOS27.0.sdk -target arm64-apple-tvos15.0 -g -module-cache-path /Users/admin/builder/spi-builder-workspace/.derivedData/ModuleCache.noindex -Xfrontend -serialize-debugging-options -enable-testing -suppress-warnings -index-store-path /Users/admin/builder/spi-builder-workspace/.derivedData/Index.noindex/DataStore -Xcc -D_LIBCPP_HARDENING_MODE\=_LIBCPP_HARDENING_MODE_DEBUG -swift-version 5 -I /Users/admin/builder/spi-builder-workspace/.derivedData/Build/Products/Debug-appletvos -Isystem /Applications/Xcode-27.0.0-Release.Candidate.app/Contents/Developer/Platforms/AppleTVOS.platform/Developer/usr/lib -F /Users/admin/builder/spi-builder-workspace/.derivedData/Build/Products/Debug-appletvos -F /Applications/Xcode-27.0.0-Release.Candidate.app/Contents/Developer/Platforms/AppleTVOS.platform/Developer/Library/Frameworks -F /Applications/Xcode-27.0.0-Release.Candidate.app/Contents/Developer/Platforms/AppleTVOS.platform/Developer/SDKs/AppleTVOS27.0.sdk/Developer/Library/Frameworks -c -j10 -enable-batch-mode -incremental -Xcc -ivfsstatcache -Xcc /Users/admin/builder/spi-builder-workspace/.derivedData/SDKStatCaches.noindex/appletvos27.0-24J360-e829b21a6f8c9b70876ba0858053c044b32bfd8d43560033f8d89884cdb90028.sdkstatcache -output-file-map /Users/admin/builder/spi-builder-workspace/.derivedData/Build/Intermediates.noindex/VDPin.build/Debug-appletvos/VDPin-t.build/Objects-normal/arm64/VDPin-OutputFileMap.json -save-temps -no-color-diagnostics -explicit-module-build -module-cache-path /Users/admin/builder/spi-builder-workspace/.derivedData/Build/Intermediates.noindex/SwiftExplicitPrecompiledModules -clang-scanner-module-cache-path /Users/admin/builder/spi-builder-workspace/.derivedData/ModuleCache.noindex -sdk-module-cache-path /Users/admin/builder/spi-builder-workspace/.derivedData/SDKExplicitPrecompiledModules -emit-dependencies -emit-module -emit-module-path /Users/admin/builder/spi-builder-workspace/.derivedData/Build/Intermediates.noindex/VDPin.build/Debug-appletvos/VDPin-t.build/Objects-normal/arm64/VDPin.swiftmodule -serialize-diagnostics -dependency-scan-serialize-diagnostics-path /Users/admin/builder/spi-builder-workspace/.derivedData/Build/Intermediates.noindex/VDPin.build/Debug-appletvos/VDPin-t.build/Objects-normal/arm64/VDPin-dependency-scan.dia -validate-clang-modules-once -clang-build-session-file /Users/admin/builder/spi-builder-workspace/.derivedData/ModuleCache.noindex/Session.modulevalidation -Xcc -fmodules-prune-interval\=86400 -Xcc -fmodules-prune-after\=345600 -emit-const-values -const-gather-protocols-list /Users/admin/builder/spi-builder-workspace/.derivedData/Build/Intermediates.noindex/VDPin.build/Debug-appletvos/VDPin-t.build/Objects-normal/arm64/VDPin_const_extract_protocols.json -Xcc -I/Users/admin/builder/spi-builder-workspace/.derivedData/Build/Products/Debug-appletvos/include -Xcc -I/Users/admin/builder/spi-builder-workspace/.derivedData/Build/Intermediates.noindex/VDPin.build/Debug-appletvos/VDPin-t.build/DerivedSources-normal/arm64 -Xcc -I/Users/admin/builder/spi-builder-workspace/.derivedData/Build/Intermediates.noindex/VDPin.build/Debug-appletvos/VDPin-t.build/DerivedSources/arm64 -Xcc -I/Users/admin/builder/spi-builder-workspace/.derivedData/Build/Intermediates.noindex/VDPin.build/Debug-appletvos/VDPin-t.build/DerivedSources -Xcc -DSWIFT_PACKAGE -Xcc -DDEBUG\=1 -emit-objc-header -emit-objc-header-path /Users/admin/builder/spi-builder-workspace/.derivedData/Build/Intermediates.noindex/VDPin.build/Debug-appletvos/VDPin-t.build/Objects-normal/arm64/VDPin-Swift.h -working-directory /Users/admin/builder/spi-builder-workspace/.swiftpm/xcode -experimental-emit-module-separately -disable-cmo
SwiftExplicitDependencyGeneratePcm arm64 /Users/admin/builder/spi-builder-workspace/.derivedData/SDKExplicitPrecompiledModules/_Builtin_stddef-9ZJZ6FDEZNKTZU8YLPMFT9RAQ.pcm
SwiftExplicitDependencyGeneratePcm arm64 /Users/admin/builder/spi-builder-workspace/.derivedData/SDKExplicitPrecompiledModules/_Builtin_stdarg-BO2OCAUYVAXDRVQWQ8ISKGNUQ.pcm
SwiftExplicitDependencyGeneratePcm arm64 /Users/admin/builder/spi-builder-workspace/.derivedData/SDKExplicitPrecompiledModules/_SwiftConcurrencyShims-BY5PD8KF1L5KF6F4Q69HE3TJ4.pcm
SwiftExplicitDependencyGeneratePcm arm64 /Users/admin/builder/spi-builder-workspace/.derivedData/SDKExplicitPrecompiledModules/_Builtin_stdbool-AHRDH5EKLY6D04C5E42F3VCQI.pcm
SwiftExplicitDependencyGeneratePcm arm64 /Users/admin/builder/spi-builder-workspace/.derivedData/SDKExplicitPrecompiledModules/ptrauth-8X2KEPL7CTRPS40TUB9APHPK6.pcm
SwiftExplicitDependencyGeneratePcm arm64 /Users/admin/builder/spi-builder-workspace/.derivedData/SDKExplicitPrecompiledModules/_AvailabilityInternal-BV2EDDP0MI5QJDDPEEV4D9D3V.pcm
SwiftExplicitDependencyGeneratePcm arm64 /Users/admin/builder/spi-builder-workspace/.derivedData/SDKExplicitPrecompiledModules/ptrcheck-2AZ6B5IBYD3RRRTFWN2ONASY3.pcm
SwiftExplicitDependencyGeneratePcm arm64 /Users/admin/builder/spi-builder-workspace/.derivedData/SDKExplicitPrecompiledModules/SwiftShims-8N4EXJ4RUJTR8K9OO3CMOH1EP.pcm
SwiftExplicitDependencyGeneratePcm arm64 /Users/admin/builder/spi-builder-workspace/.derivedData/SDKExplicitPrecompiledModules/_Builtin_float-8ZJAYZ85YBOAOP52Y9H6IUNP3.pcm
SwiftExplicitDependencyGeneratePcm arm64 /Users/admin/builder/spi-builder-workspace/.derivedData/SDKExplicitPrecompiledModules/_DarwinFoundation1-JOTYMOA1YZCIJ2NON6FQ848O.pcm
SwiftExplicitDependencyGeneratePcm arm64 /Users/admin/builder/spi-builder-workspace/.derivedData/SDKExplicitPrecompiledModules/_DarwinFoundation2-AOGAN1O02NKXRJN5V73AV3V3M.pcm
SwiftExplicitDependencyGeneratePcm arm64 /Users/admin/builder/spi-builder-workspace/.derivedData/SDKExplicitPrecompiledModules/_Builtin_limits-7JU2HP127LIT1X9E2V3D8WZ1.pcm
SwiftExplicitDependencyGeneratePcm arm64 /Users/admin/builder/spi-builder-workspace/.derivedData/SDKExplicitPrecompiledModules/_Builtin_stdint-6NFTB6IBKS143IVPGT1EKB7HO.pcm
SwiftExplicitDependencyGeneratePcm arm64 /Users/admin/builder/spi-builder-workspace/.derivedData/SDKExplicitPrecompiledModules/string_h-6EVHP7A717OUS5DMC78F79HWO.pcm
SwiftExplicitDependencyGeneratePcm arm64 /Users/admin/builder/spi-builder-workspace/.derivedData/SDKExplicitPrecompiledModules/sys_types-8GCAV1YMG5UUGHUID3CA20TCH.pcm
SwiftExplicitDependencyGeneratePcm arm64 /Users/admin/builder/spi-builder-workspace/.derivedData/SDKExplicitPrecompiledModules/_DarwinFoundation3-8SR3855WDFHQPR6G9GHOI2C07.pcm
SwiftExplicitDependencyGeneratePcm arm64 /Users/admin/builder/spi-builder-workspace/.derivedData/SDKExplicitPrecompiledModules/DeveloperToolsSupport-B1X8RI63V48AJRTH2RK6JAARV.pcm
SwiftExplicitDependencyGeneratePcm arm64 /Users/admin/builder/spi-builder-workspace/.derivedData/SDKExplicitPrecompiledModules/_Builtin_tgmath-7ULT1EUHDHW4OZPSTT33H6QGE.pcm
SwiftExplicitDependencyGeneratePcm arm64 /Users/admin/builder/spi-builder-workspace/.derivedData/SDKExplicitPrecompiledModules/_Builtin_stdatomic-3YXHN678NGYM3NL9POJ2HVEIF.pcm
SwiftExplicitDependencyGeneratePcm arm64 /Users/admin/builder/spi-builder-workspace/.derivedData/SDKExplicitPrecompiledModules/_Builtin_intrinsics-437O2R2NID4WAQVENR63GR82C.pcm
SwiftExplicitDependencyGeneratePcm arm64 /Users/admin/builder/spi-builder-workspace/.derivedData/SDKExplicitPrecompiledModules/_Builtin_inttypes-6X1IQ3QK9KEVKXOK9Y79EW7J3.pcm
SwiftExplicitDependencyGeneratePcm arm64 /Users/admin/builder/spi-builder-workspace/.derivedData/SDKExplicitPrecompiledModules/Darwin-DBSQAVBBPC3D2OMU5ZI2RXMST.pcm
SwiftExplicitDependencyGeneratePcm arm64 /Users/admin/builder/spi-builder-workspace/.derivedData/SDKExplicitPrecompiledModules/simd-117QUXEUT3Z7UQCUYWV2UA228.pcm
SwiftExplicitDependencyGeneratePcm arm64 /Users/admin/builder/spi-builder-workspace/.derivedData/SDKExplicitPrecompiledModules/ObjectiveC-5250FDCE56N8508OR6XUYDKZM.pcm
SwiftExplicitDependencyGeneratePcm arm64 /Users/admin/builder/spi-builder-workspace/.derivedData/SDKExplicitPrecompiledModules/MachO-EH3F5PJCIZG05NO51CEFSZYPW.pcm
SwiftExplicitDependencyGeneratePcm arm64 /Users/admin/builder/spi-builder-workspace/.derivedData/SDKExplicitPrecompiledModules/os_object-E2DGZ0SX0TULQHULZRPO6OKNW.pcm
SwiftExplicitDependencyGeneratePcm arm64 /Users/admin/builder/spi-builder-workspace/.derivedData/SDKExplicitPrecompiledModules/os_workgroup-DBUFF7811DKMX7VPBOJPGGF1U.pcm
SwiftExplicitDependencyGeneratePcm arm64 /Users/admin/builder/spi-builder-workspace/.derivedData/SDKExplicitPrecompiledModules/Dispatch-1QL58A0V50C39KVAIC6C38SHL.pcm
SwiftExplicitDependencyGeneratePcm arm64 /Users/admin/builder/spi-builder-workspace/.derivedData/SDKExplicitPrecompiledModules/Spatial-7U8NLEFXSB8BR7PJQGVMF5A4Q.pcm
SwiftExplicitDependencyGeneratePcm arm64 /Users/admin/builder/spi-builder-workspace/.derivedData/SDKExplicitPrecompiledModules/XPC-6O2DJFT3QUJ7QKTD3SNUB6PCR.pcm
SwiftExplicitDependencyGeneratePcm arm64 /Users/admin/builder/spi-builder-workspace/.derivedData/SDKExplicitPrecompiledModules/CoreFoundation-7TPJ7ENDC4L1A1ESHYI9TXS0D.pcm
SwiftExplicitDependencyGeneratePcm arm64 /Users/admin/builder/spi-builder-workspace/.derivedData/SDKExplicitPrecompiledModules/os-3GJI8H0BNAEZPQPQ1V0VVY3FY.pcm
SwiftExplicitDependencyGeneratePcm arm64 /Users/admin/builder/spi-builder-workspace/.derivedData/SDKExplicitPrecompiledModules/Security-8VMXEKVDA3MHUH9AOTP905DID.pcm
SwiftExplicitDependencyGeneratePcm arm64 /Users/admin/builder/spi-builder-workspace/.derivedData/SDKExplicitPrecompiledModules/CFNetwork-2CUR2VK9S3S3WPFXPNXNUWYGN.pcm
SwiftExplicitDependencyGeneratePcm arm64 /Users/admin/builder/spi-builder-workspace/.derivedData/SDKExplicitPrecompiledModules/CoreGraphics-CWSP3J98S2658BYCVL6RP99T3.pcm
SwiftExplicitDependencyGeneratePcm arm64 /Users/admin/builder/spi-builder-workspace/.derivedData/SDKExplicitPrecompiledModules/CoreAudioTypes-E7EH96HAL3G83QSWLT7VWYIP4.pcm
SwiftExplicitDependencyGeneratePcm arm64 /Users/admin/builder/spi-builder-workspace/.derivedData/SDKExplicitPrecompiledModules/CoreAudio-6IR1XRM0Q9YQZMFW89F3H4V3X.pcm
SwiftExplicitDependencyGeneratePcm arm64 /Users/admin/builder/spi-builder-workspace/.derivedData/SDKExplicitPrecompiledModules/Foundation-BSSIP64DIGUKMAYJOG1WPQ78X.pcm
SwiftExplicitDependencyGeneratePcm arm64 /Users/admin/builder/spi-builder-workspace/.derivedData/SDKExplicitPrecompiledModules/CoreText-59NY7PABM0I4V978161FOC04A.pcm
SwiftExplicitDependencyGeneratePcm arm64 /Users/admin/builder/spi-builder-workspace/.derivedData/SDKExplicitPrecompiledModules/ImageIO-88D4CLEBD4CLWQKT78PZ6H1O8.pcm
SwiftExplicitDependencyGeneratePcm arm64 /Users/admin/builder/spi-builder-workspace/.derivedData/SDKExplicitPrecompiledModules/IOSurface-38FJ1CKX9FV2RD97O64Z7QB17.pcm
SwiftExplicitDependencyGeneratePcm arm64 /Users/admin/builder/spi-builder-workspace/.derivedData/SDKExplicitPrecompiledModules/Symbols-B5AU9VM9Y7NU79RLMH13Z4IFM.pcm
SwiftExplicitDependencyGeneratePcm arm64 /Users/admin/builder/spi-builder-workspace/.derivedData/SDKExplicitPrecompiledModules/Accessibility-B6BODGZ4MQQTY0PBC4SHRP009.pcm
SwiftExplicitDependencyGeneratePcm arm64 /Users/admin/builder/spi-builder-workspace/.derivedData/SDKExplicitPrecompiledModules/UniformTypeIdentifiers-95CC8U42ZA9STP5K6GP9ZVJS5.pcm
SwiftEmitModule normal arm64 Emitting\ module\ for\ VDChain (in target 'VDChain' from project 'VDChain')
SwiftCompile normal arm64 (in target 'VDChain' from project 'VDChain')
    cd /Users/admin/builder/spi-builder-workspace/.swiftpm/xcode

SwiftExplicitDependencyGeneratePcm arm64 /Users/admin/builder/spi-builder-workspace/.derivedData/SDKExplicitPrecompiledModules/OSLog-7OT6HHTMY0ZFEQJ095LJZ6NLC.pcm
SwiftExplicitDependencyGeneratePcm arm64 /Users/admin/builder/spi-builder-workspace/.derivedData/SDKExplicitPrecompiledModules/_LocationEssentials-ETSJ65FELPWR8WH8G49R1DF2E.pcm
SwiftExplicitDependencyGeneratePcm arm64 /Users/admin/builder/spi-builder-workspace/.derivedData/SDKExplicitPrecompiledModules/CoreData-DYMPHH3PH8AX9I1FHA4VFJ675.pcm
SwiftExplicitDependencyGeneratePcm arm64 /Users/admin/builder/spi-builder-workspace/.derivedData/SDKExplicitPrecompiledModules/DataDetection-37JIYZ2GWDA1L166PP1D9JKAF.pcm
SwiftExplicitDependencyGeneratePcm arm64 /Users/admin/builder/spi-builder-workspace/.derivedData/SDKExplicitPrecompiledModules/UIUtilities-6ZFJ1AK4H8IBGEBMYQBWGBYLK.pcm
SwiftExplicitDependencyGeneratePcm arm64 /Users/admin/builder/spi-builder-workspace/.derivedData/SDKExplicitPrecompiledModules/CoreTransferable-7V4O8DATEQ9F7SDNTCW8YWLG3.pcm
SwiftExplicitDependencyGeneratePcm arm64 /Users/admin/builder/spi-builder-workspace/.derivedData/SDKExplicitPrecompiledModules/UserNotifications-E9ZW5TH066WIJWH9080RC5NG4.pcm
SwiftCompile normal arm64 Compiling\ ValueChaining.swift /Users/admin/builder/spi-builder-workspace/.dependencies/checkouts/VDChain/Sources/VDChain/ValueChaining.swift (in target 'VDChain' from project 'VDChain')
SwiftCompile normal arm64 /Users/admin/builder/spi-builder-workspace/.dependencies/checkouts/VDChain/Sources/VDChain/ValueChaining.swift (in target 'VDChain' from project 'VDChain')
    cd /Users/admin/builder/spi-builder-workspace/.swiftpm/xcode
    builtin-SwiftPerFileCompile ValueChaining.swift
SwiftCompile normal arm64 Compiling\ ChainValues.swift /Users/admin/builder/spi-builder-workspace/.dependencies/checkouts/VDChain/Sources/VDChain/ChainValues.swift (in target 'VDChain' from project 'VDChain')
SwiftCompile normal arm64 /Users/admin/builder/spi-builder-workspace/.dependencies/checkouts/VDChain/Sources/VDChain/ChainValues.swift (in target 'VDChain' from project 'VDChain')
    cd /Users/admin/builder/spi-builder-workspace/.swiftpm/xcode
    builtin-SwiftPerFileCompile ChainValues.swift
SwiftExplicitDependencyGeneratePcm arm64 /Users/admin/builder/spi-builder-workspace/.derivedData/SDKExplicitPrecompiledModules/CoreLocation-YVXXAOMVX0JH2KO1XTTKTY51.pcm
SwiftCompile normal arm64 Compiling\ TypeChain.swift /Users/admin/builder/spi-builder-workspace/.dependencies/checkouts/VDChain/Sources/VDChain/TypeChain.swift (in target 'VDChain' from project 'VDChain')
SwiftCompile normal arm64 /Users/admin/builder/spi-builder-workspace/.dependencies/checkouts/VDChain/Sources/VDChain/TypeChain.swift (in target 'VDChain' from project 'VDChain')
    cd /Users/admin/builder/spi-builder-workspace/.swiftpm/xcode
    builtin-SwiftPerFileCompile TypeChain.swift
SwiftCompile normal arm64 Compiling\ Chaining.swift /Users/admin/builder/spi-builder-workspace/.dependencies/checkouts/VDChain/Sources/VDChain/Chaining.swift (in target 'VDChain' from project 'VDChain')
SwiftCompile normal arm64 /Users/admin/builder/spi-builder-workspace/.dependencies/checkouts/VDChain/Sources/VDChain/Chaining.swift (in target 'VDChain' from project 'VDChain')
    cd /Users/admin/builder/spi-builder-workspace/.swiftpm/xcode
    builtin-SwiftPerFileCompile Chaining.swift
SwiftExplicitDependencyGeneratePcm arm64 /Users/admin/builder/spi-builder-workspace/.derivedData/SDKExplicitPrecompiledModules/OpenGLES-4NY99CNDU9WUNUYEIXSS1QFGE.pcm
SwiftExplicitDependencyGeneratePcm arm64 /Users/admin/builder/spi-builder-workspace/.derivedData/SDKExplicitPrecompiledModules/Metal-2KYBS7IML1SD788M91YV7Q0CC.pcm
SwiftCompile normal arm64 Compiling\ PropertyChain.swift /Users/admin/builder/spi-builder-workspace/.dependencies/checkouts/VDChain/Sources/VDChain/PropertyChain.swift (in target 'VDChain' from project 'VDChain')
SwiftCompile normal arm64 /Users/admin/builder/spi-builder-workspace/.dependencies/checkouts/VDChain/Sources/VDChain/PropertyChain.swift (in target 'VDChain' from project 'VDChain')
    cd /Users/admin/builder/spi-builder-workspace/.swiftpm/xcode
    builtin-SwiftPerFileCompile PropertyChain.swift
SwiftCompile normal arm64 Compiling\ EmptyChaining.swift /Users/admin/builder/spi-builder-workspace/.dependencies/checkouts/VDChain/Sources/VDChain/EmptyChaining.swift (in target 'VDChain' from project 'VDChain')
SwiftCompile normal arm64 /Users/admin/builder/spi-builder-workspace/.dependencies/checkouts/VDChain/Sources/VDChain/EmptyChaining.swift (in target 'VDChain' from project 'VDChain')
    cd /Users/admin/builder/spi-builder-workspace/.swiftpm/xcode
    builtin-SwiftPerFileCompile EmptyChaining.swift
SwiftDriverJobDiscovery normal arm64 Emitting module for VDChain (in target 'VDChain' from project 'VDChain')
SwiftDriver\ Compilation\ Requirements VDChain normal arm64 com.apple.xcode.tools.swift.compiler (in target 'VDChain' from project 'VDChain')
    cd /Users/admin/builder/spi-builder-workspace/.swiftpm/xcode
    builtin-Swift-Compilation-Requirements -- /Applications/Xcode-27.0.0-Release.Candidate.app/Contents/Developer/Toolchains/XcodeDefault.xctoolchain/usr/bin/swiftc -parse-as-library -module-name VDChain -Onone @/Users/admin/builder/spi-builder-workspace/.derivedData/Build/Intermediates.noindex/VDChain.build/Debug-appletvos/VDChain-t.build/Objects-normal/arm64/VDChain.SwiftFileList -DSWIFT_PACKAGE -DDEBUG -DSWIFT_MODULE_RESOURCE_BUNDLE_UNAVAILABLE -DXcode -plugin-path /Applications/Xcode-27.0.0-Release.Candidate.app/Contents/Developer/Toolchains/XcodeDefault.xctoolchain/usr/lib/swift/host/plugins/testing -enable-experimental-feature DebugDescriptionMacro -sdk /Applications/Xcode-27.0.0-Release.Candidate.app/Contents/Developer/Platforms/AppleTVOS.platform/Developer/SDKs/AppleTVOS27.0.sdk -target arm64-apple-tvos15.0 -g -module-cache-path /Users/admin/builder/spi-builder-workspace/.derivedData/ModuleCache.noindex -Xfrontend -serialize-debugging-options -enable-testing -suppress-warnings -index-store-path /Users/admin/builder/spi-builder-workspace/.derivedData/Index.noindex/DataStore -Xcc -D_LIBCPP_HARDENING_MODE\=_LIBCPP_HARDENING_MODE_DEBUG -swift-version 5 -I /Users/admin/builder/spi-builder-workspace/.derivedData/Build/Products/Debug-appletvos -Isystem /Applications/Xcode-27.0.0-Release.Candidate.app/Contents/Developer/Platforms/AppleTVOS.platform/Developer/usr/lib -F /Users/admin/builder/spi-builder-workspace/.derivedData/Build/Products/Debug-appletvos -F /Applications/Xcode-27.0.0-Release.Candidate.app/Contents/Developer/Platforms/AppleTVOS.platform/Developer/Library/Frameworks -F /Applications/Xcode-27.0.0-Release.Candidate.app/Contents/Developer/Platforms/AppleTVOS.platform/Developer/SDKs/AppleTVOS27.0.sdk/Developer/Library/Frameworks -c -j10 -enable-batch-mode -incremental -Xcc -ivfsstatcache -Xcc /Users/admin/builder/spi-builder-workspace/.derivedData/SDKStatCaches.noindex/appletvos27.0-24J360-e829b21a6f8c9b70876ba0858053c044b32bfd8d43560033f8d89884cdb90028.sdkstatcache -output-file-map /Users/admin/builder/spi-builder-workspace/.derivedData/Build/Intermediates.noindex/VDChain.build/Debug-appletvos/VDChain-t.build/Objects-normal/arm64/VDChain-OutputFileMap.json -save-temps -no-color-diagnostics -explicit-module-build -module-cache-path /Users/admin/builder/spi-builder-workspace/.derivedData/Build/Intermediates.noindex/SwiftExplicitPrecompiledModules -clang-scanner-module-cache-path /Users/admin/builder/spi-builder-workspace/.derivedData/ModuleCache.noindex -sdk-module-cache-path /Users/admin/builder/spi-builder-workspace/.derivedData/SDKExplicitPrecompiledModules -emit-dependencies -emit-module -emit-module-path /Users/admin/builder/spi-builder-workspace/.derivedData/Build/Intermediates.noindex/VDChain.build/Debug-appletvos/VDChain-t.build/Objects-normal/arm64/VDChain.swiftmodule -serialize-diagnostics -dependency-scan-serialize-diagnostics-path /Users/admin/builder/spi-builder-workspace/.derivedData/Build/Intermediates.noindex/VDChain.build/Debug-appletvos/VDChain-t.build/Objects-normal/arm64/VDChain-dependency-scan.dia -validate-clang-modules-once -clang-build-session-file /Users/admin/builder/spi-builder-workspace/.derivedData/ModuleCache.noindex/Session.modulevalidation -Xcc -fmodules-prune-interval\=86400 -Xcc -fmodules-prune-after\=345600 -emit-const-values -const-gather-protocols-list /Users/admin/builder/spi-builder-workspace/.derivedData/Build/Intermediates.noindex/VDChain.build/Debug-appletvos/VDChain-t.build/Objects-normal/arm64/VDChain_const_extract_protocols.json -Xcc -I/Users/admin/builder/spi-builder-workspace/.derivedData/Build/Products/Debug-appletvos/include -Xcc -I/Users/admin/builder/spi-builder-workspace/.derivedData/Build/Intermediates.noindex/VDChain.build/Debug-appletvos/VDChain-t.build/DerivedSources-normal/arm64 -Xcc -I/Users/admin/builder/spi-builder-workspace/.derivedData/Build/Intermediates.noindex/VDChain.build/Debug-appletvos/VDChain-t.build/DerivedSources/arm64 -Xcc -I/Users/admin/builder/spi-builder-workspace/.derivedData/Build/Intermediates.noindex/VDChain.build/Debug-appletvos/VDChain-t.build/DerivedSources -Xcc -DSWIFT_PACKAGE -Xcc -DDEBUG\=1 -emit-objc-header -emit-objc-header-path /Users/admin/builder/spi-builder-workspace/.derivedData/Build/Intermediates.noindex/VDChain.build/Debug-appletvos/VDChain-t.build/Objects-normal/arm64/VDChain-Swift.h -working-directory /Users/admin/builder/spi-builder-workspace/.swiftpm/xcode -experimental-emit-module-separately -disable-cmo
SwiftCompile normal arm64 Compiling\ Chainable.swift /Users/admin/builder/spi-builder-workspace/.dependencies/checkouts/VDChain/Sources/VDChain/Chainable.swift (in target 'VDChain' from project 'VDChain')
SwiftCompile normal arm64 /Users/admin/builder/spi-builder-workspace/.dependencies/checkouts/VDChain/Sources/VDChain/Chainable.swift (in target 'VDChain' from project 'VDChain')
    cd /Users/admin/builder/spi-builder-workspace/.swiftpm/xcode
    builtin-SwiftPerFileCompile Chainable.swift
SwiftMergeGeneratedHeaders /Users/admin/builder/spi-builder-workspace/.derivedData/Build/Intermediates.noindex/GeneratedModuleMaps-appletvos/VDChain-Swift.h /Users/admin/builder/spi-builder-workspace/.derivedData/Build/Intermediates.noindex/VDChain.build/Debug-appletvos/VDChain-t.build/Objects-normal/arm64/VDChain-Swift.h (in target 'VDChain' from project 'VDChain')
    cd /Users/admin/builder/spi-builder-workspace/.dependencies/checkouts/VDChain
    builtin-swiftHeaderTool -arch arm64 /Users/admin/builder/spi-builder-workspace/.derivedData/Build/Intermediates.noindex/VDChain.build/Debug-appletvos/VDChain-t.build/Objects-normal/arm64/VDChain-Swift.h -o /Users/admin/builder/spi-builder-workspace/.derivedData/Build/Intermediates.noindex/GeneratedModuleMaps-appletvos/VDChain-Swift.h
Copy /Users/admin/builder/spi-builder-workspace/.derivedData/Build/Products/Debug-appletvos/VDChain.swiftmodule/arm64-apple-tvos.swiftmodule /Users/admin/builder/spi-builder-workspace/.derivedData/Build/Intermediates.noindex/VDChain.build/Debug-appletvos/VDChain-t.build/Objects-normal/arm64/VDChain.swiftmodule (in target 'VDChain' from project 'VDChain')
    cd /Users/admin/builder/spi-builder-workspace/.dependencies/checkouts/VDChain
    builtin-copy -exclude .DS_Store -exclude CVS -exclude .svn -exclude .git -exclude .hg -resolve-src-symlinks -rename /Users/admin/builder/spi-builder-workspace/.derivedData/Build/Intermediates.noindex/VDChain.build/Debug-appletvos/VDChain-t.build/Objects-normal/arm64/VDChain.swiftmodule /Users/admin/builder/spi-builder-workspace/.derivedData/Build/Products/Debug-appletvos/VDChain.swiftmodule/arm64-apple-tvos.swiftmodule
Copy /Users/admin/builder/spi-builder-workspace/.derivedData/Build/Products/Debug-appletvos/VDChain.swiftmodule/arm64-apple-tvos.swiftdoc /Users/admin/builder/spi-builder-workspace/.derivedData/Build/Intermediates.noindex/VDChain.build/Debug-appletvos/VDChain-t.build/Objects-normal/arm64/VDChain.swiftdoc (in target 'VDChain' from project 'VDChain')
    cd /Users/admin/builder/spi-builder-workspace/.dependencies/checkouts/VDChain
    builtin-copy -exclude .DS_Store -exclude CVS -exclude .svn -exclude .git -exclude .hg -resolve-src-symlinks -rename /Users/admin/builder/spi-builder-workspace/.derivedData/Build/Intermediates.noindex/VDChain.build/Debug-appletvos/VDChain-t.build/Objects-normal/arm64/VDChain.swiftdoc /Users/admin/builder/spi-builder-workspace/.derivedData/Build/Products/Debug-appletvos/VDChain.swiftmodule/arm64-apple-tvos.swiftdoc
Copy /Users/admin/builder/spi-builder-workspace/.derivedData/Build/Products/Debug-appletvos/VDChain.swiftmodule/arm64-apple-tvos.abi.json /Users/admin/builder/spi-builder-workspace/.derivedData/Build/Intermediates.noindex/VDChain.build/Debug-appletvos/VDChain-t.build/Objects-normal/arm64/VDChain.abi.json (in target 'VDChain' from project 'VDChain')
    cd /Users/admin/builder/spi-builder-workspace/.dependencies/checkouts/VDChain
    builtin-copy -exclude .DS_Store -exclude CVS -exclude .svn -exclude .git -exclude .hg -resolve-src-symlinks -rename /Users/admin/builder/spi-builder-workspace/.derivedData/Build/Intermediates.noindex/VDChain.build/Debug-appletvos/VDChain-t.build/Objects-normal/arm64/VDChain.abi.json /Users/admin/builder/spi-builder-workspace/.derivedData/Build/Products/Debug-appletvos/VDChain.swiftmodule/arm64-apple-tvos.abi.json
Copy /Users/admin/builder/spi-builder-workspace/.derivedData/Build/Products/Debug-appletvos/VDChain.swiftmodule/Project/arm64-apple-tvos.swiftsourceinfo /Users/admin/builder/spi-builder-workspace/.derivedData/Build/Intermediates.noindex/VDChain.build/Debug-appletvos/VDChain-t.build/Objects-normal/arm64/VDChain.swiftsourceinfo (in target 'VDChain' from project 'VDChain')
    cd /Users/admin/builder/spi-builder-workspace/.dependencies/checkouts/VDChain
    builtin-copy -exclude .DS_Store -exclude CVS -exclude .svn -exclude .git -exclude .hg -resolve-src-symlinks -rename /Users/admin/builder/spi-builder-workspace/.derivedData/Build/Intermediates.noindex/VDChain.build/Debug-appletvos/VDChain-t.build/Objects-normal/arm64/VDChain.swiftsourceinfo /Users/admin/builder/spi-builder-workspace/.derivedData/Build/Products/Debug-appletvos/VDChain.swiftmodule/Project/arm64-apple-tvos.swiftsourceinfo
SwiftCompile normal arm64 Compiling\ Chain.swift /Users/admin/builder/spi-builder-workspace/.dependencies/checkouts/VDChain/Sources/VDChain/Chain.swift (in target 'VDChain' from project 'VDChain')
SwiftCompile normal arm64 /Users/admin/builder/spi-builder-workspace/.dependencies/checkouts/VDChain/Sources/VDChain/Chain.swift (in target 'VDChain' from project 'VDChain')
    cd /Users/admin/builder/spi-builder-workspace/.swiftpm/xcode
    builtin-SwiftPerFileCompile Chain.swift
SwiftDriver UIKitViews normal arm64 com.apple.xcode.tools.swift.compiler (in target 'UIKitViews' from project 'UIKitViews')
    cd /Users/admin/builder/spi-builder-workspace/.swiftpm/xcode
    builtin-SwiftDriver -- /Applications/Xcode-27.0.0-Release.Candidate.app/Contents/Developer/Toolchains/XcodeDefault.xctoolchain/usr/bin/swiftc -parse-as-library -module-name UIKitViews -Onone @/Users/admin/builder/spi-builder-workspace/.derivedData/Build/Intermediates.noindex/UIKitViews.build/Debug-appletvos/UIKitViews-t.build/Objects-normal/arm64/UIKitViews.SwiftFileList -DSWIFT_PACKAGE -DDEBUG -DSWIFT_MODULE_RESOURCE_BUNDLE_UNAVAILABLE -DXcode -plugin-path /Applications/Xcode-27.0.0-Release.Candidate.app/Contents/Developer/Toolchains/XcodeDefault.xctoolchain/usr/lib/swift/host/plugins/testing -enable-experimental-feature DebugDescriptionMacro -sdk /Applications/Xcode-27.0.0-Release.Candidate.app/Contents/Developer/Platforms/AppleTVOS.platform/Developer/SDKs/AppleTVOS27.0.sdk -target arm64-apple-tvos15.0 -g -module-cache-path /Users/admin/builder/spi-builder-workspace/.derivedData/ModuleCache.noindex -Xfrontend -serialize-debugging-options -enable-testing -suppress-warnings -index-store-path /Users/admin/builder/spi-builder-workspace/.derivedData/Index.noindex/DataStore -Xcc -D_LIBCPP_HARDENING_MODE\=_LIBCPP_HARDENING_MODE_DEBUG -swift-version 5 -I /Users/admin/builder/spi-builder-workspace/.derivedData/Build/Products/Debug-appletvos -Isystem /Applications/Xcode-27.0.0-Release.Candidate.app/Contents/Developer/Platforms/AppleTVOS.platform/Developer/usr/lib -F /Users/admin/builder/spi-builder-workspace/.derivedData/Build/Products/Debug-appletvos/PackageFrameworks -F /Users/admin/builder/spi-builder-workspace/.derivedData/Build/Products/Debug-appletvos -F /Applications/Xcode-27.0.0-Release.Candidate.app/Contents/Developer/Platforms/AppleTVOS.platform/Developer/Library/Frameworks -F /Applications/Xcode-27.0.0-Release.Candidate.app/Contents/Developer/Platforms/AppleTVOS.platform/Developer/SDKs/AppleTVOS27.0.sdk/Developer/Library/Frameworks -c -j10 -enable-batch-mode -incremental -Xcc -ivfsstatcache -Xcc /Users/admin/builder/spi-builder-workspace/.derivedData/SDKStatCaches.noindex/appletvos27.0-24J360-e829b21a6f8c9b70876ba0858053c044b32bfd8d43560033f8d89884cdb90028.sdkstatcache -output-file-map /Users/admin/builder/spi-builder-workspace/.derivedData/Build/Intermediates.noindex/UIKitViews.build/Debug-appletvos/UIKitViews-t.build/Objects-normal/arm64/UIKitViews-OutputFileMap.json -save-temps -no-color-diagnostics -explicit-module-build -module-cache-path /Users/admin/builder/spi-builder-workspace/.derivedData/Build/Intermediates.noindex/SwiftExplicitPrecompiledModules -clang-scanner-module-cache-path /Users/admin/builder/spi-builder-workspace/.derivedData/ModuleCache.noindex -sdk-module-cache-path /Users/admin/builder/spi-builder-workspace/.derivedData/SDKExplicitPrecompiledModules -emit-dependencies -emit-module -emit-module-path /Users/admin/builder/spi-builder-workspace/.derivedData/Build/Intermediates.noindex/UIKitViews.build/Debug-appletvos/UIKitViews-t.build/Objects-normal/arm64/UIKitViews.swiftmodule -serialize-diagnostics -dependency-scan-serialize-diagnostics-path /Users/admin/builder/spi-builder-workspace/.derivedData/Build/Intermediates.noindex/UIKitViews.build/Debug-appletvos/UIKitViews-t.build/Objects-normal/arm64/UIKitViews-dependency-scan.dia -validate-clang-modules-once -clang-build-session-file /Users/admin/builder/spi-builder-workspace/.derivedData/ModuleCache.noindex/Session.modulevalidation -Xcc -fmodules-prune-interval\=86400 -Xcc -fmodules-prune-after\=345600 -emit-const-values -const-gather-protocols-list /Users/admin/builder/spi-builder-workspace/.derivedData/Build/Intermediates.noindex/UIKitViews.build/Debug-appletvos/UIKitViews-t.build/Objects-normal/arm64/UIKitViews_const_extract_protocols.json -Xcc -I/Users/admin/builder/spi-builder-workspace/.derivedData/Build/Products/Debug-appletvos/include -Xcc -I/Users/admin/builder/spi-builder-workspace/.derivedData/Build/Intermediates.noindex/UIKitViews.build/Debug-appletvos/UIKitViews-t.build/DerivedSources-normal/arm64 -Xcc -I/Users/admin/builder/spi-builder-workspace/.derivedData/Build/Intermediates.noindex/UIKitViews.build/Debug-appletvos/UIKitViews-t.build/DerivedSources/arm64 -Xcc -I/Users/admin/builder/spi-builder-workspace/.derivedData/Build/Intermediates.noindex/UIKitViews.build/Debug-appletvos/UIKitViews-t.build/DerivedSources -Xcc -DSWIFT_PACKAGE -Xcc -DDEBUG\=1 -emit-objc-header -emit-objc-header-path /Users/admin/builder/spi-builder-workspace/.derivedData/Build/Intermediates.noindex/UIKitViews.build/Debug-appletvos/UIKitViews-t.build/Objects-normal/arm64/UIKitViews-Swift.h -working-directory /Users/admin/builder/spi-builder-workspace/.swiftpm/xcode -experimental-emit-module-separately -disable-cmo
SwiftExplicitDependencyGeneratePcm arm64 /Users/admin/builder/spi-builder-workspace/.derivedData/SDKExplicitPrecompiledModules/CoreVideo-DPU0PB5X0XLSVA2ETRGI6FJBM.pcm
SwiftExplicitDependencyGeneratePcm arm64 /Users/admin/builder/spi-builder-workspace/.derivedData/SDKExplicitPrecompiledModules/QuartzCore-DJSYAWKXFGVSAK5CQMOB3JSR.pcm
SwiftExplicitDependencyGeneratePcm arm64 /Users/admin/builder/spi-builder-workspace/.derivedData/SDKExplicitPrecompiledModules/CoreMedia-4OUKVT03LV547KZJDPPJRJ4F8.pcm
SwiftExplicitDependencyGeneratePcm arm64 /Users/admin/builder/spi-builder-workspace/.derivedData/SDKExplicitPrecompiledModules/CoreImage-7S2AFJ8EIY3DUFYLEAX1JR1QV.pcm
SwiftExplicitDependencyGeneratePcm arm64 /Users/admin/builder/spi-builder-workspace/.derivedData/SDKExplicitPrecompiledModules/SwiftUICore-543QU5V2NHKUFCYFJDKUJ7NYG.pcm
SwiftExplicitDependencyGeneratePcm arm64 /Users/admin/builder/spi-builder-workspace/.derivedData/SDKExplicitPrecompiledModules/UIKit-1TKWN7VC2X6N3ITMRVA2G0EB2.pcm
SwiftExplicitDependencyGeneratePcm arm64 /Users/admin/builder/spi-builder-workspace/.derivedData/SDKExplicitPrecompiledModules/SwiftUI-7BV1YDT6IZWW6B8OC6ENV0Y0F.pcm
SwiftEmitModule normal arm64 Emitting\ module\ for\ UIKitViews (in target 'UIKitViews' from project 'UIKitViews')
SwiftCompile normal arm64 (in target 'UIKitViews' from project 'UIKitViews')
    cd /Users/admin/builder/spi-builder-workspace/.swiftpm/xcode

SwiftEmitModule normal arm64 Emitting\ module\ for\ VDPin (in target 'VDPin' from project 'VDPin')
SwiftCompile normal arm64 (in target 'VDPin' from project 'VDPin')
    cd /Users/admin/builder/spi-builder-workspace/.swiftpm/xcode

SwiftCompile normal arm64 Compiling\ RangeConvertable.swift /Users/admin/builder/spi-builder-workspace/.dependencies/checkouts/VDPin/Sources/VDPin/RangeConvertable.swift (in target 'VDPin' from project 'VDPin')
SwiftCompile normal arm64 /Users/admin/builder/spi-builder-workspace/.dependencies/checkouts/VDPin/Sources/VDPin/RangeConvertable.swift (in target 'VDPin' from project 'VDPin')
    cd /Users/admin/builder/spi-builder-workspace/.swiftpm/xcode
    builtin-SwiftPerFileCompile RangeConvertable.swift
SwiftDriverJobDiscovery normal arm64 Emitting module for VDPin (in target 'VDPin' from project 'VDPin')
SwiftDriver\ Compilation\ Requirements VDPin normal arm64 com.apple.xcode.tools.swift.compiler (in target 'VDPin' from project 'VDPin')
    cd /Users/admin/builder/spi-builder-workspace/.swiftpm/xcode
    builtin-Swift-Compilation-Requirements -- /Applications/Xcode-27.0.0-Release.Candidate.app/Contents/Developer/Toolchains/XcodeDefault.xctoolchain/usr/bin/swiftc -parse-as-library -module-name VDPin -Onone @/Users/admin/builder/spi-builder-workspace/.derivedData/Build/Intermediates.noindex/VDPin.build/Debug-appletvos/VDPin-t.build/Objects-normal/arm64/VDPin.SwiftFileList -DSWIFT_PACKAGE -DDEBUG -DSWIFT_MODULE_RESOURCE_BUNDLE_UNAVAILABLE -DXcode -plugin-path /Applications/Xcode-27.0.0-Release.Candidate.app/Contents/Developer/Toolchains/XcodeDefault.xctoolchain/usr/lib/swift/host/plugins/testing -enable-experimental-feature DebugDescriptionMacro -sdk /Applications/Xcode-27.0.0-Release.Candidate.app/Contents/Developer/Platforms/AppleTVOS.platform/Developer/SDKs/AppleTVOS27.0.sdk -target arm64-apple-tvos15.0 -g -module-cache-path /Users/admin/builder/spi-builder-workspace/.derivedData/ModuleCache.noindex -Xfrontend -serialize-debugging-options -enable-testing -suppress-warnings -index-store-path /Users/admin/builder/spi-builder-workspace/.derivedData/Index.noindex/DataStore -Xcc -D_LIBCPP_HARDENING_MODE\=_LIBCPP_HARDENING_MODE_DEBUG -swift-version 5 -I /Users/admin/builder/spi-builder-workspace/.derivedData/Build/Products/Debug-appletvos -Isystem /Applications/Xcode-27.0.0-Release.Candidate.app/Contents/Developer/Platforms/AppleTVOS.platform/Developer/usr/lib -F /Users/admin/builder/spi-builder-workspace/.derivedData/Build/Products/Debug-appletvos -F /Applications/Xcode-27.0.0-Release.Candidate.app/Contents/Developer/Platforms/AppleTVOS.platform/Developer/Library/Frameworks -F /Applications/Xcode-27.0.0-Release.Candidate.app/Contents/Developer/Platforms/AppleTVOS.platform/Developer/SDKs/AppleTVOS27.0.sdk/Developer/Library/Frameworks -c -j10 -enable-batch-mode -incremental -Xcc -ivfsstatcache -Xcc /Users/admin/builder/spi-builder-workspace/.derivedData/SDKStatCaches.noindex/appletvos27.0-24J360-e829b21a6f8c9b70876ba0858053c044b32bfd8d43560033f8d89884cdb90028.sdkstatcache -output-file-map /Users/admin/builder/spi-builder-workspace/.derivedData/Build/Intermediates.noindex/VDPin.build/Debug-appletvos/VDPin-t.build/Objects-normal/arm64/VDPin-OutputFileMap.json -save-temps -no-color-diagnostics -explicit-module-build -module-cache-path /Users/admin/builder/spi-builder-workspace/.derivedData/Build/Intermediates.noindex/SwiftExplicitPrecompiledModules -clang-scanner-module-cache-path /Users/admin/builder/spi-builder-workspace/.derivedData/ModuleCache.noindex -sdk-module-cache-path /Users/admin/builder/spi-builder-workspace/.derivedData/SDKExplicitPrecompiledModules -emit-dependencies -emit-module -emit-module-path /Users/admin/builder/spi-builder-workspace/.derivedData/Build/Intermediates.noindex/VDPin.build/Debug-appletvos/VDPin-t.build/Objects-normal/arm64/VDPin.swiftmodule -serialize-diagnostics -dependency-scan-serialize-diagnostics-path /Users/admin/builder/spi-builder-workspace/.derivedData/Build/Intermediates.noindex/VDPin.build/Debug-appletvos/VDPin-t.build/Objects-normal/arm64/VDPin-dependency-scan.dia -validate-clang-modules-once -clang-build-session-file /Users/admin/builder/spi-builder-workspace/.derivedData/ModuleCache.noindex/Session.modulevalidation -Xcc -fmodules-prune-interval\=86400 -Xcc -fmodules-prune-after\=345600 -emit-const-values -const-gather-protocols-list /Users/admin/builder/spi-builder-workspace/.derivedData/Build/Intermediates.noindex/VDPin.build/Debug-appletvos/VDPin-t.build/Objects-normal/arm64/VDPin_const_extract_protocols.json -Xcc -I/Users/admin/builder/spi-builder-workspace/.derivedData/Build/Products/Debug-appletvos/include -Xcc -I/Users/admin/builder/spi-builder-workspace/.derivedData/Build/Intermediates.noindex/VDPin.build/Debug-appletvos/VDPin-t.build/DerivedSources-normal/arm64 -Xcc -I/Users/admin/builder/spi-builder-workspace/.derivedData/Build/Intermediates.noindex/VDPin.build/Debug-appletvos/VDPin-t.build/DerivedSources/arm64 -Xcc -I/Users/admin/builder/spi-builder-workspace/.derivedData/Build/Intermediates.noindex/VDPin.build/Debug-appletvos/VDPin-t.build/DerivedSources -Xcc -DSWIFT_PACKAGE -Xcc -DDEBUG\=1 -emit-objc-header -emit-objc-header-path /Users/admin/builder/spi-builder-workspace/.derivedData/Build/Intermediates.noindex/VDPin.build/Debug-appletvos/VDPin-t.build/Objects-normal/arm64/VDPin-Swift.h -working-directory /Users/admin/builder/spi-builder-workspace/.swiftpm/xcode -experimental-emit-module-separately -disable-cmo
SwiftDriverJobDiscovery normal arm64 Compiling Chaining.swift (in target 'VDChain' from project 'VDChain')
SwiftCompile normal arm64 Compiling\ NSLayoutConstraintable.swift /Users/admin/builder/spi-builder-workspace/.dependencies/checkouts/VDPin/Sources/VDPin/NSLayoutConstraintable.swift (in target 'VDPin' from project 'VDPin')
SwiftCompile normal arm64 /Users/admin/builder/spi-builder-workspace/.dependencies/checkouts/VDPin/Sources/VDPin/NSLayoutConstraintable.swift (in target 'VDPin' from project 'VDPin')
    cd /Users/admin/builder/spi-builder-workspace/.swiftpm/xcode
    builtin-SwiftPerFileCompile NSLayoutConstraintable.swift
SwiftDriverJobDiscovery normal arm64 Compiling Chainable.swift (in target 'VDChain' from project 'VDChain')
SwiftCompile normal arm64 Compiling\ Pinnable.swift /Users/admin/builder/spi-builder-workspace/.dependencies/checkouts/VDPin/Sources/VDPin/Pinnable.swift (in target 'VDPin' from project 'VDPin')
SwiftCompile normal arm64 /Users/admin/builder/spi-builder-workspace/.dependencies/checkouts/VDPin/Sources/VDPin/Pinnable.swift (in target 'VDPin' from project 'VDPin')
    cd /Users/admin/builder/spi-builder-workspace/.swiftpm/xcode
    builtin-SwiftPerFileCompile Pinnable.swift
SwiftCompile normal arm64 Compiling\ NSLayoutConstraintAttribute+Ext.swift,\ NSLayoutConstraintAttributeSet.swift /Users/admin/builder/spi-builder-workspace/.dependencies/checkouts/VDPin/Sources/VDPin/NSLayoutConstraintAttribute+Ext.swift /Users/admin/builder/spi-builder-workspace/.dependencies/checkouts/VDPin/Sources/VDPin/NSLayoutConstraintAttributeSet.swift (in target 'VDPin' from project 'VDPin')
SwiftCompile normal arm64 /Users/admin/builder/spi-builder-workspace/.dependencies/checkouts/VDPin/Sources/VDPin/NSLayoutConstraintAttribute+Ext.swift (in target 'VDPin' from project 'VDPin')
    cd /Users/admin/builder/spi-builder-workspace/.swiftpm/xcode
    builtin-SwiftPerFileCompile NSLayoutConstraintAttribute+Ext.swift
SwiftCompile normal arm64 /Users/admin/builder/spi-builder-workspace/.dependencies/checkouts/VDPin/Sources/VDPin/NSLayoutConstraintAttributeSet.swift (in target 'VDPin' from project 'VDPin')
    cd /Users/admin/builder/spi-builder-workspace/.swiftpm/xcode
    builtin-SwiftPerFileCompile NSLayoutConstraintAttributeSet.swift
SwiftCompile normal arm64 Compiling\ UIApplication++.swift,\ UIView++.swift /Users/admin/builder/spi-builder-workspace/.dependencies/checkouts/VDPin/Sources/VDPin/Extensions/UIApplication++.swift /Users/admin/builder/spi-builder-workspace/.dependencies/checkouts/VDPin/Sources/VDPin/Extensions/UIView++.swift (in target 'VDPin' from project 'VDPin')
SwiftCompile normal arm64 /Users/admin/builder/spi-builder-workspace/.dependencies/checkouts/VDPin/Sources/VDPin/Extensions/UIApplication++.swift (in target 'VDPin' from project 'VDPin')
    cd /Users/admin/builder/spi-builder-workspace/.swiftpm/xcode
    builtin-SwiftPerFileCompile UIApplication++.swift
SwiftCompile normal arm64 /Users/admin/builder/spi-builder-workspace/.dependencies/checkouts/VDPin/Sources/VDPin/Extensions/UIView++.swift (in target 'VDPin' from project 'VDPin')
    cd /Users/admin/builder/spi-builder-workspace/.swiftpm/xcode
    builtin-SwiftPerFileCompile UIView++.swift
SwiftDriverJobDiscovery normal arm64 Compiling ValueChaining.swift (in target 'VDChain' from project 'VDChain')
SwiftDriverJobDiscovery normal arm64 Compiling TypeChain.swift (in target 'VDChain' from project 'VDChain')
SwiftMergeGeneratedHeaders /Users/admin/builder/spi-builder-workspace/.derivedData/Build/Intermediates.noindex/GeneratedModuleMaps-appletvos/VDPin-Swift.h /Users/admin/builder/spi-builder-workspace/.derivedData/Build/Intermediates.noindex/VDPin.build/Debug-appletvos/VDPin-t.build/Objects-normal/arm64/VDPin-Swift.h (in target 'VDPin' from project 'VDPin')
    cd /Users/admin/builder/spi-builder-workspace/.dependencies/checkouts/VDPin
    builtin-swiftHeaderTool -arch arm64 /Users/admin/builder/spi-builder-workspace/.derivedData/Build/Intermediates.noindex/VDPin.build/Debug-appletvos/VDPin-t.build/Objects-normal/arm64/VDPin-Swift.h -o /Users/admin/builder/spi-builder-workspace/.derivedData/Build/Intermediates.noindex/GeneratedModuleMaps-appletvos/VDPin-Swift.h
SwiftDriverJobDiscovery normal arm64 Compiling EmptyChaining.swift (in target 'VDChain' from project 'VDChain')
Copy /Users/admin/builder/spi-builder-workspace/.derivedData/Build/Products/Debug-appletvos/VDPin.swiftmodule/arm64-apple-tvos.swiftmodule /Users/admin/builder/spi-builder-workspace/.derivedData/Build/Intermediates.noindex/VDPin.build/Debug-appletvos/VDPin-t.build/Objects-normal/arm64/VDPin.swiftmodule (in target 'VDPin' from project 'VDPin')
    cd /Users/admin/builder/spi-builder-workspace/.dependencies/checkouts/VDPin
    builtin-copy -exclude .DS_Store -exclude CVS -exclude .svn -exclude .git -exclude .hg -resolve-src-symlinks -rename /Users/admin/builder/spi-builder-workspace/.derivedData/Build/Intermediates.noindex/VDPin.build/Debug-appletvos/VDPin-t.build/Objects-normal/arm64/VDPin.swiftmodule /Users/admin/builder/spi-builder-workspace/.derivedData/Build/Products/Debug-appletvos/VDPin.swiftmodule/arm64-apple-tvos.swiftmodule
Copy /Users/admin/builder/spi-builder-workspace/.derivedData/Build/Products/Debug-appletvos/VDPin.swiftmodule/arm64-apple-tvos.swiftdoc /Users/admin/builder/spi-builder-workspace/.derivedData/Build/Intermediates.noindex/VDPin.build/Debug-appletvos/VDPin-t.build/Objects-normal/arm64/VDPin.swiftdoc (in target 'VDPin' from project 'VDPin')
    cd /Users/admin/builder/spi-builder-workspace/.dependencies/checkouts/VDPin
    builtin-copy -exclude .DS_Store -exclude CVS -exclude .svn -exclude .git -exclude .hg -resolve-src-symlinks -rename /Users/admin/builder/spi-builder-workspace/.derivedData/Build/Intermediates.noindex/VDPin.build/Debug-appletvos/VDPin-t.build/Objects-normal/arm64/VDPin.swiftdoc /Users/admin/builder/spi-builder-workspace/.derivedData/Build/Products/Debug-appletvos/VDPin.swiftmodule/arm64-apple-tvos.swiftdoc
SwiftDriverJobDiscovery normal arm64 Emitting module for UIKitViews (in target 'UIKitViews' from project 'UIKitViews')
Copy /Users/admin/builder/spi-builder-workspace/.derivedData/Build/Products/Debug-appletvos/VDPin.swiftmodule/arm64-apple-tvos.abi.json /Users/admin/builder/spi-builder-workspace/.derivedData/Build/Intermediates.noindex/VDPin.build/Debug-appletvos/VDPin-t.build/Objects-normal/arm64/VDPin.abi.json (in target 'VDPin' from project 'VDPin')
    cd /Users/admin/builder/spi-builder-workspace/.dependencies/checkouts/VDPin
    builtin-copy -exclude .DS_Store -exclude CVS -exclude .svn -exclude .git -exclude .hg -resolve-src-symlinks -rename /Users/admin/builder/spi-builder-workspace/.derivedData/Build/Intermediates.noindex/VDPin.build/Debug-appletvos/VDPin-t.build/Objects-normal/arm64/VDPin.abi.json /Users/admin/builder/spi-builder-workspace/.derivedData/Build/Products/Debug-appletvos/VDPin.swiftmodule/arm64-apple-tvos.abi.json
Copy /Users/admin/builder/spi-builder-workspace/.derivedData/Build/Products/Debug-appletvos/VDPin.swiftmodule/Project/arm64-apple-tvos.swiftsourceinfo /Users/admin/builder/spi-builder-workspace/.derivedData/Build/Intermediates.noindex/VDPin.build/Debug-appletvos/VDPin-t.build/Objects-normal/arm64/VDPin.swiftsourceinfo (in target 'VDPin' from project 'VDPin')
    cd /Users/admin/builder/spi-builder-workspace/.dependencies/checkouts/VDPin
    builtin-copy -exclude .DS_Store -exclude CVS -exclude .svn -exclude .git -exclude .hg -resolve-src-symlinks -rename /Users/admin/builder/spi-builder-workspace/.derivedData/Build/Intermediates.noindex/VDPin.build/Debug-appletvos/VDPin-t.build/Objects-normal/arm64/VDPin.swiftsourceinfo /Users/admin/builder/spi-builder-workspace/.derivedData/Build/Products/Debug-appletvos/VDPin.swiftmodule/Project/arm64-apple-tvos.swiftsourceinfo
SwiftDriver\ Compilation\ Requirements UIKitViews normal arm64 com.apple.xcode.tools.swift.compiler (in target 'UIKitViews' from project 'UIKitViews')
    cd /Users/admin/builder/spi-builder-workspace/.swiftpm/xcode
    builtin-Swift-Compilation-Requirements -- /Applications/Xcode-27.0.0-Release.Candidate.app/Contents/Developer/Toolchains/XcodeDefault.xctoolchain/usr/bin/swiftc -parse-as-library -module-name UIKitViews -Onone @/Users/admin/builder/spi-builder-workspace/.derivedData/Build/Intermediates.noindex/UIKitViews.build/Debug-appletvos/UIKitViews-t.build/Objects-normal/arm64/UIKitViews.SwiftFileList -DSWIFT_PACKAGE -DDEBUG -DSWIFT_MODULE_RESOURCE_BUNDLE_UNAVAILABLE -DXcode -plugin-path /Applications/Xcode-27.0.0-Release.Candidate.app/Contents/Developer/Toolchains/XcodeDefault.xctoolchain/usr/lib/swift/host/plugins/testing -enable-experimental-feature DebugDescriptionMacro -sdk /Applications/Xcode-27.0.0-Release.Candidate.app/Contents/Developer/Platforms/AppleTVOS.platform/Developer/SDKs/AppleTVOS27.0.sdk -target arm64-apple-tvos15.0 -g -module-cache-path /Users/admin/builder/spi-builder-workspace/.derivedData/ModuleCache.noindex -Xfrontend -serialize-debugging-options -enable-testing -suppress-warnings -index-store-path /Users/admin/builder/spi-builder-workspace/.derivedData/Index.noindex/DataStore -Xcc -D_LIBCPP_HARDENING_MODE\=_LIBCPP_HARDENING_MODE_DEBUG -swift-version 5 -I /Users/admin/builder/spi-builder-workspace/.derivedData/Build/Products/Debug-appletvos -Isystem /Applications/Xcode-27.0.0-Release.Candidate.app/Contents/Developer/Platforms/AppleTVOS.platform/Developer/usr/lib -F /Users/admin/builder/spi-builder-workspace/.derivedData/Build/Products/Debug-appletvos/PackageFrameworks -F /Users/admin/builder/spi-builder-workspace/.derivedData/Build/Products/Debug-appletvos -F /Applications/Xcode-27.0.0-Release.Candidate.app/Contents/Developer/Platforms/AppleTVOS.platform/Developer/Library/Frameworks -F /Applications/Xcode-27.0.0-Release.Candidate.app/Contents/Developer/Platforms/AppleTVOS.platform/Developer/SDKs/AppleTVOS27.0.sdk/Developer/Library/Frameworks -c -j10 -enable-batch-mode -incremental -Xcc -ivfsstatcache -Xcc /Users/admin/builder/spi-builder-workspace/.derivedData/SDKStatCaches.noindex/appletvos27.0-24J360-e829b21a6f8c9b70876ba0858053c044b32bfd8d43560033f8d89884cdb90028.sdkstatcache -output-file-map /Users/admin/builder/spi-builder-workspace/.derivedData/Build/Intermediates.noindex/UIKitViews.build/Debug-appletvos/UIKitViews-t.build/Objects-normal/arm64/UIKitViews-OutputFileMap.json -save-temps -no-color-diagnostics -explicit-module-build -module-cache-path /Users/admin/builder/spi-builder-workspace/.derivedData/Build/Intermediates.noindex/SwiftExplicitPrecompiledModules -clang-scanner-module-cache-path /Users/admin/builder/spi-builder-workspace/.derivedData/ModuleCache.noindex -sdk-module-cache-path /Users/admin/builder/spi-builder-workspace/.derivedData/SDKExplicitPrecompiledModules -emit-dependencies -emit-module -emit-module-path /Users/admin/builder/spi-builder-workspace/.derivedData/Build/Intermediates.noindex/UIKitViews.build/Debug-appletvos/UIKitViews-t.build/Objects-normal/arm64/UIKitViews.swiftmodule -serialize-diagnostics -dependency-scan-serialize-diagnostics-path /Users/admin/builder/spi-builder-workspace/.derivedData/Build/Intermediates.noindex/UIKitViews.build/Debug-appletvos/UIKitViews-t.build/Objects-normal/arm64/UIKitViews-dependency-scan.dia -validate-clang-modules-once -clang-build-session-file /Users/admin/builder/spi-builder-workspace/.derivedData/ModuleCache.noindex/Session.modulevalidation -Xcc -fmodules-prune-interval\=86400 -Xcc -fmodules-prune-after\=345600 -emit-const-values -const-gather-protocols-list /Users/admin/builder/spi-builder-workspace/.derivedData/Build/Intermediates.noindex/UIKitViews.build/Debug-appletvos/UIKitViews-t.build/Objects-normal/arm64/UIKitViews_const_extract_protocols.json -Xcc -I/Users/admin/builder/spi-builder-workspace/.derivedData/Build/Products/Debug-appletvos/include -Xcc -I/Users/admin/builder/spi-builder-workspace/.derivedData/Build/Intermediates.noindex/UIKitViews.build/Debug-appletvos/UIKitViews-t.build/DerivedSources-normal/arm64 -Xcc -I/Users/admin/builder/spi-builder-workspace/.derivedData/Build/Intermediates.noindex/UIKitViews.build/Debug-appletvos/UIKitViews-t.build/DerivedSources/arm64 -Xcc -I/Users/admin/builder/spi-builder-workspace/.derivedData/Build/Intermediates.noindex/UIKitViews.build/Debug-appletvos/UIKitViews-t.build/DerivedSources -Xcc -DSWIFT_PACKAGE -Xcc -DDEBUG\=1 -emit-objc-header -emit-objc-header-path /Users/admin/builder/spi-builder-workspace/.derivedData/Build/Intermediates.noindex/UIKitViews.build/Debug-appletvos/UIKitViews-t.build/Objects-normal/arm64/UIKitViews-Swift.h -working-directory /Users/admin/builder/spi-builder-workspace/.swiftpm/xcode -experimental-emit-module-separately -disable-cmo
SwiftDriverJobDiscovery normal arm64 Compiling Chain.swift (in target 'VDChain' from project 'VDChain')
SwiftCompile normal arm64 Compiling\ NSLayoutConstraints+Options.swift /Users/admin/builder/spi-builder-workspace/.dependencies/checkouts/VDPin/Sources/VDPin/NSLayoutConstraints+Options.swift (in target 'VDPin' from project 'VDPin')
SwiftCompile normal arm64 /Users/admin/builder/spi-builder-workspace/.dependencies/checkouts/VDPin/Sources/VDPin/NSLayoutConstraints+Options.swift (in target 'VDPin' from project 'VDPin')
    cd /Users/admin/builder/spi-builder-workspace/.swiftpm/xcode
    builtin-SwiftPerFileCompile NSLayoutConstraints+Options.swift
SwiftCompile normal arm64 Compiling\ Constraints.swift,\ Edge+Ext.swift /Users/admin/builder/spi-builder-workspace/.dependencies/checkouts/VDPin/Sources/VDPin/Constraints.swift /Users/admin/builder/spi-builder-workspace/.dependencies/checkouts/VDPin/Sources/VDPin/Edge+Ext.swift (in target 'VDPin' from project 'VDPin')
SwiftCompile normal arm64 /Users/admin/builder/spi-builder-workspace/.dependencies/checkouts/VDPin/Sources/VDPin/Constraints.swift (in target 'VDPin' from project 'VDPin')
    cd /Users/admin/builder/spi-builder-workspace/.swiftpm/xcode
    builtin-SwiftPerFileCompile Constraints.swift
SwiftCompile normal arm64 /Users/admin/builder/spi-builder-workspace/.dependencies/checkouts/VDPin/Sources/VDPin/Edge+Ext.swift (in target 'VDPin' from project 'VDPin')
    cd /Users/admin/builder/spi-builder-workspace/.swiftpm/xcode
    builtin-SwiftPerFileCompile Edge+Ext.swift
SwiftMergeGeneratedHeaders /Users/admin/builder/spi-builder-workspace/.derivedData/Build/Intermediates.noindex/GeneratedModuleMaps-appletvos/UIKitViews-Swift.h /Users/admin/builder/spi-builder-workspace/.derivedData/Build/Intermediates.noindex/UIKitViews.build/Debug-appletvos/UIKitViews-t.build/Objects-normal/arm64/UIKitViews-Swift.h (in target 'UIKitViews' from project 'UIKitViews')
    cd /Users/admin/builder/spi-builder-workspace/.dependencies/checkouts/UIKitViews
    builtin-swiftHeaderTool -arch arm64 /Users/admin/builder/spi-builder-workspace/.derivedData/Build/Intermediates.noindex/UIKitViews.build/Debug-appletvos/UIKitViews-t.build/Objects-normal/arm64/UIKitViews-Swift.h -o /Users/admin/builder/spi-builder-workspace/.derivedData/Build/Intermediates.noindex/GeneratedModuleMaps-appletvos/UIKitViews-Swift.h
Copy /Users/admin/builder/spi-builder-workspace/.derivedData/Build/Products/Debug-appletvos/UIKitViews.swiftmodule/arm64-apple-tvos.swiftmodule /Users/admin/builder/spi-builder-workspace/.derivedData/Build/Intermediates.noindex/UIKitViews.build/Debug-appletvos/UIKitViews-t.build/Objects-normal/arm64/UIKitViews.swiftmodule (in target 'UIKitViews' from project 'UIKitViews')
    cd /Users/admin/builder/spi-builder-workspace/.dependencies/checkouts/UIKitViews
    builtin-copy -exclude .DS_Store -exclude CVS -exclude .svn -exclude .git -exclude .hg -resolve-src-symlinks -rename /Users/admin/builder/spi-builder-workspace/.derivedData/Build/Intermediates.noindex/UIKitViews.build/Debug-appletvos/UIKitViews-t.build/Objects-normal/arm64/UIKitViews.swiftmodule /Users/admin/builder/spi-builder-workspace/.derivedData/Build/Products/Debug-appletvos/UIKitViews.swiftmodule/arm64-apple-tvos.swiftmodule
Copy /Users/admin/builder/spi-builder-workspace/.derivedData/Build/Products/Debug-appletvos/UIKitViews.swiftmodule/arm64-apple-tvos.swiftdoc /Users/admin/builder/spi-builder-workspace/.derivedData/Build/Intermediates.noindex/UIKitViews.build/Debug-appletvos/UIKitViews-t.build/Objects-normal/arm64/UIKitViews.swiftdoc (in target 'UIKitViews' from project 'UIKitViews')
    cd /Users/admin/builder/spi-builder-workspace/.dependencies/checkouts/UIKitViews
    builtin-copy -exclude .DS_Store -exclude CVS -exclude .svn -exclude .git -exclude .hg -resolve-src-symlinks -rename /Users/admin/builder/spi-builder-workspace/.derivedData/Build/Intermediates.noindex/UIKitViews.build/Debug-appletvos/UIKitViews-t.build/Objects-normal/arm64/UIKitViews.swiftdoc /Users/admin/builder/spi-builder-workspace/.derivedData/Build/Products/Debug-appletvos/UIKitViews.swiftmodule/arm64-apple-tvos.swiftdoc
SwiftDriverJobDiscovery normal arm64 Compiling ChainValues.swift (in target 'VDChain' from project 'VDChain')
Copy /Users/admin/builder/spi-builder-workspace/.derivedData/Build/Products/Debug-appletvos/UIKitViews.swiftmodule/arm64-apple-tvos.abi.json /Users/admin/builder/spi-builder-workspace/.derivedData/Build/Intermediates.noindex/UIKitViews.build/Debug-appletvos/UIKitViews-t.build/Objects-normal/arm64/UIKitViews.abi.json (in target 'UIKitViews' from project 'UIKitViews')
    cd /Users/admin/builder/spi-builder-workspace/.dependencies/checkouts/UIKitViews
    builtin-copy -exclude .DS_Store -exclude CVS -exclude .svn -exclude .git -exclude .hg -resolve-src-symlinks -rename /Users/admin/builder/spi-builder-workspace/.derivedData/Build/Intermediates.noindex/UIKitViews.build/Debug-appletvos/UIKitViews-t.build/Objects-normal/arm64/UIKitViews.abi.json /Users/admin/builder/spi-builder-workspace/.derivedData/Build/Products/Debug-appletvos/UIKitViews.swiftmodule/arm64-apple-tvos.abi.json
Copy /Users/admin/builder/spi-builder-workspace/.derivedData/Build/Products/Debug-appletvos/UIKitViews.swiftmodule/Project/arm64-apple-tvos.swiftsourceinfo /Users/admin/builder/spi-builder-workspace/.derivedData/Build/Intermediates.noindex/UIKitViews.build/Debug-appletvos/UIKitViews-t.build/Objects-normal/arm64/UIKitViews.swiftsourceinfo (in target 'UIKitViews' from project 'UIKitViews')
    cd /Users/admin/builder/spi-builder-workspace/.dependencies/checkouts/UIKitViews
    builtin-copy -exclude .DS_Store -exclude CVS -exclude .svn -exclude .git -exclude .hg -resolve-src-symlinks -rename /Users/admin/builder/spi-builder-workspace/.derivedData/Build/Intermediates.noindex/UIKitViews.build/Debug-appletvos/UIKitViews-t.build/Objects-normal/arm64/UIKitViews.swiftsourceinfo /Users/admin/builder/spi-builder-workspace/.derivedData/Build/Products/Debug-appletvos/UIKitViews.swiftmodule/Project/arm64-apple-tvos.swiftsourceinfo
SwiftDriverJobDiscovery normal arm64 Compiling PropertyChain.swift (in target 'VDChain' from project 'VDChain')
SwiftCompile normal arm64 Compiling\ UILayoutPriority+Ext.swift /Users/admin/builder/spi-builder-workspace/.dependencies/checkouts/VDPin/Sources/VDPin/UILayoutPriority+Ext.swift (in target 'VDPin' from project 'VDPin')
SwiftCompile normal arm64 /Users/admin/builder/spi-builder-workspace/.dependencies/checkouts/VDPin/Sources/VDPin/UILayoutPriority+Ext.swift (in target 'VDPin' from project 'VDPin')
    cd /Users/admin/builder/spi-builder-workspace/.swiftpm/xcode
    builtin-SwiftPerFileCompile UILayoutPriority+Ext.swift
SwiftCompile normal arm64 Compiling\ NSLayoutConstraint+Ext.swift,\ NSLayoutConstraint+pin.swift /Users/admin/builder/spi-builder-workspace/.dependencies/checkouts/VDPin/Sources/VDPin/NSLayoutConstraint+Ext.swift /Users/admin/builder/spi-builder-workspace/.dependencies/checkouts/VDPin/Sources/VDPin/NSLayoutConstraint+pin.swift (in target 'VDPin' from project 'VDPin')
SwiftCompile normal arm64 /Users/admin/builder/spi-builder-workspace/.dependencies/checkouts/VDPin/Sources/VDPin/NSLayoutConstraint+Ext.swift (in target 'VDPin' from project 'VDPin')
    cd /Users/admin/builder/spi-builder-workspace/.swiftpm/xcode
    builtin-SwiftPerFileCompile NSLayoutConstraint+Ext.swift
SwiftCompile normal arm64 /Users/admin/builder/spi-builder-workspace/.dependencies/checkouts/VDPin/Sources/VDPin/NSLayoutConstraint+pin.swift (in target 'VDPin' from project 'VDPin')
    cd /Users/admin/builder/spi-builder-workspace/.swiftpm/xcode
    builtin-SwiftPerFileCompile NSLayoutConstraint+pin.swift
SwiftCompile normal arm64 Compiling\ Collection++.swift,\ ContentPriority.swift /Users/admin/builder/spi-builder-workspace/.dependencies/checkouts/VDPin/Sources/VDPin/Extensions/Collection++.swift /Users/admin/builder/spi-builder-workspace/.dependencies/checkouts/VDPin/Sources/VDPin/Extensions/ContentPriority.swift (in target 'VDPin' from project 'VDPin')
SwiftCompile normal arm64 /Users/admin/builder/spi-builder-workspace/.dependencies/checkouts/VDPin/Sources/VDPin/Extensions/Collection++.swift (in target 'VDPin' from project 'VDPin')
    cd /Users/admin/builder/spi-builder-workspace/.swiftpm/xcode
    builtin-SwiftPerFileCompile Collection++.swift
SwiftCompile normal arm64 /Users/admin/builder/spi-builder-workspace/.dependencies/checkouts/VDPin/Sources/VDPin/Extensions/ContentPriority.swift (in target 'VDPin' from project 'VDPin')
    cd /Users/admin/builder/spi-builder-workspace/.swiftpm/xcode
    builtin-SwiftPerFileCompile ContentPriority.swift
SwiftDriver\ Compilation VDChain normal arm64 com.apple.xcode.tools.swift.compiler (in target 'VDChain' from project 'VDChain')
    cd /Users/admin/builder/spi-builder-workspace/.swiftpm/xcode
    builtin-Swift-Compilation -- /Applications/Xcode-27.0.0-Release.Candidate.app/Contents/Developer/Toolchains/XcodeDefault.xctoolchain/usr/bin/swiftc -parse-as-library -module-name VDChain -Onone @/Users/admin/builder/spi-builder-workspace/.derivedData/Build/Intermediates.noindex/VDChain.build/Debug-appletvos/VDChain-t.build/Objects-normal/arm64/VDChain.SwiftFileList -DSWIFT_PACKAGE -DDEBUG -DSWIFT_MODULE_RESOURCE_BUNDLE_UNAVAILABLE -DXcode -plugin-path /Applications/Xcode-27.0.0-Release.Candidate.app/Contents/Developer/Toolchains/XcodeDefault.xctoolchain/usr/lib/swift/host/plugins/testing -enable-experimental-feature DebugDescriptionMacro -sdk /Applications/Xcode-27.0.0-Release.Candidate.app/Contents/Developer/Platforms/AppleTVOS.platform/Developer/SDKs/AppleTVOS27.0.sdk -target arm64-apple-tvos15.0 -g -module-cache-path /Users/admin/builder/spi-builder-workspace/.derivedData/ModuleCache.noindex -Xfrontend -serialize-debugging-options -enable-testing -suppress-warnings -index-store-path /Users/admin/builder/spi-builder-workspace/.derivedData/Index.noindex/DataStore -Xcc -D_LIBCPP_HARDENING_MODE\=_LIBCPP_HARDENING_MODE_DEBUG -swift-version 5 -I /Users/admin/builder/spi-builder-workspace/.derivedData/Build/Products/Debug-appletvos -Isystem /Applications/Xcode-27.0.0-Release.Candidate.app/Contents/Developer/Platforms/AppleTVOS.platform/Developer/usr/lib -F /Users/admin/builder/spi-builder-workspace/.derivedData/Build/Products/Debug-appletvos -F /Applications/Xcode-27.0.0-Release.Candidate.app/Contents/Developer/Platforms/AppleTVOS.platform/Developer/Library/Frameworks -F /Applications/Xcode-27.0.0-Release.Candidate.app/Contents/Developer/Platforms/AppleTVOS.platform/Developer/SDKs/AppleTVOS27.0.sdk/Developer/Library/Frameworks -c -j10 -enable-batch-mode -incremental -Xcc -ivfsstatcache -Xcc /Users/admin/builder/spi-builder-workspace/.derivedData/SDKStatCaches.noindex/appletvos27.0-24J360-e829b21a6f8c9b70876ba0858053c044b32bfd8d43560033f8d89884cdb90028.sdkstatcache -output-file-map /Users/admin/builder/spi-builder-workspace/.derivedData/Build/Intermediates.noindex/VDChain.build/Debug-appletvos/VDChain-t.build/Objects-normal/arm64/VDChain-OutputFileMap.json -save-temps -no-color-diagnostics -explicit-module-build -module-cache-path /Users/admin/builder/spi-builder-workspace/.derivedData/Build/Intermediates.noindex/SwiftExplicitPrecompiledModules -clang-scanner-module-cache-path /Users/admin/builder/spi-builder-workspace/.derivedData/ModuleCache.noindex -sdk-module-cache-path /Users/admin/builder/spi-builder-workspace/.derivedData/SDKExplicitPrecompiledModules -emit-dependencies -emit-module -emit-module-path /Users/admin/builder/spi-builder-workspace/.derivedData/Build/Intermediates.noindex/VDChain.build/Debug-appletvos/VDChain-t.build/Objects-normal/arm64/VDChain.swiftmodule -serialize-diagnostics -dependency-scan-serialize-diagnostics-path /Users/admin/builder/spi-builder-workspace/.derivedData/Build/Intermediates.noindex/VDChain.build/Debug-appletvos/VDChain-t.build/Objects-normal/arm64/VDChain-dependency-scan.dia -validate-clang-modules-once -clang-build-session-file /Users/admin/builder/spi-builder-workspace/.derivedData/ModuleCache.noindex/Session.modulevalidation -Xcc -fmodules-prune-interval\=86400 -Xcc -fmodules-prune-after\=345600 -emit-const-values -const-gather-protocols-list /Users/admin/builder/spi-builder-workspace/.derivedData/Build/Intermediates.noindex/VDChain.build/Debug-appletvos/VDChain-t.build/Objects-normal/arm64/VDChain_const_extract_protocols.json -Xcc -I/Users/admin/builder/spi-builder-workspace/.derivedData/Build/Products/Debug-appletvos/include -Xcc -I/Users/admin/builder/spi-builder-workspace/.derivedData/Build/Intermediates.noindex/VDChain.build/Debug-appletvos/VDChain-t.build/DerivedSources-normal/arm64 -Xcc -I/Users/admin/builder/spi-builder-workspace/.derivedData/Build/Intermediates.noindex/VDChain.build/Debug-appletvos/VDChain-t.build/DerivedSources/arm64 -Xcc -I/Users/admin/builder/spi-builder-workspace/.derivedData/Build/Intermediates.noindex/VDChain.build/Debug-appletvos/VDChain-t.build/DerivedSources -Xcc -DSWIFT_PACKAGE -Xcc -DDEBUG\=1 -emit-objc-header -emit-objc-header-path /Users/admin/builder/spi-builder-workspace/.derivedData/Build/Intermediates.noindex/VDChain.build/Debug-appletvos/VDChain-t.build/Objects-normal/arm64/VDChain-Swift.h -working-directory /Users/admin/builder/spi-builder-workspace/.swiftpm/xcode -experimental-emit-module-separately -disable-cmo
SwiftDriverJobDiscovery normal arm64 Compiling UIApplication++.swift, UIView++.swift (in target 'VDPin' from project 'VDPin')
SwiftCompile normal arm64 Compiling\ UIView++.swift /Users/admin/builder/spi-builder-workspace/.dependencies/checkouts/UIKitViews/Sources/UIKitViews/UIView++.swift (in target 'UIKitViews' from project 'UIKitViews')
SwiftCompile normal arm64 /Users/admin/builder/spi-builder-workspace/.dependencies/checkouts/UIKitViews/Sources/UIKitViews/UIView++.swift (in target 'UIKitViews' from project 'UIKitViews')
    cd /Users/admin/builder/spi-builder-workspace/.swiftpm/xcode
    builtin-SwiftPerFileCompile UIView++.swift
SwiftCompile normal arm64 Compiling\ UIKitRepresentable.swift,\ UIKitView+Chain.swift /Users/admin/builder/spi-builder-workspace/.dependencies/checkouts/UIKitViews/Sources/UIKitViews/UIKitRepresentable.swift /Users/admin/builder/spi-builder-workspace/.dependencies/checkouts/UIKitViews/Sources/UIKitViews/UIKitView+Chain.swift (in target 'UIKitViews' from project 'UIKitViews')
SwiftCompile normal arm64 /Users/admin/builder/spi-builder-workspace/.dependencies/checkouts/UIKitViews/Sources/UIKitViews/UIKitRepresentable.swift (in target 'UIKitViews' from project 'UIKitViews')
    cd /Users/admin/builder/spi-builder-workspace/.swiftpm/xcode
    builtin-SwiftPerFileCompile UIKitRepresentable.swift
SwiftCompile normal arm64 /Users/admin/builder/spi-builder-workspace/.dependencies/checkouts/UIKitViews/Sources/UIKitViews/UIKitView+Chain.swift (in target 'UIKitViews' from project 'UIKitViews')
    cd /Users/admin/builder/spi-builder-workspace/.swiftpm/xcode
    builtin-SwiftPerFileCompile UIKitView+Chain.swift
SwiftCompile normal arm64 Compiling\ AnyUIRepresentableWrapper.swift,\ AnyUIViewControllerRepresentable.swift /Users/admin/builder/spi-builder-workspace/.dependencies/checkouts/UIKitViews/Sources/UIKitViews/AnyUIRepresentableWrapper.swift /Users/admin/builder/spi-builder-workspace/.dependencies/checkouts/UIKitViews/Sources/UIKitViews/AnyUIViewControllerRepresentable.swift (in target 'UIKitViews' from project 'UIKitViews')
SwiftCompile normal arm64 /Users/admin/builder/spi-builder-workspace/.dependencies/checkouts/UIKitViews/Sources/UIKitViews/AnyUIRepresentableWrapper.swift (in target 'UIKitViews' from project 'UIKitViews')
    cd /Users/admin/builder/spi-builder-workspace/.swiftpm/xcode
    builtin-SwiftPerFileCompile AnyUIRepresentableWrapper.swift
SwiftCompile normal arm64 /Users/admin/builder/spi-builder-workspace/.dependencies/checkouts/UIKitViews/Sources/UIKitViews/AnyUIViewControllerRepresentable.swift (in target 'UIKitViews' from project 'UIKitViews')
    cd /Users/admin/builder/spi-builder-workspace/.swiftpm/xcode
    builtin-SwiftPerFileCompile AnyUIViewControllerRepresentable.swift
SwiftDriverJobDiscovery normal arm64 Compiling NSLayoutConstraintable.swift (in target 'VDPin' from project 'VDPin')
SwiftDriverJobDiscovery normal arm64 Compiling RangeConvertable.swift (in target 'VDPin' from project 'VDPin')
SwiftCompile normal arm64 Compiling\ UIKitViewWrapper.swift /Users/admin/builder/spi-builder-workspace/.dependencies/checkouts/UIKitViews/Sources/UIKitViews/UIKitViewWrapper.swift (in target 'UIKitViews' from project 'UIKitViews')
SwiftCompile normal arm64 /Users/admin/builder/spi-builder-workspace/.dependencies/checkouts/UIKitViews/Sources/UIKitViews/UIKitViewWrapper.swift (in target 'UIKitViews' from project 'UIKitViews')
    cd /Users/admin/builder/spi-builder-workspace/.swiftpm/xcode
    builtin-SwiftPerFileCompile UIKitViewWrapper.swift
SwiftDriverJobDiscovery normal arm64 Compiling Collection++.swift, ContentPriority.swift (in target 'VDPin' from project 'VDPin')
SwiftCompile normal arm64 Compiling\ AnyUIViewRepresentable.swift,\ HostingView.swift /Users/admin/builder/spi-builder-workspace/.dependencies/checkouts/UIKitViews/Sources/UIKitViews/AnyUIViewRepresentable.swift /Users/admin/builder/spi-builder-workspace/.dependencies/checkouts/UIKitViews/Sources/UIKitViews/HostingView.swift (in target 'UIKitViews' from project 'UIKitViews')
SwiftCompile normal arm64 /Users/admin/builder/spi-builder-workspace/.dependencies/checkouts/UIKitViews/Sources/UIKitViews/AnyUIViewRepresentable.swift (in target 'UIKitViews' from project 'UIKitViews')
    cd /Users/admin/builder/spi-builder-workspace/.swiftpm/xcode
    builtin-SwiftPerFileCompile AnyUIViewRepresentable.swift
SwiftCompile normal arm64 /Users/admin/builder/spi-builder-workspace/.dependencies/checkouts/UIKitViews/Sources/UIKitViews/HostingView.swift (in target 'UIKitViews' from project 'UIKitViews')
    cd /Users/admin/builder/spi-builder-workspace/.swiftpm/xcode
    builtin-SwiftPerFileCompile HostingView.swift
SwiftCompile normal arm64 Compiling\ UIKitView+init.swift,\ UIKitView.swift /Users/admin/builder/spi-builder-workspace/.dependencies/checkouts/UIKitViews/Sources/UIKitViews/UIKitView+init.swift /Users/admin/builder/spi-builder-workspace/.dependencies/checkouts/UIKitViews/Sources/UIKitViews/UIKitView.swift (in target 'UIKitViews' from project 'UIKitViews')
SwiftCompile normal arm64 /Users/admin/builder/spi-builder-workspace/.dependencies/checkouts/UIKitViews/Sources/UIKitViews/UIKitView+init.swift (in target 'UIKitViews' from project 'UIKitViews')
    cd /Users/admin/builder/spi-builder-workspace/.swiftpm/xcode
    builtin-SwiftPerFileCompile UIKitView+init.swift
SwiftCompile normal arm64 /Users/admin/builder/spi-builder-workspace/.dependencies/checkouts/UIKitViews/Sources/UIKitViews/UIKitView.swift (in target 'UIKitViews' from project 'UIKitViews')
    cd /Users/admin/builder/spi-builder-workspace/.swiftpm/xcode
    builtin-SwiftPerFileCompile UIKitView.swift
SwiftDriverJobDiscovery normal arm64 Compiling Pinnable.swift (in target 'VDPin' from project 'VDPin')
SwiftDriverJobDiscovery normal arm64 Compiling UILayoutPriority+Ext.swift (in target 'VDPin' from project 'VDPin')
Ld /Users/admin/builder/spi-builder-workspace/.derivedData/Build/Products/Debug-appletvos/VDChain.o normal (in target 'VDChain' from project 'VDChain')
    cd /Users/admin/builder/spi-builder-workspace/.dependencies/checkouts/VDChain
    /Applications/Xcode-27.0.0-Release.Candidate.app/Contents/Developer/Toolchains/XcodeDefault.xctoolchain/usr/bin/clang -Xlinker -reproducible -target arm64-apple-tvos15.0 -r -isysroot /Applications/Xcode-27.0.0-Release.Candidate.app/Contents/Developer/Platforms/AppleTVOS.platform/Developer/SDKs/AppleTVOS27.0.sdk -O0 -w -Xlinker -no_warn_duplicate_libraries -F/Users/admin/builder/spi-builder-workspace/.derivedData/Build/Intermediates.noindex/EagerLinkingTBDs/Debug-appletvos -F/Users/admin/builder/spi-builder-workspace/.derivedData/Build/Products/Debug-appletvos -iframework /Applications/Xcode-27.0.0-Release.Candidate.app/Contents/Developer/Platforms/AppleTVOS.platform/Developer/Library/Frameworks -iframework /Applications/Xcode-27.0.0-Release.Candidate.app/Contents/Developer/Platforms/AppleTVOS.platform/Developer/SDKs/AppleTVOS27.0.sdk/Developer/Library/Frameworks -filelist /Users/admin/builder/spi-builder-workspace/.derivedData/Build/Intermediates.noindex/VDChain.build/Debug-appletvos/VDChain-t.build/Objects-normal/arm64/VDChain.LinkFileList -nostdlib -Xlinker -object_path_lto -Xlinker /Users/admin/builder/spi-builder-workspace/.derivedData/Build/Intermediates.noindex/VDChain.build/Debug-appletvos/VDChain-t.build/Objects-normal/arm64/VDChain_lto.o -Xlinker -no_deduplicate -Xlinker -dependency_info -Xlinker /Users/admin/builder/spi-builder-workspace/.derivedData/Build/Intermediates.noindex/VDChain.build/Debug-appletvos/VDChain-t.build/Objects-normal/arm64/VDChain_dependency_info.dat -fobjc-link-runtime -L/Applications/Xcode-27.0.0-Release.Candidate.app/Contents/Developer/Toolchains/XcodeDefault.xctoolchain/usr/lib/swift/appletvos -L/usr/lib/swift -Xlinker -add_ast_path -Xlinker /Users/admin/builder/spi-builder-workspace/.derivedData/Build/Intermediates.noindex/VDChain.build/Debug-appletvos/VDChain-t.build/Objects-normal/arm64/VDChain.swiftmodule -o /Users/admin/builder/spi-builder-workspace/.derivedData/Build/Products/Debug-appletvos/VDChain.o
SwiftDriverJobDiscovery normal arm64 Compiling NSLayoutConstraints+Options.swift (in target 'VDPin' from project 'VDPin')
SwiftCompile normal arm64 Compiling\ UIKitViewResizing.swift /Users/admin/builder/spi-builder-workspace/.dependencies/checkouts/UIKitViews/Sources/UIKitViews/UIKitViewResizing.swift (in target 'UIKitViews' from project 'UIKitViews')
SwiftCompile normal arm64 /Users/admin/builder/spi-builder-workspace/.dependencies/checkouts/UIKitViews/Sources/UIKitViews/UIKitViewResizing.swift (in target 'UIKitViews' from project 'UIKitViews')
    cd /Users/admin/builder/spi-builder-workspace/.swiftpm/xcode
    builtin-SwiftPerFileCompile UIKitViewResizing.swift
SwiftCompile normal arm64 Compiling\ UIKitViewControllerWrapper.swift /Users/admin/builder/spi-builder-workspace/.dependencies/checkouts/UIKitViews/Sources/UIKitViews/UIKitViewControllerWrapper.swift (in target 'UIKitViews' from project 'UIKitViews')
SwiftCompile normal arm64 /Users/admin/builder/spi-builder-workspace/.dependencies/checkouts/UIKitViews/Sources/UIKitViews/UIKitViewControllerWrapper.swift (in target 'UIKitViews' from project 'UIKitViews')
    cd /Users/admin/builder/spi-builder-workspace/.swiftpm/xcode
    builtin-SwiftPerFileCompile UIKitViewControllerWrapper.swift
SwiftDriverJobDiscovery normal arm64 Compiling Constraints.swift, Edge+Ext.swift (in target 'VDPin' from project 'VDPin')
SwiftCompile normal arm64 Compiling\ UIKitViewEnvironment.swift /Users/admin/builder/spi-builder-workspace/.dependencies/checkouts/UIKitViews/Sources/UIKitViews/UIKitViewEnvironment.swift (in target 'UIKitViews' from project 'UIKitViews')
SwiftCompile normal arm64 /Users/admin/builder/spi-builder-workspace/.dependencies/checkouts/UIKitViews/Sources/UIKitViews/UIKitViewEnvironment.swift (in target 'UIKitViews' from project 'UIKitViews')
    cd /Users/admin/builder/spi-builder-workspace/.swiftpm/xcode
    builtin-SwiftPerFileCompile UIKitViewEnvironment.swift
SwiftDriverJobDiscovery normal arm64 Compiling NSLayoutConstraintAttribute+Ext.swift, NSLayoutConstraintAttributeSet.swift (in target 'VDPin' from project 'VDPin')
SwiftCompile normal arm64 Compiling\ Operator.swift,\ SelfSizingHostingController.swift /Users/admin/builder/spi-builder-workspace/.dependencies/checkouts/UIKitViews/Sources/UIKitViews/Operator.swift /Users/admin/builder/spi-builder-workspace/.dependencies/checkouts/UIKitViews/Sources/UIKitViews/SelfSizingHostingController.swift (in target 'UIKitViews' from project 'UIKitViews')
SwiftCompile normal arm64 /Users/admin/builder/spi-builder-workspace/.dependencies/checkouts/UIKitViews/Sources/UIKitViews/Operator.swift (in target 'UIKitViews' from project 'UIKitViews')
    cd /Users/admin/builder/spi-builder-workspace/.swiftpm/xcode
    builtin-SwiftPerFileCompile Operator.swift
SwiftCompile normal arm64 /Users/admin/builder/spi-builder-workspace/.dependencies/checkouts/UIKitViews/Sources/UIKitViews/SelfSizingHostingController.swift (in target 'UIKitViews' from project 'UIKitViews')
    cd /Users/admin/builder/spi-builder-workspace/.swiftpm/xcode
    builtin-SwiftPerFileCompile SelfSizingHostingController.swift
SwiftDriverJobDiscovery normal arm64 Compiling NSLayoutConstraint+Ext.swift, NSLayoutConstraint+pin.swift (in target 'VDPin' from project 'VDPin')
SwiftDriver\ Compilation VDPin normal arm64 com.apple.xcode.tools.swift.compiler (in target 'VDPin' from project 'VDPin')
    cd /Users/admin/builder/spi-builder-workspace/.swiftpm/xcode
    builtin-Swift-Compilation -- /Applications/Xcode-27.0.0-Release.Candidate.app/Contents/Developer/Toolchains/XcodeDefault.xctoolchain/usr/bin/swiftc -parse-as-library -module-name VDPin -Onone @/Users/admin/builder/spi-builder-workspace/.derivedData/Build/Intermediates.noindex/VDPin.build/Debug-appletvos/VDPin-t.build/Objects-normal/arm64/VDPin.SwiftFileList -DSWIFT_PACKAGE -DDEBUG -DSWIFT_MODULE_RESOURCE_BUNDLE_UNAVAILABLE -DXcode -plugin-path /Applications/Xcode-27.0.0-Release.Candidate.app/Contents/Developer/Toolchains/XcodeDefault.xctoolchain/usr/lib/swift/host/plugins/testing -enable-experimental-feature DebugDescriptionMacro -sdk /Applications/Xcode-27.0.0-Release.Candidate.app/Contents/Developer/Platforms/AppleTVOS.platform/Developer/SDKs/AppleTVOS27.0.sdk -target arm64-apple-tvos15.0 -g -module-cache-path /Users/admin/builder/spi-builder-workspace/.derivedData/ModuleCache.noindex -Xfrontend -serialize-debugging-options -enable-testing -suppress-warnings -index-store-path /Users/admin/builder/spi-builder-workspace/.derivedData/Index.noindex/DataStore -Xcc -D_LIBCPP_HARDENING_MODE\=_LIBCPP_HARDENING_MODE_DEBUG -swift-version 5 -I /Users/admin/builder/spi-builder-workspace/.derivedData/Build/Products/Debug-appletvos -Isystem /Applications/Xcode-27.0.0-Release.Candidate.app/Contents/Developer/Platforms/AppleTVOS.platform/Developer/usr/lib -F /Users/admin/builder/spi-builder-workspace/.derivedData/Build/Products/Debug-appletvos -F /Applications/Xcode-27.0.0-Release.Candidate.app/Contents/Developer/Platforms/AppleTVOS.platform/Developer/Library/Frameworks -F /Applications/Xcode-27.0.0-Release.Candidate.app/Contents/Developer/Platforms/AppleTVOS.platform/Developer/SDKs/AppleTVOS27.0.sdk/Developer/Library/Frameworks -c -j10 -enable-batch-mode -incremental -Xcc -ivfsstatcache -Xcc /Users/admin/builder/spi-builder-workspace/.derivedData/SDKStatCaches.noindex/appletvos27.0-24J360-e829b21a6f8c9b70876ba0858053c044b32bfd8d43560033f8d89884cdb90028.sdkstatcache -output-file-map /Users/admin/builder/spi-builder-workspace/.derivedData/Build/Intermediates.noindex/VDPin.build/Debug-appletvos/VDPin-t.build/Objects-normal/arm64/VDPin-OutputFileMap.json -save-temps -no-color-diagnostics -explicit-module-build -module-cache-path /Users/admin/builder/spi-builder-workspace/.derivedData/Build/Intermediates.noindex/SwiftExplicitPrecompiledModules -clang-scanner-module-cache-path /Users/admin/builder/spi-builder-workspace/.derivedData/ModuleCache.noindex -sdk-module-cache-path /Users/admin/builder/spi-builder-workspace/.derivedData/SDKExplicitPrecompiledModules -emit-dependencies -emit-module -emit-module-path /Users/admin/builder/spi-builder-workspace/.derivedData/Build/Intermediates.noindex/VDPin.build/Debug-appletvos/VDPin-t.build/Objects-normal/arm64/VDPin.swiftmodule -serialize-diagnostics -dependency-scan-serialize-diagnostics-path /Users/admin/builder/spi-builder-workspace/.derivedData/Build/Intermediates.noindex/VDPin.build/Debug-appletvos/VDPin-t.build/Objects-normal/arm64/VDPin-dependency-scan.dia -validate-clang-modules-once -clang-build-session-file /Users/admin/builder/spi-builder-workspace/.derivedData/ModuleCache.noindex/Session.modulevalidation -Xcc -fmodules-prune-interval\=86400 -Xcc -fmodules-prune-after\=345600 -emit-const-values -const-gather-protocols-list /Users/admin/builder/spi-builder-workspace/.derivedData/Build/Intermediates.noindex/VDPin.build/Debug-appletvos/VDPin-t.build/Objects-normal/arm64/VDPin_const_extract_protocols.json -Xcc -I/Users/admin/builder/spi-builder-workspace/.derivedData/Build/Products/Debug-appletvos/include -Xcc -I/Users/admin/builder/spi-builder-workspace/.derivedData/Build/Intermediates.noindex/VDPin.build/Debug-appletvos/VDPin-t.build/DerivedSources-normal/arm64 -Xcc -I/Users/admin/builder/spi-builder-workspace/.derivedData/Build/Intermediates.noindex/VDPin.build/Debug-appletvos/VDPin-t.build/DerivedSources/arm64 -Xcc -I/Users/admin/builder/spi-builder-workspace/.derivedData/Build/Intermediates.noindex/VDPin.build/Debug-appletvos/VDPin-t.build/DerivedSources -Xcc -DSWIFT_PACKAGE -Xcc -DDEBUG\=1 -emit-objc-header -emit-objc-header-path /Users/admin/builder/spi-builder-workspace/.derivedData/Build/Intermediates.noindex/VDPin.build/Debug-appletvos/VDPin-t.build/Objects-normal/arm64/VDPin-Swift.h -working-directory /Users/admin/builder/spi-builder-workspace/.swiftpm/xcode -experimental-emit-module-separately -disable-cmo
SwiftDriverJobDiscovery normal arm64 Compiling AnyUIViewRepresentable.swift, HostingView.swift (in target 'UIKitViews' from project 'UIKitViews')
Ld /Users/admin/builder/spi-builder-workspace/.derivedData/Build/Products/Debug-appletvos/VDPin.o normal (in target 'VDPin' from project 'VDPin')
    cd /Users/admin/builder/spi-builder-workspace/.dependencies/checkouts/VDPin
    /Applications/Xcode-27.0.0-Release.Candidate.app/Contents/Developer/Toolchains/XcodeDefault.xctoolchain/usr/bin/clang -Xlinker -reproducible -target arm64-apple-tvos15.0 -r -isysroot /Applications/Xcode-27.0.0-Release.Candidate.app/Contents/Developer/Platforms/AppleTVOS.platform/Developer/SDKs/AppleTVOS27.0.sdk -O0 -w -Xlinker -no_warn_duplicate_libraries -F/Users/admin/builder/spi-builder-workspace/.derivedData/Build/Intermediates.noindex/EagerLinkingTBDs/Debug-appletvos -F/Users/admin/builder/spi-builder-workspace/.derivedData/Build/Products/Debug-appletvos -iframework /Applications/Xcode-27.0.0-Release.Candidate.app/Contents/Developer/Platforms/AppleTVOS.platform/Developer/Library/Frameworks -iframework /Applications/Xcode-27.0.0-Release.Candidate.app/Contents/Developer/Platforms/AppleTVOS.platform/Developer/SDKs/AppleTVOS27.0.sdk/Developer/Library/Frameworks -filelist /Users/admin/builder/spi-builder-workspace/.derivedData/Build/Intermediates.noindex/VDPin.build/Debug-appletvos/VDPin-t.build/Objects-normal/arm64/VDPin.LinkFileList -nostdlib -Xlinker -object_path_lto -Xlinker /Users/admin/builder/spi-builder-workspace/.derivedData/Build/Intermediates.noindex/VDPin.build/Debug-appletvos/VDPin-t.build/Objects-normal/arm64/VDPin_lto.o -Xlinker -no_deduplicate -Xlinker -dependency_info -Xlinker /Users/admin/builder/spi-builder-workspace/.derivedData/Build/Intermediates.noindex/VDPin.build/Debug-appletvos/VDPin-t.build/Objects-normal/arm64/VDPin_dependency_info.dat -fobjc-link-runtime -L/Applications/Xcode-27.0.0-Release.Candidate.app/Contents/Developer/Toolchains/XcodeDefault.xctoolchain/usr/lib/swift/appletvos -L/usr/lib/swift -Xlinker -add_ast_path -Xlinker /Users/admin/builder/spi-builder-workspace/.derivedData/Build/Intermediates.noindex/VDPin.build/Debug-appletvos/VDPin-t.build/Objects-normal/arm64/VDPin.swiftmodule -o /Users/admin/builder/spi-builder-workspace/.derivedData/Build/Products/Debug-appletvos/VDPin.o
ExtractAppIntentsMetadata (in target 'VDPin' from project 'VDPin')
    cd /Users/admin/builder/spi-builder-workspace/.dependencies/checkouts/VDPin
    /Applications/Xcode-27.0.0-Release.Candidate.app/Contents/Developer/Toolchains/XcodeDefault.xctoolchain/usr/bin/appintentsmetadataprocessor --toolchain-dir /var/run/com.apple.security.cryptexd/mnt/com.apple.MobileAsset.MetalToolchain-v27.1.266.1.pBknGT/Metal.xctoolchain --module-name VDPin --sdk-root /Applications/Xcode-27.0.0-Release.Candidate.app/Contents/Developer/Platforms/AppleTVOS.platform/Developer/SDKs/AppleTVOS27.0.sdk --xcode-version 27A266a --platform-family tvOS --deployment-target 15.0 --bundle-identifier vdpin.VDPin --output /Users/admin/builder/spi-builder-workspace/.derivedData/Build/Products/Debug-appletvos/VDPin.appintents --target-triple arm64-apple-tvos15.0 --binary-file /Users/admin/builder/spi-builder-workspace/.derivedData/Build/Products/Debug-appletvos/VDPin.o --dependency-file /Users/admin/builder/spi-builder-workspace/.derivedData/Build/Intermediates.noindex/VDPin.build/Debug-appletvos/VDPin-t.build/Objects-normal/arm64/VDPin_dependency_info.dat --stringsdata-file /Users/admin/builder/spi-builder-workspace/.derivedData/Build/Intermediates.noindex/VDPin.build/Debug-appletvos/VDPin-t.build/Objects-normal/arm64/ExtractedAppShortcutsMetadata.stringsdata --source-file-list /Users/admin/builder/spi-builder-workspace/.derivedData/Build/Intermediates.noindex/VDPin.build/Debug-appletvos/VDPin-t.build/Objects-normal/arm64/VDPin.SwiftFileList --metadata-file-list /Users/admin/builder/spi-builder-workspace/.derivedData/Build/Intermediates.noindex/VDPin.build/Debug-appletvos/VDPin-t.build/VDPin.DependencyMetadataFileList --static-metadata-file-list /Users/admin/builder/spi-builder-workspace/.derivedData/Build/Intermediates.noindex/VDPin.build/Debug-appletvos/VDPin-t.build/VDPin.DependencyStaticMetadataFileList --swift-const-vals-list /Users/admin/builder/spi-builder-workspace/.derivedData/Build/Intermediates.noindex/VDPin.build/Debug-appletvos/VDPin-t.build/Objects-normal/arm64/VDPin.SwiftConstValuesFileList --force --compile-time-extraction --deployment-aware-processing --no-app-shortcuts-localization
2026-09-20 19:06:17.477 appintentsmetadataprocessor[897:5298] Starting appintentsmetadataprocessor export
2026-09-20 19:06:17.600 appintentsmetadataprocessor[897:5298] Extracted no relevant App Intents symbols, skipping writing output
SwiftDriverJobDiscovery normal arm64 Compiling UIKitRepresentable.swift, UIKitView+Chain.swift (in target 'UIKitViews' from project 'UIKitViews')
ExtractAppIntentsMetadata (in target 'VDChain' from project 'VDChain')
    cd /Users/admin/builder/spi-builder-workspace/.dependencies/checkouts/VDChain
    /Applications/Xcode-27.0.0-Release.Candidate.app/Contents/Developer/Toolchains/XcodeDefault.xctoolchain/usr/bin/appintentsmetadataprocessor --toolchain-dir /var/run/com.apple.security.cryptexd/mnt/com.apple.MobileAsset.MetalToolchain-v27.1.266.1.pBknGT/Metal.xctoolchain --module-name VDChain --sdk-root /Applications/Xcode-27.0.0-Release.Candidate.app/Contents/Developer/Platforms/AppleTVOS.platform/Developer/SDKs/AppleTVOS27.0.sdk --xcode-version 27A266a --platform-family tvOS --deployment-target 15.0 --bundle-identifier vdchain.VDChain --output /Users/admin/builder/spi-builder-workspace/.derivedData/Build/Products/Debug-appletvos/VDChain.appintents --target-triple arm64-apple-tvos15.0 --binary-file /Users/admin/builder/spi-builder-workspace/.derivedData/Build/Products/Debug-appletvos/VDChain.o --dependency-file /Users/admin/builder/spi-builder-workspace/.derivedData/Build/Intermediates.noindex/VDChain.build/Debug-appletvos/VDChain-t.build/Objects-normal/arm64/VDChain_dependency_info.dat --stringsdata-file /Users/admin/builder/spi-builder-workspace/.derivedData/Build/Intermediates.noindex/VDChain.build/Debug-appletvos/VDChain-t.build/Objects-normal/arm64/ExtractedAppShortcutsMetadata.stringsdata --source-file-list /Users/admin/builder/spi-builder-workspace/.derivedData/Build/Intermediates.noindex/VDChain.build/Debug-appletvos/VDChain-t.build/Objects-normal/arm64/VDChain.SwiftFileList --metadata-file-list /Users/admin/builder/spi-builder-workspace/.derivedData/Build/Intermediates.noindex/VDChain.build/Debug-appletvos/VDChain-t.build/VDChain.DependencyMetadataFileList --static-metadata-file-list /Users/admin/builder/spi-builder-workspace/.derivedData/Build/Intermediates.noindex/VDChain.build/Debug-appletvos/VDChain-t.build/VDChain.DependencyStaticMetadataFileList --swift-const-vals-list /Users/admin/builder/spi-builder-workspace/.derivedData/Build/Intermediates.noindex/VDChain.build/Debug-appletvos/VDChain-t.build/Objects-normal/arm64/VDChain.SwiftConstValuesFileList --force --compile-time-extraction --deployment-aware-processing --no-app-shortcuts-localization
2026-09-20 19:06:17.477 appintentsmetadataprocessor[898:5300] Starting appintentsmetadataprocessor export
2026-09-20 19:06:17.599 appintentsmetadataprocessor[898:5300] Extracted no relevant App Intents symbols, skipping writing output
SwiftDriverJobDiscovery normal arm64 Compiling UIKitView+init.swift, UIKitView.swift (in target 'UIKitViews' from project 'UIKitViews')
SwiftDriver VDLayout normal arm64 com.apple.xcode.tools.swift.compiler (in target 'VDLayout' from project 'VDLayout')
    cd /Users/admin/builder/spi-builder-workspace/.swiftpm/xcode
    builtin-SwiftDriver -- /Applications/Xcode-27.0.0-Release.Candidate.app/Contents/Developer/Toolchains/XcodeDefault.xctoolchain/usr/bin/swiftc -parse-as-library -module-name VDLayout -Onone @/Users/admin/builder/spi-builder-workspace/.derivedData/Build/Intermediates.noindex/VDLayout.build/Debug-appletvos/VDLayout-t.build/Objects-normal/arm64/VDLayout.SwiftFileList -DSWIFT_PACKAGE -DDEBUG -DSWIFT_MODULE_RESOURCE_BUNDLE_UNAVAILABLE -DXcode -plugin-path /Applications/Xcode-27.0.0-Release.Candidate.app/Contents/Developer/Toolchains/XcodeDefault.xctoolchain/usr/lib/swift/host/plugins/testing -enable-experimental-feature DebugDescriptionMacro -sdk /Applications/Xcode-27.0.0-Release.Candidate.app/Contents/Developer/Platforms/AppleTVOS.platform/Developer/SDKs/AppleTVOS27.0.sdk -target arm64-apple-tvos15.0 -g -module-cache-path /Users/admin/builder/spi-builder-workspace/.derivedData/ModuleCache.noindex -Xfrontend -serialize-debugging-options -enable-testing -index-store-path /Users/admin/builder/spi-builder-workspace/.derivedData/Index.noindex/DataStore -Xcc -D_LIBCPP_HARDENING_MODE\=_LIBCPP_HARDENING_MODE_DEBUG -swift-version 5 -I /Users/admin/builder/spi-builder-workspace/.derivedData/Build/Products/Debug-appletvos -Isystem /Applications/Xcode-27.0.0-Release.Candidate.app/Contents/Developer/Platforms/AppleTVOS.platform/Developer/usr/lib -F /Users/admin/builder/spi-builder-workspace/.derivedData/Build/Products/Debug-appletvos/PackageFrameworks -F /Users/admin/builder/spi-builder-workspace/.derivedData/Build/Products/Debug-appletvos -F /Applications/Xcode-27.0.0-Release.Candidate.app/Contents/Developer/Platforms/AppleTVOS.platform/Developer/Library/Frameworks -F /Applications/Xcode-27.0.0-Release.Candidate.app/Contents/Developer/Platforms/AppleTVOS.platform/Developer/SDKs/AppleTVOS27.0.sdk/Developer/Library/Frameworks -c -j10 -enable-batch-mode -incremental -Xcc -ivfsstatcache -Xcc /Users/admin/builder/spi-builder-workspace/.derivedData/SDKStatCaches.noindex/appletvos27.0-24J360-e829b21a6f8c9b70876ba0858053c044b32bfd8d43560033f8d89884cdb90028.sdkstatcache -output-file-map /Users/admin/builder/spi-builder-workspace/.derivedData/Build/Intermediates.noindex/VDLayout.build/Debug-appletvos/VDLayout-t.build/Objects-normal/arm64/VDLayout-OutputFileMap.json -save-temps -no-color-diagnostics -explicit-module-build -module-cache-path /Users/admin/builder/spi-builder-workspace/.derivedData/Build/Intermediates.noindex/SwiftExplicitPrecompiledModules -clang-scanner-module-cache-path /Users/admin/builder/spi-builder-workspace/.derivedData/ModuleCache.noindex -sdk-module-cache-path /Users/admin/builder/spi-builder-workspace/.derivedData/SDKExplicitPrecompiledModules -emit-dependencies -emit-module -emit-module-path /Users/admin/builder/spi-builder-workspace/.derivedData/Build/Intermediates.noindex/VDLayout.build/Debug-appletvos/VDLayout-t.build/Objects-normal/arm64/VDLayout.swiftmodule -serialize-diagnostics -dependency-scan-serialize-diagnostics-path /Users/admin/builder/spi-builder-workspace/.derivedData/Build/Intermediates.noindex/VDLayout.build/Debug-appletvos/VDLayout-t.build/Objects-normal/arm64/VDLayout-dependency-scan.dia -validate-clang-modules-once -clang-build-session-file /Users/admin/builder/spi-builder-workspace/.derivedData/ModuleCache.noindex/Session.modulevalidation -Xcc -fmodules-prune-interval\=86400 -Xcc -fmodules-prune-after\=345600 -emit-const-values -const-gather-protocols-list /Users/admin/builder/spi-builder-workspace/.derivedData/Build/Intermediates.noindex/VDLayout.build/Debug-appletvos/VDLayout-t.build/Objects-normal/arm64/VDLayout_const_extract_protocols.json -Xcc -I/Users/admin/builder/spi-builder-workspace/.derivedData/Build/Products/Debug-appletvos/include -Xcc -I/Users/admin/builder/spi-builder-workspace/.derivedData/Build/Intermediates.noindex/VDLayout.build/Debug-appletvos/VDLayout-t.build/DerivedSources-normal/arm64 -Xcc -I/Users/admin/builder/spi-builder-workspace/.derivedData/Build/Intermediates.noindex/VDLayout.build/Debug-appletvos/VDLayout-t.build/DerivedSources/arm64 -Xcc -I/Users/admin/builder/spi-builder-workspace/.derivedData/Build/Intermediates.noindex/VDLayout.build/Debug-appletvos/VDLayout-t.build/DerivedSources -Xcc -DSWIFT_PACKAGE -Xcc -DDEBUG\=1 -emit-objc-header -emit-objc-header-path /Users/admin/builder/spi-builder-workspace/.derivedData/Build/Intermediates.noindex/VDLayout.build/Debug-appletvos/VDLayout-t.build/Objects-normal/arm64/VDLayout-Swift.h -working-directory /Users/admin/builder/spi-builder-workspace/.swiftpm/xcode -experimental-emit-module-separately -disable-cmo
SwiftDriverJobDiscovery normal arm64 Compiling AnyUIRepresentableWrapper.swift, AnyUIViewControllerRepresentable.swift (in target 'UIKitViews' from project 'UIKitViews')
SwiftDriverJobDiscovery normal arm64 Compiling UIView++.swift (in target 'UIKitViews' from project 'UIKitViews')
SwiftDriverJobDiscovery normal arm64 Compiling UIKitViewWrapper.swift (in target 'UIKitViews' from project 'UIKitViews')
SwiftDriverJobDiscovery normal arm64 Compiling UIKitViewResizing.swift (in target 'UIKitViews' from project 'UIKitViews')
SwiftDriverJobDiscovery normal arm64 Compiling UIKitViewControllerWrapper.swift (in target 'UIKitViews' from project 'UIKitViews')
SwiftDriverJobDiscovery normal arm64 Compiling UIKitViewEnvironment.swift (in target 'UIKitViews' from project 'UIKitViews')
SwiftDriverJobDiscovery normal arm64 Compiling Operator.swift, SelfSizingHostingController.swift (in target 'UIKitViews' from project 'UIKitViews')
SwiftDriver\ Compilation UIKitViews normal arm64 com.apple.xcode.tools.swift.compiler (in target 'UIKitViews' from project 'UIKitViews')
    cd /Users/admin/builder/spi-builder-workspace/.swiftpm/xcode
    builtin-Swift-Compilation -- /Applications/Xcode-27.0.0-Release.Candidate.app/Contents/Developer/Toolchains/XcodeDefault.xctoolchain/usr/bin/swiftc -parse-as-library -module-name UIKitViews -Onone @/Users/admin/builder/spi-builder-workspace/.derivedData/Build/Intermediates.noindex/UIKitViews.build/Debug-appletvos/UIKitViews-t.build/Objects-normal/arm64/UIKitViews.SwiftFileList -DSWIFT_PACKAGE -DDEBUG -DSWIFT_MODULE_RESOURCE_BUNDLE_UNAVAILABLE -DXcode -plugin-path /Applications/Xcode-27.0.0-Release.Candidate.app/Contents/Developer/Toolchains/XcodeDefault.xctoolchain/usr/lib/swift/host/plugins/testing -enable-experimental-feature DebugDescriptionMacro -sdk /Applications/Xcode-27.0.0-Release.Candidate.app/Contents/Developer/Platforms/AppleTVOS.platform/Developer/SDKs/AppleTVOS27.0.sdk -target arm64-apple-tvos15.0 -g -module-cache-path /Users/admin/builder/spi-builder-workspace/.derivedData/ModuleCache.noindex -Xfrontend -serialize-debugging-options -enable-testing -suppress-warnings -index-store-path /Users/admin/builder/spi-builder-workspace/.derivedData/Index.noindex/DataStore -Xcc -D_LIBCPP_HARDENING_MODE\=_LIBCPP_HARDENING_MODE_DEBUG -swift-version 5 -I /Users/admin/builder/spi-builder-workspace/.derivedData/Build/Products/Debug-appletvos -Isystem /Applications/Xcode-27.0.0-Release.Candidate.app/Contents/Developer/Platforms/AppleTVOS.platform/Developer/usr/lib -F /Users/admin/builder/spi-builder-workspace/.derivedData/Build/Products/Debug-appletvos/PackageFrameworks -F /Users/admin/builder/spi-builder-workspace/.derivedData/Build/Products/Debug-appletvos -F /Applications/Xcode-27.0.0-Release.Candidate.app/Contents/Developer/Platforms/AppleTVOS.platform/Developer/Library/Frameworks -F /Applications/Xcode-27.0.0-Release.Candidate.app/Contents/Developer/Platforms/AppleTVOS.platform/Developer/SDKs/AppleTVOS27.0.sdk/Developer/Library/Frameworks -c -j10 -enable-batch-mode -incremental -Xcc -ivfsstatcache -Xcc /Users/admin/builder/spi-builder-workspace/.derivedData/SDKStatCaches.noindex/appletvos27.0-24J360-e829b21a6f8c9b70876ba0858053c044b32bfd8d43560033f8d89884cdb90028.sdkstatcache -output-file-map /Users/admin/builder/spi-builder-workspace/.derivedData/Build/Intermediates.noindex/UIKitViews.build/Debug-appletvos/UIKitViews-t.build/Objects-normal/arm64/UIKitViews-OutputFileMap.json -save-temps -no-color-diagnostics -explicit-module-build -module-cache-path /Users/admin/builder/spi-builder-workspace/.derivedData/Build/Intermediates.noindex/SwiftExplicitPrecompiledModules -clang-scanner-module-cache-path /Users/admin/builder/spi-builder-workspace/.derivedData/ModuleCache.noindex -sdk-module-cache-path /Users/admin/builder/spi-builder-workspace/.derivedData/SDKExplicitPrecompiledModules -emit-dependencies -emit-module -emit-module-path /Users/admin/builder/spi-builder-workspace/.derivedData/Build/Intermediates.noindex/UIKitViews.build/Debug-appletvos/UIKitViews-t.build/Objects-normal/arm64/UIKitViews.swiftmodule -serialize-diagnostics -dependency-scan-serialize-diagnostics-path /Users/admin/builder/spi-builder-workspace/.derivedData/Build/Intermediates.noindex/UIKitViews.build/Debug-appletvos/UIKitViews-t.build/Objects-normal/arm64/UIKitViews-dependency-scan.dia -validate-clang-modules-once -clang-build-session-file /Users/admin/builder/spi-builder-workspace/.derivedData/ModuleCache.noindex/Session.modulevalidation -Xcc -fmodules-prune-interval\=86400 -Xcc -fmodules-prune-after\=345600 -emit-const-values -const-gather-protocols-list /Users/admin/builder/spi-builder-workspace/.derivedData/Build/Intermediates.noindex/UIKitViews.build/Debug-appletvos/UIKitViews-t.build/Objects-normal/arm64/UIKitViews_const_extract_protocols.json -Xcc -I/Users/admin/builder/spi-builder-workspace/.derivedData/Build/Products/Debug-appletvos/include -Xcc -I/Users/admin/builder/spi-builder-workspace/.derivedData/Build/Intermediates.noindex/UIKitViews.build/Debug-appletvos/UIKitViews-t.build/DerivedSources-normal/arm64 -Xcc -I/Users/admin/builder/spi-builder-workspace/.derivedData/Build/Intermediates.noindex/UIKitViews.build/Debug-appletvos/UIKitViews-t.build/DerivedSources/arm64 -Xcc -I/Users/admin/builder/spi-builder-workspace/.derivedData/Build/Intermediates.noindex/UIKitViews.build/Debug-appletvos/UIKitViews-t.build/DerivedSources -Xcc -DSWIFT_PACKAGE -Xcc -DDEBUG\=1 -emit-objc-header -emit-objc-header-path /Users/admin/builder/spi-builder-workspace/.derivedData/Build/Intermediates.noindex/UIKitViews.build/Debug-appletvos/UIKitViews-t.build/Objects-normal/arm64/UIKitViews-Swift.h -working-directory /Users/admin/builder/spi-builder-workspace/.swiftpm/xcode -experimental-emit-module-separately -disable-cmo
Ld /Users/admin/builder/spi-builder-workspace/.derivedData/Build/Products/Debug-appletvos/UIKitViews.o normal (in target 'UIKitViews' from project 'UIKitViews')
    cd /Users/admin/builder/spi-builder-workspace/.dependencies/checkouts/UIKitViews
    /Applications/Xcode-27.0.0-Release.Candidate.app/Contents/Developer/Toolchains/XcodeDefault.xctoolchain/usr/bin/clang -Xlinker -reproducible -target arm64-apple-tvos15.0 -r -isysroot /Applications/Xcode-27.0.0-Release.Candidate.app/Contents/Developer/Platforms/AppleTVOS.platform/Developer/SDKs/AppleTVOS27.0.sdk -O0 -w -Xlinker -no_warn_duplicate_libraries -F/Users/admin/builder/spi-builder-workspace/.derivedData/Build/Intermediates.noindex/EagerLinkingTBDs/Debug-appletvos -F/Users/admin/builder/spi-builder-workspace/.derivedData/Build/Products/Debug-appletvos/PackageFrameworks -F/Users/admin/builder/spi-builder-workspace/.derivedData/Build/Products/Debug-appletvos -iframework /Applications/Xcode-27.0.0-Release.Candidate.app/Contents/Developer/Platforms/AppleTVOS.platform/Developer/Library/Frameworks -iframework /Applications/Xcode-27.0.0-Release.Candidate.app/Contents/Developer/Platforms/AppleTVOS.platform/Developer/SDKs/AppleTVOS27.0.sdk/Developer/Library/Frameworks -filelist /Users/admin/builder/spi-builder-workspace/.derivedData/Build/Intermediates.noindex/UIKitViews.build/Debug-appletvos/UIKitViews-t.build/Objects-normal/arm64/UIKitViews.LinkFileList -nostdlib -Xlinker -object_path_lto -Xlinker /Users/admin/builder/spi-builder-workspace/.derivedData/Build/Intermediates.noindex/UIKitViews.build/Debug-appletvos/UIKitViews-t.build/Objects-normal/arm64/UIKitViews_lto.o -Xlinker -no_deduplicate -Xlinker -dependency_info -Xlinker /Users/admin/builder/spi-builder-workspace/.derivedData/Build/Intermediates.noindex/UIKitViews.build/Debug-appletvos/UIKitViews-t.build/Objects-normal/arm64/UIKitViews_dependency_info.dat -fobjc-link-runtime -L/Applications/Xcode-27.0.0-Release.Candidate.app/Contents/Developer/Toolchains/XcodeDefault.xctoolchain/usr/lib/swift/appletvos -L/usr/lib/swift -Xlinker -add_ast_path -Xlinker /Users/admin/builder/spi-builder-workspace/.derivedData/Build/Intermediates.noindex/UIKitViews.build/Debug-appletvos/UIKitViews-t.build/Objects-normal/arm64/UIKitViews.swiftmodule -o /Users/admin/builder/spi-builder-workspace/.derivedData/Build/Products/Debug-appletvos/UIKitViews.o
ExtractAppIntentsMetadata (in target 'UIKitViews' from project 'UIKitViews')
    cd /Users/admin/builder/spi-builder-workspace/.dependencies/checkouts/UIKitViews
    /Applications/Xcode-27.0.0-Release.Candidate.app/Contents/Developer/Toolchains/XcodeDefault.xctoolchain/usr/bin/appintentsmetadataprocessor --toolchain-dir /var/run/com.apple.security.cryptexd/mnt/com.apple.MobileAsset.MetalToolchain-v27.1.266.1.pBknGT/Metal.xctoolchain --module-name UIKitViews --sdk-root /Applications/Xcode-27.0.0-Release.Candidate.app/Contents/Developer/Platforms/AppleTVOS.platform/Developer/SDKs/AppleTVOS27.0.sdk --xcode-version 27A266a --platform-family tvOS --deployment-target 15.0 --bundle-identifier uikitviews.UIKitViews --output /Users/admin/builder/spi-builder-workspace/.derivedData/Build/Products/Debug-appletvos/UIKitViews.appintents --target-triple arm64-apple-tvos15.0 --binary-file /Users/admin/builder/spi-builder-workspace/.derivedData/Build/Products/Debug-appletvos/UIKitViews.o --dependency-file /Users/admin/builder/spi-builder-workspace/.derivedData/Build/Intermediates.noindex/UIKitViews.build/Debug-appletvos/UIKitViews-t.build/Objects-normal/arm64/UIKitViews_dependency_info.dat --stringsdata-file /Users/admin/builder/spi-builder-workspace/.derivedData/Build/Intermediates.noindex/UIKitViews.build/Debug-appletvos/UIKitViews-t.build/Objects-normal/arm64/ExtractedAppShortcutsMetadata.stringsdata --source-file-list /Users/admin/builder/spi-builder-workspace/.derivedData/Build/Intermediates.noindex/UIKitViews.build/Debug-appletvos/UIKitViews-t.build/Objects-normal/arm64/UIKitViews.SwiftFileList --metadata-file-list /Users/admin/builder/spi-builder-workspace/.derivedData/Build/Intermediates.noindex/UIKitViews.build/Debug-appletvos/UIKitViews-t.build/UIKitViews.DependencyMetadataFileList --static-metadata-file-list /Users/admin/builder/spi-builder-workspace/.derivedData/Build/Intermediates.noindex/UIKitViews.build/Debug-appletvos/UIKitViews-t.build/UIKitViews.DependencyStaticMetadataFileList --swift-const-vals-list /Users/admin/builder/spi-builder-workspace/.derivedData/Build/Intermediates.noindex/UIKitViews.build/Debug-appletvos/UIKitViews-t.build/Objects-normal/arm64/UIKitViews.SwiftConstValuesFileList --force --compile-time-extraction --deployment-aware-processing --no-app-shortcuts-localization
2026-09-20 19:06:17.678 appintentsmetadataprocessor[901:5365] Starting appintentsmetadataprocessor export
2026-09-20 19:06:17.741 appintentsmetadataprocessor[901:5365] Extracted no relevant App Intents symbols, skipping writing output
SwiftCompile normal arm64 Compiling\ SubviewInstaller.swift,\ AnySubview.swift,\ ArraySubview.swift /Users/admin/builder/spi-builder-workspace/Sources/VDLayout/SubviewInstaller.swift /Users/admin/builder/spi-builder-workspace/Sources/VDLayout/Subviews/AnySubview.swift /Users/admin/builder/spi-builder-workspace/Sources/VDLayout/Subviews/ArraySubview.swift (in target 'VDLayout' from project 'VDLayout')
SwiftCompile normal arm64 /Users/admin/builder/spi-builder-workspace/Sources/VDLayout/SubviewInstaller.swift (in target 'VDLayout' from project 'VDLayout')
    cd /Users/admin/builder/spi-builder-workspace/.swiftpm/xcode
    builtin-SwiftPerFileCompile SubviewInstaller.swift
SwiftCompile normal arm64 /Users/admin/builder/spi-builder-workspace/Sources/VDLayout/Subviews/AnySubview.swift (in target 'VDLayout' from project 'VDLayout')
    cd /Users/admin/builder/spi-builder-workspace/.swiftpm/xcode
    builtin-SwiftPerFileCompile AnySubview.swift
SwiftCompile normal arm64 /Users/admin/builder/spi-builder-workspace/Sources/VDLayout/Subviews/ArraySubview.swift (in target 'VDLayout' from project 'VDLayout')
    cd /Users/admin/builder/spi-builder-workspace/.swiftpm/xcode
    builtin-SwiftPerFileCompile ArraySubview.swift
SwiftCompile normal arm64 Compiling\ Chaining+UIScrollView.swift,\ Chaining+UIStackView.swift,\ Chaining+UITextField.swift /Users/admin/builder/spi-builder-workspace/Sources/VDLayout/Modifiers/Chaining+UIScrollView.swift /Users/admin/builder/spi-builder-workspace/Sources/VDLayout/Modifiers/Chaining+UIStackView.swift /Users/admin/builder/spi-builder-workspace/Sources/VDLayout/Modifiers/Chaining+UITextField.swift (in target 'VDLayout' from project 'VDLayout')
/Users/admin/builder/spi-builder-workspace/Sources/VDLayout/Modifiers/Chaining+UIScrollView.swift:27:7: error: 'isPagingEnabled' is unavailable in tvOS
25 | 	func paging(isEnabled: Bool = true) -> Chain<Base> {
26 | 		self.do {
27 | 			$0.isPagingEnabled = isEnabled
   |       `- error: 'isPagingEnabled' is unavailable in tvOS
28 | 		}
29 | 	}
/Applications/Xcode-27.0.0-Release.Candidate.app/Contents/Developer/Platforms/AppleTVOS.platform/Developer/SDKs/AppleTVOS27.0.sdk/System/Library/Frameworks/UIKit.framework/Headers/UIScrollView.h:148:59: note: 'isPagingEnabled' has been explicitly marked unavailable here
146 | @property(nonatomic)         BOOL                         alwaysBounceVertical;           // default NO. if YES and bounces is YES, even if content is smaller than bounds, allow drag vertically
147 | @property(nonatomic)         BOOL                         alwaysBounceHorizontal;         // default NO. if YES and bounces is YES, even if content is smaller than bounds, allow drag horizontally
148 | @property(nonatomic,getter=isPagingEnabled) BOOL          pagingEnabled API_UNAVAILABLE(tvos);// default NO. if YES, stop on multiples of view bounds
    |                                                           `- note: 'isPagingEnabled' has been explicitly marked unavailable here
149 | @property(nonatomic,getter=isScrollEnabled) BOOL          scrollEnabled;                  // default YES. turn off any dragging temporarily
150 |
/Users/admin/builder/spi-builder-workspace/Sources/VDLayout/Modifiers/Chaining+UIScrollView.swift:33:7: error: 'isMultipleTouchEnabled' is unavailable in tvOS
31 | 	func multitouch(isEnabled: Bool = true) -> Chain<Base> {
32 | 		self.do {
33 | 			$0.isMultipleTouchEnabled = isEnabled
   |       `- error: 'isMultipleTouchEnabled' is unavailable in tvOS
34 | 		}
35 | 	}
/Applications/Xcode-27.0.0-Release.Candidate.app/Contents/Developer/Platforms/AppleTVOS.platform/Developer/SDKs/AppleTVOS27.0.sdk/System/Library/Frameworks/UIKit.framework/Headers/UIView.h:208:57: note: 'isMultipleTouchEnabled' has been explicitly marked unavailable here
206 | @property(nonatomic) CGPoint anchorPoint API_AVAILABLE(ios(16.0)) API_UNAVAILABLE(watchos);
207 |
208 | @property(nonatomic,getter=isMultipleTouchEnabled) BOOL multipleTouchEnabled API_UNAVAILABLE(tvos);   // default is NO
    |                                                         `- note: 'isMultipleTouchEnabled' has been explicitly marked unavailable here
209 | @property(nonatomic,getter=isExclusiveTouch) BOOL       exclusiveTouch API_UNAVAILABLE(tvos);         // default is NO
210 |
Failed frontend command:
SwiftCompile normal arm64 /Users/admin/builder/spi-builder-workspace/Sources/VDLayout/Modifiers/Chaining+UIScrollView.swift (in target 'VDLayout' from project 'VDLayout')
    cd /Users/admin/builder/spi-builder-workspace/.swiftpm/xcode
    builtin-SwiftPerFileCompile Chaining+UIScrollView.swift
SwiftCompile normal arm64 /Users/admin/builder/spi-builder-workspace/Sources/VDLayout/Modifiers/Chaining+UIStackView.swift (in target 'VDLayout' from project 'VDLayout')
    cd /Users/admin/builder/spi-builder-workspace/.swiftpm/xcode
    builtin-SwiftPerFileCompile Chaining+UIStackView.swift
SwiftCompile normal arm64 /Users/admin/builder/spi-builder-workspace/Sources/VDLayout/Modifiers/Chaining+UITextField.swift (in target 'VDLayout' from project 'VDLayout')
    cd /Users/admin/builder/spi-builder-workspace/.swiftpm/xcode
    builtin-SwiftPerFileCompile Chaining+UITextField.swift
/Applications/Xcode-27.0.0-Release.Candidate.app/Contents/Developer/Toolchains/XcodeDefault.xctoolchain/usr/bin/swift-frontend -frontend -c /Users/admin/builder/spi-builder-workspace/Sources/VDLayout/Chain+SubviewProtocol.swift /Users/admin/builder/spi-builder-workspace/Sources/VDLayout/CustomAddSubviewType.swift /Users/admin/builder/spi-builder-workspace/Sources/VDLayout/Extensions/CACornerMask++.swift /Users/admin/builder/spi-builder-workspace/Sources/VDLayout/Extensions/NSDirectionalEdgeInsets++.swift /Users/admin/builder/spi-builder-workspace/Sources/VDLayout/Extensions/UIApplication++.swift /Users/admin/builder/spi-builder-workspace/Sources/VDLayout/Extensions/UIButton++.swift /Users/admin/builder/spi-builder-workspace/Sources/VDLayout/Extensions/UIControl++.swift /Users/admin/builder/spi-builder-workspace/Sources/VDLayout/Extensions/UIKitView+Subview.swift /Users/admin/builder/spi-builder-workspace/Sources/VDLayout/Extensions/UILabel++.swift /Users/admin/builder/spi-builder-workspace/Sources/VDLayout/Extensions/UIScrollView++.swift /Users/admin/builder/spi-builder-workspace/Sources/VDLayout/Extensions/UIStackView++.swift /Users/admin/builder/spi-builder-workspace/Sources/VDLayout/Extensions/UIView++.swift /Users/admin/builder/spi-builder-workspace/Sources/VDLayout/Extensions/UIViewController++.swift /Users/admin/builder/spi-builder-workspace/Sources/VDLayout/Extensions/ValueBuilder+Chain.swift /Users/admin/builder/spi-builder-workspace/Sources/VDLayout/Modifiers/Chain+pin.swift /Users/admin/builder/spi-builder-workspace/Sources/VDLayout/Modifiers/Chaining+Subview.swift /Users/admin/builder/spi-builder-workspace/Sources/VDLayout/Modifiers/Chaining+UIButton.swift /Users/admin/builder/spi-builder-workspace/Sources/VDLayout/Modifiers/Chaining+UIControl.swift /Users/admin/builder/spi-builder-workspace/Sources/VDLayout/Modifiers/Chaining+UIImageView.swift /Users/admin/builder/spi-builder-workspace/Sources/VDLayout/Modifiers/Chaining+UILabel.swift -primary-file /Users/admin/builder/spi-builder-workspace/Sources/VDLayout/Modifiers/Chaining+UIScrollView.swift -primary-file /Users/admin/builder/spi-builder-workspace/Sources/VDLayout/Modifiers/Chaining+UIStackView.swift -primary-file /Users/admin/builder/spi-builder-workspace/Sources/VDLayout/Modifiers/Chaining+UITextField.swift /Users/admin/builder/spi-builder-workspace/Sources/VDLayout/Modifiers/Chaining+UITextView.swift /Users/admin/builder/spi-builder-workspace/Sources/VDLayout/Modifiers/Chaining+UIView.swift /Users/admin/builder/spi-builder-workspace/Sources/VDLayout/Modifiers/ContentPriority.swift /Users/admin/builder/spi-builder-workspace/Sources/VDLayout/Modifiers/Padding.swift /Users/admin/builder/spi-builder-workspace/Sources/VDLayout/Subview.swift /Users/admin/builder/spi-builder-workspace/Sources/VDLayout/SubviewBuilder.swift /Users/admin/builder/spi-builder-workspace/Sources/VDLayout/SubviewInstaller.swift /Users/admin/builder/spi-builder-workspace/Sources/VDLayout/Subviews/AnySubview.swift /Users/admin/builder/spi-builder-workspace/Sources/VDLayout/Subviews/ArraySubview.swift /Users/admin/builder/spi-builder-workspace/Sources/VDLayout/Subviews/EmptySubview.swift /Users/admin/builder/spi-builder-workspace/Sources/VDLayout/UISubview.swift /Users/admin/builder/spi-builder-workspace/Sources/VDLayout/ValueBuilder.swift -supplementary-output-file-map /Users/admin/builder/spi-builder-workspace/.derivedData/Build/Intermediates.noindex/VDLayout.build/Debug-appletvos/VDLayout-t.build/Objects-normal/arm64/supplementaryOutputs-6 -target arm64-apple-tvos15.0 -disable-cross-import-overlay-search -load-resolved-plugin /Applications/Xcode-27.0.0-Release.Candidate.app/Contents/Developer/Platforms/AppleTVOS.platform/Developer/usr/lib/swift/host/plugins/libFoundationMacros.dylib\#/Applications/Xcode-27.0.0-Release.Candidate.app/Contents/Developer/Platforms/AppleTVOS.platform/Developer/usr/bin/swift-plugin-server\#FoundationMacros -load-resolved-plugin /Applications/Xcode-27.0.0-Release.Candidate.app/Contents/Developer/Platforms/AppleTVOS.platform/Developer/usr/lib/swift/host/plugins/libObservationMacros.dylib\#/Applications/Xcode-27.0.0-Release.Candidate.app/Contents/Developer/Platforms/AppleTVOS.platform/Developer/usr/bin/swift-plugin-server\#ObservationMacros -load-resolved-plugin /Applications/Xcode-27.0.0-Release.Candidate.app/Contents/Developer/Platforms/AppleTVOS.platform/Developer/usr/lib/swift/host/plugins/libPreviewsMacros.dylib\#/Applications/Xcode-27.0.0-Release.Candidate.app/Contents/Developer/Platforms/AppleTVOS.platform/Developer/usr/bin/swift-plugin-server\#PreviewsMacros -load-resolved-plugin /Applications/Xcode-27.0.0-Release.Candidate.app/Contents/Developer/Platforms/AppleTVOS.platform/Developer/usr/lib/swift/host/plugins/libSwiftMacros.dylib\#/Applications/Xcode-27.0.0-Release.Candidate.app/Contents/Developer/Platforms/AppleTVOS.platform/Developer/usr/bin/swift-plugin-server\#SwiftMacros -load-resolved-plugin /Applications/Xcode-27.0.0-Release.Candidate.app/Contents/Developer/Platforms/AppleTVOS.platform/Developer/usr/lib/swift/host/plugins/libSwiftUIMacros.dylib\#/Applications/Xcode-27.0.0-Release.Candidate.app/Contents/Developer/Platforms/AppleTVOS.platform/Developer/usr/bin/swift-plugin-server\#SwiftUIMacros -disable-implicit-swift-modules -Xcc -fno-implicit-modules -Xcc -fno-implicit-module-maps -explicit-swift-module-map-file /Users/admin/builder/spi-builder-workspace/.derivedData/Build/Intermediates.noindex/VDLayout.build/Debug-appletvos/VDLayout-t.build/Objects-normal/arm64/VDLayout-dependencies-1.json -Xllvm -aarch64-use-tbi -enable-objc-interop -stack-check -sdk /Applications/Xcode-27.0.0-Release.Candidate.app/Contents/Developer/Platforms/AppleTVOS.platform/Developer/SDKs/AppleTVOS27.0.sdk -I /Users/admin/builder/spi-builder-workspace/.derivedData/Build/Products/Debug-appletvos -Isystem /Applications/Xcode-27.0.0-Release.Candidate.app/Contents/Developer/Platforms/AppleTVOS.platform/Developer/usr/lib -F /Users/admin/builder/spi-builder-workspace/.derivedData/Build/Products/Debug-appletvos/PackageFrameworks -F /Users/admin/builder/spi-builder-workspace/.derivedData/Build/Products/Debug-appletvos -F /Applications/Xcode-27.0.0-Release.Candidate.app/Contents/Developer/Platforms/AppleTVOS.platform/Developer/Library/Frameworks -F /Applications/Xcode-27.0.0-Release.Candidate.app/Contents/Developer/Platforms/AppleTVOS.platform/Developer/SDKs/AppleTVOS27.0.sdk/Developer/Library/Frameworks -module-cache-path /Users/admin/builder/spi-builder-workspace/.derivedData/Build/Intermediates.noindex/SwiftExplicitPrecompiledModules -no-color-diagnostics -Xcc -fno-color-diagnostics -enable-testing -g -debug-info-format\=dwarf -dwarf-version\=4 -swift-version 5 -Onone -D SWIFT_PACKAGE -D DEBUG -D SWIFT_MODULE_RESOURCE_BUNDLE_UNAVAILABLE -D Xcode -serialize-debugging-options -enable-experimental-feature DebugDescriptionMacro -empty-abi-descriptor -validate-clang-modules-once -clang-build-session-file /Users/admin/builder/spi-builder-workspace/.derivedData/ModuleCache.noindex/Session.modulevalidation -Xcc -working-directory -Xcc /Users/admin/builder/spi-builder-workspace/.swiftpm/xcode -enable-anonymous-context-mangled-names -file-compilation-dir /Users/admin/builder/spi-builder-workspace/.swiftpm/xcode -Xcc -D_LIBCPP_HARDENING_MODE\=_LIBCPP_HARDENING_MODE_DEBUG -Xcc -ivfsstatcache -Xcc /Users/admin/builder/spi-builder-workspace/.derivedData/SDKStatCaches.noindex/appletvos27.0-24J360-e829b21a6f8c9b70876ba0858053c044b32bfd8d43560033f8d89884cdb90028.sdkstatcache -Xcc -fmodules-prune-interval\=86400 -Xcc -fmodules-prune-after\=345600 -Xcc -I/Users/admin/builder/spi-builder-workspace/.derivedData/Build/Products/Debug-appletvos/include -Xcc -I/Users/admin/builder/spi-builder-workspace/.derivedData/Build/Intermediates.noindex/VDLayout.build/Debug-appletvos/VDLayout-t.build/DerivedSources-normal/arm64 -Xcc -I/Users/admin/builder/spi-builder-workspace/.derivedData/Build/Intermediates.noindex/VDLayout.build/Debug-appletvos/VDLayout-t.build/DerivedSources/arm64 -Xcc -I/Users/admin/builder/spi-builder-workspace/.derivedData/Build/Intermediates.noindex/VDLayout.build/Debug-appletvos/VDLayout-t.build/DerivedSources -Xcc -DSWIFT_PACKAGE -Xcc -DDEBUG\=1 -no-auto-bridging-header-chaining -module-name VDLayout -const-gather-protocols-file /Users/admin/builder/spi-builder-workspace/.derivedData/Build/Intermediates.noindex/VDLayout.build/Debug-appletvos/VDLayout-t.build/Objects-normal/arm64/VDLayout_const_extract_protocols.json -disable-clang-spi -clang-target arm64-apple-tvos27.0 -target-sdk-version 27.0 -target-sdk-name appletvos27.0 -in-process-plugin-server-path /Applications/Xcode-27.0.0-Release.Candidate.app/Contents/Developer/Toolchains/XcodeDefault.xctoolchain/usr/lib/swift/host/libSwiftInProcPluginServer.dylib -parse-as-library -o /Users/admin/builder/spi-builder-workspace/.derivedData/Build/Intermediates.noindex/VDLayout.build/Debug-appletvos/VDLayout-t.build/Objects-normal/arm64/Chaining+UIScrollView.o -o /Users/admin/builder/spi-builder-workspace/.derivedData/Build/Intermediates.noindex/VDLayout.build/Debug-appletvos/VDLayout-t.build/Objects-normal/arm64/Chaining+UIStackView.o -o /Users/admin/builder/spi-builder-workspace/.derivedData/Build/Intermediates.noindex/VDLayout.build/Debug-appletvos/VDLayout-t.build/Objects-normal/arm64/Chaining+UITextField.o -debug-module-path /Users/admin/builder/spi-builder-workspace/.derivedData/Build/Intermediates.noindex/VDLayout.build/Debug-appletvos/VDLayout-t.build/Objects-normal/arm64/VDLayout.swiftmodule -index-unit-output-path /VDLayout.build/Debug-appletvos/VDLayout-t.build/Objects-normal/arm64/Chaining+UIScrollView.o -index-unit-output-path /VDLayout.build/Debug-appletvos/VDLayout-t.build/Objects-normal/arm64/Chaining+UIStackView.o -index-unit-output-path /VDLayout.build/Debug-appletvos/VDLayout-t.build/Objects-normal/arm64/Chaining+UITextField.o -index-store-path /Users/admin/builder/spi-builder-workspace/.derivedData/Index.noindex/DataStore -index-system-modules
SwiftEmitModule normal arm64 Emitting\ module\ for\ VDLayout (in target 'VDLayout' from project 'VDLayout')
SwiftCompile normal arm64 (in target 'VDLayout' from project 'VDLayout')
    cd /Users/admin/builder/spi-builder-workspace/.swiftpm/xcode

/Users/admin/builder/spi-builder-workspace/Sources/VDLayout/Extensions/NSDirectionalEdgeInsets++.swift:3:1: warning: extension declares a conformance of imported type 'NSDirectionalEdgeInsets' to imported protocol 'ExpressibleByDictionaryLiteral'; this will not behave correctly if the owners of 'UIKit' introduce this conformance in the future
 1 | import SwiftUI
 2 |
 3 | extension NSDirectionalEdgeInsets: ExpressibleByDictionaryLiteral {
   | |- warning: extension declares a conformance of imported type 'NSDirectionalEdgeInsets' to imported protocol 'ExpressibleByDictionaryLiteral'; this will not behave correctly if the owners of 'UIKit' introduce this conformance in the future
   | `- note: add '@retroactive' to silence this warning
 4 |
 5 | 	public init(dictionaryLiteral elements: (Edge.Set, CGFloat)...) {
/Users/admin/builder/spi-builder-workspace/Sources/VDLayout/Extensions/UIControl++.swift:64:1: warning: extension declares a conformance of imported type 'State' to imported protocol 'Hashable'; this will not behave correctly if the owners of 'UIKit' introduce this conformance in the future
62 | }
63 |
64 | extension UIControl.State: Hashable {}
   | |- warning: extension declares a conformance of imported type 'State' to imported protocol 'Hashable'; this will not behave correctly if the owners of 'UIKit' introduce this conformance in the future
   | `- note: add '@retroactive' to silence this warning
65 |
66 | private var actionTargetKey = "actionTargetKey"
SwiftCompile normal arm64 Compiling\ Chaining+UITextView.swift,\ Chaining+UIView.swift,\ ContentPriority.swift /Users/admin/builder/spi-builder-workspace/Sources/VDLayout/Modifiers/Chaining+UITextView.swift /Users/admin/builder/spi-builder-workspace/Sources/VDLayout/Modifiers/Chaining+UIView.swift /Users/admin/builder/spi-builder-workspace/Sources/VDLayout/Modifiers/ContentPriority.swift (in target 'VDLayout' from project 'VDLayout')
SwiftCompile normal arm64 /Users/admin/builder/spi-builder-workspace/Sources/VDLayout/Modifiers/Chaining+UITextView.swift (in target 'VDLayout' from project 'VDLayout')
    cd /Users/admin/builder/spi-builder-workspace/.swiftpm/xcode
    builtin-SwiftPerFileCompile Chaining+UITextView.swift
SwiftCompile normal arm64 /Users/admin/builder/spi-builder-workspace/Sources/VDLayout/Modifiers/Chaining+UIView.swift (in target 'VDLayout' from project 'VDLayout')
    cd /Users/admin/builder/spi-builder-workspace/.swiftpm/xcode
    builtin-SwiftPerFileCompile Chaining+UIView.swift
SwiftCompile normal arm64 /Users/admin/builder/spi-builder-workspace/Sources/VDLayout/Modifiers/ContentPriority.swift (in target 'VDLayout' from project 'VDLayout')
    cd /Users/admin/builder/spi-builder-workspace/.swiftpm/xcode
    builtin-SwiftPerFileCompile ContentPriority.swift
SwiftCompile normal arm64 Compiling\ UIApplication++.swift,\ UIButton++.swift,\ UIControl++.swift,\ UIKitView+Subview.swift /Users/admin/builder/spi-builder-workspace/Sources/VDLayout/Extensions/UIApplication++.swift /Users/admin/builder/spi-builder-workspace/Sources/VDLayout/Extensions/UIButton++.swift /Users/admin/builder/spi-builder-workspace/Sources/VDLayout/Extensions/UIControl++.swift /Users/admin/builder/spi-builder-workspace/Sources/VDLayout/Extensions/UIKitView+Subview.swift (in target 'VDLayout' from project 'VDLayout')
SwiftCompile normal arm64 /Users/admin/builder/spi-builder-workspace/Sources/VDLayout/Extensions/UIApplication++.swift (in target 'VDLayout' from project 'VDLayout')
    cd /Users/admin/builder/spi-builder-workspace/.swiftpm/xcode
    builtin-SwiftPerFileCompile UIApplication++.swift
SwiftCompile normal arm64 /Users/admin/builder/spi-builder-workspace/Sources/VDLayout/Extensions/UIButton++.swift (in target 'VDLayout' from project 'VDLayout')
    cd /Users/admin/builder/spi-builder-workspace/.swiftpm/xcode
    builtin-SwiftPerFileCompile UIButton++.swift
SwiftCompile normal arm64 /Users/admin/builder/spi-builder-workspace/Sources/VDLayout/Extensions/UIControl++.swift (in target 'VDLayout' from project 'VDLayout')
    cd /Users/admin/builder/spi-builder-workspace/.swiftpm/xcode
    builtin-SwiftPerFileCompile UIControl++.swift
SwiftCompile normal arm64 /Users/admin/builder/spi-builder-workspace/Sources/VDLayout/Extensions/UIKitView+Subview.swift (in target 'VDLayout' from project 'VDLayout')
    cd /Users/admin/builder/spi-builder-workspace/.swiftpm/xcode
    builtin-SwiftPerFileCompile UIKitView+Subview.swift
SwiftCompile normal arm64 Compiling\ Chaining+UIButton.swift,\ Chaining+UIControl.swift,\ Chaining+UIImageView.swift,\ Chaining+UILabel.swift /Users/admin/builder/spi-builder-workspace/Sources/VDLayout/Modifiers/Chaining+UIButton.swift /Users/admin/builder/spi-builder-workspace/Sources/VDLayout/Modifiers/Chaining+UIControl.swift /Users/admin/builder/spi-builder-workspace/Sources/VDLayout/Modifiers/Chaining+UIImageView.swift /Users/admin/builder/spi-builder-workspace/Sources/VDLayout/Modifiers/Chaining+UILabel.swift (in target 'VDLayout' from project 'VDLayout')
/Users/admin/builder/spi-builder-workspace/Sources/VDLayout/Modifiers/Chaining+UIButton.swift:11:7: warning: 'contentEdgeInsets' was deprecated in tvOS 15.0: This property is ignored when using UIButtonConfiguration [#DeprecatedDeclaration]
 9 | 	) -> Chain<Base> {
10 | 		self.do {
11 | 			$0.contentEdgeInsets = UIEdgeInsets(
   |       `- warning: 'contentEdgeInsets' was deprecated in tvOS 15.0: This property is ignored when using UIButtonConfiguration [#DeprecatedDeclaration]
12 | 				top: title.top + image.top,
13 | 				left: title.left + image.right,
/Users/admin/builder/spi-builder-workspace/Sources/VDLayout/Modifiers/Chaining+UIButton.swift:17:7: warning: 'titleEdgeInsets' was deprecated in tvOS 15.0: This property is ignored when using UIButtonConfiguration [#DeprecatedDeclaration]
15 | 				right: title.right + image.right
16 | 			)
17 | 			$0.titleEdgeInsets = UIEdgeInsets(
   |       `- warning: 'titleEdgeInsets' was deprecated in tvOS 15.0: This property is ignored when using UIButtonConfiguration [#DeprecatedDeclaration]
18 | 				top: -title.top,
19 | 				left: -title.left,
/Users/admin/builder/spi-builder-workspace/Sources/VDLayout/Modifiers/Chaining+UIButton.swift:23:7: warning: 'imageEdgeInsets' was deprecated in tvOS 15.0: This property is ignored when using UIButtonConfiguration [#DeprecatedDeclaration]
21 | 				right: -title.right
22 | 			)
23 | 			$0.imageEdgeInsets = UIEdgeInsets(
   |       `- warning: 'imageEdgeInsets' was deprecated in tvOS 15.0: This property is ignored when using UIButtonConfiguration [#DeprecatedDeclaration]
24 | 				top: -image.top,
25 | 				left: -image.left,
/Users/admin/builder/spi-builder-workspace/Sources/VDLayout/Modifiers/Chaining+UIButton.swift:80:8: warning: 'contentEdgeInsets' was deprecated in tvOS 15.0: This property is ignored when using UIButtonConfiguration [#DeprecatedDeclaration]
78 |
79 | 			if let spacing {
80 | 				$0.contentEdgeInsets = UIEdgeInsets(top: 0, left: 0, bottom: 0, right: spacing)
   |        `- warning: 'contentEdgeInsets' was deprecated in tvOS 15.0: This property is ignored when using UIButtonConfiguration [#DeprecatedDeclaration]
81 | 				$0.titleEdgeInsets = UIEdgeInsets(top: 0, left: spacing, bottom: 0, right: -spacing)
82 | 			}
SwiftCompile normal arm64 /Users/admin/builder/spi-builder-workspace/Sources/VDLayout/Modifiers/Chaining+UIButton.swift (in target 'VDLayout' from project 'VDLayout')
    cd /Users/admin/builder/spi-builder-workspace/.swiftpm/xcode
    builtin-SwiftPerFileCompile Chaining+UIButton.swift
SwiftCompile normal arm64 /Users/admin/builder/spi-builder-workspace/Sources/VDLayout/Modifiers/Chaining+UIControl.swift (in target 'VDLayout' from project 'VDLayout')
    cd /Users/admin/builder/spi-builder-workspace/.swiftpm/xcode
    builtin-SwiftPerFileCompile Chaining+UIControl.swift
SwiftCompile normal arm64 /Users/admin/builder/spi-builder-workspace/Sources/VDLayout/Modifiers/Chaining+UIImageView.swift (in target 'VDLayout' from project 'VDLayout')
    cd /Users/admin/builder/spi-builder-workspace/.swiftpm/xcode
    builtin-SwiftPerFileCompile Chaining+UIImageView.swift
SwiftCompile normal arm64 /Users/admin/builder/spi-builder-workspace/Sources/VDLayout/Modifiers/Chaining+UILabel.swift (in target 'VDLayout' from project 'VDLayout')
    cd /Users/admin/builder/spi-builder-workspace/.swiftpm/xcode
    builtin-SwiftPerFileCompile Chaining+UILabel.swift
SwiftCompile normal arm64 Compiling\ UIViewController++.swift,\ ValueBuilder+Chain.swift,\ Chain+pin.swift,\ Chaining+Subview.swift /Users/admin/builder/spi-builder-workspace/Sources/VDLayout/Extensions/UIViewController++.swift /Users/admin/builder/spi-builder-workspace/Sources/VDLayout/Extensions/ValueBuilder+Chain.swift /Users/admin/builder/spi-builder-workspace/Sources/VDLayout/Modifiers/Chain+pin.swift /Users/admin/builder/spi-builder-workspace/Sources/VDLayout/Modifiers/Chaining+Subview.swift (in target 'VDLayout' from project 'VDLayout')
SwiftCompile normal arm64 /Users/admin/builder/spi-builder-workspace/Sources/VDLayout/Extensions/UIViewController++.swift (in target 'VDLayout' from project 'VDLayout')
    cd /Users/admin/builder/spi-builder-workspace/.swiftpm/xcode
    builtin-SwiftPerFileCompile UIViewController++.swift
SwiftCompile normal arm64 /Users/admin/builder/spi-builder-workspace/Sources/VDLayout/Extensions/ValueBuilder+Chain.swift (in target 'VDLayout' from project 'VDLayout')
    cd /Users/admin/builder/spi-builder-workspace/.swiftpm/xcode
    builtin-SwiftPerFileCompile ValueBuilder+Chain.swift
SwiftCompile normal arm64 /Users/admin/builder/spi-builder-workspace/Sources/VDLayout/Modifiers/Chain+pin.swift (in target 'VDLayout' from project 'VDLayout')
    cd /Users/admin/builder/spi-builder-workspace/.swiftpm/xcode
    builtin-SwiftPerFileCompile Chain+pin.swift
SwiftCompile normal arm64 /Users/admin/builder/spi-builder-workspace/Sources/VDLayout/Modifiers/Chaining+Subview.swift (in target 'VDLayout' from project 'VDLayout')
    cd /Users/admin/builder/spi-builder-workspace/.swiftpm/xcode
    builtin-SwiftPerFileCompile Chaining+Subview.swift
SwiftCompile normal arm64 Compiling\ Chain+SubviewProtocol.swift,\ CustomAddSubviewType.swift,\ CACornerMask++.swift,\ NSDirectionalEdgeInsets++.swift /Users/admin/builder/spi-builder-workspace/Sources/VDLayout/Chain+SubviewProtocol.swift /Users/admin/builder/spi-builder-workspace/Sources/VDLayout/CustomAddSubviewType.swift /Users/admin/builder/spi-builder-workspace/Sources/VDLayout/Extensions/CACornerMask++.swift /Users/admin/builder/spi-builder-workspace/Sources/VDLayout/Extensions/NSDirectionalEdgeInsets++.swift (in target 'VDLayout' from project 'VDLayout')
SwiftCompile normal arm64 /Users/admin/builder/spi-builder-workspace/Sources/VDLayout/Chain+SubviewProtocol.swift (in target 'VDLayout' from project 'VDLayout')
    cd /Users/admin/builder/spi-builder-workspace/.swiftpm/xcode
    builtin-SwiftPerFileCompile Chain+SubviewProtocol.swift
SwiftCompile normal arm64 /Users/admin/builder/spi-builder-workspace/Sources/VDLayout/CustomAddSubviewType.swift (in target 'VDLayout' from project 'VDLayout')
    cd /Users/admin/builder/spi-builder-workspace/.swiftpm/xcode
    builtin-SwiftPerFileCompile CustomAddSubviewType.swift
SwiftCompile normal arm64 /Users/admin/builder/spi-builder-workspace/Sources/VDLayout/Extensions/CACornerMask++.swift (in target 'VDLayout' from project 'VDLayout')
    cd /Users/admin/builder/spi-builder-workspace/.swiftpm/xcode
    builtin-SwiftPerFileCompile CACornerMask++.swift
SwiftCompile normal arm64 /Users/admin/builder/spi-builder-workspace/Sources/VDLayout/Extensions/NSDirectionalEdgeInsets++.swift (in target 'VDLayout' from project 'VDLayout')
    cd /Users/admin/builder/spi-builder-workspace/.swiftpm/xcode
    builtin-SwiftPerFileCompile NSDirectionalEdgeInsets++.swift
SwiftCompile normal arm64 Compiling\ UILabel++.swift,\ UIScrollView++.swift,\ UIStackView++.swift,\ UIView++.swift /Users/admin/builder/spi-builder-workspace/Sources/VDLayout/Extensions/UILabel++.swift /Users/admin/builder/spi-builder-workspace/Sources/VDLayout/Extensions/UIScrollView++.swift /Users/admin/builder/spi-builder-workspace/Sources/VDLayout/Extensions/UIStackView++.swift /Users/admin/builder/spi-builder-workspace/Sources/VDLayout/Extensions/UIView++.swift (in target 'VDLayout' from project 'VDLayout')
SwiftCompile normal arm64 /Users/admin/builder/spi-builder-workspace/Sources/VDLayout/Extensions/UILabel++.swift (in target 'VDLayout' from project 'VDLayout')
    cd /Users/admin/builder/spi-builder-workspace/.swiftpm/xcode
    builtin-SwiftPerFileCompile UILabel++.swift
SwiftCompile normal arm64 /Users/admin/builder/spi-builder-workspace/Sources/VDLayout/Extensions/UIScrollView++.swift (in target 'VDLayout' from project 'VDLayout')
    cd /Users/admin/builder/spi-builder-workspace/.swiftpm/xcode
    builtin-SwiftPerFileCompile UIScrollView++.swift
SwiftCompile normal arm64 /Users/admin/builder/spi-builder-workspace/Sources/VDLayout/Extensions/UIStackView++.swift (in target 'VDLayout' from project 'VDLayout')
    cd /Users/admin/builder/spi-builder-workspace/.swiftpm/xcode
    builtin-SwiftPerFileCompile UIStackView++.swift
SwiftCompile normal arm64 /Users/admin/builder/spi-builder-workspace/Sources/VDLayout/Extensions/UIView++.swift (in target 'VDLayout' from project 'VDLayout')
    cd /Users/admin/builder/spi-builder-workspace/.swiftpm/xcode
    builtin-SwiftPerFileCompile UIView++.swift
SwiftCompile normal arm64 Compiling\ Padding.swift,\ Subview.swift,\ SubviewBuilder.swift /Users/admin/builder/spi-builder-workspace/Sources/VDLayout/Modifiers/Padding.swift /Users/admin/builder/spi-builder-workspace/Sources/VDLayout/Subview.swift /Users/admin/builder/spi-builder-workspace/Sources/VDLayout/SubviewBuilder.swift (in target 'VDLayout' from project 'VDLayout')
SwiftCompile normal arm64 /Users/admin/builder/spi-builder-workspace/Sources/VDLayout/Modifiers/Padding.swift (in target 'VDLayout' from project 'VDLayout')
    cd /Users/admin/builder/spi-builder-workspace/.swiftpm/xcode
    builtin-SwiftPerFileCompile Padding.swift
SwiftCompile normal arm64 /Users/admin/builder/spi-builder-workspace/Sources/VDLayout/Subview.swift (in target 'VDLayout' from project 'VDLayout')
    cd /Users/admin/builder/spi-builder-workspace/.swiftpm/xcode
    builtin-SwiftPerFileCompile Subview.swift
SwiftCompile normal arm64 /Users/admin/builder/spi-builder-workspace/Sources/VDLayout/SubviewBuilder.swift (in target 'VDLayout' from project 'VDLayout')
    cd /Users/admin/builder/spi-builder-workspace/.swiftpm/xcode
    builtin-SwiftPerFileCompile SubviewBuilder.swift
SwiftCompile normal arm64 Compiling\ EmptySubview.swift,\ UISubview.swift,\ ValueBuilder.swift /Users/admin/builder/spi-builder-workspace/Sources/VDLayout/Subviews/EmptySubview.swift /Users/admin/builder/spi-builder-workspace/Sources/VDLayout/UISubview.swift /Users/admin/builder/spi-builder-workspace/Sources/VDLayout/ValueBuilder.swift (in target 'VDLayout' from project 'VDLayout')
SwiftCompile normal arm64 /Users/admin/builder/spi-builder-workspace/Sources/VDLayout/Subviews/EmptySubview.swift (in target 'VDLayout' from project 'VDLayout')
    cd /Users/admin/builder/spi-builder-workspace/.swiftpm/xcode
    builtin-SwiftPerFileCompile EmptySubview.swift
SwiftCompile normal arm64 /Users/admin/builder/spi-builder-workspace/Sources/VDLayout/UISubview.swift (in target 'VDLayout' from project 'VDLayout')
    cd /Users/admin/builder/spi-builder-workspace/.swiftpm/xcode
    builtin-SwiftPerFileCompile UISubview.swift
SwiftCompile normal arm64 /Users/admin/builder/spi-builder-workspace/Sources/VDLayout/ValueBuilder.swift (in target 'VDLayout' from project 'VDLayout')
    cd /Users/admin/builder/spi-builder-workspace/.swiftpm/xcode
    builtin-SwiftPerFileCompile ValueBuilder.swift
SwiftDriverJobDiscovery normal arm64 Compiling SubviewInstaller.swift, AnySubview.swift, ArraySubview.swift (in target 'VDLayout' from project 'VDLayout')
PruneExplicitPrecompiledModules /Users/admin/builder/spi-builder-workspace/.derivedData/Build/Intermediates.noindex/ExplicitPrecompiledModules
PruneExplicitPrecompiledModules /Users/admin/builder/spi-builder-workspace/.derivedData/Build/Intermediates.noindex/SwiftExplicitPrecompiledModules
PruneExplicitPrecompiledModules /Users/admin/builder/spi-builder-workspace/.derivedData/SDKExplicitPrecompiledModules
2026-09-20 19:06:08.540 xcodebuild[759:4615] [MT] IDERunDestination: Supported platforms for the buildables in the current scheme is empty.
** BUILD FAILED **
The following build commands failed:
	SwiftCompile normal arm64 /Users/admin/builder/spi-builder-workspace/Sources/VDLayout/Modifiers/Chaining+UIScrollView.swift (in target 'VDLayout' from project 'VDLayout')
	SwiftCompile normal arm64 Compiling\ Chaining+UIScrollView.swift,\ Chaining+UIStackView.swift,\ Chaining+UITextField.swift /Users/admin/builder/spi-builder-workspace/Sources/VDLayout/Modifiers/Chaining+UIScrollView.swift /Users/admin/builder/spi-builder-workspace/Sources/VDLayout/Modifiers/Chaining+UIStackView.swift /Users/admin/builder/spi-builder-workspace/Sources/VDLayout/Modifiers/Chaining+UITextField.swift (in target 'VDLayout' from project 'VDLayout')
	Building workspace VDLayout with scheme VDLayout
(3 failures)
Command line invocation:
    /Applications/Xcode-27.0.0-Release.Candidate.app/Contents/Developer/usr/bin/xcodebuild -IDEClonedSourcePackagesDirPathOverride=/Users/admin/builder/spi-builder-workspace/.dependencies -resolvePackageDependencies
Resolve Package Graph
Resolved source packages:
  VDLayout: /Users/admin/builder/spi-builder-workspace
  VDPin: https://github.com/dankinsoid/VDPin.git @ 1.7.0
  VDChain: https://github.com/dankinsoid/VDChain.git @ 3.6.0
  UIKitViews: https://github.com/dankinsoid/UIKitViews.git @ 1.8.1
resolved source packages: VDLayout, VDPin, VDChain, UIKitViews
2026-09-20 19:06:19.254 xcodebuild[913:5472] [MT] IDERunDestination: Supported platforms for the buildables in the current scheme is empty.
{
  "dependencies" : [
    {
      "identity" : "vdchain",
      "requirement" : {
        "range" : [
          {
            "lower_bound" : "3.0.0",
            "upper_bound" : "4.0.0"
          }
        ]
      },
      "type" : "sourceControl",
      "url" : "https://github.com/dankinsoid/VDChain.git"
    },
    {
      "identity" : "uikitviews",
      "requirement" : {
        "range" : [
          {
            "lower_bound" : "1.4.0",
            "upper_bound" : "2.0.0"
          }
        ]
      },
      "type" : "sourceControl",
      "url" : "https://github.com/dankinsoid/UIKitViews.git"
    },
    {
      "identity" : "vdpin",
      "requirement" : {
        "range" : [
          {
            "lower_bound" : "1.7.0",
            "upper_bound" : "2.0.0"
          }
        ]
      },
      "type" : "sourceControl",
      "url" : "https://github.com/dankinsoid/VDPin.git"
    }
  ],
  "manifest_display_name" : "VDLayout",
  "name" : "VDLayout",
  "path" : "/Users/admin/builder/spi-builder-workspace",
  "platforms" : [
    {
      "name" : "ios",
      "version" : "13.0"
    }
  ],
  "products" : [
    {
      "name" : "VDLayout",
      "targets" : [
        "VDLayout"
      ],
      "type" : {
        "library" : [
          "automatic"
        ]
      }
    }
  ],
  "targets" : [
    {
      "c99name" : "VDLayout",
      "module_type" : "SwiftTarget",
      "name" : "VDLayout",
      "path" : "Sources/VDLayout",
      "product_dependencies" : [
        "VDChain",
        "VDPin",
        "UIKitViews"
      ],
      "product_memberships" : [
        "VDLayout"
      ],
      "sources" : [
        "Chain+SubviewProtocol.swift",
        "CustomAddSubviewType.swift",
        "Extensions/CACornerMask++.swift",
        "Extensions/NSDirectionalEdgeInsets++.swift",
        "Extensions/UIApplication++.swift",
        "Extensions/UIButton++.swift",
        "Extensions/UIControl++.swift",
        "Extensions/UIKitView+Subview.swift",
        "Extensions/UILabel++.swift",
        "Extensions/UIScrollView++.swift",
        "Extensions/UIStackView++.swift",
        "Extensions/UIView++.swift",
        "Extensions/UIViewController++.swift",
        "Extensions/ValueBuilder+Chain.swift",
        "Modifiers/Chain+pin.swift",
        "Modifiers/Chaining+Subview.swift",
        "Modifiers/Chaining+UIButton.swift",
        "Modifiers/Chaining+UIControl.swift",
        "Modifiers/Chaining+UIImageView.swift",
        "Modifiers/Chaining+UILabel.swift",
        "Modifiers/Chaining+UIScrollView.swift",
        "Modifiers/Chaining+UIStackView.swift",
        "Modifiers/Chaining+UITextField.swift",
        "Modifiers/Chaining+UITextView.swift",
        "Modifiers/Chaining+UIView.swift",
        "Modifiers/ContentPriority.swift",
        "Modifiers/Padding.swift",
        "Subview.swift",
        "SubviewBuilder.swift",
        "SubviewInstaller.swift",
        "Subviews/AnySubview.swift",
        "Subviews/ArraySubview.swift",
        "Subviews/EmptySubview.swift",
        "UISubview.swift",
        "ValueBuilder.swift"
      ],
      "type" : "library"
    }
  ],
  "tools_version" : "5.7"
}
{
  "workspace" : {
    "name" : "VDLayout",
    "schemes" : [
      "VDLayout"
    ]
  }
}
2026-09-20 19:06:20.515 xcodebuild[921:5542] [MT] IDERunDestination: Supported platforms for the buildables in the current scheme is empty.
Running build ...
env DEVELOPER_DIR=/Applications/Xcode-27.0.0-Release.Candidate.app xcrun xcodebuild -IDEClonedSourcePackagesDirPathOverride=$PWD/.dependencies -skipMacroValidation -skipPackagePluginValidation -derivedDataPath $PWD/.derivedData build -scheme VDLayout -destination generic/platform=tvOS
Command line invocation:
    /Applications/Xcode-27.0.0-Release.Candidate.app/Contents/Developer/usr/bin/xcodebuild -IDEClonedSourcePackagesDirPathOverride=/Users/admin/builder/spi-builder-workspace/.dependencies -skipMacroValidation -skipPackagePluginValidation -derivedDataPath /Users/admin/builder/spi-builder-workspace/.derivedData build -scheme VDLayout -destination generic/platform=tvOS
Resolve Package Graph
Resolved source packages:
  VDLayout: /Users/admin/builder/spi-builder-workspace
  VDPin: https://github.com/dankinsoid/VDPin.git @ 1.7.0
  UIKitViews: https://github.com/dankinsoid/UIKitViews.git @ 1.8.1
  VDChain: https://github.com/dankinsoid/VDChain.git @ 3.6.0
ComputePackagePrebuildTargetDependencyGraph
Prepare packages
CreateBuildRequest
SendProjectDescription
CreateBuildOperation
ComputeTargetDependencyGraph
note: Building targets in dependency order
note: Target dependency graph (8 targets)
    Target 'VDLayout-product' in project 'VDLayout'
        ➜ Explicit dependency on target 'VDLayout' in project 'VDLayout'
        ➜ Explicit dependency on target 'VDChain-product' in project 'VDChain'
        ➜ Explicit dependency on target 'VDPin-product' in project 'VDPin'
        ➜ Explicit dependency on target 'UIKitViews-product' in project 'UIKitViews'
    Target 'VDLayout' in project 'VDLayout'
        ➜ Explicit dependency on target 'VDChain-product' in project 'VDChain'
        ➜ Explicit dependency on target 'VDPin-product' in project 'VDPin'
        ➜ Explicit dependency on target 'UIKitViews-product' in project 'UIKitViews'
    Target 'UIKitViews-product' in project 'UIKitViews'
        ➜ Explicit dependency on target 'UIKitViews' in project 'UIKitViews'
        ➜ Explicit dependency on target 'VDChain-product' in project 'VDChain'
    Target 'UIKitViews' in project 'UIKitViews'
        ➜ Explicit dependency on target 'VDChain-product' in project 'VDChain'
    Target 'VDPin-product' in project 'VDPin'
        ➜ Explicit dependency on target 'VDPin' in project 'VDPin'
    Target 'VDPin' in project 'VDPin' (no dependencies)
    Target 'VDChain-product' in project 'VDChain'
        ➜ Explicit dependency on target 'VDChain' in project 'VDChain'
    Target 'VDChain' in project 'VDChain' (no dependencies)
GatherProvisioningInputs
CreateBuildDescription
ClangStatCache /Applications/Xcode-27.0.0-Release.Candidate.app/Contents/Developer/Toolchains/XcodeDefault.xctoolchain/usr/bin/clang-stat-cache /Applications/Xcode-27.0.0-Release.Candidate.app/Contents/Developer/Platforms/AppleTVOS.platform/Developer/SDKs/AppleTVOS27.0.sdk /Users/admin/builder/spi-builder-workspace/.derivedData/SDKStatCaches.noindex/appletvos27.0-24J360-e829b21a6f8c9b70876ba0858053c044b32bfd8d43560033f8d89884cdb90028.sdkstatcache
    cd /Users/admin/builder/spi-builder-workspace/.swiftpm/xcode
    /Applications/Xcode-27.0.0-Release.Candidate.app/Contents/Developer/Toolchains/XcodeDefault.xctoolchain/usr/bin/clang-stat-cache /Applications/Xcode-27.0.0-Release.Candidate.app/Contents/Developer/Platforms/AppleTVOS.platform/Developer/SDKs/AppleTVOS27.0.sdk -o /Users/admin/builder/spi-builder-workspace/.derivedData/SDKStatCaches.noindex/appletvos27.0-24J360-e829b21a6f8c9b70876ba0858053c044b32bfd8d43560033f8d89884cdb90028.sdkstatcache
SwiftDriver VDLayout normal arm64 com.apple.xcode.tools.swift.compiler (in target 'VDLayout' from project 'VDLayout')
    cd /Users/admin/builder/spi-builder-workspace/.swiftpm/xcode
    builtin-SwiftDriver -- /Applications/Xcode-27.0.0-Release.Candidate.app/Contents/Developer/Toolchains/XcodeDefault.xctoolchain/usr/bin/swiftc -parse-as-library -module-name VDLayout -Onone @/Users/admin/builder/spi-builder-workspace/.derivedData/Build/Intermediates.noindex/VDLayout.build/Debug-appletvos/VDLayout-t.build/Objects-normal/arm64/VDLayout.SwiftFileList -DSWIFT_PACKAGE -DDEBUG -DSWIFT_MODULE_RESOURCE_BUNDLE_UNAVAILABLE -DXcode -plugin-path /Applications/Xcode-27.0.0-Release.Candidate.app/Contents/Developer/Toolchains/XcodeDefault.xctoolchain/usr/lib/swift/host/plugins/testing -enable-experimental-feature DebugDescriptionMacro -sdk /Applications/Xcode-27.0.0-Release.Candidate.app/Contents/Developer/Platforms/AppleTVOS.platform/Developer/SDKs/AppleTVOS27.0.sdk -target arm64-apple-tvos15.0 -g -module-cache-path /Users/admin/builder/spi-builder-workspace/.derivedData/ModuleCache.noindex -Xfrontend -serialize-debugging-options -enable-testing -index-store-path /Users/admin/builder/spi-builder-workspace/.derivedData/Index.noindex/DataStore -Xcc -D_LIBCPP_HARDENING_MODE\=_LIBCPP_HARDENING_MODE_DEBUG -swift-version 5 -I /Users/admin/builder/spi-builder-workspace/.derivedData/Build/Products/Debug-appletvos -Isystem /Applications/Xcode-27.0.0-Release.Candidate.app/Contents/Developer/Platforms/AppleTVOS.platform/Developer/usr/lib -F /Users/admin/builder/spi-builder-workspace/.derivedData/Build/Products/Debug-appletvos/PackageFrameworks -F /Users/admin/builder/spi-builder-workspace/.derivedData/Build/Products/Debug-appletvos -F /Applications/Xcode-27.0.0-Release.Candidate.app/Contents/Developer/Platforms/AppleTVOS.platform/Developer/Library/Frameworks -F /Applications/Xcode-27.0.0-Release.Candidate.app/Contents/Developer/Platforms/AppleTVOS.platform/Developer/SDKs/AppleTVOS27.0.sdk/Developer/Library/Frameworks -c -j10 -enable-batch-mode -incremental -Xcc -ivfsstatcache -Xcc /Users/admin/builder/spi-builder-workspace/.derivedData/SDKStatCaches.noindex/appletvos27.0-24J360-e829b21a6f8c9b70876ba0858053c044b32bfd8d43560033f8d89884cdb90028.sdkstatcache -output-file-map /Users/admin/builder/spi-builder-workspace/.derivedData/Build/Intermediates.noindex/VDLayout.build/Debug-appletvos/VDLayout-t.build/Objects-normal/arm64/VDLayout-OutputFileMap.json -save-temps -no-color-diagnostics -explicit-module-build -module-cache-path /Users/admin/builder/spi-builder-workspace/.derivedData/Build/Intermediates.noindex/SwiftExplicitPrecompiledModules -clang-scanner-module-cache-path /Users/admin/builder/spi-builder-workspace/.derivedData/ModuleCache.noindex -sdk-module-cache-path /Users/admin/builder/spi-builder-workspace/.derivedData/SDKExplicitPrecompiledModules -emit-dependencies -emit-module -emit-module-path /Users/admin/builder/spi-builder-workspace/.derivedData/Build/Intermediates.noindex/VDLayout.build/Debug-appletvos/VDLayout-t.build/Objects-normal/arm64/VDLayout.swiftmodule -serialize-diagnostics -dependency-scan-serialize-diagnostics-path /Users/admin/builder/spi-builder-workspace/.derivedData/Build/Intermediates.noindex/VDLayout.build/Debug-appletvos/VDLayout-t.build/Objects-normal/arm64/VDLayout-dependency-scan.dia -validate-clang-modules-once -clang-build-session-file /Users/admin/builder/spi-builder-workspace/.derivedData/ModuleCache.noindex/Session.modulevalidation -Xcc -fmodules-prune-interval\=86400 -Xcc -fmodules-prune-after\=345600 -emit-const-values -const-gather-protocols-list /Users/admin/builder/spi-builder-workspace/.derivedData/Build/Intermediates.noindex/VDLayout.build/Debug-appletvos/VDLayout-t.build/Objects-normal/arm64/VDLayout_const_extract_protocols.json -Xcc -I/Users/admin/builder/spi-builder-workspace/.derivedData/Build/Products/Debug-appletvos/include -Xcc -I/Users/admin/builder/spi-builder-workspace/.derivedData/Build/Intermediates.noindex/VDLayout.build/Debug-appletvos/VDLayout-t.build/DerivedSources-normal/arm64 -Xcc -I/Users/admin/builder/spi-builder-workspace/.derivedData/Build/Intermediates.noindex/VDLayout.build/Debug-appletvos/VDLayout-t.build/DerivedSources/arm64 -Xcc -I/Users/admin/builder/spi-builder-workspace/.derivedData/Build/Intermediates.noindex/VDLayout.build/Debug-appletvos/VDLayout-t.build/DerivedSources -Xcc -DSWIFT_PACKAGE -Xcc -DDEBUG\=1 -emit-objc-header -emit-objc-header-path /Users/admin/builder/spi-builder-workspace/.derivedData/Build/Intermediates.noindex/VDLayout.build/Debug-appletvos/VDLayout-t.build/Objects-normal/arm64/VDLayout-Swift.h -working-directory /Users/admin/builder/spi-builder-workspace/.swiftpm/xcode -experimental-emit-module-separately -disable-cmo
SwiftCompile normal arm64 Compiling\ Chain+SubviewProtocol.swift,\ CustomAddSubviewType.swift,\ CACornerMask++.swift,\ NSDirectionalEdgeInsets++.swift /Users/admin/builder/spi-builder-workspace/Sources/VDLayout/Chain+SubviewProtocol.swift /Users/admin/builder/spi-builder-workspace/Sources/VDLayout/CustomAddSubviewType.swift /Users/admin/builder/spi-builder-workspace/Sources/VDLayout/Extensions/CACornerMask++.swift /Users/admin/builder/spi-builder-workspace/Sources/VDLayout/Extensions/NSDirectionalEdgeInsets++.swift (in target 'VDLayout' from project 'VDLayout')
SwiftCompile normal arm64 /Users/admin/builder/spi-builder-workspace/Sources/VDLayout/Chain+SubviewProtocol.swift (in target 'VDLayout' from project 'VDLayout')
    cd /Users/admin/builder/spi-builder-workspace/.swiftpm/xcode
    builtin-SwiftPerFileCompile Chain+SubviewProtocol.swift
SwiftCompile normal arm64 /Users/admin/builder/spi-builder-workspace/Sources/VDLayout/CustomAddSubviewType.swift (in target 'VDLayout' from project 'VDLayout')
    cd /Users/admin/builder/spi-builder-workspace/.swiftpm/xcode
    builtin-SwiftPerFileCompile CustomAddSubviewType.swift
SwiftCompile normal arm64 /Users/admin/builder/spi-builder-workspace/Sources/VDLayout/Extensions/CACornerMask++.swift (in target 'VDLayout' from project 'VDLayout')
    cd /Users/admin/builder/spi-builder-workspace/.swiftpm/xcode
    builtin-SwiftPerFileCompile CACornerMask++.swift
SwiftCompile normal arm64 /Users/admin/builder/spi-builder-workspace/Sources/VDLayout/Extensions/NSDirectionalEdgeInsets++.swift (in target 'VDLayout' from project 'VDLayout')
    cd /Users/admin/builder/spi-builder-workspace/.swiftpm/xcode
    builtin-SwiftPerFileCompile NSDirectionalEdgeInsets++.swift
/Users/admin/builder/spi-builder-workspace/Sources/VDLayout/Extensions/NSDirectionalEdgeInsets++.swift:3:1: warning: extension declares a conformance of imported type 'NSDirectionalEdgeInsets' to imported protocol 'ExpressibleByDictionaryLiteral'; this will not behave correctly if the owners of 'UIKit' introduce this conformance in the future
 1 | import SwiftUI
 2 |
 3 | extension NSDirectionalEdgeInsets: ExpressibleByDictionaryLiteral {
   | |- warning: extension declares a conformance of imported type 'NSDirectionalEdgeInsets' to imported protocol 'ExpressibleByDictionaryLiteral'; this will not behave correctly if the owners of 'UIKit' introduce this conformance in the future
   | `- note: add '@retroactive' to silence this warning
 4 |
 5 | 	public init(dictionaryLiteral elements: (Edge.Set, CGFloat)...) {
SwiftCompile normal arm64 Compiling\ UILabel++.swift,\ UIScrollView++.swift,\ UIStackView++.swift /Users/admin/builder/spi-builder-workspace/Sources/VDLayout/Extensions/UILabel++.swift /Users/admin/builder/spi-builder-workspace/Sources/VDLayout/Extensions/UIScrollView++.swift /Users/admin/builder/spi-builder-workspace/Sources/VDLayout/Extensions/UIStackView++.swift (in target 'VDLayout' from project 'VDLayout')
SwiftCompile normal arm64 /Users/admin/builder/spi-builder-workspace/Sources/VDLayout/Extensions/UILabel++.swift (in target 'VDLayout' from project 'VDLayout')
    cd /Users/admin/builder/spi-builder-workspace/.swiftpm/xcode
    builtin-SwiftPerFileCompile UILabel++.swift
SwiftCompile normal arm64 /Users/admin/builder/spi-builder-workspace/Sources/VDLayout/Extensions/UIScrollView++.swift (in target 'VDLayout' from project 'VDLayout')
    cd /Users/admin/builder/spi-builder-workspace/.swiftpm/xcode
    builtin-SwiftPerFileCompile UIScrollView++.swift
SwiftCompile normal arm64 /Users/admin/builder/spi-builder-workspace/Sources/VDLayout/Extensions/UIStackView++.swift (in target 'VDLayout' from project 'VDLayout')
    cd /Users/admin/builder/spi-builder-workspace/.swiftpm/xcode
    builtin-SwiftPerFileCompile UIStackView++.swift
SwiftCompile normal arm64 Compiling\ Chain+pin.swift,\ Chaining+Subview.swift,\ Chaining+UIButton.swift /Users/admin/builder/spi-builder-workspace/Sources/VDLayout/Modifiers/Chain+pin.swift /Users/admin/builder/spi-builder-workspace/Sources/VDLayout/Modifiers/Chaining+Subview.swift /Users/admin/builder/spi-builder-workspace/Sources/VDLayout/Modifiers/Chaining+UIButton.swift (in target 'VDLayout' from project 'VDLayout')
/Users/admin/builder/spi-builder-workspace/Sources/VDLayout/Modifiers/Chain+pin.swift:5:1: warning: extension declares a conformance of imported type 'Chain' to imported protocol 'Pinnable'; this will not behave correctly if the owners of 'VDChain' introduce this conformance in the future
 3 | @_exported import VDPin
 4 |
 5 | extension Chain: Pinnable where Base: ValueChaining, Base.Root: NSLayoutConstraintable {
   | |- warning: extension declares a conformance of imported type 'Chain' to imported protocol 'Pinnable'; this will not behave correctly if the owners of 'VDChain' introduce this conformance in the future
   | `- note: add '@retroactive' to silence this warning
 6 |
 7 | 	public typealias ConstraintsCollection = Chain<Base>
/Users/admin/builder/spi-builder-workspace/Sources/VDLayout/Modifiers/Chaining+UIButton.swift:11:7: warning: 'contentEdgeInsets' was deprecated in tvOS 15.0: This property is ignored when using UIButtonConfiguration [#DeprecatedDeclaration]
 9 | 	) -> Chain<Base> {
10 | 		self.do {
11 | 			$0.contentEdgeInsets = UIEdgeInsets(
   |       `- warning: 'contentEdgeInsets' was deprecated in tvOS 15.0: This property is ignored when using UIButtonConfiguration [#DeprecatedDeclaration]
12 | 				top: title.top + image.top,
13 | 				left: title.left + image.right,
/Users/admin/builder/spi-builder-workspace/Sources/VDLayout/Modifiers/Chaining+UIButton.swift:17:7: warning: 'titleEdgeInsets' was deprecated in tvOS 15.0: This property is ignored when using UIButtonConfiguration [#DeprecatedDeclaration]
15 | 				right: title.right + image.right
16 | 			)
17 | 			$0.titleEdgeInsets = UIEdgeInsets(
   |       `- warning: 'titleEdgeInsets' was deprecated in tvOS 15.0: This property is ignored when using UIButtonConfiguration [#DeprecatedDeclaration]
18 | 				top: -title.top,
19 | 				left: -title.left,
/Users/admin/builder/spi-builder-workspace/Sources/VDLayout/Modifiers/Chaining+UIButton.swift:23:7: warning: 'imageEdgeInsets' was deprecated in tvOS 15.0: This property is ignored when using UIButtonConfiguration [#DeprecatedDeclaration]
21 | 				right: -title.right
22 | 			)
23 | 			$0.imageEdgeInsets = UIEdgeInsets(
   |       `- warning: 'imageEdgeInsets' was deprecated in tvOS 15.0: This property is ignored when using UIButtonConfiguration [#DeprecatedDeclaration]
24 | 				top: -image.top,
25 | 				left: -image.left,
/Users/admin/builder/spi-builder-workspace/Sources/VDLayout/Modifiers/Chaining+UIButton.swift:80:8: warning: 'contentEdgeInsets' was deprecated in tvOS 15.0: This property is ignored when using UIButtonConfiguration [#DeprecatedDeclaration]
78 |
79 | 			if let spacing {
80 | 				$0.contentEdgeInsets = UIEdgeInsets(top: 0, left: 0, bottom: 0, right: spacing)
   |        `- warning: 'contentEdgeInsets' was deprecated in tvOS 15.0: This property is ignored when using UIButtonConfiguration [#DeprecatedDeclaration]
81 | 				$0.titleEdgeInsets = UIEdgeInsets(top: 0, left: spacing, bottom: 0, right: -spacing)
82 | 			}
/Users/admin/builder/spi-builder-workspace/Sources/VDLayout/Modifiers/Chaining+UIButton.swift:81:8: warning: 'titleEdgeInsets' was deprecated in tvOS 15.0: This property is ignored when using UIButtonConfiguration [#DeprecatedDeclaration]
79 | 			if let spacing {
80 | 				$0.contentEdgeInsets = UIEdgeInsets(top: 0, left: 0, bottom: 0, right: spacing)
81 | 				$0.titleEdgeInsets = UIEdgeInsets(top: 0, left: spacing, bottom: 0, right: -spacing)
   |        `- warning: 'titleEdgeInsets' was deprecated in tvOS 15.0: This property is ignored when using UIButtonConfiguration [#DeprecatedDeclaration]
82 | 			}
83 | 		}
[#DeprecatedDeclaration]: <https://docs.swift.org/compiler/documentation/diagnostics/deprecated-declaration>
SwiftCompile normal arm64 /Users/admin/builder/spi-builder-workspace/Sources/VDLayout/Modifiers/Chain+pin.swift (in target 'VDLayout' from project 'VDLayout')
    cd /Users/admin/builder/spi-builder-workspace/.swiftpm/xcode
    builtin-SwiftPerFileCompile Chain+pin.swift
SwiftCompile normal arm64 /Users/admin/builder/spi-builder-workspace/Sources/VDLayout/Modifiers/Chaining+Subview.swift (in target 'VDLayout' from project 'VDLayout')
    cd /Users/admin/builder/spi-builder-workspace/.swiftpm/xcode
    builtin-SwiftPerFileCompile Chaining+Subview.swift
SwiftCompile normal arm64 /Users/admin/builder/spi-builder-workspace/Sources/VDLayout/Modifiers/Chaining+UIButton.swift (in target 'VDLayout' from project 'VDLayout')
    cd /Users/admin/builder/spi-builder-workspace/.swiftpm/xcode
    builtin-SwiftPerFileCompile Chaining+UIButton.swift
SwiftCompile normal arm64 Compiling\ Chaining+UIControl.swift,\ Chaining+UIImageView.swift,\ Chaining+UILabel.swift /Users/admin/builder/spi-builder-workspace/Sources/VDLayout/Modifiers/Chaining+UIControl.swift /Users/admin/builder/spi-builder-workspace/Sources/VDLayout/Modifiers/Chaining+UIImageView.swift /Users/admin/builder/spi-builder-workspace/Sources/VDLayout/Modifiers/Chaining+UILabel.swift (in target 'VDLayout' from project 'VDLayout')
SwiftCompile normal arm64 /Users/admin/builder/spi-builder-workspace/Sources/VDLayout/Modifiers/Chaining+UIControl.swift (in target 'VDLayout' from project 'VDLayout')
    cd /Users/admin/builder/spi-builder-workspace/.swiftpm/xcode
    builtin-SwiftPerFileCompile Chaining+UIControl.swift
SwiftCompile normal arm64 /Users/admin/builder/spi-builder-workspace/Sources/VDLayout/Modifiers/Chaining+UIImageView.swift (in target 'VDLayout' from project 'VDLayout')
    cd /Users/admin/builder/spi-builder-workspace/.swiftpm/xcode
    builtin-SwiftPerFileCompile Chaining+UIImageView.swift
SwiftCompile normal arm64 /Users/admin/builder/spi-builder-workspace/Sources/VDLayout/Modifiers/Chaining+UILabel.swift (in target 'VDLayout' from project 'VDLayout')
    cd /Users/admin/builder/spi-builder-workspace/.swiftpm/xcode
    builtin-SwiftPerFileCompile Chaining+UILabel.swift
SwiftCompile normal arm64 Compiling\ UIView++.swift,\ UIViewController++.swift,\ ValueBuilder+Chain.swift /Users/admin/builder/spi-builder-workspace/Sources/VDLayout/Extensions/UIView++.swift /Users/admin/builder/spi-builder-workspace/Sources/VDLayout/Extensions/UIViewController++.swift /Users/admin/builder/spi-builder-workspace/Sources/VDLayout/Extensions/ValueBuilder+Chain.swift (in target 'VDLayout' from project 'VDLayout')
SwiftCompile normal arm64 /Users/admin/builder/spi-builder-workspace/Sources/VDLayout/Extensions/UIView++.swift (in target 'VDLayout' from project 'VDLayout')
    cd /Users/admin/builder/spi-builder-workspace/.swiftpm/xcode
    builtin-SwiftPerFileCompile UIView++.swift
SwiftCompile normal arm64 /Users/admin/builder/spi-builder-workspace/Sources/VDLayout/Extensions/UIViewController++.swift (in target 'VDLayout' from project 'VDLayout')
    cd /Users/admin/builder/spi-builder-workspace/.swiftpm/xcode
    builtin-SwiftPerFileCompile UIViewController++.swift
SwiftCompile normal arm64 /Users/admin/builder/spi-builder-workspace/Sources/VDLayout/Extensions/ValueBuilder+Chain.swift (in target 'VDLayout' from project 'VDLayout')
    cd /Users/admin/builder/spi-builder-workspace/.swiftpm/xcode
    builtin-SwiftPerFileCompile ValueBuilder+Chain.swift
SwiftCompile normal arm64 Compiling\ UIApplication++.swift,\ UIButton++.swift,\ UIControl++.swift,\ UIKitView+Subview.swift /Users/admin/builder/spi-builder-workspace/Sources/VDLayout/Extensions/UIApplication++.swift /Users/admin/builder/spi-builder-workspace/Sources/VDLayout/Extensions/UIButton++.swift /Users/admin/builder/spi-builder-workspace/Sources/VDLayout/Extensions/UIControl++.swift /Users/admin/builder/spi-builder-workspace/Sources/VDLayout/Extensions/UIKitView+Subview.swift (in target 'VDLayout' from project 'VDLayout')
/Users/admin/builder/spi-builder-workspace/Sources/VDLayout/Extensions/UIControl++.swift:64:1: warning: extension declares a conformance of imported type 'State' to imported protocol 'Hashable'; this will not behave correctly if the owners of 'UIKit' introduce this conformance in the future
62 | }
63 |
64 | extension UIControl.State: Hashable {}
   | |- warning: extension declares a conformance of imported type 'State' to imported protocol 'Hashable'; this will not behave correctly if the owners of 'UIKit' introduce this conformance in the future
   | `- note: add '@retroactive' to silence this warning
65 |
66 | private var actionTargetKey = "actionTargetKey"
/Users/admin/builder/spi-builder-workspace/Sources/VDLayout/Extensions/UIControl++.swift:41:48: warning: forming 'UnsafeRawPointer' to an inout variable of type String exposes the internal representation rather than the string contents.
39 | 	private var targets: [UInt: ActionTarget] {
40 | 		get {
41 | 			let result = objc_getAssociatedObject(self, &actionTargetKey) as? [UInt: ActionTarget]
   |                                                `- warning: forming 'UnsafeRawPointer' to an inout variable of type String exposes the internal representation rather than the string contents.
42 | 			return result ?? [:]
43 | 		}
/Users/admin/builder/spi-builder-workspace/Sources/VDLayout/Extensions/UIControl++.swift:45:35: warning: forming 'UnsafeRawPointer' to an inout variable of type String exposes the internal representation rather than the string contents.
43 | 		}
44 | 		set {
45 | 			objc_setAssociatedObject(self, &actionTargetKey, newValue, .OBJC_ASSOCIATION_RETAIN_NONATOMIC)
   |                                   `- warning: forming 'UnsafeRawPointer' to an inout variable of type String exposes the internal representation rather than the string contents.
46 | 		}
47 | 	}
SwiftCompile normal arm64 /Users/admin/builder/spi-builder-workspace/Sources/VDLayout/Extensions/UIApplication++.swift (in target 'VDLayout' from project 'VDLayout')
    cd /Users/admin/builder/spi-builder-workspace/.swiftpm/xcode
    builtin-SwiftPerFileCompile UIApplication++.swift
SwiftCompile normal arm64 /Users/admin/builder/spi-builder-workspace/Sources/VDLayout/Extensions/UIButton++.swift (in target 'VDLayout' from project 'VDLayout')
    cd /Users/admin/builder/spi-builder-workspace/.swiftpm/xcode
    builtin-SwiftPerFileCompile UIButton++.swift
SwiftCompile normal arm64 /Users/admin/builder/spi-builder-workspace/Sources/VDLayout/Extensions/UIControl++.swift (in target 'VDLayout' from project 'VDLayout')
    cd /Users/admin/builder/spi-builder-workspace/.swiftpm/xcode
    builtin-SwiftPerFileCompile UIControl++.swift
SwiftCompile normal arm64 /Users/admin/builder/spi-builder-workspace/Sources/VDLayout/Extensions/UIKitView+Subview.swift (in target 'VDLayout' from project 'VDLayout')
    cd /Users/admin/builder/spi-builder-workspace/.swiftpm/xcode
    builtin-SwiftPerFileCompile UIKitView+Subview.swift
SwiftCompile normal arm64 Compiling\ Chaining+UITextView.swift,\ Chaining+UIView.swift,\ ContentPriority.swift /Users/admin/builder/spi-builder-workspace/Sources/VDLayout/Modifiers/Chaining+UITextView.swift /Users/admin/builder/spi-builder-workspace/Sources/VDLayout/Modifiers/Chaining+UIView.swift /Users/admin/builder/spi-builder-workspace/Sources/VDLayout/Modifiers/ContentPriority.swift (in target 'VDLayout' from project 'VDLayout')
SwiftCompile normal arm64 /Users/admin/builder/spi-builder-workspace/Sources/VDLayout/Modifiers/Chaining+UITextView.swift (in target 'VDLayout' from project 'VDLayout')
    cd /Users/admin/builder/spi-builder-workspace/.swiftpm/xcode
    builtin-SwiftPerFileCompile Chaining+UITextView.swift
SwiftCompile normal arm64 /Users/admin/builder/spi-builder-workspace/Sources/VDLayout/Modifiers/Chaining+UIView.swift (in target 'VDLayout' from project 'VDLayout')
    cd /Users/admin/builder/spi-builder-workspace/.swiftpm/xcode
    builtin-SwiftPerFileCompile Chaining+UIView.swift
SwiftCompile normal arm64 /Users/admin/builder/spi-builder-workspace/Sources/VDLayout/Modifiers/ContentPriority.swift (in target 'VDLayout' from project 'VDLayout')
    cd /Users/admin/builder/spi-builder-workspace/.swiftpm/xcode
    builtin-SwiftPerFileCompile ContentPriority.swift
SwiftEmitModule normal arm64 Emitting\ module\ for\ VDLayout (in target 'VDLayout' from project 'VDLayout')
/Users/admin/builder/spi-builder-workspace/Sources/VDLayout/Extensions/NSDirectionalEdgeInsets++.swift:3:1: warning: extension declares a conformance of imported type 'NSDirectionalEdgeInsets' to imported protocol 'ExpressibleByDictionaryLiteral'; this will not behave correctly if the owners of 'UIKit' introduce this conformance in the future
 1 | import SwiftUI
 2 |
 3 | extension NSDirectionalEdgeInsets: ExpressibleByDictionaryLiteral {
   | |- warning: extension declares a conformance of imported type 'NSDirectionalEdgeInsets' to imported protocol 'ExpressibleByDictionaryLiteral'; this will not behave correctly if the owners of 'UIKit' introduce this conformance in the future
   | `- note: add '@retroactive' to silence this warning
 4 |
 5 | 	public init(dictionaryLiteral elements: (Edge.Set, CGFloat)...) {
/Users/admin/builder/spi-builder-workspace/Sources/VDLayout/Extensions/UIControl++.swift:64:1: warning: extension declares a conformance of imported type 'State' to imported protocol 'Hashable'; this will not behave correctly if the owners of 'UIKit' introduce this conformance in the future
62 | }
63 |
64 | extension UIControl.State: Hashable {}
   | |- warning: extension declares a conformance of imported type 'State' to imported protocol 'Hashable'; this will not behave correctly if the owners of 'UIKit' introduce this conformance in the future
   | `- note: add '@retroactive' to silence this warning
65 |
66 | private var actionTargetKey = "actionTargetKey"
/Users/admin/builder/spi-builder-workspace/Sources/VDLayout/Modifiers/Chain+pin.swift:5:1: warning: extension declares a conformance of imported type 'Chain' to imported protocol 'Pinnable'; this will not behave correctly if the owners of 'VDChain' introduce this conformance in the future
 3 | @_exported import VDPin
 4 |
 5 | extension Chain: Pinnable where Base: ValueChaining, Base.Root: NSLayoutConstraintable {
   | |- warning: extension declares a conformance of imported type 'Chain' to imported protocol 'Pinnable'; this will not behave correctly if the owners of 'VDChain' introduce this conformance in the future
   | `- note: add '@retroactive' to silence this warning
 6 |
 7 | 	public typealias ConstraintsCollection = Chain<Base>
SwiftCompile normal arm64 (in target 'VDLayout' from project 'VDLayout')
    cd /Users/admin/builder/spi-builder-workspace/.swiftpm/xcode

SwiftCompile normal arm64 Compiling\ EmptySubview.swift,\ UISubview.swift,\ ValueBuilder.swift /Users/admin/builder/spi-builder-workspace/Sources/VDLayout/Subviews/EmptySubview.swift /Users/admin/builder/spi-builder-workspace/Sources/VDLayout/UISubview.swift /Users/admin/builder/spi-builder-workspace/Sources/VDLayout/ValueBuilder.swift (in target 'VDLayout' from project 'VDLayout')
SwiftCompile normal arm64 /Users/admin/builder/spi-builder-workspace/Sources/VDLayout/Subviews/EmptySubview.swift (in target 'VDLayout' from project 'VDLayout')
    cd /Users/admin/builder/spi-builder-workspace/.swiftpm/xcode
    builtin-SwiftPerFileCompile EmptySubview.swift
SwiftCompile normal arm64 /Users/admin/builder/spi-builder-workspace/Sources/VDLayout/UISubview.swift (in target 'VDLayout' from project 'VDLayout')
    cd /Users/admin/builder/spi-builder-workspace/.swiftpm/xcode
    builtin-SwiftPerFileCompile UISubview.swift
SwiftCompile normal arm64 /Users/admin/builder/spi-builder-workspace/Sources/VDLayout/ValueBuilder.swift (in target 'VDLayout' from project 'VDLayout')
    cd /Users/admin/builder/spi-builder-workspace/.swiftpm/xcode
    builtin-SwiftPerFileCompile ValueBuilder.swift
SwiftCompile normal arm64 Compiling\ Padding.swift,\ Subview.swift,\ SubviewBuilder.swift /Users/admin/builder/spi-builder-workspace/Sources/VDLayout/Modifiers/Padding.swift /Users/admin/builder/spi-builder-workspace/Sources/VDLayout/Subview.swift /Users/admin/builder/spi-builder-workspace/Sources/VDLayout/SubviewBuilder.swift (in target 'VDLayout' from project 'VDLayout')
SwiftCompile normal arm64 /Users/admin/builder/spi-builder-workspace/Sources/VDLayout/Modifiers/Padding.swift (in target 'VDLayout' from project 'VDLayout')
    cd /Users/admin/builder/spi-builder-workspace/.swiftpm/xcode
    builtin-SwiftPerFileCompile Padding.swift
SwiftCompile normal arm64 /Users/admin/builder/spi-builder-workspace/Sources/VDLayout/Subview.swift (in target 'VDLayout' from project 'VDLayout')
    cd /Users/admin/builder/spi-builder-workspace/.swiftpm/xcode
    builtin-SwiftPerFileCompile Subview.swift
SwiftCompile normal arm64 /Users/admin/builder/spi-builder-workspace/Sources/VDLayout/SubviewBuilder.swift (in target 'VDLayout' from project 'VDLayout')
    cd /Users/admin/builder/spi-builder-workspace/.swiftpm/xcode
    builtin-SwiftPerFileCompile SubviewBuilder.swift
SwiftCompile normal arm64 Compiling\ Chaining+UIScrollView.swift,\ Chaining+UIStackView.swift,\ Chaining+UITextField.swift /Users/admin/builder/spi-builder-workspace/Sources/VDLayout/Modifiers/Chaining+UIScrollView.swift /Users/admin/builder/spi-builder-workspace/Sources/VDLayout/Modifiers/Chaining+UIStackView.swift /Users/admin/builder/spi-builder-workspace/Sources/VDLayout/Modifiers/Chaining+UITextField.swift (in target 'VDLayout' from project 'VDLayout')
/Users/admin/builder/spi-builder-workspace/Sources/VDLayout/Modifiers/Chaining+UIScrollView.swift:27:7: error: 'isPagingEnabled' is unavailable in tvOS
25 | 	func paging(isEnabled: Bool = true) -> Chain<Base> {
26 | 		self.do {
27 | 			$0.isPagingEnabled = isEnabled
   |       `- error: 'isPagingEnabled' is unavailable in tvOS
28 | 		}
29 | 	}
/Applications/Xcode-27.0.0-Release.Candidate.app/Contents/Developer/Platforms/AppleTVOS.platform/Developer/SDKs/AppleTVOS27.0.sdk/System/Library/Frameworks/UIKit.framework/Headers/UIScrollView.h:148:59: note: 'isPagingEnabled' has been explicitly marked unavailable here
146 | @property(nonatomic)         BOOL                         alwaysBounceVertical;           // default NO. if YES and bounces is YES, even if content is smaller than bounds, allow drag vertically
147 | @property(nonatomic)         BOOL                         alwaysBounceHorizontal;         // default NO. if YES and bounces is YES, even if content is smaller than bounds, allow drag horizontally
148 | @property(nonatomic,getter=isPagingEnabled) BOOL          pagingEnabled API_UNAVAILABLE(tvos);// default NO. if YES, stop on multiples of view bounds
    |                                                           `- note: 'isPagingEnabled' has been explicitly marked unavailable here
149 | @property(nonatomic,getter=isScrollEnabled) BOOL          scrollEnabled;                  // default YES. turn off any dragging temporarily
150 |
/Users/admin/builder/spi-builder-workspace/Sources/VDLayout/Modifiers/Chaining+UIScrollView.swift:33:7: error: 'isMultipleTouchEnabled' is unavailable in tvOS
31 | 	func multitouch(isEnabled: Bool = true) -> Chain<Base> {
32 | 		self.do {
33 | 			$0.isMultipleTouchEnabled = isEnabled
   |       `- error: 'isMultipleTouchEnabled' is unavailable in tvOS
34 | 		}
35 | 	}
/Applications/Xcode-27.0.0-Release.Candidate.app/Contents/Developer/Platforms/AppleTVOS.platform/Developer/SDKs/AppleTVOS27.0.sdk/System/Library/Frameworks/UIKit.framework/Headers/UIView.h:208:57: note: 'isMultipleTouchEnabled' has been explicitly marked unavailable here
206 | @property(nonatomic) CGPoint anchorPoint API_AVAILABLE(ios(16.0)) API_UNAVAILABLE(watchos);
207 |
208 | @property(nonatomic,getter=isMultipleTouchEnabled) BOOL multipleTouchEnabled API_UNAVAILABLE(tvos);   // default is NO
    |                                                         `- note: 'isMultipleTouchEnabled' has been explicitly marked unavailable here
209 | @property(nonatomic,getter=isExclusiveTouch) BOOL       exclusiveTouch API_UNAVAILABLE(tvos);         // default is NO
210 |
Failed frontend command:
SwiftCompile normal arm64 /Users/admin/builder/spi-builder-workspace/Sources/VDLayout/Modifiers/Chaining+UIScrollView.swift (in target 'VDLayout' from project 'VDLayout')
    cd /Users/admin/builder/spi-builder-workspace/.swiftpm/xcode
    builtin-SwiftPerFileCompile Chaining+UIScrollView.swift
SwiftCompile normal arm64 /Users/admin/builder/spi-builder-workspace/Sources/VDLayout/Modifiers/Chaining+UIStackView.swift (in target 'VDLayout' from project 'VDLayout')
    cd /Users/admin/builder/spi-builder-workspace/.swiftpm/xcode
    builtin-SwiftPerFileCompile Chaining+UIStackView.swift
SwiftCompile normal arm64 /Users/admin/builder/spi-builder-workspace/Sources/VDLayout/Modifiers/Chaining+UITextField.swift (in target 'VDLayout' from project 'VDLayout')
    cd /Users/admin/builder/spi-builder-workspace/.swiftpm/xcode
    builtin-SwiftPerFileCompile Chaining+UITextField.swift
/Applications/Xcode-27.0.0-Release.Candidate.app/Contents/Developer/Toolchains/XcodeDefault.xctoolchain/usr/bin/swift-frontend -frontend -c /Users/admin/builder/spi-builder-workspace/Sources/VDLayout/Chain+SubviewProtocol.swift /Users/admin/builder/spi-builder-workspace/Sources/VDLayout/CustomAddSubviewType.swift /Users/admin/builder/spi-builder-workspace/Sources/VDLayout/Extensions/CACornerMask++.swift /Users/admin/builder/spi-builder-workspace/Sources/VDLayout/Extensions/NSDirectionalEdgeInsets++.swift /Users/admin/builder/spi-builder-workspace/Sources/VDLayout/Extensions/UIApplication++.swift /Users/admin/builder/spi-builder-workspace/Sources/VDLayout/Extensions/UIButton++.swift /Users/admin/builder/spi-builder-workspace/Sources/VDLayout/Extensions/UIControl++.swift /Users/admin/builder/spi-builder-workspace/Sources/VDLayout/Extensions/UIKitView+Subview.swift /Users/admin/builder/spi-builder-workspace/Sources/VDLayout/Extensions/UILabel++.swift /Users/admin/builder/spi-builder-workspace/Sources/VDLayout/Extensions/UIScrollView++.swift /Users/admin/builder/spi-builder-workspace/Sources/VDLayout/Extensions/UIStackView++.swift /Users/admin/builder/spi-builder-workspace/Sources/VDLayout/Extensions/UIView++.swift /Users/admin/builder/spi-builder-workspace/Sources/VDLayout/Extensions/UIViewController++.swift /Users/admin/builder/spi-builder-workspace/Sources/VDLayout/Extensions/ValueBuilder+Chain.swift /Users/admin/builder/spi-builder-workspace/Sources/VDLayout/Modifiers/Chain+pin.swift /Users/admin/builder/spi-builder-workspace/Sources/VDLayout/Modifiers/Chaining+Subview.swift /Users/admin/builder/spi-builder-workspace/Sources/VDLayout/Modifiers/Chaining+UIButton.swift /Users/admin/builder/spi-builder-workspace/Sources/VDLayout/Modifiers/Chaining+UIControl.swift /Users/admin/builder/spi-builder-workspace/Sources/VDLayout/Modifiers/Chaining+UIImageView.swift /Users/admin/builder/spi-builder-workspace/Sources/VDLayout/Modifiers/Chaining+UILabel.swift -primary-file /Users/admin/builder/spi-builder-workspace/Sources/VDLayout/Modifiers/Chaining+UIScrollView.swift -primary-file /Users/admin/builder/spi-builder-workspace/Sources/VDLayout/Modifiers/Chaining+UIStackView.swift -primary-file /Users/admin/builder/spi-builder-workspace/Sources/VDLayout/Modifiers/Chaining+UITextField.swift /Users/admin/builder/spi-builder-workspace/Sources/VDLayout/Modifiers/Chaining+UITextView.swift /Users/admin/builder/spi-builder-workspace/Sources/VDLayout/Modifiers/Chaining+UIView.swift /Users/admin/builder/spi-builder-workspace/Sources/VDLayout/Modifiers/ContentPriority.swift /Users/admin/builder/spi-builder-workspace/Sources/VDLayout/Modifiers/Padding.swift /Users/admin/builder/spi-builder-workspace/Sources/VDLayout/Subview.swift /Users/admin/builder/spi-builder-workspace/Sources/VDLayout/SubviewBuilder.swift /Users/admin/builder/spi-builder-workspace/Sources/VDLayout/SubviewInstaller.swift /Users/admin/builder/spi-builder-workspace/Sources/VDLayout/Subviews/AnySubview.swift /Users/admin/builder/spi-builder-workspace/Sources/VDLayout/Subviews/ArraySubview.swift /Users/admin/builder/spi-builder-workspace/Sources/VDLayout/Subviews/EmptySubview.swift /Users/admin/builder/spi-builder-workspace/Sources/VDLayout/UISubview.swift /Users/admin/builder/spi-builder-workspace/Sources/VDLayout/ValueBuilder.swift -supplementary-output-file-map /Users/admin/builder/spi-builder-workspace/.derivedData/Build/Intermediates.noindex/VDLayout.build/Debug-appletvos/VDLayout-t.build/Objects-normal/arm64/supplementaryOutputs-7 -target arm64-apple-tvos15.0 -disable-cross-import-overlay-search -load-resolved-plugin /Applications/Xcode-27.0.0-Release.Candidate.app/Contents/Developer/Platforms/AppleTVOS.platform/Developer/usr/lib/swift/host/plugins/libFoundationMacros.dylib\#/Applications/Xcode-27.0.0-Release.Candidate.app/Contents/Developer/Platforms/AppleTVOS.platform/Developer/usr/bin/swift-plugin-server\#FoundationMacros -load-resolved-plugin /Applications/Xcode-27.0.0-Release.Candidate.app/Contents/Developer/Platforms/AppleTVOS.platform/Developer/usr/lib/swift/host/plugins/libObservationMacros.dylib\#/Applications/Xcode-27.0.0-Release.Candidate.app/Contents/Developer/Platforms/AppleTVOS.platform/Developer/usr/bin/swift-plugin-server\#ObservationMacros -load-resolved-plugin /Applications/Xcode-27.0.0-Release.Candidate.app/Contents/Developer/Platforms/AppleTVOS.platform/Developer/usr/lib/swift/host/plugins/libPreviewsMacros.dylib\#/Applications/Xcode-27.0.0-Release.Candidate.app/Contents/Developer/Platforms/AppleTVOS.platform/Developer/usr/bin/swift-plugin-server\#PreviewsMacros -load-resolved-plugin /Applications/Xcode-27.0.0-Release.Candidate.app/Contents/Developer/Platforms/AppleTVOS.platform/Developer/usr/lib/swift/host/plugins/libSwiftMacros.dylib\#/Applications/Xcode-27.0.0-Release.Candidate.app/Contents/Developer/Platforms/AppleTVOS.platform/Developer/usr/bin/swift-plugin-server\#SwiftMacros -load-resolved-plugin /Applications/Xcode-27.0.0-Release.Candidate.app/Contents/Developer/Platforms/AppleTVOS.platform/Developer/usr/lib/swift/host/plugins/libSwiftUIMacros.dylib\#/Applications/Xcode-27.0.0-Release.Candidate.app/Contents/Developer/Platforms/AppleTVOS.platform/Developer/usr/bin/swift-plugin-server\#SwiftUIMacros -disable-implicit-swift-modules -Xcc -fno-implicit-modules -Xcc -fno-implicit-module-maps -explicit-swift-module-map-file /Users/admin/builder/spi-builder-workspace/.derivedData/Build/Intermediates.noindex/VDLayout.build/Debug-appletvos/VDLayout-t.build/Objects-normal/arm64/VDLayout-dependencies-1.json -Xllvm -aarch64-use-tbi -enable-objc-interop -stack-check -sdk /Applications/Xcode-27.0.0-Release.Candidate.app/Contents/Developer/Platforms/AppleTVOS.platform/Developer/SDKs/AppleTVOS27.0.sdk -I /Users/admin/builder/spi-builder-workspace/.derivedData/Build/Products/Debug-appletvos -Isystem /Applications/Xcode-27.0.0-Release.Candidate.app/Contents/Developer/Platforms/AppleTVOS.platform/Developer/usr/lib -F /Users/admin/builder/spi-builder-workspace/.derivedData/Build/Products/Debug-appletvos/PackageFrameworks -F /Users/admin/builder/spi-builder-workspace/.derivedData/Build/Products/Debug-appletvos -F /Applications/Xcode-27.0.0-Release.Candidate.app/Contents/Developer/Platforms/AppleTVOS.platform/Developer/Library/Frameworks -F /Applications/Xcode-27.0.0-Release.Candidate.app/Contents/Developer/Platforms/AppleTVOS.platform/Developer/SDKs/AppleTVOS27.0.sdk/Developer/Library/Frameworks -module-cache-path /Users/admin/builder/spi-builder-workspace/.derivedData/Build/Intermediates.noindex/SwiftExplicitPrecompiledModules -no-color-diagnostics -Xcc -fno-color-diagnostics -enable-testing -g -debug-info-format\=dwarf -dwarf-version\=4 -swift-version 5 -Onone -D SWIFT_PACKAGE -D DEBUG -D SWIFT_MODULE_RESOURCE_BUNDLE_UNAVAILABLE -D Xcode -serialize-debugging-options -enable-experimental-feature DebugDescriptionMacro -empty-abi-descriptor -validate-clang-modules-once -clang-build-session-file /Users/admin/builder/spi-builder-workspace/.derivedData/ModuleCache.noindex/Session.modulevalidation -Xcc -working-directory -Xcc /Users/admin/builder/spi-builder-workspace/.swiftpm/xcode -enable-anonymous-context-mangled-names -file-compilation-dir /Users/admin/builder/spi-builder-workspace/.swiftpm/xcode -Xcc -D_LIBCPP_HARDENING_MODE\=_LIBCPP_HARDENING_MODE_DEBUG -Xcc -ivfsstatcache -Xcc /Users/admin/builder/spi-builder-workspace/.derivedData/SDKStatCaches.noindex/appletvos27.0-24J360-e829b21a6f8c9b70876ba0858053c044b32bfd8d43560033f8d89884cdb90028.sdkstatcache -Xcc -fmodules-prune-interval\=86400 -Xcc -fmodules-prune-after\=345600 -Xcc -I/Users/admin/builder/spi-builder-workspace/.derivedData/Build/Products/Debug-appletvos/include -Xcc -I/Users/admin/builder/spi-builder-workspace/.derivedData/Build/Intermediates.noindex/VDLayout.build/Debug-appletvos/VDLayout-t.build/DerivedSources-normal/arm64 -Xcc -I/Users/admin/builder/spi-builder-workspace/.derivedData/Build/Intermediates.noindex/VDLayout.build/Debug-appletvos/VDLayout-t.build/DerivedSources/arm64 -Xcc -I/Users/admin/builder/spi-builder-workspace/.derivedData/Build/Intermediates.noindex/VDLayout.build/Debug-appletvos/VDLayout-t.build/DerivedSources -Xcc -DSWIFT_PACKAGE -Xcc -DDEBUG\=1 -no-auto-bridging-header-chaining -module-name VDLayout -const-gather-protocols-file /Users/admin/builder/spi-builder-workspace/.derivedData/Build/Intermediates.noindex/VDLayout.build/Debug-appletvos/VDLayout-t.build/Objects-normal/arm64/VDLayout_const_extract_protocols.json -disable-clang-spi -clang-target arm64-apple-tvos27.0 -target-sdk-version 27.0 -target-sdk-name appletvos27.0 -in-process-plugin-server-path /Applications/Xcode-27.0.0-Release.Candidate.app/Contents/Developer/Toolchains/XcodeDefault.xctoolchain/usr/lib/swift/host/libSwiftInProcPluginServer.dylib -parse-as-library -o /Users/admin/builder/spi-builder-workspace/.derivedData/Build/Intermediates.noindex/VDLayout.build/Debug-appletvos/VDLayout-t.build/Objects-normal/arm64/Chaining+UIScrollView.o -o /Users/admin/builder/spi-builder-workspace/.derivedData/Build/Intermediates.noindex/VDLayout.build/Debug-appletvos/VDLayout-t.build/Objects-normal/arm64/Chaining+UIStackView.o -o /Users/admin/builder/spi-builder-workspace/.derivedData/Build/Intermediates.noindex/VDLayout.build/Debug-appletvos/VDLayout-t.build/Objects-normal/arm64/Chaining+UITextField.o -debug-module-path /Users/admin/builder/spi-builder-workspace/.derivedData/Build/Intermediates.noindex/VDLayout.build/Debug-appletvos/VDLayout-t.build/Objects-normal/arm64/VDLayout.swiftmodule -index-unit-output-path /VDLayout.build/Debug-appletvos/VDLayout-t.build/Objects-normal/arm64/Chaining+UIScrollView.o -index-unit-output-path /VDLayout.build/Debug-appletvos/VDLayout-t.build/Objects-normal/arm64/Chaining+UIStackView.o -index-unit-output-path /VDLayout.build/Debug-appletvos/VDLayout-t.build/Objects-normal/arm64/Chaining+UITextField.o -index-store-path /Users/admin/builder/spi-builder-workspace/.derivedData/Index.noindex/DataStore -index-system-modules
SwiftDriverJobDiscovery normal arm64 Compiling EmptySubview.swift, UISubview.swift, ValueBuilder.swift (in target 'VDLayout' from project 'VDLayout')
SwiftDriverJobDiscovery normal arm64 Compiling UIView++.swift, UIViewController++.swift, ValueBuilder+Chain.swift (in target 'VDLayout' from project 'VDLayout')
SwiftCompile normal arm64 Compiling\ SubviewInstaller.swift /Users/admin/builder/spi-builder-workspace/Sources/VDLayout/SubviewInstaller.swift (in target 'VDLayout' from project 'VDLayout')
SwiftCompile normal arm64 /Users/admin/builder/spi-builder-workspace/Sources/VDLayout/SubviewInstaller.swift (in target 'VDLayout' from project 'VDLayout')
    cd /Users/admin/builder/spi-builder-workspace/.swiftpm/xcode
    builtin-SwiftPerFileCompile SubviewInstaller.swift
SwiftCompile normal arm64 Compiling\ ArraySubview.swift /Users/admin/builder/spi-builder-workspace/Sources/VDLayout/Subviews/ArraySubview.swift (in target 'VDLayout' from project 'VDLayout')
SwiftCompile normal arm64 /Users/admin/builder/spi-builder-workspace/Sources/VDLayout/Subviews/ArraySubview.swift (in target 'VDLayout' from project 'VDLayout')
    cd /Users/admin/builder/spi-builder-workspace/.swiftpm/xcode
    builtin-SwiftPerFileCompile ArraySubview.swift
SwiftDriverJobDiscovery normal arm64 Compiling Chain+SubviewProtocol.swift, CustomAddSubviewType.swift, CACornerMask++.swift, NSDirectionalEdgeInsets++.swift (in target 'VDLayout' from project 'VDLayout')
SwiftCompile normal arm64 Compiling\ AnySubview.swift /Users/admin/builder/spi-builder-workspace/Sources/VDLayout/Subviews/AnySubview.swift (in target 'VDLayout' from project 'VDLayout')
SwiftCompile normal arm64 /Users/admin/builder/spi-builder-workspace/Sources/VDLayout/Subviews/AnySubview.swift (in target 'VDLayout' from project 'VDLayout')
    cd /Users/admin/builder/spi-builder-workspace/.swiftpm/xcode
    builtin-SwiftPerFileCompile AnySubview.swift
SwiftDriverJobDiscovery normal arm64 Compiling Chain+pin.swift, Chaining+Subview.swift, Chaining+UIButton.swift (in target 'VDLayout' from project 'VDLayout')
SwiftDriverJobDiscovery normal arm64 Compiling Chaining+UIControl.swift, Chaining+UIImageView.swift, Chaining+UILabel.swift (in target 'VDLayout' from project 'VDLayout')
SwiftDriverJobDiscovery normal arm64 Emitting module for VDLayout (in target 'VDLayout' from project 'VDLayout')
SwiftDriver\ Compilation\ Requirements VDLayout normal arm64 com.apple.xcode.tools.swift.compiler (in target 'VDLayout' from project 'VDLayout')
    cd /Users/admin/builder/spi-builder-workspace/.swiftpm/xcode
    builtin-Swift-Compilation-Requirements -- /Applications/Xcode-27.0.0-Release.Candidate.app/Contents/Developer/Toolchains/XcodeDefault.xctoolchain/usr/bin/swiftc -parse-as-library -module-name VDLayout -Onone @/Users/admin/builder/spi-builder-workspace/.derivedData/Build/Intermediates.noindex/VDLayout.build/Debug-appletvos/VDLayout-t.build/Objects-normal/arm64/VDLayout.SwiftFileList -DSWIFT_PACKAGE -DDEBUG -DSWIFT_MODULE_RESOURCE_BUNDLE_UNAVAILABLE -DXcode -plugin-path /Applications/Xcode-27.0.0-Release.Candidate.app/Contents/Developer/Toolchains/XcodeDefault.xctoolchain/usr/lib/swift/host/plugins/testing -enable-experimental-feature DebugDescriptionMacro -sdk /Applications/Xcode-27.0.0-Release.Candidate.app/Contents/Developer/Platforms/AppleTVOS.platform/Developer/SDKs/AppleTVOS27.0.sdk -target arm64-apple-tvos15.0 -g -module-cache-path /Users/admin/builder/spi-builder-workspace/.derivedData/ModuleCache.noindex -Xfrontend -serialize-debugging-options -enable-testing -index-store-path /Users/admin/builder/spi-builder-workspace/.derivedData/Index.noindex/DataStore -Xcc -D_LIBCPP_HARDENING_MODE\=_LIBCPP_HARDENING_MODE_DEBUG -swift-version 5 -I /Users/admin/builder/spi-builder-workspace/.derivedData/Build/Products/Debug-appletvos -Isystem /Applications/Xcode-27.0.0-Release.Candidate.app/Contents/Developer/Platforms/AppleTVOS.platform/Developer/usr/lib -F /Users/admin/builder/spi-builder-workspace/.derivedData/Build/Products/Debug-appletvos/PackageFrameworks -F /Users/admin/builder/spi-builder-workspace/.derivedData/Build/Products/Debug-appletvos -F /Applications/Xcode-27.0.0-Release.Candidate.app/Contents/Developer/Platforms/AppleTVOS.platform/Developer/Library/Frameworks -F /Applications/Xcode-27.0.0-Release.Candidate.app/Contents/Developer/Platforms/AppleTVOS.platform/Developer/SDKs/AppleTVOS27.0.sdk/Developer/Library/Frameworks -c -j10 -enable-batch-mode -incremental -Xcc -ivfsstatcache -Xcc /Users/admin/builder/spi-builder-workspace/.derivedData/SDKStatCaches.noindex/appletvos27.0-24J360-e829b21a6f8c9b70876ba0858053c044b32bfd8d43560033f8d89884cdb90028.sdkstatcache -output-file-map /Users/admin/builder/spi-builder-workspace/.derivedData/Build/Intermediates.noindex/VDLayout.build/Debug-appletvos/VDLayout-t.build/Objects-normal/arm64/VDLayout-OutputFileMap.json -save-temps -no-color-diagnostics -explicit-module-build -module-cache-path /Users/admin/builder/spi-builder-workspace/.derivedData/Build/Intermediates.noindex/SwiftExplicitPrecompiledModules -clang-scanner-module-cache-path /Users/admin/builder/spi-builder-workspace/.derivedData/ModuleCache.noindex -sdk-module-cache-path /Users/admin/builder/spi-builder-workspace/.derivedData/SDKExplicitPrecompiledModules -emit-dependencies -emit-module -emit-module-path /Users/admin/builder/spi-builder-workspace/.derivedData/Build/Intermediates.noindex/VDLayout.build/Debug-appletvos/VDLayout-t.build/Objects-normal/arm64/VDLayout.swiftmodule -serialize-diagnostics -dependency-scan-serialize-diagnostics-path /Users/admin/builder/spi-builder-workspace/.derivedData/Build/Intermediates.noindex/VDLayout.build/Debug-appletvos/VDLayout-t.build/Objects-normal/arm64/VDLayout-dependency-scan.dia -validate-clang-modules-once -clang-build-session-file /Users/admin/builder/spi-builder-workspace/.derivedData/ModuleCache.noindex/Session.modulevalidation -Xcc -fmodules-prune-interval\=86400 -Xcc -fmodules-prune-after\=345600 -emit-const-values -const-gather-protocols-list /Users/admin/builder/spi-builder-workspace/.derivedData/Build/Intermediates.noindex/VDLayout.build/Debug-appletvos/VDLayout-t.build/Objects-normal/arm64/VDLayout_const_extract_protocols.json -Xcc -I/Users/admin/builder/spi-builder-workspace/.derivedData/Build/Products/Debug-appletvos/include -Xcc -I/Users/admin/builder/spi-builder-workspace/.derivedData/Build/Intermediates.noindex/VDLayout.build/Debug-appletvos/VDLayout-t.build/DerivedSources-normal/arm64 -Xcc -I/Users/admin/builder/spi-builder-workspace/.derivedData/Build/Intermediates.noindex/VDLayout.build/Debug-appletvos/VDLayout-t.build/DerivedSources/arm64 -Xcc -I/Users/admin/builder/spi-builder-workspace/.derivedData/Build/Intermediates.noindex/VDLayout.build/Debug-appletvos/VDLayout-t.build/DerivedSources -Xcc -DSWIFT_PACKAGE -Xcc -DDEBUG\=1 -emit-objc-header -emit-objc-header-path /Users/admin/builder/spi-builder-workspace/.derivedData/Build/Intermediates.noindex/VDLayout.build/Debug-appletvos/VDLayout-t.build/Objects-normal/arm64/VDLayout-Swift.h -working-directory /Users/admin/builder/spi-builder-workspace/.swiftpm/xcode -experimental-emit-module-separately -disable-cmo
SwiftMergeGeneratedHeaders /Users/admin/builder/spi-builder-workspace/.derivedData/Build/Intermediates.noindex/GeneratedModuleMaps-appletvos/VDLayout-Swift.h /Users/admin/builder/spi-builder-workspace/.derivedData/Build/Intermediates.noindex/VDLayout.build/Debug-appletvos/VDLayout-t.build/Objects-normal/arm64/VDLayout-Swift.h (in target 'VDLayout' from project 'VDLayout')
    cd /Users/admin/builder/spi-builder-workspace
    builtin-swiftHeaderTool -arch arm64 /Users/admin/builder/spi-builder-workspace/.derivedData/Build/Intermediates.noindex/VDLayout.build/Debug-appletvos/VDLayout-t.build/Objects-normal/arm64/VDLayout-Swift.h -o /Users/admin/builder/spi-builder-workspace/.derivedData/Build/Intermediates.noindex/GeneratedModuleMaps-appletvos/VDLayout-Swift.h
Copy /Users/admin/builder/spi-builder-workspace/.derivedData/Build/Products/Debug-appletvos/VDLayout.swiftmodule/arm64-apple-tvos.swiftmodule /Users/admin/builder/spi-builder-workspace/.derivedData/Build/Intermediates.noindex/VDLayout.build/Debug-appletvos/VDLayout-t.build/Objects-normal/arm64/VDLayout.swiftmodule (in target 'VDLayout' from project 'VDLayout')
    cd /Users/admin/builder/spi-builder-workspace
    builtin-copy -exclude .DS_Store -exclude CVS -exclude .svn -exclude .git -exclude .hg -resolve-src-symlinks -rename /Users/admin/builder/spi-builder-workspace/.derivedData/Build/Intermediates.noindex/VDLayout.build/Debug-appletvos/VDLayout-t.build/Objects-normal/arm64/VDLayout.swiftmodule /Users/admin/builder/spi-builder-workspace/.derivedData/Build/Products/Debug-appletvos/VDLayout.swiftmodule/arm64-apple-tvos.swiftmodule
Copy /Users/admin/builder/spi-builder-workspace/.derivedData/Build/Products/Debug-appletvos/VDLayout.swiftmodule/arm64-apple-tvos.swiftdoc /Users/admin/builder/spi-builder-workspace/.derivedData/Build/Intermediates.noindex/VDLayout.build/Debug-appletvos/VDLayout-t.build/Objects-normal/arm64/VDLayout.swiftdoc (in target 'VDLayout' from project 'VDLayout')
    cd /Users/admin/builder/spi-builder-workspace
    builtin-copy -exclude .DS_Store -exclude CVS -exclude .svn -exclude .git -exclude .hg -resolve-src-symlinks -rename /Users/admin/builder/spi-builder-workspace/.derivedData/Build/Intermediates.noindex/VDLayout.build/Debug-appletvos/VDLayout-t.build/Objects-normal/arm64/VDLayout.swiftdoc /Users/admin/builder/spi-builder-workspace/.derivedData/Build/Products/Debug-appletvos/VDLayout.swiftmodule/arm64-apple-tvos.swiftdoc
Copy /Users/admin/builder/spi-builder-workspace/.derivedData/Build/Products/Debug-appletvos/VDLayout.swiftmodule/arm64-apple-tvos.abi.json /Users/admin/builder/spi-builder-workspace/.derivedData/Build/Intermediates.noindex/VDLayout.build/Debug-appletvos/VDLayout-t.build/Objects-normal/arm64/VDLayout.abi.json (in target 'VDLayout' from project 'VDLayout')
    cd /Users/admin/builder/spi-builder-workspace
    builtin-copy -exclude .DS_Store -exclude CVS -exclude .svn -exclude .git -exclude .hg -resolve-src-symlinks -rename /Users/admin/builder/spi-builder-workspace/.derivedData/Build/Intermediates.noindex/VDLayout.build/Debug-appletvos/VDLayout-t.build/Objects-normal/arm64/VDLayout.abi.json /Users/admin/builder/spi-builder-workspace/.derivedData/Build/Products/Debug-appletvos/VDLayout.swiftmodule/arm64-apple-tvos.abi.json
Copy /Users/admin/builder/spi-builder-workspace/.derivedData/Build/Products/Debug-appletvos/VDLayout.swiftmodule/Project/arm64-apple-tvos.swiftsourceinfo /Users/admin/builder/spi-builder-workspace/.derivedData/Build/Intermediates.noindex/VDLayout.build/Debug-appletvos/VDLayout-t.build/Objects-normal/arm64/VDLayout.swiftsourceinfo (in target 'VDLayout' from project 'VDLayout')
    cd /Users/admin/builder/spi-builder-workspace
    builtin-copy -exclude .DS_Store -exclude CVS -exclude .svn -exclude .git -exclude .hg -resolve-src-symlinks -rename /Users/admin/builder/spi-builder-workspace/.derivedData/Build/Intermediates.noindex/VDLayout.build/Debug-appletvos/VDLayout-t.build/Objects-normal/arm64/VDLayout.swiftsourceinfo /Users/admin/builder/spi-builder-workspace/.derivedData/Build/Products/Debug-appletvos/VDLayout.swiftmodule/Project/arm64-apple-tvos.swiftsourceinfo
SwiftDriverJobDiscovery normal arm64 Compiling UIApplication++.swift, UIButton++.swift, UIControl++.swift, UIKitView+Subview.swift (in target 'VDLayout' from project 'VDLayout')
SwiftDriverJobDiscovery normal arm64 Compiling UILabel++.swift, UIScrollView++.swift, UIStackView++.swift (in target 'VDLayout' from project 'VDLayout')
SwiftDriverJobDiscovery normal arm64 Compiling Padding.swift, Subview.swift, SubviewBuilder.swift (in target 'VDLayout' from project 'VDLayout')
SwiftDriverJobDiscovery normal arm64 Compiling SubviewInstaller.swift (in target 'VDLayout' from project 'VDLayout')
SwiftDriverJobDiscovery normal arm64 Compiling AnySubview.swift (in target 'VDLayout' from project 'VDLayout')
SwiftDriverJobDiscovery normal arm64 Compiling Chaining+UITextView.swift, Chaining+UIView.swift, ContentPriority.swift (in target 'VDLayout' from project 'VDLayout')
SwiftDriverJobDiscovery normal arm64 Compiling ArraySubview.swift (in target 'VDLayout' from project 'VDLayout')
PruneExplicitPrecompiledModules /Users/admin/builder/spi-builder-workspace/.derivedData/Build/Intermediates.noindex/SwiftExplicitPrecompiledModules
PruneExplicitPrecompiledModules /Users/admin/builder/spi-builder-workspace/.derivedData/SDKExplicitPrecompiledModules
PruneExplicitPrecompiledModules /Users/admin/builder/spi-builder-workspace/.derivedData/Build/Intermediates.noindex/ExplicitPrecompiledModules
2026-09-20 19:06:21.495 xcodebuild[922:5568] [MT] IDERunDestination: Supported platforms for the buildables in the current scheme is empty.
** BUILD FAILED **
The following build commands failed:
	SwiftCompile normal arm64 /Users/admin/builder/spi-builder-workspace/Sources/VDLayout/Modifiers/Chaining+UIScrollView.swift (in target 'VDLayout' from project 'VDLayout')
	SwiftCompile normal arm64 Compiling\ Chaining+UIScrollView.swift,\ Chaining+UIStackView.swift,\ Chaining+UITextField.swift /Users/admin/builder/spi-builder-workspace/Sources/VDLayout/Modifiers/Chaining+UIScrollView.swift /Users/admin/builder/spi-builder-workspace/Sources/VDLayout/Modifiers/Chaining+UIStackView.swift /Users/admin/builder/spi-builder-workspace/Sources/VDLayout/Modifiers/Chaining+UITextField.swift (in target 'VDLayout' from project 'VDLayout')
	Building workspace VDLayout with scheme VDLayout
(3 failures)
BUILD FAILURE 6.4 tvOS