The Swift Package Index logo.Swift Package Index

Build Information

Failed to build StatusItemController, reference main (e78a9c), with Swift 6.4 for macOS (Xcode) using Xcode 27.0 on 20 Sep 2026 08:06:43 UTC.

Build Command

env DEVELOPER_DIR=/Applications/Xcode-27.0.0-Release.Candidate.app xcrun xcodebuild -IDEClonedSourcePackagesDirPathOverride=$PWD/.dependencies -skipMacroValidation -skipPackagePluginValidation -derivedDataPath $PWD/.derivedData build -scheme StatusItemController -destination platform=macOS,arch=arm64

Build Log

========================================
RunAll
========================================
Builder version: 5.1.0
Interrupt handler set up.
========================================
Checkout
========================================
Clone URL: https://github.com/hexedbits/StatusItemController.git
Reference: main
Initialized empty Git repository in /Users/admin/builder/spi-builder-workspace/.git/
From https://github.com/hexedbits/StatusItemController
 * branch            main       -> FETCH_HEAD
 * [new branch]      main       -> origin/main
HEAD is now at e78a9cb Bump actions/checkout from 6 to 7 (#72)
Cloned https://github.com/hexedbits/StatusItemController.git
Revision (git rev-parse @):
e78a9cb05b38342346b5577cc1e1fc784da11d86
SPI manifest file found: $PWD/.spi.yml
SUCCESS checkout https://github.com/hexedbits/StatusItemController.git at main
========================================
Build
========================================
Selected platform:         macosXcodebuild
Swift version:             6.4
Building package at path:  $PWD
https://github.com/hexedbits/StatusItemController.git
Command line invocation:
    /Applications/Xcode-27.0.0-Release.Candidate.app/Contents/Developer/usr/bin/xcodebuild -IDEClonedSourcePackagesDirPathOverride=/Users/admin/builder/spi-builder-workspace/.dependencies -resolvePackageDependencies
resolved source packages:
{
  "dependencies" : [
  ],
  "manifest_display_name" : "StatusItemController",
  "name" : "StatusItemController",
  "path" : "/Users/admin/builder/spi-builder-workspace",
  "platforms" : [
    {
      "name" : "macos",
      "version" : "11.0"
    }
  ],
  "products" : [
    {
      "name" : "StatusItemController",
      "targets" : [
        "StatusItemController"
      ],
      "type" : {
        "library" : [
          "automatic"
        ]
      }
    }
  ],
  "swift_languages_versions" : [
    "5"
  ],
  "targets" : [
    {
      "c99name" : "StatusItemControllerTests",
      "module_type" : "SwiftTarget",
      "name" : "StatusItemControllerTests",
      "path" : "Tests",
      "sources" : [
        "StatusItemControllerTests.swift"
      ],
      "target_dependencies" : [
        "StatusItemController"
      ],
      "type" : "test"
    },
    {
      "c99name" : "StatusItemController",
      "module_type" : "SwiftTarget",
      "name" : "StatusItemController",
      "path" : "Sources",
      "product_memberships" : [
        "StatusItemController"
      ],
      "sources" : [
        "NSApplication+Extensions.swift",
        "NSEvent+Extensions.swift",
        "NSMenuItem+Extensions.swift",
        "StatusItemController.swift"
      ],
      "type" : "library"
    }
  ],
  "tools_version" : "5.9"
}
{
  "project" : {
    "configurations" : [
      "Debug",
      "Release"
    ],
    "name" : "StatusItemController",
    "schemes" : [
      "StatusItemController"
    ],
    "targets" : [
      "StatusItemController",
      "StatusItemControllerTests"
    ]
  }
}
Running build ...
env DEVELOPER_DIR=/Applications/Xcode-27.0.0-Release.Candidate.app xcrun xcodebuild -IDEClonedSourcePackagesDirPathOverride=$PWD/.dependencies -skipMacroValidation -skipPackagePluginValidation -derivedDataPath $PWD/.derivedData build -scheme StatusItemController -destination platform=macOS,arch=arm64
Command line invocation:
    /Applications/Xcode-27.0.0-Release.Candidate.app/Contents/Developer/usr/bin/xcodebuild -IDEClonedSourcePackagesDirPathOverride=/Users/admin/builder/spi-builder-workspace/.dependencies -skipMacroValidation -skipPackagePluginValidation -derivedDataPath /Users/admin/builder/spi-builder-workspace/.derivedData build -scheme StatusItemController -destination platform=macOS,arch=arm64
ComputePackagePrebuildTargetDependencyGraph
Prepare packages
CreateBuildRequest
SendProjectDescription
CreateBuildOperation
ComputeTargetDependencyGraph
note: Building targets in dependency order
note: Target dependency graph (1 target)
    Target 'StatusItemController' in project 'StatusItemController' (no dependencies)
GatherProvisioningInputs
CreateBuildDescription
ExecuteExternalTool /Applications/Xcode-27.0.0-Release.Candidate.app/Contents/Developer/Toolchains/XcodeDefault.xctoolchain/usr/bin/clang -v -E -dM -isysroot /Applications/Xcode-27.0.0-Release.Candidate.app/Contents/Developer/Platforms/MacOSX.platform/Developer/SDKs/MacOSX27.0.sdk -x c -c /dev/null
ExecuteExternalTool /Applications/Xcode-27.0.0-Release.Candidate.app/Contents/Developer/Toolchains/XcodeDefault.xctoolchain/usr/bin/clang -v -E -dM -arch arm64 -isysroot /Applications/Xcode-27.0.0-Release.Candidate.app/Contents/Developer/Platforms/MacOSX.platform/Developer/SDKs/MacOSX27.0.sdk -x c -c /dev/null
ExecuteExternalTool /Applications/Xcode-27.0.0-Release.Candidate.app/Contents/Developer/Toolchains/XcodeDefault.xctoolchain/usr/bin/swiftc --version
ExecuteExternalTool /Applications/Xcode-27.0.0-Release.Candidate.app/Contents/Developer/Toolchains/XcodeDefault.xctoolchain/usr/bin/ld -version_details
Build description signature: 1f5893a470ecdcc3912038312f37fed3
Build description path: /Users/admin/builder/spi-builder-workspace/.derivedData/Build/Intermediates.noindex/XCBuildData/1f5893a470ecdcc3912038312f37fed3.xcbuilddata
/Users/admin/builder/spi-builder-workspace/StatusItemController.xcodeproj: error: The macOS deployment target 'MACOSX_DEPLOYMENT_TARGET' is set to 11.0, but the range of supported deployment target versions is 12.0 to 27.0.x. (in target 'StatusItemController' from project 'StatusItemController')
note: Run script build phase 'SwiftLint' will be run during every build because the option to run the script phase "Based on dependency analysis" is unchecked. (in target 'StatusItemController' from project 'StatusItemController')
** BUILD FAILED **
The following build commands failed:
	Building project StatusItemController with scheme StatusItemController
(1 failure)
Command line invocation:
    /Applications/Xcode-27.0.0-Release.Candidate.app/Contents/Developer/usr/bin/xcodebuild -IDEClonedSourcePackagesDirPathOverride=/Users/admin/builder/spi-builder-workspace/.dependencies -resolvePackageDependencies
resolved source packages:
{
  "dependencies" : [
  ],
  "manifest_display_name" : "StatusItemController",
  "name" : "StatusItemController",
  "path" : "/Users/admin/builder/spi-builder-workspace",
  "platforms" : [
    {
      "name" : "macos",
      "version" : "11.0"
    }
  ],
  "products" : [
    {
      "name" : "StatusItemController",
      "targets" : [
        "StatusItemController"
      ],
      "type" : {
        "library" : [
          "automatic"
        ]
      }
    }
  ],
  "swift_languages_versions" : [
    "5"
  ],
  "targets" : [
    {
      "c99name" : "StatusItemControllerTests",
      "module_type" : "SwiftTarget",
      "name" : "StatusItemControllerTests",
      "path" : "Tests",
      "sources" : [
        "StatusItemControllerTests.swift"
      ],
      "target_dependencies" : [
        "StatusItemController"
      ],
      "type" : "test"
    },
    {
      "c99name" : "StatusItemController",
      "module_type" : "SwiftTarget",
      "name" : "StatusItemController",
      "path" : "Sources",
      "product_memberships" : [
        "StatusItemController"
      ],
      "sources" : [
        "NSApplication+Extensions.swift",
        "NSEvent+Extensions.swift",
        "NSMenuItem+Extensions.swift",
        "StatusItemController.swift"
      ],
      "type" : "library"
    }
  ],
  "tools_version" : "5.9"
}
{
  "project" : {
    "configurations" : [
      "Debug",
      "Release"
    ],
    "name" : "StatusItemController",
    "schemes" : [
      "StatusItemController"
    ],
    "targets" : [
      "StatusItemController",
      "StatusItemControllerTests"
    ]
  }
}
Running build ...
env DEVELOPER_DIR=/Applications/Xcode-27.0.0-Release.Candidate.app xcrun xcodebuild -IDEClonedSourcePackagesDirPathOverride=$PWD/.dependencies -skipMacroValidation -skipPackagePluginValidation -derivedDataPath $PWD/.derivedData build -scheme StatusItemController -destination platform=macOS,arch=arm64
Command line invocation:
    /Applications/Xcode-27.0.0-Release.Candidate.app/Contents/Developer/usr/bin/xcodebuild -IDEClonedSourcePackagesDirPathOverride=/Users/admin/builder/spi-builder-workspace/.dependencies -skipMacroValidation -skipPackagePluginValidation -derivedDataPath /Users/admin/builder/spi-builder-workspace/.derivedData build -scheme StatusItemController -destination platform=macOS,arch=arm64
ComputePackagePrebuildTargetDependencyGraph
Prepare packages
CreateBuildRequest
SendProjectDescription
CreateBuildOperation
ComputeTargetDependencyGraph
note: Building targets in dependency order
note: Target dependency graph (1 target)
    Target 'StatusItemController' in project 'StatusItemController' (no dependencies)
GatherProvisioningInputs
CreateBuildDescription
/Users/admin/builder/spi-builder-workspace/StatusItemController.xcodeproj: error: The macOS deployment target 'MACOSX_DEPLOYMENT_TARGET' is set to 11.0, but the range of supported deployment target versions is 12.0 to 27.0.x. (in target 'StatusItemController' from project 'StatusItemController')
note: Run script build phase 'SwiftLint' will be run during every build because the option to run the script phase "Based on dependency analysis" is unchecked. (in target 'StatusItemController' from project 'StatusItemController')
** BUILD FAILED **
The following build commands failed:
	Building project StatusItemController with scheme StatusItemController
(1 failure)
BUILD FAILURE 6.4 macosXcodebuild