Build Information
Failed to build swiftui-pin-pad, reference main (aa9638), with Swift 6.4 for tvOS using Xcode 27.0 on 23 Sep 2026 12:09:07 UTC.
Build Command
env DEVELOPER_DIR=/Applications/Xcode-27.0.0-Release.Candidate.app xcrun xcodebuild -IDEClonedSourcePackagesDirPathOverride=$PWD/.dependencies -skipMacroValidation -skipPackagePluginValidation -derivedDataPath $PWD/.derivedData build -scheme swiftui-pin-pad -destination generic/platform=tvOSBuild Log
========================================
RunAll
========================================
Builder version: 5.1.0
Interrupt handler set up.
========================================
Checkout
========================================
Clone URL: https://github.com/drewster99/swiftui-pin-pad.git
Reference: main
Initialized empty Git repository in /Users/admin/builder/spi-builder-workspace/.git/
From https://github.com/drewster99/swiftui-pin-pad
* branch main -> FETCH_HEAD
* [new branch] main -> origin/main
HEAD is now at aa96387 frame minHeight = 700 (was 775). Added frame sizing details to README
Cloned https://github.com/drewster99/swiftui-pin-pad.git
Revision (git rev-parse @):
aa96387e389e64cd12fe5e19925624fcee60d2f7
SUCCESS checkout https://github.com/drewster99/swiftui-pin-pad.git at main
========================================
Build
========================================
Selected platform: tvOS
Swift version: 6.4
Building package at path: $PWD
https://github.com/drewster99/swiftui-pin-pad.git
Command line invocation:
/Applications/Xcode-27.0.0-Release.Candidate.app/Contents/Developer/usr/bin/xcodebuild -IDEClonedSourcePackagesDirPathOverride=/Users/admin/builder/spi-builder-workspace/.dependencies -resolvePackageDependencies
Resolve Package Graph
Resolve Package Graph
Resolved source packages:
swiftui-pin-pad: /Users/admin/builder/spi-builder-workspace
resolved source packages: swiftui-pin-pad
2026-09-23 08:08:24.352 xcodebuild[529:3036] [MT] IDERunDestination: Supported platforms for the buildables in the current scheme is empty.
{
"dependencies" : [
],
"manifest_display_name" : "swiftui-pin-pad",
"name" : "swiftui-pin-pad",
"path" : "/Users/admin/builder/spi-builder-workspace",
"platforms" : [
{
"name" : "ios",
"version" : "18.0"
},
{
"name" : "macos",
"version" : "15.0"
}
],
"products" : [
{
"name" : "swiftui-pin-pad",
"targets" : [
"swiftui_pin_pad"
],
"type" : {
"library" : [
"automatic"
]
}
}
],
"targets" : [
{
"c99name" : "swiftui_pin_pad",
"module_type" : "SwiftTarget",
"name" : "swiftui_pin_pad",
"path" : "Sources",
"product_memberships" : [
"swiftui-pin-pad"
],
"sources" : [
"swiftui-pin-pad/ButtonContent.swift",
"swiftui-pin-pad/EnvironmentValues+PINPad.swift",
"swiftui-pin-pad/FormattedKeypadButtonContent.swift",
"swiftui-pin-pad/KeypadButton.swift",
"swiftui-pin-pad/KeypadView.swift",
"swiftui-pin-pad/PINView.swift",
"swiftui-pin-pad/ShakeModifier.swift",
"swiftui-pin-pad/SwiftUIPINPad.swift"
],
"type" : "library"
},
{
"c99name" : "swiftui_pin_padTests",
"module_type" : "SwiftTarget",
"name" : "swiftui-pin-padTests",
"path" : "Tests/swiftui-pin-padTests",
"sources" : [
"swiftui_pin_padTests.swift"
],
"target_dependencies" : [
"swiftui_pin_pad"
],
"type" : "test"
}
],
"tools_version" : "6.2"
}
{
"workspace" : {
"name" : "swiftui-pin-pad",
"schemes" : [
"swiftui-pin-pad"
]
}
}
2026-09-23 08:08:56.119 xcodebuild[626:3852] [MT] IDERunDestination: Supported platforms for the buildables in the current scheme is empty.
Running build ...
env DEVELOPER_DIR=/Applications/Xcode-27.0.0-Release.Candidate.app xcrun xcodebuild -IDEClonedSourcePackagesDirPathOverride=$PWD/.dependencies -skipMacroValidation -skipPackagePluginValidation -derivedDataPath $PWD/.derivedData build -scheme swiftui-pin-pad -destination generic/platform=tvOS
Command line invocation:
/Applications/Xcode-27.0.0-Release.Candidate.app/Contents/Developer/usr/bin/xcodebuild -IDEClonedSourcePackagesDirPathOverride=/Users/admin/builder/spi-builder-workspace/.dependencies -skipMacroValidation -skipPackagePluginValidation -derivedDataPath /Users/admin/builder/spi-builder-workspace/.derivedData build -scheme swiftui-pin-pad -destination generic/platform=tvOS
Resolve Package Graph
Resolved source packages:
swiftui-pin-pad: /Users/admin/builder/spi-builder-workspace
ComputePackagePrebuildTargetDependencyGraph
Prepare packages
CreateBuildRequest
SendProjectDescription
CreateBuildOperation
ComputeTargetDependencyGraph
note: Building targets in dependency order
note: Target dependency graph (2 targets)
Target 'swiftui-pin-pad-product' in project 'swiftui-pin-pad'
➜ Explicit dependency on target 'swiftui_pin_pad' in project 'swiftui-pin-pad'
Target 'swiftui_pin_pad' in project 'swiftui-pin-pad' (no dependencies)
GatherProvisioningInputs
CreateBuildDescription
ExecuteExternalTool /Applications/Xcode-27.0.0-Release.Candidate.app/Contents/Developer/Toolchains/XcodeDefault.xctoolchain/usr/bin/clang -v -E -dM -isysroot /Applications/Xcode-27.0.0-Release.Candidate.app/Contents/Developer/Platforms/AppleTVOS.platform/Developer/SDKs/AppleTVOS27.0.sdk -x c -c /dev/null
ExecuteExternalTool /Applications/Xcode-27.0.0-Release.Candidate.app/Contents/Developer/Toolchains/XcodeDefault.xctoolchain/usr/bin/swiftc --version
ExecuteExternalTool /Applications/Xcode-27.0.0-Release.Candidate.app/Contents/Developer/Toolchains/XcodeDefault.xctoolchain/usr/bin/ld -version_details
Build description signature: 402138e14728c6d3802903b08c3f11d9
Build description path: /Users/admin/builder/spi-builder-workspace/.derivedData/Build/Intermediates.noindex/XCBuildData/402138e14728c6d3802903b08c3f11d9.xcbuilddata
CreateBuildDirectory /Users/admin/builder/spi-builder-workspace/.derivedData/SDKExplicitPrecompiledModules
cd /Users/admin/builder/spi-builder-workspace/.swiftpm/xcode
builtin-create-build-directory /Users/admin/builder/spi-builder-workspace/.derivedData/SDKExplicitPrecompiledModules
CreateBuildDirectory /Users/admin/builder/spi-builder-workspace/.derivedData/ModuleCache.noindex
cd /Users/admin/builder/spi-builder-workspace/.swiftpm/xcode
builtin-create-build-directory /Users/admin/builder/spi-builder-workspace/.derivedData/ModuleCache.noindex
CreateBuildDirectory /Users/admin/builder/spi-builder-workspace/.derivedData/CompilationCache.noindex
cd /Users/admin/builder/spi-builder-workspace/.swiftpm/xcode
builtin-create-build-directory /Users/admin/builder/spi-builder-workspace/.derivedData/CompilationCache.noindex
CreateBuildDirectory /Users/admin/builder/spi-builder-workspace/.derivedData/Build/Products
cd /Users/admin/builder/spi-builder-workspace/.swiftpm/xcode
builtin-create-build-directory /Users/admin/builder/spi-builder-workspace/.derivedData/Build/Products
CreateBuildDirectory /Users/admin/builder/spi-builder-workspace/.derivedData/Build/Intermediates.noindex
cd /Users/admin/builder/spi-builder-workspace/.swiftpm/xcode
builtin-create-build-directory /Users/admin/builder/spi-builder-workspace/.derivedData/Build/Intermediates.noindex
ClangStatCache /Applications/Xcode-27.0.0-Release.Candidate.app/Contents/Developer/Toolchains/XcodeDefault.xctoolchain/usr/bin/clang-stat-cache /Applications/Xcode-27.0.0-Release.Candidate.app/Contents/Developer/Platforms/AppleTVOS.platform/Developer/SDKs/AppleTVOS27.0.sdk /Users/admin/builder/spi-builder-workspace/.derivedData/SDKStatCaches.noindex/appletvos27.0-24J360-e829b21a6f8c9b70876ba0858053c044b32bfd8d43560033f8d89884cdb90028.sdkstatcache
cd /Users/admin/builder/spi-builder-workspace/.swiftpm/xcode
/Applications/Xcode-27.0.0-Release.Candidate.app/Contents/Developer/Toolchains/XcodeDefault.xctoolchain/usr/bin/clang-stat-cache /Applications/Xcode-27.0.0-Release.Candidate.app/Contents/Developer/Platforms/AppleTVOS.platform/Developer/SDKs/AppleTVOS27.0.sdk -o /Users/admin/builder/spi-builder-workspace/.derivedData/SDKStatCaches.noindex/appletvos27.0-24J360-e829b21a6f8c9b70876ba0858053c044b32bfd8d43560033f8d89884cdb90028.sdkstatcache
CreateBuildDirectory /Users/admin/builder/spi-builder-workspace/.derivedData/Build/Products/Debug-appletvos
cd /Users/admin/builder/spi-builder-workspace/.swiftpm/xcode
builtin-create-build-directory /Users/admin/builder/spi-builder-workspace/.derivedData/Build/Products/Debug-appletvos
CreateBuildDirectory /Users/admin/builder/spi-builder-workspace/.derivedData/Build/Intermediates.noindex/SwiftExplicitPrecompiledModules
cd /Users/admin/builder/spi-builder-workspace/.swiftpm/xcode
builtin-create-build-directory /Users/admin/builder/spi-builder-workspace/.derivedData/Build/Intermediates.noindex/SwiftExplicitPrecompiledModules
CreateBuildDirectory /Users/admin/builder/spi-builder-workspace/.derivedData/Build/Intermediates.noindex/ExplicitPrecompiledModules
cd /Users/admin/builder/spi-builder-workspace/.swiftpm/xcode
builtin-create-build-directory /Users/admin/builder/spi-builder-workspace/.derivedData/Build/Intermediates.noindex/ExplicitPrecompiledModules
CreateBuildDirectory /Users/admin/builder/spi-builder-workspace/.derivedData/Build/Intermediates.noindex/PrecompiledHeaders
cd /Users/admin/builder/spi-builder-workspace/.swiftpm/xcode
builtin-create-build-directory /Users/admin/builder/spi-builder-workspace/.derivedData/Build/Intermediates.noindex/PrecompiledHeaders
CreateBuildDirectory /Users/admin/builder/spi-builder-workspace/.derivedData/Build/Intermediates.noindex/EagerLinkingTBDs/Debug-appletvos
cd /Users/admin/builder/spi-builder-workspace/.swiftpm/xcode
builtin-create-build-directory /Users/admin/builder/spi-builder-workspace/.derivedData/Build/Intermediates.noindex/EagerLinkingTBDs/Debug-appletvos
CreateBuildDirectory /Users/admin/builder/spi-builder-workspace/.derivedData/Build/Products/Debug-appletvos/PackageFrameworks
cd /Users/admin/builder/spi-builder-workspace/.swiftpm/xcode
builtin-create-build-directory /Users/admin/builder/spi-builder-workspace/.derivedData/Build/Products/Debug-appletvos/PackageFrameworks
WriteAuxiliaryFile /Users/admin/builder/spi-builder-workspace/.derivedData/Build/Intermediates.noindex/swiftui-pin-pad.build/Debug-appletvos/swiftui_pin_pad-t.build/swiftui_pin_pad.DependencyStaticMetadataFileList (in target 'swiftui_pin_pad' from project 'swiftui-pin-pad')
cd /Users/admin/builder/spi-builder-workspace
write-file /Users/admin/builder/spi-builder-workspace/.derivedData/Build/Intermediates.noindex/swiftui-pin-pad.build/Debug-appletvos/swiftui_pin_pad-t.build/swiftui_pin_pad.DependencyStaticMetadataFileList
WriteAuxiliaryFile /Users/admin/builder/spi-builder-workspace/.derivedData/Build/Intermediates.noindex/swiftui-pin-pad.build/Debug-appletvos/swiftui_pin_pad-t.build/swiftui_pin_pad.DependencyMetadataFileList (in target 'swiftui_pin_pad' from project 'swiftui-pin-pad')
cd /Users/admin/builder/spi-builder-workspace
write-file /Users/admin/builder/spi-builder-workspace/.derivedData/Build/Intermediates.noindex/swiftui-pin-pad.build/Debug-appletvos/swiftui_pin_pad-t.build/swiftui_pin_pad.DependencyMetadataFileList
WriteAuxiliaryFile /Users/admin/builder/spi-builder-workspace/.derivedData/Build/Intermediates.noindex/swiftui-pin-pad.build/Debug-appletvos/swiftui_pin_pad-t.build/swiftui_pin_pad.modulemap (in target 'swiftui_pin_pad' from project 'swiftui-pin-pad')
cd /Users/admin/builder/spi-builder-workspace
write-file /Users/admin/builder/spi-builder-workspace/.derivedData/Build/Intermediates.noindex/swiftui-pin-pad.build/Debug-appletvos/swiftui_pin_pad-t.build/swiftui_pin_pad.modulemap
WriteAuxiliaryFile /Users/admin/builder/spi-builder-workspace/.derivedData/Build/Intermediates.noindex/swiftui-pin-pad.build/Debug-appletvos/swiftui_pin_pad-t.build/Objects-normal/arm64/swiftui_pin_pad.LinkFileList (in target 'swiftui_pin_pad' from project 'swiftui-pin-pad')
cd /Users/admin/builder/spi-builder-workspace
write-file /Users/admin/builder/spi-builder-workspace/.derivedData/Build/Intermediates.noindex/swiftui-pin-pad.build/Debug-appletvos/swiftui_pin_pad-t.build/Objects-normal/arm64/swiftui_pin_pad.LinkFileList
WriteAuxiliaryFile /Users/admin/builder/spi-builder-workspace/.derivedData/Build/Intermediates.noindex/swiftui-pin-pad.build/Debug-appletvos/swiftui_pin_pad-t.build/Objects-normal/arm64/swiftui_pin_pad.SwiftFileList (in target 'swiftui_pin_pad' from project 'swiftui-pin-pad')
cd /Users/admin/builder/spi-builder-workspace
write-file /Users/admin/builder/spi-builder-workspace/.derivedData/Build/Intermediates.noindex/swiftui-pin-pad.build/Debug-appletvos/swiftui_pin_pad-t.build/Objects-normal/arm64/swiftui_pin_pad.SwiftFileList
WriteAuxiliaryFile /Users/admin/builder/spi-builder-workspace/.derivedData/Build/Intermediates.noindex/swiftui-pin-pad.build/Debug-appletvos/swiftui_pin_pad-t.build/Objects-normal/arm64/swiftui_pin_pad_const_extract_protocols.json (in target 'swiftui_pin_pad' from project 'swiftui-pin-pad')
cd /Users/admin/builder/spi-builder-workspace
write-file /Users/admin/builder/spi-builder-workspace/.derivedData/Build/Intermediates.noindex/swiftui-pin-pad.build/Debug-appletvos/swiftui_pin_pad-t.build/Objects-normal/arm64/swiftui_pin_pad_const_extract_protocols.json
WriteAuxiliaryFile /Users/admin/builder/spi-builder-workspace/.derivedData/Build/Intermediates.noindex/swiftui-pin-pad.build/Debug-appletvos/swiftui_pin_pad-t.build/Objects-normal/arm64/swiftui_pin_pad-OutputFileMap.json (in target 'swiftui_pin_pad' from project 'swiftui-pin-pad')
cd /Users/admin/builder/spi-builder-workspace
write-file /Users/admin/builder/spi-builder-workspace/.derivedData/Build/Intermediates.noindex/swiftui-pin-pad.build/Debug-appletvos/swiftui_pin_pad-t.build/Objects-normal/arm64/swiftui_pin_pad-OutputFileMap.json
WriteAuxiliaryFile /Users/admin/builder/spi-builder-workspace/.derivedData/Build/Intermediates.noindex/swiftui-pin-pad.build/Debug-appletvos/swiftui_pin_pad-t.build/Objects-normal/arm64/swiftui_pin_pad.SwiftConstValuesFileList (in target 'swiftui_pin_pad' from project 'swiftui-pin-pad')
cd /Users/admin/builder/spi-builder-workspace
write-file /Users/admin/builder/spi-builder-workspace/.derivedData/Build/Intermediates.noindex/swiftui-pin-pad.build/Debug-appletvos/swiftui_pin_pad-t.build/Objects-normal/arm64/swiftui_pin_pad.SwiftConstValuesFileList
Copy /Users/admin/builder/spi-builder-workspace/.derivedData/Build/Intermediates.noindex/GeneratedModuleMaps-appletvos/swiftui_pin_pad.modulemap /Users/admin/builder/spi-builder-workspace/.derivedData/Build/Intermediates.noindex/swiftui-pin-pad.build/Debug-appletvos/swiftui_pin_pad-t.build/swiftui_pin_pad.modulemap (in target 'swiftui_pin_pad' from project 'swiftui-pin-pad')
cd /Users/admin/builder/spi-builder-workspace
builtin-copy -exclude .DS_Store -exclude CVS -exclude .svn -exclude .git -exclude .hg -resolve-src-symlinks /Users/admin/builder/spi-builder-workspace/.derivedData/Build/Intermediates.noindex/swiftui-pin-pad.build/Debug-appletvos/swiftui_pin_pad-t.build/swiftui_pin_pad.modulemap /Users/admin/builder/spi-builder-workspace/.derivedData/Build/Intermediates.noindex/GeneratedModuleMaps-appletvos
SwiftDriver swiftui_pin_pad normal arm64 com.apple.xcode.tools.swift.compiler (in target 'swiftui_pin_pad' from project 'swiftui-pin-pad')
cd /Users/admin/builder/spi-builder-workspace/.swiftpm/xcode
builtin-SwiftDriver -- /Applications/Xcode-27.0.0-Release.Candidate.app/Contents/Developer/Toolchains/XcodeDefault.xctoolchain/usr/bin/swiftc -parse-as-library -module-name swiftui_pin_pad -Onone @/Users/admin/builder/spi-builder-workspace/.derivedData/Build/Intermediates.noindex/swiftui-pin-pad.build/Debug-appletvos/swiftui_pin_pad-t.build/Objects-normal/arm64/swiftui_pin_pad.SwiftFileList -DSWIFT_PACKAGE -DDEBUG -DSWIFT_MODULE_RESOURCE_BUNDLE_UNAVAILABLE -DXcode -plugin-path /Applications/Xcode-27.0.0-Release.Candidate.app/Contents/Developer/Toolchains/XcodeDefault.xctoolchain/usr/lib/swift/host/plugins/testing -enable-experimental-feature DebugDescriptionMacro -sdk /Applications/Xcode-27.0.0-Release.Candidate.app/Contents/Developer/Platforms/AppleTVOS.platform/Developer/SDKs/AppleTVOS27.0.sdk -target arm64-apple-tvos18.0 -g -module-cache-path /Users/admin/builder/spi-builder-workspace/.derivedData/ModuleCache.noindex -Xfrontend -serialize-debugging-options -profile-coverage-mapping -profile-generate -enable-testing -index-store-path /Users/admin/builder/spi-builder-workspace/.derivedData/Index.noindex/DataStore -Xcc -D_LIBCPP_HARDENING_MODE\=_LIBCPP_HARDENING_MODE_DEBUG -swift-version 6 -I /Users/admin/builder/spi-builder-workspace/.derivedData/Build/Products/Debug-appletvos -Isystem /Applications/Xcode-27.0.0-Release.Candidate.app/Contents/Developer/Platforms/AppleTVOS.platform/Developer/usr/lib -F /Users/admin/builder/spi-builder-workspace/.derivedData/Build/Products/Debug-appletvos -F /Applications/Xcode-27.0.0-Release.Candidate.app/Contents/Developer/Platforms/AppleTVOS.platform/Developer/Library/Frameworks -F /Applications/Xcode-27.0.0-Release.Candidate.app/Contents/Developer/Platforms/AppleTVOS.platform/Developer/SDKs/AppleTVOS27.0.sdk/Developer/Library/Frameworks -c -j10 -enable-batch-mode -incremental -Xcc -ivfsstatcache -Xcc /Users/admin/builder/spi-builder-workspace/.derivedData/SDKStatCaches.noindex/appletvos27.0-24J360-e829b21a6f8c9b70876ba0858053c044b32bfd8d43560033f8d89884cdb90028.sdkstatcache -output-file-map /Users/admin/builder/spi-builder-workspace/.derivedData/Build/Intermediates.noindex/swiftui-pin-pad.build/Debug-appletvos/swiftui_pin_pad-t.build/Objects-normal/arm64/swiftui_pin_pad-OutputFileMap.json -save-temps -no-color-diagnostics -explicit-module-build -module-cache-path /Users/admin/builder/spi-builder-workspace/.derivedData/Build/Intermediates.noindex/SwiftExplicitPrecompiledModules -clang-scanner-module-cache-path /Users/admin/builder/spi-builder-workspace/.derivedData/ModuleCache.noindex -sdk-module-cache-path /Users/admin/builder/spi-builder-workspace/.derivedData/SDKExplicitPrecompiledModules -emit-dependencies -emit-module -emit-module-path /Users/admin/builder/spi-builder-workspace/.derivedData/Build/Intermediates.noindex/swiftui-pin-pad.build/Debug-appletvos/swiftui_pin_pad-t.build/Objects-normal/arm64/swiftui_pin_pad.swiftmodule -serialize-diagnostics -dependency-scan-serialize-diagnostics-path /Users/admin/builder/spi-builder-workspace/.derivedData/Build/Intermediates.noindex/swiftui-pin-pad.build/Debug-appletvos/swiftui_pin_pad-t.build/Objects-normal/arm64/swiftui_pin_pad-dependency-scan.dia -validate-clang-modules-once -clang-build-session-file /Users/admin/builder/spi-builder-workspace/.derivedData/ModuleCache.noindex/Session.modulevalidation -Xcc -fmodules-prune-interval\=86400 -Xcc -fmodules-prune-after\=345600 -package-name spi_builder_workspace -emit-const-values -const-gather-protocols-list /Users/admin/builder/spi-builder-workspace/.derivedData/Build/Intermediates.noindex/swiftui-pin-pad.build/Debug-appletvos/swiftui_pin_pad-t.build/Objects-normal/arm64/swiftui_pin_pad_const_extract_protocols.json -Xcc -I/Users/admin/builder/spi-builder-workspace/.derivedData/Build/Products/Debug-appletvos/include -Xcc -I/Users/admin/builder/spi-builder-workspace/.derivedData/Build/Intermediates.noindex/swiftui-pin-pad.build/Debug-appletvos/swiftui_pin_pad-t.build/DerivedSources-normal/arm64 -Xcc -I/Users/admin/builder/spi-builder-workspace/.derivedData/Build/Intermediates.noindex/swiftui-pin-pad.build/Debug-appletvos/swiftui_pin_pad-t.build/DerivedSources/arm64 -Xcc -I/Users/admin/builder/spi-builder-workspace/.derivedData/Build/Intermediates.noindex/swiftui-pin-pad.build/Debug-appletvos/swiftui_pin_pad-t.build/DerivedSources -Xcc -DSWIFT_PACKAGE -Xcc -DDEBUG\=1 -emit-objc-header -emit-objc-header-path /Users/admin/builder/spi-builder-workspace/.derivedData/Build/Intermediates.noindex/swiftui-pin-pad.build/Debug-appletvos/swiftui_pin_pad-t.build/Objects-normal/arm64/swiftui_pin_pad-Swift.h -working-directory /Users/admin/builder/spi-builder-workspace/.swiftpm/xcode -experimental-emit-module-separately -disable-cmo
SwiftExplicitDependencyGeneratePcm arm64 /Users/admin/builder/spi-builder-workspace/.derivedData/SDKExplicitPrecompiledModules/_Builtin_float-3RF4B70MBHPP952AX3GNZ8W3H.pcm
SwiftExplicitDependencyGeneratePcm arm64 /Users/admin/builder/spi-builder-workspace/.derivedData/SDKExplicitPrecompiledModules/_Builtin_stdarg-719DH4G2R3NRP3HRX5HE8WX08.pcm
SwiftExplicitDependencyGeneratePcm arm64 /Users/admin/builder/spi-builder-workspace/.derivedData/SDKExplicitPrecompiledModules/ptrauth-EMKXYE8GN9BK4M3ODSTVDUJU2.pcm
SwiftExplicitDependencyGeneratePcm arm64 /Users/admin/builder/spi-builder-workspace/.derivedData/SDKExplicitPrecompiledModules/DeveloperToolsSupport-CJV8SY9BXJUTONPFWMLQEGTXA.pcm
SwiftExplicitDependencyGeneratePcm arm64 /Users/admin/builder/spi-builder-workspace/.derivedData/SDKExplicitPrecompiledModules/_Builtin_stdbool-4UUPXTY52W6RPSB0N2WGGLTJT.pcm
SwiftExplicitDependencyGeneratePcm arm64 /Users/admin/builder/spi-builder-workspace/.derivedData/SDKExplicitPrecompiledModules/_Builtin_stddef-1MAO6P3OSQFGZFQEPM31XXNSS.pcm
SwiftExplicitDependencyGeneratePcm arm64 /Users/admin/builder/spi-builder-workspace/.derivedData/SDKExplicitPrecompiledModules/_AvailabilityInternal-99L1JVU5TYE8S0FGGB7E09QQS.pcm
SwiftExplicitDependencyGeneratePcm arm64 /Users/admin/builder/spi-builder-workspace/.derivedData/SDKExplicitPrecompiledModules/SwiftShims-73G9EXEO9PVWB6PL1BR4TAJ0B.pcm
SwiftExplicitDependencyGeneratePcm arm64 /Users/admin/builder/spi-builder-workspace/.derivedData/SDKExplicitPrecompiledModules/ptrcheck-BA65H1NXYZJ0BLLWO9HZOAZ6Y.pcm
SwiftExplicitDependencyGeneratePcm arm64 /Users/admin/builder/spi-builder-workspace/.derivedData/SDKExplicitPrecompiledModules/_SwiftConcurrencyShims-3HZGHPZQL3GY71QUHDRB0P39S.pcm
SwiftExplicitDependencyGeneratePcm arm64 /Users/admin/builder/spi-builder-workspace/.derivedData/SDKExplicitPrecompiledModules/_DarwinFoundation1-90NUFDXQ765U5FR62173FT21A.pcm
SwiftExplicitDependencyGeneratePcm arm64 /Users/admin/builder/spi-builder-workspace/.derivedData/SDKExplicitPrecompiledModules/_Builtin_limits-3JICJWOCEYXXXNXAMEJBF6UQN.pcm
SwiftExplicitDependencyGeneratePcm arm64 /Users/admin/builder/spi-builder-workspace/.derivedData/SDKExplicitPrecompiledModules/_DarwinFoundation2-EPKSYG5WMVE7WSPFQB4C0UC59.pcm
SwiftExplicitDependencyGeneratePcm arm64 /Users/admin/builder/spi-builder-workspace/.derivedData/SDKExplicitPrecompiledModules/_Builtin_stdint-A8OKY0NXO26BZ4GWYKP79TKL9.pcm
SwiftExplicitDependencyGeneratePcm arm64 /Users/admin/builder/spi-builder-workspace/.derivedData/SDKExplicitPrecompiledModules/sys_types-CATSGLJDZ8UZUMKHO6M4I4PJT.pcm
SwiftExplicitDependencyGeneratePcm arm64 /Users/admin/builder/spi-builder-workspace/.derivedData/SDKExplicitPrecompiledModules/_Builtin_tgmath-320K271Z6IM134IWIB7S3LTD.pcm
SwiftExplicitDependencyGeneratePcm arm64 /Users/admin/builder/spi-builder-workspace/.derivedData/SDKExplicitPrecompiledModules/string_h-B6D36UOVIZC2Y0YE3KEZLZAP6.pcm
SwiftExplicitDependencyGeneratePcm arm64 /Users/admin/builder/spi-builder-workspace/.derivedData/SDKExplicitPrecompiledModules/_Builtin_stdatomic-71DQV8BR56LNANL900GGEC9KO.pcm
SwiftExplicitDependencyGeneratePcm arm64 /Users/admin/builder/spi-builder-workspace/.derivedData/SDKExplicitPrecompiledModules/_DarwinFoundation3-63L5I5VCGX6CLI6HI7OWUXJN6.pcm
SwiftExplicitDependencyGeneratePcm arm64 /Users/admin/builder/spi-builder-workspace/.derivedData/SDKExplicitPrecompiledModules/_Builtin_intrinsics-AQDFY8KQQX9Z38C6EI15S53EQ.pcm
SwiftExplicitDependencyGeneratePcm arm64 /Users/admin/builder/spi-builder-workspace/.derivedData/SDKExplicitPrecompiledModules/_Builtin_inttypes-80RS02PM2X81SP8N0Q7X05540.pcm
SwiftExplicitDependencyGeneratePcm arm64 /Users/admin/builder/spi-builder-workspace/.derivedData/SDKExplicitPrecompiledModules/Darwin-1VTILT8KA42CNDAUB0H1FM7MC.pcm
SwiftExplicitDependencyGeneratePcm arm64 /Users/admin/builder/spi-builder-workspace/.derivedData/SDKExplicitPrecompiledModules/simd-D50CDGAQRFNF5E2BA2UWCCHLJ.pcm
SwiftExplicitDependencyGeneratePcm arm64 /Users/admin/builder/spi-builder-workspace/.derivedData/SDKExplicitPrecompiledModules/ObjectiveC-CC0BYHG21IQMMT48PGDNSK7G6.pcm
SwiftExplicitDependencyGeneratePcm arm64 /Users/admin/builder/spi-builder-workspace/.derivedData/SDKExplicitPrecompiledModules/MachO-A5KLTMTLJD1DPHEYPZHUSRJ4O.pcm
SwiftExplicitDependencyGeneratePcm arm64 /Users/admin/builder/spi-builder-workspace/.derivedData/SDKExplicitPrecompiledModules/os_object-1TJLDNS7X3UT7Y5TM4QQ2RN6G.pcm
SwiftExplicitDependencyGeneratePcm arm64 /Users/admin/builder/spi-builder-workspace/.derivedData/SDKExplicitPrecompiledModules/os_workgroup-E61GF9E8FAHZGKXVOV9QHUD27.pcm
SwiftExplicitDependencyGeneratePcm arm64 /Users/admin/builder/spi-builder-workspace/.derivedData/SDKExplicitPrecompiledModules/Spatial-2KZFBWN278VTZL619Y96SAJC9.pcm
SwiftExplicitDependencyGeneratePcm arm64 /Users/admin/builder/spi-builder-workspace/.derivedData/SDKExplicitPrecompiledModules/Dispatch-F564M6B2H1RRD83XZ8EBWFSHE.pcm
SwiftExplicitDependencyGeneratePcm arm64 /Users/admin/builder/spi-builder-workspace/.derivedData/SDKExplicitPrecompiledModules/CoreFoundation-A4LOYEEJIFQKOPZRDOG9M3N2K.pcm
SwiftExplicitDependencyGeneratePcm arm64 /Users/admin/builder/spi-builder-workspace/.derivedData/SDKExplicitPrecompiledModules/XPC-2WVXL0UION0MYZOZAJZC6DUXD.pcm
SwiftExplicitDependencyGeneratePcm arm64 /Users/admin/builder/spi-builder-workspace/.derivedData/SDKExplicitPrecompiledModules/os-4NLIUP5HHN7FW5ML70YLEU8QE.pcm
SwiftExplicitDependencyGeneratePcm arm64 /Users/admin/builder/spi-builder-workspace/.derivedData/SDKExplicitPrecompiledModules/CoreGraphics-D8Y0X4J52BHG7HHUQLTX6SXE1.pcm
SwiftExplicitDependencyGeneratePcm arm64 /Users/admin/builder/spi-builder-workspace/.derivedData/SDKExplicitPrecompiledModules/CFNetwork-8S7XZ5SI3TWM2JOZPDZPRY8W9.pcm
SwiftExplicitDependencyGeneratePcm arm64 /Users/admin/builder/spi-builder-workspace/.derivedData/SDKExplicitPrecompiledModules/CoreAudioTypes-3D575H9KXE9GWSK6ZWEWBV9TM.pcm
SwiftExplicitDependencyGeneratePcm arm64 /Users/admin/builder/spi-builder-workspace/.derivedData/SDKExplicitPrecompiledModules/Security-6KU6X9W8QDIJW83JUF0DRES83.pcm
SwiftExplicitDependencyGeneratePcm arm64 /Users/admin/builder/spi-builder-workspace/.derivedData/SDKExplicitPrecompiledModules/CoreAudio-46JNU59TK6U76A9ILN06CT9NS.pcm
SwiftExplicitDependencyGeneratePcm arm64 /Users/admin/builder/spi-builder-workspace/.derivedData/SDKExplicitPrecompiledModules/Foundation-1AS5K10MY6XENLLR2NDUCKYTM.pcm
SwiftExplicitDependencyGeneratePcm arm64 /Users/admin/builder/spi-builder-workspace/.derivedData/SDKExplicitPrecompiledModules/CoreText-E0GG8D3D527TJX7D2QEHFQLM2.pcm
SwiftExplicitDependencyGeneratePcm arm64 /Users/admin/builder/spi-builder-workspace/.derivedData/SDKExplicitPrecompiledModules/ImageIO-48DA7ET77Q34HPZP9CPHI9VS4.pcm
SwiftExplicitDependencyGeneratePcm arm64 /Users/admin/builder/spi-builder-workspace/.derivedData/SDKExplicitPrecompiledModules/UIUtilities-9NQVCWATNLLVY125LB74695HY.pcm
SwiftExplicitDependencyGeneratePcm arm64 /Users/admin/builder/spi-builder-workspace/.derivedData/SDKExplicitPrecompiledModules/Accessibility-EAPB6A95K5V0S27QNKR6ATG7F.pcm
SwiftExplicitDependencyGeneratePcm arm64 /Users/admin/builder/spi-builder-workspace/.derivedData/SDKExplicitPrecompiledModules/UserNotifications-AKH3GC0FQWUK55FNTW4WEMFQE.pcm
SwiftExplicitDependencyGeneratePcm arm64 /Users/admin/builder/spi-builder-workspace/.derivedData/SDKExplicitPrecompiledModules/CoreData-3R0N6HKKQMVS32U7KOKR14383.pcm
SwiftExplicitDependencyGeneratePcm arm64 /Users/admin/builder/spi-builder-workspace/.derivedData/SDKExplicitPrecompiledModules/Symbols-9TNA7JIKOEYVTYC7A16HCS4Z8.pcm
SwiftExplicitDependencyGeneratePcm arm64 /Users/admin/builder/spi-builder-workspace/.derivedData/SDKExplicitPrecompiledModules/IOSurface-DEQULTJ8SC21O986FDCNTM8FX.pcm
SwiftExplicitDependencyGeneratePcm arm64 /Users/admin/builder/spi-builder-workspace/.derivedData/SDKExplicitPrecompiledModules/CoreTransferable-84B3V3M9DHRIQERK179SSQO5U.pcm
SwiftExplicitDependencyGeneratePcm arm64 /Users/admin/builder/spi-builder-workspace/.derivedData/SDKExplicitPrecompiledModules/DataDetection-9IX0C1MAX33MS6TCZDSNKXEO8.pcm
SwiftExplicitDependencyGeneratePcm arm64 /Users/admin/builder/spi-builder-workspace/.derivedData/SDKExplicitPrecompiledModules/OSLog-1UX1YGRJSIOEO9YC3MNFFD818.pcm
SwiftExplicitDependencyGeneratePcm arm64 /Users/admin/builder/spi-builder-workspace/.derivedData/SDKExplicitPrecompiledModules/UniformTypeIdentifiers-DQ77M7R0D7VCBK0YUO3VHCRB1.pcm
SwiftExplicitDependencyGeneratePcm arm64 /Users/admin/builder/spi-builder-workspace/.derivedData/SDKExplicitPrecompiledModules/_LocationEssentials-2OY9351FRBO717MIULOKMYA9E.pcm
SwiftExplicitDependencyGeneratePcm arm64 /Users/admin/builder/spi-builder-workspace/.derivedData/SDKExplicitPrecompiledModules/OpenGLES-6Y33D4DDPO1R82EJXT1SIGNPS.pcm
SwiftExplicitDependencyGeneratePcm arm64 /Users/admin/builder/spi-builder-workspace/.derivedData/SDKExplicitPrecompiledModules/Metal-52GB3RCZ6A2WEZ7RWCXV2WL0N.pcm
SwiftExplicitDependencyGeneratePcm arm64 /Users/admin/builder/spi-builder-workspace/.derivedData/SDKExplicitPrecompiledModules/CoreLocation-6939X9DMB2SA43P0TYB7Z14Z5.pcm
SwiftExplicitDependencyGeneratePcm arm64 /Users/admin/builder/spi-builder-workspace/.derivedData/SDKExplicitPrecompiledModules/CoreVideo-5G4VAY32QMJB00PUALI6188LK.pcm
SwiftExplicitDependencyGeneratePcm arm64 /Users/admin/builder/spi-builder-workspace/.derivedData/SDKExplicitPrecompiledModules/CoreMedia-43BPYBY7ZACBDCUTAJXJFLTBP.pcm
SwiftExplicitDependencyGeneratePcm arm64 /Users/admin/builder/spi-builder-workspace/.derivedData/SDKExplicitPrecompiledModules/QuartzCore-DSNZZA81DYNK4OK1ANRR6HM7G.pcm
SwiftExplicitDependencyGeneratePcm arm64 /Users/admin/builder/spi-builder-workspace/.derivedData/SDKExplicitPrecompiledModules/CoreImage-ATUQ374FIDJPA1DF5BLR644CG.pcm
SwiftExplicitDependencyGeneratePcm arm64 /Users/admin/builder/spi-builder-workspace/.derivedData/SDKExplicitPrecompiledModules/SwiftUICore-7SJQ9GB90ACGZV5NB09LFJIRX.pcm
SwiftExplicitDependencyGeneratePcm arm64 /Users/admin/builder/spi-builder-workspace/.derivedData/SDKExplicitPrecompiledModules/UIKit-42T2ZGON9LDZUXRIAUKELQ554.pcm
SwiftExplicitDependencyGeneratePcm arm64 /Users/admin/builder/spi-builder-workspace/.derivedData/SDKExplicitPrecompiledModules/SwiftUI-B634212FU5XQXG1OEBY2WYYH3.pcm
SwiftEmitModule normal arm64 Emitting\ module\ for\ swiftui_pin_pad (in target 'swiftui_pin_pad' from project 'swiftui-pin-pad')
SwiftCompile normal arm64 (in target 'swiftui_pin_pad' from project 'swiftui-pin-pad')
cd /Users/admin/builder/spi-builder-workspace/.swiftpm/xcode
/Users/admin/builder/spi-builder-workspace/Sources/swiftui-pin-pad/ButtonContent.swift:71:27: error: 'KeyboardShortcut' is unavailable in tvOS
69 | }
70 |
71 | var keyboardShortcut: KeyboardShortcut {
| `- error: 'KeyboardShortcut' is unavailable in tvOS
72 | switch self {
73 | case .delete: .init(.delete, modifiers: [])
SwiftUI.KeyboardShortcut:4:15: note: 'KeyboardShortcut' has been explicitly marked unavailable here
2 | @available(tvOS, unavailable)
3 | @available(watchOS, unavailable)
4 | public struct KeyboardShortcut : Sendable {
| `- note: 'KeyboardShortcut' has been explicitly marked unavailable here
5 | @available(iOS 15.0, macOS 12.0, *)
6 | @available(tvOS, unavailable)
/Users/admin/builder/spi-builder-workspace/Sources/swiftui-pin-pad/KeypadButton.swift:93:31: warning: Storing a closure in '@Entry var onButtonPress' may invalidate dependents on every update because closures may not be comparable. (from macro 'Entry ')
91 | }
92 | internal extension EnvironmentValues {
93 | @Entry var onButtonPress: (ButtonContent) -> Void = { _ in }
| `- warning: Storing a closure in '@Entry var onButtonPress' may invalidate dependents on every update because closures may not be comparable. (from macro 'Entry ')
94 | }
95 |
Failed frontend command:
/Applications/Xcode-27.0.0-Release.Candidate.app/Contents/Developer/Toolchains/XcodeDefault.xctoolchain/usr/bin/swift-frontend -frontend -emit-module -experimental-skip-non-inlinable-function-bodies-without-types /Users/admin/builder/spi-builder-workspace/Sources/swiftui-pin-pad/ButtonContent.swift /Users/admin/builder/spi-builder-workspace/Sources/swiftui-pin-pad/EnvironmentValues+PINPad.swift /Users/admin/builder/spi-builder-workspace/Sources/swiftui-pin-pad/FormattedKeypadButtonContent.swift /Users/admin/builder/spi-builder-workspace/Sources/swiftui-pin-pad/KeypadButton.swift /Users/admin/builder/spi-builder-workspace/Sources/swiftui-pin-pad/KeypadView.swift /Users/admin/builder/spi-builder-workspace/Sources/swiftui-pin-pad/PINView.swift /Users/admin/builder/spi-builder-workspace/Sources/swiftui-pin-pad/ShakeModifier.swift /Users/admin/builder/spi-builder-workspace/Sources/swiftui-pin-pad/SwiftUIPINPad.swift -target arm64-apple-tvos18.0 -disable-cross-import-overlay-search -load-resolved-plugin /Applications/Xcode-27.0.0-Release.Candidate.app/Contents/Developer/Platforms/AppleTVOS.platform/Developer/usr/lib/swift/host/plugins/libFoundationMacros.dylib\#/Applications/Xcode-27.0.0-Release.Candidate.app/Contents/Developer/Platforms/AppleTVOS.platform/Developer/usr/bin/swift-plugin-server\#FoundationMacros -load-resolved-plugin /Applications/Xcode-27.0.0-Release.Candidate.app/Contents/Developer/Platforms/AppleTVOS.platform/Developer/usr/lib/swift/host/plugins/libObservationMacros.dylib\#/Applications/Xcode-27.0.0-Release.Candidate.app/Contents/Developer/Platforms/AppleTVOS.platform/Developer/usr/bin/swift-plugin-server\#ObservationMacros -load-resolved-plugin /Applications/Xcode-27.0.0-Release.Candidate.app/Contents/Developer/Platforms/AppleTVOS.platform/Developer/usr/lib/swift/host/plugins/libPreviewsMacros.dylib\#/Applications/Xcode-27.0.0-Release.Candidate.app/Contents/Developer/Platforms/AppleTVOS.platform/Developer/usr/bin/swift-plugin-server\#PreviewsMacros -load-resolved-plugin /Applications/Xcode-27.0.0-Release.Candidate.app/Contents/Developer/Platforms/AppleTVOS.platform/Developer/usr/lib/swift/host/plugins/libSwiftMacros.dylib\#/Applications/Xcode-27.0.0-Release.Candidate.app/Contents/Developer/Platforms/AppleTVOS.platform/Developer/usr/bin/swift-plugin-server\#SwiftMacros -load-resolved-plugin /Applications/Xcode-27.0.0-Release.Candidate.app/Contents/Developer/Platforms/AppleTVOS.platform/Developer/usr/lib/swift/host/plugins/libSwiftUIMacros.dylib\#/Applications/Xcode-27.0.0-Release.Candidate.app/Contents/Developer/Platforms/AppleTVOS.platform/Developer/usr/bin/swift-plugin-server\#SwiftUIMacros -disable-implicit-swift-modules -Xcc -fno-implicit-modules -Xcc -fno-implicit-module-maps -explicit-swift-module-map-file /Users/admin/builder/spi-builder-workspace/.derivedData/Build/Intermediates.noindex/swiftui-pin-pad.build/Debug-appletvos/swiftui_pin_pad-t.build/Objects-normal/arm64/swiftui_pin_pad-dependencies-1.json -Xllvm -aarch64-use-tbi -enable-objc-interop -stack-check -sdk /Applications/Xcode-27.0.0-Release.Candidate.app/Contents/Developer/Platforms/AppleTVOS.platform/Developer/SDKs/AppleTVOS27.0.sdk -I /Users/admin/builder/spi-builder-workspace/.derivedData/Build/Products/Debug-appletvos -Isystem /Applications/Xcode-27.0.0-Release.Candidate.app/Contents/Developer/Platforms/AppleTVOS.platform/Developer/usr/lib -F /Users/admin/builder/spi-builder-workspace/.derivedData/Build/Products/Debug-appletvos -F /Applications/Xcode-27.0.0-Release.Candidate.app/Contents/Developer/Platforms/AppleTVOS.platform/Developer/Library/Frameworks -F /Applications/Xcode-27.0.0-Release.Candidate.app/Contents/Developer/Platforms/AppleTVOS.platform/Developer/SDKs/AppleTVOS27.0.sdk/Developer/Library/Frameworks -module-cache-path /Users/admin/builder/spi-builder-workspace/.derivedData/Build/Intermediates.noindex/SwiftExplicitPrecompiledModules -no-color-diagnostics -Xcc -fno-color-diagnostics -enable-testing -g -debug-info-format\=dwarf -dwarf-version\=5 -profile-generate -profile-coverage-mapping -swift-version 6 -Onone -D SWIFT_PACKAGE -D DEBUG -D SWIFT_MODULE_RESOURCE_BUNDLE_UNAVAILABLE -D Xcode -serialize-debugging-options -enable-experimental-feature DebugDescriptionMacro -empty-abi-descriptor -validate-clang-modules-once -clang-build-session-file /Users/admin/builder/spi-builder-workspace/.derivedData/ModuleCache.noindex/Session.modulevalidation -Xcc -working-directory -Xcc /Users/admin/builder/spi-builder-workspace/.swiftpm/xcode -enable-anonymous-context-mangled-names -file-compilation-dir /Users/admin/builder/spi-builder-workspace/.swiftpm/xcode -Xcc -D_LIBCPP_HARDENING_MODE\=_LIBCPP_HARDENING_MODE_DEBUG -Xcc -ivfsstatcache -Xcc /Users/admin/builder/spi-builder-workspace/.derivedData/SDKStatCaches.noindex/appletvos27.0-24J360-e829b21a6f8c9b70876ba0858053c044b32bfd8d43560033f8d89884cdb90028.sdkstatcache -Xcc -fmodules-prune-interval\=86400 -Xcc -fmodules-prune-after\=345600 -Xcc -I/Users/admin/builder/spi-builder-workspace/.derivedData/Build/Products/Debug-appletvos/include -Xcc -I/Users/admin/builder/spi-builder-workspace/.derivedData/Build/Intermediates.noindex/swiftui-pin-pad.build/Debug-appletvos/swiftui_pin_pad-t.build/DerivedSources-normal/arm64 -Xcc -I/Users/admin/builder/spi-builder-workspace/.derivedData/Build/Intermediates.noindex/swiftui-pin-pad.build/Debug-appletvos/swiftui_pin_pad-t.build/DerivedSources/arm64 -Xcc -I/Users/admin/builder/spi-builder-workspace/.derivedData/Build/Intermediates.noindex/swiftui-pin-pad.build/Debug-appletvos/swiftui_pin_pad-t.build/DerivedSources -Xcc -DSWIFT_PACKAGE -Xcc -DDEBUG\=1 -no-auto-bridging-header-chaining -module-name swiftui_pin_pad -package-name spi_builder_workspace -const-gather-protocols-file /Users/admin/builder/spi-builder-workspace/.derivedData/Build/Intermediates.noindex/swiftui-pin-pad.build/Debug-appletvos/swiftui_pin_pad-t.build/Objects-normal/arm64/swiftui_pin_pad_const_extract_protocols.json -disable-clang-spi -clang-target arm64-apple-tvos27.0 -target-sdk-version 27.0 -target-sdk-name appletvos27.0 -in-process-plugin-server-path /Applications/Xcode-27.0.0-Release.Candidate.app/Contents/Developer/Toolchains/XcodeDefault.xctoolchain/usr/lib/swift/host/libSwiftInProcPluginServer.dylib -emit-module-doc-path /Users/admin/builder/spi-builder-workspace/.derivedData/Build/Intermediates.noindex/swiftui-pin-pad.build/Debug-appletvos/swiftui_pin_pad-t.build/Objects-normal/arm64/swiftui_pin_pad.swiftdoc -emit-module-source-info-path /Users/admin/builder/spi-builder-workspace/.derivedData/Build/Intermediates.noindex/swiftui-pin-pad.build/Debug-appletvos/swiftui_pin_pad-t.build/Objects-normal/arm64/swiftui_pin_pad.swiftsourceinfo -emit-objc-header-path /Users/admin/builder/spi-builder-workspace/.derivedData/Build/Intermediates.noindex/swiftui-pin-pad.build/Debug-appletvos/swiftui_pin_pad-t.build/Objects-normal/arm64/swiftui_pin_pad-Swift.h -serialize-diagnostics-path /Users/admin/builder/spi-builder-workspace/.derivedData/Build/Intermediates.noindex/swiftui-pin-pad.build/Debug-appletvos/swiftui_pin_pad-t.build/Objects-normal/arm64/swiftui_pin_pad-primary-emit-module.dia -emit-dependencies-path /Users/admin/builder/spi-builder-workspace/.derivedData/Build/Intermediates.noindex/swiftui-pin-pad.build/Debug-appletvos/swiftui_pin_pad-t.build/Objects-normal/arm64/swiftui_pin_pad-primary-emit-module.d -parse-as-library -o /Users/admin/builder/spi-builder-workspace/.derivedData/Build/Intermediates.noindex/swiftui-pin-pad.build/Debug-appletvos/swiftui_pin_pad-t.build/Objects-normal/arm64/swiftui_pin_pad.swiftmodule -emit-abi-descriptor-path /Users/admin/builder/spi-builder-workspace/.derivedData/Build/Intermediates.noindex/swiftui-pin-pad.build/Debug-appletvos/swiftui_pin_pad-t.build/Objects-normal/arm64/swiftui_pin_pad.abi.json
SwiftCompile normal arm64 Compiling\ SwiftUIPINPad.swift /Users/admin/builder/spi-builder-workspace/Sources/swiftui-pin-pad/SwiftUIPINPad.swift (in target 'swiftui_pin_pad' from project 'swiftui-pin-pad')
SwiftCompile normal arm64 /Users/admin/builder/spi-builder-workspace/Sources/swiftui-pin-pad/SwiftUIPINPad.swift (in target 'swiftui_pin_pad' from project 'swiftui-pin-pad')
cd /Users/admin/builder/spi-builder-workspace/.swiftpm/xcode
builtin-SwiftPerFileCompile SwiftUIPINPad.swift
SwiftCompile normal arm64 Compiling\ FormattedKeypadButtonContent.swift /Users/admin/builder/spi-builder-workspace/Sources/swiftui-pin-pad/FormattedKeypadButtonContent.swift (in target 'swiftui_pin_pad' from project 'swiftui-pin-pad')
SwiftCompile normal arm64 /Users/admin/builder/spi-builder-workspace/Sources/swiftui-pin-pad/FormattedKeypadButtonContent.swift (in target 'swiftui_pin_pad' from project 'swiftui-pin-pad')
cd /Users/admin/builder/spi-builder-workspace/.swiftpm/xcode
builtin-SwiftPerFileCompile FormattedKeypadButtonContent.swift
SwiftCompile normal arm64 Compiling\ KeypadButton.swift /Users/admin/builder/spi-builder-workspace/Sources/swiftui-pin-pad/KeypadButton.swift (in target 'swiftui_pin_pad' from project 'swiftui-pin-pad')
/Users/admin/builder/spi-builder-workspace/Sources/swiftui-pin-pad/KeypadButton.swift:93:31: warning: Storing a closure in '@Entry var onButtonPress' may invalidate dependents on every update because closures may not be comparable. (from macro 'Entry ')
91 | }
92 | internal extension EnvironmentValues {
93 | @Entry var onButtonPress: (ButtonContent) -> Void = { _ in }
| `- warning: Storing a closure in '@Entry var onButtonPress' may invalidate dependents on every update because closures may not be comparable. (from macro 'Entry ')
94 | }
95 |
/Users/admin/builder/spi-builder-workspace/Sources/swiftui-pin-pad/KeypadButton.swift:43:14: error: 'keyboardShortcut' is unavailable in tvOS
41 | .contentShape(Rectangle())
42 | })
43 | .keyboardShortcut(content.keyboardShortcut)
| `- error: 'keyboardShortcut' is unavailable in tvOS
44 | .buttonStyle(.glass)
45 | .buttonBorderShape(.circle)
SwiftUI.View.keyboardShortcut:2:25: note: 'keyboardShortcut' has been explicitly marked unavailable here
1 | protocol View {
2 | nonisolated public func keyboardShortcut(_ shortcut: KeyboardShortcut) -> some View
| `- note: 'keyboardShortcut' has been explicitly marked unavailable here
3 | }
4 |
/Users/admin/builder/spi-builder-workspace/Sources/swiftui-pin-pad/KeypadButton.swift:44:27: error: 'glass' is only available in tvOS 26.0 or newer
8 | import SwiftUI
9 |
10 | internal struct KeypadButton: View {
| `- note: add '@available' attribute to enclosing struct
11 | let content: ButtonContent
12 | @Environment(\.onButtonPress) var onButtonPress: (ButtonContent) -> Void
:
25 | }
26 |
27 | var body: some View {
| `- note: add '@available' attribute to enclosing property
28 | if #available(iOS 26.0, macOS 26.0, *), !requiresCompat {
29 | Button(action: {
:
42 | })
43 | .keyboardShortcut(content.keyboardShortcut)
44 | .buttonStyle(.glass)
| |- error: 'glass' is only available in tvOS 26.0 or newer
| `- note: add 'if #available' version check
45 | .buttonBorderShape(.circle)
46 | } else {
SwiftCompile normal arm64 /Users/admin/builder/spi-builder-workspace/Sources/swiftui-pin-pad/KeypadButton.swift (in target 'swiftui_pin_pad' from project 'swiftui-pin-pad')
cd /Users/admin/builder/spi-builder-workspace/.swiftpm/xcode
builtin-SwiftPerFileCompile KeypadButton.swift
SwiftCompile normal arm64 Compiling\ KeypadView.swift /Users/admin/builder/spi-builder-workspace/Sources/swiftui-pin-pad/KeypadView.swift (in target 'swiftui_pin_pad' from project 'swiftui-pin-pad')
/Users/admin/builder/spi-builder-workspace/Sources/swiftui-pin-pad/KeypadView.swift:53:26: error: 'keyboardShortcut' is unavailable in tvOS
51 | .contentShape(Rectangle())
52 | }
53 | .keyboardShortcut(ButtonContent.cancel.keyboardShortcut)
| `- error: 'keyboardShortcut' is unavailable in tvOS
54 | .buttonStyle(.borderless)
55 | }
SwiftUI.View.keyboardShortcut:2:25: note: 'keyboardShortcut' has been explicitly marked unavailable here
1 | protocol View {
2 | nonisolated public func keyboardShortcut(_ shortcut: KeyboardShortcut) -> some View
| `- note: 'keyboardShortcut' has been explicitly marked unavailable here
3 | }
4 |
SwiftCompile normal arm64 /Users/admin/builder/spi-builder-workspace/Sources/swiftui-pin-pad/KeypadView.swift (in target 'swiftui_pin_pad' from project 'swiftui-pin-pad')
cd /Users/admin/builder/spi-builder-workspace/.swiftpm/xcode
builtin-SwiftPerFileCompile KeypadView.swift
SwiftCompile normal arm64 Compiling\ ShakeModifier.swift /Users/admin/builder/spi-builder-workspace/Sources/swiftui-pin-pad/ShakeModifier.swift (in target 'swiftui_pin_pad' from project 'swiftui-pin-pad')
SwiftCompile normal arm64 /Users/admin/builder/spi-builder-workspace/Sources/swiftui-pin-pad/ShakeModifier.swift (in target 'swiftui_pin_pad' from project 'swiftui-pin-pad')
cd /Users/admin/builder/spi-builder-workspace/.swiftpm/xcode
builtin-SwiftPerFileCompile ShakeModifier.swift
SwiftCompile normal arm64 Compiling\ EnvironmentValues+PINPad.swift /Users/admin/builder/spi-builder-workspace/Sources/swiftui-pin-pad/EnvironmentValues+PINPad.swift (in target 'swiftui_pin_pad' from project 'swiftui-pin-pad')
SwiftCompile normal arm64 /Users/admin/builder/spi-builder-workspace/Sources/swiftui-pin-pad/EnvironmentValues+PINPad.swift (in target 'swiftui_pin_pad' from project 'swiftui-pin-pad')
cd /Users/admin/builder/spi-builder-workspace/.swiftpm/xcode
builtin-SwiftPerFileCompile EnvironmentValues+PINPad.swift
SwiftCompile normal arm64 Compiling\ PINView.swift /Users/admin/builder/spi-builder-workspace/Sources/swiftui-pin-pad/PINView.swift (in target 'swiftui_pin_pad' from project 'swiftui-pin-pad')
SwiftCompile normal arm64 /Users/admin/builder/spi-builder-workspace/Sources/swiftui-pin-pad/PINView.swift (in target 'swiftui_pin_pad' from project 'swiftui-pin-pad')
cd /Users/admin/builder/spi-builder-workspace/.swiftpm/xcode
builtin-SwiftPerFileCompile PINView.swift
SwiftCompile normal arm64 Compiling\ ButtonContent.swift /Users/admin/builder/spi-builder-workspace/Sources/swiftui-pin-pad/ButtonContent.swift (in target 'swiftui_pin_pad' from project 'swiftui-pin-pad')
SwiftCompile normal arm64 /Users/admin/builder/spi-builder-workspace/Sources/swiftui-pin-pad/ButtonContent.swift (in target 'swiftui_pin_pad' from project 'swiftui-pin-pad')
cd /Users/admin/builder/spi-builder-workspace/.swiftpm/xcode
builtin-SwiftPerFileCompile ButtonContent.swift
PruneExplicitPrecompiledModules /Users/admin/builder/spi-builder-workspace/.derivedData/SDKExplicitPrecompiledModules
PruneExplicitPrecompiledModules /Users/admin/builder/spi-builder-workspace/.derivedData/Build/Intermediates.noindex/ExplicitPrecompiledModules
PruneExplicitPrecompiledModules /Users/admin/builder/spi-builder-workspace/.derivedData/Build/Intermediates.noindex/SwiftExplicitPrecompiledModules
2026-09-23 08:08:57.675 xcodebuild[627:3897] [MT] IDERunDestination: Supported platforms for the buildables in the current scheme is empty.
** BUILD FAILED **
The following build commands failed:
SwiftCompile normal arm64 (in target 'swiftui_pin_pad' from project 'swiftui-pin-pad')
SwiftEmitModule normal arm64 Emitting\ module\ for\ swiftui_pin_pad (in target 'swiftui_pin_pad' from project 'swiftui-pin-pad')
Building workspace swiftui-pin-pad with scheme swiftui-pin-pad
(3 failures)
Command line invocation:
/Applications/Xcode-27.0.0-Release.Candidate.app/Contents/Developer/usr/bin/xcodebuild -IDEClonedSourcePackagesDirPathOverride=/Users/admin/builder/spi-builder-workspace/.dependencies -resolvePackageDependencies
Resolve Package Graph
Resolved source packages:
swiftui-pin-pad: /Users/admin/builder/spi-builder-workspace
resolved source packages: swiftui-pin-pad
2026-09-23 08:09:04.351 xcodebuild[742:4462] [MT] IDERunDestination: Supported platforms for the buildables in the current scheme is empty.
{
"dependencies" : [
],
"manifest_display_name" : "swiftui-pin-pad",
"name" : "swiftui-pin-pad",
"path" : "/Users/admin/builder/spi-builder-workspace",
"platforms" : [
{
"name" : "ios",
"version" : "18.0"
},
{
"name" : "macos",
"version" : "15.0"
}
],
"products" : [
{
"name" : "swiftui-pin-pad",
"targets" : [
"swiftui_pin_pad"
],
"type" : {
"library" : [
"automatic"
]
}
}
],
"targets" : [
{
"c99name" : "swiftui_pin_pad",
"module_type" : "SwiftTarget",
"name" : "swiftui_pin_pad",
"path" : "Sources",
"product_memberships" : [
"swiftui-pin-pad"
],
"sources" : [
"swiftui-pin-pad/ButtonContent.swift",
"swiftui-pin-pad/EnvironmentValues+PINPad.swift",
"swiftui-pin-pad/FormattedKeypadButtonContent.swift",
"swiftui-pin-pad/KeypadButton.swift",
"swiftui-pin-pad/KeypadView.swift",
"swiftui-pin-pad/PINView.swift",
"swiftui-pin-pad/ShakeModifier.swift",
"swiftui-pin-pad/SwiftUIPINPad.swift"
],
"type" : "library"
},
{
"c99name" : "swiftui_pin_padTests",
"module_type" : "SwiftTarget",
"name" : "swiftui-pin-padTests",
"path" : "Tests/swiftui-pin-padTests",
"sources" : [
"swiftui_pin_padTests.swift"
],
"target_dependencies" : [
"swiftui_pin_pad"
],
"type" : "test"
}
],
"tools_version" : "6.2"
}
{
"workspace" : {
"name" : "swiftui-pin-pad",
"schemes" : [
"swiftui-pin-pad"
]
}
}
2026-09-23 08:09:05.642 xcodebuild[750:4529] [MT] IDERunDestination: Supported platforms for the buildables in the current scheme is empty.
Running build ...
env DEVELOPER_DIR=/Applications/Xcode-27.0.0-Release.Candidate.app xcrun xcodebuild -IDEClonedSourcePackagesDirPathOverride=$PWD/.dependencies -skipMacroValidation -skipPackagePluginValidation -derivedDataPath $PWD/.derivedData build -scheme swiftui-pin-pad -destination generic/platform=tvOS
Command line invocation:
/Applications/Xcode-27.0.0-Release.Candidate.app/Contents/Developer/usr/bin/xcodebuild -IDEClonedSourcePackagesDirPathOverride=/Users/admin/builder/spi-builder-workspace/.dependencies -skipMacroValidation -skipPackagePluginValidation -derivedDataPath /Users/admin/builder/spi-builder-workspace/.derivedData build -scheme swiftui-pin-pad -destination generic/platform=tvOS
Resolve Package Graph
Resolved source packages:
swiftui-pin-pad: /Users/admin/builder/spi-builder-workspace
ComputePackagePrebuildTargetDependencyGraph
Prepare packages
CreateBuildRequest
SendProjectDescription
CreateBuildOperation
ComputeTargetDependencyGraph
note: Building targets in dependency order
note: Target dependency graph (2 targets)
Target 'swiftui-pin-pad-product' in project 'swiftui-pin-pad'
➜ Explicit dependency on target 'swiftui_pin_pad' in project 'swiftui-pin-pad'
Target 'swiftui_pin_pad' in project 'swiftui-pin-pad' (no dependencies)
GatherProvisioningInputs
CreateBuildDescription
ClangStatCache /Applications/Xcode-27.0.0-Release.Candidate.app/Contents/Developer/Toolchains/XcodeDefault.xctoolchain/usr/bin/clang-stat-cache /Applications/Xcode-27.0.0-Release.Candidate.app/Contents/Developer/Platforms/AppleTVOS.platform/Developer/SDKs/AppleTVOS27.0.sdk /Users/admin/builder/spi-builder-workspace/.derivedData/SDKStatCaches.noindex/appletvos27.0-24J360-e829b21a6f8c9b70876ba0858053c044b32bfd8d43560033f8d89884cdb90028.sdkstatcache
cd /Users/admin/builder/spi-builder-workspace/.swiftpm/xcode
/Applications/Xcode-27.0.0-Release.Candidate.app/Contents/Developer/Toolchains/XcodeDefault.xctoolchain/usr/bin/clang-stat-cache /Applications/Xcode-27.0.0-Release.Candidate.app/Contents/Developer/Platforms/AppleTVOS.platform/Developer/SDKs/AppleTVOS27.0.sdk -o /Users/admin/builder/spi-builder-workspace/.derivedData/SDKStatCaches.noindex/appletvos27.0-24J360-e829b21a6f8c9b70876ba0858053c044b32bfd8d43560033f8d89884cdb90028.sdkstatcache
SwiftDriver swiftui_pin_pad normal arm64 com.apple.xcode.tools.swift.compiler (in target 'swiftui_pin_pad' from project 'swiftui-pin-pad')
cd /Users/admin/builder/spi-builder-workspace/.swiftpm/xcode
builtin-SwiftDriver -- /Applications/Xcode-27.0.0-Release.Candidate.app/Contents/Developer/Toolchains/XcodeDefault.xctoolchain/usr/bin/swiftc -parse-as-library -module-name swiftui_pin_pad -Onone @/Users/admin/builder/spi-builder-workspace/.derivedData/Build/Intermediates.noindex/swiftui-pin-pad.build/Debug-appletvos/swiftui_pin_pad-t.build/Objects-normal/arm64/swiftui_pin_pad.SwiftFileList -DSWIFT_PACKAGE -DDEBUG -DSWIFT_MODULE_RESOURCE_BUNDLE_UNAVAILABLE -DXcode -plugin-path /Applications/Xcode-27.0.0-Release.Candidate.app/Contents/Developer/Toolchains/XcodeDefault.xctoolchain/usr/lib/swift/host/plugins/testing -enable-experimental-feature DebugDescriptionMacro -sdk /Applications/Xcode-27.0.0-Release.Candidate.app/Contents/Developer/Platforms/AppleTVOS.platform/Developer/SDKs/AppleTVOS27.0.sdk -target arm64-apple-tvos18.0 -g -module-cache-path /Users/admin/builder/spi-builder-workspace/.derivedData/ModuleCache.noindex -Xfrontend -serialize-debugging-options -profile-coverage-mapping -profile-generate -enable-testing -index-store-path /Users/admin/builder/spi-builder-workspace/.derivedData/Index.noindex/DataStore -Xcc -D_LIBCPP_HARDENING_MODE\=_LIBCPP_HARDENING_MODE_DEBUG -swift-version 6 -I /Users/admin/builder/spi-builder-workspace/.derivedData/Build/Products/Debug-appletvos -Isystem /Applications/Xcode-27.0.0-Release.Candidate.app/Contents/Developer/Platforms/AppleTVOS.platform/Developer/usr/lib -F /Users/admin/builder/spi-builder-workspace/.derivedData/Build/Products/Debug-appletvos -F /Applications/Xcode-27.0.0-Release.Candidate.app/Contents/Developer/Platforms/AppleTVOS.platform/Developer/Library/Frameworks -F /Applications/Xcode-27.0.0-Release.Candidate.app/Contents/Developer/Platforms/AppleTVOS.platform/Developer/SDKs/AppleTVOS27.0.sdk/Developer/Library/Frameworks -c -j10 -enable-batch-mode -incremental -Xcc -ivfsstatcache -Xcc /Users/admin/builder/spi-builder-workspace/.derivedData/SDKStatCaches.noindex/appletvos27.0-24J360-e829b21a6f8c9b70876ba0858053c044b32bfd8d43560033f8d89884cdb90028.sdkstatcache -output-file-map /Users/admin/builder/spi-builder-workspace/.derivedData/Build/Intermediates.noindex/swiftui-pin-pad.build/Debug-appletvos/swiftui_pin_pad-t.build/Objects-normal/arm64/swiftui_pin_pad-OutputFileMap.json -save-temps -no-color-diagnostics -explicit-module-build -module-cache-path /Users/admin/builder/spi-builder-workspace/.derivedData/Build/Intermediates.noindex/SwiftExplicitPrecompiledModules -clang-scanner-module-cache-path /Users/admin/builder/spi-builder-workspace/.derivedData/ModuleCache.noindex -sdk-module-cache-path /Users/admin/builder/spi-builder-workspace/.derivedData/SDKExplicitPrecompiledModules -emit-dependencies -emit-module -emit-module-path /Users/admin/builder/spi-builder-workspace/.derivedData/Build/Intermediates.noindex/swiftui-pin-pad.build/Debug-appletvos/swiftui_pin_pad-t.build/Objects-normal/arm64/swiftui_pin_pad.swiftmodule -serialize-diagnostics -dependency-scan-serialize-diagnostics-path /Users/admin/builder/spi-builder-workspace/.derivedData/Build/Intermediates.noindex/swiftui-pin-pad.build/Debug-appletvos/swiftui_pin_pad-t.build/Objects-normal/arm64/swiftui_pin_pad-dependency-scan.dia -validate-clang-modules-once -clang-build-session-file /Users/admin/builder/spi-builder-workspace/.derivedData/ModuleCache.noindex/Session.modulevalidation -Xcc -fmodules-prune-interval\=86400 -Xcc -fmodules-prune-after\=345600 -package-name spi_builder_workspace -emit-const-values -const-gather-protocols-list /Users/admin/builder/spi-builder-workspace/.derivedData/Build/Intermediates.noindex/swiftui-pin-pad.build/Debug-appletvos/swiftui_pin_pad-t.build/Objects-normal/arm64/swiftui_pin_pad_const_extract_protocols.json -Xcc -I/Users/admin/builder/spi-builder-workspace/.derivedData/Build/Products/Debug-appletvos/include -Xcc -I/Users/admin/builder/spi-builder-workspace/.derivedData/Build/Intermediates.noindex/swiftui-pin-pad.build/Debug-appletvos/swiftui_pin_pad-t.build/DerivedSources-normal/arm64 -Xcc -I/Users/admin/builder/spi-builder-workspace/.derivedData/Build/Intermediates.noindex/swiftui-pin-pad.build/Debug-appletvos/swiftui_pin_pad-t.build/DerivedSources/arm64 -Xcc -I/Users/admin/builder/spi-builder-workspace/.derivedData/Build/Intermediates.noindex/swiftui-pin-pad.build/Debug-appletvos/swiftui_pin_pad-t.build/DerivedSources -Xcc -DSWIFT_PACKAGE -Xcc -DDEBUG\=1 -emit-objc-header -emit-objc-header-path /Users/admin/builder/spi-builder-workspace/.derivedData/Build/Intermediates.noindex/swiftui-pin-pad.build/Debug-appletvos/swiftui_pin_pad-t.build/Objects-normal/arm64/swiftui_pin_pad-Swift.h -working-directory /Users/admin/builder/spi-builder-workspace/.swiftpm/xcode -experimental-emit-module-separately -disable-cmo
SwiftCompile normal arm64 Compiling\ ButtonContent.swift /Users/admin/builder/spi-builder-workspace/Sources/swiftui-pin-pad/ButtonContent.swift (in target 'swiftui_pin_pad' from project 'swiftui-pin-pad')
SwiftCompile normal arm64 /Users/admin/builder/spi-builder-workspace/Sources/swiftui-pin-pad/ButtonContent.swift (in target 'swiftui_pin_pad' from project 'swiftui-pin-pad')
cd /Users/admin/builder/spi-builder-workspace/.swiftpm/xcode
builtin-SwiftPerFileCompile ButtonContent.swift
SwiftCompile normal arm64 Compiling\ EnvironmentValues+PINPad.swift /Users/admin/builder/spi-builder-workspace/Sources/swiftui-pin-pad/EnvironmentValues+PINPad.swift (in target 'swiftui_pin_pad' from project 'swiftui-pin-pad')
SwiftCompile normal arm64 /Users/admin/builder/spi-builder-workspace/Sources/swiftui-pin-pad/EnvironmentValues+PINPad.swift (in target 'swiftui_pin_pad' from project 'swiftui-pin-pad')
cd /Users/admin/builder/spi-builder-workspace/.swiftpm/xcode
builtin-SwiftPerFileCompile EnvironmentValues+PINPad.swift
SwiftCompile normal arm64 Compiling\ KeypadView.swift /Users/admin/builder/spi-builder-workspace/Sources/swiftui-pin-pad/KeypadView.swift (in target 'swiftui_pin_pad' from project 'swiftui-pin-pad')
/Users/admin/builder/spi-builder-workspace/Sources/swiftui-pin-pad/KeypadView.swift:53:26: error: 'keyboardShortcut' is unavailable in tvOS
51 | .contentShape(Rectangle())
52 | }
53 | .keyboardShortcut(ButtonContent.cancel.keyboardShortcut)
| `- error: 'keyboardShortcut' is unavailable in tvOS
54 | .buttonStyle(.borderless)
55 | }
SwiftUI.View.keyboardShortcut:2:25: note: 'keyboardShortcut' has been explicitly marked unavailable here
1 | protocol View {
2 | nonisolated public func keyboardShortcut(_ shortcut: KeyboardShortcut) -> some View
| `- note: 'keyboardShortcut' has been explicitly marked unavailable here
3 | }
4 |
SwiftCompile normal arm64 /Users/admin/builder/spi-builder-workspace/Sources/swiftui-pin-pad/KeypadView.swift (in target 'swiftui_pin_pad' from project 'swiftui-pin-pad')
cd /Users/admin/builder/spi-builder-workspace/.swiftpm/xcode
builtin-SwiftPerFileCompile KeypadView.swift
SwiftCompile normal arm64 Compiling\ ShakeModifier.swift /Users/admin/builder/spi-builder-workspace/Sources/swiftui-pin-pad/ShakeModifier.swift (in target 'swiftui_pin_pad' from project 'swiftui-pin-pad')
SwiftCompile normal arm64 /Users/admin/builder/spi-builder-workspace/Sources/swiftui-pin-pad/ShakeModifier.swift (in target 'swiftui_pin_pad' from project 'swiftui-pin-pad')
cd /Users/admin/builder/spi-builder-workspace/.swiftpm/xcode
builtin-SwiftPerFileCompile ShakeModifier.swift
SwiftEmitModule normal arm64 Emitting\ module\ for\ swiftui_pin_pad (in target 'swiftui_pin_pad' from project 'swiftui-pin-pad')
/Users/admin/builder/spi-builder-workspace/Sources/swiftui-pin-pad/ButtonContent.swift:71:27: error: 'KeyboardShortcut' is unavailable in tvOS
69 | }
70 |
71 | var keyboardShortcut: KeyboardShortcut {
| `- error: 'KeyboardShortcut' is unavailable in tvOS
72 | switch self {
73 | case .delete: .init(.delete, modifiers: [])
SwiftUI.KeyboardShortcut:4:15: note: 'KeyboardShortcut' has been explicitly marked unavailable here
2 | @available(tvOS, unavailable)
3 | @available(watchOS, unavailable)
4 | public struct KeyboardShortcut : Sendable {
| `- note: 'KeyboardShortcut' has been explicitly marked unavailable here
5 | @available(iOS 15.0, macOS 12.0, *)
6 | @available(tvOS, unavailable)
/Users/admin/builder/spi-builder-workspace/Sources/swiftui-pin-pad/KeypadButton.swift:93:31: warning: Storing a closure in '@Entry var onButtonPress' may invalidate dependents on every update because closures may not be comparable. (from macro 'Entry ')
91 | }
92 | internal extension EnvironmentValues {
93 | @Entry var onButtonPress: (ButtonContent) -> Void = { _ in }
| `- warning: Storing a closure in '@Entry var onButtonPress' may invalidate dependents on every update because closures may not be comparable. (from macro 'Entry ')
94 | }
95 |
Failed frontend command:
/Applications/Xcode-27.0.0-Release.Candidate.app/Contents/Developer/Toolchains/XcodeDefault.xctoolchain/usr/bin/swift-frontend -frontend -emit-module -experimental-skip-non-inlinable-function-bodies-without-types /Users/admin/builder/spi-builder-workspace/Sources/swiftui-pin-pad/ButtonContent.swift /Users/admin/builder/spi-builder-workspace/Sources/swiftui-pin-pad/EnvironmentValues+PINPad.swift /Users/admin/builder/spi-builder-workspace/Sources/swiftui-pin-pad/FormattedKeypadButtonContent.swift /Users/admin/builder/spi-builder-workspace/Sources/swiftui-pin-pad/KeypadButton.swift /Users/admin/builder/spi-builder-workspace/Sources/swiftui-pin-pad/KeypadView.swift /Users/admin/builder/spi-builder-workspace/Sources/swiftui-pin-pad/PINView.swift /Users/admin/builder/spi-builder-workspace/Sources/swiftui-pin-pad/ShakeModifier.swift /Users/admin/builder/spi-builder-workspace/Sources/swiftui-pin-pad/SwiftUIPINPad.swift -target arm64-apple-tvos18.0 -disable-cross-import-overlay-search -load-resolved-plugin /Applications/Xcode-27.0.0-Release.Candidate.app/Contents/Developer/Platforms/AppleTVOS.platform/Developer/usr/lib/swift/host/plugins/libFoundationMacros.dylib\#/Applications/Xcode-27.0.0-Release.Candidate.app/Contents/Developer/Platforms/AppleTVOS.platform/Developer/usr/bin/swift-plugin-server\#FoundationMacros -load-resolved-plugin /Applications/Xcode-27.0.0-Release.Candidate.app/Contents/Developer/Platforms/AppleTVOS.platform/Developer/usr/lib/swift/host/plugins/libObservationMacros.dylib\#/Applications/Xcode-27.0.0-Release.Candidate.app/Contents/Developer/Platforms/AppleTVOS.platform/Developer/usr/bin/swift-plugin-server\#ObservationMacros -load-resolved-plugin /Applications/Xcode-27.0.0-Release.Candidate.app/Contents/Developer/Platforms/AppleTVOS.platform/Developer/usr/lib/swift/host/plugins/libPreviewsMacros.dylib\#/Applications/Xcode-27.0.0-Release.Candidate.app/Contents/Developer/Platforms/AppleTVOS.platform/Developer/usr/bin/swift-plugin-server\#PreviewsMacros -load-resolved-plugin /Applications/Xcode-27.0.0-Release.Candidate.app/Contents/Developer/Platforms/AppleTVOS.platform/Developer/usr/lib/swift/host/plugins/libSwiftMacros.dylib\#/Applications/Xcode-27.0.0-Release.Candidate.app/Contents/Developer/Platforms/AppleTVOS.platform/Developer/usr/bin/swift-plugin-server\#SwiftMacros -load-resolved-plugin /Applications/Xcode-27.0.0-Release.Candidate.app/Contents/Developer/Platforms/AppleTVOS.platform/Developer/usr/lib/swift/host/plugins/libSwiftUIMacros.dylib\#/Applications/Xcode-27.0.0-Release.Candidate.app/Contents/Developer/Platforms/AppleTVOS.platform/Developer/usr/bin/swift-plugin-server\#SwiftUIMacros -disable-implicit-swift-modules -Xcc -fno-implicit-modules -Xcc -fno-implicit-module-maps -explicit-swift-module-map-file /Users/admin/builder/spi-builder-workspace/.derivedData/Build/Intermediates.noindex/swiftui-pin-pad.build/Debug-appletvos/swiftui_pin_pad-t.build/Objects-normal/arm64/swiftui_pin_pad-dependencies-1.json -Xllvm -aarch64-use-tbi -enable-objc-interop -stack-check -sdk /Applications/Xcode-27.0.0-Release.Candidate.app/Contents/Developer/Platforms/AppleTVOS.platform/Developer/SDKs/AppleTVOS27.0.sdk -I /Users/admin/builder/spi-builder-workspace/.derivedData/Build/Products/Debug-appletvos -Isystem /Applications/Xcode-27.0.0-Release.Candidate.app/Contents/Developer/Platforms/AppleTVOS.platform/Developer/usr/lib -F /Users/admin/builder/spi-builder-workspace/.derivedData/Build/Products/Debug-appletvos -F /Applications/Xcode-27.0.0-Release.Candidate.app/Contents/Developer/Platforms/AppleTVOS.platform/Developer/Library/Frameworks -F /Applications/Xcode-27.0.0-Release.Candidate.app/Contents/Developer/Platforms/AppleTVOS.platform/Developer/SDKs/AppleTVOS27.0.sdk/Developer/Library/Frameworks -module-cache-path /Users/admin/builder/spi-builder-workspace/.derivedData/Build/Intermediates.noindex/SwiftExplicitPrecompiledModules -no-color-diagnostics -Xcc -fno-color-diagnostics -enable-testing -g -debug-info-format\=dwarf -dwarf-version\=5 -profile-generate -profile-coverage-mapping -swift-version 6 -Onone -D SWIFT_PACKAGE -D DEBUG -D SWIFT_MODULE_RESOURCE_BUNDLE_UNAVAILABLE -D Xcode -serialize-debugging-options -enable-experimental-feature DebugDescriptionMacro -empty-abi-descriptor -validate-clang-modules-once -clang-build-session-file /Users/admin/builder/spi-builder-workspace/.derivedData/ModuleCache.noindex/Session.modulevalidation -Xcc -working-directory -Xcc /Users/admin/builder/spi-builder-workspace/.swiftpm/xcode -enable-anonymous-context-mangled-names -file-compilation-dir /Users/admin/builder/spi-builder-workspace/.swiftpm/xcode -Xcc -D_LIBCPP_HARDENING_MODE\=_LIBCPP_HARDENING_MODE_DEBUG -Xcc -ivfsstatcache -Xcc /Users/admin/builder/spi-builder-workspace/.derivedData/SDKStatCaches.noindex/appletvos27.0-24J360-e829b21a6f8c9b70876ba0858053c044b32bfd8d43560033f8d89884cdb90028.sdkstatcache -Xcc -fmodules-prune-interval\=86400 -Xcc -fmodules-prune-after\=345600 -Xcc -I/Users/admin/builder/spi-builder-workspace/.derivedData/Build/Products/Debug-appletvos/include -Xcc -I/Users/admin/builder/spi-builder-workspace/.derivedData/Build/Intermediates.noindex/swiftui-pin-pad.build/Debug-appletvos/swiftui_pin_pad-t.build/DerivedSources-normal/arm64 -Xcc -I/Users/admin/builder/spi-builder-workspace/.derivedData/Build/Intermediates.noindex/swiftui-pin-pad.build/Debug-appletvos/swiftui_pin_pad-t.build/DerivedSources/arm64 -Xcc -I/Users/admin/builder/spi-builder-workspace/.derivedData/Build/Intermediates.noindex/swiftui-pin-pad.build/Debug-appletvos/swiftui_pin_pad-t.build/DerivedSources -Xcc -DSWIFT_PACKAGE -Xcc -DDEBUG\=1 -no-auto-bridging-header-chaining -module-name swiftui_pin_pad -package-name spi_builder_workspace -const-gather-protocols-file /Users/admin/builder/spi-builder-workspace/.derivedData/Build/Intermediates.noindex/swiftui-pin-pad.build/Debug-appletvos/swiftui_pin_pad-t.build/Objects-normal/arm64/swiftui_pin_pad_const_extract_protocols.json -disable-clang-spi -clang-target arm64-apple-tvos27.0 -target-sdk-version 27.0 -target-sdk-name appletvos27.0 -in-process-plugin-server-path /Applications/Xcode-27.0.0-Release.Candidate.app/Contents/Developer/Toolchains/XcodeDefault.xctoolchain/usr/lib/swift/host/libSwiftInProcPluginServer.dylib -emit-module-doc-path /Users/admin/builder/spi-builder-workspace/.derivedData/Build/Intermediates.noindex/swiftui-pin-pad.build/Debug-appletvos/swiftui_pin_pad-t.build/Objects-normal/arm64/swiftui_pin_pad.swiftdoc -emit-module-source-info-path /Users/admin/builder/spi-builder-workspace/.derivedData/Build/Intermediates.noindex/swiftui-pin-pad.build/Debug-appletvos/swiftui_pin_pad-t.build/Objects-normal/arm64/swiftui_pin_pad.swiftsourceinfo -emit-objc-header-path /Users/admin/builder/spi-builder-workspace/.derivedData/Build/Intermediates.noindex/swiftui-pin-pad.build/Debug-appletvos/swiftui_pin_pad-t.build/Objects-normal/arm64/swiftui_pin_pad-Swift.h -serialize-diagnostics-path /Users/admin/builder/spi-builder-workspace/.derivedData/Build/Intermediates.noindex/swiftui-pin-pad.build/Debug-appletvos/swiftui_pin_pad-t.build/Objects-normal/arm64/swiftui_pin_pad-primary-emit-module.dia -emit-dependencies-path /Users/admin/builder/spi-builder-workspace/.derivedData/Build/Intermediates.noindex/swiftui-pin-pad.build/Debug-appletvos/swiftui_pin_pad-t.build/Objects-normal/arm64/swiftui_pin_pad-primary-emit-module.d -parse-as-library -o /Users/admin/builder/spi-builder-workspace/.derivedData/Build/Intermediates.noindex/swiftui-pin-pad.build/Debug-appletvos/swiftui_pin_pad-t.build/Objects-normal/arm64/swiftui_pin_pad.swiftmodule -emit-abi-descriptor-path /Users/admin/builder/spi-builder-workspace/.derivedData/Build/Intermediates.noindex/swiftui-pin-pad.build/Debug-appletvos/swiftui_pin_pad-t.build/Objects-normal/arm64/swiftui_pin_pad.abi.json
SwiftCompile normal arm64 (in target 'swiftui_pin_pad' from project 'swiftui-pin-pad')
cd /Users/admin/builder/spi-builder-workspace/.swiftpm/xcode
SwiftCompile normal arm64 Compiling\ SwiftUIPINPad.swift /Users/admin/builder/spi-builder-workspace/Sources/swiftui-pin-pad/SwiftUIPINPad.swift (in target 'swiftui_pin_pad' from project 'swiftui-pin-pad')
SwiftCompile normal arm64 /Users/admin/builder/spi-builder-workspace/Sources/swiftui-pin-pad/SwiftUIPINPad.swift (in target 'swiftui_pin_pad' from project 'swiftui-pin-pad')
cd /Users/admin/builder/spi-builder-workspace/.swiftpm/xcode
builtin-SwiftPerFileCompile SwiftUIPINPad.swift
SwiftCompile normal arm64 Compiling\ FormattedKeypadButtonContent.swift /Users/admin/builder/spi-builder-workspace/Sources/swiftui-pin-pad/FormattedKeypadButtonContent.swift (in target 'swiftui_pin_pad' from project 'swiftui-pin-pad')
SwiftCompile normal arm64 /Users/admin/builder/spi-builder-workspace/Sources/swiftui-pin-pad/FormattedKeypadButtonContent.swift (in target 'swiftui_pin_pad' from project 'swiftui-pin-pad')
cd /Users/admin/builder/spi-builder-workspace/.swiftpm/xcode
builtin-SwiftPerFileCompile FormattedKeypadButtonContent.swift
SwiftCompile normal arm64 Compiling\ KeypadButton.swift /Users/admin/builder/spi-builder-workspace/Sources/swiftui-pin-pad/KeypadButton.swift (in target 'swiftui_pin_pad' from project 'swiftui-pin-pad')
/Users/admin/builder/spi-builder-workspace/Sources/swiftui-pin-pad/KeypadButton.swift:93:31: warning: Storing a closure in '@Entry var onButtonPress' may invalidate dependents on every update because closures may not be comparable. (from macro 'Entry ')
91 | }
92 | internal extension EnvironmentValues {
93 | @Entry var onButtonPress: (ButtonContent) -> Void = { _ in }
| `- warning: Storing a closure in '@Entry var onButtonPress' may invalidate dependents on every update because closures may not be comparable. (from macro 'Entry ')
94 | }
95 |
/Users/admin/builder/spi-builder-workspace/Sources/swiftui-pin-pad/KeypadButton.swift:43:14: error: 'keyboardShortcut' is unavailable in tvOS
41 | .contentShape(Rectangle())
42 | })
43 | .keyboardShortcut(content.keyboardShortcut)
| `- error: 'keyboardShortcut' is unavailable in tvOS
44 | .buttonStyle(.glass)
45 | .buttonBorderShape(.circle)
SwiftUI.View.keyboardShortcut:2:25: note: 'keyboardShortcut' has been explicitly marked unavailable here
1 | protocol View {
2 | nonisolated public func keyboardShortcut(_ shortcut: KeyboardShortcut) -> some View
| `- note: 'keyboardShortcut' has been explicitly marked unavailable here
3 | }
4 |
/Users/admin/builder/spi-builder-workspace/Sources/swiftui-pin-pad/KeypadButton.swift:44:27: error: 'glass' is only available in tvOS 26.0 or newer
8 | import SwiftUI
9 |
10 | internal struct KeypadButton: View {
| `- note: add '@available' attribute to enclosing struct
11 | let content: ButtonContent
12 | @Environment(\.onButtonPress) var onButtonPress: (ButtonContent) -> Void
:
25 | }
26 |
27 | var body: some View {
| `- note: add '@available' attribute to enclosing property
28 | if #available(iOS 26.0, macOS 26.0, *), !requiresCompat {
29 | Button(action: {
:
42 | })
43 | .keyboardShortcut(content.keyboardShortcut)
44 | .buttonStyle(.glass)
| |- error: 'glass' is only available in tvOS 26.0 or newer
| `- note: add 'if #available' version check
45 | .buttonBorderShape(.circle)
46 | } else {
SwiftCompile normal arm64 /Users/admin/builder/spi-builder-workspace/Sources/swiftui-pin-pad/KeypadButton.swift (in target 'swiftui_pin_pad' from project 'swiftui-pin-pad')
cd /Users/admin/builder/spi-builder-workspace/.swiftpm/xcode
builtin-SwiftPerFileCompile KeypadButton.swift
SwiftCompile normal arm64 Compiling\ PINView.swift /Users/admin/builder/spi-builder-workspace/Sources/swiftui-pin-pad/PINView.swift (in target 'swiftui_pin_pad' from project 'swiftui-pin-pad')
SwiftCompile normal arm64 /Users/admin/builder/spi-builder-workspace/Sources/swiftui-pin-pad/PINView.swift (in target 'swiftui_pin_pad' from project 'swiftui-pin-pad')
cd /Users/admin/builder/spi-builder-workspace/.swiftpm/xcode
builtin-SwiftPerFileCompile PINView.swift
PruneExplicitPrecompiledModules /Users/admin/builder/spi-builder-workspace/.derivedData/Build/Intermediates.noindex/SwiftExplicitPrecompiledModules
PruneExplicitPrecompiledModules /Users/admin/builder/spi-builder-workspace/.derivedData/Build/Intermediates.noindex/ExplicitPrecompiledModules
PruneExplicitPrecompiledModules /Users/admin/builder/spi-builder-workspace/.derivedData/SDKExplicitPrecompiledModules
2026-09-23 08:09:06.628 xcodebuild[751:4555] [MT] IDERunDestination: Supported platforms for the buildables in the current scheme is empty.
** BUILD FAILED **
The following build commands failed:
SwiftEmitModule normal arm64 Emitting\ module\ for\ swiftui_pin_pad (in target 'swiftui_pin_pad' from project 'swiftui-pin-pad')
SwiftCompile normal arm64 (in target 'swiftui_pin_pad' from project 'swiftui-pin-pad')
Building workspace swiftui-pin-pad with scheme swiftui-pin-pad
(3 failures)
BUILD FAILURE 6.4 tvOS