The Swift Package Index logo.Swift Package Index

Build Information

Failed to build Pioneer, reference main (6fb21b), with Swift 6.2 for Wasm on 29 Sep 2026 00:14:30 UTC.

Build Command

bash -c docker run --pull=always --rm -v "checkouts-53886770-0":/host -w "$PWD" -e JAVA_HOME="/root/.sdkman/candidates/java/current" -e SPI_BUILD="1" -e SPI_PROCESSING="1" registry.gitlab.com/saguaro1/spi-images:wasm-6.2-latest swift build --swift-sdk swift-6.2-RELEASE_wasm 2>&1

Build Log

========================================
RunAll
========================================
Builder version: 5.1.0
Interrupt handler set up.
========================================
Checkout
========================================
Clone URL: https://github.com/d-exclaimation/pioneer.git
Reference: main
Initialized empty Git repository in /host/spi-builder-workspace/.git/
hint: Using 'master' as the name for the initial branch. This default branch name
hint: is subject to change. To configure the initial branch name to use in all
hint: of your new repositories, which will suppress this warning, call:
hint:
hint: 	git config --global init.defaultBranch <name>
hint:
hint: Names commonly chosen instead of 'master' are 'main', 'trunk' and
hint: 'development'. The just-created branch can be renamed via this command:
hint:
hint: 	git branch -m <name>
From https://github.com/d-exclaimation/pioneer
 * branch            main       -> FETCH_HEAD
 * [new branch]      main       -> origin/main
HEAD is now at 6fb21bd Merge pull request #150 from NeedleInAJayStack/build/graphql-v4
Cloned https://github.com/d-exclaimation/pioneer.git
Revision (git rev-parse @):
6fb21bd49951240eb684baec0886c558336d5b12
SPI manifest file found: $PWD/.spi.yml
SUCCESS checkout https://github.com/d-exclaimation/pioneer.git at main
========================================
Build
========================================
Selected platform:         wasm
Swift version:             6.2
Building package at path:  $PWD
https://github.com/d-exclaimation/pioneer.git
Running build ...
bash -c docker run --pull=always --rm -v "checkouts-53886770-0":/host -w "$PWD" -e JAVA_HOME="/root/.sdkman/candidates/java/current" -e SPI_BUILD="1" -e SPI_PROCESSING="1" registry.gitlab.com/saguaro1/spi-images:wasm-6.2-latest swift build --swift-sdk swift-6.2-RELEASE_wasm 2>&1
wasm-6.2-latest: Pulling from saguaro1/spi-images
Digest: sha256:ff44196b45f83e5a0a99a627b185f548850d9bc1242e3dee2178fb1570812fe8
Status: Image is up to date for registry.gitlab.com/saguaro1/spi-images:wasm-6.2-latest
Fetching https://github.com/GraphQLSwift/GraphQL.git
Fetching https://github.com/GraphQLSwift/Graphiti.git
Fetching https://github.com/vapor/vapor.git
[1/3839] Fetching graphiti
[3840/9885] Fetching graphiti, graphql
Fetched https://github.com/GraphQLSwift/Graphiti.git from cache (0.67s)
[1149/6046] Fetching graphql
[6047/88833] Fetching graphql, vapor
Fetched https://github.com/GraphQLSwift/GraphQL.git from cache (2.37s)
Fetched https://github.com/vapor/vapor.git from cache (2.38s)
Computing version for https://github.com/GraphQLSwift/Graphiti.git
Computed https://github.com/GraphQLSwift/Graphiti.git at 3.1.0 (2.63s)
Computing version for https://github.com/GraphQLSwift/GraphQL.git
Computed https://github.com/GraphQLSwift/GraphQL.git at 4.2.0 (0.29s)
Fetching https://github.com/apple/swift-collections
[1/27779] Fetching swift-collections
Fetched https://github.com/apple/swift-collections from cache (1.53s)
Computing version for https://github.com/apple/swift-collections
Computed https://github.com/apple/swift-collections at 1.7.1 (1.98s)
Computing version for https://github.com/vapor/vapor.git
Computed https://github.com/vapor/vapor.git at 4.122.2 (0.33s)
Fetching https://github.com/apple/swift-asn1.git
Fetching https://github.com/apple/swift-certificates.git
Fetching https://github.com/apple/swift-service-context.git
Fetching https://github.com/vapor/websocket-kit.git
Fetching https://github.com/apple/swift-atomics.git
[20/1986] Fetching swift-asn1
[776/3871] Fetching swift-asn1, swift-atomics
[795/11469] Fetching swift-asn1, swift-atomics, swift-certificates
Fetched https://github.com/apple/swift-atomics.git from cache (0.70s)
Fetching https://github.com/vapor/multipart-kit.git
Fetching https://github.com/apple/swift-algorithms.git
[1/2681] Fetching websocket-kit
Fetched https://github.com/vapor/websocket-kit.git from cache (1.10s)
Fetching https://github.com/apple/swift-distributed-tracing.git
[1/6278] Fetching multipart-kit
[818/7665] Fetching multipart-kit, swift-service-context
[2175/13824] Fetching multipart-kit, swift-service-context, swift-algorithms
Fetched https://github.com/apple/swift-asn1.git from cache (1.44s)
Fetched https://github.com/apple/swift-certificates.git from cache (1.44s)
Fetched https://github.com/apple/swift-service-context.git from cache (1.44s)
Fetching https://github.com/apple/swift-log.git
Fetching https://github.com/apple/swift-metrics.git
Fetched https://github.com/apple/swift-algorithms.git from cache (0.71s)
Fetching https://github.com/apple/swift-nio-http2.git
[1634/12641] Fetching multipart-kit, swift-distributed-tracing
Fetched https://github.com/apple/swift-distributed-tracing.git from cache (0.69s)
Fetching https://github.com/apple/swift-nio-ssl.git
[1634/14443] Fetching multipart-kit, swift-log
[9799/17966] Fetching multipart-kit, swift-log, swift-metrics
[17967/30221] Fetching multipart-kit, swift-log, swift-metrics, swift-nio-http2
Fetched https://github.com/apple/swift-metrics.git from cache (0.79s)
Fetching https://github.com/apple/swift-nio-extras.git
[16037/26698] Fetching multipart-kit, swift-log, swift-nio-http2
Fetched https://github.com/apple/swift-log.git from cache (0.80s)
[7994/18533] Fetching multipart-kit, swift-nio-http2
Fetching https://github.com/apple/swift-nio.git
Fetching https://github.com/vapor/routing-kit.git
Fetched https://github.com/vapor/multipart-kit.git from cache (1.57s)
Fetching https://github.com/apple/swift-crypto.git
[2574/12255] Fetching swift-nio-http2
[12256/29118] Fetching swift-nio-http2, swift-nio-ssl
[13100/50673] Fetching swift-nio-http2, swift-nio-ssl, routing-kit
[16286/57366] Fetching swift-nio-http2, swift-nio-ssl, routing-kit, swift-nio-extras
Fetched https://github.com/apple/swift-nio-http2.git from cache (1.51s)
[25848/45111] Fetching swift-nio-ssl, routing-kit, swift-nio-extras
Fetching https://github.com/vapor/console-kit.git
Fetched https://github.com/apple/swift-nio-extras.git from cache (0.82s)
[19324/38418] Fetching swift-nio-ssl, routing-kit
Fetching https://github.com/vapor/async-kit.git
[19878/56991] Fetching swift-nio-ssl, routing-kit, swift-crypto
[28287/143193] Fetching swift-nio-ssl, routing-kit, swift-crypto, swift-nio
Fetched https://github.com/vapor/routing-kit.git from cache (1.25s)
[12896/121638] Fetching swift-nio-ssl, swift-crypto, swift-nio
Fetching https://github.com/swift-server/async-http-client.git
[16306/124152] Fetching swift-nio-ssl, swift-crypto, swift-nio, async-kit
Fetched https://github.com/vapor/async-kit.git from cache (0.58s)
[17822/121638] Fetching swift-nio-ssl, swift-crypto, swift-nio
[18329/128481] Fetching swift-nio-ssl, swift-crypto, swift-nio, console-kit
Fetched https://github.com/vapor/console-kit.git from cache (0.74s)
[27765/121638] Fetching swift-nio-ssl, swift-crypto, swift-nio
[75339/138036] Fetching swift-nio-ssl, swift-crypto, swift-nio, async-http-client
Fetched https://github.com/apple/swift-nio-ssl.git from cache (3.00s)
[93589/121173] Fetching swift-crypto, swift-nio, async-http-client
Fetched https://github.com/swift-server/async-http-client.git from cache (1.73s)
[81501/104775] Fetching swift-crypto, swift-nio
Fetched https://github.com/apple/swift-crypto.git from cache (3.09s)
[66376/86202] Fetching swift-nio
Fetched https://github.com/apple/swift-nio.git from cache (5.26s)
Computing version for https://github.com/apple/swift-atomics.git
Computed https://github.com/apple/swift-atomics.git at 1.3.1 (7.80s)
Computing version for https://github.com/apple/swift-algorithms.git
Computed https://github.com/apple/swift-algorithms.git at 1.2.1 (1.41s)
Fetching https://github.com/apple/swift-numerics.git
[1/6651] Fetching swift-numerics
Fetched https://github.com/apple/swift-numerics.git from cache (1.21s)
Computing version for https://github.com/vapor/routing-kit.git
Computed https://github.com/vapor/routing-kit.git at 4.9.3 (1.36s)
Computing version for https://github.com/apple/swift-service-context.git
Computed https://github.com/apple/swift-service-context.git at 1.3.0 (0.15s)
Computing version for https://github.com/vapor/websocket-kit.git
Computed https://github.com/vapor/websocket-kit.git at 2.16.2 (0.17s)
Fetching https://github.com/apple/swift-nio-transport-services.git
[1/2867] Fetching swift-nio-transport-services
Fetched https://github.com/apple/swift-nio-transport-services.git from cache (0.55s)
Computing version for https://github.com/apple/swift-numerics.git
Computed https://github.com/apple/swift-numerics.git at 1.1.1 (0.71s)
Computing version for https://github.com/vapor/console-kit.git
Computed https://github.com/vapor/console-kit.git at 4.16.1 (0.19s)
Computing version for https://github.com/apple/swift-log.git
Computed https://github.com/apple/swift-log.git at 1.15.1 (0.31s)
Computing version for https://github.com/vapor/async-kit.git
Computed https://github.com/vapor/async-kit.git at 1.22.0 (0.30s)
Computing version for https://github.com/apple/swift-metrics.git
Computed https://github.com/apple/swift-metrics.git at 2.11.0 (0.21s)
Computing version for https://github.com/apple/swift-nio-ssl.git
Computed https://github.com/apple/swift-nio-ssl.git at 2.37.5 (0.32s)
Computing version for https://github.com/apple/swift-nio.git
Computed https://github.com/apple/swift-nio.git at 2.103.0 (0.49s)
Fetching https://github.com/apple/swift-system.git
[1/6986] Fetching swift-system
Fetched https://github.com/apple/swift-system.git from cache (0.68s)
Computing version for https://github.com/vapor/multipart-kit.git
Computed https://github.com/vapor/multipart-kit.git at 4.7.1 (0.83s)
Computing version for https://github.com/apple/swift-distributed-tracing.git
Computed https://github.com/apple/swift-distributed-tracing.git at 1.5.0 (0.21s)
Computing version for https://github.com/apple/swift-asn1.git
Computed https://github.com/apple/swift-asn1.git at 1.7.3 (1.43s)
Computing version for https://github.com/apple/swift-certificates.git
Computed https://github.com/apple/swift-certificates.git at 1.21.0 (0.34s)
Computing version for https://github.com/apple/swift-nio-transport-services.git
Computed https://github.com/apple/swift-nio-transport-services.git at 1.28.0 (0.28s)
Computing version for https://github.com/apple/swift-crypto.git
Computed https://github.com/apple/swift-crypto.git at 4.5.2 (0.78s)
Computing version for https://github.com/apple/swift-system.git
Computed https://github.com/apple/swift-system.git at 1.8.1 (0.27s)
Computing version for https://github.com/apple/swift-nio-extras.git
Computed https://github.com/apple/swift-nio-extras.git at 1.35.1 (0.38s)
Fetching https://github.com/apple/swift-http-types.git
Fetching https://github.com/apple/swift-http-structured-headers.git
Fetching https://github.com/apple/swift-async-algorithms.git
Fetching https://github.com/swift-server/swift-service-lifecycle.git
[1/1939] Fetching swift-http-types
[98/3192] Fetching swift-http-types, swift-http-structured-headers
[3118/6035] Fetching swift-http-types, swift-http-structured-headers, swift-service-lifecycle
[4956/12825] Fetching swift-http-types, swift-http-structured-headers, swift-service-lifecycle, swift-async-algorithms
Fetched https://github.com/apple/swift-http-types.git from cache (0.57s)
[6337/10886] Fetching swift-http-structured-headers, swift-service-lifecycle, swift-async-algorithms
Fetched https://github.com/apple/swift-http-structured-headers.git from cache (0.57s)
Fetched https://github.com/swift-server/swift-service-lifecycle.git from cache (0.57s)
[2309/6790] Fetching swift-async-algorithms
Fetched https://github.com/apple/swift-async-algorithms.git from cache (0.65s)
Computing version for https://github.com/swift-server/swift-service-lifecycle.git
Computed https://github.com/swift-server/swift-service-lifecycle.git at 2.12.0 (0.82s)
Computing version for https://github.com/apple/swift-async-algorithms.git
Computed https://github.com/apple/swift-async-algorithms.git at 1.1.6 (0.20s)
Computing version for https://github.com/apple/swift-http-structured-headers.git
Computed https://github.com/apple/swift-http-structured-headers.git at 1.7.0 (0.15s)
Computing version for https://github.com/apple/swift-http-types.git
Computed https://github.com/apple/swift-http-types.git at 1.8.0 (0.17s)
Computing version for https://github.com/apple/swift-nio-http2.git
Computed https://github.com/apple/swift-nio-http2.git at 1.46.0 (0.15s)
Computing version for https://github.com/swift-server/async-http-client.git
Computed https://github.com/swift-server/async-http-client.git at 1.36.2 (0.16s)
Fetching https://github.com/apple/swift-configuration.git
[1/3813] Fetching swift-configuration
Fetched https://github.com/apple/swift-configuration.git from cache (0.61s)
Computing version for https://github.com/apple/swift-configuration.git
Computed https://github.com/apple/swift-configuration.git at 1.2.1 (0.87s)
Creating working copy for https://github.com/apple/swift-collections
Working copy of https://github.com/apple/swift-collections resolved at 1.7.1
Creating working copy for https://github.com/apple/swift-configuration.git
Working copy of https://github.com/apple/swift-configuration.git resolved at 1.2.1
Creating working copy for https://github.com/vapor/multipart-kit.git
Working copy of https://github.com/vapor/multipart-kit.git resolved at 4.7.1
Creating working copy for https://github.com/swift-server/swift-service-lifecycle.git
Working copy of https://github.com/swift-server/swift-service-lifecycle.git resolved at 2.12.0
Creating working copy for https://github.com/apple/swift-algorithms.git
Working copy of https://github.com/apple/swift-algorithms.git resolved at 1.2.1
Creating working copy for https://github.com/vapor/vapor.git
Working copy of https://github.com/vapor/vapor.git resolved at 4.122.2
Creating working copy for https://github.com/apple/swift-nio-transport-services.git
Working copy of https://github.com/apple/swift-nio-transport-services.git resolved at 1.28.0
Creating working copy for https://github.com/vapor/routing-kit.git
Working copy of https://github.com/vapor/routing-kit.git resolved at 4.9.3
Creating working copy for https://github.com/GraphQLSwift/Graphiti.git
Working copy of https://github.com/GraphQLSwift/Graphiti.git resolved at 3.1.0
Creating working copy for https://github.com/apple/swift-system.git
Working copy of https://github.com/apple/swift-system.git resolved at 1.8.1
Creating working copy for https://github.com/apple/swift-asn1.git
Working copy of https://github.com/apple/swift-asn1.git resolved at 1.7.3
Creating working copy for https://github.com/apple/swift-atomics.git
Working copy of https://github.com/apple/swift-atomics.git resolved at 1.3.1
Creating working copy for https://github.com/apple/swift-nio-http2.git
Working copy of https://github.com/apple/swift-nio-http2.git resolved at 1.46.0
Creating working copy for https://github.com/vapor/websocket-kit.git
Working copy of https://github.com/vapor/websocket-kit.git resolved at 2.16.2
Creating working copy for https://github.com/swift-server/async-http-client.git
Working copy of https://github.com/swift-server/async-http-client.git resolved at 1.36.2
Creating working copy for https://github.com/apple/swift-certificates.git
Working copy of https://github.com/apple/swift-certificates.git resolved at 1.21.0
Creating working copy for https://github.com/apple/swift-nio-extras.git
Working copy of https://github.com/apple/swift-nio-extras.git resolved at 1.35.1
Creating working copy for https://github.com/apple/swift-async-algorithms.git
Working copy of https://github.com/apple/swift-async-algorithms.git resolved at 1.1.6
Creating working copy for https://github.com/apple/swift-distributed-tracing.git
Working copy of https://github.com/apple/swift-distributed-tracing.git resolved at 1.5.0
Creating working copy for https://github.com/vapor/async-kit.git
Working copy of https://github.com/vapor/async-kit.git resolved at 1.22.0
Creating working copy for https://github.com/vapor/console-kit.git
Working copy of https://github.com/vapor/console-kit.git resolved at 4.16.1
Creating working copy for https://github.com/GraphQLSwift/GraphQL.git
Working copy of https://github.com/GraphQLSwift/GraphQL.git resolved at 4.2.0
Creating working copy for https://github.com/apple/swift-http-structured-headers.git
Working copy of https://github.com/apple/swift-http-structured-headers.git resolved at 1.7.0
Creating working copy for https://github.com/apple/swift-metrics.git
Working copy of https://github.com/apple/swift-metrics.git resolved at 2.11.0
Creating working copy for https://github.com/apple/swift-nio.git
Working copy of https://github.com/apple/swift-nio.git resolved at 2.103.0
Creating working copy for https://github.com/apple/swift-log.git
Working copy of https://github.com/apple/swift-log.git resolved at 1.15.1
Creating working copy for https://github.com/apple/swift-nio-ssl.git
Working copy of https://github.com/apple/swift-nio-ssl.git resolved at 2.37.5
Creating working copy for https://github.com/apple/swift-http-types.git
Working copy of https://github.com/apple/swift-http-types.git resolved at 1.8.0
Creating working copy for https://github.com/apple/swift-service-context.git
Working copy of https://github.com/apple/swift-service-context.git resolved at 1.3.0
Creating working copy for https://github.com/apple/swift-crypto.git
Working copy of https://github.com/apple/swift-crypto.git resolved at 4.5.2
Creating working copy for https://github.com/apple/swift-numerics.git
Working copy of https://github.com/apple/swift-numerics.git resolved at 1.1.1
Building for debugging...
[0/864] Write sources
[45/864] Compiling _CWASI _CWASI.c
[46/864] Write sources
[47/864] Compiling CNIOWindows WSAStartup.c
[48/864] Write sources
[50/864] Compiling CNIOWASI CNIOWASI.c
[50/864] Compiling CNIOWindows shim.c
[50/864] Write sources
[60/864] Compiling _NumericsShims _NumericsShims.c
[61/864] Compiling _AtomicsShims.c
[62/864] Compiling CNIOSHA1 c_nio_sha1.c
[63/864] Compiling CXKCPShims shims.c
[64/864] Compiling KeccakSponge.c
[65/864] Compiling CVaporBcrypt blf.c
[66/864] Compiling KeccakHash.c
[66/864] Compiling SimpleFIPS202.c
[66/864] Compiling CSystem shims.c
[69/864] Compiling CVaporBcrypt bcrypt.c
[70/864] Compiling CNIOOpenBSD shim.c
[70/864] Compiling CNIOLinux shim.c
[72/864] Compiling CNIOPosix event_loop_id.c
[73/864] Write swift-version-24593BA9C3E375BF.txt
[74/864] Compiling CNIOLinux liburing_shims.c
[75/864] Compiling CNIOFreeBSD shim.c
[76/864] Compiling CNIOLLHTTP c_nio_http.c
[77/864] Compiling CNIOExtrasZlib zutil.c
[78/864] Compiling CNIOLLHTTP c_nio_api.c
[79/872] Compiling CNIOExtrasZlib trees.c
[81/929] Emitting module _NIOBase64
[81/929] Compiling CNIOLLHTTP c_nio_llhttp.c
[83/940] Compiling SystemPackage IOCompletion.swift
[84/940] Compiling SystemPackage IORequest.swift
[85/940] Compiling SystemPackage IORing+Util.swift
[86/940] Compiling SystemPackage IORing.swift
[87/940] Compiling SystemPackage RawIORequest.swift
[88/945] Compiling ServiceContextModule ServiceContextKey.swift
[89/945] Compiling RealModule RealFunctions.swift
[90/946] Compiling SystemPackage FilePathString.swift
[91/946] Compiling SystemPackage FilePathSyntax.swift
[92/948] Compiling RealModule AlgebraicField.swift
[93/948] Compiling RealModule ApproximateEquality.swift
[94/948] Emitting module RealModule
[95/948] Compiling RealModule Float80+Real.swift
[96/948] Compiling RealModule RelaxedArithmetic.swift
[97/948] Emitting module SwiftASN1
[98/948] Compiling SystemPackage FileDescriptor.swift
[99/948] Compiling SystemPackage FileHelpers.swift
[100/948] Compiling _NIOBase64 Base64.swift
[101/949] Compiling SystemPackage Errno.swift
[102/949] Compiling SystemPackage ErrnoWindows.swift
[103/949] Compiling RealModule Real.swift
[104/949] Compiling RealModule AugmentedArithmetic.swift
[105/949] Compiling RealModule Double+Real.swift
[106/949] Compiling RealModule Float16+Real.swift
[107/949] Compiling RealModule ElementaryFunctions.swift
[108/949] Compiling RealModule Float+Real.swift
[111/950] Emitting module ServiceContextModule
[112/950] Compiling ServiceContextModule ServiceContext.swift
[114/951] Compiling SystemPackage FilePathComponents.swift
[115/951] Compiling SystemPackage FilePathParsing.swift
[122/951] Compiling _NIODataStructures PriorityQueue.swift
[123/951] Compiling _NIODataStructures _TinyArray.swift
[124/962] Emitting module _CertificateInternals
[125/962] Compiling _CertificateInternals _TinyArray.swift
[127/996] Compiling CoreMetrics MappingMetricsFactory.swift
[128/996] Compiling CoreMetrics WithMetricsFactory.swift
[129/996] Compiling InternalCollectionsUtilities Iterable+CopyContents.swift
[130/996] Compiling InternalCollectionsUtilities Iterable+Equality.swift
[131/996] Compiling InternalCollectionsUtilities LifetimeOverride.swift
[132/996] Compiling InternalCollectionsUtilities MutableRef.swift
[133/1005] Compiling InternalCollectionsUtilities RandomAccessCollection+Offsets.swift
[134/1005] Compiling InternalCollectionsUtilities Span+Extras.swift
[135/1005] Compiling CoreMetrics Locks.swift
[136/1005] Compiling InternalCollectionsUtilities UnsafeRawBufferPointer+Extras.swift
[137/1005] Compiling InternalCollectionsUtilities _SortedCollection.swift
[138/1005] Compiling InternalCollectionsUtilities _UniqueCollection.swift
[139/1005] Compiling Instrumentation NoOpInstrument.swift
[140/1005] Compiling InternalCollectionsUtilities BorrowingIteratorProtocol+Equality.swift
[141/1005] Compiling InternalCollectionsUtilities BorrowingIteratorProtocol+Extras.swift
[142/1005] Compiling InternalCollectionsUtilities Debugging.swift
[143/1005] Compiling InternalCollectionsUtilities Descriptions.swift
[145/1005] Emitting module SystemPackage
[149/1005] Compiling InternalCollectionsUtilities Strideable+LimitHelpers.swift
[150/1005] Compiling InternalCollectionsUtilities String+Padding.swift
[151/1005] Compiling Instrumentation Locks.swift
[152/1005] Compiling Instrumentation MultiplexInstrument.swift
[153/1005] Compiling InternalCollectionsUtilities FixedWidthInteger+roundUpToPowerOfTwo.swift
[154/1005] Compiling InternalCollectionsUtilities Integer rank.swift
[155/1005] Compiling InternalCollectionsUtilities UInt+first and last set bit.swift
[156/1005] Compiling InternalCollectionsUtilities UInt+reversed.swift
[157/1005] Compiling InternalCollectionsUtilities UnsafeMutablePointer+Extras.swift
[158/1005] Compiling InternalCollectionsUtilities TemporaryAllocation.swift
[159/1005] Compiling InternalCollectionsUtilities _UnsafeBitSet+Index.swift
[160/1005] Compiling InternalCollectionsUtilities MutableSpan+Extras.swift
[161/1005] Compiling InternalCollectionsUtilities OutputSpan+Extras.swift
[164/1005] Compiling _NIODataStructures Heap.swift
[165/1005] Emitting module _NIODataStructures
[166/1006] Compiling Instrumentation InstrumentationSystem.swift
[167/1006] Compiling Instrumentation Instrument.swift
[169/1006] Emitting module Instrumentation
[170/1007] Compiling Logging Logger+With.swift
[171/1007] Compiling Logging Logger.swift
[172/1008] Compiling Logging LoggingSystem.swift
[178/1008] Compiling SystemPackage RawBuffer.swift
[179/1008] Compiling SystemPackage Syscalls.swift
[180/1008] Compiling SystemPackage WindowsSyscallAdapters.swift
[181/1008] Compiling SystemPackage MachPort.swift
[182/1008] Compiling SystemPackage PlatformString.swift
[183/1008] Compiling InternalCollectionsUtilities UnsafeMutableBufferPointer+Extras.swift
[185/1008] Compiling CNIOExtrasZlib inftrees.c
[188/1008] Compiling SystemPackage Mocking.swift
[193/1008] Compiling Logging Logger+Attributes.swift
[195/1008] Compiling CNIOExtrasZlib inffast.c
[198/1009] Compiling CNIOExtrasZlib inflate.c
[200/1009] Compiling Logging MetadataProvider.swift
[206/1009] Emitting module Logging
[207/1018] Compiling CNIOExtrasZlib deflate.c
[208/1018] Compiling CNIOExtrasZlib adler32.c
[209/1018] Compiling CNIOExtrasZlib crc32.c
[210/1018] Compiling CNIODarwin shim.c
[212/1018] Compiling SystemPackage SystemString.swift
[213/1018] Compiling SystemPackage Util+StringArray.swift
[214/1018] Compiling SystemPackage Util.swift
[215/1018] Compiling SystemPackage UtilConsumers.swift
[216/1018] Compiling SystemPackage WinSDK+Overlay.swift
[224/1025] Compiling fiat_p256_adx_sqr.S
[227/1025] Emitting module InternalCollectionsUtilities
[227/1025] Compiling fiat_p256_adx_mul.S
[229/1025] Emitting module Tracing
[230/1026] Compiling Tracing TracerProtocol.swift
[231/1026] Compiling Tracing TracingTime.swift
[231/1026] Compiling fiat_curve25519_adx_square.S
[232/1026] Compiling fiat_curve25519_adx_mul.S
[234/1026] Compiling Tracing Tracer.swift
[235/1026] Compiling Tracing TracerProtocol+Legacy.swift
[236/1026] Compiling Tracing WithTracer.swift
[236/1026] Compiling CNIOBoringSSLShims shims.c
[238/1026] Compiling Tracing SpanProtocol.swift
[239/1026] Compiling Tracing InstrumentationSystem+Tracing.swift
[240/1026] Compiling CoreMetrics Metrics.swift
[241/1026] Emitting module CoreMetrics
[242/1026] Compiling Tracing NoOpTracer.swift
[246/1028] Compiling InternalCollectionsUtilities UnsafeMutableRawBufferPointer+Extras.swift
[247/1028] Compiling InternalCollectionsUtilities UnsafePointer+Extras.swift
[248/1028] Compiling InternalCollectionsUtilities _UnsafeBitSet+_Word.swift
[249/1028] Compiling InternalCollectionsUtilities _UnsafeBitSet.swift
[250/1028] Compiling InternalCollectionsUtilities UnsafeBufferPointer+Extras.swift
[252/1031] Compiling KeccakP-1600-opt64.c
[254/1101] Compiling Metrics Metrics.swift
[255/1101] Emitting module Metrics
[257/1106] Compiling SpanPreview OutputSpan+InputSpanHelpers.swift
[258/1106] Compiling SpanPreview MutableSpan+InputSpanHelpers.swift
[259/1106] Compiling SpanPreview InputSpan.swift
[260/1106] Emitting module SpanPreview
[261/1107] Compiling tls_method.cc
[262/1134] Compiling tls_record.cc
[264/1172] Compiling HeapModule Heap+ExpressibleByArrayLiteral.swift
[265/1248] Compiling HeapModule _HeapNode.swift
[266/1248] Compiling HeapModule Heap.swift
[267/1248] Compiling RoutingKit AnyRouter.swift
[267/1248] Compiling tls13_server.cc
[269/1248] Compiling RoutingKit PathComponent.swift
[270/1248] Compiling HeapModule Heap+Invariants.swift
[271/1248] Compiling HeapModule Heap+Testing.swift
[272/1248] Compiling HeapModule Heap+Descriptions.swift
[273/1248] Emitting module HeapModule
[274/1248] Compiling HeapModule Heap+UnsafeHandle.swift
[276/1291] Compiling RoutingKit Router.swift
[277/1291] Compiling RoutingKit TrieRouter.swift
[277/1291] Compiling tls13_client.cc
[279/1291] Compiling DequeModule UniqueDeque+Removals.swift
[280/1291] Compiling HashTreeCollections TreeDictionary+CustomReflectable.swift
[281/1291] Compiling HashTreeCollections TreeDictionary+Debugging.swift
[282/1291] Compiling HashTreeCollections TreeDictionary+Descriptions.swift
[283/1291] Compiling HashTreeCollections TreeDictionary+Equatable.swift
[284/1291] Compiling HashTreeCollections TreeDictionary+ExpressibleByDictionaryLiteral.swift
[285/1291] Compiling HashTreeCollections TreeDictionary+Filter.swift
[286/1291] Compiling HashTreeCollections TreeDictionary+Hashable.swift
[287/1291] Compiling HashTreeCollections TreeDictionary+Initializers.swift
[288/1291] Compiling HashTreeCollections TreeDictionary+Keys.swift
[289/1291] Compiling HashTreeCollections TreeDictionary+MapValues.swift
[290/1291] Compiling HashTreeCollections TreeDictionary+Merge.swift
[291/1291] Compiling HashTreeCollections TreeDictionary+Sendable.swift
[292/1291] Compiling HashTreeCollections TreeDictionary+Sequence.swift
[293/1291] Compiling HashTreeCollections TreeDictionary+Values.swift
[294/1291] Compiling HashTreeCollections TreeDictionary.swift
[295/1298] Compiling HashTreeCollections TreeSet+Hashable.swift
[296/1298] Compiling HashTreeCollections TreeSet+Sendable.swift
[297/1298] Compiling HashTreeCollections TreeSet+Sequence.swift
[298/1298] Compiling HashTreeCollections TreeSet+SetAlgebra Initializers.swift
[299/1298] Compiling HashTreeCollections TreeSet+SetAlgebra basics.swift
[300/1298] Compiling HashTreeCollections TreeSet+SetAlgebra formIntersection.swift
[301/1298] Compiling HashTreeCollections TreeSet+SetAlgebra formSymmetricDifference.swift
[302/1298] Compiling HashTreeCollections TreeSet+SetAlgebra formUnion.swift
[303/1298] Compiling HashTreeCollections TreeSet+SetAlgebra intersection.swift
[304/1298] Compiling HashTreeCollections TreeSet+SetAlgebra isDisjoint.swift
[306/1308] Compiling OrderedCollections OrderedSet+Sendable.swift
[307/1308] Compiling OrderedCollections OrderedSet+SubSequence.swift
[308/1308] Compiling OrderedCollections OrderedSet+Testing.swift
[309/1308] Compiling OrderedCollections OrderedSet+UnorderedView.swift
[310/1308] Compiling OrderedCollections OrderedSet+UnstableInternals.swift
[311/1308] Compiling OrderedCollections OrderedSet.swift
[312/1308] Compiling OrderedCollections _UnsafeBitset.swift
[313/1308] Compiling HashTreeCollections TreeSet+Extras.swift
[314/1308] Compiling HashTreeCollections TreeSet+Filter.swift
[315/1308] Compiling DequeModule Deque+Codable.swift
[316/1308] Compiling DequeModule Deque+Collection.swift
[317/1308] Compiling DequeModule Deque+CustomReflectable.swift
[318/1308] Compiling DequeModule Deque+Descriptions.swift
[319/1308] Compiling DequeModule Deque+Equatable.swift
[320/1308] Compiling DequeModule Deque+ExpressibleByArrayLiteral.swift
[321/1308] Compiling DequeModule Deque+Extras.swift
[322/1308] Compiling DequeModule Deque+Hashable.swift
[322/1308] Compiling tls13_enc.cc
[335/1308] Compiling DequeModule Deque._UnsafeHandle.swift
[336/1308] Compiling DequeModule Deque.swift
[337/1308] Compiling DequeModule _DequeBuffer.swift
[338/1308] Compiling DequeModule _DequeBufferHeader.swift
[339/1308] Compiling DequeModule RigidDeque+Append.swift
[340/1308] Compiling DequeModule RigidDeque+Consumption.swift
[341/1308] Compiling DequeModule RigidDeque+ContainerOperations.swift
[342/1308] Compiling DequeModule RigidDeque+Deprecations.swift
[343/1308] Compiling DequeModule RigidDeque+Descriptions.swift
[344/1308] Compiling DequeModule RigidDeque+Equatable.swift
[345/1308] Compiling DequeModule UniqueDeque+Consumption.swift
[346/1308] Compiling DequeModule UniqueDeque+ContainerOperations.swift
[347/1308] Compiling DequeModule UniqueDeque+Deprecations.swift
[348/1308] Compiling DequeModule UniqueDeque+Descriptions.swift
[349/1308] Compiling DequeModule UniqueDeque+Equatable.swift
[350/1308] Compiling DequeModule UniqueDeque+Hashable.swift
[351/1308] Compiling DequeModule UniqueDeque+Initializers.swift
[352/1308] Compiling DequeModule UniqueDeque+Insertions.swift
[353/1308] Compiling DequeModule UniqueDeque+Iterable.swift
[354/1308] Compiling DequeModule UniqueDeque+Prepend.swift
[355/1311] Compiling RoutingKit Parameters.swift
[356/1311] Emitting module RoutingKit
[379/1323] Compiling DequeModule RigidDeque+Hashable.swift
[380/1323] Compiling DequeModule RigidDeque+Initializers.swift
[381/1323] Compiling DequeModule RigidDeque+Insertions.swift
[382/1323] Compiling DequeModule RigidDeque+Iterable.swift
[383/1323] Compiling DequeModule RigidDeque+Prepend.swift
[384/1323] Compiling DequeModule RigidDeque+Removals.swift
[385/1323] Compiling DequeModule RigidDeque+Replacements.swift
[386/1323] Compiling DequeModule RigidDeque+Testing.swift
[387/1323] Compiling DequeModule RigidDeque.swift
[388/1323] Compiling DequeModule UniqueDeque+Append.swift
[395/1323] Compiling _RopeModule String Utilities.swift
[396/1323] Compiling _RopeModule String.Index+ABI.swift
[397/1323] Compiling _RopeModule _CharacterRecognizer.swift
[398/1323] Compiling HashTreeCollections TreeSet+SetAlgebra isSubset.swift
[399/1323] Compiling HashTreeCollections TreeSet+SetAlgebra isSuperset.swift
[400/1323] Compiling HashTreeCollections TreeSet+SetAlgebra subtract.swift
[401/1323] Compiling HashTreeCollections TreeSet+SetAlgebra subtracting.swift
[402/1323] Compiling HashTreeCollections TreeSet+SetAlgebra symmetricDifference.swift
[403/1323] Compiling HashTreeCollections TreeSet+SetAlgebra union.swift
[404/1323] Compiling HashTreeCollections TreeSet.swift
[421/1323] Compiling DequeModule Deque+Testing.swift
[422/1323] Compiling DequeModule Deque._Storage.swift
[459/1323] Compiling DequeModule UniqueDeque+Replacements.swift
[460/1323] Compiling DequeModule UniqueDeque.swift
[461/1323] Compiling DequeModule _DequeSlot.swift
[462/1323] Emitting module _RopeModule
[479/1323] Compiling t1_enc.cc
[480/1323] Compiling tls13_both.cc
[481/1323] Compiling ssl_versions.cc
[482/1323] Compiling ssl_x509.cc
[484/1323] Emitting module OrderedCollections
[519/1324] Compiling _RopeModule Rope+Join.swift
[520/1324] Compiling _RopeModule Rope+MutatingForEach.swift
[521/1324] Compiling _RopeModule Rope+Remove.swift
[522/1324] Compiling _RopeModule Rope+RemoveSubrange.swift
[523/1324] Compiling _RopeModule Rope+Split.swift
[524/1324] Compiling _RopeModule Optional Utilities.swift
[551/1324] Compiling DequeModule _UnsafeDequeHandle.swift
[552/1324] Compiling DequeModule _UnsafeDequeSegments.swift
[557/1325] Compiling ssl_transcript.cc
[558/1396] Compiling ssl_stat.cc
[560/1410] Emitting module DequeModule
[561/1410] Emitting module HashTreeCollections
[562/1411] Compiling ssl_privkey.cc
[563/1411] Compiling ssl_session.cc
[565/1411] Compiling GraphQL PossibleFragmentSpreadsRule.swift
/host/spi-builder-workspace/.build/checkouts/GraphQL/Sources/GraphQL/Execution/Execute.swift:1:8: error: no such module 'Dispatch'
   1 | import Dispatch
     |        `- error: no such module 'Dispatch'
   2 | import OrderedCollections
   3 |
/root/.swiftpm/swift-sdks/swift-6.2-RELEASE_wasm.artifactbundle/swift-6.2-RELEASE_wasm/wasm32-unknown-wasip1/swift.xctoolchain/usr/lib/swift_static/CoreFoundation/CoreFoundation.h:28:10: note: while building module 'wasi_emulated_signal' imported from /root/.swiftpm/swift-sdks/swift-6.2-RELEASE_wasm.artifactbundle/swift-6.2-RELEASE_wasm/wasm32-unknown-wasip1/swift.xctoolchain/usr/lib/swift_static/CoreFoundation/CoreFoundation.h:28:
 26 | #include <setjmp.h>
 27 | #endif
 28 | #include <signal.h>
    |          `- note: while building module 'wasi_emulated_signal' imported from /root/.swiftpm/swift-sdks/swift-6.2-RELEASE_wasm.artifactbundle/swift-6.2-RELEASE_wasm/wasm32-unknown-wasip1/swift.xctoolchain/usr/lib/swift_static/CoreFoundation/CoreFoundation.h:28:
 29 | #include <stddef.h>
 30 | #include <stdio.h>
<module-includes>:1:10: note: in file included from <module-includes>:1:
1 | #include "signal.h"
  |          `- note: in file included from <module-includes>:1:
2 |
[566/1411] Compiling GraphQL PossibleTypeExtensionsRule.swift
/host/spi-builder-workspace/.build/checkouts/GraphQL/Sources/GraphQL/Execution/Execute.swift:1:8: error: no such module 'Dispatch'
   1 | import Dispatch
     |        `- error: no such module 'Dispatch'
   2 | import OrderedCollections
   3 |
/root/.swiftpm/swift-sdks/swift-6.2-RELEASE_wasm.artifactbundle/swift-6.2-RELEASE_wasm/wasm32-unknown-wasip1/swift.xctoolchain/usr/lib/swift_static/CoreFoundation/CoreFoundation.h:28:10: note: while building module 'wasi_emulated_signal' imported from /root/.swiftpm/swift-sdks/swift-6.2-RELEASE_wasm.artifactbundle/swift-6.2-RELEASE_wasm/wasm32-unknown-wasip1/swift.xctoolchain/usr/lib/swift_static/CoreFoundation/CoreFoundation.h:28:
 26 | #include <setjmp.h>
 27 | #endif
 28 | #include <signal.h>
    |          `- note: while building module 'wasi_emulated_signal' imported from /root/.swiftpm/swift-sdks/swift-6.2-RELEASE_wasm.artifactbundle/swift-6.2-RELEASE_wasm/wasm32-unknown-wasip1/swift.xctoolchain/usr/lib/swift_static/CoreFoundation/CoreFoundation.h:28:
 29 | #include <stddef.h>
 30 | #include <stdio.h>
<module-includes>:1:10: note: in file included from <module-includes>:1:
1 | #include "signal.h"
  |          `- note: in file included from <module-includes>:1:
2 |
[567/1411] Compiling GraphQL ProvidedRequiredArgumentsOnDirectivesRule.swift
/host/spi-builder-workspace/.build/checkouts/GraphQL/Sources/GraphQL/Execution/Execute.swift:1:8: error: no such module 'Dispatch'
   1 | import Dispatch
     |        `- error: no such module 'Dispatch'
   2 | import OrderedCollections
   3 |
/root/.swiftpm/swift-sdks/swift-6.2-RELEASE_wasm.artifactbundle/swift-6.2-RELEASE_wasm/wasm32-unknown-wasip1/swift.xctoolchain/usr/lib/swift_static/CoreFoundation/CoreFoundation.h:28:10: note: while building module 'wasi_emulated_signal' imported from /root/.swiftpm/swift-sdks/swift-6.2-RELEASE_wasm.artifactbundle/swift-6.2-RELEASE_wasm/wasm32-unknown-wasip1/swift.xctoolchain/usr/lib/swift_static/CoreFoundation/CoreFoundation.h:28:
 26 | #include <setjmp.h>
 27 | #endif
 28 | #include <signal.h>
    |          `- note: while building module 'wasi_emulated_signal' imported from /root/.swiftpm/swift-sdks/swift-6.2-RELEASE_wasm.artifactbundle/swift-6.2-RELEASE_wasm/wasm32-unknown-wasip1/swift.xctoolchain/usr/lib/swift_static/CoreFoundation/CoreFoundation.h:28:
 29 | #include <stddef.h>
 30 | #include <stdio.h>
<module-includes>:1:10: note: in file included from <module-includes>:1:
1 | #include "signal.h"
  |          `- note: in file included from <module-includes>:1:
2 |
[568/1411] Compiling GraphQL ProvidedRequiredArgumentsRule.swift
/host/spi-builder-workspace/.build/checkouts/GraphQL/Sources/GraphQL/Execution/Execute.swift:1:8: error: no such module 'Dispatch'
   1 | import Dispatch
     |        `- error: no such module 'Dispatch'
   2 | import OrderedCollections
   3 |
/root/.swiftpm/swift-sdks/swift-6.2-RELEASE_wasm.artifactbundle/swift-6.2-RELEASE_wasm/wasm32-unknown-wasip1/swift.xctoolchain/usr/lib/swift_static/CoreFoundation/CoreFoundation.h:28:10: note: while building module 'wasi_emulated_signal' imported from /root/.swiftpm/swift-sdks/swift-6.2-RELEASE_wasm.artifactbundle/swift-6.2-RELEASE_wasm/wasm32-unknown-wasip1/swift.xctoolchain/usr/lib/swift_static/CoreFoundation/CoreFoundation.h:28:
 26 | #include <setjmp.h>
 27 | #endif
 28 | #include <signal.h>
    |          `- note: while building module 'wasi_emulated_signal' imported from /root/.swiftpm/swift-sdks/swift-6.2-RELEASE_wasm.artifactbundle/swift-6.2-RELEASE_wasm/wasm32-unknown-wasip1/swift.xctoolchain/usr/lib/swift_static/CoreFoundation/CoreFoundation.h:28:
 29 | #include <stddef.h>
 30 | #include <stdio.h>
<module-includes>:1:10: note: in file included from <module-includes>:1:
1 | #include "signal.h"
  |          `- note: in file included from <module-includes>:1:
2 |
[569/1411] Compiling GraphQL ScalarLeafsRule.swift
/host/spi-builder-workspace/.build/checkouts/GraphQL/Sources/GraphQL/Execution/Execute.swift:1:8: error: no such module 'Dispatch'
   1 | import Dispatch
     |        `- error: no such module 'Dispatch'
   2 | import OrderedCollections
   3 |
/root/.swiftpm/swift-sdks/swift-6.2-RELEASE_wasm.artifactbundle/swift-6.2-RELEASE_wasm/wasm32-unknown-wasip1/swift.xctoolchain/usr/lib/swift_static/CoreFoundation/CoreFoundation.h:28:10: note: while building module 'wasi_emulated_signal' imported from /root/.swiftpm/swift-sdks/swift-6.2-RELEASE_wasm.artifactbundle/swift-6.2-RELEASE_wasm/wasm32-unknown-wasip1/swift.xctoolchain/usr/lib/swift_static/CoreFoundation/CoreFoundation.h:28:
 26 | #include <setjmp.h>
 27 | #endif
 28 | #include <signal.h>
    |          `- note: while building module 'wasi_emulated_signal' imported from /root/.swiftpm/swift-sdks/swift-6.2-RELEASE_wasm.artifactbundle/swift-6.2-RELEASE_wasm/wasm32-unknown-wasip1/swift.xctoolchain/usr/lib/swift_static/CoreFoundation/CoreFoundation.h:28:
 29 | #include <stddef.h>
 30 | #include <stdio.h>
<module-includes>:1:10: note: in file included from <module-includes>:1:
1 | #include "signal.h"
  |          `- note: in file included from <module-includes>:1:
2 |
[570/1411] Compiling GraphQL UniqueArgumentDefinitionNamesRule.swift
/host/spi-builder-workspace/.build/checkouts/GraphQL/Sources/GraphQL/Execution/Execute.swift:1:8: error: no such module 'Dispatch'
   1 | import Dispatch
     |        `- error: no such module 'Dispatch'
   2 | import OrderedCollections
   3 |
/root/.swiftpm/swift-sdks/swift-6.2-RELEASE_wasm.artifactbundle/swift-6.2-RELEASE_wasm/wasm32-unknown-wasip1/swift.xctoolchain/usr/lib/swift_static/CoreFoundation/CoreFoundation.h:28:10: note: while building module 'wasi_emulated_signal' imported from /root/.swiftpm/swift-sdks/swift-6.2-RELEASE_wasm.artifactbundle/swift-6.2-RELEASE_wasm/wasm32-unknown-wasip1/swift.xctoolchain/usr/lib/swift_static/CoreFoundation/CoreFoundation.h:28:
 26 | #include <setjmp.h>
 27 | #endif
 28 | #include <signal.h>
    |          `- note: while building module 'wasi_emulated_signal' imported from /root/.swiftpm/swift-sdks/swift-6.2-RELEASE_wasm.artifactbundle/swift-6.2-RELEASE_wasm/wasm32-unknown-wasip1/swift.xctoolchain/usr/lib/swift_static/CoreFoundation/CoreFoundation.h:28:
 29 | #include <stddef.h>
 30 | #include <stdio.h>
<module-includes>:1:10: note: in file included from <module-includes>:1:
1 | #include "signal.h"
  |          `- note: in file included from <module-includes>:1:
2 |
[571/1411] Compiling GraphQL UniqueArgumentNamesRule.swift
/host/spi-builder-workspace/.build/checkouts/GraphQL/Sources/GraphQL/Execution/Execute.swift:1:8: error: no such module 'Dispatch'
   1 | import Dispatch
     |        `- error: no such module 'Dispatch'
   2 | import OrderedCollections
   3 |
/root/.swiftpm/swift-sdks/swift-6.2-RELEASE_wasm.artifactbundle/swift-6.2-RELEASE_wasm/wasm32-unknown-wasip1/swift.xctoolchain/usr/lib/swift_static/CoreFoundation/CoreFoundation.h:28:10: note: while building module 'wasi_emulated_signal' imported from /root/.swiftpm/swift-sdks/swift-6.2-RELEASE_wasm.artifactbundle/swift-6.2-RELEASE_wasm/wasm32-unknown-wasip1/swift.xctoolchain/usr/lib/swift_static/CoreFoundation/CoreFoundation.h:28:
 26 | #include <setjmp.h>
 27 | #endif
 28 | #include <signal.h>
    |          `- note: while building module 'wasi_emulated_signal' imported from /root/.swiftpm/swift-sdks/swift-6.2-RELEASE_wasm.artifactbundle/swift-6.2-RELEASE_wasm/wasm32-unknown-wasip1/swift.xctoolchain/usr/lib/swift_static/CoreFoundation/CoreFoundation.h:28:
 29 | #include <stddef.h>
 30 | #include <stdio.h>
<module-includes>:1:10: note: in file included from <module-includes>:1:
1 | #include "signal.h"
  |          `- note: in file included from <module-includes>:1:
2 |
[572/1411] Compiling GraphQL UniqueDirectiveNamesRule.swift
/host/spi-builder-workspace/.build/checkouts/GraphQL/Sources/GraphQL/Execution/Execute.swift:1:8: error: no such module 'Dispatch'
   1 | import Dispatch
     |        `- error: no such module 'Dispatch'
   2 | import OrderedCollections
   3 |
/root/.swiftpm/swift-sdks/swift-6.2-RELEASE_wasm.artifactbundle/swift-6.2-RELEASE_wasm/wasm32-unknown-wasip1/swift.xctoolchain/usr/lib/swift_static/CoreFoundation/CoreFoundation.h:28:10: note: while building module 'wasi_emulated_signal' imported from /root/.swiftpm/swift-sdks/swift-6.2-RELEASE_wasm.artifactbundle/swift-6.2-RELEASE_wasm/wasm32-unknown-wasip1/swift.xctoolchain/usr/lib/swift_static/CoreFoundation/CoreFoundation.h:28:
 26 | #include <setjmp.h>
 27 | #endif
 28 | #include <signal.h>
    |          `- note: while building module 'wasi_emulated_signal' imported from /root/.swiftpm/swift-sdks/swift-6.2-RELEASE_wasm.artifactbundle/swift-6.2-RELEASE_wasm/wasm32-unknown-wasip1/swift.xctoolchain/usr/lib/swift_static/CoreFoundation/CoreFoundation.h:28:
 29 | #include <stddef.h>
 30 | #include <stdio.h>
<module-includes>:1:10: note: in file included from <module-includes>:1:
1 | #include "signal.h"
  |          `- note: in file included from <module-includes>:1:
2 |
[573/1411] Compiling GraphQL UniqueDirectivesPerLocationRule.swift
/host/spi-builder-workspace/.build/checkouts/GraphQL/Sources/GraphQL/Execution/Execute.swift:1:8: error: no such module 'Dispatch'
   1 | import Dispatch
     |        `- error: no such module 'Dispatch'
   2 | import OrderedCollections
   3 |
/root/.swiftpm/swift-sdks/swift-6.2-RELEASE_wasm.artifactbundle/swift-6.2-RELEASE_wasm/wasm32-unknown-wasip1/swift.xctoolchain/usr/lib/swift_static/CoreFoundation/CoreFoundation.h:28:10: note: while building module 'wasi_emulated_signal' imported from /root/.swiftpm/swift-sdks/swift-6.2-RELEASE_wasm.artifactbundle/swift-6.2-RELEASE_wasm/wasm32-unknown-wasip1/swift.xctoolchain/usr/lib/swift_static/CoreFoundation/CoreFoundation.h:28:
 26 | #include <setjmp.h>
 27 | #endif
 28 | #include <signal.h>
    |          `- note: while building module 'wasi_emulated_signal' imported from /root/.swiftpm/swift-sdks/swift-6.2-RELEASE_wasm.artifactbundle/swift-6.2-RELEASE_wasm/wasm32-unknown-wasip1/swift.xctoolchain/usr/lib/swift_static/CoreFoundation/CoreFoundation.h:28:
 29 | #include <stddef.h>
 30 | #include <stdio.h>
<module-includes>:1:10: note: in file included from <module-includes>:1:
1 | #include "signal.h"
  |          `- note: in file included from <module-includes>:1:
2 |
[574/1411] Compiling GraphQL UniqueEnumValueNamesRule.swift
/host/spi-builder-workspace/.build/checkouts/GraphQL/Sources/GraphQL/Execution/Execute.swift:1:8: error: no such module 'Dispatch'
   1 | import Dispatch
     |        `- error: no such module 'Dispatch'
   2 | import OrderedCollections
   3 |
/root/.swiftpm/swift-sdks/swift-6.2-RELEASE_wasm.artifactbundle/swift-6.2-RELEASE_wasm/wasm32-unknown-wasip1/swift.xctoolchain/usr/lib/swift_static/CoreFoundation/CoreFoundation.h:28:10: note: while building module 'wasi_emulated_signal' imported from /root/.swiftpm/swift-sdks/swift-6.2-RELEASE_wasm.artifactbundle/swift-6.2-RELEASE_wasm/wasm32-unknown-wasip1/swift.xctoolchain/usr/lib/swift_static/CoreFoundation/CoreFoundation.h:28:
 26 | #include <setjmp.h>
 27 | #endif
 28 | #include <signal.h>
    |          `- note: while building module 'wasi_emulated_signal' imported from /root/.swiftpm/swift-sdks/swift-6.2-RELEASE_wasm.artifactbundle/swift-6.2-RELEASE_wasm/wasm32-unknown-wasip1/swift.xctoolchain/usr/lib/swift_static/CoreFoundation/CoreFoundation.h:28:
 29 | #include <stddef.h>
 30 | #include <stdio.h>
<module-includes>:1:10: note: in file included from <module-includes>:1:
1 | #include "signal.h"
  |          `- note: in file included from <module-includes>:1:
2 |
[575/1411] Compiling GraphQL UniqueFieldDefinitionNamesRule.swift
/host/spi-builder-workspace/.build/checkouts/GraphQL/Sources/GraphQL/Execution/Execute.swift:1:8: error: no such module 'Dispatch'
   1 | import Dispatch
     |        `- error: no such module 'Dispatch'
   2 | import OrderedCollections
   3 |
/root/.swiftpm/swift-sdks/swift-6.2-RELEASE_wasm.artifactbundle/swift-6.2-RELEASE_wasm/wasm32-unknown-wasip1/swift.xctoolchain/usr/lib/swift_static/CoreFoundation/CoreFoundation.h:28:10: note: while building module 'wasi_emulated_signal' imported from /root/.swiftpm/swift-sdks/swift-6.2-RELEASE_wasm.artifactbundle/swift-6.2-RELEASE_wasm/wasm32-unknown-wasip1/swift.xctoolchain/usr/lib/swift_static/CoreFoundation/CoreFoundation.h:28:
 26 | #include <setjmp.h>
 27 | #endif
 28 | #include <signal.h>
    |          `- note: while building module 'wasi_emulated_signal' imported from /root/.swiftpm/swift-sdks/swift-6.2-RELEASE_wasm.artifactbundle/swift-6.2-RELEASE_wasm/wasm32-unknown-wasip1/swift.xctoolchain/usr/lib/swift_static/CoreFoundation/CoreFoundation.h:28:
 29 | #include <stddef.h>
 30 | #include <stdio.h>
<module-includes>:1:10: note: in file included from <module-includes>:1:
1 | #include "signal.h"
  |          `- note: in file included from <module-includes>:1:
2 |
[576/1411] Compiling GraphQL UniqueFragmentNamesRule.swift
/host/spi-builder-workspace/.build/checkouts/GraphQL/Sources/GraphQL/Execution/Execute.swift:1:8: error: no such module 'Dispatch'
   1 | import Dispatch
     |        `- error: no such module 'Dispatch'
   2 | import OrderedCollections
   3 |
/root/.swiftpm/swift-sdks/swift-6.2-RELEASE_wasm.artifactbundle/swift-6.2-RELEASE_wasm/wasm32-unknown-wasip1/swift.xctoolchain/usr/lib/swift_static/CoreFoundation/CoreFoundation.h:28:10: note: while building module 'wasi_emulated_signal' imported from /root/.swiftpm/swift-sdks/swift-6.2-RELEASE_wasm.artifactbundle/swift-6.2-RELEASE_wasm/wasm32-unknown-wasip1/swift.xctoolchain/usr/lib/swift_static/CoreFoundation/CoreFoundation.h:28:
 26 | #include <setjmp.h>
 27 | #endif
 28 | #include <signal.h>
    |          `- note: while building module 'wasi_emulated_signal' imported from /root/.swiftpm/swift-sdks/swift-6.2-RELEASE_wasm.artifactbundle/swift-6.2-RELEASE_wasm/wasm32-unknown-wasip1/swift.xctoolchain/usr/lib/swift_static/CoreFoundation/CoreFoundation.h:28:
 29 | #include <stddef.h>
 30 | #include <stdio.h>
<module-includes>:1:10: note: in file included from <module-includes>:1:
1 | #include "signal.h"
  |          `- note: in file included from <module-includes>:1:
2 |
[576/1422] Compiling ssl_lib.cc
[578/1422] Compiling GraphQL FragmentsOnCompositeTypesRule.swift
/host/spi-builder-workspace/.build/checkouts/GraphQL/Sources/GraphQL/Execution/Execute.swift:1:8: error: no such module 'Dispatch'
   1 | import Dispatch
     |        `- error: no such module 'Dispatch'
   2 | import OrderedCollections
   3 |
/root/.swiftpm/swift-sdks/swift-6.2-RELEASE_wasm.artifactbundle/swift-6.2-RELEASE_wasm/wasm32-unknown-wasip1/swift.xctoolchain/usr/lib/swift_static/CoreFoundation/CoreFoundation.h:28:10: note: while building module 'wasi_emulated_signal' imported from /root/.swiftpm/swift-sdks/swift-6.2-RELEASE_wasm.artifactbundle/swift-6.2-RELEASE_wasm/wasm32-unknown-wasip1/swift.xctoolchain/usr/lib/swift_static/CoreFoundation/CoreFoundation.h:28:
 26 | #include <setjmp.h>
 27 | #endif
 28 | #include <signal.h>
    |          `- note: while building module 'wasi_emulated_signal' imported from /root/.swiftpm/swift-sdks/swift-6.2-RELEASE_wasm.artifactbundle/swift-6.2-RELEASE_wasm/wasm32-unknown-wasip1/swift.xctoolchain/usr/lib/swift_static/CoreFoundation/CoreFoundation.h:28:
 29 | #include <stddef.h>
 30 | #include <stdio.h>
<module-includes>:1:10: note: in file included from <module-includes>:1:
1 | #include "signal.h"
  |          `- note: in file included from <module-includes>:1:
2 |
[579/1422] Compiling GraphQL KnownArgumentNamesOnDirectivesRule.swift
/host/spi-builder-workspace/.build/checkouts/GraphQL/Sources/GraphQL/Execution/Execute.swift:1:8: error: no such module 'Dispatch'
   1 | import Dispatch
     |        `- error: no such module 'Dispatch'
   2 | import OrderedCollections
   3 |
/root/.swiftpm/swift-sdks/swift-6.2-RELEASE_wasm.artifactbundle/swift-6.2-RELEASE_wasm/wasm32-unknown-wasip1/swift.xctoolchain/usr/lib/swift_static/CoreFoundation/CoreFoundation.h:28:10: note: while building module 'wasi_emulated_signal' imported from /root/.swiftpm/swift-sdks/swift-6.2-RELEASE_wasm.artifactbundle/swift-6.2-RELEASE_wasm/wasm32-unknown-wasip1/swift.xctoolchain/usr/lib/swift_static/CoreFoundation/CoreFoundation.h:28:
 26 | #include <setjmp.h>
 27 | #endif
 28 | #include <signal.h>
    |          `- note: while building module 'wasi_emulated_signal' imported from /root/.swiftpm/swift-sdks/swift-6.2-RELEASE_wasm.artifactbundle/swift-6.2-RELEASE_wasm/wasm32-unknown-wasip1/swift.xctoolchain/usr/lib/swift_static/CoreFoundation/CoreFoundation.h:28:
 29 | #include <stddef.h>
 30 | #include <stdio.h>
<module-includes>:1:10: note: in file included from <module-includes>:1:
1 | #include "signal.h"
  |          `- note: in file included from <module-includes>:1:
2 |
[580/1422] Compiling GraphQL KnownArgumentNamesRule.swift
/host/spi-builder-workspace/.build/checkouts/GraphQL/Sources/GraphQL/Execution/Execute.swift:1:8: error: no such module 'Dispatch'
   1 | import Dispatch
     |        `- error: no such module 'Dispatch'
   2 | import OrderedCollections
   3 |
/root/.swiftpm/swift-sdks/swift-6.2-RELEASE_wasm.artifactbundle/swift-6.2-RELEASE_wasm/wasm32-unknown-wasip1/swift.xctoolchain/usr/lib/swift_static/CoreFoundation/CoreFoundation.h:28:10: note: while building module 'wasi_emulated_signal' imported from /root/.swiftpm/swift-sdks/swift-6.2-RELEASE_wasm.artifactbundle/swift-6.2-RELEASE_wasm/wasm32-unknown-wasip1/swift.xctoolchain/usr/lib/swift_static/CoreFoundation/CoreFoundation.h:28:
 26 | #include <setjmp.h>
 27 | #endif
 28 | #include <signal.h>
    |          `- note: while building module 'wasi_emulated_signal' imported from /root/.swiftpm/swift-sdks/swift-6.2-RELEASE_wasm.artifactbundle/swift-6.2-RELEASE_wasm/wasm32-unknown-wasip1/swift.xctoolchain/usr/lib/swift_static/CoreFoundation/CoreFoundation.h:28:
 29 | #include <stddef.h>
 30 | #include <stdio.h>
<module-includes>:1:10: note: in file included from <module-includes>:1:
1 | #include "signal.h"
  |          `- note: in file included from <module-includes>:1:
2 |
[581/1422] Compiling GraphQL KnownDirectivesRule.swift
/host/spi-builder-workspace/.build/checkouts/GraphQL/Sources/GraphQL/Execution/Execute.swift:1:8: error: no such module 'Dispatch'
   1 | import Dispatch
     |        `- error: no such module 'Dispatch'
   2 | import OrderedCollections
   3 |
/root/.swiftpm/swift-sdks/swift-6.2-RELEASE_wasm.artifactbundle/swift-6.2-RELEASE_wasm/wasm32-unknown-wasip1/swift.xctoolchain/usr/lib/swift_static/CoreFoundation/CoreFoundation.h:28:10: note: while building module 'wasi_emulated_signal' imported from /root/.swiftpm/swift-sdks/swift-6.2-RELEASE_wasm.artifactbundle/swift-6.2-RELEASE_wasm/wasm32-unknown-wasip1/swift.xctoolchain/usr/lib/swift_static/CoreFoundation/CoreFoundation.h:28:
 26 | #include <setjmp.h>
 27 | #endif
 28 | #include <signal.h>
    |          `- note: while building module 'wasi_emulated_signal' imported from /root/.swiftpm/swift-sdks/swift-6.2-RELEASE_wasm.artifactbundle/swift-6.2-RELEASE_wasm/wasm32-unknown-wasip1/swift.xctoolchain/usr/lib/swift_static/CoreFoundation/CoreFoundation.h:28:
 29 | #include <stddef.h>
 30 | #include <stdio.h>
<module-includes>:1:10: note: in file included from <module-includes>:1:
1 | #include "signal.h"
  |          `- note: in file included from <module-includes>:1:
2 |
[582/1422] Compiling GraphQL KnownFragmentNamesRule.swift
/host/spi-builder-workspace/.build/checkouts/GraphQL/Sources/GraphQL/Execution/Execute.swift:1:8: error: no such module 'Dispatch'
   1 | import Dispatch
     |        `- error: no such module 'Dispatch'
   2 | import OrderedCollections
   3 |
/root/.swiftpm/swift-sdks/swift-6.2-RELEASE_wasm.artifactbundle/swift-6.2-RELEASE_wasm/wasm32-unknown-wasip1/swift.xctoolchain/usr/lib/swift_static/CoreFoundation/CoreFoundation.h:28:10: note: while building module 'wasi_emulated_signal' imported from /root/.swiftpm/swift-sdks/swift-6.2-RELEASE_wasm.artifactbundle/swift-6.2-RELEASE_wasm/wasm32-unknown-wasip1/swift.xctoolchain/usr/lib/swift_static/CoreFoundation/CoreFoundation.h:28:
 26 | #include <setjmp.h>
 27 | #endif
 28 | #include <signal.h>
    |          `- note: while building module 'wasi_emulated_signal' imported from /root/.swiftpm/swift-sdks/swift-6.2-RELEASE_wasm.artifactbundle/swift-6.2-RELEASE_wasm/wasm32-unknown-wasip1/swift.xctoolchain/usr/lib/swift_static/CoreFoundation/CoreFoundation.h:28:
 29 | #include <stddef.h>
 30 | #include <stdio.h>
<module-includes>:1:10: note: in file included from <module-includes>:1:
1 | #include "signal.h"
  |          `- note: in file included from <module-includes>:1:
2 |
[583/1422] Compiling GraphQL KnownTypeNamesRule.swift
/host/spi-builder-workspace/.build/checkouts/GraphQL/Sources/GraphQL/Execution/Execute.swift:1:8: error: no such module 'Dispatch'
   1 | import Dispatch
     |        `- error: no such module 'Dispatch'
   2 | import OrderedCollections
   3 |
/root/.swiftpm/swift-sdks/swift-6.2-RELEASE_wasm.artifactbundle/swift-6.2-RELEASE_wasm/wasm32-unknown-wasip1/swift.xctoolchain/usr/lib/swift_static/CoreFoundation/CoreFoundation.h:28:10: note: while building module 'wasi_emulated_signal' imported from /root/.swiftpm/swift-sdks/swift-6.2-RELEASE_wasm.artifactbundle/swift-6.2-RELEASE_wasm/wasm32-unknown-wasip1/swift.xctoolchain/usr/lib/swift_static/CoreFoundation/CoreFoundation.h:28:
 26 | #include <setjmp.h>
 27 | #endif
 28 | #include <signal.h>
    |          `- note: while building module 'wasi_emulated_signal' imported from /root/.swiftpm/swift-sdks/swift-6.2-RELEASE_wasm.artifactbundle/swift-6.2-RELEASE_wasm/wasm32-unknown-wasip1/swift.xctoolchain/usr/lib/swift_static/CoreFoundation/CoreFoundation.h:28:
 29 | #include <stddef.h>
 30 | #include <stdio.h>
<module-includes>:1:10: note: in file included from <module-includes>:1:
1 | #include "signal.h"
  |          `- note: in file included from <module-includes>:1:
2 |
[584/1422] Compiling GraphQL LoneAnonymousOperationRule.swift
/host/spi-builder-workspace/.build/checkouts/GraphQL/Sources/GraphQL/Execution/Execute.swift:1:8: error: no such module 'Dispatch'
   1 | import Dispatch
     |        `- error: no such module 'Dispatch'
   2 | import OrderedCollections
   3 |
/root/.swiftpm/swift-sdks/swift-6.2-RELEASE_wasm.artifactbundle/swift-6.2-RELEASE_wasm/wasm32-unknown-wasip1/swift.xctoolchain/usr/lib/swift_static/CoreFoundation/CoreFoundation.h:28:10: note: while building module 'wasi_emulated_signal' imported from /root/.swiftpm/swift-sdks/swift-6.2-RELEASE_wasm.artifactbundle/swift-6.2-RELEASE_wasm/wasm32-unknown-wasip1/swift.xctoolchain/usr/lib/swift_static/CoreFoundation/CoreFoundation.h:28:
 26 | #include <setjmp.h>
 27 | #endif
 28 | #include <signal.h>
    |          `- note: while building module 'wasi_emulated_signal' imported from /root/.swiftpm/swift-sdks/swift-6.2-RELEASE_wasm.artifactbundle/swift-6.2-RELEASE_wasm/wasm32-unknown-wasip1/swift.xctoolchain/usr/lib/swift_static/CoreFoundation/CoreFoundation.h:28:
 29 | #include <stddef.h>
 30 | #include <stdio.h>
<module-includes>:1:10: note: in file included from <module-includes>:1:
1 | #include "signal.h"
  |          `- note: in file included from <module-includes>:1:
2 |
[585/1422] Compiling GraphQL LoneSchemaDefinitionRule.swift
/host/spi-builder-workspace/.build/checkouts/GraphQL/Sources/GraphQL/Execution/Execute.swift:1:8: error: no such module 'Dispatch'
   1 | import Dispatch
     |        `- error: no such module 'Dispatch'
   2 | import OrderedCollections
   3 |
/root/.swiftpm/swift-sdks/swift-6.2-RELEASE_wasm.artifactbundle/swift-6.2-RELEASE_wasm/wasm32-unknown-wasip1/swift.xctoolchain/usr/lib/swift_static/CoreFoundation/CoreFoundation.h:28:10: note: while building module 'wasi_emulated_signal' imported from /root/.swiftpm/swift-sdks/swift-6.2-RELEASE_wasm.artifactbundle/swift-6.2-RELEASE_wasm/wasm32-unknown-wasip1/swift.xctoolchain/usr/lib/swift_static/CoreFoundation/CoreFoundation.h:28:
 26 | #include <setjmp.h>
 27 | #endif
 28 | #include <signal.h>
    |          `- note: while building module 'wasi_emulated_signal' imported from /root/.swiftpm/swift-sdks/swift-6.2-RELEASE_wasm.artifactbundle/swift-6.2-RELEASE_wasm/wasm32-unknown-wasip1/swift.xctoolchain/usr/lib/swift_static/CoreFoundation/CoreFoundation.h:28:
 29 | #include <stddef.h>
 30 | #include <stdio.h>
<module-includes>:1:10: note: in file included from <module-includes>:1:
1 | #include "signal.h"
  |          `- note: in file included from <module-includes>:1:
2 |
[586/1422] Compiling GraphQL NoFragmentCyclesRule.swift
/host/spi-builder-workspace/.build/checkouts/GraphQL/Sources/GraphQL/Execution/Execute.swift:1:8: error: no such module 'Dispatch'
   1 | import Dispatch
     |        `- error: no such module 'Dispatch'
   2 | import OrderedCollections
   3 |
/root/.swiftpm/swift-sdks/swift-6.2-RELEASE_wasm.artifactbundle/swift-6.2-RELEASE_wasm/wasm32-unknown-wasip1/swift.xctoolchain/usr/lib/swift_static/CoreFoundation/CoreFoundation.h:28:10: note: while building module 'wasi_emulated_signal' imported from /root/.swiftpm/swift-sdks/swift-6.2-RELEASE_wasm.artifactbundle/swift-6.2-RELEASE_wasm/wasm32-unknown-wasip1/swift.xctoolchain/usr/lib/swift_static/CoreFoundation/CoreFoundation.h:28:
 26 | #include <setjmp.h>
 27 | #endif
 28 | #include <signal.h>
    |          `- note: while building module 'wasi_emulated_signal' imported from /root/.swiftpm/swift-sdks/swift-6.2-RELEASE_wasm.artifactbundle/swift-6.2-RELEASE_wasm/wasm32-unknown-wasip1/swift.xctoolchain/usr/lib/swift_static/CoreFoundation/CoreFoundation.h:28:
 29 | #include <stddef.h>
 30 | #include <stdio.h>
<module-includes>:1:10: note: in file included from <module-includes>:1:
1 | #include "signal.h"
  |          `- note: in file included from <module-includes>:1:
2 |
[587/1422] Compiling GraphQL NoUndefinedVariablesRule.swift
/host/spi-builder-workspace/.build/checkouts/GraphQL/Sources/GraphQL/Execution/Execute.swift:1:8: error: no such module 'Dispatch'
   1 | import Dispatch
     |        `- error: no such module 'Dispatch'
   2 | import OrderedCollections
   3 |
/root/.swiftpm/swift-sdks/swift-6.2-RELEASE_wasm.artifactbundle/swift-6.2-RELEASE_wasm/wasm32-unknown-wasip1/swift.xctoolchain/usr/lib/swift_static/CoreFoundation/CoreFoundation.h:28:10: note: while building module 'wasi_emulated_signal' imported from /root/.swiftpm/swift-sdks/swift-6.2-RELEASE_wasm.artifactbundle/swift-6.2-RELEASE_wasm/wasm32-unknown-wasip1/swift.xctoolchain/usr/lib/swift_static/CoreFoundation/CoreFoundation.h:28:
 26 | #include <setjmp.h>
 27 | #endif
 28 | #include <signal.h>
    |          `- note: while building module 'wasi_emulated_signal' imported from /root/.swiftpm/swift-sdks/swift-6.2-RELEASE_wasm.artifactbundle/swift-6.2-RELEASE_wasm/wasm32-unknown-wasip1/swift.xctoolchain/usr/lib/swift_static/CoreFoundation/CoreFoundation.h:28:
 29 | #include <stddef.h>
 30 | #include <stdio.h>
<module-includes>:1:10: note: in file included from <module-includes>:1:
1 | #include "signal.h"
  |          `- note: in file included from <module-includes>:1:
2 |
[588/1422] Compiling GraphQL NoUnusedFragmentsRule.swift
/host/spi-builder-workspace/.build/checkouts/GraphQL/Sources/GraphQL/Execution/Execute.swift:1:8: error: no such module 'Dispatch'
   1 | import Dispatch
     |        `- error: no such module 'Dispatch'
   2 | import OrderedCollections
   3 |
/root/.swiftpm/swift-sdks/swift-6.2-RELEASE_wasm.artifactbundle/swift-6.2-RELEASE_wasm/wasm32-unknown-wasip1/swift.xctoolchain/usr/lib/swift_static/CoreFoundation/CoreFoundation.h:28:10: note: while building module 'wasi_emulated_signal' imported from /root/.swiftpm/swift-sdks/swift-6.2-RELEASE_wasm.artifactbundle/swift-6.2-RELEASE_wasm/wasm32-unknown-wasip1/swift.xctoolchain/usr/lib/swift_static/CoreFoundation/CoreFoundation.h:28:
 26 | #include <setjmp.h>
 27 | #endif
 28 | #include <signal.h>
    |          `- note: while building module 'wasi_emulated_signal' imported from /root/.swiftpm/swift-sdks/swift-6.2-RELEASE_wasm.artifactbundle/swift-6.2-RELEASE_wasm/wasm32-unknown-wasip1/swift.xctoolchain/usr/lib/swift_static/CoreFoundation/CoreFoundation.h:28:
 29 | #include <stddef.h>
 30 | #include <stdio.h>
<module-includes>:1:10: note: in file included from <module-includes>:1:
1 | #include "signal.h"
  |          `- note: in file included from <module-includes>:1:
2 |
[589/1422] Compiling GraphQL NoUnusedVariablesRule.swift
/host/spi-builder-workspace/.build/checkouts/GraphQL/Sources/GraphQL/Execution/Execute.swift:1:8: error: no such module 'Dispatch'
   1 | import Dispatch
     |        `- error: no such module 'Dispatch'
   2 | import OrderedCollections
   3 |
/root/.swiftpm/swift-sdks/swift-6.2-RELEASE_wasm.artifactbundle/swift-6.2-RELEASE_wasm/wasm32-unknown-wasip1/swift.xctoolchain/usr/lib/swift_static/CoreFoundation/CoreFoundation.h:28:10: note: while building module 'wasi_emulated_signal' imported from /root/.swiftpm/swift-sdks/swift-6.2-RELEASE_wasm.artifactbundle/swift-6.2-RELEASE_wasm/wasm32-unknown-wasip1/swift.xctoolchain/usr/lib/swift_static/CoreFoundation/CoreFoundation.h:28:
 26 | #include <setjmp.h>
 27 | #endif
 28 | #include <signal.h>
    |          `- note: while building module 'wasi_emulated_signal' imported from /root/.swiftpm/swift-sdks/swift-6.2-RELEASE_wasm.artifactbundle/swift-6.2-RELEASE_wasm/wasm32-unknown-wasip1/swift.xctoolchain/usr/lib/swift_static/CoreFoundation/CoreFoundation.h:28:
 29 | #include <stddef.h>
 30 | #include <stdio.h>
<module-includes>:1:10: note: in file included from <module-includes>:1:
1 | #include "signal.h"
  |          `- note: in file included from <module-includes>:1:
2 |
[589/1422] Compiling ssl_file.cc
[591/1422] Compiling GraphQL Subscribe.swift
[592/1422] Compiling GraphQL DidYouMean.swift
[593/1422] Compiling GraphQL Find.swift
[594/1422] Compiling GraphQL FormatList.swift
[595/1422] Compiling GraphQL IsNullish.swift
[596/1423] Compiling ssl_key_share.cc
[598/1423] Compiling GraphQL UniqueInputFieldNamesRule.swift
/host/spi-builder-workspace/.build/checkouts/GraphQL/Sources/GraphQL/Execution/Execute.swift:1:8: error: no such module 'Dispatch'
   1 | import Dispatch
     |        `- error: no such module 'Dispatch'
   2 | import OrderedCollections
   3 |
/root/.swiftpm/swift-sdks/swift-6.2-RELEASE_wasm.artifactbundle/swift-6.2-RELEASE_wasm/wasm32-unknown-wasip1/swift.xctoolchain/usr/lib/swift_static/CoreFoundation/CoreFoundation.h:28:10: note: while building module 'wasi_emulated_signal' imported from /root/.swiftpm/swift-sdks/swift-6.2-RELEASE_wasm.artifactbundle/swift-6.2-RELEASE_wasm/wasm32-unknown-wasip1/swift.xctoolchain/usr/lib/swift_static/CoreFoundation/CoreFoundation.h:28:
 26 | #include <setjmp.h>
 27 | #endif
 28 | #include <signal.h>
    |          `- note: while building module 'wasi_emulated_signal' imported from /root/.swiftpm/swift-sdks/swift-6.2-RELEASE_wasm.artifactbundle/swift-6.2-RELEASE_wasm/wasm32-unknown-wasip1/swift.xctoolchain/usr/lib/swift_static/CoreFoundation/CoreFoundation.h:28:
 29 | #include <stddef.h>
 30 | #include <stdio.h>
<module-includes>:1:10: note: in file included from <module-includes>:1:
1 | #include "signal.h"
  |          `- note: in file included from <module-includes>:1:
2 |
[599/1423] Compiling GraphQL UniqueOperationNamesRule.swift
/host/spi-builder-workspace/.build/checkouts/GraphQL/Sources/GraphQL/Execution/Execute.swift:1:8: error: no such module 'Dispatch'
   1 | import Dispatch
     |        `- error: no such module 'Dispatch'
   2 | import OrderedCollections
   3 |
/root/.swiftpm/swift-sdks/swift-6.2-RELEASE_wasm.artifactbundle/swift-6.2-RELEASE_wasm/wasm32-unknown-wasip1/swift.xctoolchain/usr/lib/swift_static/CoreFoundation/CoreFoundation.h:28:10: note: while building module 'wasi_emulated_signal' imported from /root/.swiftpm/swift-sdks/swift-6.2-RELEASE_wasm.artifactbundle/swift-6.2-RELEASE_wasm/wasm32-unknown-wasip1/swift.xctoolchain/usr/lib/swift_static/CoreFoundation/CoreFoundation.h:28:
 26 | #include <setjmp.h>
 27 | #endif
 28 | #include <signal.h>
    |          `- note: while building module 'wasi_emulated_signal' imported from /root/.swiftpm/swift-sdks/swift-6.2-RELEASE_wasm.artifactbundle/swift-6.2-RELEASE_wasm/wasm32-unknown-wasip1/swift.xctoolchain/usr/lib/swift_static/CoreFoundation/CoreFoundation.h:28:
 29 | #include <stddef.h>
 30 | #include <stdio.h>
<module-includes>:1:10: note: in file included from <module-includes>:1:
1 | #include "signal.h"
  |          `- note: in file included from <module-includes>:1:
2 |
[600/1423] Compiling GraphQL UniqueOperationTypesRule.swift
/host/spi-builder-workspace/.build/checkouts/GraphQL/Sources/GraphQL/Execution/Execute.swift:1:8: error: no such module 'Dispatch'
   1 | import Dispatch
     |        `- error: no such module 'Dispatch'
   2 | import OrderedCollections
   3 |
/root/.swiftpm/swift-sdks/swift-6.2-RELEASE_wasm.artifactbundle/swift-6.2-RELEASE_wasm/wasm32-unknown-wasip1/swift.xctoolchain/usr/lib/swift_static/CoreFoundation/CoreFoundation.h:28:10: note: while building module 'wasi_emulated_signal' imported from /root/.swiftpm/swift-sdks/swift-6.2-RELEASE_wasm.artifactbundle/swift-6.2-RELEASE_wasm/wasm32-unknown-wasip1/swift.xctoolchain/usr/lib/swift_static/CoreFoundation/CoreFoundation.h:28:
 26 | #include <setjmp.h>
 27 | #endif
 28 | #include <signal.h>
    |          `- note: while building module 'wasi_emulated_signal' imported from /root/.swiftpm/swift-sdks/swift-6.2-RELEASE_wasm.artifactbundle/swift-6.2-RELEASE_wasm/wasm32-unknown-wasip1/swift.xctoolchain/usr/lib/swift_static/CoreFoundation/CoreFoundation.h:28:
 29 | #include <stddef.h>
 30 | #include <stdio.h>
<module-includes>:1:10: note: in file included from <module-includes>:1:
1 | #include "signal.h"
  |          `- note: in file included from <module-includes>:1:
2 |
[601/1423] Compiling GraphQL UniqueTypeNamesRule.swift
/host/spi-builder-workspace/.build/checkouts/GraphQL/Sources/GraphQL/Execution/Execute.swift:1:8: error: no such module 'Dispatch'
   1 | import Dispatch
     |        `- error: no such module 'Dispatch'
   2 | import OrderedCollections
   3 |
/root/.swiftpm/swift-sdks/swift-6.2-RELEASE_wasm.artifactbundle/swift-6.2-RELEASE_wasm/wasm32-unknown-wasip1/swift.xctoolchain/usr/lib/swift_static/CoreFoundation/CoreFoundation.h:28:10: note: while building module 'wasi_emulated_signal' imported from /root/.swiftpm/swift-sdks/swift-6.2-RELEASE_wasm.artifactbundle/swift-6.2-RELEASE_wasm/wasm32-unknown-wasip1/swift.xctoolchain/usr/lib/swift_static/CoreFoundation/CoreFoundation.h:28:
 26 | #include <setjmp.h>
 27 | #endif
 28 | #include <signal.h>
    |          `- note: while building module 'wasi_emulated_signal' imported from /root/.swiftpm/swift-sdks/swift-6.2-RELEASE_wasm.artifactbundle/swift-6.2-RELEASE_wasm/wasm32-unknown-wasip1/swift.xctoolchain/usr/lib/swift_static/CoreFoundation/CoreFoundation.h:28:
 29 | #include <stddef.h>
 30 | #include <stdio.h>
<module-includes>:1:10: note: in file included from <module-includes>:1:
1 | #include "signal.h"
  |          `- note: in file included from <module-includes>:1:
2 |
[602/1423] Compiling GraphQL UniqueVariableNamesRule.swift
/host/spi-builder-workspace/.build/checkouts/GraphQL/Sources/GraphQL/Execution/Execute.swift:1:8: error: no such module 'Dispatch'
   1 | import Dispatch
     |        `- error: no such module 'Dispatch'
   2 | import OrderedCollections
   3 |
/root/.swiftpm/swift-sdks/swift-6.2-RELEASE_wasm.artifactbundle/swift-6.2-RELEASE_wasm/wasm32-unknown-wasip1/swift.xctoolchain/usr/lib/swift_static/CoreFoundation/CoreFoundation.h:28:10: note: while building module 'wasi_emulated_signal' imported from /root/.swiftpm/swift-sdks/swift-6.2-RELEASE_wasm.artifactbundle/swift-6.2-RELEASE_wasm/wasm32-unknown-wasip1/swift.xctoolchain/usr/lib/swift_static/CoreFoundation/CoreFoundation.h:28:
 26 | #include <setjmp.h>
 27 | #endif
 28 | #include <signal.h>
    |          `- note: while building module 'wasi_emulated_signal' imported from /root/.swiftpm/swift-sdks/swift-6.2-RELEASE_wasm.artifactbundle/swift-6.2-RELEASE_wasm/wasm32-unknown-wasip1/swift.xctoolchain/usr/lib/swift_static/CoreFoundation/CoreFoundation.h:28:
 29 | #include <stddef.h>
 30 | #include <stdio.h>
<module-includes>:1:10: note: in file included from <module-includes>:1:
1 | #include "signal.h"
  |          `- note: in file included from <module-includes>:1:
2 |
[603/1423] Compiling GraphQL ValuesOfCorrectTypeRule.swift
/host/spi-builder-workspace/.build/checkouts/GraphQL/Sources/GraphQL/Execution/Execute.swift:1:8: error: no such module 'Dispatch'
   1 | import Dispatch
     |        `- error: no such module 'Dispatch'
   2 | import OrderedCollections
   3 |
/root/.swiftpm/swift-sdks/swift-6.2-RELEASE_wasm.artifactbundle/swift-6.2-RELEASE_wasm/wasm32-unknown-wasip1/swift.xctoolchain/usr/lib/swift_static/CoreFoundation/CoreFoundation.h:28:10: note: while building module 'wasi_emulated_signal' imported from /root/.swiftpm/swift-sdks/swift-6.2-RELEASE_wasm.artifactbundle/swift-6.2-RELEASE_wasm/wasm32-unknown-wasip1/swift.xctoolchain/usr/lib/swift_static/CoreFoundation/CoreFoundation.h:28:
 26 | #include <setjmp.h>
 27 | #endif
 28 | #include <signal.h>
    |          `- note: while building module 'wasi_emulated_signal' imported from /root/.swiftpm/swift-sdks/swift-6.2-RELEASE_wasm.artifactbundle/swift-6.2-RELEASE_wasm/wasm32-unknown-wasip1/swift.xctoolchain/usr/lib/swift_static/CoreFoundation/CoreFoundation.h:28:
 29 | #include <stddef.h>
 30 | #include <stdio.h>
<module-includes>:1:10: note: in file included from <module-includes>:1:
1 | #include "signal.h"
  |          `- note: in file included from <module-includes>:1:
2 |
[604/1423] Compiling GraphQL VariablesAreInputTypesRule.swift
/host/spi-builder-workspace/.build/checkouts/GraphQL/Sources/GraphQL/Execution/Execute.swift:1:8: error: no such module 'Dispatch'
   1 | import Dispatch
     |        `- error: no such module 'Dispatch'
   2 | import OrderedCollections
   3 |
/root/.swiftpm/swift-sdks/swift-6.2-RELEASE_wasm.artifactbundle/swift-6.2-RELEASE_wasm/wasm32-unknown-wasip1/swift.xctoolchain/usr/lib/swift_static/CoreFoundation/CoreFoundation.h:28:10: note: while building module 'wasi_emulated_signal' imported from /root/.swiftpm/swift-sdks/swift-6.2-RELEASE_wasm.artifactbundle/swift-6.2-RELEASE_wasm/wasm32-unknown-wasip1/swift.xctoolchain/usr/lib/swift_static/CoreFoundation/CoreFoundation.h:28:
 26 | #include <setjmp.h>
 27 | #endif
 28 | #include <signal.h>
    |          `- note: while building module 'wasi_emulated_signal' imported from /root/.swiftpm/swift-sdks/swift-6.2-RELEASE_wasm.artifactbundle/swift-6.2-RELEASE_wasm/wasm32-unknown-wasip1/swift.xctoolchain/usr/lib/swift_static/CoreFoundation/CoreFoundation.h:28:
 29 | #include <stddef.h>
 30 | #include <stdio.h>
<module-includes>:1:10: note: in file included from <module-includes>:1:
1 | #include "signal.h"
  |          `- note: in file included from <module-includes>:1:
2 |
[605/1423] Compiling GraphQL VariablesInAllowedPositionRule.swift
/host/spi-builder-workspace/.build/checkouts/GraphQL/Sources/GraphQL/Execution/Execute.swift:1:8: error: no such module 'Dispatch'
   1 | import Dispatch
     |        `- error: no such module 'Dispatch'
   2 | import OrderedCollections
   3 |
/root/.swiftpm/swift-sdks/swift-6.2-RELEASE_wasm.artifactbundle/swift-6.2-RELEASE_wasm/wasm32-unknown-wasip1/swift.xctoolchain/usr/lib/swift_static/CoreFoundation/CoreFoundation.h:28:10: note: while building module 'wasi_emulated_signal' imported from /root/.swiftpm/swift-sdks/swift-6.2-RELEASE_wasm.artifactbundle/swift-6.2-RELEASE_wasm/wasm32-unknown-wasip1/swift.xctoolchain/usr/lib/swift_static/CoreFoundation/CoreFoundation.h:28:
 26 | #include <setjmp.h>
 27 | #endif
 28 | #include <signal.h>
    |          `- note: while building module 'wasi_emulated_signal' imported from /root/.swiftpm/swift-sdks/swift-6.2-RELEASE_wasm.artifactbundle/swift-6.2-RELEASE_wasm/wasm32-unknown-wasip1/swift.xctoolchain/usr/lib/swift_static/CoreFoundation/CoreFoundation.h:28:
 29 | #include <stddef.h>
 30 | #include <stdio.h>
<module-includes>:1:10: note: in file included from <module-includes>:1:
1 | #include "signal.h"
  |          `- note: in file included from <module-includes>:1:
2 |
[606/1423] Compiling GraphQL SpecifiedRules.swift
/host/spi-builder-workspace/.build/checkouts/GraphQL/Sources/GraphQL/Execution/Execute.swift:1:8: error: no such module 'Dispatch'
   1 | import Dispatch
     |        `- error: no such module 'Dispatch'
   2 | import OrderedCollections
   3 |
/root/.swiftpm/swift-sdks/swift-6.2-RELEASE_wasm.artifactbundle/swift-6.2-RELEASE_wasm/wasm32-unknown-wasip1/swift.xctoolchain/usr/lib/swift_static/CoreFoundation/CoreFoundation.h:28:10: note: while building module 'wasi_emulated_signal' imported from /root/.swiftpm/swift-sdks/swift-6.2-RELEASE_wasm.artifactbundle/swift-6.2-RELEASE_wasm/wasm32-unknown-wasip1/swift.xctoolchain/usr/lib/swift_static/CoreFoundation/CoreFoundation.h:28:
 26 | #include <setjmp.h>
 27 | #endif
 28 | #include <signal.h>
    |          `- note: while building module 'wasi_emulated_signal' imported from /root/.swiftpm/swift-sdks/swift-6.2-RELEASE_wasm.artifactbundle/swift-6.2-RELEASE_wasm/wasm32-unknown-wasip1/swift.xctoolchain/usr/lib/swift_static/CoreFoundation/CoreFoundation.h:28:
 29 | #include <stddef.h>
 30 | #include <stdio.h>
<module-includes>:1:10: note: in file included from <module-includes>:1:
1 | #include "signal.h"
  |          `- note: in file included from <module-includes>:1:
2 |
[607/1423] Compiling GraphQL Validate.swift
/host/spi-builder-workspace/.build/checkouts/GraphQL/Sources/GraphQL/Execution/Execute.swift:1:8: error: no such module 'Dispatch'
   1 | import Dispatch
     |        `- error: no such module 'Dispatch'
   2 | import OrderedCollections
   3 |
/root/.swiftpm/swift-sdks/swift-6.2-RELEASE_wasm.artifactbundle/swift-6.2-RELEASE_wasm/wasm32-unknown-wasip1/swift.xctoolchain/usr/lib/swift_static/CoreFoundation/CoreFoundation.h:28:10: note: while building module 'wasi_emulated_signal' imported from /root/.swiftpm/swift-sdks/swift-6.2-RELEASE_wasm.artifactbundle/swift-6.2-RELEASE_wasm/wasm32-unknown-wasip1/swift.xctoolchain/usr/lib/swift_static/CoreFoundation/CoreFoundation.h:28:
 26 | #include <setjmp.h>
 27 | #endif
 28 | #include <signal.h>
    |          `- note: while building module 'wasi_emulated_signal' imported from /root/.swiftpm/swift-sdks/swift-6.2-RELEASE_wasm.artifactbundle/swift-6.2-RELEASE_wasm/wasm32-unknown-wasip1/swift.xctoolchain/usr/lib/swift_static/CoreFoundation/CoreFoundation.h:28:
 29 | #include <stddef.h>
 30 | #include <stdio.h>
<module-includes>:1:10: note: in file included from <module-includes>:1:
1 | #include "signal.h"
  |          `- note: in file included from <module-includes>:1:
2 |
[608/1423] Compiling GraphQL ValidationContext.swift
/host/spi-builder-workspace/.build/checkouts/GraphQL/Sources/GraphQL/Execution/Execute.swift:1:8: error: no such module 'Dispatch'
   1 | import Dispatch
     |        `- error: no such module 'Dispatch'
   2 | import OrderedCollections
   3 |
/root/.swiftpm/swift-sdks/swift-6.2-RELEASE_wasm.artifactbundle/swift-6.2-RELEASE_wasm/wasm32-unknown-wasip1/swift.xctoolchain/usr/lib/swift_static/CoreFoundation/CoreFoundation.h:28:10: note: while building module 'wasi_emulated_signal' imported from /root/.swiftpm/swift-sdks/swift-6.2-RELEASE_wasm.artifactbundle/swift-6.2-RELEASE_wasm/wasm32-unknown-wasip1/swift.xctoolchain/usr/lib/swift_static/CoreFoundation/CoreFoundation.h:28:
 26 | #include <setjmp.h>
 27 | #endif
 28 | #include <signal.h>
    |          `- note: while building module 'wasi_emulated_signal' imported from /root/.swiftpm/swift-sdks/swift-6.2-RELEASE_wasm.artifactbundle/swift-6.2-RELEASE_wasm/wasm32-unknown-wasip1/swift.xctoolchain/usr/lib/swift_static/CoreFoundation/CoreFoundation.h:28:
 29 | #include <stddef.h>
 30 | #include <stdio.h>
<module-includes>:1:10: note: in file included from <module-includes>:1:
1 | #include "signal.h"
  |          `- note: in file included from <module-includes>:1:
2 |
[608/1466] Compiling ssl_credential.cc
[609/1466] Compiling ssl_cipher.cc
[610/1466] Compiling ssl_cert.cc
[612/1466] Compiling GraphQL IsValidValue.swift
/host/spi-builder-workspace/.build/checkouts/GraphQL/Sources/GraphQL/Execution/Execute.swift:1:8: error: no such module 'Dispatch'
   1 | import Dispatch
     |        `- error: no such module 'Dispatch'
   2 | import OrderedCollections
   3 |
/root/.swiftpm/swift-sdks/swift-6.2-RELEASE_wasm.artifactbundle/swift-6.2-RELEASE_wasm/wasm32-unknown-wasip1/swift.xctoolchain/usr/lib/swift_static/CoreFoundation/CoreFoundation.h:28:10: note: while building module 'wasi_emulated_signal' imported from /root/.swiftpm/swift-sdks/swift-6.2-RELEASE_wasm.artifactbundle/swift-6.2-RELEASE_wasm/wasm32-unknown-wasip1/swift.xctoolchain/usr/lib/swift_static/CoreFoundation/CoreFoundation.h:28:
 26 | #include <setjmp.h>
 27 | #endif
 28 | #include <signal.h>
    |          `- note: while building module 'wasi_emulated_signal' imported from /root/.swiftpm/swift-sdks/swift-6.2-RELEASE_wasm.artifactbundle/swift-6.2-RELEASE_wasm/wasm32-unknown-wasip1/swift.xctoolchain/usr/lib/swift_static/CoreFoundation/CoreFoundation.h:28:
 29 | #include <stddef.h>
 30 | #include <stdio.h>
<module-includes>:1:10: note: in file included from <module-includes>:1:
1 | #include "signal.h"
  |          `- note: in file included from <module-includes>:1:
2 |
[613/1466] Compiling GraphQL Keyable.swift
/host/spi-builder-workspace/.build/checkouts/GraphQL/Sources/GraphQL/Execution/Execute.swift:1:8: error: no such module 'Dispatch'
   1 | import Dispatch
     |        `- error: no such module 'Dispatch'
   2 | import OrderedCollections
   3 |
/root/.swiftpm/swift-sdks/swift-6.2-RELEASE_wasm.artifactbundle/swift-6.2-RELEASE_wasm/wasm32-unknown-wasip1/swift.xctoolchain/usr/lib/swift_static/CoreFoundation/CoreFoundation.h:28:10: note: while building module 'wasi_emulated_signal' imported from /root/.swiftpm/swift-sdks/swift-6.2-RELEASE_wasm.artifactbundle/swift-6.2-RELEASE_wasm/wasm32-unknown-wasip1/swift.xctoolchain/usr/lib/swift_static/CoreFoundation/CoreFoundation.h:28:
 26 | #include <setjmp.h>
 27 | #endif
 28 | #include <signal.h>
    |          `- note: while building module 'wasi_emulated_signal' imported from /root/.swiftpm/swift-sdks/swift-6.2-RELEASE_wasm.artifactbundle/swift-6.2-RELEASE_wasm/wasm32-unknown-wasip1/swift.xctoolchain/usr/lib/swift_static/CoreFoundation/CoreFoundation.h:28:
 29 | #include <stddef.h>
 30 | #include <stdio.h>
<module-includes>:1:10: note: in file included from <module-includes>:1:
1 | #include "signal.h"
  |          `- note: in file included from <module-includes>:1:
2 |
[614/1466] Compiling GraphQL PrintSchema.swift
/host/spi-builder-workspace/.build/checkouts/GraphQL/Sources/GraphQL/Execution/Execute.swift:1:8: error: no such module 'Dispatch'
   1 | import Dispatch
     |        `- error: no such module 'Dispatch'
   2 | import OrderedCollections
   3 |
/root/.swiftpm/swift-sdks/swift-6.2-RELEASE_wasm.artifactbundle/swift-6.2-RELEASE_wasm/wasm32-unknown-wasip1/swift.xctoolchain/usr/lib/swift_static/CoreFoundation/CoreFoundation.h:28:10: note: while building module 'wasi_emulated_signal' imported from /root/.swiftpm/swift-sdks/swift-6.2-RELEASE_wasm.artifactbundle/swift-6.2-RELEASE_wasm/wasm32-unknown-wasip1/swift.xctoolchain/usr/lib/swift_static/CoreFoundation/CoreFoundation.h:28:
 26 | #include <setjmp.h>
 27 | #endif
 28 | #include <signal.h>
    |          `- note: while building module 'wasi_emulated_signal' imported from /root/.swiftpm/swift-sdks/swift-6.2-RELEASE_wasm.artifactbundle/swift-6.2-RELEASE_wasm/wasm32-unknown-wasip1/swift.xctoolchain/usr/lib/swift_static/CoreFoundation/CoreFoundation.h:28:
 29 | #include <stddef.h>
 30 | #include <stdio.h>
<module-includes>:1:10: note: in file included from <module-includes>:1:
1 | #include "signal.h"
  |          `- note: in file included from <module-includes>:1:
2 |
[615/1466] Compiling GraphQL TypeComparators.swift
/host/spi-builder-workspace/.build/checkouts/GraphQL/Sources/GraphQL/Execution/Execute.swift:1:8: error: no such module 'Dispatch'
   1 | import Dispatch
     |        `- error: no such module 'Dispatch'
   2 | import OrderedCollections
   3 |
/root/.swiftpm/swift-sdks/swift-6.2-RELEASE_wasm.artifactbundle/swift-6.2-RELEASE_wasm/wasm32-unknown-wasip1/swift.xctoolchain/usr/lib/swift_static/CoreFoundation/CoreFoundation.h:28:10: note: while building module 'wasi_emulated_signal' imported from /root/.swiftpm/swift-sdks/swift-6.2-RELEASE_wasm.artifactbundle/swift-6.2-RELEASE_wasm/wasm32-unknown-wasip1/swift.xctoolchain/usr/lib/swift_static/CoreFoundation/CoreFoundation.h:28:
 26 | #include <setjmp.h>
 27 | #endif
 28 | #include <signal.h>
    |          `- note: while building module 'wasi_emulated_signal' imported from /root/.swiftpm/swift-sdks/swift-6.2-RELEASE_wasm.artifactbundle/swift-6.2-RELEASE_wasm/wasm32-unknown-wasip1/swift.xctoolchain/usr/lib/swift_static/CoreFoundation/CoreFoundation.h:28:
 29 | #include <stddef.h>
 30 | #include <stdio.h>
<module-includes>:1:10: note: in file included from <module-includes>:1:
1 | #include "signal.h"
  |          `- note: in file included from <module-includes>:1:
2 |
[616/1466] Compiling GraphQL TypeFromAST.swift
/host/spi-builder-workspace/.build/checkouts/GraphQL/Sources/GraphQL/Execution/Execute.swift:1:8: error: no such module 'Dispatch'
   1 | import Dispatch
     |        `- error: no such module 'Dispatch'
   2 | import OrderedCollections
   3 |
/root/.swiftpm/swift-sdks/swift-6.2-RELEASE_wasm.artifactbundle/swift-6.2-RELEASE_wasm/wasm32-unknown-wasip1/swift.xctoolchain/usr/lib/swift_static/CoreFoundation/CoreFoundation.h:28:10: note: while building module 'wasi_emulated_signal' imported from /root/.swiftpm/swift-sdks/swift-6.2-RELEASE_wasm.artifactbundle/swift-6.2-RELEASE_wasm/wasm32-unknown-wasip1/swift.xctoolchain/usr/lib/swift_static/CoreFoundation/CoreFoundation.h:28:
 26 | #include <setjmp.h>
 27 | #endif
 28 | #include <signal.h>
    |          `- note: while building module 'wasi_emulated_signal' imported from /root/.swiftpm/swift-sdks/swift-6.2-RELEASE_wasm.artifactbundle/swift-6.2-RELEASE_wasm/wasm32-unknown-wasip1/swift.xctoolchain/usr/lib/swift_static/CoreFoundation/CoreFoundation.h:28:
 29 | #include <stddef.h>
 30 | #include <stdio.h>
<module-includes>:1:10: note: in file included from <module-includes>:1:
1 | #include "signal.h"
  |          `- note: in file included from <module-includes>:1:
2 |
[617/1466] Compiling GraphQL TypeInfo.swift
/host/spi-builder-workspace/.build/checkouts/GraphQL/Sources/GraphQL/Execution/Execute.swift:1:8: error: no such module 'Dispatch'
   1 | import Dispatch
     |        `- error: no such module 'Dispatch'
   2 | import OrderedCollections
   3 |
/root/.swiftpm/swift-sdks/swift-6.2-RELEASE_wasm.artifactbundle/swift-6.2-RELEASE_wasm/wasm32-unknown-wasip1/swift.xctoolchain/usr/lib/swift_static/CoreFoundation/CoreFoundation.h:28:10: note: while building module 'wasi_emulated_signal' imported from /root/.swiftpm/swift-sdks/swift-6.2-RELEASE_wasm.artifactbundle/swift-6.2-RELEASE_wasm/wasm32-unknown-wasip1/swift.xctoolchain/usr/lib/swift_static/CoreFoundation/CoreFoundation.h:28:
 26 | #include <setjmp.h>
 27 | #endif
 28 | #include <signal.h>
    |          `- note: while building module 'wasi_emulated_signal' imported from /root/.swiftpm/swift-sdks/swift-6.2-RELEASE_wasm.artifactbundle/swift-6.2-RELEASE_wasm/wasm32-unknown-wasip1/swift.xctoolchain/usr/lib/swift_static/CoreFoundation/CoreFoundation.h:28:
 29 | #include <stddef.h>
 30 | #include <stdio.h>
<module-includes>:1:10: note: in file included from <module-includes>:1:
1 | #include "signal.h"
  |          `- note: in file included from <module-includes>:1:
2 |
[618/1466] Compiling GraphQL ValueFromAST.swift
/host/spi-builder-workspace/.build/checkouts/GraphQL/Sources/GraphQL/Execution/Execute.swift:1:8: error: no such module 'Dispatch'
   1 | import Dispatch
     |        `- error: no such module 'Dispatch'
   2 | import OrderedCollections
   3 |
/root/.swiftpm/swift-sdks/swift-6.2-RELEASE_wasm.artifactbundle/swift-6.2-RELEASE_wasm/wasm32-unknown-wasip1/swift.xctoolchain/usr/lib/swift_static/CoreFoundation/CoreFoundation.h:28:10: note: while building module 'wasi_emulated_signal' imported from /root/.swiftpm/swift-sdks/swift-6.2-RELEASE_wasm.artifactbundle/swift-6.2-RELEASE_wasm/wasm32-unknown-wasip1/swift.xctoolchain/usr/lib/swift_static/CoreFoundation/CoreFoundation.h:28:
 26 | #include <setjmp.h>
 27 | #endif
 28 | #include <signal.h>
    |          `- note: while building module 'wasi_emulated_signal' imported from /root/.swiftpm/swift-sdks/swift-6.2-RELEASE_wasm.artifactbundle/swift-6.2-RELEASE_wasm/wasm32-unknown-wasip1/swift.xctoolchain/usr/lib/swift_static/CoreFoundation/CoreFoundation.h:28:
 29 | #include <stddef.h>
 30 | #include <stdio.h>
<module-includes>:1:10: note: in file included from <module-includes>:1:
1 | #include "signal.h"
  |          `- note: in file included from <module-includes>:1:
2 |
[619/1466] Compiling GraphQL ValueFromASTUntyped.swift
/host/spi-builder-workspace/.build/checkouts/GraphQL/Sources/GraphQL/Execution/Execute.swift:1:8: error: no such module 'Dispatch'
   1 | import Dispatch
     |        `- error: no such module 'Dispatch'
   2 | import OrderedCollections
   3 |
/root/.swiftpm/swift-sdks/swift-6.2-RELEASE_wasm.artifactbundle/swift-6.2-RELEASE_wasm/wasm32-unknown-wasip1/swift.xctoolchain/usr/lib/swift_static/CoreFoundation/CoreFoundation.h:28:10: note: while building module 'wasi_emulated_signal' imported from /root/.swiftpm/swift-sdks/swift-6.2-RELEASE_wasm.artifactbundle/swift-6.2-RELEASE_wasm/wasm32-unknown-wasip1/swift.xctoolchain/usr/lib/swift_static/CoreFoundation/CoreFoundation.h:28:
 26 | #include <setjmp.h>
 27 | #endif
 28 | #include <signal.h>
    |          `- note: while building module 'wasi_emulated_signal' imported from /root/.swiftpm/swift-sdks/swift-6.2-RELEASE_wasm.artifactbundle/swift-6.2-RELEASE_wasm/wasm32-unknown-wasip1/swift.xctoolchain/usr/lib/swift_static/CoreFoundation/CoreFoundation.h:28:
 29 | #include <stddef.h>
 30 | #include <stdio.h>
<module-includes>:1:10: note: in file included from <module-includes>:1:
1 | #include "signal.h"
  |          `- note: in file included from <module-includes>:1:
2 |
[620/1466] Compiling GraphQL NoDeprecatedCustomRule.swift
/host/spi-builder-workspace/.build/checkouts/GraphQL/Sources/GraphQL/Execution/Execute.swift:1:8: error: no such module 'Dispatch'
   1 | import Dispatch
     |        `- error: no such module 'Dispatch'
   2 | import OrderedCollections
   3 |
/root/.swiftpm/swift-sdks/swift-6.2-RELEASE_wasm.artifactbundle/swift-6.2-RELEASE_wasm/wasm32-unknown-wasip1/swift.xctoolchain/usr/lib/swift_static/CoreFoundation/CoreFoundation.h:28:10: note: while building module 'wasi_emulated_signal' imported from /root/.swiftpm/swift-sdks/swift-6.2-RELEASE_wasm.artifactbundle/swift-6.2-RELEASE_wasm/wasm32-unknown-wasip1/swift.xctoolchain/usr/lib/swift_static/CoreFoundation/CoreFoundation.h:28:
 26 | #include <setjmp.h>
 27 | #endif
 28 | #include <signal.h>
    |          `- note: while building module 'wasi_emulated_signal' imported from /root/.swiftpm/swift-sdks/swift-6.2-RELEASE_wasm.artifactbundle/swift-6.2-RELEASE_wasm/wasm32-unknown-wasip1/swift.xctoolchain/usr/lib/swift_static/CoreFoundation/CoreFoundation.h:28:
 29 | #include <stddef.h>
 30 | #include <stdio.h>
<module-includes>:1:10: note: in file included from <module-includes>:1:
1 | #include "signal.h"
  |          `- note: in file included from <module-includes>:1:
2 |
[621/1466] Compiling GraphQL NoSchemaIntrospectionCustomRule.swift
/host/spi-builder-workspace/.build/checkouts/GraphQL/Sources/GraphQL/Execution/Execute.swift:1:8: error: no such module 'Dispatch'
   1 | import Dispatch
     |        `- error: no such module 'Dispatch'
   2 | import OrderedCollections
   3 |
/root/.swiftpm/swift-sdks/swift-6.2-RELEASE_wasm.artifactbundle/swift-6.2-RELEASE_wasm/wasm32-unknown-wasip1/swift.xctoolchain/usr/lib/swift_static/CoreFoundation/CoreFoundation.h:28:10: note: while building module 'wasi_emulated_signal' imported from /root/.swiftpm/swift-sdks/swift-6.2-RELEASE_wasm.artifactbundle/swift-6.2-RELEASE_wasm/wasm32-unknown-wasip1/swift.xctoolchain/usr/lib/swift_static/CoreFoundation/CoreFoundation.h:28:
 26 | #include <setjmp.h>
 27 | #endif
 28 | #include <signal.h>
    |          `- note: while building module 'wasi_emulated_signal' imported from /root/.swiftpm/swift-sdks/swift-6.2-RELEASE_wasm.artifactbundle/swift-6.2-RELEASE_wasm/wasm32-unknown-wasip1/swift.xctoolchain/usr/lib/swift_static/CoreFoundation/CoreFoundation.h:28:
 29 | #include <stddef.h>
 30 | #include <stdio.h>
<module-includes>:1:10: note: in file included from <module-includes>:1:
1 | #include "signal.h"
  |          `- note: in file included from <module-includes>:1:
2 |
[622/1466] Compiling GraphQL ExecutableDefinitionsRule.swift
/host/spi-builder-workspace/.build/checkouts/GraphQL/Sources/GraphQL/Execution/Execute.swift:1:8: error: no such module 'Dispatch'
   1 | import Dispatch
     |        `- error: no such module 'Dispatch'
   2 | import OrderedCollections
   3 |
/root/.swiftpm/swift-sdks/swift-6.2-RELEASE_wasm.artifactbundle/swift-6.2-RELEASE_wasm/wasm32-unknown-wasip1/swift.xctoolchain/usr/lib/swift_static/CoreFoundation/CoreFoundation.h:28:10: note: while building module 'wasi_emulated_signal' imported from /root/.swiftpm/swift-sdks/swift-6.2-RELEASE_wasm.artifactbundle/swift-6.2-RELEASE_wasm/wasm32-unknown-wasip1/swift.xctoolchain/usr/lib/swift_static/CoreFoundation/CoreFoundation.h:28:
 26 | #include <setjmp.h>
 27 | #endif
 28 | #include <signal.h>
    |          `- note: while building module 'wasi_emulated_signal' imported from /root/.swiftpm/swift-sdks/swift-6.2-RELEASE_wasm.artifactbundle/swift-6.2-RELEASE_wasm/wasm32-unknown-wasip1/swift.xctoolchain/usr/lib/swift_static/CoreFoundation/CoreFoundation.h:28:
 29 | #include <stddef.h>
 30 | #include <stdio.h>
<module-includes>:1:10: note: in file included from <module-includes>:1:
1 | #include "signal.h"
  |          `- note: in file included from <module-includes>:1:
2 |
[623/1466] Compiling GraphQL FieldsOnCorrectTypeRule.swift
/host/spi-builder-workspace/.build/checkouts/GraphQL/Sources/GraphQL/Execution/Execute.swift:1:8: error: no such module 'Dispatch'
   1 | import Dispatch
     |        `- error: no such module 'Dispatch'
   2 | import OrderedCollections
   3 |
/root/.swiftpm/swift-sdks/swift-6.2-RELEASE_wasm.artifactbundle/swift-6.2-RELEASE_wasm/wasm32-unknown-wasip1/swift.xctoolchain/usr/lib/swift_static/CoreFoundation/CoreFoundation.h:28:10: note: while building module 'wasi_emulated_signal' imported from /root/.swiftpm/swift-sdks/swift-6.2-RELEASE_wasm.artifactbundle/swift-6.2-RELEASE_wasm/wasm32-unknown-wasip1/swift.xctoolchain/usr/lib/swift_static/CoreFoundation/CoreFoundation.h:28:
 26 | #include <setjmp.h>
 27 | #endif
 28 | #include <signal.h>
    |          `- note: while building module 'wasi_emulated_signal' imported from /root/.swiftpm/swift-sdks/swift-6.2-RELEASE_wasm.artifactbundle/swift-6.2-RELEASE_wasm/wasm32-unknown-wasip1/swift.xctoolchain/usr/lib/swift_static/CoreFoundation/CoreFoundation.h:28:
 29 | #include <stddef.h>
 30 | #include <stdio.h>
<module-includes>:1:10: note: in file included from <module-includes>:1:
1 | #include "signal.h"
  |          `- note: in file included from <module-includes>:1:
2 |
[624/1466] Compiling Configuration EnvironmentKeyEncoder.swift
/host/spi-builder-workspace/.build/checkouts/GraphQL/Sources/GraphQL/Execution/Execute.swift:1:8: error: no such module 'Dispatch'
   1 | import Dispatch
     |        `- error: no such module 'Dispatch'
   2 | import OrderedCollections
   3 |
/root/.swiftpm/swift-sdks/swift-6.2-RELEASE_wasm.artifactbundle/swift-6.2-RELEASE_wasm/wasm32-unknown-wasip1/swift.xctoolchain/usr/lib/swift_static/CoreFoundation/CoreFoundation.h:28:10: note: while building module 'wasi_emulated_signal' imported from /root/.swiftpm/swift-sdks/swift-6.2-RELEASE_wasm.artifactbundle/swift-6.2-RELEASE_wasm/wasm32-unknown-wasip1/swift.xctoolchain/usr/lib/swift_static/CoreFoundation/CoreFoundation.h:28:
 26 | #include <setjmp.h>
 27 | #endif
 28 | #include <signal.h>
    |          `- note: while building module 'wasi_emulated_signal' imported from /root/.swiftpm/swift-sdks/swift-6.2-RELEASE_wasm.artifactbundle/swift-6.2-RELEASE_wasm/wasm32-unknown-wasip1/swift.xctoolchain/usr/lib/swift_static/CoreFoundation/CoreFoundation.h:28:
 29 | #include <stddef.h>
 30 | #include <stdio.h>
<module-includes>:1:10: note: in file included from <module-includes>:1:
1 | #include "signal.h"
  |          `- note: in file included from <module-includes>:1:
2 |
[625/1466] Compiling Configuration EnvironmentVariablesProvider.swift
/host/spi-builder-workspace/.build/checkouts/GraphQL/Sources/GraphQL/Execution/Execute.swift:1:8: error: no such module 'Dispatch'
   1 | import Dispatch
     |        `- error: no such module 'Dispatch'
   2 | import OrderedCollections
   3 |
/root/.swiftpm/swift-sdks/swift-6.2-RELEASE_wasm.artifactbundle/swift-6.2-RELEASE_wasm/wasm32-unknown-wasip1/swift.xctoolchain/usr/lib/swift_static/CoreFoundation/CoreFoundation.h:28:10: note: while building module 'wasi_emulated_signal' imported from /root/.swiftpm/swift-sdks/swift-6.2-RELEASE_wasm.artifactbundle/swift-6.2-RELEASE_wasm/wasm32-unknown-wasip1/swift.xctoolchain/usr/lib/swift_static/CoreFoundation/CoreFoundation.h:28:
 26 | #include <setjmp.h>
 27 | #endif
 28 | #include <signal.h>
    |          `- note: while building module 'wasi_emulated_signal' imported from /root/.swiftpm/swift-sdks/swift-6.2-RELEASE_wasm.artifactbundle/swift-6.2-RELEASE_wasm/wasm32-unknown-wasip1/swift.xctoolchain/usr/lib/swift_static/CoreFoundation/CoreFoundation.h:28:
 29 | #include <stddef.h>
 30 | #include <stdio.h>
<module-includes>:1:10: note: in file included from <module-includes>:1:
1 | #include "signal.h"
  |          `- note: in file included from <module-includes>:1:
2 |
[626/1466] Compiling Configuration CommonProviderFileSystem.swift
/host/spi-builder-workspace/.build/checkouts/GraphQL/Sources/GraphQL/Execution/Execute.swift:1:8: error: no such module 'Dispatch'
   1 | import Dispatch
     |        `- error: no such module 'Dispatch'
   2 | import OrderedCollections
   3 |
/root/.swiftpm/swift-sdks/swift-6.2-RELEASE_wasm.artifactbundle/swift-6.2-RELEASE_wasm/wasm32-unknown-wasip1/swift.xctoolchain/usr/lib/swift_static/CoreFoundation/CoreFoundation.h:28:10: note: while building module 'wasi_emulated_signal' imported from /root/.swiftpm/swift-sdks/swift-6.2-RELEASE_wasm.artifactbundle/swift-6.2-RELEASE_wasm/wasm32-unknown-wasip1/swift.xctoolchain/usr/lib/swift_static/CoreFoundation/CoreFoundation.h:28:
 26 | #include <setjmp.h>
 27 | #endif
 28 | #include <signal.h>
    |          `- note: while building module 'wasi_emulated_signal' imported from /root/.swiftpm/swift-sdks/swift-6.2-RELEASE_wasm.artifactbundle/swift-6.2-RELEASE_wasm/wasm32-unknown-wasip1/swift.xctoolchain/usr/lib/swift_static/CoreFoundation/CoreFoundation.h:28:
 29 | #include <stddef.h>
 30 | #include <stdio.h>
<module-includes>:1:10: note: in file included from <module-includes>:1:
1 | #include "signal.h"
  |          `- note: in file included from <module-includes>:1:
2 |
[627/1466] Compiling Configuration DirectoryFilesProvider.swift
/host/spi-builder-workspace/.build/checkouts/GraphQL/Sources/GraphQL/Execution/Execute.swift:1:8: error: no such module 'Dispatch'
   1 | import Dispatch
     |        `- error: no such module 'Dispatch'
   2 | import OrderedCollections
   3 |
/root/.swiftpm/swift-sdks/swift-6.2-RELEASE_wasm.artifactbundle/swift-6.2-RELEASE_wasm/wasm32-unknown-wasip1/swift.xctoolchain/usr/lib/swift_static/CoreFoundation/CoreFoundation.h:28:10: note: while building module 'wasi_emulated_signal' imported from /root/.swiftpm/swift-sdks/swift-6.2-RELEASE_wasm.artifactbundle/swift-6.2-RELEASE_wasm/wasm32-unknown-wasip1/swift.xctoolchain/usr/lib/swift_static/CoreFoundation/CoreFoundation.h:28:
 26 | #include <setjmp.h>
 27 | #endif
 28 | #include <signal.h>
    |          `- note: while building module 'wasi_emulated_signal' imported from /root/.swiftpm/swift-sdks/swift-6.2-RELEASE_wasm.artifactbundle/swift-6.2-RELEASE_wasm/wasm32-unknown-wasip1/swift.xctoolchain/usr/lib/swift_static/CoreFoundation/CoreFoundation.h:28:
 29 | #include <stddef.h>
 30 | #include <stdio.h>
<module-includes>:1:10: note: in file included from <module-includes>:1:
1 | #include "signal.h"
  |          `- note: in file included from <module-includes>:1:
2 |
[628/1466] Compiling Configuration FileProvider.swift
/host/spi-builder-workspace/.build/checkouts/GraphQL/Sources/GraphQL/Execution/Execute.swift:1:8: error: no such module 'Dispatch'
   1 | import Dispatch
     |        `- error: no such module 'Dispatch'
   2 | import OrderedCollections
   3 |
/root/.swiftpm/swift-sdks/swift-6.2-RELEASE_wasm.artifactbundle/swift-6.2-RELEASE_wasm/wasm32-unknown-wasip1/swift.xctoolchain/usr/lib/swift_static/CoreFoundation/CoreFoundation.h:28:10: note: while building module 'wasi_emulated_signal' imported from /root/.swiftpm/swift-sdks/swift-6.2-RELEASE_wasm.artifactbundle/swift-6.2-RELEASE_wasm/wasm32-unknown-wasip1/swift.xctoolchain/usr/lib/swift_static/CoreFoundation/CoreFoundation.h:28:
 26 | #include <setjmp.h>
 27 | #endif
 28 | #include <signal.h>
    |          `- note: while building module 'wasi_emulated_signal' imported from /root/.swiftpm/swift-sdks/swift-6.2-RELEASE_wasm.artifactbundle/swift-6.2-RELEASE_wasm/wasm32-unknown-wasip1/swift.xctoolchain/usr/lib/swift_static/CoreFoundation/CoreFoundation.h:28:
 29 | #include <stddef.h>
 30 | #include <stdio.h>
<module-includes>:1:10: note: in file included from <module-includes>:1:
1 | #include "signal.h"
  |          `- note: in file included from <module-includes>:1:
2 |
[629/1466] Compiling Configuration FileProviderSnapshot.swift
/host/spi-builder-workspace/.build/checkouts/GraphQL/Sources/GraphQL/Execution/Execute.swift:1:8: error: no such module 'Dispatch'
   1 | import Dispatch
     |        `- error: no such module 'Dispatch'
   2 | import OrderedCollections
   3 |
/root/.swiftpm/swift-sdks/swift-6.2-RELEASE_wasm.artifactbundle/swift-6.2-RELEASE_wasm/wasm32-unknown-wasip1/swift.xctoolchain/usr/lib/swift_static/CoreFoundation/CoreFoundation.h:28:10: note: while building module 'wasi_emulated_signal' imported from /root/.swiftpm/swift-sdks/swift-6.2-RELEASE_wasm.artifactbundle/swift-6.2-RELEASE_wasm/wasm32-unknown-wasip1/swift.xctoolchain/usr/lib/swift_static/CoreFoundation/CoreFoundation.h:28:
 26 | #include <setjmp.h>
 27 | #endif
 28 | #include <signal.h>
    |          `- note: while building module 'wasi_emulated_signal' imported from /root/.swiftpm/swift-sdks/swift-6.2-RELEASE_wasm.artifactbundle/swift-6.2-RELEASE_wasm/wasm32-unknown-wasip1/swift.xctoolchain/usr/lib/swift_static/CoreFoundation/CoreFoundation.h:28:
 29 | #include <stddef.h>
 30 | #include <stdio.h>
<module-includes>:1:10: note: in file included from <module-includes>:1:
1 | #include "signal.h"
  |          `- note: in file included from <module-includes>:1:
2 |
[630/1466] Compiling Configuration JSONSnapshot.swift
/host/spi-builder-workspace/.build/checkouts/GraphQL/Sources/GraphQL/Execution/Execute.swift:1:8: error: no such module 'Dispatch'
   1 | import Dispatch
     |        `- error: no such module 'Dispatch'
   2 | import OrderedCollections
   3 |
/root/.swiftpm/swift-sdks/swift-6.2-RELEASE_wasm.artifactbundle/swift-6.2-RELEASE_wasm/wasm32-unknown-wasip1/swift.xctoolchain/usr/lib/swift_static/CoreFoundation/CoreFoundation.h:28:10: note: while building module 'wasi_emulated_signal' imported from /root/.swiftpm/swift-sdks/swift-6.2-RELEASE_wasm.artifactbundle/swift-6.2-RELEASE_wasm/wasm32-unknown-wasip1/swift.xctoolchain/usr/lib/swift_static/CoreFoundation/CoreFoundation.h:28:
 26 | #include <setjmp.h>
 27 | #endif
 28 | #include <signal.h>
    |          `- note: while building module 'wasi_emulated_signal' imported from /root/.swiftpm/swift-sdks/swift-6.2-RELEASE_wasm.artifactbundle/swift-6.2-RELEASE_wasm/wasm32-unknown-wasip1/swift.xctoolchain/usr/lib/swift_static/CoreFoundation/CoreFoundation.h:28:
 29 | #include <stddef.h>
 30 | #include <stdio.h>
<module-includes>:1:10: note: in file included from <module-includes>:1:
1 | #include "signal.h"
  |          `- note: in file included from <module-includes>:1:
2 |
[631/1466] Compiling Configuration PropertyListSnapshot.swift
/host/spi-builder-workspace/.build/checkouts/GraphQL/Sources/GraphQL/Execution/Execute.swift:1:8: error: no such module 'Dispatch'
   1 | import Dispatch
     |        `- error: no such module 'Dispatch'
   2 | import OrderedCollections
   3 |
/root/.swiftpm/swift-sdks/swift-6.2-RELEASE_wasm.artifactbundle/swift-6.2-RELEASE_wasm/wasm32-unknown-wasip1/swift.xctoolchain/usr/lib/swift_static/CoreFoundation/CoreFoundation.h:28:10: note: while building module 'wasi_emulated_signal' imported from /root/.swiftpm/swift-sdks/swift-6.2-RELEASE_wasm.artifactbundle/swift-6.2-RELEASE_wasm/wasm32-unknown-wasip1/swift.xctoolchain/usr/lib/swift_static/CoreFoundation/CoreFoundation.h:28:
 26 | #include <setjmp.h>
 27 | #endif
 28 | #include <signal.h>
    |          `- note: while building module 'wasi_emulated_signal' imported from /root/.swiftpm/swift-sdks/swift-6.2-RELEASE_wasm.artifactbundle/swift-6.2-RELEASE_wasm/wasm32-unknown-wasip1/swift.xctoolchain/usr/lib/swift_static/CoreFoundation/CoreFoundation.h:28:
 29 | #include <stddef.h>
 30 | #include <stdio.h>
<module-includes>:1:10: note: in file included from <module-includes>:1:
1 | #include "signal.h"
  |          `- note: in file included from <module-includes>:1:
2 |
[632/1466] Compiling Configuration ReloadingFileProvider.swift
/host/spi-builder-workspace/.build/checkouts/GraphQL/Sources/GraphQL/Execution/Execute.swift:1:8: error: no such module 'Dispatch'
   1 | import Dispatch
     |        `- error: no such module 'Dispatch'
   2 | import OrderedCollections
   3 |
/root/.swiftpm/swift-sdks/swift-6.2-RELEASE_wasm.artifactbundle/swift-6.2-RELEASE_wasm/wasm32-unknown-wasip1/swift.xctoolchain/usr/lib/swift_static/CoreFoundation/CoreFoundation.h:28:10: note: while building module 'wasi_emulated_signal' imported from /root/.swiftpm/swift-sdks/swift-6.2-RELEASE_wasm.artifactbundle/swift-6.2-RELEASE_wasm/wasm32-unknown-wasip1/swift.xctoolchain/usr/lib/swift_static/CoreFoundation/CoreFoundation.h:28:
 26 | #include <setjmp.h>
 27 | #endif
 28 | #include <signal.h>
    |          `- note: while building module 'wasi_emulated_signal' imported from /root/.swiftpm/swift-sdks/swift-6.2-RELEASE_wasm.artifactbundle/swift-6.2-RELEASE_wasm/wasm32-unknown-wasip1/swift.xctoolchain/usr/lib/swift_static/CoreFoundation/CoreFoundation.h:28:
 29 | #include <stddef.h>
 30 | #include <stdio.h>
<module-includes>:1:10: note: in file included from <module-includes>:1:
1 | #include "signal.h"
  |          `- note: in file included from <module-includes>:1:
2 |
[633/1466] Compiling Configuration ReloadingFileProviderMetrics.swift
/host/spi-builder-workspace/.build/checkouts/GraphQL/Sources/GraphQL/Execution/Execute.swift:1:8: error: no such module 'Dispatch'
   1 | import Dispatch
     |        `- error: no such module 'Dispatch'
   2 | import OrderedCollections
   3 |
/root/.swiftpm/swift-sdks/swift-6.2-RELEASE_wasm.artifactbundle/swift-6.2-RELEASE_wasm/wasm32-unknown-wasip1/swift.xctoolchain/usr/lib/swift_static/CoreFoundation/CoreFoundation.h:28:10: note: while building module 'wasi_emulated_signal' imported from /root/.swiftpm/swift-sdks/swift-6.2-RELEASE_wasm.artifactbundle/swift-6.2-RELEASE_wasm/wasm32-unknown-wasip1/swift.xctoolchain/usr/lib/swift_static/CoreFoundation/CoreFoundation.h:28:
 26 | #include <setjmp.h>
 27 | #endif
 28 | #include <signal.h>
    |          `- note: while building module 'wasi_emulated_signal' imported from /root/.swiftpm/swift-sdks/swift-6.2-RELEASE_wasm.artifactbundle/swift-6.2-RELEASE_wasm/wasm32-unknown-wasip1/swift.xctoolchain/usr/lib/swift_static/CoreFoundation/CoreFoundation.h:28:
 29 | #include <stddef.h>
 30 | #include <stdio.h>
<module-includes>:1:10: note: in file included from <module-includes>:1:
1 | #include "signal.h"
  |          `- note: in file included from <module-includes>:1:
2 |
[634/1466] Compiling Configuration YAMLSnapshot.swift
/host/spi-builder-workspace/.build/checkouts/GraphQL/Sources/GraphQL/Execution/Execute.swift:1:8: error: no such module 'Dispatch'
   1 | import Dispatch
     |        `- error: no such module 'Dispatch'
   2 | import OrderedCollections
   3 |
/root/.swiftpm/swift-sdks/swift-6.2-RELEASE_wasm.artifactbundle/swift-6.2-RELEASE_wasm/wasm32-unknown-wasip1/swift.xctoolchain/usr/lib/swift_static/CoreFoundation/CoreFoundation.h:28:10: note: while building module 'wasi_emulated_signal' imported from /root/.swiftpm/swift-sdks/swift-6.2-RELEASE_wasm.artifactbundle/swift-6.2-RELEASE_wasm/wasm32-unknown-wasip1/swift.xctoolchain/usr/lib/swift_static/CoreFoundation/CoreFoundation.h:28:
 26 | #include <setjmp.h>
 27 | #endif
 28 | #include <signal.h>
    |          `- note: while building module 'wasi_emulated_signal' imported from /root/.swiftpm/swift-sdks/swift-6.2-RELEASE_wasm.artifactbundle/swift-6.2-RELEASE_wasm/wasm32-unknown-wasip1/swift.xctoolchain/usr/lib/swift_static/CoreFoundation/CoreFoundation.h:28:
 29 | #include <stddef.h>
 30 | #include <stdio.h>
<module-includes>:1:10: note: in file included from <module-includes>:1:
1 | #include "signal.h"
  |          `- note: in file included from <module-includes>:1:
2 |
[635/1466] Compiling Configuration InMemoryProvider.swift
/host/spi-builder-workspace/.build/checkouts/GraphQL/Sources/GraphQL/Execution/Execute.swift:1:8: error: no such module 'Dispatch'
   1 | import Dispatch
     |        `- error: no such module 'Dispatch'
   2 | import OrderedCollections
   3 |
/root/.swiftpm/swift-sdks/swift-6.2-RELEASE_wasm.artifactbundle/swift-6.2-RELEASE_wasm/wasm32-unknown-wasip1/swift.xctoolchain/usr/lib/swift_static/CoreFoundation/CoreFoundation.h:28:10: note: while building module 'wasi_emulated_signal' imported from /root/.swiftpm/swift-sdks/swift-6.2-RELEASE_wasm.artifactbundle/swift-6.2-RELEASE_wasm/wasm32-unknown-wasip1/swift.xctoolchain/usr/lib/swift_static/CoreFoundation/CoreFoundation.h:28:
 26 | #include <setjmp.h>
 27 | #endif
 28 | #include <signal.h>
    |          `- note: while building module 'wasi_emulated_signal' imported from /root/.swiftpm/swift-sdks/swift-6.2-RELEASE_wasm.artifactbundle/swift-6.2-RELEASE_wasm/wasm32-unknown-wasip1/swift.xctoolchain/usr/lib/swift_static/CoreFoundation/CoreFoundation.h:28:
 29 | #include <stddef.h>
 30 | #include <stdio.h>
<module-includes>:1:10: note: in file included from <module-includes>:1:
1 | #include "signal.h"
  |          `- note: in file included from <module-includes>:1:
2 |
[636/1466] Compiling Configuration MutableInMemoryProvider.swift
/host/spi-builder-workspace/.build/checkouts/GraphQL/Sources/GraphQL/Execution/Execute.swift:1:8: error: no such module 'Dispatch'
   1 | import Dispatch
     |        `- error: no such module 'Dispatch'
   2 | import OrderedCollections
   3 |
/root/.swiftpm/swift-sdks/swift-6.2-RELEASE_wasm.artifactbundle/swift-6.2-RELEASE_wasm/wasm32-unknown-wasip1/swift.xctoolchain/usr/lib/swift_static/CoreFoundation/CoreFoundation.h:28:10: note: while building module 'wasi_emulated_signal' imported from /root/.swiftpm/swift-sdks/swift-6.2-RELEASE_wasm.artifactbundle/swift-6.2-RELEASE_wasm/wasm32-unknown-wasip1/swift.xctoolchain/usr/lib/swift_static/CoreFoundation/CoreFoundation.h:28:
 26 | #include <setjmp.h>
 27 | #endif
 28 | #include <signal.h>
    |          `- note: while building module 'wasi_emulated_signal' imported from /root/.swiftpm/swift-sdks/swift-6.2-RELEASE_wasm.artifactbundle/swift-6.2-RELEASE_wasm/wasm32-unknown-wasip1/swift.xctoolchain/usr/lib/swift_static/CoreFoundation/CoreFoundation.h:28:
 29 | #include <stddef.h>
 30 | #include <stdio.h>
<module-includes>:1:10: note: in file included from <module-includes>:1:
1 | #include "signal.h"
  |          `- note: in file included from <module-includes>:1:
2 |
[637/1466] Compiling Configuration ConfigProvider+Operators.swift
/host/spi-builder-workspace/.build/checkouts/GraphQL/Sources/GraphQL/Execution/Execute.swift:1:8: error: no such module 'Dispatch'
   1 | import Dispatch
     |        `- error: no such module 'Dispatch'
   2 | import OrderedCollections
   3 |
/root/.swiftpm/swift-sdks/swift-6.2-RELEASE_wasm.artifactbundle/swift-6.2-RELEASE_wasm/wasm32-unknown-wasip1/swift.xctoolchain/usr/lib/swift_static/CoreFoundation/CoreFoundation.h:28:10: note: while building module 'wasi_emulated_signal' imported from /root/.swiftpm/swift-sdks/swift-6.2-RELEASE_wasm.artifactbundle/swift-6.2-RELEASE_wasm/wasm32-unknown-wasip1/swift.xctoolchain/usr/lib/swift_static/CoreFoundation/CoreFoundation.h:28:
 26 | #include <setjmp.h>
 27 | #endif
 28 | #include <signal.h>
    |          `- note: while building module 'wasi_emulated_signal' imported from /root/.swiftpm/swift-sdks/swift-6.2-RELEASE_wasm.artifactbundle/swift-6.2-RELEASE_wasm/wasm32-unknown-wasip1/swift.xctoolchain/usr/lib/swift_static/CoreFoundation/CoreFoundation.h:28:
 29 | #include <stddef.h>
 30 | #include <stdio.h>
<module-includes>:1:10: note: in file included from <module-includes>:1:
1 | #include "signal.h"
  |          `- note: in file included from <module-includes>:1:
2 |
[638/1466] Compiling Configuration KeyMappingProvider.swift
/host/spi-builder-workspace/.build/checkouts/GraphQL/Sources/GraphQL/Execution/Execute.swift:1:8: error: no such module 'Dispatch'
   1 | import Dispatch
     |        `- error: no such module 'Dispatch'
   2 | import OrderedCollections
   3 |
/root/.swiftpm/swift-sdks/swift-6.2-RELEASE_wasm.artifactbundle/swift-6.2-RELEASE_wasm/wasm32-unknown-wasip1/swift.xctoolchain/usr/lib/swift_static/CoreFoundation/CoreFoundation.h:28:10: note: while building module 'wasi_emulated_signal' imported from /root/.swiftpm/swift-sdks/swift-6.2-RELEASE_wasm.artifactbundle/swift-6.2-RELEASE_wasm/wasm32-unknown-wasip1/swift.xctoolchain/usr/lib/swift_static/CoreFoundation/CoreFoundation.h:28:
 26 | #include <setjmp.h>
 27 | #endif
 28 | #include <signal.h>
    |          `- note: while building module 'wasi_emulated_signal' imported from /root/.swiftpm/swift-sdks/swift-6.2-RELEASE_wasm.artifactbundle/swift-6.2-RELEASE_wasm/wasm32-unknown-wasip1/swift.xctoolchain/usr/lib/swift_static/CoreFoundation/CoreFoundation.h:28:
 29 | #include <stddef.h>
 30 | #include <stdio.h>
<module-includes>:1:10: note: in file included from <module-includes>:1:
1 | #include "signal.h"
  |          `- note: in file included from <module-includes>:1:
2 |
[639/1466] Compiling Configuration SecretsSpecifier.swift
/host/spi-builder-workspace/.build/checkouts/GraphQL/Sources/GraphQL/Execution/Execute.swift:1:8: error: no such module 'Dispatch'
   1 | import Dispatch
     |        `- error: no such module 'Dispatch'
   2 | import OrderedCollections
   3 |
/root/.swiftpm/swift-sdks/swift-6.2-RELEASE_wasm.artifactbundle/swift-6.2-RELEASE_wasm/wasm32-unknown-wasip1/swift.xctoolchain/usr/lib/swift_static/CoreFoundation/CoreFoundation.h:28:10: note: while building module 'wasi_emulated_signal' imported from /root/.swiftpm/swift-sdks/swift-6.2-RELEASE_wasm.artifactbundle/swift-6.2-RELEASE_wasm/wasm32-unknown-wasip1/swift.xctoolchain/usr/lib/swift_static/CoreFoundation/CoreFoundation.h:28:
 26 | #include <setjmp.h>
 27 | #endif
 28 | #include <signal.h>
    |          `- note: while building module 'wasi_emulated_signal' imported from /root/.swiftpm/swift-sdks/swift-6.2-RELEASE_wasm.artifactbundle/swift-6.2-RELEASE_wasm/wasm32-unknown-wasip1/swift.xctoolchain/usr/lib/swift_static/CoreFoundation/CoreFoundation.h:28:
 29 | #include <stddef.h>
 30 | #include <stdio.h>
<module-includes>:1:10: note: in file included from <module-includes>:1:
1 | #include "signal.h"
  |          `- note: in file included from <module-includes>:1:
2 |
[640/1466] Compiling Configuration AsyncCombineLatestManySequence.swift
/host/spi-builder-workspace/.build/checkouts/GraphQL/Sources/GraphQL/Execution/Execute.swift:1:8: error: no such module 'Dispatch'
   1 | import Dispatch
     |        `- error: no such module 'Dispatch'
   2 | import OrderedCollections
   3 |
/root/.swiftpm/swift-sdks/swift-6.2-RELEASE_wasm.artifactbundle/swift-6.2-RELEASE_wasm/wasm32-unknown-wasip1/swift.xctoolchain/usr/lib/swift_static/CoreFoundation/CoreFoundation.h:28:10: note: while building module 'wasi_emulated_signal' imported from /root/.swiftpm/swift-sdks/swift-6.2-RELEASE_wasm.artifactbundle/swift-6.2-RELEASE_wasm/wasm32-unknown-wasip1/swift.xctoolchain/usr/lib/swift_static/CoreFoundation/CoreFoundation.h:28:
 26 | #include <setjmp.h>
 27 | #endif
 28 | #include <signal.h>
    |          `- note: while building module 'wasi_emulated_signal' imported from /root/.swiftpm/swift-sdks/swift-6.2-RELEASE_wasm.artifactbundle/swift-6.2-RELEASE_wasm/wasm32-unknown-wasip1/swift.xctoolchain/usr/lib/swift_static/CoreFoundation/CoreFoundation.h:28:
 29 | #include <stddef.h>
 30 | #include <stdio.h>
<module-includes>:1:10: note: in file included from <module-includes>:1:
1 | #include "signal.h"
  |          `- note: in file included from <module-includes>:1:
2 |
[641/1466] Compiling Configuration CombineLatestManyStateMachine.swift
/host/spi-builder-workspace/.build/checkouts/GraphQL/Sources/GraphQL/Execution/Execute.swift:1:8: error: no such module 'Dispatch'
   1 | import Dispatch
     |        `- error: no such module 'Dispatch'
   2 | import OrderedCollections
   3 |
/root/.swiftpm/swift-sdks/swift-6.2-RELEASE_wasm.artifactbundle/swift-6.2-RELEASE_wasm/wasm32-unknown-wasip1/swift.xctoolchain/usr/lib/swift_static/CoreFoundation/CoreFoundation.h:28:10: note: while building module 'wasi_emulated_signal' imported from /root/.swiftpm/swift-sdks/swift-6.2-RELEASE_wasm.artifactbundle/swift-6.2-RELEASE_wasm/wasm32-unknown-wasip1/swift.xctoolchain/usr/lib/swift_static/CoreFoundation/CoreFoundation.h:28:
 26 | #include <setjmp.h>
 27 | #endif
 28 | #include <signal.h>
    |          `- note: while building module 'wasi_emulated_signal' imported from /root/.swiftpm/swift-sdks/swift-6.2-RELEASE_wasm.artifactbundle/swift-6.2-RELEASE_wasm/wasm32-unknown-wasip1/swift.xctoolchain/usr/lib/swift_static/CoreFoundation/CoreFoundation.h:28:
 29 | #include <stddef.h>
 30 | #include <stdio.h>
<module-includes>:1:10: note: in file included from <module-includes>:1:
1 | #include "signal.h"
  |          `- note: in file included from <module-includes>:1:
2 |
/host/spi-builder-workspace/.build/checkouts/GraphQL/Sources/GraphQL/Execution/Execute.swift:1:8: error: no such module 'Dispatch'
   1 | import Dispatch
     |        `- error: no such module 'Dispatch'
   2 | import OrderedCollections
   3 |
/root/.swiftpm/swift-sdks/swift-6.2-RELEASE_wasm.artifactbundle/swift-6.2-RELEASE_wasm/wasm32-unknown-wasip1/swift.xctoolchain/usr/lib/swift_static/CoreFoundation/CoreFoundation.h:28:10: note: while building module 'wasi_emulated_signal' imported from /root/.swiftpm/swift-sdks/swift-6.2-RELEASE_wasm.artifactbundle/swift-6.2-RELEASE_wasm/wasm32-unknown-wasip1/swift.xctoolchain/usr/lib/swift_static/CoreFoundation/CoreFoundation.h:28:
 26 | #include <setjmp.h>
 27 | #endif
 28 | #include <signal.h>
    |          `- note: while building module 'wasi_emulated_signal' imported from /root/.swiftpm/swift-sdks/swift-6.2-RELEASE_wasm.artifactbundle/swift-6.2-RELEASE_wasm/wasm32-unknown-wasip1/swift.xctoolchain/usr/lib/swift_static/CoreFoundation/CoreFoundation.h:28:
 29 | #include <stddef.h>
 30 | #include <stdio.h>
<module-includes>:1:10: note: in file included from <module-includes>:1:
1 | #include "signal.h"
  |          `- note: in file included from <module-includes>:1:
2 |
/host/spi-builder-workspace/.build/checkouts/GraphQL/Sources/GraphQL/Execution/Execute.swift:1:8: error: no such module 'Dispatch'
   1 | import Dispatch
     |        `- error: no such module 'Dispatch'
   2 | import OrderedCollections
   3 |
/root/.swiftpm/swift-sdks/swift-6.2-RELEASE_wasm.artifactbundle/swift-6.2-RELEASE_wasm/wasm32-unknown-wasip1/swift.xctoolchain/usr/lib/swift_static/CoreFoundation/CoreFoundation.h:28:10: note: while building module 'wasi_emulated_signal' imported from /root/.swiftpm/swift-sdks/swift-6.2-RELEASE_wasm.artifactbundle/swift-6.2-RELEASE_wasm/wasm32-unknown-wasip1/swift.xctoolchain/usr/lib/swift_static/CoreFoundation/CoreFoundation.h:28:
 26 | #include <setjmp.h>
 27 | #endif
 28 | #include <signal.h>
    |          `- note: while building module 'wasi_emulated_signal' imported from /root/.swiftpm/swift-sdks/swift-6.2-RELEASE_wasm.artifactbundle/swift-6.2-RELEASE_wasm/wasm32-unknown-wasip1/swift.xctoolchain/usr/lib/swift_static/CoreFoundation/CoreFoundation.h:28:
 29 | #include <stddef.h>
 30 | #include <stdio.h>
<module-includes>:1:10: note: in file included from <module-includes>:1:
1 | #include "signal.h"
  |          `- note: in file included from <module-includes>:1:
2 |
/host/spi-builder-workspace/.build/checkouts/GraphQL/Sources/GraphQL/Execution/Execute.swift:1:8: error: no such module 'Dispatch'
   1 | import Dispatch
     |        `- error: no such module 'Dispatch'
   2 | import OrderedCollections
   3 |
/root/.swiftpm/swift-sdks/swift-6.2-RELEASE_wasm.artifactbundle/swift-6.2-RELEASE_wasm/wasm32-unknown-wasip1/swift.xctoolchain/usr/lib/swift_static/CoreFoundation/CoreFoundation.h:28:10: note: while building module 'wasi_emulated_signal' imported from /root/.swiftpm/swift-sdks/swift-6.2-RELEASE_wasm.artifactbundle/swift-6.2-RELEASE_wasm/wasm32-unknown-wasip1/swift.xctoolchain/usr/lib/swift_static/CoreFoundation/CoreFoundation.h:28:
 26 | #include <setjmp.h>
 27 | #endif
 28 | #include <signal.h>
    |          `- note: while building module 'wasi_emulated_signal' imported from /root/.swiftpm/swift-sdks/swift-6.2-RELEASE_wasm.artifactbundle/swift-6.2-RELEASE_wasm/wasm32-unknown-wasip1/swift.xctoolchain/usr/lib/swift_static/CoreFoundation/CoreFoundation.h:28:
 29 | #include <stddef.h>
 30 | #include <stdio.h>
<module-includes>:1:10: note: in file included from <module-includes>:1:
1 | #include "signal.h"
  |          `- note: in file included from <module-includes>:1:
2 |
/host/spi-builder-workspace/.build/checkouts/GraphQL/Sources/GraphQL/Execution/Execute.swift:1:8: error: no such module 'Dispatch'
   1 | import Dispatch
     |        `- error: no such module 'Dispatch'
   2 | import OrderedCollections
   3 |
/root/.swiftpm/swift-sdks/swift-6.2-RELEASE_wasm.artifactbundle/swift-6.2-RELEASE_wasm/wasm32-unknown-wasip1/swift.xctoolchain/usr/lib/swift_static/CoreFoundation/CoreFoundation.h:28:10: note: while building module 'wasi_emulated_signal' imported from /root/.swiftpm/swift-sdks/swift-6.2-RELEASE_wasm.artifactbundle/swift-6.2-RELEASE_wasm/wasm32-unknown-wasip1/swift.xctoolchain/usr/lib/swift_static/CoreFoundation/CoreFoundation.h:28:
 26 | #include <setjmp.h>
 27 | #endif
 28 | #include <signal.h>
    |          `- note: while building module 'wasi_emulated_signal' imported from /root/.swiftpm/swift-sdks/swift-6.2-RELEASE_wasm.artifactbundle/swift-6.2-RELEASE_wasm/wasm32-unknown-wasip1/swift.xctoolchain/usr/lib/swift_static/CoreFoundation/CoreFoundation.h:28:
 29 | #include <stddef.h>
 30 | #include <stdio.h>
<module-includes>:1:10: note: in file included from <module-includes>:1:
1 | #include "signal.h"
  |          `- note: in file included from <module-includes>:1:
2 |
[646/1466] Compiling GraphQL KeyMap.swift
/host/spi-builder-workspace/.build/checkouts/GraphQL/Sources/GraphQL/Execution/Execute.swift:1:8: error: no such module 'Dispatch'
   1 | import Dispatch
     |        `- error: no such module 'Dispatch'
   2 | import OrderedCollections
   3 |
/root/.swiftpm/swift-sdks/swift-6.2-RELEASE_wasm.artifactbundle/swift-6.2-RELEASE_wasm/wasm32-unknown-wasip1/swift.xctoolchain/usr/lib/swift_static/CoreFoundation/CoreFoundation.h:28:10: note: while building module 'wasi_emulated_signal' imported from /root/.swiftpm/swift-sdks/swift-6.2-RELEASE_wasm.artifactbundle/swift-6.2-RELEASE_wasm/wasm32-unknown-wasip1/swift.xctoolchain/usr/lib/swift_static/CoreFoundation/CoreFoundation.h:28:
 26 | #include <setjmp.h>
 27 | #endif
 28 | #include <signal.h>
    |          `- note: while building module 'wasi_emulated_signal' imported from /root/.swiftpm/swift-sdks/swift-6.2-RELEASE_wasm.artifactbundle/swift-6.2-RELEASE_wasm/wasm32-unknown-wasip1/swift.xctoolchain/usr/lib/swift_static/CoreFoundation/CoreFoundation.h:28:
 29 | #include <stddef.h>
 30 | #include <stdio.h>
<module-includes>:1:10: note: in file included from <module-includes>:1:
1 | #include "signal.h"
  |          `- note: in file included from <module-includes>:1:
2 |
[647/1466] Compiling GraphQL Mirror.swift
/host/spi-builder-workspace/.build/checkouts/GraphQL/Sources/GraphQL/Execution/Execute.swift:1:8: error: no such module 'Dispatch'
   1 | import Dispatch
     |        `- error: no such module 'Dispatch'
   2 | import OrderedCollections
   3 |
/root/.swiftpm/swift-sdks/swift-6.2-RELEASE_wasm.artifactbundle/swift-6.2-RELEASE_wasm/wasm32-unknown-wasip1/swift.xctoolchain/usr/lib/swift_static/CoreFoundation/CoreFoundation.h:28:10: note: while building module 'wasi_emulated_signal' imported from /root/.swiftpm/swift-sdks/swift-6.2-RELEASE_wasm.artifactbundle/swift-6.2-RELEASE_wasm/wasm32-unknown-wasip1/swift.xctoolchain/usr/lib/swift_static/CoreFoundation/CoreFoundation.h:28:
 26 | #include <setjmp.h>
 27 | #endif
 28 | #include <signal.h>
    |          `- note: while building module 'wasi_emulated_signal' imported from /root/.swiftpm/swift-sdks/swift-6.2-RELEASE_wasm.artifactbundle/swift-6.2-RELEASE_wasm/wasm32-unknown-wasip1/swift.xctoolchain/usr/lib/swift_static/CoreFoundation/CoreFoundation.h:28:
 29 | #include <stddef.h>
 30 | #include <stdio.h>
<module-includes>:1:10: note: in file included from <module-includes>:1:
1 | #include "signal.h"
  |          `- note: in file included from <module-includes>:1:
2 |
[647/1466] Compiling ssl_buffer.cc
[648/1466] Compiling ssl_aead_ctx.cc
[649/1466] Compiling ssl_asn1.cc
error: emit-module command failed with exit code 1 (use -v to see invocation)
[651/1466] Emitting module GraphQL
/host/spi-builder-workspace/.build/checkouts/GraphQL/Sources/GraphQL/Execution/Execute.swift:1:8: error: no such module 'Dispatch'
   1 | import Dispatch
     |        `- error: no such module 'Dispatch'
   2 | import OrderedCollections
   3 |
/root/.swiftpm/swift-sdks/swift-6.2-RELEASE_wasm.artifactbundle/swift-6.2-RELEASE_wasm/wasm32-unknown-wasip1/swift.xctoolchain/usr/lib/swift_static/CoreFoundation/CoreFoundation.h:28:10: note: while building module 'wasi_emulated_signal' imported from /root/.swiftpm/swift-sdks/swift-6.2-RELEASE_wasm.artifactbundle/swift-6.2-RELEASE_wasm/wasm32-unknown-wasip1/swift.xctoolchain/usr/lib/swift_static/CoreFoundation/CoreFoundation.h:28:
 26 | #include <setjmp.h>
 27 | #endif
 28 | #include <signal.h>
    |          `- note: while building module 'wasi_emulated_signal' imported from /root/.swiftpm/swift-sdks/swift-6.2-RELEASE_wasm.artifactbundle/swift-6.2-RELEASE_wasm/wasm32-unknown-wasip1/swift.xctoolchain/usr/lib/swift_static/CoreFoundation/CoreFoundation.h:28:
 29 | #include <stddef.h>
 30 | #include <stdio.h>
<module-includes>:1:10: note: in file included from <module-includes>:1:
1 | #include "signal.h"
  |          `- note: in file included from <module-includes>:1:
2 |
[657/1471] Compiling s3_pkt.cc
[658/1471] Compiling s3_lib.cc
[659/1471] Compiling s3_both.cc
[661/1471] Compiling Configuration SeparatorKeyEncoder.swift
/host/spi-builder-workspace/.build/checkouts/GraphQL/Sources/GraphQL/Execution/Execute.swift:1:8: error: no such module 'Dispatch'
   1 | import Dispatch
     |        `- error: no such module 'Dispatch'
   2 | import OrderedCollections
   3 |
/root/.swiftpm/swift-sdks/swift-6.2-RELEASE_wasm.artifactbundle/swift-6.2-RELEASE_wasm/wasm32-unknown-wasip1/swift.xctoolchain/usr/lib/swift_static/CoreFoundation/CoreFoundation.h:28:10: note: while building module 'wasi_emulated_signal' imported from /root/.swiftpm/swift-sdks/swift-6.2-RELEASE_wasm.artifactbundle/swift-6.2-RELEASE_wasm/wasm32-unknown-wasip1/swift.xctoolchain/usr/lib/swift_static/CoreFoundation/CoreFoundation.h:28:
 26 | #include <setjmp.h>
 27 | #endif
 28 | #include <signal.h>
    |          `- note: while building module 'wasi_emulated_signal' imported from /root/.swiftpm/swift-sdks/swift-6.2-RELEASE_wasm.artifactbundle/swift-6.2-RELEASE_wasm/wasm32-unknown-wasip1/swift.xctoolchain/usr/lib/swift_static/CoreFoundation/CoreFoundation.h:28:
 29 | #include <stddef.h>
 30 | #include <stdio.h>
<module-includes>:1:10: note: in file included from <module-includes>:1:
1 | #include "signal.h"
  |          `- note: in file included from <module-includes>:1:
2 |
[662/1471] Compiling Configuration MultiProvider.swift
/host/spi-builder-workspace/.build/checkouts/GraphQL/Sources/GraphQL/Execution/Execute.swift:1:8: error: no such module 'Dispatch'
   1 | import Dispatch
     |        `- error: no such module 'Dispatch'
   2 | import OrderedCollections
   3 |
/root/.swiftpm/swift-sdks/swift-6.2-RELEASE_wasm.artifactbundle/swift-6.2-RELEASE_wasm/wasm32-unknown-wasip1/swift.xctoolchain/usr/lib/swift_static/CoreFoundation/CoreFoundation.h:28:10: note: while building module 'wasi_emulated_signal' imported from /root/.swiftpm/swift-sdks/swift-6.2-RELEASE_wasm.artifactbundle/swift-6.2-RELEASE_wasm/wasm32-unknown-wasip1/swift.xctoolchain/usr/lib/swift_static/CoreFoundation/CoreFoundation.h:28:
 26 | #include <setjmp.h>
 27 | #endif
 28 | #include <signal.h>
    |          `- note: while building module 'wasi_emulated_signal' imported from /root/.swiftpm/swift-sdks/swift-6.2-RELEASE_wasm.artifactbundle/swift-6.2-RELEASE_wasm/wasm32-unknown-wasip1/swift.xctoolchain/usr/lib/swift_static/CoreFoundation/CoreFoundation.h:28:
 29 | #include <stddef.h>
 30 | #include <stdio.h>
<module-includes>:1:10: note: in file included from <module-includes>:1:
1 | #include "signal.h"
  |          `- note: in file included from <module-includes>:1:
2 |
[663/1471] Compiling Configuration CLIArgumentParser.swift
/host/spi-builder-workspace/.build/checkouts/GraphQL/Sources/GraphQL/Execution/Execute.swift:1:8: error: no such module 'Dispatch'
   1 | import Dispatch
     |        `- error: no such module 'Dispatch'
   2 | import OrderedCollections
   3 |
/root/.swiftpm/swift-sdks/swift-6.2-RELEASE_wasm.artifactbundle/swift-6.2-RELEASE_wasm/wasm32-unknown-wasip1/swift.xctoolchain/usr/lib/swift_static/CoreFoundation/CoreFoundation.h:28:10: note: while building module 'wasi_emulated_signal' imported from /root/.swiftpm/swift-sdks/swift-6.2-RELEASE_wasm.artifactbundle/swift-6.2-RELEASE_wasm/wasm32-unknown-wasip1/swift.xctoolchain/usr/lib/swift_static/CoreFoundation/CoreFoundation.h:28:
 26 | #include <setjmp.h>
 27 | #endif
 28 | #include <signal.h>
    |          `- note: while building module 'wasi_emulated_signal' imported from /root/.swiftpm/swift-sdks/swift-6.2-RELEASE_wasm.artifactbundle/swift-6.2-RELEASE_wasm/wasm32-unknown-wasip1/swift.xctoolchain/usr/lib/swift_static/CoreFoundation/CoreFoundation.h:28:
 29 | #include <stddef.h>
 30 | #include <stdio.h>
<module-includes>:1:10: note: in file included from <module-includes>:1:
1 | #include "signal.h"
  |          `- note: in file included from <module-includes>:1:
2 |
[664/1471] Compiling Configuration CLISnapshot.swift
/host/spi-builder-workspace/.build/checkouts/GraphQL/Sources/GraphQL/Execution/Execute.swift:1:8: error: no such module 'Dispatch'
   1 | import Dispatch
     |        `- error: no such module 'Dispatch'
   2 | import OrderedCollections
   3 |
/root/.swiftpm/swift-sdks/swift-6.2-RELEASE_wasm.artifactbundle/swift-6.2-RELEASE_wasm/wasm32-unknown-wasip1/swift.xctoolchain/usr/lib/swift_static/CoreFoundation/CoreFoundation.h:28:10: note: while building module 'wasi_emulated_signal' imported from /root/.swiftpm/swift-sdks/swift-6.2-RELEASE_wasm.artifactbundle/swift-6.2-RELEASE_wasm/wasm32-unknown-wasip1/swift.xctoolchain/usr/lib/swift_static/CoreFoundation/CoreFoundation.h:28:
 26 | #include <setjmp.h>
 27 | #endif
 28 | #include <signal.h>
    |          `- note: while building module 'wasi_emulated_signal' imported from /root/.swiftpm/swift-sdks/swift-6.2-RELEASE_wasm.artifactbundle/swift-6.2-RELEASE_wasm/wasm32-unknown-wasip1/swift.xctoolchain/usr/lib/swift_static/CoreFoundation/CoreFoundation.h:28:
 29 | #include <stddef.h>
 30 | #include <stdio.h>
<module-includes>:1:10: note: in file included from <module-includes>:1:
1 | #include "signal.h"
  |          `- note: in file included from <module-includes>:1:
2 |
[665/1471] Compiling Configuration CommandLineArgumentsProvider.swift
/host/spi-builder-workspace/.build/checkouts/GraphQL/Sources/GraphQL/Execution/Execute.swift:1:8: error: no such module 'Dispatch'
   1 | import Dispatch
     |        `- error: no such module 'Dispatch'
   2 | import OrderedCollections
   3 |
/root/.swiftpm/swift-sdks/swift-6.2-RELEASE_wasm.artifactbundle/swift-6.2-RELEASE_wasm/wasm32-unknown-wasip1/swift.xctoolchain/usr/lib/swift_static/CoreFoundation/CoreFoundation.h:28:10: note: while building module 'wasi_emulated_signal' imported from /root/.swiftpm/swift-sdks/swift-6.2-RELEASE_wasm.artifactbundle/swift-6.2-RELEASE_wasm/wasm32-unknown-wasip1/swift.xctoolchain/usr/lib/swift_static/CoreFoundation/CoreFoundation.h:28:
 26 | #include <setjmp.h>
 27 | #endif
 28 | #include <signal.h>
    |          `- note: while building module 'wasi_emulated_signal' imported from /root/.swiftpm/swift-sdks/swift-6.2-RELEASE_wasm.artifactbundle/swift-6.2-RELEASE_wasm/wasm32-unknown-wasip1/swift.xctoolchain/usr/lib/swift_static/CoreFoundation/CoreFoundation.h:28:
 29 | #include <stddef.h>
 30 | #include <stdio.h>
<module-includes>:1:10: note: in file included from <module-includes>:1:
1 | #include "signal.h"
  |          `- note: in file included from <module-includes>:1:
2 |
[666/1471] Compiling Configuration EnvironmentFileParser.swift
/host/spi-builder-workspace/.build/checkouts/GraphQL/Sources/GraphQL/Execution/Execute.swift:1:8: error: no such module 'Dispatch'
   1 | import Dispatch
     |        `- error: no such module 'Dispatch'
   2 | import OrderedCollections
   3 |
/root/.swiftpm/swift-sdks/swift-6.2-RELEASE_wasm.artifactbundle/swift-6.2-RELEASE_wasm/wasm32-unknown-wasip1/swift.xctoolchain/usr/lib/swift_static/CoreFoundation/CoreFoundation.h:28:10: note: while building module 'wasi_emulated_signal' imported from /root/.swiftpm/swift-sdks/swift-6.2-RELEASE_wasm.artifactbundle/swift-6.2-RELEASE_wasm/wasm32-unknown-wasip1/swift.xctoolchain/usr/lib/swift_static/CoreFoundation/CoreFoundation.h:28:
 26 | #include <setjmp.h>
 27 | #endif
 28 | #include <signal.h>
    |          `- note: while building module 'wasi_emulated_signal' imported from /root/.swiftpm/swift-sdks/swift-6.2-RELEASE_wasm.artifactbundle/swift-6.2-RELEASE_wasm/wasm32-unknown-wasip1/swift.xctoolchain/usr/lib/swift_static/CoreFoundation/CoreFoundation.h:28:
 29 | #include <stddef.h>
 30 | #include <stdio.h>
<module-includes>:1:10: note: in file included from <module-includes>:1:
1 | #include "signal.h"
  |          `- note: in file included from <module-includes>:1:
2 |
[667/1471] Compiling Configuration Deprecations.swift
/host/spi-builder-workspace/.build/checkouts/GraphQL/Sources/GraphQL/Execution/Execute.swift:1:8: error: no such module 'Dispatch'
   1 | import Dispatch
     |        `- error: no such module 'Dispatch'
   2 | import OrderedCollections
   3 |
/root/.swiftpm/swift-sdks/swift-6.2-RELEASE_wasm.artifactbundle/swift-6.2-RELEASE_wasm/wasm32-unknown-wasip1/swift.xctoolchain/usr/lib/swift_static/CoreFoundation/CoreFoundation.h:28:10: note: while building module 'wasi_emulated_signal' imported from /root/.swiftpm/swift-sdks/swift-6.2-RELEASE_wasm.artifactbundle/swift-6.2-RELEASE_wasm/wasm32-unknown-wasip1/swift.xctoolchain/usr/lib/swift_static/CoreFoundation/CoreFoundation.h:28:
 26 | #include <setjmp.h>
 27 | #endif
 28 | #include <signal.h>
    |          `- note: while building module 'wasi_emulated_signal' imported from /root/.swiftpm/swift-sdks/swift-6.2-RELEASE_wasm.artifactbundle/swift-6.2-RELEASE_wasm/wasm32-unknown-wasip1/swift.xctoolchain/usr/lib/swift_static/CoreFoundation/CoreFoundation.h:28:
 29 | #include <stddef.h>
 30 | #include <stdio.h>
<module-includes>:1:10: note: in file included from <module-includes>:1:
1 | #include "signal.h"
  |          `- note: in file included from <module-includes>:1:
2 |
[668/1471] Compiling Configuration ExpressibleByConfigInt.swift
/host/spi-builder-workspace/.build/checkouts/GraphQL/Sources/GraphQL/Execution/Execute.swift:1:8: error: no such module 'Dispatch'
   1 | import Dispatch
     |        `- error: no such module 'Dispatch'
   2 | import OrderedCollections
   3 |
/root/.swiftpm/swift-sdks/swift-6.2-RELEASE_wasm.artifactbundle/swift-6.2-RELEASE_wasm/wasm32-unknown-wasip1/swift.xctoolchain/usr/lib/swift_static/CoreFoundation/CoreFoundation.h:28:10: note: while building module 'wasi_emulated_signal' imported from /root/.swiftpm/swift-sdks/swift-6.2-RELEASE_wasm.artifactbundle/swift-6.2-RELEASE_wasm/wasm32-unknown-wasip1/swift.xctoolchain/usr/lib/swift_static/CoreFoundation/CoreFoundation.h:28:
 26 | #include <setjmp.h>
 27 | #endif
 28 | #include <signal.h>
    |          `- note: while building module 'wasi_emulated_signal' imported from /root/.swiftpm/swift-sdks/swift-6.2-RELEASE_wasm.artifactbundle/swift-6.2-RELEASE_wasm/wasm32-unknown-wasip1/swift.xctoolchain/usr/lib/swift_static/CoreFoundation/CoreFoundation.h:28:
 29 | #include <stddef.h>
 30 | #include <stdio.h>
<module-includes>:1:10: note: in file included from <module-includes>:1:
1 | #include "signal.h"
  |          `- note: in file included from <module-includes>:1:
2 |
[669/1471] Compiling Configuration ExpressibleByConfigString.swift
/host/spi-builder-workspace/.build/checkouts/GraphQL/Sources/GraphQL/Execution/Execute.swift:1:8: error: no such module 'Dispatch'
   1 | import Dispatch
     |        `- error: no such module 'Dispatch'
   2 | import OrderedCollections
   3 |
/root/.swiftpm/swift-sdks/swift-6.2-RELEASE_wasm.artifactbundle/swift-6.2-RELEASE_wasm/wasm32-unknown-wasip1/swift.xctoolchain/usr/lib/swift_static/CoreFoundation/CoreFoundation.h:28:10: note: while building module 'wasi_emulated_signal' imported from /root/.swiftpm/swift-sdks/swift-6.2-RELEASE_wasm.artifactbundle/swift-6.2-RELEASE_wasm/wasm32-unknown-wasip1/swift.xctoolchain/usr/lib/swift_static/CoreFoundation/CoreFoundation.h:28:
 26 | #include <setjmp.h>
 27 | #endif
 28 | #include <signal.h>
    |          `- note: while building module 'wasi_emulated_signal' imported from /root/.swiftpm/swift-sdks/swift-6.2-RELEASE_wasm.artifactbundle/swift-6.2-RELEASE_wasm/wasm32-unknown-wasip1/swift.xctoolchain/usr/lib/swift_static/CoreFoundation/CoreFoundation.h:28:
 29 | #include <stddef.h>
 30 | #include <stdio.h>
<module-includes>:1:10: note: in file included from <module-includes>:1:
1 | #include "signal.h"
  |          `- note: in file included from <module-includes>:1:
2 |
[670/1471] Compiling Configuration CLIKeyEncoder.swift
/host/spi-builder-workspace/.build/checkouts/GraphQL/Sources/GraphQL/Execution/Execute.swift:1:8: error: no such module 'Dispatch'
   1 | import Dispatch
     |        `- error: no such module 'Dispatch'
   2 | import OrderedCollections
   3 |
/root/.swiftpm/swift-sdks/swift-6.2-RELEASE_wasm.artifactbundle/swift-6.2-RELEASE_wasm/wasm32-unknown-wasip1/swift.xctoolchain/usr/lib/swift_static/CoreFoundation/CoreFoundation.h:28:10: note: while building module 'wasi_emulated_signal' imported from /root/.swiftpm/swift-sdks/swift-6.2-RELEASE_wasm.artifactbundle/swift-6.2-RELEASE_wasm/wasm32-unknown-wasip1/swift.xctoolchain/usr/lib/swift_static/CoreFoundation/CoreFoundation.h:28:
 26 | #include <setjmp.h>
 27 | #endif
 28 | #include <signal.h>
    |          `- note: while building module 'wasi_emulated_signal' imported from /root/.swiftpm/swift-sdks/swift-6.2-RELEASE_wasm.artifactbundle/swift-6.2-RELEASE_wasm/wasm32-unknown-wasip1/swift.xctoolchain/usr/lib/swift_static/CoreFoundation/CoreFoundation.h:28:
 29 | #include <stddef.h>
 30 | #include <stdio.h>
<module-includes>:1:10: note: in file included from <module-includes>:1:
1 | #include "signal.h"
  |          `- note: in file included from <module-includes>:1:
2 |
[671/1471] Compiling Configuration ConfigKeyEncoder.swift
/host/spi-builder-workspace/.build/checkouts/GraphQL/Sources/GraphQL/Execution/Execute.swift:1:8: error: no such module 'Dispatch'
   1 | import Dispatch
     |        `- error: no such module 'Dispatch'
   2 | import OrderedCollections
   3 |
/root/.swiftpm/swift-sdks/swift-6.2-RELEASE_wasm.artifactbundle/swift-6.2-RELEASE_wasm/wasm32-unknown-wasip1/swift.xctoolchain/usr/lib/swift_static/CoreFoundation/CoreFoundation.h:28:10: note: while building module 'wasi_emulated_signal' imported from /root/.swiftpm/swift-sdks/swift-6.2-RELEASE_wasm.artifactbundle/swift-6.2-RELEASE_wasm/wasm32-unknown-wasip1/swift.xctoolchain/usr/lib/swift_static/CoreFoundation/CoreFoundation.h:28:
 26 | #include <setjmp.h>
 27 | #endif
 28 | #include <signal.h>
    |          `- note: while building module 'wasi_emulated_signal' imported from /root/.swiftpm/swift-sdks/swift-6.2-RELEASE_wasm.artifactbundle/swift-6.2-RELEASE_wasm/wasm32-unknown-wasip1/swift.xctoolchain/usr/lib/swift_static/CoreFoundation/CoreFoundation.h:28:
 29 | #include <stddef.h>
 30 | #include <stdio.h>
<module-includes>:1:10: note: in file included from <module-includes>:1:
1 | #include "signal.h"
  |          `- note: in file included from <module-includes>:1:
2 |
[672/1471] Compiling Configuration DotSeparatorKeyDecoder.swift
/host/spi-builder-workspace/.build/checkouts/GraphQL/Sources/GraphQL/Execution/Execute.swift:1:8: error: no such module 'Dispatch'
   1 | import Dispatch
     |        `- error: no such module 'Dispatch'
   2 | import OrderedCollections
   3 |
/root/.swiftpm/swift-sdks/swift-6.2-RELEASE_wasm.artifactbundle/swift-6.2-RELEASE_wasm/wasm32-unknown-wasip1/swift.xctoolchain/usr/lib/swift_static/CoreFoundation/CoreFoundation.h:28:10: note: while building module 'wasi_emulated_signal' imported from /root/.swiftpm/swift-sdks/swift-6.2-RELEASE_wasm.artifactbundle/swift-6.2-RELEASE_wasm/wasm32-unknown-wasip1/swift.xctoolchain/usr/lib/swift_static/CoreFoundation/CoreFoundation.h:28:
 26 | #include <setjmp.h>
 27 | #endif
 28 | #include <signal.h>
    |          `- note: while building module 'wasi_emulated_signal' imported from /root/.swiftpm/swift-sdks/swift-6.2-RELEASE_wasm.artifactbundle/swift-6.2-RELEASE_wasm/wasm32-unknown-wasip1/swift.xctoolchain/usr/lib/swift_static/CoreFoundation/CoreFoundation.h:28:
 29 | #include <stddef.h>
 30 | #include <stdio.h>
<module-includes>:1:10: note: in file included from <module-includes>:1:
1 | #include "signal.h"
  |          `- note: in file included from <module-includes>:1:
2 |
[673/1471] Compiling Configuration AccessReporter.swift
/host/spi-builder-workspace/.build/checkouts/GraphQL/Sources/GraphQL/Execution/Execute.swift:1:8: error: no such module 'Dispatch'
   1 | import Dispatch
     |        `- error: no such module 'Dispatch'
   2 | import OrderedCollections
   3 |
/root/.swiftpm/swift-sdks/swift-6.2-RELEASE_wasm.artifactbundle/swift-6.2-RELEASE_wasm/wasm32-unknown-wasip1/swift.xctoolchain/usr/lib/swift_static/CoreFoundation/CoreFoundation.h:28:10: note: while building module 'wasi_emulated_signal' imported from /root/.swiftpm/swift-sdks/swift-6.2-RELEASE_wasm.artifactbundle/swift-6.2-RELEASE_wasm/wasm32-unknown-wasip1/swift.xctoolchain/usr/lib/swift_static/CoreFoundation/CoreFoundation.h:28:
 26 | #include <setjmp.h>
 27 | #endif
 28 | #include <signal.h>
    |          `- note: while building module 'wasi_emulated_signal' imported from /root/.swiftpm/swift-sdks/swift-6.2-RELEASE_wasm.artifactbundle/swift-6.2-RELEASE_wasm/wasm32-unknown-wasip1/swift.xctoolchain/usr/lib/swift_static/CoreFoundation/CoreFoundation.h:28:
 29 | #include <stddef.h>
 30 | #include <stdio.h>
<module-includes>:1:10: note: in file included from <module-includes>:1:
1 | #include "signal.h"
  |          `- note: in file included from <module-includes>:1:
2 |
[674/1471] Compiling Configuration AccessLogger.swift
/host/spi-builder-workspace/.build/checkouts/GraphQL/Sources/GraphQL/Execution/Execute.swift:1:8: error: no such module 'Dispatch'
   1 | import Dispatch
     |        `- error: no such module 'Dispatch'
   2 | import OrderedCollections
   3 |
/root/.swiftpm/swift-sdks/swift-6.2-RELEASE_wasm.artifactbundle/swift-6.2-RELEASE_wasm/wasm32-unknown-wasip1/swift.xctoolchain/usr/lib/swift_static/CoreFoundation/CoreFoundation.h:28:10: note: while building module 'wasi_emulated_signal' imported from /root/.swiftpm/swift-sdks/swift-6.2-RELEASE_wasm.artifactbundle/swift-6.2-RELEASE_wasm/wasm32-unknown-wasip1/swift.xctoolchain/usr/lib/swift_static/CoreFoundation/CoreFoundation.h:28:
 26 | #include <setjmp.h>
 27 | #endif
 28 | #include <signal.h>
    |          `- note: while building module 'wasi_emulated_signal' imported from /root/.swiftpm/swift-sdks/swift-6.2-RELEASE_wasm.artifactbundle/swift-6.2-RELEASE_wasm/wasm32-unknown-wasip1/swift.xctoolchain/usr/lib/swift_static/CoreFoundation/CoreFoundation.h:28:
 29 | #include <stddef.h>
 30 | #include <stdio.h>
<module-includes>:1:10: note: in file included from <module-includes>:1:
1 | #include "signal.h"
  |          `- note: in file included from <module-includes>:1:
2 |
[675/1471] Compiling Configuration FileAccessLogger.swift
/host/spi-builder-workspace/.build/checkouts/GraphQL/Sources/GraphQL/Execution/Execute.swift:1:8: error: no such module 'Dispatch'
   1 | import Dispatch
     |        `- error: no such module 'Dispatch'
   2 | import OrderedCollections
   3 |
/root/.swiftpm/swift-sdks/swift-6.2-RELEASE_wasm.artifactbundle/swift-6.2-RELEASE_wasm/wasm32-unknown-wasip1/swift.xctoolchain/usr/lib/swift_static/CoreFoundation/CoreFoundation.h:28:10: note: while building module 'wasi_emulated_signal' imported from /root/.swiftpm/swift-sdks/swift-6.2-RELEASE_wasm.artifactbundle/swift-6.2-RELEASE_wasm/wasm32-unknown-wasip1/swift.xctoolchain/usr/lib/swift_static/CoreFoundation/CoreFoundation.h:28:
 26 | #include <setjmp.h>
 27 | #endif
 28 | #include <signal.h>
    |          `- note: while building module 'wasi_emulated_signal' imported from /root/.swiftpm/swift-sdks/swift-6.2-RELEASE_wasm.artifactbundle/swift-6.2-RELEASE_wasm/wasm32-unknown-wasip1/swift.xctoolchain/usr/lib/swift_static/CoreFoundation/CoreFoundation.h:28:
 29 | #include <stddef.h>
 30 | #include <stdio.h>
<module-includes>:1:10: note: in file included from <module-includes>:1:
1 | #include "signal.h"
  |          `- note: in file included from <module-includes>:1:
2 |
[676/1471] Compiling Configuration ConfigContext.swift
/host/spi-builder-workspace/.build/checkouts/GraphQL/Sources/GraphQL/Execution/Execute.swift:1:8: error: no such module 'Dispatch'
   1 | import Dispatch
     |        `- error: no such module 'Dispatch'
   2 | import OrderedCollections
   3 |
/root/.swiftpm/swift-sdks/swift-6.2-RELEASE_wasm.artifactbundle/swift-6.2-RELEASE_wasm/wasm32-unknown-wasip1/swift.xctoolchain/usr/lib/swift_static/CoreFoundation/CoreFoundation.h:28:10: note: while building module 'wasi_emulated_signal' imported from /root/.swiftpm/swift-sdks/swift-6.2-RELEASE_wasm.artifactbundle/swift-6.2-RELEASE_wasm/wasm32-unknown-wasip1/swift.xctoolchain/usr/lib/swift_static/CoreFoundation/CoreFoundation.h:28:
 26 | #include <setjmp.h>
 27 | #endif
 28 | #include <signal.h>
    |          `- note: while building module 'wasi_emulated_signal' imported from /root/.swiftpm/swift-sdks/swift-6.2-RELEASE_wasm.artifactbundle/swift-6.2-RELEASE_wasm/wasm32-unknown-wasip1/swift.xctoolchain/usr/lib/swift_static/CoreFoundation/CoreFoundation.h:28:
 29 | #include <stddef.h>
 30 | #include <stdio.h>
<module-includes>:1:10: note: in file included from <module-includes>:1:
1 | #include "signal.h"
  |          `- note: in file included from <module-includes>:1:
2 |
[677/1471] Compiling Configuration ConfigKey.swift
/host/spi-builder-workspace/.build/checkouts/GraphQL/Sources/GraphQL/Execution/Execute.swift:1:8: error: no such module 'Dispatch'
   1 | import Dispatch
     |        `- error: no such module 'Dispatch'
   2 | import OrderedCollections
   3 |
/root/.swiftpm/swift-sdks/swift-6.2-RELEASE_wasm.artifactbundle/swift-6.2-RELEASE_wasm/wasm32-unknown-wasip1/swift.xctoolchain/usr/lib/swift_static/CoreFoundation/CoreFoundation.h:28:10: note: while building module 'wasi_emulated_signal' imported from /root/.swiftpm/swift-sdks/swift-6.2-RELEASE_wasm.artifactbundle/swift-6.2-RELEASE_wasm/wasm32-unknown-wasip1/swift.xctoolchain/usr/lib/swift_static/CoreFoundation/CoreFoundation.h:28:
 26 | #include <setjmp.h>
 27 | #endif
 28 | #include <signal.h>
    |          `- note: while building module 'wasi_emulated_signal' imported from /root/.swiftpm/swift-sdks/swift-6.2-RELEASE_wasm.artifactbundle/swift-6.2-RELEASE_wasm/wasm32-unknown-wasip1/swift.xctoolchain/usr/lib/swift_static/CoreFoundation/CoreFoundation.h:28:
 29 | #include <stddef.h>
 30 | #include <stdio.h>
<module-includes>:1:10: note: in file included from <module-includes>:1:
1 | #include "signal.h"
  |          `- note: in file included from <module-includes>:1:
2 |
[678/1471] Compiling Configuration ConfigProvider.swift
/host/spi-builder-workspace/.build/checkouts/GraphQL/Sources/GraphQL/Execution/Execute.swift:1:8: error: no such module 'Dispatch'
   1 | import Dispatch
     |        `- error: no such module 'Dispatch'
   2 | import OrderedCollections
   3 |
/root/.swiftpm/swift-sdks/swift-6.2-RELEASE_wasm.artifactbundle/swift-6.2-RELEASE_wasm/wasm32-unknown-wasip1/swift.xctoolchain/usr/lib/swift_static/CoreFoundation/CoreFoundation.h:28:10: note: while building module 'wasi_emulated_signal' imported from /root/.swiftpm/swift-sdks/swift-6.2-RELEASE_wasm.artifactbundle/swift-6.2-RELEASE_wasm/wasm32-unknown-wasip1/swift.xctoolchain/usr/lib/swift_static/CoreFoundation/CoreFoundation.h:28:
 26 | #include <setjmp.h>
 27 | #endif
 28 | #include <signal.h>
    |          `- note: while building module 'wasi_emulated_signal' imported from /root/.swiftpm/swift-sdks/swift-6.2-RELEASE_wasm.artifactbundle/swift-6.2-RELEASE_wasm/wasm32-unknown-wasip1/swift.xctoolchain/usr/lib/swift_static/CoreFoundation/CoreFoundation.h:28:
 29 | #include <stddef.h>
 30 | #include <stdio.h>
<module-includes>:1:10: note: in file included from <module-includes>:1:
1 | #include "signal.h"
  |          `- note: in file included from <module-includes>:1:
2 |
[679/1471] Compiling Configuration ConfigProviderHelpers.swift
/host/spi-builder-workspace/.build/checkouts/GraphQL/Sources/GraphQL/Execution/Execute.swift:1:8: error: no such module 'Dispatch'
   1 | import Dispatch
     |        `- error: no such module 'Dispatch'
   2 | import OrderedCollections
   3 |
/root/.swiftpm/swift-sdks/swift-6.2-RELEASE_wasm.artifactbundle/swift-6.2-RELEASE_wasm/wasm32-unknown-wasip1/swift.xctoolchain/usr/lib/swift_static/CoreFoundation/CoreFoundation.h:28:10: note: while building module 'wasi_emulated_signal' imported from /root/.swiftpm/swift-sdks/swift-6.2-RELEASE_wasm.artifactbundle/swift-6.2-RELEASE_wasm/wasm32-unknown-wasip1/swift.xctoolchain/usr/lib/swift_static/CoreFoundation/CoreFoundation.h:28:
 26 | #include <setjmp.h>
 27 | #endif
 28 | #include <signal.h>
    |          `- note: while building module 'wasi_emulated_signal' imported from /root/.swiftpm/swift-sdks/swift-6.2-RELEASE_wasm.artifactbundle/swift-6.2-RELEASE_wasm/wasm32-unknown-wasip1/swift.xctoolchain/usr/lib/swift_static/CoreFoundation/CoreFoundation.h:28:
 29 | #include <stddef.h>
 30 | #include <stdio.h>
<module-includes>:1:10: note: in file included from <module-includes>:1:
1 | #include "signal.h"
  |          `- note: in file included from <module-includes>:1:
2 |
[680/1471] Compiling Configuration ConfigReader+internalHelpers.swift
/host/spi-builder-workspace/.build/checkouts/GraphQL/Sources/GraphQL/Execution/Execute.swift:1:8: error: no such module 'Dispatch'
   1 | import Dispatch
     |        `- error: no such module 'Dispatch'
   2 | import OrderedCollections
   3 |
/root/.swiftpm/swift-sdks/swift-6.2-RELEASE_wasm.artifactbundle/swift-6.2-RELEASE_wasm/wasm32-unknown-wasip1/swift.xctoolchain/usr/lib/swift_static/CoreFoundation/CoreFoundation.h:28:10: note: while building module 'wasi_emulated_signal' imported from /root/.swiftpm/swift-sdks/swift-6.2-RELEASE_wasm.artifactbundle/swift-6.2-RELEASE_wasm/wasm32-unknown-wasip1/swift.xctoolchain/usr/lib/swift_static/CoreFoundation/CoreFoundation.h:28:
 26 | #include <setjmp.h>
 27 | #endif
 28 | #include <signal.h>
    |          `- note: while building module 'wasi_emulated_signal' imported from /root/.swiftpm/swift-sdks/swift-6.2-RELEASE_wasm.artifactbundle/swift-6.2-RELEASE_wasm/wasm32-unknown-wasip1/swift.xctoolchain/usr/lib/swift_static/CoreFoundation/CoreFoundation.h:28:
 29 | #include <stddef.h>
 30 | #include <stdio.h>
<module-includes>:1:10: note: in file included from <module-includes>:1:
1 | #include "signal.h"
  |          `- note: in file included from <module-includes>:1:
2 |
[681/1471] Compiling Configuration ConfigReader+methods.swift
/host/spi-builder-workspace/.build/checkouts/GraphQL/Sources/GraphQL/Execution/Execute.swift:1:8: error: no such module 'Dispatch'
   1 | import Dispatch
     |        `- error: no such module 'Dispatch'
   2 | import OrderedCollections
   3 |
/root/.swiftpm/swift-sdks/swift-6.2-RELEASE_wasm.artifactbundle/swift-6.2-RELEASE_wasm/wasm32-unknown-wasip1/swift.xctoolchain/usr/lib/swift_static/CoreFoundation/CoreFoundation.h:28:10: note: while building module 'wasi_emulated_signal' imported from /root/.swiftpm/swift-sdks/swift-6.2-RELEASE_wasm.artifactbundle/swift-6.2-RELEASE_wasm/wasm32-unknown-wasip1/swift.xctoolchain/usr/lib/swift_static/CoreFoundation/CoreFoundation.h:28:
 26 | #include <setjmp.h>
 27 | #endif
 28 | #include <signal.h>
    |          `- note: while building module 'wasi_emulated_signal' imported from /root/.swiftpm/swift-sdks/swift-6.2-RELEASE_wasm.artifactbundle/swift-6.2-RELEASE_wasm/wasm32-unknown-wasip1/swift.xctoolchain/usr/lib/swift_static/CoreFoundation/CoreFoundation.h:28:
 29 | #include <stddef.h>
 30 | #include <stdio.h>
<module-includes>:1:10: note: in file included from <module-includes>:1:
1 | #include "signal.h"
  |          `- note: in file included from <module-includes>:1:
2 |
[682/1471] Compiling Configuration ConfigReader.swift
/host/spi-builder-workspace/.build/checkouts/GraphQL/Sources/GraphQL/Execution/Execute.swift:1:8: error: no such module 'Dispatch'
   1 | import Dispatch
     |        `- error: no such module 'Dispatch'
   2 | import OrderedCollections
   3 |
/root/.swiftpm/swift-sdks/swift-6.2-RELEASE_wasm.artifactbundle/swift-6.2-RELEASE_wasm/wasm32-unknown-wasip1/swift.xctoolchain/usr/lib/swift_static/CoreFoundation/CoreFoundation.h:28:10: note: while building module 'wasi_emulated_signal' imported from /root/.swiftpm/swift-sdks/swift-6.2-RELEASE_wasm.artifactbundle/swift-6.2-RELEASE_wasm/wasm32-unknown-wasip1/swift.xctoolchain/usr/lib/swift_static/CoreFoundation/CoreFoundation.h:28:
 26 | #include <setjmp.h>
 27 | #endif
 28 | #include <signal.h>
    |          `- note: while building module 'wasi_emulated_signal' imported from /root/.swiftpm/swift-sdks/swift-6.2-RELEASE_wasm.artifactbundle/swift-6.2-RELEASE_wasm/wasm32-unknown-wasip1/swift.xctoolchain/usr/lib/swift_static/CoreFoundation/CoreFoundation.h:28:
 29 | #include <stddef.h>
 30 | #include <stdio.h>
<module-includes>:1:10: note: in file included from <module-includes>:1:
1 | #include "signal.h"
  |          `- note: in file included from <module-includes>:1:
2 |
[683/1471] Compiling Configuration ConfigSnapshotReader+methods.swift
/host/spi-builder-workspace/.build/checkouts/GraphQL/Sources/GraphQL/Execution/Execute.swift:1:8: error: no such module 'Dispatch'
   1 | import Dispatch
     |        `- error: no such module 'Dispatch'
   2 | import OrderedCollections
   3 |
/root/.swiftpm/swift-sdks/swift-6.2-RELEASE_wasm.artifactbundle/swift-6.2-RELEASE_wasm/wasm32-unknown-wasip1/swift.xctoolchain/usr/lib/swift_static/CoreFoundation/CoreFoundation.h:28:10: note: while building module 'wasi_emulated_signal' imported from /root/.swiftpm/swift-sdks/swift-6.2-RELEASE_wasm.artifactbundle/swift-6.2-RELEASE_wasm/wasm32-unknown-wasip1/swift.xctoolchain/usr/lib/swift_static/CoreFoundation/CoreFoundation.h:28:
 26 | #include <setjmp.h>
 27 | #endif
 28 | #include <signal.h>
    |          `- note: while building module 'wasi_emulated_signal' imported from /root/.swiftpm/swift-sdks/swift-6.2-RELEASE_wasm.artifactbundle/swift-6.2-RELEASE_wasm/wasm32-unknown-wasip1/swift.xctoolchain/usr/lib/swift_static/CoreFoundation/CoreFoundation.h:28:
 29 | #include <stddef.h>
 30 | #include <stdio.h>
<module-includes>:1:10: note: in file included from <module-includes>:1:
1 | #include "signal.h"
  |          `- note: in file included from <module-includes>:1:
2 |
[684/1471] Compiling Configuration ConfigSnapshotReader.swift
/host/spi-builder-workspace/.build/checkouts/GraphQL/Sources/GraphQL/Execution/Execute.swift:1:8: error: no such module 'Dispatch'
   1 | import Dispatch
     |        `- error: no such module 'Dispatch'
   2 | import OrderedCollections
   3 |
/root/.swiftpm/swift-sdks/swift-6.2-RELEASE_wasm.artifactbundle/swift-6.2-RELEASE_wasm/wasm32-unknown-wasip1/swift.xctoolchain/usr/lib/swift_static/CoreFoundation/CoreFoundation.h:28:10: note: while building module 'wasi_emulated_signal' imported from /root/.swiftpm/swift-sdks/swift-6.2-RELEASE_wasm.artifactbundle/swift-6.2-RELEASE_wasm/wasm32-unknown-wasip1/swift.xctoolchain/usr/lib/swift_static/CoreFoundation/CoreFoundation.h:28:
 26 | #include <setjmp.h>
 27 | #endif
 28 | #include <signal.h>
    |          `- note: while building module 'wasi_emulated_signal' imported from /root/.swiftpm/swift-sdks/swift-6.2-RELEASE_wasm.artifactbundle/swift-6.2-RELEASE_wasm/wasm32-unknown-wasip1/swift.xctoolchain/usr/lib/swift_static/CoreFoundation/CoreFoundation.h:28:
 29 | #include <stddef.h>
 30 | #include <stdio.h>
<module-includes>:1:10: note: in file included from <module-includes>:1:
1 | #include "signal.h"
  |          `- note: in file included from <module-includes>:1:
2 |
[684/1471] Compiling encrypted_client_hello.cc
[684/1471] Compiling extensions.cc
[684/1471] Compiling handshake_client.cc
[684/1471] Compiling handshake.cc
[684/1471] Compiling handoff.cc
[684/1471] Compiling handshake_server.cc
BUILD FAILURE 6.2 wasm