Build Information
Failed to build Helical, reference main (e7e494), with Swift 6.3 for Wasm on 9 Oct 2026 20:53:26 UTC.
Build Command
bash -c docker run --pull=always --rm -v "checkouts-54344847-2":/host -w "$PWD" -e JAVA_HOME="/root/.sdkman/candidates/java/current" -e SPI_BUILD="1" -e SPI_PROCESSING="1" registry.gitlab.com/saguaro1/spi-images:wasm-6.3-latest swift build --swift-sdk swift-6.3.2-RELEASE_wasm 2>&1Build Log
========================================
RunAll
========================================
Builder version: 5.1.1
Interrupt handler set up.
========================================
Checkout
========================================
Clone URL: https://github.com/tomasf/Helical.git
Reference: main
Initialized empty Git repository in /host/spi-builder-workspace/.git/
hint: Using 'master' as the name for the initial branch. This default branch name
hint: is subject to change. To configure the initial branch name to use in all
hint: of your new repositories, which will suppress this warning, call:
hint:
hint: git config --global init.defaultBranch <name>
hint:
hint: Names commonly chosen instead of 'master' are 'main', 'trunk' and
hint: 'development'. The just-created branch can be renamed via this command:
hint:
hint: git branch -m <name>
From https://github.com/tomasf/Helical
* branch main -> FETCH_HEAD
* [new branch] main -> origin/main
HEAD is now at e7e494b Merge branch 'cadova-1.0'
Cloned https://github.com/tomasf/Helical.git
Revision (git rev-parse @):
e7e494b3c6baae182fe2b1a4c3669b5d2d63b920
SUCCESS checkout https://github.com/tomasf/Helical.git at main
========================================
Build
========================================
Selected platform: wasm
Swift version: 6.3
Building package at path: $PWD
https://github.com/tomasf/Helical.git
Running build ...
bash -c docker run --pull=always --rm -v "checkouts-54344847-2":/host -w "$PWD" -e JAVA_HOME="/root/.sdkman/candidates/java/current" -e SPI_BUILD="1" -e SPI_PROCESSING="1" registry.gitlab.com/saguaro1/spi-images:wasm-6.3-latest swift build --swift-sdk swift-6.3.2-RELEASE_wasm 2>&1
wasm-6.3-latest: Pulling from saguaro1/spi-images
Digest: sha256:df2e9038ff906af397ec7b7e13902ccb183f8867606bc33419e44453a9abdb4b
Status: Image is up to date for registry.gitlab.com/saguaro1/spi-images:wasm-6.3-latest
Fetching https://github.com/tomasf/Cadova.git
[1/21345] Fetching cadova
Fetched https://github.com/tomasf/Cadova.git from cache (1.21s)
Computing version for https://github.com/tomasf/Cadova.git
Computed https://github.com/tomasf/Cadova.git at 1.0.0 (2.35s)
Fetching https://github.com/tomasf/manifold-swift.git
Fetching https://github.com/tomasf/Pelagos.git
Fetching https://github.com/tomasf/ThreeMF.git
Fetching https://github.com/tomasf/Apus.git
Fetching https://github.com/tomasf/CadovaLiveLink.git
[1/495] Fetching pelagos
[323/626] Fetching pelagos, cadovalivelink
Fetched https://github.com/tomasf/Pelagos.git from cache (0.37s)
[1/1462] Fetching apus
[440/2282] Fetching apus, threemf
[2085/3167] Fetching apus, threemf, manifold-swift
Fetched https://github.com/tomasf/CadovaLiveLink.git from cache (0.59s)
Fetched https://github.com/tomasf/manifold-swift.git from cache (0.99s)
Fetched https://github.com/tomasf/Apus.git from cache (0.99s)
Fetched https://github.com/tomasf/ThreeMF.git from cache (1.00s)
Computing version for https://github.com/tomasf/CadovaLiveLink.git
Computed https://github.com/tomasf/CadovaLiveLink.git at 0.2.1 (1.15s)
Computing version for https://github.com/tomasf/Pelagos.git
Computed https://github.com/tomasf/Pelagos.git at 0.1.4 (0.13s)
Fetching https://github.com/tomasf/Nodal.git
[1/873] Fetching nodal
Fetched https://github.com/tomasf/Nodal.git from cache (0.41s)
Computing version for https://github.com/tomasf/Apus.git
Computed https://github.com/tomasf/Apus.git at 0.1.4 (0.57s)
Computing version for https://github.com/tomasf/ThreeMF.git
Computed https://github.com/tomasf/ThreeMF.git at 0.3.2 (0.13s)
Fetching https://github.com/tomasf/Zip.git
[1/216] Fetching zip
Fetched https://github.com/tomasf/Zip.git from cache (0.38s)
Computing version for https://github.com/tomasf/manifold-swift.git
Computed https://github.com/tomasf/manifold-swift.git at 1.1.2 (0.55s)
Computing version for https://github.com/tomasf/Nodal.git
Computed https://github.com/tomasf/Nodal.git at 1.0.2 (0.16s)
Computing version for https://github.com/tomasf/Zip.git
Computed https://github.com/tomasf/Zip.git at 2.1.2 (0.17s)
Creating working copy for https://github.com/tomasf/Pelagos.git
Working copy of https://github.com/tomasf/Pelagos.git resolved at 0.1.4
Creating working copy for https://github.com/tomasf/manifold-swift.git
Working copy of https://github.com/tomasf/manifold-swift.git resolved at 1.1.2
Creating working copy for https://github.com/tomasf/Cadova.git
Working copy of https://github.com/tomasf/Cadova.git resolved at 1.0.0
Creating working copy for https://github.com/tomasf/Zip.git
Working copy of https://github.com/tomasf/Zip.git resolved at 2.1.2
Creating working copy for https://github.com/tomasf/Nodal.git
Working copy of https://github.com/tomasf/Nodal.git resolved at 1.0.2
Creating working copy for https://github.com/tomasf/CadovaLiveLink.git
Working copy of https://github.com/tomasf/CadovaLiveLink.git resolved at 0.2.1
Creating working copy for https://github.com/tomasf/Apus.git
Working copy of https://github.com/tomasf/Apus.git resolved at 0.1.4
Creating working copy for https://github.com/tomasf/ThreeMF.git
Working copy of https://github.com/tomasf/ThreeMF.git resolved at 0.3.2
Building for debugging...
In file included from /host/spi-builder-workspace/.build/checkouts/manifold-swift/External/oneTBB/src/tbb/version.cpp:17:
In file included from /host/spi-builder-workspace/.build/checkouts/manifold-swift/External/oneTBB/include/oneapi/tbb/version.h:22:
In file included from /host/spi-builder-workspace/.build/checkouts/manifold-swift/External/oneTBB/include/oneapi/tbb/detail/_config.h:37:
/host/spi-builder-workspace/.build/checkouts/manifold-swift/External/oneTBB/include/oneapi/tbb/detail/_export.h:27:6: error: "Unknown platform/compiler"
27 | #error "Unknown platform/compiler"
| ^
In file included from /host/spi-builder-workspace/.build/checkouts/manifold-swift/External/oneTBB/src/tbb/version.cpp:17:
/host/spi-builder-workspace/.build/checkouts/manifold-swift/External/oneTBB/include/oneapi/tbb/version.h:109:12: error: unknown type name '__TBB_EXPORT'
109 | extern "C" TBB_EXPORT const char* __TBB_EXPORTED_FUNC TBB_runtime_version();
| ^
/host/spi-builder-workspace/.build/checkouts/manifold-swift/External/oneTBB/include/oneapi/tbb/detail/_export.h:31:24: note: expanded from macro 'TBB_EXPORT'
31 | #define TBB_EXPORT __TBB_EXPORT
| ^
In file included from /host/spi-builder-workspace/.build/checkouts/manifold-swift/External/oneTBB/src/tbb/version.cpp:17:
/host/spi-builder-workspace/.build/checkouts/manifold-swift/External/oneTBB/include/oneapi/tbb/version.h:116:12: error: unknown type name '__TBB_EXPORT'
116 | extern "C" TBB_EXPORT int __TBB_EXPORTED_FUNC TBB_runtime_interface_version();
| ^
/host/spi-builder-workspace/.build/checkouts/manifold-swift/External/oneTBB/include/oneapi/tbb/detail/_export.h:31:24: note: expanded from macro 'TBB_EXPORT'
31 | #define TBB_EXPORT __TBB_EXPORT
| ^
3 errors generated.
[0/123] Compiling version.cpp
[0/123] Compiling pugixml.cpp
[0/123] Compiling threading_control.cpp
[0/123] Compiling smoothing.cpp
[0/123] Compiling ittnotify_static.c
[0/123] Compiling psaux.c
[0/123] Compiling impl.cpp
[0/123] Write swift-version-24593BA9C3E375BF.txt
BUILD FAILURE 6.3 wasm