The Swift Package Index logo.Swift Package Index

Build Information

Failed to build ResolvingContainer, reference master (5ffead), with Swift 6.4 for iOS using Xcode 27.0 on 21 Sep 2026 14:51:29 UTC.

Build Command

env DEVELOPER_DIR=/Applications/Xcode-27.0.0-Release.Candidate.app xcrun xcodebuild -IDEClonedSourcePackagesDirPathOverride=$PWD/.dependencies -skipMacroValidation -skipPackagePluginValidation -derivedDataPath $PWD/.derivedData build -scheme ResolvingContainer -destination generic/platform=iOS

Build Log

========================================
RunAll
========================================
Builder version: 5.1.0
Interrupt handler set up.
========================================
Checkout
========================================
Clone URL: https://github.com/Cozmonat/ResolvingContainer.git
Reference: master
Initialized empty Git repository in /Users/admin/builder/spi-builder-workspace/.git/
From https://github.com/Cozmonat/ResolvingContainer
 * branch            master     -> FETCH_HEAD
 * [new branch]      master     -> origin/master
HEAD is now at 5ffead9 Added ability to check if the instance of the object is stored in the container
Cloned https://github.com/Cozmonat/ResolvingContainer.git
Revision (git rev-parse @):
5ffead9d72e4d90adac37570e7abe7633ac495df
SUCCESS checkout https://github.com/Cozmonat/ResolvingContainer.git at master
========================================
Build
========================================
Selected platform:         iOS
Swift version:             6.4
Building package at path:  $PWD
https://github.com/Cozmonat/ResolvingContainer.git
Command line invocation:
    /Applications/Xcode-27.0.0-Release.Candidate.app/Contents/Developer/usr/bin/xcodebuild -IDEClonedSourcePackagesDirPathOverride=/Users/admin/builder/spi-builder-workspace/.dependencies -resolvePackageDependencies
Resolve Package Graph
Fetching from https://github.com/Quick/Nimble.git
Fetching from https://github.com/Quick/Quick.git
Creating working copy of package ‘Quick’
Checking out 3.1.2 of package ‘Quick’
Creating working copy of package ‘Nimble’
Checking out 8.1.2 of package ‘Nimble’
Resolved source packages:
  Nimble: https://github.com/Quick/Nimble.git @ 8.1.2
  Quick: https://github.com/Quick/Quick.git @ 3.1.2
resolved source packages: Nimble, Quick
{
  "dependencies" : [
  ],
  "manifest_display_name" : "ResolvingContainer",
  "name" : "ResolvingContainer",
  "path" : "/Users/admin/builder/spi-builder-workspace",
  "platforms" : [
    {
      "name" : "ios",
      "version" : "10.0"
    },
    {
      "name" : "macos",
      "version" : "10.12"
    },
    {
      "name" : "watchos",
      "version" : "3.0"
    },
    {
      "name" : "tvos",
      "version" : "10.0"
    }
  ],
  "products" : [
    {
      "name" : "ResolvingContainer",
      "targets" : [
        "ResolvingContainer"
      ],
      "type" : {
        "library" : [
          "automatic"
        ]
      }
    }
  ],
  "swift_languages_versions" : [
    "5"
  ],
  "targets" : [
    {
      "c99name" : "ResolvingContainer",
      "module_type" : "SwiftTarget",
      "name" : "ResolvingContainer",
      "path" : "ResolvingContainer",
      "product_memberships" : [
        "ResolvingContainer"
      ],
      "sources" : [
        "ResolvingContainer.swift"
      ],
      "type" : "library"
    }
  ],
  "tools_version" : "5.0"
}
{
  "project" : {
    "configurations" : [
      "Debug",
      "Release"
    ],
    "name" : "ResolvingContainer",
    "schemes" : [
      "ResolvingContainer"
    ],
    "targets" : [
      "ResolvingContainer",
      "ResolvingContainerTests"
    ]
  }
}
Running build ...
env DEVELOPER_DIR=/Applications/Xcode-27.0.0-Release.Candidate.app xcrun xcodebuild -IDEClonedSourcePackagesDirPathOverride=$PWD/.dependencies -skipMacroValidation -skipPackagePluginValidation -derivedDataPath $PWD/.derivedData build -scheme ResolvingContainer -destination generic/platform=iOS
Command line invocation:
    /Applications/Xcode-27.0.0-Release.Candidate.app/Contents/Developer/usr/bin/xcodebuild -IDEClonedSourcePackagesDirPathOverride=/Users/admin/builder/spi-builder-workspace/.dependencies -skipMacroValidation -skipPackagePluginValidation -derivedDataPath /Users/admin/builder/spi-builder-workspace/.derivedData build -scheme ResolvingContainer -destination generic/platform=iOS
Resolve Package Graph
Resolved source packages:
  Nimble: https://github.com/Quick/Nimble.git @ 8.1.2
  Quick: https://github.com/Quick/Quick.git @ 3.1.2
ComputePackagePrebuildTargetDependencyGraph
Prepare packages
CreateBuildRequest
SendProjectDescription
CreateBuildOperation
ComputeTargetDependencyGraph
note: Building targets in dependency order
note: Target dependency graph (1 target)
    Target 'ResolvingContainer' in project 'ResolvingContainer' (no dependencies)
GatherProvisioningInputs
CreateBuildDescription
ExecuteExternalTool /Applications/Xcode-27.0.0-Release.Candidate.app/Contents/Developer/Toolchains/XcodeDefault.xctoolchain/usr/bin/clang -v -E -dM -isysroot /Applications/Xcode-27.0.0-Release.Candidate.app/Contents/Developer/Platforms/iPhoneOS.platform/Developer/SDKs/iPhoneOS27.0.sdk -x c -c /dev/null
ExecuteExternalTool /Applications/Xcode-27.0.0-Release.Candidate.app/Contents/Developer/Toolchains/XcodeDefault.xctoolchain/usr/bin/clang -v -E -dM -arch arm64 -isysroot /Applications/Xcode-27.0.0-Release.Candidate.app/Contents/Developer/Platforms/iPhoneOS.platform/Developer/SDKs/iPhoneOS27.0.sdk -x c -c /dev/null
ExecuteExternalTool /Applications/Xcode-27.0.0-Release.Candidate.app/Contents/Developer/Toolchains/XcodeDefault.xctoolchain/usr/bin/swiftc --version
ExecuteExternalTool /Applications/Xcode-27.0.0-Release.Candidate.app/Contents/Developer/Toolchains/XcodeDefault.xctoolchain/usr/bin/ld -version_details
Build description signature: 0f81d0b0c7d4321f0ca0ccd9eae38ad2
Build description path: /Users/admin/builder/spi-builder-workspace/.derivedData/Build/Intermediates.noindex/XCBuildData/0f81d0b0c7d4321f0ca0ccd9eae38ad2.xcbuilddata
/Users/admin/builder/spi-builder-workspace/ResolvingContainer.xcodeproj: error: The iOS deployment target 'IPHONEOS_DEPLOYMENT_TARGET' is set to 13.0, but the range of supported deployment target versions is 15.0 to 27.0.x. (in target 'ResolvingContainer' from project 'ResolvingContainer')
** BUILD FAILED **
The following build commands failed:
	Building project ResolvingContainer with scheme ResolvingContainer
(1 failure)
Command line invocation:
    /Applications/Xcode-27.0.0-Release.Candidate.app/Contents/Developer/usr/bin/xcodebuild -IDEClonedSourcePackagesDirPathOverride=/Users/admin/builder/spi-builder-workspace/.dependencies -resolvePackageDependencies
Resolve Package Graph
Resolved source packages:
  Nimble: https://github.com/Quick/Nimble.git @ 8.1.2
  Quick: https://github.com/Quick/Quick.git @ 3.1.2
resolved source packages: Nimble, Quick
{
  "dependencies" : [
  ],
  "manifest_display_name" : "ResolvingContainer",
  "name" : "ResolvingContainer",
  "path" : "/Users/admin/builder/spi-builder-workspace",
  "platforms" : [
    {
      "name" : "ios",
      "version" : "10.0"
    },
    {
      "name" : "macos",
      "version" : "10.12"
    },
    {
      "name" : "watchos",
      "version" : "3.0"
    },
    {
      "name" : "tvos",
      "version" : "10.0"
    }
  ],
  "products" : [
    {
      "name" : "ResolvingContainer",
      "targets" : [
        "ResolvingContainer"
      ],
      "type" : {
        "library" : [
          "automatic"
        ]
      }
    }
  ],
  "swift_languages_versions" : [
    "5"
  ],
  "targets" : [
    {
      "c99name" : "ResolvingContainer",
      "module_type" : "SwiftTarget",
      "name" : "ResolvingContainer",
      "path" : "ResolvingContainer",
      "product_memberships" : [
        "ResolvingContainer"
      ],
      "sources" : [
        "ResolvingContainer.swift"
      ],
      "type" : "library"
    }
  ],
  "tools_version" : "5.0"
}
{
  "project" : {
    "configurations" : [
      "Debug",
      "Release"
    ],
    "name" : "ResolvingContainer",
    "schemes" : [
      "ResolvingContainer"
    ],
    "targets" : [
      "ResolvingContainer",
      "ResolvingContainerTests"
    ]
  }
}
Running build ...
env DEVELOPER_DIR=/Applications/Xcode-27.0.0-Release.Candidate.app xcrun xcodebuild -IDEClonedSourcePackagesDirPathOverride=$PWD/.dependencies -skipMacroValidation -skipPackagePluginValidation -derivedDataPath $PWD/.derivedData build -scheme ResolvingContainer -destination generic/platform=iOS
Command line invocation:
    /Applications/Xcode-27.0.0-Release.Candidate.app/Contents/Developer/usr/bin/xcodebuild -IDEClonedSourcePackagesDirPathOverride=/Users/admin/builder/spi-builder-workspace/.dependencies -skipMacroValidation -skipPackagePluginValidation -derivedDataPath /Users/admin/builder/spi-builder-workspace/.derivedData build -scheme ResolvingContainer -destination generic/platform=iOS
Resolve Package Graph
Resolved source packages:
  Quick: https://github.com/Quick/Quick.git @ 3.1.2
  Nimble: https://github.com/Quick/Nimble.git @ 8.1.2
ComputePackagePrebuildTargetDependencyGraph
Prepare packages
CreateBuildRequest
SendProjectDescription
CreateBuildOperation
ComputeTargetDependencyGraph
note: Building targets in dependency order
note: Target dependency graph (1 target)
    Target 'ResolvingContainer' in project 'ResolvingContainer' (no dependencies)
GatherProvisioningInputs
CreateBuildDescription
/Users/admin/builder/spi-builder-workspace/ResolvingContainer.xcodeproj: error: The iOS deployment target 'IPHONEOS_DEPLOYMENT_TARGET' is set to 13.0, but the range of supported deployment target versions is 15.0 to 27.0.x. (in target 'ResolvingContainer' from project 'ResolvingContainer')
** BUILD FAILED **
The following build commands failed:
	Building project ResolvingContainer with scheme ResolvingContainer
(1 failure)
BUILD FAILURE 6.4 iOS