Build Information
Failed to build RemoteRequest, reference master (841875), with Swift 6.4 for watchOS using Xcode 27.0 on 26 Sep 2026 18:00:35 UTC.
Build Command
env DEVELOPER_DIR=/Applications/Xcode-27.0.0-Release.Candidate.app xcrun xcodebuild -IDEClonedSourcePackagesDirPathOverride=$PWD/.dependencies -skipMacroValidation -skipPackagePluginValidation -derivedDataPath $PWD/.derivedData build -scheme RemoteRequest -destination generic/platform=watchOSBuild Log
========================================
RunAll
========================================
Builder version: 5.1.0
Interrupt handler set up.
========================================
Checkout
========================================
Clone URL: https://github.com/moslienko/RemoteRequest.git
Reference: master
Initialized empty Git repository in /Users/admin/builder/spi-builder-workspace/.git/
From https://github.com/moslienko/RemoteRequest
* branch master -> FETCH_HEAD
* [new branch] master -> origin/master
HEAD is now at 841875c Update README.md
Cloned https://github.com/moslienko/RemoteRequest.git
Revision (git rev-parse @):
841875cce61aa4191ddb9740147dae0300330ac3
SUCCESS checkout https://github.com/moslienko/RemoteRequest.git at master
========================================
Build
========================================
Selected platform: watchOS
Swift version: 6.4
Building package at path: $PWD
https://github.com/moslienko/RemoteRequest.git
Command line invocation:
/Applications/Xcode-27.0.0-Release.Candidate.app/Contents/Developer/usr/bin/xcodebuild -IDEClonedSourcePackagesDirPathOverride=/Users/admin/builder/spi-builder-workspace/.dependencies -resolvePackageDependencies
resolved source packages:
{
"dependencies" : [
],
"manifest_display_name" : "RemoteRequest",
"name" : "RemoteRequest",
"path" : "/Users/admin/builder/spi-builder-workspace",
"platforms" : [
{
"name" : "ios",
"version" : "11.0"
},
{
"name" : "tvos",
"version" : "9.0"
},
{
"name" : "watchos",
"version" : "2.0"
},
{
"name" : "macos",
"version" : "10.10"
}
],
"products" : [
{
"name" : "RemoteRequest",
"targets" : [
"RemoteRequest"
],
"type" : {
"library" : [
"automatic"
]
}
}
],
"targets" : [
{
"c99name" : "RemoteRequestTests",
"module_type" : "SwiftTarget",
"name" : "RemoteRequestTests",
"path" : "Tests",
"sources" : [
"LinuxMain.swift",
"RemoteRequestTests.swift"
],
"target_dependencies" : [
"RemoteRequest"
],
"type" : "test"
},
{
"c99name" : "RemoteRequest",
"module_type" : "SwiftTarget",
"name" : "RemoteRequest",
"path" : "Sources",
"product_memberships" : [
"RemoteRequest"
],
"sources" : [
"RemoteRequest/CacheManager.swift",
"RemoteRequest/Extensions/URLRequest+Ext.swift",
"RemoteRequest/Models/EmptyResponse.swift",
"RemoteRequest/Models/HTTPMethod.swift",
"RemoteRequest/Models/Headers/Appendable.swift",
"RemoteRequest/Models/Headers/Header.swift",
"RemoteRequest/Models/Headers/HeaderBuilder.swift",
"RemoteRequest/Models/InputFile.swift",
"RemoteRequest/Models/MultipartFormData.swift",
"RemoteRequest/Models/Options/LoggingLevels.swift",
"RemoteRequest/Models/Options/RouteOptions.swift",
"RemoteRequest/Models/Protocols/HTTPRequestProtocol.swift",
"RemoteRequest/Models/Protocols/InputBodyObject.swift",
"RemoteRequest/Models/Protocols/ObjectMappable.swift",
"RemoteRequest/Models/Protocols/RestError.swift",
"RemoteRequest/Models/Protocols/RouteRestProtocol.swift",
"RemoteRequest/Models/Protocols/RouteUploadProtocol.swift",
"RemoteRequest/Models/Protocols/UploadRequestProtocol.swift",
"RemoteRequest/Models/RestErrorResponse.swift",
"RemoteRequest/Models/ResultData.swift",
"RemoteRequest/Rest.swift",
"RemoteRequest/Route.swift",
"RemoteRequest/UploadRoute.swift"
],
"type" : "library"
}
],
"tools_version" : "5.3"
}
{
"project" : {
"configurations" : [
"Debug",
"Release"
],
"name" : "RemoteRequest",
"schemes" : [
"Example",
"RemoteRequest-iOS",
"RemoteRequest-macOS",
"RemoteRequest-tvOS",
"RemoteRequest-watchOS"
],
"targets" : [
"RemoteRequest-iOS",
"RemoteRequest-tvOS",
"RemoteRequest-watchOS",
"RemoteRequest-macOS",
"RemoteRequest-iOSTests",
"RemoteRequest-tvOSTests",
"RemoteRequest-macOSTests",
"Example"
]
}
}
{
"workspace" : {
"name" : "RemoteRequest",
"schemes" : [
"RemoteRequest"
]
}
}
2026-09-26 14:00:21.801 xcodebuild[653:4156] [MT] IDERunDestination: Supported platforms for the buildables in the current scheme is empty.
Running build ...
env DEVELOPER_DIR=/Applications/Xcode-27.0.0-Release.Candidate.app xcrun xcodebuild -IDEClonedSourcePackagesDirPathOverride=$PWD/.dependencies -skipMacroValidation -skipPackagePluginValidation -derivedDataPath $PWD/.derivedData build -scheme RemoteRequest -destination generic/platform=watchOS
Command line invocation:
/Applications/Xcode-27.0.0-Release.Candidate.app/Contents/Developer/usr/bin/xcodebuild -IDEClonedSourcePackagesDirPathOverride=/Users/admin/builder/spi-builder-workspace/.dependencies -skipMacroValidation -skipPackagePluginValidation -derivedDataPath /Users/admin/builder/spi-builder-workspace/.derivedData build -scheme RemoteRequest -destination generic/platform=watchOS
Resolve Package Graph
Resolved source packages:
RemoteRequest: /Users/admin/builder/spi-builder-workspace
ComputePackagePrebuildTargetDependencyGraph
Prepare packages
CreateBuildRequest
SendProjectDescription
CreateBuildOperation
ComputeTargetDependencyGraph
note: Building targets in dependency order
note: Target dependency graph (2 targets)
Target 'RemoteRequest-product' in project 'RemoteRequest'
➜ Explicit dependency on target 'RemoteRequest' in project 'RemoteRequest'
Target 'RemoteRequest' in project 'RemoteRequest' (no dependencies)
GatherProvisioningInputs
CreateBuildDescription
ExecuteExternalTool /Applications/Xcode-27.0.0-Release.Candidate.app/Contents/Developer/Toolchains/XcodeDefault.xctoolchain/usr/bin/clang -v -E -dM -isysroot /Applications/Xcode-27.0.0-Release.Candidate.app/Contents/Developer/Platforms/WatchOS.platform/Developer/SDKs/WatchOS27.0.sdk -x c -c /dev/null
ExecuteExternalTool /Applications/Xcode-27.0.0-Release.Candidate.app/Contents/Developer/Toolchains/XcodeDefault.xctoolchain/usr/bin/swiftc --version
ExecuteExternalTool /Applications/Xcode-27.0.0-Release.Candidate.app/Contents/Developer/Toolchains/XcodeDefault.xctoolchain/usr/bin/ld -version_details
Build description signature: 88b2fea1a5b3b888cce2db160a7ce24e
Build description path: /Users/admin/builder/spi-builder-workspace/.derivedData/Build/Intermediates.noindex/XCBuildData/88b2fea1a5b3b888cce2db160a7ce24e.xcbuilddata
CreateBuildDirectory /Users/admin/builder/spi-builder-workspace/.derivedData/SDKExplicitPrecompiledModules
cd /Users/admin/builder/spi-builder-workspace/.swiftpm/xcode
builtin-create-build-directory /Users/admin/builder/spi-builder-workspace/.derivedData/SDKExplicitPrecompiledModules
CreateBuildDirectory /Users/admin/builder/spi-builder-workspace/.derivedData/CompilationCache.noindex
cd /Users/admin/builder/spi-builder-workspace/.swiftpm/xcode
builtin-create-build-directory /Users/admin/builder/spi-builder-workspace/.derivedData/CompilationCache.noindex
CreateBuildDirectory /Users/admin/builder/spi-builder-workspace/.derivedData/ModuleCache.noindex
cd /Users/admin/builder/spi-builder-workspace/.swiftpm/xcode
builtin-create-build-directory /Users/admin/builder/spi-builder-workspace/.derivedData/ModuleCache.noindex
CreateBuildDirectory /Users/admin/builder/spi-builder-workspace/.derivedData/Build/Intermediates.noindex
cd /Users/admin/builder/spi-builder-workspace/.swiftpm/xcode
builtin-create-build-directory /Users/admin/builder/spi-builder-workspace/.derivedData/Build/Intermediates.noindex
CreateBuildDirectory /Users/admin/builder/spi-builder-workspace/.derivedData/Build/Products
cd /Users/admin/builder/spi-builder-workspace/.swiftpm/xcode
builtin-create-build-directory /Users/admin/builder/spi-builder-workspace/.derivedData/Build/Products
ClangStatCache /Applications/Xcode-27.0.0-Release.Candidate.app/Contents/Developer/Toolchains/XcodeDefault.xctoolchain/usr/bin/clang-stat-cache /Applications/Xcode-27.0.0-Release.Candidate.app/Contents/Developer/Platforms/WatchOS.platform/Developer/SDKs/WatchOS27.0.sdk /Users/admin/builder/spi-builder-workspace/.derivedData/SDKStatCaches.noindex/watchos27.0-24R360-e829b21a6f8c9b70876ba0858053c04477534ef55a1706bf4c1112bbb242f0a2.sdkstatcache
cd /Users/admin/builder/spi-builder-workspace/.swiftpm/xcode
/Applications/Xcode-27.0.0-Release.Candidate.app/Contents/Developer/Toolchains/XcodeDefault.xctoolchain/usr/bin/clang-stat-cache /Applications/Xcode-27.0.0-Release.Candidate.app/Contents/Developer/Platforms/WatchOS.platform/Developer/SDKs/WatchOS27.0.sdk -o /Users/admin/builder/spi-builder-workspace/.derivedData/SDKStatCaches.noindex/watchos27.0-24R360-e829b21a6f8c9b70876ba0858053c04477534ef55a1706bf4c1112bbb242f0a2.sdkstatcache
CreateBuildDirectory /Users/admin/builder/spi-builder-workspace/.derivedData/Build/Intermediates.noindex/SwiftExplicitPrecompiledModules
cd /Users/admin/builder/spi-builder-workspace/.swiftpm/xcode
builtin-create-build-directory /Users/admin/builder/spi-builder-workspace/.derivedData/Build/Intermediates.noindex/SwiftExplicitPrecompiledModules
CreateBuildDirectory /Users/admin/builder/spi-builder-workspace/.derivedData/Build/Intermediates.noindex/PrecompiledHeaders
cd /Users/admin/builder/spi-builder-workspace/.swiftpm/xcode
builtin-create-build-directory /Users/admin/builder/spi-builder-workspace/.derivedData/Build/Intermediates.noindex/PrecompiledHeaders
CreateBuildDirectory /Users/admin/builder/spi-builder-workspace/.derivedData/Build/Intermediates.noindex/ExplicitPrecompiledModules
cd /Users/admin/builder/spi-builder-workspace/.swiftpm/xcode
builtin-create-build-directory /Users/admin/builder/spi-builder-workspace/.derivedData/Build/Intermediates.noindex/ExplicitPrecompiledModules
CreateBuildDirectory /Users/admin/builder/spi-builder-workspace/.derivedData/Build/Intermediates.noindex/EagerLinkingTBDs/Debug-watchos
cd /Users/admin/builder/spi-builder-workspace/.swiftpm/xcode
builtin-create-build-directory /Users/admin/builder/spi-builder-workspace/.derivedData/Build/Intermediates.noindex/EagerLinkingTBDs/Debug-watchos
CreateBuildDirectory /Users/admin/builder/spi-builder-workspace/.derivedData/Build/Products/Debug-watchos
cd /Users/admin/builder/spi-builder-workspace/.swiftpm/xcode
builtin-create-build-directory /Users/admin/builder/spi-builder-workspace/.derivedData/Build/Products/Debug-watchos
CreateBuildDirectory /Users/admin/builder/spi-builder-workspace/.derivedData/Build/Products/Debug-watchos/PackageFrameworks
cd /Users/admin/builder/spi-builder-workspace/.swiftpm/xcode
builtin-create-build-directory /Users/admin/builder/spi-builder-workspace/.derivedData/Build/Products/Debug-watchos/PackageFrameworks
WriteAuxiliaryFile /Users/admin/builder/spi-builder-workspace/.derivedData/Build/Intermediates.noindex/RemoteRequest.build/Debug-watchos/RemoteRequest-t.build/RemoteRequest.DependencyStaticMetadataFileList (in target 'RemoteRequest' from project 'RemoteRequest')
cd /Users/admin/builder/spi-builder-workspace
write-file /Users/admin/builder/spi-builder-workspace/.derivedData/Build/Intermediates.noindex/RemoteRequest.build/Debug-watchos/RemoteRequest-t.build/RemoteRequest.DependencyStaticMetadataFileList
WriteAuxiliaryFile /Users/admin/builder/spi-builder-workspace/.derivedData/Build/Intermediates.noindex/RemoteRequest.build/Debug-watchos/RemoteRequest-t.build/RemoteRequest.DependencyMetadataFileList (in target 'RemoteRequest' from project 'RemoteRequest')
cd /Users/admin/builder/spi-builder-workspace
write-file /Users/admin/builder/spi-builder-workspace/.derivedData/Build/Intermediates.noindex/RemoteRequest.build/Debug-watchos/RemoteRequest-t.build/RemoteRequest.DependencyMetadataFileList
WriteAuxiliaryFile /Users/admin/builder/spi-builder-workspace/.derivedData/Build/Intermediates.noindex/RemoteRequest.build/Debug-watchos/RemoteRequest-t.build/RemoteRequest.modulemap (in target 'RemoteRequest' from project 'RemoteRequest')
cd /Users/admin/builder/spi-builder-workspace
write-file /Users/admin/builder/spi-builder-workspace/.derivedData/Build/Intermediates.noindex/RemoteRequest.build/Debug-watchos/RemoteRequest-t.build/RemoteRequest.modulemap
WriteAuxiliaryFile /Users/admin/builder/spi-builder-workspace/.derivedData/Build/Intermediates.noindex/RemoteRequest.build/Debug-watchos/RemoteRequest-t.build/Objects-normal/arm64_32/RemoteRequest.SwiftConstValuesFileList (in target 'RemoteRequest' from project 'RemoteRequest')
cd /Users/admin/builder/spi-builder-workspace
write-file /Users/admin/builder/spi-builder-workspace/.derivedData/Build/Intermediates.noindex/RemoteRequest.build/Debug-watchos/RemoteRequest-t.build/Objects-normal/arm64_32/RemoteRequest.SwiftConstValuesFileList
WriteAuxiliaryFile /Users/admin/builder/spi-builder-workspace/.derivedData/Build/Intermediates.noindex/RemoteRequest.build/Debug-watchos/RemoteRequest-t.build/Objects-normal/arm64_32/RemoteRequest-OutputFileMap.json (in target 'RemoteRequest' from project 'RemoteRequest')
cd /Users/admin/builder/spi-builder-workspace
write-file /Users/admin/builder/spi-builder-workspace/.derivedData/Build/Intermediates.noindex/RemoteRequest.build/Debug-watchos/RemoteRequest-t.build/Objects-normal/arm64_32/RemoteRequest-OutputFileMap.json
WriteAuxiliaryFile /Users/admin/builder/spi-builder-workspace/.derivedData/Build/Intermediates.noindex/RemoteRequest.build/Debug-watchos/RemoteRequest-t.build/Objects-normal/arm64_32/RemoteRequest.SwiftFileList (in target 'RemoteRequest' from project 'RemoteRequest')
cd /Users/admin/builder/spi-builder-workspace
write-file /Users/admin/builder/spi-builder-workspace/.derivedData/Build/Intermediates.noindex/RemoteRequest.build/Debug-watchos/RemoteRequest-t.build/Objects-normal/arm64_32/RemoteRequest.SwiftFileList
WriteAuxiliaryFile /Users/admin/builder/spi-builder-workspace/.derivedData/Build/Intermediates.noindex/RemoteRequest.build/Debug-watchos/RemoteRequest-t.build/Objects-normal/arm64_32/RemoteRequest_const_extract_protocols.json (in target 'RemoteRequest' from project 'RemoteRequest')
cd /Users/admin/builder/spi-builder-workspace
write-file /Users/admin/builder/spi-builder-workspace/.derivedData/Build/Intermediates.noindex/RemoteRequest.build/Debug-watchos/RemoteRequest-t.build/Objects-normal/arm64_32/RemoteRequest_const_extract_protocols.json
WriteAuxiliaryFile /Users/admin/builder/spi-builder-workspace/.derivedData/Build/Intermediates.noindex/RemoteRequest.build/Debug-watchos/RemoteRequest-t.build/Objects-normal/arm64_32/RemoteRequest.LinkFileList (in target 'RemoteRequest' from project 'RemoteRequest')
cd /Users/admin/builder/spi-builder-workspace
write-file /Users/admin/builder/spi-builder-workspace/.derivedData/Build/Intermediates.noindex/RemoteRequest.build/Debug-watchos/RemoteRequest-t.build/Objects-normal/arm64_32/RemoteRequest.LinkFileList
WriteAuxiliaryFile /Users/admin/builder/spi-builder-workspace/.derivedData/Build/Intermediates.noindex/RemoteRequest.build/Debug-watchos/RemoteRequest-t.build/Objects-normal/arm64/RemoteRequest_const_extract_protocols.json (in target 'RemoteRequest' from project 'RemoteRequest')
cd /Users/admin/builder/spi-builder-workspace
write-file /Users/admin/builder/spi-builder-workspace/.derivedData/Build/Intermediates.noindex/RemoteRequest.build/Debug-watchos/RemoteRequest-t.build/Objects-normal/arm64/RemoteRequest_const_extract_protocols.json
WriteAuxiliaryFile /Users/admin/builder/spi-builder-workspace/.derivedData/Build/Intermediates.noindex/RemoteRequest.build/Debug-watchos/RemoteRequest-t.build/Objects-normal/arm64/RemoteRequest.SwiftConstValuesFileList (in target 'RemoteRequest' from project 'RemoteRequest')
cd /Users/admin/builder/spi-builder-workspace
write-file /Users/admin/builder/spi-builder-workspace/.derivedData/Build/Intermediates.noindex/RemoteRequest.build/Debug-watchos/RemoteRequest-t.build/Objects-normal/arm64/RemoteRequest.SwiftConstValuesFileList
WriteAuxiliaryFile /Users/admin/builder/spi-builder-workspace/.derivedData/Build/Intermediates.noindex/RemoteRequest.build/Debug-watchos/RemoteRequest-t.build/Objects-normal/arm64/RemoteRequest.SwiftFileList (in target 'RemoteRequest' from project 'RemoteRequest')
cd /Users/admin/builder/spi-builder-workspace
write-file /Users/admin/builder/spi-builder-workspace/.derivedData/Build/Intermediates.noindex/RemoteRequest.build/Debug-watchos/RemoteRequest-t.build/Objects-normal/arm64/RemoteRequest.SwiftFileList
WriteAuxiliaryFile /Users/admin/builder/spi-builder-workspace/.derivedData/Build/Intermediates.noindex/RemoteRequest.build/Debug-watchos/RemoteRequest-t.build/Objects-normal/arm64/RemoteRequest.LinkFileList (in target 'RemoteRequest' from project 'RemoteRequest')
cd /Users/admin/builder/spi-builder-workspace
write-file /Users/admin/builder/spi-builder-workspace/.derivedData/Build/Intermediates.noindex/RemoteRequest.build/Debug-watchos/RemoteRequest-t.build/Objects-normal/arm64/RemoteRequest.LinkFileList
WriteAuxiliaryFile /Users/admin/builder/spi-builder-workspace/.derivedData/Build/Intermediates.noindex/RemoteRequest.build/Debug-watchos/RemoteRequest-t.build/Objects-normal/arm64/RemoteRequest-OutputFileMap.json (in target 'RemoteRequest' from project 'RemoteRequest')
cd /Users/admin/builder/spi-builder-workspace
write-file /Users/admin/builder/spi-builder-workspace/.derivedData/Build/Intermediates.noindex/RemoteRequest.build/Debug-watchos/RemoteRequest-t.build/Objects-normal/arm64/RemoteRequest-OutputFileMap.json
Copy /Users/admin/builder/spi-builder-workspace/.derivedData/Build/Intermediates.noindex/GeneratedModuleMaps-watchos/RemoteRequest.modulemap /Users/admin/builder/spi-builder-workspace/.derivedData/Build/Intermediates.noindex/RemoteRequest.build/Debug-watchos/RemoteRequest-t.build/RemoteRequest.modulemap (in target 'RemoteRequest' from project 'RemoteRequest')
cd /Users/admin/builder/spi-builder-workspace
builtin-copy -exclude .DS_Store -exclude CVS -exclude .svn -exclude .git -exclude .hg -resolve-src-symlinks /Users/admin/builder/spi-builder-workspace/.derivedData/Build/Intermediates.noindex/RemoteRequest.build/Debug-watchos/RemoteRequest-t.build/RemoteRequest.modulemap /Users/admin/builder/spi-builder-workspace/.derivedData/Build/Intermediates.noindex/GeneratedModuleMaps-watchos
SwiftDriver RemoteRequest normal arm64 com.apple.xcode.tools.swift.compiler (in target 'RemoteRequest' from project 'RemoteRequest')
cd /Users/admin/builder/spi-builder-workspace/.swiftpm/xcode
builtin-SwiftDriver -- /Applications/Xcode-27.0.0-Release.Candidate.app/Contents/Developer/Toolchains/XcodeDefault.xctoolchain/usr/bin/swiftc -parse-as-library -module-name RemoteRequest -Onone @/Users/admin/builder/spi-builder-workspace/.derivedData/Build/Intermediates.noindex/RemoteRequest.build/Debug-watchos/RemoteRequest-t.build/Objects-normal/arm64/RemoteRequest.SwiftFileList -DSWIFT_PACKAGE -DDEBUG -DSWIFT_MODULE_RESOURCE_BUNDLE_UNAVAILABLE -DXcode -plugin-path /Applications/Xcode-27.0.0-Release.Candidate.app/Contents/Developer/Toolchains/XcodeDefault.xctoolchain/usr/lib/swift/host/plugins/testing -enable-experimental-feature DebugDescriptionMacro -sdk /Applications/Xcode-27.0.0-Release.Candidate.app/Contents/Developer/Platforms/WatchOS.platform/Developer/SDKs/WatchOS27.0.sdk -target arm64-apple-watchos9.0 -g -module-cache-path /Users/admin/builder/spi-builder-workspace/.derivedData/ModuleCache.noindex -Xfrontend -serialize-debugging-options -profile-coverage-mapping -profile-generate -enable-testing -index-store-path /Users/admin/builder/spi-builder-workspace/.derivedData/Index.noindex/DataStore -Xcc -D_LIBCPP_HARDENING_MODE\=_LIBCPP_HARDENING_MODE_DEBUG -swift-version 5 -I /Users/admin/builder/spi-builder-workspace/.derivedData/Build/Products/Debug-watchos -Isystem /Applications/Xcode-27.0.0-Release.Candidate.app/Contents/Developer/Platforms/WatchOS.platform/Developer/usr/lib -F /Users/admin/builder/spi-builder-workspace/.derivedData/Build/Products/Debug-watchos -F /Applications/Xcode-27.0.0-Release.Candidate.app/Contents/Developer/Platforms/WatchOS.platform/Developer/Library/Frameworks -F /Applications/Xcode-27.0.0-Release.Candidate.app/Contents/Developer/Platforms/WatchOS.platform/Developer/SDKs/WatchOS27.0.sdk/Developer/Library/Frameworks -c -j10 -enable-batch-mode -incremental -Xcc -ivfsstatcache -Xcc /Users/admin/builder/spi-builder-workspace/.derivedData/SDKStatCaches.noindex/watchos27.0-24R360-e829b21a6f8c9b70876ba0858053c04477534ef55a1706bf4c1112bbb242f0a2.sdkstatcache -output-file-map /Users/admin/builder/spi-builder-workspace/.derivedData/Build/Intermediates.noindex/RemoteRequest.build/Debug-watchos/RemoteRequest-t.build/Objects-normal/arm64/RemoteRequest-OutputFileMap.json -save-temps -no-color-diagnostics -explicit-module-build -module-cache-path /Users/admin/builder/spi-builder-workspace/.derivedData/Build/Intermediates.noindex/SwiftExplicitPrecompiledModules -clang-scanner-module-cache-path /Users/admin/builder/spi-builder-workspace/.derivedData/ModuleCache.noindex -sdk-module-cache-path /Users/admin/builder/spi-builder-workspace/.derivedData/SDKExplicitPrecompiledModules -emit-dependencies -emit-module -emit-module-path /Users/admin/builder/spi-builder-workspace/.derivedData/Build/Intermediates.noindex/RemoteRequest.build/Debug-watchos/RemoteRequest-t.build/Objects-normal/arm64/RemoteRequest.swiftmodule -serialize-diagnostics -dependency-scan-serialize-diagnostics-path /Users/admin/builder/spi-builder-workspace/.derivedData/Build/Intermediates.noindex/RemoteRequest.build/Debug-watchos/RemoteRequest-t.build/Objects-normal/arm64/RemoteRequest-dependency-scan.dia -validate-clang-modules-once -clang-build-session-file /Users/admin/builder/spi-builder-workspace/.derivedData/ModuleCache.noindex/Session.modulevalidation -Xcc -fmodules-prune-interval\=86400 -Xcc -fmodules-prune-after\=345600 -emit-const-values -const-gather-protocols-list /Users/admin/builder/spi-builder-workspace/.derivedData/Build/Intermediates.noindex/RemoteRequest.build/Debug-watchos/RemoteRequest-t.build/Objects-normal/arm64/RemoteRequest_const_extract_protocols.json -Xcc -I/Users/admin/builder/spi-builder-workspace/.derivedData/Build/Products/Debug-watchos/include -Xcc -I/Users/admin/builder/spi-builder-workspace/.derivedData/Build/Intermediates.noindex/RemoteRequest.build/Debug-watchos/RemoteRequest-t.build/DerivedSources-normal/arm64 -Xcc -I/Users/admin/builder/spi-builder-workspace/.derivedData/Build/Intermediates.noindex/RemoteRequest.build/Debug-watchos/RemoteRequest-t.build/DerivedSources/arm64 -Xcc -I/Users/admin/builder/spi-builder-workspace/.derivedData/Build/Intermediates.noindex/RemoteRequest.build/Debug-watchos/RemoteRequest-t.build/DerivedSources -Xcc -DSWIFT_PACKAGE -Xcc -DDEBUG\=1 -emit-objc-header -emit-objc-header-path /Users/admin/builder/spi-builder-workspace/.derivedData/Build/Intermediates.noindex/RemoteRequest.build/Debug-watchos/RemoteRequest-t.build/Objects-normal/arm64/RemoteRequest-Swift.h -working-directory /Users/admin/builder/spi-builder-workspace/.swiftpm/xcode -experimental-emit-module-separately -disable-cmo
SwiftDriver RemoteRequest normal arm64_32 com.apple.xcode.tools.swift.compiler (in target 'RemoteRequest' from project 'RemoteRequest')
cd /Users/admin/builder/spi-builder-workspace/.swiftpm/xcode
builtin-SwiftDriver -- /Applications/Xcode-27.0.0-Release.Candidate.app/Contents/Developer/Toolchains/XcodeDefault.xctoolchain/usr/bin/swiftc -parse-as-library -module-name RemoteRequest -Onone @/Users/admin/builder/spi-builder-workspace/.derivedData/Build/Intermediates.noindex/RemoteRequest.build/Debug-watchos/RemoteRequest-t.build/Objects-normal/arm64_32/RemoteRequest.SwiftFileList -DSWIFT_PACKAGE -DDEBUG -DSWIFT_MODULE_RESOURCE_BUNDLE_UNAVAILABLE -DXcode -plugin-path /Applications/Xcode-27.0.0-Release.Candidate.app/Contents/Developer/Toolchains/XcodeDefault.xctoolchain/usr/lib/swift/host/plugins/testing -enable-experimental-feature DebugDescriptionMacro -sdk /Applications/Xcode-27.0.0-Release.Candidate.app/Contents/Developer/Platforms/WatchOS.platform/Developer/SDKs/WatchOS27.0.sdk -target arm64_32-apple-watchos9.0 -g -module-cache-path /Users/admin/builder/spi-builder-workspace/.derivedData/ModuleCache.noindex -Xfrontend -serialize-debugging-options -profile-coverage-mapping -profile-generate -enable-testing -index-store-path /Users/admin/builder/spi-builder-workspace/.derivedData/Index.noindex/DataStore -Xcc -D_LIBCPP_HARDENING_MODE\=_LIBCPP_HARDENING_MODE_DEBUG -swift-version 5 -I /Users/admin/builder/spi-builder-workspace/.derivedData/Build/Products/Debug-watchos -Isystem /Applications/Xcode-27.0.0-Release.Candidate.app/Contents/Developer/Platforms/WatchOS.platform/Developer/usr/lib -F /Users/admin/builder/spi-builder-workspace/.derivedData/Build/Products/Debug-watchos -F /Applications/Xcode-27.0.0-Release.Candidate.app/Contents/Developer/Platforms/WatchOS.platform/Developer/Library/Frameworks -F /Applications/Xcode-27.0.0-Release.Candidate.app/Contents/Developer/Platforms/WatchOS.platform/Developer/SDKs/WatchOS27.0.sdk/Developer/Library/Frameworks -c -j10 -enable-batch-mode -incremental -Xcc -ivfsstatcache -Xcc /Users/admin/builder/spi-builder-workspace/.derivedData/SDKStatCaches.noindex/watchos27.0-24R360-e829b21a6f8c9b70876ba0858053c04477534ef55a1706bf4c1112bbb242f0a2.sdkstatcache -output-file-map /Users/admin/builder/spi-builder-workspace/.derivedData/Build/Intermediates.noindex/RemoteRequest.build/Debug-watchos/RemoteRequest-t.build/Objects-normal/arm64_32/RemoteRequest-OutputFileMap.json -save-temps -no-color-diagnostics -explicit-module-build -module-cache-path /Users/admin/builder/spi-builder-workspace/.derivedData/Build/Intermediates.noindex/SwiftExplicitPrecompiledModules -clang-scanner-module-cache-path /Users/admin/builder/spi-builder-workspace/.derivedData/ModuleCache.noindex -sdk-module-cache-path /Users/admin/builder/spi-builder-workspace/.derivedData/SDKExplicitPrecompiledModules -emit-dependencies -emit-module -emit-module-path /Users/admin/builder/spi-builder-workspace/.derivedData/Build/Intermediates.noindex/RemoteRequest.build/Debug-watchos/RemoteRequest-t.build/Objects-normal/arm64_32/RemoteRequest.swiftmodule -serialize-diagnostics -dependency-scan-serialize-diagnostics-path /Users/admin/builder/spi-builder-workspace/.derivedData/Build/Intermediates.noindex/RemoteRequest.build/Debug-watchos/RemoteRequest-t.build/Objects-normal/arm64_32/RemoteRequest-dependency-scan.dia -validate-clang-modules-once -clang-build-session-file /Users/admin/builder/spi-builder-workspace/.derivedData/ModuleCache.noindex/Session.modulevalidation -Xcc -fmodules-prune-interval\=86400 -Xcc -fmodules-prune-after\=345600 -emit-const-values -const-gather-protocols-list /Users/admin/builder/spi-builder-workspace/.derivedData/Build/Intermediates.noindex/RemoteRequest.build/Debug-watchos/RemoteRequest-t.build/Objects-normal/arm64_32/RemoteRequest_const_extract_protocols.json -Xcc -I/Users/admin/builder/spi-builder-workspace/.derivedData/Build/Products/Debug-watchos/include -Xcc -I/Users/admin/builder/spi-builder-workspace/.derivedData/Build/Intermediates.noindex/RemoteRequest.build/Debug-watchos/RemoteRequest-t.build/DerivedSources-normal/arm64_32 -Xcc -I/Users/admin/builder/spi-builder-workspace/.derivedData/Build/Intermediates.noindex/RemoteRequest.build/Debug-watchos/RemoteRequest-t.build/DerivedSources/arm64_32 -Xcc -I/Users/admin/builder/spi-builder-workspace/.derivedData/Build/Intermediates.noindex/RemoteRequest.build/Debug-watchos/RemoteRequest-t.build/DerivedSources -Xcc -DSWIFT_PACKAGE -Xcc -DDEBUG\=1 -emit-objc-header -emit-objc-header-path /Users/admin/builder/spi-builder-workspace/.derivedData/Build/Intermediates.noindex/RemoteRequest.build/Debug-watchos/RemoteRequest-t.build/Objects-normal/arm64_32/RemoteRequest-Swift.h -working-directory /Users/admin/builder/spi-builder-workspace/.swiftpm/xcode -experimental-emit-module-separately -disable-cmo
SwiftExplicitDependencyGeneratePcm arm64_32 /Users/admin/builder/spi-builder-workspace/.derivedData/SDKExplicitPrecompiledModules/_Builtin_float-6KO8O3PEWRCA4WC6PPLOYO6WJ.pcm
SwiftExplicitDependencyGeneratePcm arm64_32 /Users/admin/builder/spi-builder-workspace/.derivedData/SDKExplicitPrecompiledModules/DeveloperToolsSupport-DZU5G1OCMNWU0AQRULIFHUJ1Z.pcm
SwiftExplicitDependencyGeneratePcm arm64_32 /Users/admin/builder/spi-builder-workspace/.derivedData/SDKExplicitPrecompiledModules/_AvailabilityInternal-244WAN3Z1QBT7PIA64EZEFY1R.pcm
SwiftExplicitDependencyGeneratePcm arm64_32 /Users/admin/builder/spi-builder-workspace/.derivedData/SDKExplicitPrecompiledModules/_Builtin_stdarg-D305JG44A2WPI6CJY37X3QJE8.pcm
SwiftExplicitDependencyGeneratePcm arm64_32 /Users/admin/builder/spi-builder-workspace/.derivedData/SDKExplicitPrecompiledModules/ptrauth-BFXF358ME5AK535N5A9Z766WU.pcm
SwiftExplicitDependencyGeneratePcm arm64_32 /Users/admin/builder/spi-builder-workspace/.derivedData/SDKExplicitPrecompiledModules/_SwiftConcurrencyShims-6RTBPQ03V7BM9SPRK8SUE055H.pcm
SwiftExplicitDependencyGeneratePcm arm64_32 /Users/admin/builder/spi-builder-workspace/.derivedData/SDKExplicitPrecompiledModules/_Builtin_stddef-H44EFHQX6XSS5MZ7QP6YJZ76.pcm
SwiftExplicitDependencyGeneratePcm arm64_32 /Users/admin/builder/spi-builder-workspace/.derivedData/SDKExplicitPrecompiledModules/SwiftShims-9CQQGWTSNTN9EB5NSHDWUJICH.pcm
SwiftExplicitDependencyGeneratePcm arm64_32 /Users/admin/builder/spi-builder-workspace/.derivedData/SDKExplicitPrecompiledModules/ptrcheck-7ELIH9BTIGVKX3UBITM9N72WD.pcm
SwiftExplicitDependencyGeneratePcm arm64_32 /Users/admin/builder/spi-builder-workspace/.derivedData/SDKExplicitPrecompiledModules/_Builtin_stdbool-A967K8W8YUYEC9SN52KJ7OO88.pcm
SwiftExplicitDependencyGeneratePcm arm64 /Users/admin/builder/spi-builder-workspace/.derivedData/SDKExplicitPrecompiledModules/_Builtin_stdbool-83J96QSOFE9VX04AAS6310UAE.pcm
SwiftExplicitDependencyGeneratePcm arm64 /Users/admin/builder/spi-builder-workspace/.derivedData/SDKExplicitPrecompiledModules/_AvailabilityInternal-BUNV3UXM65NT37THI4W1AM0SF.pcm
SwiftExplicitDependencyGeneratePcm arm64 /Users/admin/builder/spi-builder-workspace/.derivedData/SDKExplicitPrecompiledModules/_Builtin_stdarg-A7UU8LE6MP85SM26YO7PBZNUQ.pcm
SwiftExplicitDependencyGeneratePcm arm64 /Users/admin/builder/spi-builder-workspace/.derivedData/SDKExplicitPrecompiledModules/SwiftShims-4MXFZPV6FEB0XBYXCGPWAMQGL.pcm
SwiftExplicitDependencyGeneratePcm arm64 /Users/admin/builder/spi-builder-workspace/.derivedData/SDKExplicitPrecompiledModules/ptrcheck-AIF0NDOYZ8ORBNHQAQR5NNB8M.pcm
SwiftExplicitDependencyGeneratePcm arm64 /Users/admin/builder/spi-builder-workspace/.derivedData/SDKExplicitPrecompiledModules/ptrauth-3TZ9WJCGLYD25HQPWH4968ONX.pcm
SwiftExplicitDependencyGeneratePcm arm64 /Users/admin/builder/spi-builder-workspace/.derivedData/SDKExplicitPrecompiledModules/_SwiftConcurrencyShims-659N52XSKR5F0QSB880BH2FJR.pcm
SwiftExplicitDependencyGeneratePcm arm64 /Users/admin/builder/spi-builder-workspace/.derivedData/SDKExplicitPrecompiledModules/_Builtin_float-C0CW5Q4HGBQYKE77TC42IAFB5.pcm
SwiftExplicitDependencyGeneratePcm arm64 /Users/admin/builder/spi-builder-workspace/.derivedData/SDKExplicitPrecompiledModules/DeveloperToolsSupport-E7CNISCB36UE8XQ9IOHK9XDX1.pcm
SwiftExplicitDependencyGeneratePcm arm64 /Users/admin/builder/spi-builder-workspace/.derivedData/SDKExplicitPrecompiledModules/_Builtin_stddef-1FU30Y8SWFB7OUUHMJQH5J6FM.pcm
SwiftExplicitDependencyGeneratePcm arm64_32 /Users/admin/builder/spi-builder-workspace/.derivedData/SDKExplicitPrecompiledModules/_DarwinFoundation1-2GWF9RFMPLQW4PDHS3NARVI3G.pcm
SwiftExplicitDependencyGeneratePcm arm64 /Users/admin/builder/spi-builder-workspace/.derivedData/SDKExplicitPrecompiledModules/_DarwinFoundation1-7SPX3MD0HMP55E4OLNCPNDQ53.pcm
SwiftExplicitDependencyGeneratePcm arm64_32 /Users/admin/builder/spi-builder-workspace/.derivedData/SDKExplicitPrecompiledModules/_DarwinFoundation2-9MY8GOSYRO0M9MKNXF6D3MBNK.pcm
SwiftExplicitDependencyGeneratePcm arm64_32 /Users/admin/builder/spi-builder-workspace/.derivedData/SDKExplicitPrecompiledModules/_Builtin_limits-3VKBU2AFTD65PAJZ5CJ3LHFM2.pcm
SwiftExplicitDependencyGeneratePcm arm64 /Users/admin/builder/spi-builder-workspace/.derivedData/SDKExplicitPrecompiledModules/_DarwinFoundation2-D0XAPJU49S5E9XMKYOFGSTB1Q.pcm
SwiftExplicitDependencyGeneratePcm arm64 /Users/admin/builder/spi-builder-workspace/.derivedData/SDKExplicitPrecompiledModules/_Builtin_limits-9GWPA2B0H20DYUNYHYCWKABJG.pcm
SwiftExplicitDependencyGeneratePcm arm64_32 /Users/admin/builder/spi-builder-workspace/.derivedData/SDKExplicitPrecompiledModules/_Builtin_tgmath-23PGCKURCQILXMK0MYZRYDCOU.pcm
SwiftExplicitDependencyGeneratePcm arm64_32 /Users/admin/builder/spi-builder-workspace/.derivedData/SDKExplicitPrecompiledModules/_Builtin_stdint-1HMXWI3V0V4TXHRWZOMZGZ80Y.pcm
SwiftExplicitDependencyGeneratePcm arm64_32 /Users/admin/builder/spi-builder-workspace/.derivedData/SDKExplicitPrecompiledModules/string_h-BFVLUQUSBZWYMLCU9QI7VZALW.pcm
SwiftExplicitDependencyGeneratePcm arm64_32 /Users/admin/builder/spi-builder-workspace/.derivedData/SDKExplicitPrecompiledModules/sys_types-8TLLMW08ZJWDGIIPKOYFGHHZW.pcm
SwiftExplicitDependencyGeneratePcm arm64 /Users/admin/builder/spi-builder-workspace/.derivedData/SDKExplicitPrecompiledModules/_Builtin_tgmath-8NQ96OZ0YHXEC24JI95P01UF8.pcm
SwiftExplicitDependencyGeneratePcm arm64 /Users/admin/builder/spi-builder-workspace/.derivedData/SDKExplicitPrecompiledModules/sys_types-2KXQLI78OUCDP779AE68GZJ2.pcm
SwiftExplicitDependencyGeneratePcm arm64 /Users/admin/builder/spi-builder-workspace/.derivedData/SDKExplicitPrecompiledModules/string_h-E6PRXK75PHIPCZFWOFCQ3QBMK.pcm
SwiftExplicitDependencyGeneratePcm arm64 /Users/admin/builder/spi-builder-workspace/.derivedData/SDKExplicitPrecompiledModules/_Builtin_stdint-8XMILLJZEGRN2XG7XZUXZ5RLX.pcm
SwiftExplicitDependencyGeneratePcm arm64_32 /Users/admin/builder/spi-builder-workspace/.derivedData/SDKExplicitPrecompiledModules/_Builtin_intrinsics-196IIAKDQVU42DLOZP9OQCV76.pcm
SwiftExplicitDependencyGeneratePcm arm64_32 /Users/admin/builder/spi-builder-workspace/.derivedData/SDKExplicitPrecompiledModules/_Builtin_stdatomic-1TY035TURL76BF2U98PZPPZRX.pcm
SwiftExplicitDependencyGeneratePcm arm64_32 /Users/admin/builder/spi-builder-workspace/.derivedData/SDKExplicitPrecompiledModules/_DarwinFoundation3-3DUTYQDQSD9HUAAVY947NMWOI.pcm
SwiftExplicitDependencyGeneratePcm arm64 /Users/admin/builder/spi-builder-workspace/.derivedData/SDKExplicitPrecompiledModules/_Builtin_stdatomic-7JEFA3KBJJJN6TKJWY3OG1VG5.pcm
SwiftExplicitDependencyGeneratePcm arm64 /Users/admin/builder/spi-builder-workspace/.derivedData/SDKExplicitPrecompiledModules/_Builtin_intrinsics-75960HIPCIYA06IUW8FIIPQT.pcm
SwiftExplicitDependencyGeneratePcm arm64 /Users/admin/builder/spi-builder-workspace/.derivedData/SDKExplicitPrecompiledModules/_DarwinFoundation3-B97LRG0E9GON2NUE65TVG81HU.pcm
SwiftExplicitDependencyGeneratePcm arm64_32 /Users/admin/builder/spi-builder-workspace/.derivedData/SDKExplicitPrecompiledModules/_Builtin_inttypes-D2KPCR4PEX9AQA33NGLUT5SBR.pcm
SwiftExplicitDependencyGeneratePcm arm64 /Users/admin/builder/spi-builder-workspace/.derivedData/SDKExplicitPrecompiledModules/_Builtin_inttypes-3UQSCM7WNM9EK4HZML8TY5J3D.pcm
SwiftExplicitDependencyGeneratePcm arm64_32 /Users/admin/builder/spi-builder-workspace/.derivedData/SDKExplicitPrecompiledModules/Darwin-3FVT1SKLN2ZQ5RVOABMTQBB34.pcm
SwiftExplicitDependencyGeneratePcm arm64 /Users/admin/builder/spi-builder-workspace/.derivedData/SDKExplicitPrecompiledModules/Darwin-3984OXKFNSPE77NT743WK8SEX.pcm
SwiftExplicitDependencyGeneratePcm arm64_32 /Users/admin/builder/spi-builder-workspace/.derivedData/SDKExplicitPrecompiledModules/simd-21UNWYOBUZI1LVSQ99S1XBLMO.pcm
SwiftExplicitDependencyGeneratePcm arm64 /Users/admin/builder/spi-builder-workspace/.derivedData/SDKExplicitPrecompiledModules/simd-EH08NODU6574T74ZKU61VP9BW.pcm
SwiftExplicitDependencyGeneratePcm arm64_32 /Users/admin/builder/spi-builder-workspace/.derivedData/SDKExplicitPrecompiledModules/ObjectiveC-6IJNELR2E80E7LUKESVCP2KET.pcm
SwiftExplicitDependencyGeneratePcm arm64 /Users/admin/builder/spi-builder-workspace/.derivedData/SDKExplicitPrecompiledModules/ObjectiveC-72IVD3VS2RS8Q28D9PIMY0KQP.pcm
SwiftExplicitDependencyGeneratePcm arm64 /Users/admin/builder/spi-builder-workspace/.derivedData/SDKExplicitPrecompiledModules/MachO-2U90NNSAQILBNBPS1SA4F8TYP.pcm
SwiftExplicitDependencyGeneratePcm arm64_32 /Users/admin/builder/spi-builder-workspace/.derivedData/SDKExplicitPrecompiledModules/MachO-56838ZJ0NC1EBAJ0O6O8QMPDX.pcm
SwiftExplicitDependencyGeneratePcm arm64_32 /Users/admin/builder/spi-builder-workspace/.derivedData/SDKExplicitPrecompiledModules/os_object-5YWTC6L4756IWSTPGXS5NM0D0.pcm
SwiftExplicitDependencyGeneratePcm arm64 /Users/admin/builder/spi-builder-workspace/.derivedData/SDKExplicitPrecompiledModules/os_object-3SDKD7F87FTZ26OON37DRYT6O.pcm
SwiftExplicitDependencyGeneratePcm arm64_32 /Users/admin/builder/spi-builder-workspace/.derivedData/SDKExplicitPrecompiledModules/os_workgroup-5JHTPDMNBUNHLJI8LPHKQK1JK.pcm
SwiftExplicitDependencyGeneratePcm arm64 /Users/admin/builder/spi-builder-workspace/.derivedData/SDKExplicitPrecompiledModules/os_workgroup-89GG5G7YC2D0ZTK6AZXXQ20DH.pcm
SwiftExplicitDependencyGeneratePcm arm64_32 /Users/admin/builder/spi-builder-workspace/.derivedData/SDKExplicitPrecompiledModules/Spatial-CWVWNML3T0NXVHZDKVLD3X1YZ.pcm
SwiftExplicitDependencyGeneratePcm arm64 /Users/admin/builder/spi-builder-workspace/.derivedData/SDKExplicitPrecompiledModules/Spatial-44FJGYXFAT2AQAW9Z6T7YS02U.pcm
SwiftExplicitDependencyGeneratePcm arm64_32 /Users/admin/builder/spi-builder-workspace/.derivedData/SDKExplicitPrecompiledModules/Dispatch-2P62F1T4XV63S4P99TUDTOK2Q.pcm
SwiftExplicitDependencyGeneratePcm arm64 /Users/admin/builder/spi-builder-workspace/.derivedData/SDKExplicitPrecompiledModules/Dispatch-1NLJOVAK60XP0DUB05XA59EIM.pcm
SwiftExplicitDependencyGeneratePcm arm64 /Users/admin/builder/spi-builder-workspace/.derivedData/SDKExplicitPrecompiledModules/CoreFoundation-8T2L24YC5NU7WO6WQJWRY7W08.pcm
SwiftExplicitDependencyGeneratePcm arm64 /Users/admin/builder/spi-builder-workspace/.derivedData/SDKExplicitPrecompiledModules/XPC-40DR0X1DHKGCV4J1IOLFS8MOU.pcm
SwiftExplicitDependencyGeneratePcm arm64_32 /Users/admin/builder/spi-builder-workspace/.derivedData/SDKExplicitPrecompiledModules/CoreFoundation-8E6Y4BA3EXYKUGJ24GT9LGV3N.pcm
SwiftExplicitDependencyGeneratePcm arm64_32 /Users/admin/builder/spi-builder-workspace/.derivedData/SDKExplicitPrecompiledModules/XPC-81Y45QFY96XYYFCW2GT6FY8S4.pcm
SwiftExplicitDependencyGeneratePcm arm64 /Users/admin/builder/spi-builder-workspace/.derivedData/SDKExplicitPrecompiledModules/os-5DIL6Z9LFIGLMZAHM7X2T5435.pcm
SwiftExplicitDependencyGeneratePcm arm64_32 /Users/admin/builder/spi-builder-workspace/.derivedData/SDKExplicitPrecompiledModules/os-E5IGB442IA6SBB25TTCOLK2OC.pcm
SwiftExplicitDependencyGeneratePcm arm64 /Users/admin/builder/spi-builder-workspace/.derivedData/SDKExplicitPrecompiledModules/Security-6RZ6YBRU8WCUHRFFRVUK5WKMM.pcm
SwiftExplicitDependencyGeneratePcm arm64_32 /Users/admin/builder/spi-builder-workspace/.derivedData/SDKExplicitPrecompiledModules/Security-D7TOWF88VWF67TB9HAFP5UWB1.pcm
SwiftExplicitDependencyGeneratePcm arm64 /Users/admin/builder/spi-builder-workspace/.derivedData/SDKExplicitPrecompiledModules/CoreGraphics-DWNZ73GEH98SBJXZ7DEXB420K.pcm
SwiftExplicitDependencyGeneratePcm arm64_32 /Users/admin/builder/spi-builder-workspace/.derivedData/SDKExplicitPrecompiledModules/CoreGraphics-9FDXYX6BKBUT6TJ2VF819E7T5.pcm
SwiftExplicitDependencyGeneratePcm arm64 /Users/admin/builder/spi-builder-workspace/.derivedData/SDKExplicitPrecompiledModules/Foundation-DLBKUSGXN8QHAT8W0OARR9S8A.pcm
SwiftExplicitDependencyGeneratePcm arm64_32 /Users/admin/builder/spi-builder-workspace/.derivedData/SDKExplicitPrecompiledModules/Foundation-BJ2VQGI3OGR34500MEQ1VKHPH.pcm
SwiftExplicitDependencyGeneratePcm arm64 /Users/admin/builder/spi-builder-workspace/.derivedData/SDKExplicitPrecompiledModules/CoreText-970YJN6NIYGK1316L35Z0O8QT.pcm
SwiftExplicitDependencyGeneratePcm arm64 /Users/admin/builder/spi-builder-workspace/.derivedData/SDKExplicitPrecompiledModules/CoreVideo-8MRR5MNWUOAW2DBPGUQ8FKK4.pcm
SwiftExplicitDependencyGeneratePcm arm64_32 /Users/admin/builder/spi-builder-workspace/.derivedData/SDKExplicitPrecompiledModules/CoreVideo-2P8HI0403J99LBDPKNFJ5D4DL.pcm
SwiftExplicitDependencyGeneratePcm arm64_32 /Users/admin/builder/spi-builder-workspace/.derivedData/SDKExplicitPrecompiledModules/CoreText-C9X2REPZN2V5BSU4G80FCETDR.pcm
SwiftExplicitDependencyGeneratePcm arm64 /Users/admin/builder/spi-builder-workspace/.derivedData/SDKExplicitPrecompiledModules/Symbols-3EFABTJ9L5PQDJ7RQCYQWEJMM.pcm
SwiftExplicitDependencyGeneratePcm arm64 /Users/admin/builder/spi-builder-workspace/.derivedData/SDKExplicitPrecompiledModules/UIUtilities-IR7RNW23VAUKYI9MLCS9NL9A.pcm
SwiftExplicitDependencyGeneratePcm arm64 /Users/admin/builder/spi-builder-workspace/.derivedData/SDKExplicitPrecompiledModules/OSLog-B7VGO357Y3GJG35TST7DKDSI3.pcm
SwiftExplicitDependencyGeneratePcm arm64 /Users/admin/builder/spi-builder-workspace/.derivedData/SDKExplicitPrecompiledModules/DataDetection-7BNVI1SZW5ISQL5SX4WL2X7I5.pcm
SwiftExplicitDependencyGeneratePcm arm64 /Users/admin/builder/spi-builder-workspace/.derivedData/SDKExplicitPrecompiledModules/Accessibility-27QMG6ZQ1NKYTNBYFPM1XKNFC.pcm
SwiftExplicitDependencyGeneratePcm arm64 /Users/admin/builder/spi-builder-workspace/.derivedData/SDKExplicitPrecompiledModules/QuartzCore-94KFMWNOU7ZLUZNB4T5DLZC9D.pcm
SwiftExplicitDependencyGeneratePcm arm64 /Users/admin/builder/spi-builder-workspace/.derivedData/SDKExplicitPrecompiledModules/UserNotifications-ARAH8MEQ0C2L0FBO39HITJMAO.pcm
SwiftExplicitDependencyGeneratePcm arm64 /Users/admin/builder/spi-builder-workspace/.derivedData/SDKExplicitPrecompiledModules/_LocationEssentials-5ZZDGDXB6HLQUC72SJW7YJ7MK.pcm
SwiftExplicitDependencyGeneratePcm arm64 /Users/admin/builder/spi-builder-workspace/.derivedData/SDKExplicitPrecompiledModules/CoreTransferable-9PPG3SLJ55T4LITIFYX2M0NOZ.pcm
SwiftExplicitDependencyGeneratePcm arm64 /Users/admin/builder/spi-builder-workspace/.derivedData/SDKExplicitPrecompiledModules/UniformTypeIdentifiers-8L08Q8DQJV8C4AW84YVGFGTRN.pcm
SwiftExplicitDependencyGeneratePcm arm64_32 /Users/admin/builder/spi-builder-workspace/.derivedData/SDKExplicitPrecompiledModules/_LocationEssentials-AQ1OL9QKC3LQLY5CNSRM1HB53.pcm
SwiftExplicitDependencyGeneratePcm arm64_32 /Users/admin/builder/spi-builder-workspace/.derivedData/SDKExplicitPrecompiledModules/Accessibility-F385OMZ5GYBUY5O4QAJB4NRII.pcm
SwiftExplicitDependencyGeneratePcm arm64_32 /Users/admin/builder/spi-builder-workspace/.derivedData/SDKExplicitPrecompiledModules/UniformTypeIdentifiers-CJZ3NTHPSBH4XWX5EVOG56UZS.pcm
SwiftExplicitDependencyGeneratePcm arm64_32 /Users/admin/builder/spi-builder-workspace/.derivedData/SDKExplicitPrecompiledModules/OSLog-D9AVFY0KWO7RVBIQ73CBIJVCN.pcm
SwiftExplicitDependencyGeneratePcm arm64_32 /Users/admin/builder/spi-builder-workspace/.derivedData/SDKExplicitPrecompiledModules/UIUtilities-9YFVNIMRC5HRVOIARNWHP1E3H.pcm
SwiftExplicitDependencyGeneratePcm arm64 /Users/admin/builder/spi-builder-workspace/.derivedData/SDKExplicitPrecompiledModules/CoreLocation-ACKJ9K7ABI14F97Y46Y6SRR17.pcm
SwiftExplicitDependencyGeneratePcm arm64_32 /Users/admin/builder/spi-builder-workspace/.derivedData/SDKExplicitPrecompiledModules/CoreTransferable-5D4IR6X37682FPHJ5CBPTKQV6.pcm
SwiftExplicitDependencyGeneratePcm arm64_32 /Users/admin/builder/spi-builder-workspace/.derivedData/SDKExplicitPrecompiledModules/QuartzCore-6375NPYACK5NYVHPMC1QQ8MC2.pcm
SwiftExplicitDependencyGeneratePcm arm64_32 /Users/admin/builder/spi-builder-workspace/.derivedData/SDKExplicitPrecompiledModules/Symbols-1H97WMG76HU94F5VGJR19PXFY.pcm
SwiftExplicitDependencyGeneratePcm arm64_32 /Users/admin/builder/spi-builder-workspace/.derivedData/SDKExplicitPrecompiledModules/DataDetection-U9BF7WHFVA6BZGFXXXP272PS.pcm
SwiftExplicitDependencyGeneratePcm arm64 /Users/admin/builder/spi-builder-workspace/.derivedData/SDKExplicitPrecompiledModules/SwiftUICore-C1DST1IX2Z0PTH5SJJZ1IULRB.pcm
SwiftExplicitDependencyGeneratePcm arm64_32 /Users/admin/builder/spi-builder-workspace/.derivedData/SDKExplicitPrecompiledModules/CoreLocation-8XU5YMYM4P11RQMYCQAG65ITK.pcm
SwiftExplicitDependencyGeneratePcm arm64_32 /Users/admin/builder/spi-builder-workspace/.derivedData/SDKExplicitPrecompiledModules/UserNotifications-6TBN8TEAKO014N1T2QD926XED.pcm
SwiftExplicitDependencyGeneratePcm arm64 /Users/admin/builder/spi-builder-workspace/.derivedData/SDKExplicitPrecompiledModules/CoreMotion-6RD5K48QT1F4L9CATNFD2O7YB.pcm
SwiftExplicitDependencyGeneratePcm arm64_32 /Users/admin/builder/spi-builder-workspace/.derivedData/SDKExplicitPrecompiledModules/SwiftUICore-3Q7WLRD8MR9R3NGIPUBQCP6F6.pcm
SwiftExplicitDependencyGeneratePcm arm64_32 /Users/admin/builder/spi-builder-workspace/.derivedData/SDKExplicitPrecompiledModules/CoreMotion-1XGTVTE5PP32UHME8AC63TL6.pcm
SwiftExplicitDependencyGeneratePcm arm64 /Users/admin/builder/spi-builder-workspace/.derivedData/SDKExplicitPrecompiledModules/UIKit-27R3P1YMV4C6JLDT661G3MRIA.pcm
SwiftExplicitDependencyGeneratePcm arm64_32 /Users/admin/builder/spi-builder-workspace/.derivedData/SDKExplicitPrecompiledModules/UIKit-6PPV7YPZ89CZPHYAP072QH8B6.pcm
SwiftEmitModule normal arm64 Emitting\ module\ for\ RemoteRequest (in target 'RemoteRequest' from project 'RemoteRequest')
SwiftCompile normal arm64 (in target 'RemoteRequest' from project 'RemoteRequest')
cd /Users/admin/builder/spi-builder-workspace/.swiftpm/xcode
/Users/admin/builder/spi-builder-workspace/Sources/RemoteRequest/Route.swift:36:28: warning: generic parameter 'MappableOutput' shadows generic parameter from outer scope with the same name; this is an error in the Swift 6 language mode
10 |
11 | @propertyWrapper
12 | public struct Route<Output: Decodable, MappableOutput, ErrorType: RestError>: RouteRestProtocol, RouteUploadProtocol {
| `- note: 'MappableOutput' previously declared here
13 | let path: String
14 | let method: HTTPMethod
:
34 | }
35 |
36 | public func runRequest<MappableOutput>(completion: @escaping (ResultData<MappableOutput>) -> Void) {
| `- warning: generic parameter 'MappableOutput' shadows generic parameter from outer scope with the same name; this is an error in the Swift 6 language mode
37 | if options.loggingLevels == .all {
38 | wrappedValue.debug()
/Users/admin/builder/spi-builder-workspace/Sources/RemoteRequest/Route.swift:64:34: warning: generic parameter 'MappableOutput' shadows generic parameter from outer scope with the same name; this is an error in the Swift 6 language mode
10 |
11 | @propertyWrapper
12 | public struct Route<Output: Decodable, MappableOutput, ErrorType: RestError>: RouteRestProtocol, RouteUploadProtocol {
| `- note: 'MappableOutput' previously declared here
13 | let path: String
14 | let method: HTTPMethod
:
62 | }
63 |
64 | public func runUploadRequest<MappableOutput>(completion: @escaping (ResultData<MappableOutput>) -> Void, progressHandler: ((Double) -> Void)? = nil) {
| `- warning: generic parameter 'MappableOutput' shadows generic parameter from outer scope with the same name; this is an error in the Swift 6 language mode
65 | if options.loggingLevels == .all {
66 | wrappedValue.debug()
/Users/admin/builder/spi-builder-workspace/Sources/RemoteRequest/Route.swift:118:28: warning: generic parameter 'MappableOutput' shadows generic parameter from outer scope with the same name; this is an error in the Swift 6 language mode
10 |
11 | @propertyWrapper
12 | public struct Route<Output: Decodable, MappableOutput, ErrorType: RestError>: RouteRestProtocol, RouteUploadProtocol {
| `- note: 'MappableOutput' previously declared here
13 | let path: String
14 | let method: HTTPMethod
:
116 |
117 | @available(iOS 15.0, *)
118 | public func runRequest<MappableOutput>() async throws -> Result<MappableOutput, Error> {
| `- warning: generic parameter 'MappableOutput' shadows generic parameter from outer scope with the same name; this is an error in the Swift 6 language mode
119 | if options.loggingLevels == .all {
120 | wrappedValue.debug()
/Users/admin/builder/spi-builder-workspace/Sources/RemoteRequest/Route.swift:145:30: warning: generic parameter 'MappableOutput' shadows generic parameter from outer scope with the same name; this is an error in the Swift 6 language mode
10 |
11 | @propertyWrapper
12 | public struct Route<Output: Decodable, MappableOutput, ErrorType: RestError>: RouteRestProtocol, RouteUploadProtocol {
| `- note: 'MappableOutput' previously declared here
13 | let path: String
14 | let method: HTTPMethod
:
143 | private extension Route {
144 |
145 | func handleRequestResult<MappableOutput>(data: Data?, response: URLResponse?) throws -> MappableOutput {
| `- warning: generic parameter 'MappableOutput' shadows generic parameter from outer scope with the same name; this is an error in the Swift 6 language mode
146 | if options.loggingLevels == .all {
147 | print("Response - \(String(describing: response))")
/Users/admin/builder/spi-builder-workspace/Sources/RemoteRequest/Route.swift:222:32: warning: generic parameter 'MappableOutput' shadows generic parameter from outer scope with the same name; this is an error in the Swift 6 language mode
10 |
11 | @propertyWrapper
12 | public struct Route<Output: Decodable, MappableOutput, ErrorType: RestError>: RouteRestProtocol, RouteUploadProtocol {
| `- note: 'MappableOutput' previously declared here
13 | let path: String
14 | let method: HTTPMethod
:
220 | }
221 |
222 | func getCashMappableObject<MappableOutput>(url: URL) -> MappableOutput? {
| `- warning: generic parameter 'MappableOutput' shadows generic parameter from outer scope with the same name; this is an error in the Swift 6 language mode
223 | if let cachedData = CacheManager.shared.fetchDataFromCache(for: url),
224 | let decodedData = try? JSONDecoder().decode(Output.self, from: cachedData) {
SwiftCompile normal arm64 Compiling\ Route.swift,\ UploadRoute.swift /Users/admin/builder/spi-builder-workspace/Sources/RemoteRequest/Route.swift /Users/admin/builder/spi-builder-workspace/Sources/RemoteRequest/UploadRoute.swift (in target 'RemoteRequest' from project 'RemoteRequest')
SwiftCompile normal arm64 /Users/admin/builder/spi-builder-workspace/Sources/RemoteRequest/Route.swift (in target 'RemoteRequest' from project 'RemoteRequest')
cd /Users/admin/builder/spi-builder-workspace/.swiftpm/xcode
builtin-SwiftPerFileCompile Route.swift
SwiftCompile normal arm64 /Users/admin/builder/spi-builder-workspace/Sources/RemoteRequest/UploadRoute.swift (in target 'RemoteRequest' from project 'RemoteRequest')
cd /Users/admin/builder/spi-builder-workspace/.swiftpm/xcode
builtin-SwiftPerFileCompile UploadRoute.swift
/Users/admin/builder/spi-builder-workspace/Sources/RemoteRequest/Route.swift:36:28: warning: generic parameter 'MappableOutput' shadows generic parameter from outer scope with the same name; this is an error in the Swift 6 language mode
10 |
11 | @propertyWrapper
12 | public struct Route<Output: Decodable, MappableOutput, ErrorType: RestError>: RouteRestProtocol, RouteUploadProtocol {
| `- note: 'MappableOutput' previously declared here
13 | let path: String
14 | let method: HTTPMethod
:
34 | }
35 |
36 | public func runRequest<MappableOutput>(completion: @escaping (ResultData<MappableOutput>) -> Void) {
| `- warning: generic parameter 'MappableOutput' shadows generic parameter from outer scope with the same name; this is an error in the Swift 6 language mode
37 | if options.loggingLevels == .all {
38 | wrappedValue.debug()
/Users/admin/builder/spi-builder-workspace/Sources/RemoteRequest/Route.swift:64:34: warning: generic parameter 'MappableOutput' shadows generic parameter from outer scope with the same name; this is an error in the Swift 6 language mode
10 |
11 | @propertyWrapper
12 | public struct Route<Output: Decodable, MappableOutput, ErrorType: RestError>: RouteRestProtocol, RouteUploadProtocol {
| `- note: 'MappableOutput' previously declared here
13 | let path: String
14 | let method: HTTPMethod
:
62 | }
63 |
64 | public func runUploadRequest<MappableOutput>(completion: @escaping (ResultData<MappableOutput>) -> Void, progressHandler: ((Double) -> Void)? = nil) {
| `- warning: generic parameter 'MappableOutput' shadows generic parameter from outer scope with the same name; this is an error in the Swift 6 language mode
65 | if options.loggingLevels == .all {
66 | wrappedValue.debug()
/Users/admin/builder/spi-builder-workspace/Sources/RemoteRequest/Route.swift:118:28: warning: generic parameter 'MappableOutput' shadows generic parameter from outer scope with the same name; this is an error in the Swift 6 language mode
10 |
11 | @propertyWrapper
12 | public struct Route<Output: Decodable, MappableOutput, ErrorType: RestError>: RouteRestProtocol, RouteUploadProtocol {
| `- note: 'MappableOutput' previously declared here
13 | let path: String
14 | let method: HTTPMethod
:
116 |
117 | @available(iOS 15.0, *)
118 | public func runRequest<MappableOutput>() async throws -> Result<MappableOutput, Error> {
| `- warning: generic parameter 'MappableOutput' shadows generic parameter from outer scope with the same name; this is an error in the Swift 6 language mode
119 | if options.loggingLevels == .all {
120 | wrappedValue.debug()
/Users/admin/builder/spi-builder-workspace/Sources/RemoteRequest/Route.swift:145:30: warning: generic parameter 'MappableOutput' shadows generic parameter from outer scope with the same name; this is an error in the Swift 6 language mode
10 |
11 | @propertyWrapper
12 | public struct Route<Output: Decodable, MappableOutput, ErrorType: RestError>: RouteRestProtocol, RouteUploadProtocol {
| `- note: 'MappableOutput' previously declared here
13 | let path: String
14 | let method: HTTPMethod
:
143 | private extension Route {
144 |
145 | func handleRequestResult<MappableOutput>(data: Data?, response: URLResponse?) throws -> MappableOutput {
| `- warning: generic parameter 'MappableOutput' shadows generic parameter from outer scope with the same name; this is an error in the Swift 6 language mode
146 | if options.loggingLevels == .all {
147 | print("Response - \(String(describing: response))")
/Users/admin/builder/spi-builder-workspace/Sources/RemoteRequest/Route.swift:222:32: warning: generic parameter 'MappableOutput' shadows generic parameter from outer scope with the same name; this is an error in the Swift 6 language mode
10 |
11 | @propertyWrapper
12 | public struct Route<Output: Decodable, MappableOutput, ErrorType: RestError>: RouteRestProtocol, RouteUploadProtocol {
| `- note: 'MappableOutput' previously declared here
13 | let path: String
14 | let method: HTTPMethod
:
220 | }
221 |
222 | func getCashMappableObject<MappableOutput>(url: URL) -> MappableOutput? {
| `- warning: generic parameter 'MappableOutput' shadows generic parameter from outer scope with the same name; this is an error in the Swift 6 language mode
223 | if let cachedData = CacheManager.shared.fetchDataFromCache(for: url),
224 | let decodedData = try? JSONDecoder().decode(Output.self, from: cachedData) {
SwiftCompile normal arm64 Compiling\ RouteRestProtocol.swift,\ RouteUploadProtocol.swift /Users/admin/builder/spi-builder-workspace/Sources/RemoteRequest/Models/Protocols/RouteRestProtocol.swift /Users/admin/builder/spi-builder-workspace/Sources/RemoteRequest/Models/Protocols/RouteUploadProtocol.swift (in target 'RemoteRequest' from project 'RemoteRequest')
SwiftCompile normal arm64 /Users/admin/builder/spi-builder-workspace/Sources/RemoteRequest/Models/Protocols/RouteRestProtocol.swift (in target 'RemoteRequest' from project 'RemoteRequest')
cd /Users/admin/builder/spi-builder-workspace/.swiftpm/xcode
builtin-SwiftPerFileCompile RouteRestProtocol.swift
SwiftCompile normal arm64 /Users/admin/builder/spi-builder-workspace/Sources/RemoteRequest/Models/Protocols/RouteUploadProtocol.swift (in target 'RemoteRequest' from project 'RemoteRequest')
cd /Users/admin/builder/spi-builder-workspace/.swiftpm/xcode
builtin-SwiftPerFileCompile RouteUploadProtocol.swift
SwiftCompile normal arm64 Compiling\ UploadRequestProtocol.swift,\ RestErrorResponse.swift /Users/admin/builder/spi-builder-workspace/Sources/RemoteRequest/Models/Protocols/UploadRequestProtocol.swift /Users/admin/builder/spi-builder-workspace/Sources/RemoteRequest/Models/RestErrorResponse.swift (in target 'RemoteRequest' from project 'RemoteRequest')
SwiftCompile normal arm64 /Users/admin/builder/spi-builder-workspace/Sources/RemoteRequest/Models/Protocols/UploadRequestProtocol.swift (in target 'RemoteRequest' from project 'RemoteRequest')
cd /Users/admin/builder/spi-builder-workspace/.swiftpm/xcode
builtin-SwiftPerFileCompile UploadRequestProtocol.swift
SwiftCompile normal arm64 /Users/admin/builder/spi-builder-workspace/Sources/RemoteRequest/Models/RestErrorResponse.swift (in target 'RemoteRequest' from project 'RemoteRequest')
cd /Users/admin/builder/spi-builder-workspace/.swiftpm/xcode
builtin-SwiftPerFileCompile RestErrorResponse.swift
SwiftCompile normal arm64 Compiling\ HTTPMethod.swift,\ Appendable.swift,\ Header.swift /Users/admin/builder/spi-builder-workspace/Sources/RemoteRequest/Models/HTTPMethod.swift /Users/admin/builder/spi-builder-workspace/Sources/RemoteRequest/Models/Headers/Appendable.swift /Users/admin/builder/spi-builder-workspace/Sources/RemoteRequest/Models/Headers/Header.swift (in target 'RemoteRequest' from project 'RemoteRequest')
SwiftCompile normal arm64 /Users/admin/builder/spi-builder-workspace/Sources/RemoteRequest/Models/HTTPMethod.swift (in target 'RemoteRequest' from project 'RemoteRequest')
cd /Users/admin/builder/spi-builder-workspace/.swiftpm/xcode
builtin-SwiftPerFileCompile HTTPMethod.swift
SwiftCompile normal arm64 /Users/admin/builder/spi-builder-workspace/Sources/RemoteRequest/Models/Headers/Appendable.swift (in target 'RemoteRequest' from project 'RemoteRequest')
cd /Users/admin/builder/spi-builder-workspace/.swiftpm/xcode
builtin-SwiftPerFileCompile Appendable.swift
SwiftCompile normal arm64 /Users/admin/builder/spi-builder-workspace/Sources/RemoteRequest/Models/Headers/Header.swift (in target 'RemoteRequest' from project 'RemoteRequest')
cd /Users/admin/builder/spi-builder-workspace/.swiftpm/xcode
builtin-SwiftPerFileCompile Header.swift
SwiftCompile normal arm64 Compiling\ HeaderBuilder.swift,\ InputFile.swift,\ MultipartFormData.swift /Users/admin/builder/spi-builder-workspace/Sources/RemoteRequest/Models/Headers/HeaderBuilder.swift /Users/admin/builder/spi-builder-workspace/Sources/RemoteRequest/Models/InputFile.swift /Users/admin/builder/spi-builder-workspace/Sources/RemoteRequest/Models/MultipartFormData.swift (in target 'RemoteRequest' from project 'RemoteRequest')
SwiftCompile normal arm64 /Users/admin/builder/spi-builder-workspace/Sources/RemoteRequest/Models/Headers/HeaderBuilder.swift (in target 'RemoteRequest' from project 'RemoteRequest')
cd /Users/admin/builder/spi-builder-workspace/.swiftpm/xcode
builtin-SwiftPerFileCompile HeaderBuilder.swift
SwiftCompile normal arm64 /Users/admin/builder/spi-builder-workspace/Sources/RemoteRequest/Models/InputFile.swift (in target 'RemoteRequest' from project 'RemoteRequest')
cd /Users/admin/builder/spi-builder-workspace/.swiftpm/xcode
builtin-SwiftPerFileCompile InputFile.swift
SwiftCompile normal arm64 /Users/admin/builder/spi-builder-workspace/Sources/RemoteRequest/Models/MultipartFormData.swift (in target 'RemoteRequest' from project 'RemoteRequest')
cd /Users/admin/builder/spi-builder-workspace/.swiftpm/xcode
builtin-SwiftPerFileCompile MultipartFormData.swift
SwiftCompile normal arm64 Compiling\ ObjectMappable.swift,\ RestError.swift /Users/admin/builder/spi-builder-workspace/Sources/RemoteRequest/Models/Protocols/ObjectMappable.swift /Users/admin/builder/spi-builder-workspace/Sources/RemoteRequest/Models/Protocols/RestError.swift (in target 'RemoteRequest' from project 'RemoteRequest')
SwiftCompile normal arm64 /Users/admin/builder/spi-builder-workspace/Sources/RemoteRequest/Models/Protocols/ObjectMappable.swift (in target 'RemoteRequest' from project 'RemoteRequest')
cd /Users/admin/builder/spi-builder-workspace/.swiftpm/xcode
builtin-SwiftPerFileCompile ObjectMappable.swift
SwiftCompile normal arm64 /Users/admin/builder/spi-builder-workspace/Sources/RemoteRequest/Models/Protocols/RestError.swift (in target 'RemoteRequest' from project 'RemoteRequest')
cd /Users/admin/builder/spi-builder-workspace/.swiftpm/xcode
builtin-SwiftPerFileCompile RestError.swift
SwiftCompile normal arm64 Compiling\ ResultData.swift,\ Rest.swift /Users/admin/builder/spi-builder-workspace/Sources/RemoteRequest/Models/ResultData.swift /Users/admin/builder/spi-builder-workspace/Sources/RemoteRequest/Rest.swift (in target 'RemoteRequest' from project 'RemoteRequest')
SwiftCompile normal arm64 /Users/admin/builder/spi-builder-workspace/Sources/RemoteRequest/Models/ResultData.swift (in target 'RemoteRequest' from project 'RemoteRequest')
cd /Users/admin/builder/spi-builder-workspace/.swiftpm/xcode
builtin-SwiftPerFileCompile ResultData.swift
SwiftCompile normal arm64 /Users/admin/builder/spi-builder-workspace/Sources/RemoteRequest/Rest.swift (in target 'RemoteRequest' from project 'RemoteRequest')
cd /Users/admin/builder/spi-builder-workspace/.swiftpm/xcode
builtin-SwiftPerFileCompile Rest.swift
SwiftCompile normal arm64 Compiling\ LoggingLevels.swift,\ RouteOptions.swift /Users/admin/builder/spi-builder-workspace/Sources/RemoteRequest/Models/Options/LoggingLevels.swift /Users/admin/builder/spi-builder-workspace/Sources/RemoteRequest/Models/Options/RouteOptions.swift (in target 'RemoteRequest' from project 'RemoteRequest')
SwiftCompile normal arm64 /Users/admin/builder/spi-builder-workspace/Sources/RemoteRequest/Models/Options/LoggingLevels.swift (in target 'RemoteRequest' from project 'RemoteRequest')
cd /Users/admin/builder/spi-builder-workspace/.swiftpm/xcode
builtin-SwiftPerFileCompile LoggingLevels.swift
SwiftCompile normal arm64 /Users/admin/builder/spi-builder-workspace/Sources/RemoteRequest/Models/Options/RouteOptions.swift (in target 'RemoteRequest' from project 'RemoteRequest')
cd /Users/admin/builder/spi-builder-workspace/.swiftpm/xcode
builtin-SwiftPerFileCompile RouteOptions.swift
SwiftCompile normal arm64 Compiling\ CacheManager.swift,\ URLRequest+Ext.swift,\ EmptyResponse.swift /Users/admin/builder/spi-builder-workspace/Sources/RemoteRequest/CacheManager.swift /Users/admin/builder/spi-builder-workspace/Sources/RemoteRequest/Extensions/URLRequest+Ext.swift /Users/admin/builder/spi-builder-workspace/Sources/RemoteRequest/Models/EmptyResponse.swift (in target 'RemoteRequest' from project 'RemoteRequest')
/Users/admin/builder/spi-builder-workspace/Sources/RemoteRequest/CacheManager.swift:26:19: error: 'UIApplication' is unavailable in watchOS
24 | self,
25 | selector: #selector(handleAppDidEnterBackground),
26 | name: UIApplication.didEnterBackgroundNotification,
| `- error: 'UIApplication' is unavailable in watchOS
27 | object: nil
28 | )
/Applications/Xcode-27.0.0-Release.Candidate.app/Contents/Developer/Platforms/WatchOS.platform/Developer/SDKs/WatchOS27.0.sdk/System/Library/Frameworks/UIKit.framework/Headers/UIApplication.h:85:12: note: 'UIApplication' has been explicitly marked unavailable here
83 |
84 | UIKIT_EXTERN API_AVAILABLE(ios(2.0)) API_UNAVAILABLE(watchos) NS_SWIFT_UI_ACTOR
85 | @interface UIApplication : UIResponder
| `- note: 'UIApplication' has been explicitly marked unavailable here
86 |
87 | @property(class, nonatomic, readonly) UIApplication *sharedApplication NS_EXTENSION_UNAVAILABLE_IOS("Use view controller based solutions where appropriate instead.");
/Users/admin/builder/spi-builder-workspace/Sources/RemoteRequest/CacheManager.swift:26:33: error: 'didEnterBackgroundNotification' is unavailable in watchOS
24 | self,
25 | selector: #selector(handleAppDidEnterBackground),
26 | name: UIApplication.didEnterBackgroundNotification,
| `- error: 'didEnterBackgroundNotification' is unavailable in watchOS
27 | object: nil
28 | )
/Applications/Xcode-27.0.0-Release.Candidate.app/Contents/Developer/Platforms/WatchOS.platform/Developer/SDKs/WatchOS27.0.sdk/System/Library/Frameworks/UIKit.framework/Headers/UIApplication.h:570:39: note: 'didEnterBackgroundNotification' has been explicitly marked unavailable here
568 |
569 | // These notifications are sent out after the equivalent delegate message is called
570 | UIKIT_EXTERN NSNotificationName const UIApplicationDidEnterBackgroundNotification API_AVAILABLE(ios(4.0)) API_UNAVAILABLE(watchos) NS_SWIFT_NONISOLATED;
| `- note: 'didEnterBackgroundNotification' has been explicitly marked unavailable here
571 | UIKIT_EXTERN NSNotificationName const UIApplicationWillEnterForegroundNotification API_AVAILABLE(ios(4.0)) API_UNAVAILABLE(watchos) NS_SWIFT_NONISOLATED;
572 | UIKIT_EXTERN NSNotificationName const UIApplicationDidFinishLaunchingNotification API_UNAVAILABLE(watchos) NS_SWIFT_NONISOLATED;
Failed frontend command:
SwiftCompile normal arm64 /Users/admin/builder/spi-builder-workspace/Sources/RemoteRequest/CacheManager.swift (in target 'RemoteRequest' from project 'RemoteRequest')
cd /Users/admin/builder/spi-builder-workspace/.swiftpm/xcode
builtin-SwiftPerFileCompile CacheManager.swift
SwiftCompile normal arm64 /Users/admin/builder/spi-builder-workspace/Sources/RemoteRequest/Extensions/URLRequest+Ext.swift (in target 'RemoteRequest' from project 'RemoteRequest')
cd /Users/admin/builder/spi-builder-workspace/.swiftpm/xcode
builtin-SwiftPerFileCompile URLRequest+Ext.swift
SwiftCompile normal arm64 /Users/admin/builder/spi-builder-workspace/Sources/RemoteRequest/Models/EmptyResponse.swift (in target 'RemoteRequest' from project 'RemoteRequest')
cd /Users/admin/builder/spi-builder-workspace/.swiftpm/xcode
builtin-SwiftPerFileCompile EmptyResponse.swift
/Applications/Xcode-27.0.0-Release.Candidate.app/Contents/Developer/Toolchains/XcodeDefault.xctoolchain/usr/bin/swift-frontend -frontend -c -primary-file /Users/admin/builder/spi-builder-workspace/Sources/RemoteRequest/CacheManager.swift -primary-file /Users/admin/builder/spi-builder-workspace/Sources/RemoteRequest/Extensions/URLRequest+Ext.swift -primary-file /Users/admin/builder/spi-builder-workspace/Sources/RemoteRequest/Models/EmptyResponse.swift /Users/admin/builder/spi-builder-workspace/Sources/RemoteRequest/Models/HTTPMethod.swift /Users/admin/builder/spi-builder-workspace/Sources/RemoteRequest/Models/Headers/Appendable.swift /Users/admin/builder/spi-builder-workspace/Sources/RemoteRequest/Models/Headers/Header.swift /Users/admin/builder/spi-builder-workspace/Sources/RemoteRequest/Models/Headers/HeaderBuilder.swift /Users/admin/builder/spi-builder-workspace/Sources/RemoteRequest/Models/InputFile.swift /Users/admin/builder/spi-builder-workspace/Sources/RemoteRequest/Models/MultipartFormData.swift /Users/admin/builder/spi-builder-workspace/Sources/RemoteRequest/Models/Options/LoggingLevels.swift /Users/admin/builder/spi-builder-workspace/Sources/RemoteRequest/Models/Options/RouteOptions.swift /Users/admin/builder/spi-builder-workspace/Sources/RemoteRequest/Models/Protocols/HTTPRequestProtocol.swift /Users/admin/builder/spi-builder-workspace/Sources/RemoteRequest/Models/Protocols/InputBodyObject.swift /Users/admin/builder/spi-builder-workspace/Sources/RemoteRequest/Models/Protocols/ObjectMappable.swift /Users/admin/builder/spi-builder-workspace/Sources/RemoteRequest/Models/Protocols/RestError.swift /Users/admin/builder/spi-builder-workspace/Sources/RemoteRequest/Models/Protocols/RouteRestProtocol.swift /Users/admin/builder/spi-builder-workspace/Sources/RemoteRequest/Models/Protocols/RouteUploadProtocol.swift /Users/admin/builder/spi-builder-workspace/Sources/RemoteRequest/Models/Protocols/UploadRequestProtocol.swift /Users/admin/builder/spi-builder-workspace/Sources/RemoteRequest/Models/RestErrorResponse.swift /Users/admin/builder/spi-builder-workspace/Sources/RemoteRequest/Models/ResultData.swift /Users/admin/builder/spi-builder-workspace/Sources/RemoteRequest/Rest.swift /Users/admin/builder/spi-builder-workspace/Sources/RemoteRequest/Route.swift /Users/admin/builder/spi-builder-workspace/Sources/RemoteRequest/UploadRoute.swift -supplementary-output-file-map /Users/admin/builder/spi-builder-workspace/.derivedData/Build/Intermediates.noindex/RemoteRequest.build/Debug-watchos/RemoteRequest-t.build/Objects-normal/arm64/supplementaryOutputs-2 -target arm64-apple-watchos9.0 -disable-cross-import-overlay-search -load-resolved-plugin /Applications/Xcode-27.0.0-Release.Candidate.app/Contents/Developer/Platforms/WatchOS.platform/Developer/usr/lib/swift/host/plugins/libFoundationMacros.dylib\#/Applications/Xcode-27.0.0-Release.Candidate.app/Contents/Developer/Platforms/WatchOS.platform/Developer/usr/bin/swift-plugin-server\#FoundationMacros -load-resolved-plugin /Applications/Xcode-27.0.0-Release.Candidate.app/Contents/Developer/Platforms/WatchOS.platform/Developer/usr/lib/swift/host/plugins/libObservationMacros.dylib\#/Applications/Xcode-27.0.0-Release.Candidate.app/Contents/Developer/Platforms/WatchOS.platform/Developer/usr/bin/swift-plugin-server\#ObservationMacros -load-resolved-plugin /Applications/Xcode-27.0.0-Release.Candidate.app/Contents/Developer/Platforms/WatchOS.platform/Developer/usr/lib/swift/host/plugins/libSwiftMacros.dylib\#/Applications/Xcode-27.0.0-Release.Candidate.app/Contents/Developer/Platforms/WatchOS.platform/Developer/usr/bin/swift-plugin-server\#SwiftMacros -load-resolved-plugin /Applications/Xcode-27.0.0-Release.Candidate.app/Contents/Developer/Platforms/WatchOS.platform/Developer/usr/lib/swift/host/plugins/libSwiftUIMacros.dylib\#/Applications/Xcode-27.0.0-Release.Candidate.app/Contents/Developer/Platforms/WatchOS.platform/Developer/usr/bin/swift-plugin-server\#SwiftUIMacros -disable-implicit-swift-modules -Xcc -fno-implicit-modules -Xcc -fno-implicit-module-maps -explicit-swift-module-map-file /Users/admin/builder/spi-builder-workspace/.derivedData/Build/Intermediates.noindex/RemoteRequest.build/Debug-watchos/RemoteRequest-t.build/Objects-normal/arm64/RemoteRequest-dependencies-1.json -Xllvm -aarch64-use-tbi -enable-objc-interop -stack-check -sdk /Applications/Xcode-27.0.0-Release.Candidate.app/Contents/Developer/Platforms/WatchOS.platform/Developer/SDKs/WatchOS27.0.sdk -I /Users/admin/builder/spi-builder-workspace/.derivedData/Build/Products/Debug-watchos -Isystem /Applications/Xcode-27.0.0-Release.Candidate.app/Contents/Developer/Platforms/WatchOS.platform/Developer/usr/lib -F /Users/admin/builder/spi-builder-workspace/.derivedData/Build/Products/Debug-watchos -F /Applications/Xcode-27.0.0-Release.Candidate.app/Contents/Developer/Platforms/WatchOS.platform/Developer/Library/Frameworks -F /Applications/Xcode-27.0.0-Release.Candidate.app/Contents/Developer/Platforms/WatchOS.platform/Developer/SDKs/WatchOS27.0.sdk/Developer/Library/Frameworks -module-cache-path /Users/admin/builder/spi-builder-workspace/.derivedData/Build/Intermediates.noindex/SwiftExplicitPrecompiledModules -no-color-diagnostics -Xcc -fno-color-diagnostics -enable-testing -g -debug-info-format\=dwarf -dwarf-version\=4 -profile-generate -profile-coverage-mapping -swift-version 5 -Onone -D SWIFT_PACKAGE -D DEBUG -D SWIFT_MODULE_RESOURCE_BUNDLE_UNAVAILABLE -D Xcode -serialize-debugging-options -enable-experimental-feature DebugDescriptionMacro -empty-abi-descriptor -validate-clang-modules-once -clang-build-session-file /Users/admin/builder/spi-builder-workspace/.derivedData/ModuleCache.noindex/Session.modulevalidation -Xcc -working-directory -Xcc /Users/admin/builder/spi-builder-workspace/.swiftpm/xcode -enable-anonymous-context-mangled-names -file-compilation-dir /Users/admin/builder/spi-builder-workspace/.swiftpm/xcode -Xcc -D_LIBCPP_HARDENING_MODE\=_LIBCPP_HARDENING_MODE_DEBUG -Xcc -ivfsstatcache -Xcc /Users/admin/builder/spi-builder-workspace/.derivedData/SDKStatCaches.noindex/watchos27.0-24R360-e829b21a6f8c9b70876ba0858053c04477534ef55a1706bf4c1112bbb242f0a2.sdkstatcache -Xcc -fmodules-prune-interval\=86400 -Xcc -fmodules-prune-after\=345600 -Xcc -I/Users/admin/builder/spi-builder-workspace/.derivedData/Build/Products/Debug-watchos/include -Xcc -I/Users/admin/builder/spi-builder-workspace/.derivedData/Build/Intermediates.noindex/RemoteRequest.build/Debug-watchos/RemoteRequest-t.build/DerivedSources-normal/arm64 -Xcc -I/Users/admin/builder/spi-builder-workspace/.derivedData/Build/Intermediates.noindex/RemoteRequest.build/Debug-watchos/RemoteRequest-t.build/DerivedSources/arm64 -Xcc -I/Users/admin/builder/spi-builder-workspace/.derivedData/Build/Intermediates.noindex/RemoteRequest.build/Debug-watchos/RemoteRequest-t.build/DerivedSources -Xcc -DSWIFT_PACKAGE -Xcc -DDEBUG\=1 -no-auto-bridging-header-chaining -module-name RemoteRequest -const-gather-protocols-file /Users/admin/builder/spi-builder-workspace/.derivedData/Build/Intermediates.noindex/RemoteRequest.build/Debug-watchos/RemoteRequest-t.build/Objects-normal/arm64/RemoteRequest_const_extract_protocols.json -disable-clang-spi -clang-target arm64-apple-watchos27.0 -target-sdk-version 27.0 -target-sdk-name watchos27.0 -in-process-plugin-server-path /Applications/Xcode-27.0.0-Release.Candidate.app/Contents/Developer/Toolchains/XcodeDefault.xctoolchain/usr/lib/swift/host/libSwiftInProcPluginServer.dylib -parse-as-library -o /Users/admin/builder/spi-builder-workspace/.derivedData/Build/Intermediates.noindex/RemoteRequest.build/Debug-watchos/RemoteRequest-t.build/Objects-normal/arm64/CacheManager.o -o /Users/admin/builder/spi-builder-workspace/.derivedData/Build/Intermediates.noindex/RemoteRequest.build/Debug-watchos/RemoteRequest-t.build/Objects-normal/arm64/URLRequest+Ext.o -o /Users/admin/builder/spi-builder-workspace/.derivedData/Build/Intermediates.noindex/RemoteRequest.build/Debug-watchos/RemoteRequest-t.build/Objects-normal/arm64/EmptyResponse.o -debug-module-path /Users/admin/builder/spi-builder-workspace/.derivedData/Build/Intermediates.noindex/RemoteRequest.build/Debug-watchos/RemoteRequest-t.build/Objects-normal/arm64/RemoteRequest.swiftmodule -index-unit-output-path /RemoteRequest.build/Debug-watchos/RemoteRequest-t.build/Objects-normal/arm64/CacheManager.o -index-unit-output-path /RemoteRequest.build/Debug-watchos/RemoteRequest-t.build/Objects-normal/arm64/URLRequest+Ext.o -index-unit-output-path /RemoteRequest.build/Debug-watchos/RemoteRequest-t.build/Objects-normal/arm64/EmptyResponse.o -index-store-path /Users/admin/builder/spi-builder-workspace/.derivedData/Index.noindex/DataStore -index-system-modules
SwiftEmitModule normal arm64_32 Emitting\ module\ for\ RemoteRequest (in target 'RemoteRequest' from project 'RemoteRequest')
/Users/admin/builder/spi-builder-workspace/Sources/RemoteRequest/Route.swift:36:28: warning: generic parameter 'MappableOutput' shadows generic parameter from outer scope with the same name; this is an error in the Swift 6 language mode
10 |
11 | @propertyWrapper
12 | public struct Route<Output: Decodable, MappableOutput, ErrorType: RestError>: RouteRestProtocol, RouteUploadProtocol {
| `- note: 'MappableOutput' previously declared here
13 | let path: String
14 | let method: HTTPMethod
:
34 | }
35 |
36 | public func runRequest<MappableOutput>(completion: @escaping (ResultData<MappableOutput>) -> Void) {
| `- warning: generic parameter 'MappableOutput' shadows generic parameter from outer scope with the same name; this is an error in the Swift 6 language mode
37 | if options.loggingLevels == .all {
38 | wrappedValue.debug()
/Users/admin/builder/spi-builder-workspace/Sources/RemoteRequest/Route.swift:64:34: warning: generic parameter 'MappableOutput' shadows generic parameter from outer scope with the same name; this is an error in the Swift 6 language mode
10 |
11 | @propertyWrapper
12 | public struct Route<Output: Decodable, MappableOutput, ErrorType: RestError>: RouteRestProtocol, RouteUploadProtocol {
| `- note: 'MappableOutput' previously declared here
13 | let path: String
14 | let method: HTTPMethod
:
62 | }
63 |
64 | public func runUploadRequest<MappableOutput>(completion: @escaping (ResultData<MappableOutput>) -> Void, progressHandler: ((Double) -> Void)? = nil) {
| `- warning: generic parameter 'MappableOutput' shadows generic parameter from outer scope with the same name; this is an error in the Swift 6 language mode
65 | if options.loggingLevels == .all {
66 | wrappedValue.debug()
/Users/admin/builder/spi-builder-workspace/Sources/RemoteRequest/Route.swift:118:28: warning: generic parameter 'MappableOutput' shadows generic parameter from outer scope with the same name; this is an error in the Swift 6 language mode
10 |
11 | @propertyWrapper
12 | public struct Route<Output: Decodable, MappableOutput, ErrorType: RestError>: RouteRestProtocol, RouteUploadProtocol {
| `- note: 'MappableOutput' previously declared here
13 | let path: String
14 | let method: HTTPMethod
:
116 |
117 | @available(iOS 15.0, *)
118 | public func runRequest<MappableOutput>() async throws -> Result<MappableOutput, Error> {
| `- warning: generic parameter 'MappableOutput' shadows generic parameter from outer scope with the same name; this is an error in the Swift 6 language mode
119 | if options.loggingLevels == .all {
120 | wrappedValue.debug()
/Users/admin/builder/spi-builder-workspace/Sources/RemoteRequest/Route.swift:145:30: warning: generic parameter 'MappableOutput' shadows generic parameter from outer scope with the same name; this is an error in the Swift 6 language mode
10 |
11 | @propertyWrapper
12 | public struct Route<Output: Decodable, MappableOutput, ErrorType: RestError>: RouteRestProtocol, RouteUploadProtocol {
| `- note: 'MappableOutput' previously declared here
13 | let path: String
14 | let method: HTTPMethod
:
143 | private extension Route {
144 |
145 | func handleRequestResult<MappableOutput>(data: Data?, response: URLResponse?) throws -> MappableOutput {
| `- warning: generic parameter 'MappableOutput' shadows generic parameter from outer scope with the same name; this is an error in the Swift 6 language mode
146 | if options.loggingLevels == .all {
147 | print("Response - \(String(describing: response))")
/Users/admin/builder/spi-builder-workspace/Sources/RemoteRequest/Route.swift:222:32: warning: generic parameter 'MappableOutput' shadows generic parameter from outer scope with the same name; this is an error in the Swift 6 language mode
10 |
11 | @propertyWrapper
12 | public struct Route<Output: Decodable, MappableOutput, ErrorType: RestError>: RouteRestProtocol, RouteUploadProtocol {
| `- note: 'MappableOutput' previously declared here
13 | let path: String
14 | let method: HTTPMethod
:
220 | }
221 |
222 | func getCashMappableObject<MappableOutput>(url: URL) -> MappableOutput? {
| `- warning: generic parameter 'MappableOutput' shadows generic parameter from outer scope with the same name; this is an error in the Swift 6 language mode
223 | if let cachedData = CacheManager.shared.fetchDataFromCache(for: url),
224 | let decodedData = try? JSONDecoder().decode(Output.self, from: cachedData) {
SwiftCompile normal arm64_32 (in target 'RemoteRequest' from project 'RemoteRequest')
cd /Users/admin/builder/spi-builder-workspace/.swiftpm/xcode
SwiftDriverJobDiscovery normal arm64 Emitting module for RemoteRequest (in target 'RemoteRequest' from project 'RemoteRequest')
SwiftDriver\ Compilation\ Requirements RemoteRequest normal arm64 com.apple.xcode.tools.swift.compiler (in target 'RemoteRequest' from project 'RemoteRequest')
cd /Users/admin/builder/spi-builder-workspace/.swiftpm/xcode
builtin-Swift-Compilation-Requirements -- /Applications/Xcode-27.0.0-Release.Candidate.app/Contents/Developer/Toolchains/XcodeDefault.xctoolchain/usr/bin/swiftc -parse-as-library -module-name RemoteRequest -Onone @/Users/admin/builder/spi-builder-workspace/.derivedData/Build/Intermediates.noindex/RemoteRequest.build/Debug-watchos/RemoteRequest-t.build/Objects-normal/arm64/RemoteRequest.SwiftFileList -DSWIFT_PACKAGE -DDEBUG -DSWIFT_MODULE_RESOURCE_BUNDLE_UNAVAILABLE -DXcode -plugin-path /Applications/Xcode-27.0.0-Release.Candidate.app/Contents/Developer/Toolchains/XcodeDefault.xctoolchain/usr/lib/swift/host/plugins/testing -enable-experimental-feature DebugDescriptionMacro -sdk /Applications/Xcode-27.0.0-Release.Candidate.app/Contents/Developer/Platforms/WatchOS.platform/Developer/SDKs/WatchOS27.0.sdk -target arm64-apple-watchos9.0 -g -module-cache-path /Users/admin/builder/spi-builder-workspace/.derivedData/ModuleCache.noindex -Xfrontend -serialize-debugging-options -profile-coverage-mapping -profile-generate -enable-testing -index-store-path /Users/admin/builder/spi-builder-workspace/.derivedData/Index.noindex/DataStore -Xcc -D_LIBCPP_HARDENING_MODE\=_LIBCPP_HARDENING_MODE_DEBUG -swift-version 5 -I /Users/admin/builder/spi-builder-workspace/.derivedData/Build/Products/Debug-watchos -Isystem /Applications/Xcode-27.0.0-Release.Candidate.app/Contents/Developer/Platforms/WatchOS.platform/Developer/usr/lib -F /Users/admin/builder/spi-builder-workspace/.derivedData/Build/Products/Debug-watchos -F /Applications/Xcode-27.0.0-Release.Candidate.app/Contents/Developer/Platforms/WatchOS.platform/Developer/Library/Frameworks -F /Applications/Xcode-27.0.0-Release.Candidate.app/Contents/Developer/Platforms/WatchOS.platform/Developer/SDKs/WatchOS27.0.sdk/Developer/Library/Frameworks -c -j10 -enable-batch-mode -incremental -Xcc -ivfsstatcache -Xcc /Users/admin/builder/spi-builder-workspace/.derivedData/SDKStatCaches.noindex/watchos27.0-24R360-e829b21a6f8c9b70876ba0858053c04477534ef55a1706bf4c1112bbb242f0a2.sdkstatcache -output-file-map /Users/admin/builder/spi-builder-workspace/.derivedData/Build/Intermediates.noindex/RemoteRequest.build/Debug-watchos/RemoteRequest-t.build/Objects-normal/arm64/RemoteRequest-OutputFileMap.json -save-temps -no-color-diagnostics -explicit-module-build -module-cache-path /Users/admin/builder/spi-builder-workspace/.derivedData/Build/Intermediates.noindex/SwiftExplicitPrecompiledModules -clang-scanner-module-cache-path /Users/admin/builder/spi-builder-workspace/.derivedData/ModuleCache.noindex -sdk-module-cache-path /Users/admin/builder/spi-builder-workspace/.derivedData/SDKExplicitPrecompiledModules -emit-dependencies -emit-module -emit-module-path /Users/admin/builder/spi-builder-workspace/.derivedData/Build/Intermediates.noindex/RemoteRequest.build/Debug-watchos/RemoteRequest-t.build/Objects-normal/arm64/RemoteRequest.swiftmodule -serialize-diagnostics -dependency-scan-serialize-diagnostics-path /Users/admin/builder/spi-builder-workspace/.derivedData/Build/Intermediates.noindex/RemoteRequest.build/Debug-watchos/RemoteRequest-t.build/Objects-normal/arm64/RemoteRequest-dependency-scan.dia -validate-clang-modules-once -clang-build-session-file /Users/admin/builder/spi-builder-workspace/.derivedData/ModuleCache.noindex/Session.modulevalidation -Xcc -fmodules-prune-interval\=86400 -Xcc -fmodules-prune-after\=345600 -emit-const-values -const-gather-protocols-list /Users/admin/builder/spi-builder-workspace/.derivedData/Build/Intermediates.noindex/RemoteRequest.build/Debug-watchos/RemoteRequest-t.build/Objects-normal/arm64/RemoteRequest_const_extract_protocols.json -Xcc -I/Users/admin/builder/spi-builder-workspace/.derivedData/Build/Products/Debug-watchos/include -Xcc -I/Users/admin/builder/spi-builder-workspace/.derivedData/Build/Intermediates.noindex/RemoteRequest.build/Debug-watchos/RemoteRequest-t.build/DerivedSources-normal/arm64 -Xcc -I/Users/admin/builder/spi-builder-workspace/.derivedData/Build/Intermediates.noindex/RemoteRequest.build/Debug-watchos/RemoteRequest-t.build/DerivedSources/arm64 -Xcc -I/Users/admin/builder/spi-builder-workspace/.derivedData/Build/Intermediates.noindex/RemoteRequest.build/Debug-watchos/RemoteRequest-t.build/DerivedSources -Xcc -DSWIFT_PACKAGE -Xcc -DDEBUG\=1 -emit-objc-header -emit-objc-header-path /Users/admin/builder/spi-builder-workspace/.derivedData/Build/Intermediates.noindex/RemoteRequest.build/Debug-watchos/RemoteRequest-t.build/Objects-normal/arm64/RemoteRequest-Swift.h -working-directory /Users/admin/builder/spi-builder-workspace/.swiftpm/xcode -experimental-emit-module-separately -disable-cmo
SwiftDriverJobDiscovery normal arm64_32 Emitting module for RemoteRequest (in target 'RemoteRequest' from project 'RemoteRequest')
SwiftDriver\ Compilation\ Requirements RemoteRequest normal arm64_32 com.apple.xcode.tools.swift.compiler (in target 'RemoteRequest' from project 'RemoteRequest')
cd /Users/admin/builder/spi-builder-workspace/.swiftpm/xcode
builtin-Swift-Compilation-Requirements -- /Applications/Xcode-27.0.0-Release.Candidate.app/Contents/Developer/Toolchains/XcodeDefault.xctoolchain/usr/bin/swiftc -parse-as-library -module-name RemoteRequest -Onone @/Users/admin/builder/spi-builder-workspace/.derivedData/Build/Intermediates.noindex/RemoteRequest.build/Debug-watchos/RemoteRequest-t.build/Objects-normal/arm64_32/RemoteRequest.SwiftFileList -DSWIFT_PACKAGE -DDEBUG -DSWIFT_MODULE_RESOURCE_BUNDLE_UNAVAILABLE -DXcode -plugin-path /Applications/Xcode-27.0.0-Release.Candidate.app/Contents/Developer/Toolchains/XcodeDefault.xctoolchain/usr/lib/swift/host/plugins/testing -enable-experimental-feature DebugDescriptionMacro -sdk /Applications/Xcode-27.0.0-Release.Candidate.app/Contents/Developer/Platforms/WatchOS.platform/Developer/SDKs/WatchOS27.0.sdk -target arm64_32-apple-watchos9.0 -g -module-cache-path /Users/admin/builder/spi-builder-workspace/.derivedData/ModuleCache.noindex -Xfrontend -serialize-debugging-options -profile-coverage-mapping -profile-generate -enable-testing -index-store-path /Users/admin/builder/spi-builder-workspace/.derivedData/Index.noindex/DataStore -Xcc -D_LIBCPP_HARDENING_MODE\=_LIBCPP_HARDENING_MODE_DEBUG -swift-version 5 -I /Users/admin/builder/spi-builder-workspace/.derivedData/Build/Products/Debug-watchos -Isystem /Applications/Xcode-27.0.0-Release.Candidate.app/Contents/Developer/Platforms/WatchOS.platform/Developer/usr/lib -F /Users/admin/builder/spi-builder-workspace/.derivedData/Build/Products/Debug-watchos -F /Applications/Xcode-27.0.0-Release.Candidate.app/Contents/Developer/Platforms/WatchOS.platform/Developer/Library/Frameworks -F /Applications/Xcode-27.0.0-Release.Candidate.app/Contents/Developer/Platforms/WatchOS.platform/Developer/SDKs/WatchOS27.0.sdk/Developer/Library/Frameworks -c -j10 -enable-batch-mode -incremental -Xcc -ivfsstatcache -Xcc /Users/admin/builder/spi-builder-workspace/.derivedData/SDKStatCaches.noindex/watchos27.0-24R360-e829b21a6f8c9b70876ba0858053c04477534ef55a1706bf4c1112bbb242f0a2.sdkstatcache -output-file-map /Users/admin/builder/spi-builder-workspace/.derivedData/Build/Intermediates.noindex/RemoteRequest.build/Debug-watchos/RemoteRequest-t.build/Objects-normal/arm64_32/RemoteRequest-OutputFileMap.json -save-temps -no-color-diagnostics -explicit-module-build -module-cache-path /Users/admin/builder/spi-builder-workspace/.derivedData/Build/Intermediates.noindex/SwiftExplicitPrecompiledModules -clang-scanner-module-cache-path /Users/admin/builder/spi-builder-workspace/.derivedData/ModuleCache.noindex -sdk-module-cache-path /Users/admin/builder/spi-builder-workspace/.derivedData/SDKExplicitPrecompiledModules -emit-dependencies -emit-module -emit-module-path /Users/admin/builder/spi-builder-workspace/.derivedData/Build/Intermediates.noindex/RemoteRequest.build/Debug-watchos/RemoteRequest-t.build/Objects-normal/arm64_32/RemoteRequest.swiftmodule -serialize-diagnostics -dependency-scan-serialize-diagnostics-path /Users/admin/builder/spi-builder-workspace/.derivedData/Build/Intermediates.noindex/RemoteRequest.build/Debug-watchos/RemoteRequest-t.build/Objects-normal/arm64_32/RemoteRequest-dependency-scan.dia -validate-clang-modules-once -clang-build-session-file /Users/admin/builder/spi-builder-workspace/.derivedData/ModuleCache.noindex/Session.modulevalidation -Xcc -fmodules-prune-interval\=86400 -Xcc -fmodules-prune-after\=345600 -emit-const-values -const-gather-protocols-list /Users/admin/builder/spi-builder-workspace/.derivedData/Build/Intermediates.noindex/RemoteRequest.build/Debug-watchos/RemoteRequest-t.build/Objects-normal/arm64_32/RemoteRequest_const_extract_protocols.json -Xcc -I/Users/admin/builder/spi-builder-workspace/.derivedData/Build/Products/Debug-watchos/include -Xcc -I/Users/admin/builder/spi-builder-workspace/.derivedData/Build/Intermediates.noindex/RemoteRequest.build/Debug-watchos/RemoteRequest-t.build/DerivedSources-normal/arm64_32 -Xcc -I/Users/admin/builder/spi-builder-workspace/.derivedData/Build/Intermediates.noindex/RemoteRequest.build/Debug-watchos/RemoteRequest-t.build/DerivedSources/arm64_32 -Xcc -I/Users/admin/builder/spi-builder-workspace/.derivedData/Build/Intermediates.noindex/RemoteRequest.build/Debug-watchos/RemoteRequest-t.build/DerivedSources -Xcc -DSWIFT_PACKAGE -Xcc -DDEBUG\=1 -emit-objc-header -emit-objc-header-path /Users/admin/builder/spi-builder-workspace/.derivedData/Build/Intermediates.noindex/RemoteRequest.build/Debug-watchos/RemoteRequest-t.build/Objects-normal/arm64_32/RemoteRequest-Swift.h -working-directory /Users/admin/builder/spi-builder-workspace/.swiftpm/xcode -experimental-emit-module-separately -disable-cmo
Copy /Users/admin/builder/spi-builder-workspace/.derivedData/Build/Products/Debug-watchos/RemoteRequest.swiftmodule/arm64-apple-watchos.swiftmodule /Users/admin/builder/spi-builder-workspace/.derivedData/Build/Intermediates.noindex/RemoteRequest.build/Debug-watchos/RemoteRequest-t.build/Objects-normal/arm64/RemoteRequest.swiftmodule (in target 'RemoteRequest' from project 'RemoteRequest')
cd /Users/admin/builder/spi-builder-workspace
builtin-copy -exclude .DS_Store -exclude CVS -exclude .svn -exclude .git -exclude .hg -resolve-src-symlinks -rename /Users/admin/builder/spi-builder-workspace/.derivedData/Build/Intermediates.noindex/RemoteRequest.build/Debug-watchos/RemoteRequest-t.build/Objects-normal/arm64/RemoteRequest.swiftmodule /Users/admin/builder/spi-builder-workspace/.derivedData/Build/Products/Debug-watchos/RemoteRequest.swiftmodule/arm64-apple-watchos.swiftmodule
SwiftMergeGeneratedHeaders /Users/admin/builder/spi-builder-workspace/.derivedData/Build/Intermediates.noindex/GeneratedModuleMaps-watchos/RemoteRequest-Swift.h /Users/admin/builder/spi-builder-workspace/.derivedData/Build/Intermediates.noindex/RemoteRequest.build/Debug-watchos/RemoteRequest-t.build/Objects-normal/arm64/RemoteRequest-Swift.h /Users/admin/builder/spi-builder-workspace/.derivedData/Build/Intermediates.noindex/RemoteRequest.build/Debug-watchos/RemoteRequest-t.build/Objects-normal/arm64_32/RemoteRequest-Swift.h (in target 'RemoteRequest' from project 'RemoteRequest')
cd /Users/admin/builder/spi-builder-workspace
builtin-swiftHeaderTool -arch arm64 /Users/admin/builder/spi-builder-workspace/.derivedData/Build/Intermediates.noindex/RemoteRequest.build/Debug-watchos/RemoteRequest-t.build/Objects-normal/arm64/RemoteRequest-Swift.h -arch arm64_32 /Users/admin/builder/spi-builder-workspace/.derivedData/Build/Intermediates.noindex/RemoteRequest.build/Debug-watchos/RemoteRequest-t.build/Objects-normal/arm64_32/RemoteRequest-Swift.h -o /Users/admin/builder/spi-builder-workspace/.derivedData/Build/Intermediates.noindex/GeneratedModuleMaps-watchos/RemoteRequest-Swift.h
Copy /Users/admin/builder/spi-builder-workspace/.derivedData/Build/Products/Debug-watchos/RemoteRequest.swiftmodule/arm64_32-apple-watchos.swiftmodule /Users/admin/builder/spi-builder-workspace/.derivedData/Build/Intermediates.noindex/RemoteRequest.build/Debug-watchos/RemoteRequest-t.build/Objects-normal/arm64_32/RemoteRequest.swiftmodule (in target 'RemoteRequest' from project 'RemoteRequest')
cd /Users/admin/builder/spi-builder-workspace
builtin-copy -exclude .DS_Store -exclude CVS -exclude .svn -exclude .git -exclude .hg -resolve-src-symlinks -rename /Users/admin/builder/spi-builder-workspace/.derivedData/Build/Intermediates.noindex/RemoteRequest.build/Debug-watchos/RemoteRequest-t.build/Objects-normal/arm64_32/RemoteRequest.swiftmodule /Users/admin/builder/spi-builder-workspace/.derivedData/Build/Products/Debug-watchos/RemoteRequest.swiftmodule/arm64_32-apple-watchos.swiftmodule
Copy /Users/admin/builder/spi-builder-workspace/.derivedData/Build/Products/Debug-watchos/RemoteRequest.swiftmodule/arm64_32-apple-watchos.swiftdoc /Users/admin/builder/spi-builder-workspace/.derivedData/Build/Intermediates.noindex/RemoteRequest.build/Debug-watchos/RemoteRequest-t.build/Objects-normal/arm64_32/RemoteRequest.swiftdoc (in target 'RemoteRequest' from project 'RemoteRequest')
cd /Users/admin/builder/spi-builder-workspace
builtin-copy -exclude .DS_Store -exclude CVS -exclude .svn -exclude .git -exclude .hg -resolve-src-symlinks -rename /Users/admin/builder/spi-builder-workspace/.derivedData/Build/Intermediates.noindex/RemoteRequest.build/Debug-watchos/RemoteRequest-t.build/Objects-normal/arm64_32/RemoteRequest.swiftdoc /Users/admin/builder/spi-builder-workspace/.derivedData/Build/Products/Debug-watchos/RemoteRequest.swiftmodule/arm64_32-apple-watchos.swiftdoc
Copy /Users/admin/builder/spi-builder-workspace/.derivedData/Build/Products/Debug-watchos/RemoteRequest.swiftmodule/arm64_32-apple-watchos.abi.json /Users/admin/builder/spi-builder-workspace/.derivedData/Build/Intermediates.noindex/RemoteRequest.build/Debug-watchos/RemoteRequest-t.build/Objects-normal/arm64_32/RemoteRequest.abi.json (in target 'RemoteRequest' from project 'RemoteRequest')
cd /Users/admin/builder/spi-builder-workspace
builtin-copy -exclude .DS_Store -exclude CVS -exclude .svn -exclude .git -exclude .hg -resolve-src-symlinks -rename /Users/admin/builder/spi-builder-workspace/.derivedData/Build/Intermediates.noindex/RemoteRequest.build/Debug-watchos/RemoteRequest-t.build/Objects-normal/arm64_32/RemoteRequest.abi.json /Users/admin/builder/spi-builder-workspace/.derivedData/Build/Products/Debug-watchos/RemoteRequest.swiftmodule/arm64_32-apple-watchos.abi.json
Copy /Users/admin/builder/spi-builder-workspace/.derivedData/Build/Products/Debug-watchos/RemoteRequest.swiftmodule/arm64-apple-watchos.swiftdoc /Users/admin/builder/spi-builder-workspace/.derivedData/Build/Intermediates.noindex/RemoteRequest.build/Debug-watchos/RemoteRequest-t.build/Objects-normal/arm64/RemoteRequest.swiftdoc (in target 'RemoteRequest' from project 'RemoteRequest')
cd /Users/admin/builder/spi-builder-workspace
builtin-copy -exclude .DS_Store -exclude CVS -exclude .svn -exclude .git -exclude .hg -resolve-src-symlinks -rename /Users/admin/builder/spi-builder-workspace/.derivedData/Build/Intermediates.noindex/RemoteRequest.build/Debug-watchos/RemoteRequest-t.build/Objects-normal/arm64/RemoteRequest.swiftdoc /Users/admin/builder/spi-builder-workspace/.derivedData/Build/Products/Debug-watchos/RemoteRequest.swiftmodule/arm64-apple-watchos.swiftdoc
Copy /Users/admin/builder/spi-builder-workspace/.derivedData/Build/Products/Debug-watchos/RemoteRequest.swiftmodule/arm64-apple-watchos.abi.json /Users/admin/builder/spi-builder-workspace/.derivedData/Build/Intermediates.noindex/RemoteRequest.build/Debug-watchos/RemoteRequest-t.build/Objects-normal/arm64/RemoteRequest.abi.json (in target 'RemoteRequest' from project 'RemoteRequest')
cd /Users/admin/builder/spi-builder-workspace
builtin-copy -exclude .DS_Store -exclude CVS -exclude .svn -exclude .git -exclude .hg -resolve-src-symlinks -rename /Users/admin/builder/spi-builder-workspace/.derivedData/Build/Intermediates.noindex/RemoteRequest.build/Debug-watchos/RemoteRequest-t.build/Objects-normal/arm64/RemoteRequest.abi.json /Users/admin/builder/spi-builder-workspace/.derivedData/Build/Products/Debug-watchos/RemoteRequest.swiftmodule/arm64-apple-watchos.abi.json
Copy /Users/admin/builder/spi-builder-workspace/.derivedData/Build/Products/Debug-watchos/RemoteRequest.swiftmodule/Project/arm64_32-apple-watchos.swiftsourceinfo /Users/admin/builder/spi-builder-workspace/.derivedData/Build/Intermediates.noindex/RemoteRequest.build/Debug-watchos/RemoteRequest-t.build/Objects-normal/arm64_32/RemoteRequest.swiftsourceinfo (in target 'RemoteRequest' from project 'RemoteRequest')
cd /Users/admin/builder/spi-builder-workspace
builtin-copy -exclude .DS_Store -exclude CVS -exclude .svn -exclude .git -exclude .hg -resolve-src-symlinks -rename /Users/admin/builder/spi-builder-workspace/.derivedData/Build/Intermediates.noindex/RemoteRequest.build/Debug-watchos/RemoteRequest-t.build/Objects-normal/arm64_32/RemoteRequest.swiftsourceinfo /Users/admin/builder/spi-builder-workspace/.derivedData/Build/Products/Debug-watchos/RemoteRequest.swiftmodule/Project/arm64_32-apple-watchos.swiftsourceinfo
Copy /Users/admin/builder/spi-builder-workspace/.derivedData/Build/Products/Debug-watchos/RemoteRequest.swiftmodule/Project/arm64-apple-watchos.swiftsourceinfo /Users/admin/builder/spi-builder-workspace/.derivedData/Build/Intermediates.noindex/RemoteRequest.build/Debug-watchos/RemoteRequest-t.build/Objects-normal/arm64/RemoteRequest.swiftsourceinfo (in target 'RemoteRequest' from project 'RemoteRequest')
cd /Users/admin/builder/spi-builder-workspace
builtin-copy -exclude .DS_Store -exclude CVS -exclude .svn -exclude .git -exclude .hg -resolve-src-symlinks -rename /Users/admin/builder/spi-builder-workspace/.derivedData/Build/Intermediates.noindex/RemoteRequest.build/Debug-watchos/RemoteRequest-t.build/Objects-normal/arm64/RemoteRequest.swiftsourceinfo /Users/admin/builder/spi-builder-workspace/.derivedData/Build/Products/Debug-watchos/RemoteRequest.swiftmodule/Project/arm64-apple-watchos.swiftsourceinfo
SwiftCompile normal arm64_32 Compiling\ ObjectMappable.swift,\ RestError.swift /Users/admin/builder/spi-builder-workspace/Sources/RemoteRequest/Models/Protocols/ObjectMappable.swift /Users/admin/builder/spi-builder-workspace/Sources/RemoteRequest/Models/Protocols/RestError.swift (in target 'RemoteRequest' from project 'RemoteRequest')
SwiftCompile normal arm64_32 /Users/admin/builder/spi-builder-workspace/Sources/RemoteRequest/Models/Protocols/ObjectMappable.swift (in target 'RemoteRequest' from project 'RemoteRequest')
cd /Users/admin/builder/spi-builder-workspace/.swiftpm/xcode
builtin-SwiftPerFileCompile ObjectMappable.swift
SwiftCompile normal arm64_32 /Users/admin/builder/spi-builder-workspace/Sources/RemoteRequest/Models/Protocols/RestError.swift (in target 'RemoteRequest' from project 'RemoteRequest')
cd /Users/admin/builder/spi-builder-workspace/.swiftpm/xcode
builtin-SwiftPerFileCompile RestError.swift
SwiftCompile normal arm64_32 Compiling\ ResultData.swift,\ Rest.swift /Users/admin/builder/spi-builder-workspace/Sources/RemoteRequest/Models/ResultData.swift /Users/admin/builder/spi-builder-workspace/Sources/RemoteRequest/Rest.swift (in target 'RemoteRequest' from project 'RemoteRequest')
SwiftCompile normal arm64_32 /Users/admin/builder/spi-builder-workspace/Sources/RemoteRequest/Models/ResultData.swift (in target 'RemoteRequest' from project 'RemoteRequest')
cd /Users/admin/builder/spi-builder-workspace/.swiftpm/xcode
builtin-SwiftPerFileCompile ResultData.swift
SwiftCompile normal arm64_32 /Users/admin/builder/spi-builder-workspace/Sources/RemoteRequest/Rest.swift (in target 'RemoteRequest' from project 'RemoteRequest')
cd /Users/admin/builder/spi-builder-workspace/.swiftpm/xcode
builtin-SwiftPerFileCompile Rest.swift
SwiftDriverJobDiscovery normal arm64 Compiling LoggingLevels.swift, RouteOptions.swift (in target 'RemoteRequest' from project 'RemoteRequest')
SwiftCompile normal arm64_32 Compiling\ CacheManager.swift,\ URLRequest+Ext.swift,\ EmptyResponse.swift /Users/admin/builder/spi-builder-workspace/Sources/RemoteRequest/CacheManager.swift /Users/admin/builder/spi-builder-workspace/Sources/RemoteRequest/Extensions/URLRequest+Ext.swift /Users/admin/builder/spi-builder-workspace/Sources/RemoteRequest/Models/EmptyResponse.swift (in target 'RemoteRequest' from project 'RemoteRequest')
SwiftCompile normal arm64_32 /Users/admin/builder/spi-builder-workspace/Sources/RemoteRequest/CacheManager.swift (in target 'RemoteRequest' from project 'RemoteRequest')
cd /Users/admin/builder/spi-builder-workspace/.swiftpm/xcode
builtin-SwiftPerFileCompile CacheManager.swift
SwiftCompile normal arm64_32 /Users/admin/builder/spi-builder-workspace/Sources/RemoteRequest/Extensions/URLRequest+Ext.swift (in target 'RemoteRequest' from project 'RemoteRequest')
cd /Users/admin/builder/spi-builder-workspace/.swiftpm/xcode
builtin-SwiftPerFileCompile URLRequest+Ext.swift
SwiftCompile normal arm64_32 /Users/admin/builder/spi-builder-workspace/Sources/RemoteRequest/Models/EmptyResponse.swift (in target 'RemoteRequest' from project 'RemoteRequest')
cd /Users/admin/builder/spi-builder-workspace/.swiftpm/xcode
builtin-SwiftPerFileCompile EmptyResponse.swift
/Users/admin/builder/spi-builder-workspace/Sources/RemoteRequest/CacheManager.swift:26:19: error: 'UIApplication' is unavailable in watchOS
24 | self,
25 | selector: #selector(handleAppDidEnterBackground),
26 | name: UIApplication.didEnterBackgroundNotification,
| `- error: 'UIApplication' is unavailable in watchOS
27 | object: nil
28 | )
/Applications/Xcode-27.0.0-Release.Candidate.app/Contents/Developer/Platforms/WatchOS.platform/Developer/SDKs/WatchOS27.0.sdk/System/Library/Frameworks/UIKit.framework/Headers/UIApplication.h:85:12: note: 'UIApplication' has been explicitly marked unavailable here
83 |
84 | UIKIT_EXTERN API_AVAILABLE(ios(2.0)) API_UNAVAILABLE(watchos) NS_SWIFT_UI_ACTOR
85 | @interface UIApplication : UIResponder
| `- note: 'UIApplication' has been explicitly marked unavailable here
86 |
87 | @property(class, nonatomic, readonly) UIApplication *sharedApplication NS_EXTENSION_UNAVAILABLE_IOS("Use view controller based solutions where appropriate instead.");
SwiftDriverJobDiscovery normal arm64_32 Compiling ObjectMappable.swift, RestError.swift (in target 'RemoteRequest' from project 'RemoteRequest')
SwiftCompile normal arm64_32 Compiling\ RouteRestProtocol.swift,\ RouteUploadProtocol.swift /Users/admin/builder/spi-builder-workspace/Sources/RemoteRequest/Models/Protocols/RouteRestProtocol.swift /Users/admin/builder/spi-builder-workspace/Sources/RemoteRequest/Models/Protocols/RouteUploadProtocol.swift (in target 'RemoteRequest' from project 'RemoteRequest')
SwiftCompile normal arm64_32 /Users/admin/builder/spi-builder-workspace/Sources/RemoteRequest/Models/Protocols/RouteRestProtocol.swift (in target 'RemoteRequest' from project 'RemoteRequest')
cd /Users/admin/builder/spi-builder-workspace/.swiftpm/xcode
builtin-SwiftPerFileCompile RouteRestProtocol.swift
SwiftCompile normal arm64_32 /Users/admin/builder/spi-builder-workspace/Sources/RemoteRequest/Models/Protocols/RouteUploadProtocol.swift (in target 'RemoteRequest' from project 'RemoteRequest')
cd /Users/admin/builder/spi-builder-workspace/.swiftpm/xcode
builtin-SwiftPerFileCompile RouteUploadProtocol.swift
SwiftDriverJobDiscovery normal arm64 Compiling RouteRestProtocol.swift, RouteUploadProtocol.swift (in target 'RemoteRequest' from project 'RemoteRequest')
SwiftDriverJobDiscovery normal arm64 Compiling ResultData.swift, Rest.swift (in target 'RemoteRequest' from project 'RemoteRequest')
SwiftCompile normal arm64_32 Compiling\ LoggingLevels.swift,\ RouteOptions.swift /Users/admin/builder/spi-builder-workspace/Sources/RemoteRequest/Models/Options/LoggingLevels.swift /Users/admin/builder/spi-builder-workspace/Sources/RemoteRequest/Models/Options/RouteOptions.swift (in target 'RemoteRequest' from project 'RemoteRequest')
SwiftCompile normal arm64_32 /Users/admin/builder/spi-builder-workspace/Sources/RemoteRequest/Models/Options/LoggingLevels.swift (in target 'RemoteRequest' from project 'RemoteRequest')
cd /Users/admin/builder/spi-builder-workspace/.swiftpm/xcode
builtin-SwiftPerFileCompile LoggingLevels.swift
SwiftCompile normal arm64_32 /Users/admin/builder/spi-builder-workspace/Sources/RemoteRequest/Models/Options/RouteOptions.swift (in target 'RemoteRequest' from project 'RemoteRequest')
cd /Users/admin/builder/spi-builder-workspace/.swiftpm/xcode
builtin-SwiftPerFileCompile RouteOptions.swift
SwiftCompile normal arm64_32 Compiling\ Route.swift,\ UploadRoute.swift /Users/admin/builder/spi-builder-workspace/Sources/RemoteRequest/Route.swift /Users/admin/builder/spi-builder-workspace/Sources/RemoteRequest/UploadRoute.swift (in target 'RemoteRequest' from project 'RemoteRequest')
/Users/admin/builder/spi-builder-workspace/Sources/RemoteRequest/Route.swift:36:28: warning: generic parameter 'MappableOutput' shadows generic parameter from outer scope with the same name; this is an error in the Swift 6 language mode
10 |
11 | @propertyWrapper
12 | public struct Route<Output: Decodable, MappableOutput, ErrorType: RestError>: RouteRestProtocol, RouteUploadProtocol {
| `- note: 'MappableOutput' previously declared here
13 | let path: String
14 | let method: HTTPMethod
:
34 | }
35 |
36 | public func runRequest<MappableOutput>(completion: @escaping (ResultData<MappableOutput>) -> Void) {
| `- warning: generic parameter 'MappableOutput' shadows generic parameter from outer scope with the same name; this is an error in the Swift 6 language mode
37 | if options.loggingLevels == .all {
38 | wrappedValue.debug()
/Users/admin/builder/spi-builder-workspace/Sources/RemoteRequest/Route.swift:64:34: warning: generic parameter 'MappableOutput' shadows generic parameter from outer scope with the same name; this is an error in the Swift 6 language mode
10 |
11 | @propertyWrapper
12 | public struct Route<Output: Decodable, MappableOutput, ErrorType: RestError>: RouteRestProtocol, RouteUploadProtocol {
| `- note: 'MappableOutput' previously declared here
13 | let path: String
14 | let method: HTTPMethod
:
62 | }
63 |
64 | public func runUploadRequest<MappableOutput>(completion: @escaping (ResultData<MappableOutput>) -> Void, progressHandler: ((Double) -> Void)? = nil) {
| `- warning: generic parameter 'MappableOutput' shadows generic parameter from outer scope with the same name; this is an error in the Swift 6 language mode
65 | if options.loggingLevels == .all {
66 | wrappedValue.debug()
/Users/admin/builder/spi-builder-workspace/Sources/RemoteRequest/Route.swift:118:28: warning: generic parameter 'MappableOutput' shadows generic parameter from outer scope with the same name; this is an error in the Swift 6 language mode
10 |
11 | @propertyWrapper
12 | public struct Route<Output: Decodable, MappableOutput, ErrorType: RestError>: RouteRestProtocol, RouteUploadProtocol {
| `- note: 'MappableOutput' previously declared here
13 | let path: String
14 | let method: HTTPMethod
:
116 |
117 | @available(iOS 15.0, *)
118 | public func runRequest<MappableOutput>() async throws -> Result<MappableOutput, Error> {
| `- warning: generic parameter 'MappableOutput' shadows generic parameter from outer scope with the same name; this is an error in the Swift 6 language mode
119 | if options.loggingLevels == .all {
120 | wrappedValue.debug()
/Users/admin/builder/spi-builder-workspace/Sources/RemoteRequest/Route.swift:145:30: warning: generic parameter 'MappableOutput' shadows generic parameter from outer scope with the same name; this is an error in the Swift 6 language mode
10 |
11 | @propertyWrapper
12 | public struct Route<Output: Decodable, MappableOutput, ErrorType: RestError>: RouteRestProtocol, RouteUploadProtocol {
| `- note: 'MappableOutput' previously declared here
13 | let path: String
14 | let method: HTTPMethod
:
143 | private extension Route {
144 |
145 | func handleRequestResult<MappableOutput>(data: Data?, response: URLResponse?) throws -> MappableOutput {
| `- warning: generic parameter 'MappableOutput' shadows generic parameter from outer scope with the same name; this is an error in the Swift 6 language mode
146 | if options.loggingLevels == .all {
147 | print("Response - \(String(describing: response))")
/Users/admin/builder/spi-builder-workspace/Sources/RemoteRequest/Route.swift:222:32: warning: generic parameter 'MappableOutput' shadows generic parameter from outer scope with the same name; this is an error in the Swift 6 language mode
10 |
11 | @propertyWrapper
12 | public struct Route<Output: Decodable, MappableOutput, ErrorType: RestError>: RouteRestProtocol, RouteUploadProtocol {
| `- note: 'MappableOutput' previously declared here
13 | let path: String
14 | let method: HTTPMethod
:
220 | }
221 |
222 | func getCashMappableObject<MappableOutput>(url: URL) -> MappableOutput? {
| `- warning: generic parameter 'MappableOutput' shadows generic parameter from outer scope with the same name; this is an error in the Swift 6 language mode
223 | if let cachedData = CacheManager.shared.fetchDataFromCache(for: url),
224 | let decodedData = try? JSONDecoder().decode(Output.self, from: cachedData) {
SwiftCompile normal arm64_32 /Users/admin/builder/spi-builder-workspace/Sources/RemoteRequest/Route.swift (in target 'RemoteRequest' from project 'RemoteRequest')
cd /Users/admin/builder/spi-builder-workspace/.swiftpm/xcode
builtin-SwiftPerFileCompile Route.swift
SwiftCompile normal arm64_32 /Users/admin/builder/spi-builder-workspace/Sources/RemoteRequest/UploadRoute.swift (in target 'RemoteRequest' from project 'RemoteRequest')
cd /Users/admin/builder/spi-builder-workspace/.swiftpm/xcode
builtin-SwiftPerFileCompile UploadRoute.swift
SwiftCompile normal arm64_32 Compiling\ HeaderBuilder.swift,\ InputFile.swift,\ MultipartFormData.swift /Users/admin/builder/spi-builder-workspace/Sources/RemoteRequest/Models/Headers/HeaderBuilder.swift /Users/admin/builder/spi-builder-workspace/Sources/RemoteRequest/Models/InputFile.swift /Users/admin/builder/spi-builder-workspace/Sources/RemoteRequest/Models/MultipartFormData.swift (in target 'RemoteRequest' from project 'RemoteRequest')
SwiftCompile normal arm64_32 /Users/admin/builder/spi-builder-workspace/Sources/RemoteRequest/Models/Headers/HeaderBuilder.swift (in target 'RemoteRequest' from project 'RemoteRequest')
cd /Users/admin/builder/spi-builder-workspace/.swiftpm/xcode
builtin-SwiftPerFileCompile HeaderBuilder.swift
SwiftCompile normal arm64_32 /Users/admin/builder/spi-builder-workspace/Sources/RemoteRequest/Models/InputFile.swift (in target 'RemoteRequest' from project 'RemoteRequest')
cd /Users/admin/builder/spi-builder-workspace/.swiftpm/xcode
builtin-SwiftPerFileCompile InputFile.swift
SwiftCompile normal arm64_32 /Users/admin/builder/spi-builder-workspace/Sources/RemoteRequest/Models/MultipartFormData.swift (in target 'RemoteRequest' from project 'RemoteRequest')
cd /Users/admin/builder/spi-builder-workspace/.swiftpm/xcode
builtin-SwiftPerFileCompile MultipartFormData.swift
SwiftCompile normal arm64_32 Compiling\ HTTPMethod.swift,\ Appendable.swift,\ Header.swift /Users/admin/builder/spi-builder-workspace/Sources/RemoteRequest/Models/HTTPMethod.swift /Users/admin/builder/spi-builder-workspace/Sources/RemoteRequest/Models/Headers/Appendable.swift /Users/admin/builder/spi-builder-workspace/Sources/RemoteRequest/Models/Headers/Header.swift (in target 'RemoteRequest' from project 'RemoteRequest')
SwiftCompile normal arm64_32 /Users/admin/builder/spi-builder-workspace/Sources/RemoteRequest/Models/HTTPMethod.swift (in target 'RemoteRequest' from project 'RemoteRequest')
cd /Users/admin/builder/spi-builder-workspace/.swiftpm/xcode
builtin-SwiftPerFileCompile HTTPMethod.swift
SwiftCompile normal arm64_32 /Users/admin/builder/spi-builder-workspace/Sources/RemoteRequest/Models/Headers/Appendable.swift (in target 'RemoteRequest' from project 'RemoteRequest')
cd /Users/admin/builder/spi-builder-workspace/.swiftpm/xcode
builtin-SwiftPerFileCompile Appendable.swift
SwiftCompile normal arm64_32 /Users/admin/builder/spi-builder-workspace/Sources/RemoteRequest/Models/Headers/Header.swift (in target 'RemoteRequest' from project 'RemoteRequest')
cd /Users/admin/builder/spi-builder-workspace/.swiftpm/xcode
builtin-SwiftPerFileCompile Header.swift
SwiftCompile normal arm64_32 Compiling\ HTTPRequestProtocol.swift,\ InputBodyObject.swift /Users/admin/builder/spi-builder-workspace/Sources/RemoteRequest/Models/Protocols/HTTPRequestProtocol.swift /Users/admin/builder/spi-builder-workspace/Sources/RemoteRequest/Models/Protocols/InputBodyObject.swift (in target 'RemoteRequest' from project 'RemoteRequest')
SwiftCompile normal arm64_32 /Users/admin/builder/spi-builder-workspace/Sources/RemoteRequest/Models/Protocols/HTTPRequestProtocol.swift (in target 'RemoteRequest' from project 'RemoteRequest')
cd /Users/admin/builder/spi-builder-workspace/.swiftpm/xcode
builtin-SwiftPerFileCompile HTTPRequestProtocol.swift
SwiftCompile normal arm64_32 /Users/admin/builder/spi-builder-workspace/Sources/RemoteRequest/Models/Protocols/InputBodyObject.swift (in target 'RemoteRequest' from project 'RemoteRequest')
cd /Users/admin/builder/spi-builder-workspace/.swiftpm/xcode
builtin-SwiftPerFileCompile InputBodyObject.swift
SwiftCompile normal arm64_32 Compiling\ UploadRequestProtocol.swift,\ RestErrorResponse.swift /Users/admin/builder/spi-builder-workspace/Sources/RemoteRequest/Models/Protocols/UploadRequestProtocol.swift /Users/admin/builder/spi-builder-workspace/Sources/RemoteRequest/Models/RestErrorResponse.swift (in target 'RemoteRequest' from project 'RemoteRequest')
SwiftCompile normal arm64_32 /Users/admin/builder/spi-builder-workspace/Sources/RemoteRequest/Models/Protocols/UploadRequestProtocol.swift (in target 'RemoteRequest' from project 'RemoteRequest')
cd /Users/admin/builder/spi-builder-workspace/.swiftpm/xcode
builtin-SwiftPerFileCompile UploadRequestProtocol.swift
SwiftCompile normal arm64_32 /Users/admin/builder/spi-builder-workspace/Sources/RemoteRequest/Models/RestErrorResponse.swift (in target 'RemoteRequest' from project 'RemoteRequest')
cd /Users/admin/builder/spi-builder-workspace/.swiftpm/xcode
builtin-SwiftPerFileCompile RestErrorResponse.swift
SwiftDriverJobDiscovery normal arm64 Compiling HTTPMethod.swift, Appendable.swift, Header.swift (in target 'RemoteRequest' from project 'RemoteRequest')
SwiftDriverJobDiscovery normal arm64 Compiling ObjectMappable.swift, RestError.swift (in target 'RemoteRequest' from project 'RemoteRequest')
SwiftDriverJobDiscovery normal arm64 Compiling UploadRequestProtocol.swift, RestErrorResponse.swift (in target 'RemoteRequest' from project 'RemoteRequest')
SwiftDriverJobDiscovery normal arm64 Compiling HeaderBuilder.swift, InputFile.swift, MultipartFormData.swift (in target 'RemoteRequest' from project 'RemoteRequest')
SwiftDriverJobDiscovery normal arm64 Compiling Route.swift, UploadRoute.swift (in target 'RemoteRequest' from project 'RemoteRequest')
SwiftDriverJobDiscovery normal arm64_32 Compiling RouteRestProtocol.swift, RouteUploadProtocol.swift (in target 'RemoteRequest' from project 'RemoteRequest')
SwiftCompile normal arm64 Compiling\ HTTPRequestProtocol.swift,\ InputBodyObject.swift /Users/admin/builder/spi-builder-workspace/Sources/RemoteRequest/Models/Protocols/HTTPRequestProtocol.swift /Users/admin/builder/spi-builder-workspace/Sources/RemoteRequest/Models/Protocols/InputBodyObject.swift (in target 'RemoteRequest' from project 'RemoteRequest')
SwiftCompile normal arm64 /Users/admin/builder/spi-builder-workspace/Sources/RemoteRequest/Models/Protocols/HTTPRequestProtocol.swift (in target 'RemoteRequest' from project 'RemoteRequest')
cd /Users/admin/builder/spi-builder-workspace/.swiftpm/xcode
builtin-SwiftPerFileCompile HTTPRequestProtocol.swift
SwiftCompile normal arm64 /Users/admin/builder/spi-builder-workspace/Sources/RemoteRequest/Models/Protocols/InputBodyObject.swift (in target 'RemoteRequest' from project 'RemoteRequest')
cd /Users/admin/builder/spi-builder-workspace/.swiftpm/xcode
builtin-SwiftPerFileCompile InputBodyObject.swift
SwiftDriverJobDiscovery normal arm64_32 Compiling HTTPRequestProtocol.swift, InputBodyObject.swift (in target 'RemoteRequest' from project 'RemoteRequest')
SwiftDriverJobDiscovery normal arm64_32 Compiling LoggingLevels.swift, RouteOptions.swift (in target 'RemoteRequest' from project 'RemoteRequest')
SwiftDriverJobDiscovery normal arm64_32 Compiling HeaderBuilder.swift, InputFile.swift, MultipartFormData.swift (in target 'RemoteRequest' from project 'RemoteRequest')
SwiftDriverJobDiscovery normal arm64_32 Compiling UploadRequestProtocol.swift, RestErrorResponse.swift (in target 'RemoteRequest' from project 'RemoteRequest')
SwiftDriverJobDiscovery normal arm64_32 Compiling ResultData.swift, Rest.swift (in target 'RemoteRequest' from project 'RemoteRequest')
SwiftDriverJobDiscovery normal arm64_32 Compiling HTTPMethod.swift, Appendable.swift, Header.swift (in target 'RemoteRequest' from project 'RemoteRequest')
SwiftDriverJobDiscovery normal arm64 Compiling HTTPRequestProtocol.swift, InputBodyObject.swift (in target 'RemoteRequest' from project 'RemoteRequest')
SwiftDriverJobDiscovery normal arm64_32 Compiling Route.swift, UploadRoute.swift (in target 'RemoteRequest' from project 'RemoteRequest')
PruneExplicitPrecompiledModules /Users/admin/builder/spi-builder-workspace/.derivedData/Build/Intermediates.noindex/ExplicitPrecompiledModules
PruneExplicitPrecompiledModules /Users/admin/builder/spi-builder-workspace/.derivedData/Build/Intermediates.noindex/SwiftExplicitPrecompiledModules
PruneExplicitPrecompiledModules /Users/admin/builder/spi-builder-workspace/.derivedData/SDKExplicitPrecompiledModules
2026-09-26 14:00:23.436 xcodebuild[668:4359] [MT] IDERunDestination: Supported platforms for the buildables in the current scheme is empty.
** BUILD FAILED **
The following build commands failed:
SwiftCompile normal arm64 /Users/admin/builder/spi-builder-workspace/Sources/RemoteRequest/CacheManager.swift (in target 'RemoteRequest' from project 'RemoteRequest')
SwiftCompile normal arm64 Compiling\ CacheManager.swift,\ URLRequest+Ext.swift,\ EmptyResponse.swift /Users/admin/builder/spi-builder-workspace/Sources/RemoteRequest/CacheManager.swift /Users/admin/builder/spi-builder-workspace/Sources/RemoteRequest/Extensions/URLRequest+Ext.swift /Users/admin/builder/spi-builder-workspace/Sources/RemoteRequest/Models/EmptyResponse.swift (in target 'RemoteRequest' from project 'RemoteRequest')
Building workspace RemoteRequest with scheme RemoteRequest
(3 failures)
Command line invocation:
/Applications/Xcode-27.0.0-Release.Candidate.app/Contents/Developer/usr/bin/xcodebuild -IDEClonedSourcePackagesDirPathOverride=/Users/admin/builder/spi-builder-workspace/.dependencies -resolvePackageDependencies
Resolve Package Graph
Resolved source packages:
RemoteRequest: /Users/admin/builder/spi-builder-workspace
resolved source packages: RemoteRequest
2026-09-26 14:00:32.200 xcodebuild[807:4936] [MT] IDERunDestination: Supported platforms for the buildables in the current scheme is empty.
{
"dependencies" : [
],
"manifest_display_name" : "RemoteRequest",
"name" : "RemoteRequest",
"path" : "/Users/admin/builder/spi-builder-workspace",
"platforms" : [
{
"name" : "ios",
"version" : "11.0"
},
{
"name" : "tvos",
"version" : "9.0"
},
{
"name" : "watchos",
"version" : "2.0"
},
{
"name" : "macos",
"version" : "10.10"
}
],
"products" : [
{
"name" : "RemoteRequest",
"targets" : [
"RemoteRequest"
],
"type" : {
"library" : [
"automatic"
]
}
}
],
"targets" : [
{
"c99name" : "RemoteRequestTests",
"module_type" : "SwiftTarget",
"name" : "RemoteRequestTests",
"path" : "Tests",
"sources" : [
"LinuxMain.swift",
"RemoteRequestTests.swift"
],
"target_dependencies" : [
"RemoteRequest"
],
"type" : "test"
},
{
"c99name" : "RemoteRequest",
"module_type" : "SwiftTarget",
"name" : "RemoteRequest",
"path" : "Sources",
"product_memberships" : [
"RemoteRequest"
],
"sources" : [
"RemoteRequest/CacheManager.swift",
"RemoteRequest/Extensions/URLRequest+Ext.swift",
"RemoteRequest/Models/EmptyResponse.swift",
"RemoteRequest/Models/HTTPMethod.swift",
"RemoteRequest/Models/Headers/Appendable.swift",
"RemoteRequest/Models/Headers/Header.swift",
"RemoteRequest/Models/Headers/HeaderBuilder.swift",
"RemoteRequest/Models/InputFile.swift",
"RemoteRequest/Models/MultipartFormData.swift",
"RemoteRequest/Models/Options/LoggingLevels.swift",
"RemoteRequest/Models/Options/RouteOptions.swift",
"RemoteRequest/Models/Protocols/HTTPRequestProtocol.swift",
"RemoteRequest/Models/Protocols/InputBodyObject.swift",
"RemoteRequest/Models/Protocols/ObjectMappable.swift",
"RemoteRequest/Models/Protocols/RestError.swift",
"RemoteRequest/Models/Protocols/RouteRestProtocol.swift",
"RemoteRequest/Models/Protocols/RouteUploadProtocol.swift",
"RemoteRequest/Models/Protocols/UploadRequestProtocol.swift",
"RemoteRequest/Models/RestErrorResponse.swift",
"RemoteRequest/Models/ResultData.swift",
"RemoteRequest/Rest.swift",
"RemoteRequest/Route.swift",
"RemoteRequest/UploadRoute.swift"
],
"type" : "library"
}
],
"tools_version" : "5.3"
}
{
"workspace" : {
"name" : "RemoteRequest",
"schemes" : [
"RemoteRequest"
]
}
}
2026-09-26 14:00:33.401 xcodebuild[815:5005] [MT] IDERunDestination: Supported platforms for the buildables in the current scheme is empty.
Running build ...
env DEVELOPER_DIR=/Applications/Xcode-27.0.0-Release.Candidate.app xcrun xcodebuild -IDEClonedSourcePackagesDirPathOverride=$PWD/.dependencies -skipMacroValidation -skipPackagePluginValidation -derivedDataPath $PWD/.derivedData build -scheme RemoteRequest -destination generic/platform=watchOS
Command line invocation:
/Applications/Xcode-27.0.0-Release.Candidate.app/Contents/Developer/usr/bin/xcodebuild -IDEClonedSourcePackagesDirPathOverride=/Users/admin/builder/spi-builder-workspace/.dependencies -skipMacroValidation -skipPackagePluginValidation -derivedDataPath /Users/admin/builder/spi-builder-workspace/.derivedData build -scheme RemoteRequest -destination generic/platform=watchOS
Resolve Package Graph
Resolved source packages:
RemoteRequest: /Users/admin/builder/spi-builder-workspace
ComputePackagePrebuildTargetDependencyGraph
Prepare packages
CreateBuildRequest
SendProjectDescription
CreateBuildOperation
ComputeTargetDependencyGraph
note: Building targets in dependency order
note: Target dependency graph (2 targets)
Target 'RemoteRequest-product' in project 'RemoteRequest'
➜ Explicit dependency on target 'RemoteRequest' in project 'RemoteRequest'
Target 'RemoteRequest' in project 'RemoteRequest' (no dependencies)
GatherProvisioningInputs
CreateBuildDescription
ClangStatCache /Applications/Xcode-27.0.0-Release.Candidate.app/Contents/Developer/Toolchains/XcodeDefault.xctoolchain/usr/bin/clang-stat-cache /Applications/Xcode-27.0.0-Release.Candidate.app/Contents/Developer/Platforms/WatchOS.platform/Developer/SDKs/WatchOS27.0.sdk /Users/admin/builder/spi-builder-workspace/.derivedData/SDKStatCaches.noindex/watchos27.0-24R360-e829b21a6f8c9b70876ba0858053c04477534ef55a1706bf4c1112bbb242f0a2.sdkstatcache
cd /Users/admin/builder/spi-builder-workspace/.swiftpm/xcode
/Applications/Xcode-27.0.0-Release.Candidate.app/Contents/Developer/Toolchains/XcodeDefault.xctoolchain/usr/bin/clang-stat-cache /Applications/Xcode-27.0.0-Release.Candidate.app/Contents/Developer/Platforms/WatchOS.platform/Developer/SDKs/WatchOS27.0.sdk -o /Users/admin/builder/spi-builder-workspace/.derivedData/SDKStatCaches.noindex/watchos27.0-24R360-e829b21a6f8c9b70876ba0858053c04477534ef55a1706bf4c1112bbb242f0a2.sdkstatcache
SwiftDriver RemoteRequest normal arm64_32 com.apple.xcode.tools.swift.compiler (in target 'RemoteRequest' from project 'RemoteRequest')
cd /Users/admin/builder/spi-builder-workspace/.swiftpm/xcode
builtin-SwiftDriver -- /Applications/Xcode-27.0.0-Release.Candidate.app/Contents/Developer/Toolchains/XcodeDefault.xctoolchain/usr/bin/swiftc -parse-as-library -module-name RemoteRequest -Onone @/Users/admin/builder/spi-builder-workspace/.derivedData/Build/Intermediates.noindex/RemoteRequest.build/Debug-watchos/RemoteRequest-t.build/Objects-normal/arm64_32/RemoteRequest.SwiftFileList -DSWIFT_PACKAGE -DDEBUG -DSWIFT_MODULE_RESOURCE_BUNDLE_UNAVAILABLE -DXcode -plugin-path /Applications/Xcode-27.0.0-Release.Candidate.app/Contents/Developer/Toolchains/XcodeDefault.xctoolchain/usr/lib/swift/host/plugins/testing -enable-experimental-feature DebugDescriptionMacro -sdk /Applications/Xcode-27.0.0-Release.Candidate.app/Contents/Developer/Platforms/WatchOS.platform/Developer/SDKs/WatchOS27.0.sdk -target arm64_32-apple-watchos9.0 -g -module-cache-path /Users/admin/builder/spi-builder-workspace/.derivedData/ModuleCache.noindex -Xfrontend -serialize-debugging-options -profile-coverage-mapping -profile-generate -enable-testing -index-store-path /Users/admin/builder/spi-builder-workspace/.derivedData/Index.noindex/DataStore -Xcc -D_LIBCPP_HARDENING_MODE\=_LIBCPP_HARDENING_MODE_DEBUG -swift-version 5 -I /Users/admin/builder/spi-builder-workspace/.derivedData/Build/Products/Debug-watchos -Isystem /Applications/Xcode-27.0.0-Release.Candidate.app/Contents/Developer/Platforms/WatchOS.platform/Developer/usr/lib -F /Users/admin/builder/spi-builder-workspace/.derivedData/Build/Products/Debug-watchos -F /Applications/Xcode-27.0.0-Release.Candidate.app/Contents/Developer/Platforms/WatchOS.platform/Developer/Library/Frameworks -F /Applications/Xcode-27.0.0-Release.Candidate.app/Contents/Developer/Platforms/WatchOS.platform/Developer/SDKs/WatchOS27.0.sdk/Developer/Library/Frameworks -c -j10 -enable-batch-mode -incremental -Xcc -ivfsstatcache -Xcc /Users/admin/builder/spi-builder-workspace/.derivedData/SDKStatCaches.noindex/watchos27.0-24R360-e829b21a6f8c9b70876ba0858053c04477534ef55a1706bf4c1112bbb242f0a2.sdkstatcache -output-file-map /Users/admin/builder/spi-builder-workspace/.derivedData/Build/Intermediates.noindex/RemoteRequest.build/Debug-watchos/RemoteRequest-t.build/Objects-normal/arm64_32/RemoteRequest-OutputFileMap.json -save-temps -no-color-diagnostics -explicit-module-build -module-cache-path /Users/admin/builder/spi-builder-workspace/.derivedData/Build/Intermediates.noindex/SwiftExplicitPrecompiledModules -clang-scanner-module-cache-path /Users/admin/builder/spi-builder-workspace/.derivedData/ModuleCache.noindex -sdk-module-cache-path /Users/admin/builder/spi-builder-workspace/.derivedData/SDKExplicitPrecompiledModules -emit-dependencies -emit-module -emit-module-path /Users/admin/builder/spi-builder-workspace/.derivedData/Build/Intermediates.noindex/RemoteRequest.build/Debug-watchos/RemoteRequest-t.build/Objects-normal/arm64_32/RemoteRequest.swiftmodule -serialize-diagnostics -dependency-scan-serialize-diagnostics-path /Users/admin/builder/spi-builder-workspace/.derivedData/Build/Intermediates.noindex/RemoteRequest.build/Debug-watchos/RemoteRequest-t.build/Objects-normal/arm64_32/RemoteRequest-dependency-scan.dia -validate-clang-modules-once -clang-build-session-file /Users/admin/builder/spi-builder-workspace/.derivedData/ModuleCache.noindex/Session.modulevalidation -Xcc -fmodules-prune-interval\=86400 -Xcc -fmodules-prune-after\=345600 -emit-const-values -const-gather-protocols-list /Users/admin/builder/spi-builder-workspace/.derivedData/Build/Intermediates.noindex/RemoteRequest.build/Debug-watchos/RemoteRequest-t.build/Objects-normal/arm64_32/RemoteRequest_const_extract_protocols.json -Xcc -I/Users/admin/builder/spi-builder-workspace/.derivedData/Build/Products/Debug-watchos/include -Xcc -I/Users/admin/builder/spi-builder-workspace/.derivedData/Build/Intermediates.noindex/RemoteRequest.build/Debug-watchos/RemoteRequest-t.build/DerivedSources-normal/arm64_32 -Xcc -I/Users/admin/builder/spi-builder-workspace/.derivedData/Build/Intermediates.noindex/RemoteRequest.build/Debug-watchos/RemoteRequest-t.build/DerivedSources/arm64_32 -Xcc -I/Users/admin/builder/spi-builder-workspace/.derivedData/Build/Intermediates.noindex/RemoteRequest.build/Debug-watchos/RemoteRequest-t.build/DerivedSources -Xcc -DSWIFT_PACKAGE -Xcc -DDEBUG\=1 -emit-objc-header -emit-objc-header-path /Users/admin/builder/spi-builder-workspace/.derivedData/Build/Intermediates.noindex/RemoteRequest.build/Debug-watchos/RemoteRequest-t.build/Objects-normal/arm64_32/RemoteRequest-Swift.h -working-directory /Users/admin/builder/spi-builder-workspace/.swiftpm/xcode -experimental-emit-module-separately -disable-cmo
SwiftDriver RemoteRequest normal arm64 com.apple.xcode.tools.swift.compiler (in target 'RemoteRequest' from project 'RemoteRequest')
cd /Users/admin/builder/spi-builder-workspace/.swiftpm/xcode
builtin-SwiftDriver -- /Applications/Xcode-27.0.0-Release.Candidate.app/Contents/Developer/Toolchains/XcodeDefault.xctoolchain/usr/bin/swiftc -parse-as-library -module-name RemoteRequest -Onone @/Users/admin/builder/spi-builder-workspace/.derivedData/Build/Intermediates.noindex/RemoteRequest.build/Debug-watchos/RemoteRequest-t.build/Objects-normal/arm64/RemoteRequest.SwiftFileList -DSWIFT_PACKAGE -DDEBUG -DSWIFT_MODULE_RESOURCE_BUNDLE_UNAVAILABLE -DXcode -plugin-path /Applications/Xcode-27.0.0-Release.Candidate.app/Contents/Developer/Toolchains/XcodeDefault.xctoolchain/usr/lib/swift/host/plugins/testing -enable-experimental-feature DebugDescriptionMacro -sdk /Applications/Xcode-27.0.0-Release.Candidate.app/Contents/Developer/Platforms/WatchOS.platform/Developer/SDKs/WatchOS27.0.sdk -target arm64-apple-watchos9.0 -g -module-cache-path /Users/admin/builder/spi-builder-workspace/.derivedData/ModuleCache.noindex -Xfrontend -serialize-debugging-options -profile-coverage-mapping -profile-generate -enable-testing -index-store-path /Users/admin/builder/spi-builder-workspace/.derivedData/Index.noindex/DataStore -Xcc -D_LIBCPP_HARDENING_MODE\=_LIBCPP_HARDENING_MODE_DEBUG -swift-version 5 -I /Users/admin/builder/spi-builder-workspace/.derivedData/Build/Products/Debug-watchos -Isystem /Applications/Xcode-27.0.0-Release.Candidate.app/Contents/Developer/Platforms/WatchOS.platform/Developer/usr/lib -F /Users/admin/builder/spi-builder-workspace/.derivedData/Build/Products/Debug-watchos -F /Applications/Xcode-27.0.0-Release.Candidate.app/Contents/Developer/Platforms/WatchOS.platform/Developer/Library/Frameworks -F /Applications/Xcode-27.0.0-Release.Candidate.app/Contents/Developer/Platforms/WatchOS.platform/Developer/SDKs/WatchOS27.0.sdk/Developer/Library/Frameworks -c -j10 -enable-batch-mode -incremental -Xcc -ivfsstatcache -Xcc /Users/admin/builder/spi-builder-workspace/.derivedData/SDKStatCaches.noindex/watchos27.0-24R360-e829b21a6f8c9b70876ba0858053c04477534ef55a1706bf4c1112bbb242f0a2.sdkstatcache -output-file-map /Users/admin/builder/spi-builder-workspace/.derivedData/Build/Intermediates.noindex/RemoteRequest.build/Debug-watchos/RemoteRequest-t.build/Objects-normal/arm64/RemoteRequest-OutputFileMap.json -save-temps -no-color-diagnostics -explicit-module-build -module-cache-path /Users/admin/builder/spi-builder-workspace/.derivedData/Build/Intermediates.noindex/SwiftExplicitPrecompiledModules -clang-scanner-module-cache-path /Users/admin/builder/spi-builder-workspace/.derivedData/ModuleCache.noindex -sdk-module-cache-path /Users/admin/builder/spi-builder-workspace/.derivedData/SDKExplicitPrecompiledModules -emit-dependencies -emit-module -emit-module-path /Users/admin/builder/spi-builder-workspace/.derivedData/Build/Intermediates.noindex/RemoteRequest.build/Debug-watchos/RemoteRequest-t.build/Objects-normal/arm64/RemoteRequest.swiftmodule -serialize-diagnostics -dependency-scan-serialize-diagnostics-path /Users/admin/builder/spi-builder-workspace/.derivedData/Build/Intermediates.noindex/RemoteRequest.build/Debug-watchos/RemoteRequest-t.build/Objects-normal/arm64/RemoteRequest-dependency-scan.dia -validate-clang-modules-once -clang-build-session-file /Users/admin/builder/spi-builder-workspace/.derivedData/ModuleCache.noindex/Session.modulevalidation -Xcc -fmodules-prune-interval\=86400 -Xcc -fmodules-prune-after\=345600 -emit-const-values -const-gather-protocols-list /Users/admin/builder/spi-builder-workspace/.derivedData/Build/Intermediates.noindex/RemoteRequest.build/Debug-watchos/RemoteRequest-t.build/Objects-normal/arm64/RemoteRequest_const_extract_protocols.json -Xcc -I/Users/admin/builder/spi-builder-workspace/.derivedData/Build/Products/Debug-watchos/include -Xcc -I/Users/admin/builder/spi-builder-workspace/.derivedData/Build/Intermediates.noindex/RemoteRequest.build/Debug-watchos/RemoteRequest-t.build/DerivedSources-normal/arm64 -Xcc -I/Users/admin/builder/spi-builder-workspace/.derivedData/Build/Intermediates.noindex/RemoteRequest.build/Debug-watchos/RemoteRequest-t.build/DerivedSources/arm64 -Xcc -I/Users/admin/builder/spi-builder-workspace/.derivedData/Build/Intermediates.noindex/RemoteRequest.build/Debug-watchos/RemoteRequest-t.build/DerivedSources -Xcc -DSWIFT_PACKAGE -Xcc -DDEBUG\=1 -emit-objc-header -emit-objc-header-path /Users/admin/builder/spi-builder-workspace/.derivedData/Build/Intermediates.noindex/RemoteRequest.build/Debug-watchos/RemoteRequest-t.build/Objects-normal/arm64/RemoteRequest-Swift.h -working-directory /Users/admin/builder/spi-builder-workspace/.swiftpm/xcode -experimental-emit-module-separately -disable-cmo
SwiftCompile normal arm64 Compiling\ CacheManager.swift /Users/admin/builder/spi-builder-workspace/Sources/RemoteRequest/CacheManager.swift (in target 'RemoteRequest' from project 'RemoteRequest')
/Users/admin/builder/spi-builder-workspace/Sources/RemoteRequest/CacheManager.swift:26:19: error: 'UIApplication' is unavailable in watchOS
24 | self,
25 | selector: #selector(handleAppDidEnterBackground),
26 | name: UIApplication.didEnterBackgroundNotification,
| `- error: 'UIApplication' is unavailable in watchOS
27 | object: nil
28 | )
/Applications/Xcode-27.0.0-Release.Candidate.app/Contents/Developer/Platforms/WatchOS.platform/Developer/SDKs/WatchOS27.0.sdk/System/Library/Frameworks/UIKit.framework/Headers/UIApplication.h:85:12: note: 'UIApplication' has been explicitly marked unavailable here
83 |
84 | UIKIT_EXTERN API_AVAILABLE(ios(2.0)) API_UNAVAILABLE(watchos) NS_SWIFT_UI_ACTOR
85 | @interface UIApplication : UIResponder
| `- note: 'UIApplication' has been explicitly marked unavailable here
86 |
87 | @property(class, nonatomic, readonly) UIApplication *sharedApplication NS_EXTENSION_UNAVAILABLE_IOS("Use view controller based solutions where appropriate instead.");
/Users/admin/builder/spi-builder-workspace/Sources/RemoteRequest/CacheManager.swift:26:33: error: 'didEnterBackgroundNotification' is unavailable in watchOS
24 | self,
25 | selector: #selector(handleAppDidEnterBackground),
26 | name: UIApplication.didEnterBackgroundNotification,
| `- error: 'didEnterBackgroundNotification' is unavailable in watchOS
27 | object: nil
28 | )
/Applications/Xcode-27.0.0-Release.Candidate.app/Contents/Developer/Platforms/WatchOS.platform/Developer/SDKs/WatchOS27.0.sdk/System/Library/Frameworks/UIKit.framework/Headers/UIApplication.h:570:39: note: 'didEnterBackgroundNotification' has been explicitly marked unavailable here
568 |
569 | // These notifications are sent out after the equivalent delegate message is called
570 | UIKIT_EXTERN NSNotificationName const UIApplicationDidEnterBackgroundNotification API_AVAILABLE(ios(4.0)) API_UNAVAILABLE(watchos) NS_SWIFT_NONISOLATED;
| `- note: 'didEnterBackgroundNotification' has been explicitly marked unavailable here
571 | UIKIT_EXTERN NSNotificationName const UIApplicationWillEnterForegroundNotification API_AVAILABLE(ios(4.0)) API_UNAVAILABLE(watchos) NS_SWIFT_NONISOLATED;
572 | UIKIT_EXTERN NSNotificationName const UIApplicationDidFinishLaunchingNotification API_UNAVAILABLE(watchos) NS_SWIFT_NONISOLATED;
Failed frontend command:
SwiftCompile normal arm64 /Users/admin/builder/spi-builder-workspace/Sources/RemoteRequest/CacheManager.swift (in target 'RemoteRequest' from project 'RemoteRequest')
cd /Users/admin/builder/spi-builder-workspace/.swiftpm/xcode
builtin-SwiftPerFileCompile CacheManager.swift
/Applications/Xcode-27.0.0-Release.Candidate.app/Contents/Developer/Toolchains/XcodeDefault.xctoolchain/usr/bin/swift-frontend -frontend -c -primary-file /Users/admin/builder/spi-builder-workspace/Sources/RemoteRequest/CacheManager.swift /Users/admin/builder/spi-builder-workspace/Sources/RemoteRequest/Extensions/URLRequest+Ext.swift /Users/admin/builder/spi-builder-workspace/Sources/RemoteRequest/Models/EmptyResponse.swift /Users/admin/builder/spi-builder-workspace/Sources/RemoteRequest/Models/HTTPMethod.swift /Users/admin/builder/spi-builder-workspace/Sources/RemoteRequest/Models/Headers/Appendable.swift /Users/admin/builder/spi-builder-workspace/Sources/RemoteRequest/Models/Headers/Header.swift /Users/admin/builder/spi-builder-workspace/Sources/RemoteRequest/Models/Headers/HeaderBuilder.swift /Users/admin/builder/spi-builder-workspace/Sources/RemoteRequest/Models/InputFile.swift /Users/admin/builder/spi-builder-workspace/Sources/RemoteRequest/Models/MultipartFormData.swift /Users/admin/builder/spi-builder-workspace/Sources/RemoteRequest/Models/Options/LoggingLevels.swift /Users/admin/builder/spi-builder-workspace/Sources/RemoteRequest/Models/Options/RouteOptions.swift /Users/admin/builder/spi-builder-workspace/Sources/RemoteRequest/Models/Protocols/HTTPRequestProtocol.swift /Users/admin/builder/spi-builder-workspace/Sources/RemoteRequest/Models/Protocols/InputBodyObject.swift /Users/admin/builder/spi-builder-workspace/Sources/RemoteRequest/Models/Protocols/ObjectMappable.swift /Users/admin/builder/spi-builder-workspace/Sources/RemoteRequest/Models/Protocols/RestError.swift /Users/admin/builder/spi-builder-workspace/Sources/RemoteRequest/Models/Protocols/RouteRestProtocol.swift /Users/admin/builder/spi-builder-workspace/Sources/RemoteRequest/Models/Protocols/RouteUploadProtocol.swift /Users/admin/builder/spi-builder-workspace/Sources/RemoteRequest/Models/Protocols/UploadRequestProtocol.swift /Users/admin/builder/spi-builder-workspace/Sources/RemoteRequest/Models/RestErrorResponse.swift /Users/admin/builder/spi-builder-workspace/Sources/RemoteRequest/Models/ResultData.swift /Users/admin/builder/spi-builder-workspace/Sources/RemoteRequest/Rest.swift /Users/admin/builder/spi-builder-workspace/Sources/RemoteRequest/Route.swift /Users/admin/builder/spi-builder-workspace/Sources/RemoteRequest/UploadRoute.swift -emit-dependencies-path /Users/admin/builder/spi-builder-workspace/.derivedData/Build/Intermediates.noindex/RemoteRequest.build/Debug-watchos/RemoteRequest-t.build/Objects-normal/arm64/CacheManager.d -emit-const-values-path /Users/admin/builder/spi-builder-workspace/.derivedData/Build/Intermediates.noindex/RemoteRequest.build/Debug-watchos/RemoteRequest-t.build/Objects-normal/arm64/CacheManager.swiftconstvalues -emit-reference-dependencies-path /Users/admin/builder/spi-builder-workspace/.derivedData/Build/Intermediates.noindex/RemoteRequest.build/Debug-watchos/RemoteRequest-t.build/Objects-normal/arm64/CacheManager.swiftdeps -serialize-diagnostics-path /Users/admin/builder/spi-builder-workspace/.derivedData/Build/Intermediates.noindex/RemoteRequest.build/Debug-watchos/RemoteRequest-t.build/Objects-normal/arm64/CacheManager.dia -target arm64-apple-watchos9.0 -disable-cross-import-overlay-search -load-resolved-plugin /Applications/Xcode-27.0.0-Release.Candidate.app/Contents/Developer/Platforms/WatchOS.platform/Developer/usr/lib/swift/host/plugins/libFoundationMacros.dylib\#/Applications/Xcode-27.0.0-Release.Candidate.app/Contents/Developer/Platforms/WatchOS.platform/Developer/usr/bin/swift-plugin-server\#FoundationMacros -load-resolved-plugin /Applications/Xcode-27.0.0-Release.Candidate.app/Contents/Developer/Platforms/WatchOS.platform/Developer/usr/lib/swift/host/plugins/libObservationMacros.dylib\#/Applications/Xcode-27.0.0-Release.Candidate.app/Contents/Developer/Platforms/WatchOS.platform/Developer/usr/bin/swift-plugin-server\#ObservationMacros -load-resolved-plugin /Applications/Xcode-27.0.0-Release.Candidate.app/Contents/Developer/Platforms/WatchOS.platform/Developer/usr/lib/swift/host/plugins/libSwiftMacros.dylib\#/Applications/Xcode-27.0.0-Release.Candidate.app/Contents/Developer/Platforms/WatchOS.platform/Developer/usr/bin/swift-plugin-server\#SwiftMacros -load-resolved-plugin /Applications/Xcode-27.0.0-Release.Candidate.app/Contents/Developer/Platforms/WatchOS.platform/Developer/usr/lib/swift/host/plugins/libSwiftUIMacros.dylib\#/Applications/Xcode-27.0.0-Release.Candidate.app/Contents/Developer/Platforms/WatchOS.platform/Developer/usr/bin/swift-plugin-server\#SwiftUIMacros -disable-implicit-swift-modules -Xcc -fno-implicit-modules -Xcc -fno-implicit-module-maps -explicit-swift-module-map-file /Users/admin/builder/spi-builder-workspace/.derivedData/Build/Intermediates.noindex/RemoteRequest.build/Debug-watchos/RemoteRequest-t.build/Objects-normal/arm64/RemoteRequest-dependencies-1.json -Xllvm -aarch64-use-tbi -enable-objc-interop -stack-check -sdk /Applications/Xcode-27.0.0-Release.Candidate.app/Contents/Developer/Platforms/WatchOS.platform/Developer/SDKs/WatchOS27.0.sdk -I /Users/admin/builder/spi-builder-workspace/.derivedData/Build/Products/Debug-watchos -Isystem /Applications/Xcode-27.0.0-Release.Candidate.app/Contents/Developer/Platforms/WatchOS.platform/Developer/usr/lib -F /Users/admin/builder/spi-builder-workspace/.derivedData/Build/Products/Debug-watchos -F /Applications/Xcode-27.0.0-Release.Candidate.app/Contents/Developer/Platforms/WatchOS.platform/Developer/Library/Frameworks -F /Applications/Xcode-27.0.0-Release.Candidate.app/Contents/Developer/Platforms/WatchOS.platform/Developer/SDKs/WatchOS27.0.sdk/Developer/Library/Frameworks -module-cache-path /Users/admin/builder/spi-builder-workspace/.derivedData/Build/Intermediates.noindex/SwiftExplicitPrecompiledModules -no-color-diagnostics -Xcc -fno-color-diagnostics -enable-testing -g -debug-info-format\=dwarf -dwarf-version\=4 -profile-generate -profile-coverage-mapping -swift-version 5 -Onone -D SWIFT_PACKAGE -D DEBUG -D SWIFT_MODULE_RESOURCE_BUNDLE_UNAVAILABLE -D Xcode -serialize-debugging-options -enable-experimental-feature DebugDescriptionMacro -empty-abi-descriptor -validate-clang-modules-once -clang-build-session-file /Users/admin/builder/spi-builder-workspace/.derivedData/ModuleCache.noindex/Session.modulevalidation -Xcc -working-directory -Xcc /Users/admin/builder/spi-builder-workspace/.swiftpm/xcode -enable-anonymous-context-mangled-names -file-compilation-dir /Users/admin/builder/spi-builder-workspace/.swiftpm/xcode -Xcc -D_LIBCPP_HARDENING_MODE\=_LIBCPP_HARDENING_MODE_DEBUG -Xcc -ivfsstatcache -Xcc /Users/admin/builder/spi-builder-workspace/.derivedData/SDKStatCaches.noindex/watchos27.0-24R360-e829b21a6f8c9b70876ba0858053c04477534ef55a1706bf4c1112bbb242f0a2.sdkstatcache -Xcc -fmodules-prune-interval\=86400 -Xcc -fmodules-prune-after\=345600 -Xcc -I/Users/admin/builder/spi-builder-workspace/.derivedData/Build/Products/Debug-watchos/include -Xcc -I/Users/admin/builder/spi-builder-workspace/.derivedData/Build/Intermediates.noindex/RemoteRequest.build/Debug-watchos/RemoteRequest-t.build/DerivedSources-normal/arm64 -Xcc -I/Users/admin/builder/spi-builder-workspace/.derivedData/Build/Intermediates.noindex/RemoteRequest.build/Debug-watchos/RemoteRequest-t.build/DerivedSources/arm64 -Xcc -I/Users/admin/builder/spi-builder-workspace/.derivedData/Build/Intermediates.noindex/RemoteRequest.build/Debug-watchos/RemoteRequest-t.build/DerivedSources -Xcc -DSWIFT_PACKAGE -Xcc -DDEBUG\=1 -no-auto-bridging-header-chaining -module-name RemoteRequest -const-gather-protocols-file /Users/admin/builder/spi-builder-workspace/.derivedData/Build/Intermediates.noindex/RemoteRequest.build/Debug-watchos/RemoteRequest-t.build/Objects-normal/arm64/RemoteRequest_const_extract_protocols.json -disable-clang-spi -clang-target arm64-apple-watchos27.0 -target-sdk-version 27.0 -target-sdk-name watchos27.0 -in-process-plugin-server-path /Applications/Xcode-27.0.0-Release.Candidate.app/Contents/Developer/Toolchains/XcodeDefault.xctoolchain/usr/lib/swift/host/libSwiftInProcPluginServer.dylib -parse-as-library -o /Users/admin/builder/spi-builder-workspace/.derivedData/Build/Intermediates.noindex/RemoteRequest.build/Debug-watchos/RemoteRequest-t.build/Objects-normal/arm64/CacheManager.o -debug-module-path /Users/admin/builder/spi-builder-workspace/.derivedData/Build/Intermediates.noindex/RemoteRequest.build/Debug-watchos/RemoteRequest-t.build/Objects-normal/arm64/RemoteRequest.swiftmodule -index-unit-output-path /RemoteRequest.build/Debug-watchos/RemoteRequest-t.build/Objects-normal/arm64/CacheManager.o -index-store-path /Users/admin/builder/spi-builder-workspace/.derivedData/Index.noindex/DataStore -index-system-modules
SwiftEmitModule normal arm64 Emitting\ module\ for\ RemoteRequest (in target 'RemoteRequest' from project 'RemoteRequest')
/Users/admin/builder/spi-builder-workspace/Sources/RemoteRequest/Route.swift:36:28: warning: generic parameter 'MappableOutput' shadows generic parameter from outer scope with the same name; this is an error in the Swift 6 language mode
10 |
11 | @propertyWrapper
12 | public struct Route<Output: Decodable, MappableOutput, ErrorType: RestError>: RouteRestProtocol, RouteUploadProtocol {
| `- note: 'MappableOutput' previously declared here
13 | let path: String
14 | let method: HTTPMethod
:
34 | }
35 |
36 | public func runRequest<MappableOutput>(completion: @escaping (ResultData<MappableOutput>) -> Void) {
| `- warning: generic parameter 'MappableOutput' shadows generic parameter from outer scope with the same name; this is an error in the Swift 6 language mode
37 | if options.loggingLevels == .all {
38 | wrappedValue.debug()
/Users/admin/builder/spi-builder-workspace/Sources/RemoteRequest/Route.swift:64:34: warning: generic parameter 'MappableOutput' shadows generic parameter from outer scope with the same name; this is an error in the Swift 6 language mode
10 |
11 | @propertyWrapper
12 | public struct Route<Output: Decodable, MappableOutput, ErrorType: RestError>: RouteRestProtocol, RouteUploadProtocol {
| `- note: 'MappableOutput' previously declared here
13 | let path: String
14 | let method: HTTPMethod
:
62 | }
63 |
64 | public func runUploadRequest<MappableOutput>(completion: @escaping (ResultData<MappableOutput>) -> Void, progressHandler: ((Double) -> Void)? = nil) {
| `- warning: generic parameter 'MappableOutput' shadows generic parameter from outer scope with the same name; this is an error in the Swift 6 language mode
65 | if options.loggingLevels == .all {
66 | wrappedValue.debug()
/Users/admin/builder/spi-builder-workspace/Sources/RemoteRequest/Route.swift:118:28: warning: generic parameter 'MappableOutput' shadows generic parameter from outer scope with the same name; this is an error in the Swift 6 language mode
10 |
11 | @propertyWrapper
12 | public struct Route<Output: Decodable, MappableOutput, ErrorType: RestError>: RouteRestProtocol, RouteUploadProtocol {
| `- note: 'MappableOutput' previously declared here
13 | let path: String
14 | let method: HTTPMethod
:
116 |
117 | @available(iOS 15.0, *)
118 | public func runRequest<MappableOutput>() async throws -> Result<MappableOutput, Error> {
| `- warning: generic parameter 'MappableOutput' shadows generic parameter from outer scope with the same name; this is an error in the Swift 6 language mode
119 | if options.loggingLevels == .all {
120 | wrappedValue.debug()
/Users/admin/builder/spi-builder-workspace/Sources/RemoteRequest/Route.swift:145:30: warning: generic parameter 'MappableOutput' shadows generic parameter from outer scope with the same name; this is an error in the Swift 6 language mode
10 |
11 | @propertyWrapper
12 | public struct Route<Output: Decodable, MappableOutput, ErrorType: RestError>: RouteRestProtocol, RouteUploadProtocol {
| `- note: 'MappableOutput' previously declared here
13 | let path: String
14 | let method: HTTPMethod
:
143 | private extension Route {
144 |
145 | func handleRequestResult<MappableOutput>(data: Data?, response: URLResponse?) throws -> MappableOutput {
| `- warning: generic parameter 'MappableOutput' shadows generic parameter from outer scope with the same name; this is an error in the Swift 6 language mode
146 | if options.loggingLevels == .all {
147 | print("Response - \(String(describing: response))")
/Users/admin/builder/spi-builder-workspace/Sources/RemoteRequest/Route.swift:222:32: warning: generic parameter 'MappableOutput' shadows generic parameter from outer scope with the same name; this is an error in the Swift 6 language mode
10 |
11 | @propertyWrapper
12 | public struct Route<Output: Decodable, MappableOutput, ErrorType: RestError>: RouteRestProtocol, RouteUploadProtocol {
| `- note: 'MappableOutput' previously declared here
13 | let path: String
14 | let method: HTTPMethod
:
220 | }
221 |
222 | func getCashMappableObject<MappableOutput>(url: URL) -> MappableOutput? {
| `- warning: generic parameter 'MappableOutput' shadows generic parameter from outer scope with the same name; this is an error in the Swift 6 language mode
223 | if let cachedData = CacheManager.shared.fetchDataFromCache(for: url),
224 | let decodedData = try? JSONDecoder().decode(Output.self, from: cachedData) {
SwiftCompile normal arm64 (in target 'RemoteRequest' from project 'RemoteRequest')
cd /Users/admin/builder/spi-builder-workspace/.swiftpm/xcode
SwiftCompile normal arm64 Compiling\ EmptyResponse.swift /Users/admin/builder/spi-builder-workspace/Sources/RemoteRequest/Models/EmptyResponse.swift (in target 'RemoteRequest' from project 'RemoteRequest')
SwiftCompile normal arm64 /Users/admin/builder/spi-builder-workspace/Sources/RemoteRequest/Models/EmptyResponse.swift (in target 'RemoteRequest' from project 'RemoteRequest')
cd /Users/admin/builder/spi-builder-workspace/.swiftpm/xcode
builtin-SwiftPerFileCompile EmptyResponse.swift
SwiftCompile normal arm64_32 Compiling\ CacheManager.swift /Users/admin/builder/spi-builder-workspace/Sources/RemoteRequest/CacheManager.swift (in target 'RemoteRequest' from project 'RemoteRequest')
SwiftCompile normal arm64_32 /Users/admin/builder/spi-builder-workspace/Sources/RemoteRequest/CacheManager.swift (in target 'RemoteRequest' from project 'RemoteRequest')
cd /Users/admin/builder/spi-builder-workspace/.swiftpm/xcode
builtin-SwiftPerFileCompile CacheManager.swift
/Users/admin/builder/spi-builder-workspace/Sources/RemoteRequest/CacheManager.swift:26:19: error: 'UIApplication' is unavailable in watchOS
24 | self,
25 | selector: #selector(handleAppDidEnterBackground),
26 | name: UIApplication.didEnterBackgroundNotification,
| `- error: 'UIApplication' is unavailable in watchOS
27 | object: nil
28 | )
/Applications/Xcode-27.0.0-Release.Candidate.app/Contents/Developer/Platforms/WatchOS.platform/Developer/SDKs/WatchOS27.0.sdk/System/Library/Frameworks/UIKit.framework/Headers/UIApplication.h:85:12: note: 'UIApplication' has been explicitly marked unavailable here
83 |
84 | UIKIT_EXTERN API_AVAILABLE(ios(2.0)) API_UNAVAILABLE(watchos) NS_SWIFT_UI_ACTOR
85 | @interface UIApplication : UIResponder
| `- note: 'UIApplication' has been explicitly marked unavailable here
86 |
87 | @property(class, nonatomic, readonly) UIApplication *sharedApplication NS_EXTENSION_UNAVAILABLE_IOS("Use view controller based solutions where appropriate instead.");
SwiftEmitModule normal arm64_32 Emitting\ module\ for\ RemoteRequest (in target 'RemoteRequest' from project 'RemoteRequest')
/Users/admin/builder/spi-builder-workspace/Sources/RemoteRequest/Route.swift:36:28: warning: generic parameter 'MappableOutput' shadows generic parameter from outer scope with the same name; this is an error in the Swift 6 language mode
10 |
11 | @propertyWrapper
12 | public struct Route<Output: Decodable, MappableOutput, ErrorType: RestError>: RouteRestProtocol, RouteUploadProtocol {
| `- note: 'MappableOutput' previously declared here
13 | let path: String
14 | let method: HTTPMethod
:
34 | }
35 |
36 | public func runRequest<MappableOutput>(completion: @escaping (ResultData<MappableOutput>) -> Void) {
| `- warning: generic parameter 'MappableOutput' shadows generic parameter from outer scope with the same name; this is an error in the Swift 6 language mode
37 | if options.loggingLevels == .all {
38 | wrappedValue.debug()
/Users/admin/builder/spi-builder-workspace/Sources/RemoteRequest/Route.swift:64:34: warning: generic parameter 'MappableOutput' shadows generic parameter from outer scope with the same name; this is an error in the Swift 6 language mode
10 |
11 | @propertyWrapper
12 | public struct Route<Output: Decodable, MappableOutput, ErrorType: RestError>: RouteRestProtocol, RouteUploadProtocol {
| `- note: 'MappableOutput' previously declared here
13 | let path: String
14 | let method: HTTPMethod
:
62 | }
63 |
64 | public func runUploadRequest<MappableOutput>(completion: @escaping (ResultData<MappableOutput>) -> Void, progressHandler: ((Double) -> Void)? = nil) {
| `- warning: generic parameter 'MappableOutput' shadows generic parameter from outer scope with the same name; this is an error in the Swift 6 language mode
65 | if options.loggingLevels == .all {
66 | wrappedValue.debug()
/Users/admin/builder/spi-builder-workspace/Sources/RemoteRequest/Route.swift:118:28: warning: generic parameter 'MappableOutput' shadows generic parameter from outer scope with the same name; this is an error in the Swift 6 language mode
10 |
11 | @propertyWrapper
12 | public struct Route<Output: Decodable, MappableOutput, ErrorType: RestError>: RouteRestProtocol, RouteUploadProtocol {
| `- note: 'MappableOutput' previously declared here
13 | let path: String
14 | let method: HTTPMethod
:
116 |
117 | @available(iOS 15.0, *)
118 | public func runRequest<MappableOutput>() async throws -> Result<MappableOutput, Error> {
| `- warning: generic parameter 'MappableOutput' shadows generic parameter from outer scope with the same name; this is an error in the Swift 6 language mode
119 | if options.loggingLevels == .all {
120 | wrappedValue.debug()
/Users/admin/builder/spi-builder-workspace/Sources/RemoteRequest/Route.swift:145:30: warning: generic parameter 'MappableOutput' shadows generic parameter from outer scope with the same name; this is an error in the Swift 6 language mode
10 |
11 | @propertyWrapper
12 | public struct Route<Output: Decodable, MappableOutput, ErrorType: RestError>: RouteRestProtocol, RouteUploadProtocol {
| `- note: 'MappableOutput' previously declared here
13 | let path: String
14 | let method: HTTPMethod
:
143 | private extension Route {
144 |
145 | func handleRequestResult<MappableOutput>(data: Data?, response: URLResponse?) throws -> MappableOutput {
| `- warning: generic parameter 'MappableOutput' shadows generic parameter from outer scope with the same name; this is an error in the Swift 6 language mode
146 | if options.loggingLevels == .all {
147 | print("Response - \(String(describing: response))")
/Users/admin/builder/spi-builder-workspace/Sources/RemoteRequest/Route.swift:222:32: warning: generic parameter 'MappableOutput' shadows generic parameter from outer scope with the same name; this is an error in the Swift 6 language mode
10 |
11 | @propertyWrapper
12 | public struct Route<Output: Decodable, MappableOutput, ErrorType: RestError>: RouteRestProtocol, RouteUploadProtocol {
| `- note: 'MappableOutput' previously declared here
13 | let path: String
14 | let method: HTTPMethod
:
220 | }
221 |
222 | func getCashMappableObject<MappableOutput>(url: URL) -> MappableOutput? {
| `- warning: generic parameter 'MappableOutput' shadows generic parameter from outer scope with the same name; this is an error in the Swift 6 language mode
223 | if let cachedData = CacheManager.shared.fetchDataFromCache(for: url),
224 | let decodedData = try? JSONDecoder().decode(Output.self, from: cachedData) {
SwiftCompile normal arm64_32 (in target 'RemoteRequest' from project 'RemoteRequest')
cd /Users/admin/builder/spi-builder-workspace/.swiftpm/xcode
SwiftCompile normal arm64_32 Compiling\ EmptyResponse.swift /Users/admin/builder/spi-builder-workspace/Sources/RemoteRequest/Models/EmptyResponse.swift (in target 'RemoteRequest' from project 'RemoteRequest')
SwiftCompile normal arm64_32 /Users/admin/builder/spi-builder-workspace/Sources/RemoteRequest/Models/EmptyResponse.swift (in target 'RemoteRequest' from project 'RemoteRequest')
cd /Users/admin/builder/spi-builder-workspace/.swiftpm/xcode
builtin-SwiftPerFileCompile EmptyResponse.swift
SwiftCompile normal arm64_32 Compiling\ URLRequest+Ext.swift /Users/admin/builder/spi-builder-workspace/Sources/RemoteRequest/Extensions/URLRequest+Ext.swift (in target 'RemoteRequest' from project 'RemoteRequest')
SwiftCompile normal arm64_32 /Users/admin/builder/spi-builder-workspace/Sources/RemoteRequest/Extensions/URLRequest+Ext.swift (in target 'RemoteRequest' from project 'RemoteRequest')
cd /Users/admin/builder/spi-builder-workspace/.swiftpm/xcode
builtin-SwiftPerFileCompile URLRequest+Ext.swift
SwiftCompile normal arm64 Compiling\ URLRequest+Ext.swift /Users/admin/builder/spi-builder-workspace/Sources/RemoteRequest/Extensions/URLRequest+Ext.swift (in target 'RemoteRequest' from project 'RemoteRequest')
SwiftCompile normal arm64 /Users/admin/builder/spi-builder-workspace/Sources/RemoteRequest/Extensions/URLRequest+Ext.swift (in target 'RemoteRequest' from project 'RemoteRequest')
cd /Users/admin/builder/spi-builder-workspace/.swiftpm/xcode
builtin-SwiftPerFileCompile URLRequest+Ext.swift
SwiftDriverJobDiscovery normal arm64_32 Compiling EmptyResponse.swift (in target 'RemoteRequest' from project 'RemoteRequest')
SwiftDriverJobDiscovery normal arm64 Compiling EmptyResponse.swift (in target 'RemoteRequest' from project 'RemoteRequest')
SwiftDriverJobDiscovery normal arm64_32 Compiling URLRequest+Ext.swift (in target 'RemoteRequest' from project 'RemoteRequest')
SwiftDriverJobDiscovery normal arm64 Compiling URLRequest+Ext.swift (in target 'RemoteRequest' from project 'RemoteRequest')
SwiftCompile normal arm64_32 Compiling\ UploadRoute.swift /Users/admin/builder/spi-builder-workspace/Sources/RemoteRequest/UploadRoute.swift (in target 'RemoteRequest' from project 'RemoteRequest')
SwiftCompile normal arm64_32 /Users/admin/builder/spi-builder-workspace/Sources/RemoteRequest/UploadRoute.swift (in target 'RemoteRequest' from project 'RemoteRequest')
cd /Users/admin/builder/spi-builder-workspace/.swiftpm/xcode
builtin-SwiftPerFileCompile UploadRoute.swift
SwiftCompile normal arm64_32 Compiling\ Route.swift /Users/admin/builder/spi-builder-workspace/Sources/RemoteRequest/Route.swift (in target 'RemoteRequest' from project 'RemoteRequest')
SwiftCompile normal arm64_32 /Users/admin/builder/spi-builder-workspace/Sources/RemoteRequest/Route.swift (in target 'RemoteRequest' from project 'RemoteRequest')
cd /Users/admin/builder/spi-builder-workspace/.swiftpm/xcode
builtin-SwiftPerFileCompile Route.swift
SwiftCompile normal arm64 Compiling\ Route.swift /Users/admin/builder/spi-builder-workspace/Sources/RemoteRequest/Route.swift (in target 'RemoteRequest' from project 'RemoteRequest')
SwiftCompile normal arm64 /Users/admin/builder/spi-builder-workspace/Sources/RemoteRequest/Route.swift (in target 'RemoteRequest' from project 'RemoteRequest')
cd /Users/admin/builder/spi-builder-workspace/.swiftpm/xcode
builtin-SwiftPerFileCompile Route.swift
SwiftCompile normal arm64 Compiling\ UploadRoute.swift /Users/admin/builder/spi-builder-workspace/Sources/RemoteRequest/UploadRoute.swift (in target 'RemoteRequest' from project 'RemoteRequest')
SwiftCompile normal arm64 /Users/admin/builder/spi-builder-workspace/Sources/RemoteRequest/UploadRoute.swift (in target 'RemoteRequest' from project 'RemoteRequest')
cd /Users/admin/builder/spi-builder-workspace/.swiftpm/xcode
builtin-SwiftPerFileCompile UploadRoute.swift
PruneExplicitPrecompiledModules /Users/admin/builder/spi-builder-workspace/.derivedData/Build/Intermediates.noindex/ExplicitPrecompiledModules
PruneExplicitPrecompiledModules /Users/admin/builder/spi-builder-workspace/.derivedData/Build/Intermediates.noindex/SwiftExplicitPrecompiledModules
PruneExplicitPrecompiledModules /Users/admin/builder/spi-builder-workspace/.derivedData/SDKExplicitPrecompiledModules
2026-09-26 14:00:34.353 xcodebuild[816:5030] [MT] IDERunDestination: Supported platforms for the buildables in the current scheme is empty.
** BUILD FAILED **
The following build commands failed:
SwiftCompile normal arm64 /Users/admin/builder/spi-builder-workspace/Sources/RemoteRequest/CacheManager.swift (in target 'RemoteRequest' from project 'RemoteRequest')
SwiftCompile normal arm64 Compiling\ CacheManager.swift /Users/admin/builder/spi-builder-workspace/Sources/RemoteRequest/CacheManager.swift (in target 'RemoteRequest' from project 'RemoteRequest')
Building workspace RemoteRequest with scheme RemoteRequest
(3 failures)
BUILD FAILURE 6.4 watchOS