Build Information
Failed to build Qwen3Speech, reference main (cbcdfc), with Swift 6.1 for iOS using Xcode 16.3 on 9 Oct 2026 19:53:49 UTC.
Build Command
env DEVELOPER_DIR=/Applications/Xcode-16.3.0.app xcrun xcodebuild -IDEClonedSourcePackagesDirPathOverride=$PWD/.dependencies -skipMacroValidation -skipPackagePluginValidation -derivedDataPath $PWD/.derivedData build -scheme KokoroTTS -destination generic/platform=iOSBuild Log
cd /Users/admin/builder/spi-builder-workspace/.swiftpm/xcode
SwiftCompile normal arm64 /Users/admin/builder/spi-builder-workspace/.dependencies/checkouts/swift-huggingface/Sources/HuggingFace/InferenceProviders/Message.swift (in target 'HuggingFace' from project 'swift-huggingface')
cd /Users/admin/builder/spi-builder-workspace/.swiftpm/xcode
SwiftCompile normal arm64 /Users/admin/builder/spi-builder-workspace/.dependencies/checkouts/swift-huggingface/Sources/HuggingFace/InferenceProviders/Provider.swift (in target 'HuggingFace' from project 'swift-huggingface')
cd /Users/admin/builder/spi-builder-workspace/.swiftpm/xcode
SwiftDriverJobDiscovery normal arm64 Compiling _Hashtable+Header.swift, OrderedDictionary+Codable.swift, OrderedDictionary+CustomReflectable.swift, OrderedDictionary+Deprecations.swift, OrderedDictionary+Descriptions.swift, OrderedDictionary+Elements.SubSequence.swift, OrderedDictionary+Elements.swift (in target 'OrderedCollections' from project 'swift-collections')
SwiftCompile normal arm64 Compiling\ Discussion.swift,\ File.swift,\ Git.swift,\ HubCache.swift,\ HubClient+Buckets.swift,\ HubClient+Collections.swift /Users/admin/builder/spi-builder-workspace/.dependencies/checkouts/swift-huggingface/Sources/HuggingFace/Hub/Discussion.swift /Users/admin/builder/spi-builder-workspace/.dependencies/checkouts/swift-huggingface/Sources/HuggingFace/Hub/File.swift /Users/admin/builder/spi-builder-workspace/.dependencies/checkouts/swift-huggingface/Sources/HuggingFace/Hub/Git.swift /Users/admin/builder/spi-builder-workspace/.dependencies/checkouts/swift-huggingface/Sources/HuggingFace/Hub/HubCache.swift /Users/admin/builder/spi-builder-workspace/.dependencies/checkouts/swift-huggingface/Sources/HuggingFace/Hub/HubClient+Buckets.swift /Users/admin/builder/spi-builder-workspace/.dependencies/checkouts/swift-huggingface/Sources/HuggingFace/Hub/HubClient+Collections.swift (in target 'HuggingFace' from project 'swift-huggingface')
SwiftCompile normal arm64 /Users/admin/builder/spi-builder-workspace/.dependencies/checkouts/swift-huggingface/Sources/HuggingFace/Hub/Discussion.swift (in target 'HuggingFace' from project 'swift-huggingface')
cd /Users/admin/builder/spi-builder-workspace/.swiftpm/xcode
SwiftCompile normal arm64 /Users/admin/builder/spi-builder-workspace/.dependencies/checkouts/swift-huggingface/Sources/HuggingFace/Hub/File.swift (in target 'HuggingFace' from project 'swift-huggingface')
cd /Users/admin/builder/spi-builder-workspace/.swiftpm/xcode
SwiftCompile normal arm64 /Users/admin/builder/spi-builder-workspace/.dependencies/checkouts/swift-huggingface/Sources/HuggingFace/Hub/Git.swift (in target 'HuggingFace' from project 'swift-huggingface')
cd /Users/admin/builder/spi-builder-workspace/.swiftpm/xcode
SwiftCompile normal arm64 /Users/admin/builder/spi-builder-workspace/.dependencies/checkouts/swift-huggingface/Sources/HuggingFace/Hub/HubCache.swift (in target 'HuggingFace' from project 'swift-huggingface')
cd /Users/admin/builder/spi-builder-workspace/.swiftpm/xcode
SwiftCompile normal arm64 /Users/admin/builder/spi-builder-workspace/.dependencies/checkouts/swift-huggingface/Sources/HuggingFace/Hub/HubClient+Buckets.swift (in target 'HuggingFace' from project 'swift-huggingface')
cd /Users/admin/builder/spi-builder-workspace/.swiftpm/xcode
SwiftCompile normal arm64 /Users/admin/builder/spi-builder-workspace/.dependencies/checkouts/swift-huggingface/Sources/HuggingFace/Hub/HubClient+Collections.swift (in target 'HuggingFace' from project 'swift-huggingface')
cd /Users/admin/builder/spi-builder-workspace/.swiftpm/xcode
SwiftDriverJobDiscovery normal arm64 Compiling _HashTable+Bucket.swift, _HashTable+BucketIterator.swift, _HashTable+Constants.swift, _HashTable+CustomStringConvertible.swift, _HashTable+Testing.swift, _HashTable+UnsafeHandle.swift, _HashTable.swift (in target 'OrderedCollections' from project 'swift-collections')
SwiftCompile normal arm64 Compiling\ HubClient.swift,\ Model.swift,\ OAuth.swift,\ Organization.swift,\ Pagination.swift,\ Paper.swift /Users/admin/builder/spi-builder-workspace/.dependencies/checkouts/swift-huggingface/Sources/HuggingFace/Hub/HubClient.swift /Users/admin/builder/spi-builder-workspace/.dependencies/checkouts/swift-huggingface/Sources/HuggingFace/Hub/Model.swift /Users/admin/builder/spi-builder-workspace/.dependencies/checkouts/swift-huggingface/Sources/HuggingFace/Hub/OAuth.swift /Users/admin/builder/spi-builder-workspace/.dependencies/checkouts/swift-huggingface/Sources/HuggingFace/Hub/Organization.swift /Users/admin/builder/spi-builder-workspace/.dependencies/checkouts/swift-huggingface/Sources/HuggingFace/Hub/Pagination.swift /Users/admin/builder/spi-builder-workspace/.dependencies/checkouts/swift-huggingface/Sources/HuggingFace/Hub/Paper.swift (in target 'HuggingFace' from project 'swift-huggingface')
SwiftCompile normal arm64 /Users/admin/builder/spi-builder-workspace/.dependencies/checkouts/swift-huggingface/Sources/HuggingFace/Hub/HubClient.swift (in target 'HuggingFace' from project 'swift-huggingface')
cd /Users/admin/builder/spi-builder-workspace/.swiftpm/xcode
SwiftCompile normal arm64 /Users/admin/builder/spi-builder-workspace/.dependencies/checkouts/swift-huggingface/Sources/HuggingFace/Hub/Model.swift (in target 'HuggingFace' from project 'swift-huggingface')
cd /Users/admin/builder/spi-builder-workspace/.swiftpm/xcode
SwiftCompile normal arm64 /Users/admin/builder/spi-builder-workspace/.dependencies/checkouts/swift-huggingface/Sources/HuggingFace/Hub/OAuth.swift (in target 'HuggingFace' from project 'swift-huggingface')
cd /Users/admin/builder/spi-builder-workspace/.swiftpm/xcode
SwiftCompile normal arm64 /Users/admin/builder/spi-builder-workspace/.dependencies/checkouts/swift-huggingface/Sources/HuggingFace/Hub/Organization.swift (in target 'HuggingFace' from project 'swift-huggingface')
cd /Users/admin/builder/spi-builder-workspace/.swiftpm/xcode
SwiftCompile normal arm64 /Users/admin/builder/spi-builder-workspace/.dependencies/checkouts/swift-huggingface/Sources/HuggingFace/Hub/Pagination.swift (in target 'HuggingFace' from project 'swift-huggingface')
cd /Users/admin/builder/spi-builder-workspace/.swiftpm/xcode
SwiftCompile normal arm64 /Users/admin/builder/spi-builder-workspace/.dependencies/checkouts/swift-huggingface/Sources/HuggingFace/Hub/Paper.swift (in target 'HuggingFace' from project 'swift-huggingface')
cd /Users/admin/builder/spi-builder-workspace/.swiftpm/xcode
SwiftDriverJobDiscovery normal arm64 Compiling OrderedSet+SubSequence.swift, OrderedSet+Testing.swift, OrderedSet+UnorderedView.swift, OrderedSet+UnstableInternals.swift, OrderedSet.swift, _UnsafeBitset.swift (in target 'OrderedCollections' from project 'swift-collections')
SwiftCompile normal arm64 Compiling\ HubClient+Datasets.swift,\ HubClient+Discussions.swift,\ HubClient+Files.swift,\ HubClient+Git.swift,\ HubClient+Models.swift,\ HubClient+OAuth.swift /Users/admin/builder/spi-builder-workspace/.dependencies/checkouts/swift-huggingface/Sources/HuggingFace/Hub/HubClient+Datasets.swift /Users/admin/builder/spi-builder-workspace/.dependencies/checkouts/swift-huggingface/Sources/HuggingFace/Hub/HubClient+Discussions.swift /Users/admin/builder/spi-builder-workspace/.dependencies/checkouts/swift-huggingface/Sources/HuggingFace/Hub/HubClient+Files.swift /Users/admin/builder/spi-builder-workspace/.dependencies/checkouts/swift-huggingface/Sources/HuggingFace/Hub/HubClient+Git.swift /Users/admin/builder/spi-builder-workspace/.dependencies/checkouts/swift-huggingface/Sources/HuggingFace/Hub/HubClient+Models.swift /Users/admin/builder/spi-builder-workspace/.dependencies/checkouts/swift-huggingface/Sources/HuggingFace/Hub/HubClient+OAuth.swift (in target 'HuggingFace' from project 'swift-huggingface')
SwiftCompile normal arm64 /Users/admin/builder/spi-builder-workspace/.dependencies/checkouts/swift-huggingface/Sources/HuggingFace/Hub/HubClient+Datasets.swift (in target 'HuggingFace' from project 'swift-huggingface')
cd /Users/admin/builder/spi-builder-workspace/.swiftpm/xcode
SwiftCompile normal arm64 /Users/admin/builder/spi-builder-workspace/.dependencies/checkouts/swift-huggingface/Sources/HuggingFace/Hub/HubClient+Discussions.swift (in target 'HuggingFace' from project 'swift-huggingface')
cd /Users/admin/builder/spi-builder-workspace/.swiftpm/xcode
SwiftCompile normal arm64 /Users/admin/builder/spi-builder-workspace/.dependencies/checkouts/swift-huggingface/Sources/HuggingFace/Hub/HubClient+Files.swift (in target 'HuggingFace' from project 'swift-huggingface')
cd /Users/admin/builder/spi-builder-workspace/.swiftpm/xcode
SwiftCompile normal arm64 /Users/admin/builder/spi-builder-workspace/.dependencies/checkouts/swift-huggingface/Sources/HuggingFace/Hub/HubClient+Git.swift (in target 'HuggingFace' from project 'swift-huggingface')
cd /Users/admin/builder/spi-builder-workspace/.swiftpm/xcode
SwiftCompile normal arm64 /Users/admin/builder/spi-builder-workspace/.dependencies/checkouts/swift-huggingface/Sources/HuggingFace/Hub/HubClient+Models.swift (in target 'HuggingFace' from project 'swift-huggingface')
cd /Users/admin/builder/spi-builder-workspace/.swiftpm/xcode
SwiftCompile normal arm64 /Users/admin/builder/spi-builder-workspace/.dependencies/checkouts/swift-huggingface/Sources/HuggingFace/Hub/HubClient+OAuth.swift (in target 'HuggingFace' from project 'swift-huggingface')
cd /Users/admin/builder/spi-builder-workspace/.swiftpm/xcode
SwiftDriverJobDiscovery normal arm64 Emitting module for OrderedCollections (in target 'OrderedCollections' from project 'swift-collections')
SwiftDriver\ Compilation\ Requirements OrderedCollections normal arm64 com.apple.xcode.tools.swift.compiler (in target 'OrderedCollections' from project 'swift-collections')
cd /Users/admin/builder/spi-builder-workspace/.swiftpm/xcode
builtin-Swift-Compilation-Requirements -- /Applications/Xcode-16.3.0.app/Contents/Developer/Toolchains/XcodeDefault.xctoolchain/usr/bin/swiftc -module-name OrderedCollections -Onone -enforce-exclusivity\=checked @/Users/admin/builder/spi-builder-workspace/.derivedData/Build/Intermediates.noindex/swift-collections.build/Debug-iphoneos/OrderedCollections.build/Objects-normal/arm64/OrderedCollections.SwiftFileList -DSWIFT_PACKAGE -DDEBUG -DCOLLECTIONS_RANDOMIZED_TESTING -DXcode -enable-experimental-feature AvailabilityMacro\=SwiftStdlib\ 5.0:\ macOS\ 10.14.4,\ iOS\ 12.2,\ watchOS\ 5.2,\ tvOS\ 12.2 -enable-experimental-feature AvailabilityMacro\=SwiftStdlib\ 5.1:\ macOS\ 10.15,\ iOS\ 13.0,\ watchOS\ 6.0,\ tvOS\ 13.0 -enable-experimental-feature AvailabilityMacro\=SwiftStdlib\ 5.6:\ macOS\ 12.3,\ iOS\ 15.4,\ watchOS\ 8.5,\ tvOS\ 15.4 -enable-experimental-feature AvailabilityMacro\=SwiftStdlib\ 5.8:\ macOS\ 13.3,\ iOS\ 16.4,\ watchOS\ 9.4,\ tvOS\ 16.4 -enable-experimental-feature AvailabilityMacro\=SwiftStdlib\ 5.9:\ macOS\ 14.0,\ iOS\ 17.0,\ watchOS\ 10.0,\ tvOS\ 17.0 -enable-experimental-feature AvailabilityMacro\=SwiftStdlib\ 5.10:\ macOS\ 14.4,\ iOS\ 17.4,\ watchOS\ 10.4,\ tvOS\ 17.4,\ visionOS\ 1.1 -enable-experimental-feature AvailabilityMacro\=SwiftStdlib\ 6.0:\ macOS\ 15.0,\ iOS\ 18.0,\ watchOS\ 11.0,\ tvOS\ 18.0,\ visionOS\ 2.0 -enable-experimental-feature AvailabilityMacro\=SwiftStdlib\ 6.1:\ macOS\ 15.4,\ iOS\ 18.4,\ watchOS\ 11.4,\ tvOS\ 18.4,\ visionOS\ 2.4 -enable-experimental-feature AvailabilityMacro\=SwiftStdlib\ 6.2:\ macOS\ 26.0,\ iOS\ 26.0,\ watchOS\ 26.0,\ tvOS\ 26.0,\ visionOS\ 26.0 -enable-experimental-feature AvailabilityMacro\=SwiftStdlib\ 6.3:\ macOS\ 26.4,\ iOS\ 26.4,\ watchOS\ 26.4,\ tvOS\ 26.4,\ visionOS\ 26.4 -enable-experimental-feature AvailabilityMacro\=SwiftStdlib\ 6.4:\ macOS\ 9999,\ iOS\ 9999,\ watchOS\ 9999,\ tvOS\ 9999,\ visionOS\ 9999 -enable-experimental-feature AvailabilityMacro\=SwiftStdlib\ 6.5:\ macOS\ 9999,\ iOS\ 9999,\ watchOS\ 9999,\ tvOS\ 9999,\ visionOS\ 9999 -enable-upcoming-feature MemberImportVisibility -enable-experimental-feature BuiltinModule -plugin-path /Applications/Xcode-16.3.0.app/Contents/Developer/Toolchains/XcodeDefault.xctoolchain/usr/lib/swift/host/plugins/testing -enable-experimental-feature DebugDescriptionMacro -sdk /Applications/Xcode-16.3.0.app/Contents/Developer/Platforms/iPhoneOS.platform/Developer/SDKs/iPhoneOS18.4.sdk -target arm64-apple-ios12.0 -g -module-cache-path /Users/admin/builder/spi-builder-workspace/.derivedData/ModuleCache.noindex -Xfrontend -serialize-debugging-options -enable-testing -suppress-warnings -index-store-path /Users/admin/builder/spi-builder-workspace/.derivedData/Index.noindex/DataStore -swift-version 6 -I /Users/admin/builder/spi-builder-workspace/.derivedData/Build/Products/Debug-iphoneos -I /Applications/Xcode-16.3.0.app/Contents/Developer/Platforms/iPhoneOS.platform/Developer/usr/lib -F /Users/admin/builder/spi-builder-workspace/.derivedData/Build/Products/Debug-iphoneos/PackageFrameworks -F /Users/admin/builder/spi-builder-workspace/.derivedData/Build/Products/Debug-iphoneos -F /Applications/Xcode-16.3.0.app/Contents/Developer/Platforms/iPhoneOS.platform/Developer/Library/Frameworks -F /Applications/Xcode-16.3.0.app/Contents/Developer/Platforms/iPhoneOS.platform/Developer/SDKs/iPhoneOS18.4.sdk/Developer/Library/Frameworks -c -j10 -enable-batch-mode -incremental -Xcc -ivfsstatcache -Xcc /Users/admin/builder/spi-builder-workspace/.derivedData/SDKStatCaches.noindex/iphoneos18.4-22E235-339d34bc69d7fc736c3220795c36f340.sdkstatcache -output-file-map /Users/admin/builder/spi-builder-workspace/.derivedData/Build/Intermediates.noindex/swift-collections.build/Debug-iphoneos/OrderedCollections.build/Objects-normal/arm64/OrderedCollections-OutputFileMap.json -use-frontend-parseable-output -save-temps -no-color-diagnostics -serialize-diagnostics -emit-dependencies -emit-module -emit-module-path /Users/admin/builder/spi-builder-workspace/.derivedData/Build/Intermediates.noindex/swift-collections.build/Debug-iphoneos/OrderedCollections.build/Objects-normal/arm64/OrderedCollections.swiftmodule -user-module-version 1.6.0 -validate-clang-modules-once -clang-build-session-file /Users/admin/builder/spi-builder-workspace/.derivedData/ModuleCache.noindex/Session.modulevalidation -package-name swift_collections -Xcc -I/Users/admin/builder/spi-builder-workspace/.derivedData/Build/Intermediates.noindex/swift-collections.build/Debug-iphoneos/OrderedCollections.build/swift-overrides.hmap -emit-const-values -Xfrontend -const-gather-protocols-file -Xfrontend /Users/admin/builder/spi-builder-workspace/.derivedData/Build/Intermediates.noindex/swift-collections.build/Debug-iphoneos/OrderedCollections.build/Objects-normal/arm64/OrderedCollections_const_extract_protocols.json -Xcc -I/Users/admin/builder/spi-builder-workspace/.derivedData/Build/Products/Debug-iphoneos/include -Xcc -I/Users/admin/builder/spi-builder-workspace/.derivedData/Build/Intermediates.noindex/swift-collections.build/Debug-iphoneos/OrderedCollections.build/DerivedSources-normal/arm64 -Xcc -I/Users/admin/builder/spi-builder-workspace/.derivedData/Build/Intermediates.noindex/swift-collections.build/Debug-iphoneos/OrderedCollections.build/DerivedSources/arm64 -Xcc -I/Users/admin/builder/spi-builder-workspace/.derivedData/Build/Intermediates.noindex/swift-collections.build/Debug-iphoneos/OrderedCollections.build/DerivedSources -Xcc -DSWIFT_PACKAGE -Xcc -DDEBUG\=1 -emit-objc-header -emit-objc-header-path /Users/admin/builder/spi-builder-workspace/.derivedData/Build/Intermediates.noindex/swift-collections.build/Debug-iphoneos/OrderedCollections.build/Objects-normal/arm64/OrderedCollections-Swift.h -working-directory /Users/admin/builder/spi-builder-workspace/.swiftpm/xcode -experimental-emit-module-separately -disable-cmo
SwiftDriverJobDiscovery normal arm64 Compiling HubClient.swift, Model.swift, OAuth.swift, Organization.swift, Pagination.swift, Paper.swift (in target 'HuggingFace' from project 'swift-huggingface')
SwiftDriver\ Compilation OrderedCollections normal arm64 com.apple.xcode.tools.swift.compiler (in target 'OrderedCollections' from project 'swift-collections')
cd /Users/admin/builder/spi-builder-workspace/.swiftpm/xcode
builtin-Swift-Compilation -- /Applications/Xcode-16.3.0.app/Contents/Developer/Toolchains/XcodeDefault.xctoolchain/usr/bin/swiftc -module-name OrderedCollections -Onone -enforce-exclusivity\=checked @/Users/admin/builder/spi-builder-workspace/.derivedData/Build/Intermediates.noindex/swift-collections.build/Debug-iphoneos/OrderedCollections.build/Objects-normal/arm64/OrderedCollections.SwiftFileList -DSWIFT_PACKAGE -DDEBUG -DCOLLECTIONS_RANDOMIZED_TESTING -DXcode -enable-experimental-feature AvailabilityMacro\=SwiftStdlib\ 5.0:\ macOS\ 10.14.4,\ iOS\ 12.2,\ watchOS\ 5.2,\ tvOS\ 12.2 -enable-experimental-feature AvailabilityMacro\=SwiftStdlib\ 5.1:\ macOS\ 10.15,\ iOS\ 13.0,\ watchOS\ 6.0,\ tvOS\ 13.0 -enable-experimental-feature AvailabilityMacro\=SwiftStdlib\ 5.6:\ macOS\ 12.3,\ iOS\ 15.4,\ watchOS\ 8.5,\ tvOS\ 15.4 -enable-experimental-feature AvailabilityMacro\=SwiftStdlib\ 5.8:\ macOS\ 13.3,\ iOS\ 16.4,\ watchOS\ 9.4,\ tvOS\ 16.4 -enable-experimental-feature AvailabilityMacro\=SwiftStdlib\ 5.9:\ macOS\ 14.0,\ iOS\ 17.0,\ watchOS\ 10.0,\ tvOS\ 17.0 -enable-experimental-feature AvailabilityMacro\=SwiftStdlib\ 5.10:\ macOS\ 14.4,\ iOS\ 17.4,\ watchOS\ 10.4,\ tvOS\ 17.4,\ visionOS\ 1.1 -enable-experimental-feature AvailabilityMacro\=SwiftStdlib\ 6.0:\ macOS\ 15.0,\ iOS\ 18.0,\ watchOS\ 11.0,\ tvOS\ 18.0,\ visionOS\ 2.0 -enable-experimental-feature AvailabilityMacro\=SwiftStdlib\ 6.1:\ macOS\ 15.4,\ iOS\ 18.4,\ watchOS\ 11.4,\ tvOS\ 18.4,\ visionOS\ 2.4 -enable-experimental-feature AvailabilityMacro\=SwiftStdlib\ 6.2:\ macOS\ 26.0,\ iOS\ 26.0,\ watchOS\ 26.0,\ tvOS\ 26.0,\ visionOS\ 26.0 -enable-experimental-feature AvailabilityMacro\=SwiftStdlib\ 6.3:\ macOS\ 26.4,\ iOS\ 26.4,\ watchOS\ 26.4,\ tvOS\ 26.4,\ visionOS\ 26.4 -enable-experimental-feature AvailabilityMacro\=SwiftStdlib\ 6.4:\ macOS\ 9999,\ iOS\ 9999,\ watchOS\ 9999,\ tvOS\ 9999,\ visionOS\ 9999 -enable-experimental-feature AvailabilityMacro\=SwiftStdlib\ 6.5:\ macOS\ 9999,\ iOS\ 9999,\ watchOS\ 9999,\ tvOS\ 9999,\ visionOS\ 9999 -enable-upcoming-feature MemberImportVisibility -enable-experimental-feature BuiltinModule -plugin-path /Applications/Xcode-16.3.0.app/Contents/Developer/Toolchains/XcodeDefault.xctoolchain/usr/lib/swift/host/plugins/testing -enable-experimental-feature DebugDescriptionMacro -sdk /Applications/Xcode-16.3.0.app/Contents/Developer/Platforms/iPhoneOS.platform/Developer/SDKs/iPhoneOS18.4.sdk -target arm64-apple-ios12.0 -g -module-cache-path /Users/admin/builder/spi-builder-workspace/.derivedData/ModuleCache.noindex -Xfrontend -serialize-debugging-options -enable-testing -suppress-warnings -index-store-path /Users/admin/builder/spi-builder-workspace/.derivedData/Index.noindex/DataStore -swift-version 6 -I /Users/admin/builder/spi-builder-workspace/.derivedData/Build/Products/Debug-iphoneos -I /Applications/Xcode-16.3.0.app/Contents/Developer/Platforms/iPhoneOS.platform/Developer/usr/lib -F /Users/admin/builder/spi-builder-workspace/.derivedData/Build/Products/Debug-iphoneos/PackageFrameworks -F /Users/admin/builder/spi-builder-workspace/.derivedData/Build/Products/Debug-iphoneos -F /Applications/Xcode-16.3.0.app/Contents/Developer/Platforms/iPhoneOS.platform/Developer/Library/Frameworks -F /Applications/Xcode-16.3.0.app/Contents/Developer/Platforms/iPhoneOS.platform/Developer/SDKs/iPhoneOS18.4.sdk/Developer/Library/Frameworks -c -j10 -enable-batch-mode -incremental -Xcc -ivfsstatcache -Xcc /Users/admin/builder/spi-builder-workspace/.derivedData/SDKStatCaches.noindex/iphoneos18.4-22E235-339d34bc69d7fc736c3220795c36f340.sdkstatcache -output-file-map /Users/admin/builder/spi-builder-workspace/.derivedData/Build/Intermediates.noindex/swift-collections.build/Debug-iphoneos/OrderedCollections.build/Objects-normal/arm64/OrderedCollections-OutputFileMap.json -use-frontend-parseable-output -save-temps -no-color-diagnostics -serialize-diagnostics -emit-dependencies -emit-module -emit-module-path /Users/admin/builder/spi-builder-workspace/.derivedData/Build/Intermediates.noindex/swift-collections.build/Debug-iphoneos/OrderedCollections.build/Objects-normal/arm64/OrderedCollections.swiftmodule -user-module-version 1.6.0 -validate-clang-modules-once -clang-build-session-file /Users/admin/builder/spi-builder-workspace/.derivedData/ModuleCache.noindex/Session.modulevalidation -package-name swift_collections -Xcc -I/Users/admin/builder/spi-builder-workspace/.derivedData/Build/Intermediates.noindex/swift-collections.build/Debug-iphoneos/OrderedCollections.build/swift-overrides.hmap -emit-const-values -Xfrontend -const-gather-protocols-file -Xfrontend /Users/admin/builder/spi-builder-workspace/.derivedData/Build/Intermediates.noindex/swift-collections.build/Debug-iphoneos/OrderedCollections.build/Objects-normal/arm64/OrderedCollections_const_extract_protocols.json -Xcc -I/Users/admin/builder/spi-builder-workspace/.derivedData/Build/Products/Debug-iphoneos/include -Xcc -I/Users/admin/builder/spi-builder-workspace/.derivedData/Build/Intermediates.noindex/swift-collections.build/Debug-iphoneos/OrderedCollections.build/DerivedSources-normal/arm64 -Xcc -I/Users/admin/builder/spi-builder-workspace/.derivedData/Build/Intermediates.noindex/swift-collections.build/Debug-iphoneos/OrderedCollections.build/DerivedSources/arm64 -Xcc -I/Users/admin/builder/spi-builder-workspace/.derivedData/Build/Intermediates.noindex/swift-collections.build/Debug-iphoneos/OrderedCollections.build/DerivedSources -Xcc -DSWIFT_PACKAGE -Xcc -DDEBUG\=1 -emit-objc-header -emit-objc-header-path /Users/admin/builder/spi-builder-workspace/.derivedData/Build/Intermediates.noindex/swift-collections.build/Debug-iphoneos/OrderedCollections.build/Objects-normal/arm64/OrderedCollections-Swift.h -working-directory /Users/admin/builder/spi-builder-workspace/.swiftpm/xcode -experimental-emit-module-separately -disable-cmo
SwiftCompile normal arm64 Compiling\ AccessRequest.swift,\ Billing.swift,\ Bucket.swift,\ Collection.swift,\ CommaSeparatedList.swift,\ Dataset.swift /Users/admin/builder/spi-builder-workspace/.dependencies/checkouts/swift-huggingface/Sources/HuggingFace/Hub/AccessRequest.swift /Users/admin/builder/spi-builder-workspace/.dependencies/checkouts/swift-huggingface/Sources/HuggingFace/Hub/Billing.swift /Users/admin/builder/spi-builder-workspace/.dependencies/checkouts/swift-huggingface/Sources/HuggingFace/Hub/Bucket.swift /Users/admin/builder/spi-builder-workspace/.dependencies/checkouts/swift-huggingface/Sources/HuggingFace/Hub/Collection.swift /Users/admin/builder/spi-builder-workspace/.dependencies/checkouts/swift-huggingface/Sources/HuggingFace/Hub/CommaSeparatedList.swift /Users/admin/builder/spi-builder-workspace/.dependencies/checkouts/swift-huggingface/Sources/HuggingFace/Hub/Dataset.swift (in target 'HuggingFace' from project 'swift-huggingface')
SwiftCompile normal arm64 /Users/admin/builder/spi-builder-workspace/.dependencies/checkouts/swift-huggingface/Sources/HuggingFace/Hub/AccessRequest.swift (in target 'HuggingFace' from project 'swift-huggingface')
cd /Users/admin/builder/spi-builder-workspace/.swiftpm/xcode
SwiftCompile normal arm64 /Users/admin/builder/spi-builder-workspace/.dependencies/checkouts/swift-huggingface/Sources/HuggingFace/Hub/Billing.swift (in target 'HuggingFace' from project 'swift-huggingface')
cd /Users/admin/builder/spi-builder-workspace/.swiftpm/xcode
SwiftCompile normal arm64 /Users/admin/builder/spi-builder-workspace/.dependencies/checkouts/swift-huggingface/Sources/HuggingFace/Hub/Bucket.swift (in target 'HuggingFace' from project 'swift-huggingface')
cd /Users/admin/builder/spi-builder-workspace/.swiftpm/xcode
SwiftCompile normal arm64 /Users/admin/builder/spi-builder-workspace/.dependencies/checkouts/swift-huggingface/Sources/HuggingFace/Hub/Collection.swift (in target 'HuggingFace' from project 'swift-huggingface')
cd /Users/admin/builder/spi-builder-workspace/.swiftpm/xcode
SwiftCompile normal arm64 /Users/admin/builder/spi-builder-workspace/.dependencies/checkouts/swift-huggingface/Sources/HuggingFace/Hub/CommaSeparatedList.swift (in target 'HuggingFace' from project 'swift-huggingface')
cd /Users/admin/builder/spi-builder-workspace/.swiftpm/xcode
SwiftCompile normal arm64 /Users/admin/builder/spi-builder-workspace/.dependencies/checkouts/swift-huggingface/Sources/HuggingFace/Hub/Dataset.swift (in target 'HuggingFace' from project 'swift-huggingface')
cd /Users/admin/builder/spi-builder-workspace/.swiftpm/xcode
SwiftMergeGeneratedHeaders /Users/admin/builder/spi-builder-workspace/.derivedData/Build/Intermediates.noindex/GeneratedModuleMaps-iphoneos/OrderedCollections-Swift.h /Users/admin/builder/spi-builder-workspace/.derivedData/Build/Intermediates.noindex/swift-collections.build/Debug-iphoneos/OrderedCollections.build/Objects-normal/arm64/OrderedCollections-Swift.h (in target 'OrderedCollections' from project 'swift-collections')
cd /Users/admin/builder/spi-builder-workspace/.dependencies/checkouts/swift-collections
builtin-swiftHeaderTool -arch arm64 /Users/admin/builder/spi-builder-workspace/.derivedData/Build/Intermediates.noindex/swift-collections.build/Debug-iphoneos/OrderedCollections.build/Objects-normal/arm64/OrderedCollections-Swift.h -o /Users/admin/builder/spi-builder-workspace/.derivedData/Build/Intermediates.noindex/GeneratedModuleMaps-iphoneos/OrderedCollections-Swift.h
SwiftDriverJobDiscovery normal arm64 Compiling HubClient+Organizations.swift, HubClient+Pagination.swift, HubClient+Papers.swift, HubClient+Repos.swift, HubClient+Spaces.swift, HubClient+User.swift (in target 'HuggingFace' from project 'swift-huggingface')
Copy /Users/admin/builder/spi-builder-workspace/.derivedData/Build/Products/Debug-iphoneos/OrderedCollections.swiftmodule/arm64-apple-ios.swiftmodule /Users/admin/builder/spi-builder-workspace/.derivedData/Build/Intermediates.noindex/swift-collections.build/Debug-iphoneos/OrderedCollections.build/Objects-normal/arm64/OrderedCollections.swiftmodule (in target 'OrderedCollections' from project 'swift-collections')
cd /Users/admin/builder/spi-builder-workspace/.dependencies/checkouts/swift-collections
builtin-copy -exclude .DS_Store -exclude CVS -exclude .svn -exclude .git -exclude .hg -resolve-src-symlinks -rename /Users/admin/builder/spi-builder-workspace/.derivedData/Build/Intermediates.noindex/swift-collections.build/Debug-iphoneos/OrderedCollections.build/Objects-normal/arm64/OrderedCollections.swiftmodule /Users/admin/builder/spi-builder-workspace/.derivedData/Build/Products/Debug-iphoneos/OrderedCollections.swiftmodule/arm64-apple-ios.swiftmodule
Copy /Users/admin/builder/spi-builder-workspace/.derivedData/Build/Products/Debug-iphoneos/OrderedCollections.swiftmodule/arm64-apple-ios.swiftdoc /Users/admin/builder/spi-builder-workspace/.derivedData/Build/Intermediates.noindex/swift-collections.build/Debug-iphoneos/OrderedCollections.build/Objects-normal/arm64/OrderedCollections.swiftdoc (in target 'OrderedCollections' from project 'swift-collections')
cd /Users/admin/builder/spi-builder-workspace/.dependencies/checkouts/swift-collections
builtin-copy -exclude .DS_Store -exclude CVS -exclude .svn -exclude .git -exclude .hg -resolve-src-symlinks -rename /Users/admin/builder/spi-builder-workspace/.derivedData/Build/Intermediates.noindex/swift-collections.build/Debug-iphoneos/OrderedCollections.build/Objects-normal/arm64/OrderedCollections.swiftdoc /Users/admin/builder/spi-builder-workspace/.derivedData/Build/Products/Debug-iphoneos/OrderedCollections.swiftmodule/arm64-apple-ios.swiftdoc
Copy /Users/admin/builder/spi-builder-workspace/.derivedData/Build/Products/Debug-iphoneos/OrderedCollections.swiftmodule/arm64-apple-ios.abi.json /Users/admin/builder/spi-builder-workspace/.derivedData/Build/Intermediates.noindex/swift-collections.build/Debug-iphoneos/OrderedCollections.build/Objects-normal/arm64/OrderedCollections.abi.json (in target 'OrderedCollections' from project 'swift-collections')
cd /Users/admin/builder/spi-builder-workspace/.dependencies/checkouts/swift-collections
builtin-copy -exclude .DS_Store -exclude CVS -exclude .svn -exclude .git -exclude .hg -resolve-src-symlinks -rename /Users/admin/builder/spi-builder-workspace/.derivedData/Build/Intermediates.noindex/swift-collections.build/Debug-iphoneos/OrderedCollections.build/Objects-normal/arm64/OrderedCollections.abi.json /Users/admin/builder/spi-builder-workspace/.derivedData/Build/Products/Debug-iphoneos/OrderedCollections.swiftmodule/arm64-apple-ios.abi.json
SwiftDriverJobDiscovery normal arm64 Compiling SpeechToText.swift, TextToImage.swift, TextToVideo.swift, OAuthClient.swift, TokenStorage.swift (in target 'HuggingFace' from project 'swift-huggingface')
Copy /Users/admin/builder/spi-builder-workspace/.derivedData/Build/Products/Debug-iphoneos/OrderedCollections.swiftmodule/Project/arm64-apple-ios.swiftsourceinfo /Users/admin/builder/spi-builder-workspace/.derivedData/Build/Intermediates.noindex/swift-collections.build/Debug-iphoneos/OrderedCollections.build/Objects-normal/arm64/OrderedCollections.swiftsourceinfo (in target 'OrderedCollections' from project 'swift-collections')
cd /Users/admin/builder/spi-builder-workspace/.dependencies/checkouts/swift-collections
builtin-copy -exclude .DS_Store -exclude CVS -exclude .svn -exclude .git -exclude .hg -resolve-src-symlinks -rename /Users/admin/builder/spi-builder-workspace/.derivedData/Build/Intermediates.noindex/swift-collections.build/Debug-iphoneos/OrderedCollections.build/Objects-normal/arm64/OrderedCollections.swiftsourceinfo /Users/admin/builder/spi-builder-workspace/.derivedData/Build/Products/Debug-iphoneos/OrderedCollections.swiftmodule/Project/arm64-apple-ios.swiftsourceinfo
SwiftCompile normal arm64 Compiling\ PEMDocument.swift,\ PKCS8PrivateKey.swift,\ SEC1PrivateKey.swift,\ SubjectPublicKeyInfo.swift,\ CryptoError_boring.swift,\ CryptoKitErrors.swift,\ Digest_boring.swift,\ Digest.swift,\ Digests.swift,\ HashFunctions.swift /Users/admin/builder/spi-builder-workspace/.dependencies/checkouts/swift-crypto/Sources/Crypto/ASN1/PEMDocument.swift /Users/admin/builder/spi-builder-workspace/.dependencies/checkouts/swift-crypto/Sources/Crypto/ASN1/PKCS8PrivateKey.swift /Users/admin/builder/spi-builder-workspace/.dependencies/checkouts/swift-crypto/Sources/Crypto/ASN1/SEC1PrivateKey.swift /Users/admin/builder/spi-builder-workspace/.dependencies/checkouts/swift-crypto/Sources/Crypto/ASN1/SubjectPublicKeyInfo.swift /Users/admin/builder/spi-builder-workspace/.dependencies/checkouts/swift-crypto/Sources/Crypto/CryptoError_boring.swift /Users/admin/builder/spi-builder-workspace/.dependencies/checkouts/swift-crypto/Sources/Crypto/CryptoKitErrors.swift /Users/admin/builder/spi-builder-workspace/.dependencies/checkouts/swift-crypto/Sources/Crypto/Digests/BoringSSL/Digest_boring.swift /Users/admin/builder/spi-builder-workspace/.dependencies/checkouts/swift-crypto/Sources/Crypto/Digests/Digest.swift /Users/admin/builder/spi-builder-workspace/.dependencies/checkouts/swift-crypto/Sources/Crypto/Digests/Digests.swift /Users/admin/builder/spi-builder-workspace/.dependencies/checkouts/swift-crypto/Sources/Crypto/Digests/HashFunctions.swift (in target 'Crypto' from project 'swift-crypto')
SwiftCompile normal arm64 /Users/admin/builder/spi-builder-workspace/.dependencies/checkouts/swift-crypto/Sources/Crypto/ASN1/PEMDocument.swift (in target 'Crypto' from project 'swift-crypto')
cd /Users/admin/builder/spi-builder-workspace/.swiftpm/xcode
SwiftCompile normal arm64 /Users/admin/builder/spi-builder-workspace/.dependencies/checkouts/swift-crypto/Sources/Crypto/ASN1/PKCS8PrivateKey.swift (in target 'Crypto' from project 'swift-crypto')
cd /Users/admin/builder/spi-builder-workspace/.swiftpm/xcode
SwiftCompile normal arm64 /Users/admin/builder/spi-builder-workspace/.dependencies/checkouts/swift-crypto/Sources/Crypto/ASN1/SEC1PrivateKey.swift (in target 'Crypto' from project 'swift-crypto')
cd /Users/admin/builder/spi-builder-workspace/.swiftpm/xcode
SwiftCompile normal arm64 /Users/admin/builder/spi-builder-workspace/.dependencies/checkouts/swift-crypto/Sources/Crypto/ASN1/SubjectPublicKeyInfo.swift (in target 'Crypto' from project 'swift-crypto')
cd /Users/admin/builder/spi-builder-workspace/.swiftpm/xcode
SwiftCompile normal arm64 /Users/admin/builder/spi-builder-workspace/.dependencies/checkouts/swift-crypto/Sources/Crypto/CryptoError_boring.swift (in target 'Crypto' from project 'swift-crypto')
cd /Users/admin/builder/spi-builder-workspace/.swiftpm/xcode
SwiftCompile normal arm64 /Users/admin/builder/spi-builder-workspace/.dependencies/checkouts/swift-crypto/Sources/Crypto/CryptoKitErrors.swift (in target 'Crypto' from project 'swift-crypto')
cd /Users/admin/builder/spi-builder-workspace/.swiftpm/xcode
SwiftCompile normal arm64 /Users/admin/builder/spi-builder-workspace/.dependencies/checkouts/swift-crypto/Sources/Crypto/Digests/BoringSSL/Digest_boring.swift (in target 'Crypto' from project 'swift-crypto')
cd /Users/admin/builder/spi-builder-workspace/.swiftpm/xcode
SwiftCompile normal arm64 /Users/admin/builder/spi-builder-workspace/.dependencies/checkouts/swift-crypto/Sources/Crypto/Digests/Digest.swift (in target 'Crypto' from project 'swift-crypto')
cd /Users/admin/builder/spi-builder-workspace/.swiftpm/xcode
SwiftCompile normal arm64 /Users/admin/builder/spi-builder-workspace/.dependencies/checkouts/swift-crypto/Sources/Crypto/Digests/Digests.swift (in target 'Crypto' from project 'swift-crypto')
cd /Users/admin/builder/spi-builder-workspace/.swiftpm/xcode
SwiftCompile normal arm64 /Users/admin/builder/spi-builder-workspace/.dependencies/checkouts/swift-crypto/Sources/Crypto/Digests/HashFunctions.swift (in target 'Crypto' from project 'swift-crypto')
cd /Users/admin/builder/spi-builder-workspace/.swiftpm/xcode
SwiftCompile normal arm64 Compiling\ HPKE-KEM-Curve25519.swift,\ HPKE-NIST-EC-KEMs.swift,\ HPKE-KEM.swift,\ HPKE-Errors.swift,\ HPKE.swift,\ HPKE-Context.swift,\ HPKE-KeySchedule.swift,\ HPKE-Modes.swift,\ Insecure.swift,\ Insecure_HashFunctions.swift /Users/admin/builder/spi-builder-workspace/.dependencies/checkouts/swift-crypto/Sources/Crypto/HPKE/Ciphersuite/KEM/Conformances/HPKE-KEM-Curve25519.swift /Users/admin/builder/spi-builder-workspace/.dependencies/checkouts/swift-crypto/Sources/Crypto/HPKE/Ciphersuite/KEM/Conformances/HPKE-NIST-EC-KEMs.swift /Users/admin/builder/spi-builder-workspace/.dependencies/checkouts/swift-crypto/Sources/Crypto/HPKE/Ciphersuite/KEM/HPKE-KEM.swift /Users/admin/builder/spi-builder-workspace/.dependencies/checkouts/swift-crypto/Sources/Crypto/HPKE/HPKE-Errors.swift /Users/admin/builder/spi-builder-workspace/.dependencies/checkouts/swift-crypto/Sources/Crypto/HPKE/HPKE.swift /Users/admin/builder/spi-builder-workspace/.dependencies/checkouts/swift-crypto/Sources/Crypto/HPKE/Key\ Schedule/HPKE-Context.swift /Users/admin/builder/spi-builder-workspace/.dependencies/checkouts/swift-crypto/Sources/Crypto/HPKE/Key\ Schedule/HPKE-KeySchedule.swift /Users/admin/builder/spi-builder-workspace/.dependencies/checkouts/swift-crypto/Sources/Crypto/HPKE/Modes/HPKE-Modes.swift /Users/admin/builder/spi-builder-workspace/.dependencies/checkouts/swift-crypto/Sources/Crypto/Insecure/Insecure.swift /Users/admin/builder/spi-builder-workspace/.dependencies/checkouts/swift-crypto/Sources/Crypto/Insecure/Insecure_HashFunctions.swift (in target 'Crypto' from project 'swift-crypto')
SwiftCompile normal arm64 /Users/admin/builder/spi-builder-workspace/.dependencies/checkouts/swift-crypto/Sources/Crypto/HPKE/Ciphersuite/KEM/Conformances/HPKE-KEM-Curve25519.swift (in target 'Crypto' from project 'swift-crypto')
cd /Users/admin/builder/spi-builder-workspace/.swiftpm/xcode
SwiftCompile normal arm64 /Users/admin/builder/spi-builder-workspace/.dependencies/checkouts/swift-crypto/Sources/Crypto/HPKE/Ciphersuite/KEM/Conformances/HPKE-NIST-EC-KEMs.swift (in target 'Crypto' from project 'swift-crypto')
cd /Users/admin/builder/spi-builder-workspace/.swiftpm/xcode
SwiftCompile normal arm64 /Users/admin/builder/spi-builder-workspace/.dependencies/checkouts/swift-crypto/Sources/Crypto/HPKE/Ciphersuite/KEM/HPKE-KEM.swift (in target 'Crypto' from project 'swift-crypto')
cd /Users/admin/builder/spi-builder-workspace/.swiftpm/xcode
SwiftCompile normal arm64 /Users/admin/builder/spi-builder-workspace/.dependencies/checkouts/swift-crypto/Sources/Crypto/HPKE/HPKE-Errors.swift (in target 'Crypto' from project 'swift-crypto')
cd /Users/admin/builder/spi-builder-workspace/.swiftpm/xcode
SwiftCompile normal arm64 /Users/admin/builder/spi-builder-workspace/.dependencies/checkouts/swift-crypto/Sources/Crypto/HPKE/HPKE.swift (in target 'Crypto' from project 'swift-crypto')
cd /Users/admin/builder/spi-builder-workspace/.swiftpm/xcode
SwiftCompile normal arm64 /Users/admin/builder/spi-builder-workspace/.dependencies/checkouts/swift-crypto/Sources/Crypto/HPKE/Key\ Schedule/HPKE-Context.swift (in target 'Crypto' from project 'swift-crypto')
cd /Users/admin/builder/spi-builder-workspace/.swiftpm/xcode
SwiftCompile normal arm64 /Users/admin/builder/spi-builder-workspace/.dependencies/checkouts/swift-crypto/Sources/Crypto/HPKE/Key\ Schedule/HPKE-KeySchedule.swift (in target 'Crypto' from project 'swift-crypto')
cd /Users/admin/builder/spi-builder-workspace/.swiftpm/xcode
SwiftCompile normal arm64 /Users/admin/builder/spi-builder-workspace/.dependencies/checkouts/swift-crypto/Sources/Crypto/HPKE/Modes/HPKE-Modes.swift (in target 'Crypto' from project 'swift-crypto')
cd /Users/admin/builder/spi-builder-workspace/.swiftpm/xcode
SwiftCompile normal arm64 /Users/admin/builder/spi-builder-workspace/.dependencies/checkouts/swift-crypto/Sources/Crypto/Insecure/Insecure.swift (in target 'Crypto' from project 'swift-crypto')
cd /Users/admin/builder/spi-builder-workspace/.swiftpm/xcode
SwiftCompile normal arm64 /Users/admin/builder/spi-builder-workspace/.dependencies/checkouts/swift-crypto/Sources/Crypto/Insecure/Insecure_HashFunctions.swift (in target 'Crypto' from project 'swift-crypto')
cd /Users/admin/builder/spi-builder-workspace/.swiftpm/xcode
SwiftCompile normal arm64 Compiling\ Ed25519Keys.swift,\ NISTCurvesKeys.swift,\ X25519Keys.swift,\ SymmetricKeys.swift,\ HMAC.swift,\ MACFunctions.swift,\ MessageAuthenticationCode.swift,\ AES.swift,\ ECDSASignature_boring.swift /Users/admin/builder/spi-builder-workspace/.dependencies/checkouts/swift-crypto/Sources/Crypto/Keys/EC/Ed25519Keys.swift /Users/admin/builder/spi-builder-workspace/.dependencies/checkouts/swift-crypto/Sources/Crypto/Keys/EC/NISTCurvesKeys.swift /Users/admin/builder/spi-builder-workspace/.dependencies/checkouts/swift-crypto/Sources/Crypto/Keys/EC/X25519Keys.swift /Users/admin/builder/spi-builder-workspace/.dependencies/checkouts/swift-crypto/Sources/Crypto/Keys/Symmetric/SymmetricKeys.swift /Users/admin/builder/spi-builder-workspace/.dependencies/checkouts/swift-crypto/Sources/Crypto/Message\ Authentication\ Codes/HMAC/HMAC.swift /Users/admin/builder/spi-builder-workspace/.dependencies/checkouts/swift-crypto/Sources/Crypto/Message\ Authentication\ Codes/MACFunctions.swift /Users/admin/builder/spi-builder-workspace/.dependencies/checkouts/swift-crypto/Sources/Crypto/Message\ Authentication\ Codes/MessageAuthenticationCode.swift /Users/admin/builder/spi-builder-workspace/.dependencies/checkouts/swift-crypto/Sources/Crypto/PRF/AES.swift /Users/admin/builder/spi-builder-workspace/.dependencies/checkouts/swift-crypto/Sources/Crypto/Signatures/BoringSSL/ECDSASignature_boring.swift (in target 'Crypto' from project 'swift-crypto')
SwiftCompile normal arm64 /Users/admin/builder/spi-builder-workspace/.dependencies/checkouts/swift-crypto/Sources/Crypto/Keys/EC/Ed25519Keys.swift (in target 'Crypto' from project 'swift-crypto')
cd /Users/admin/builder/spi-builder-workspace/.swiftpm/xcode
SwiftCompile normal arm64 /Users/admin/builder/spi-builder-workspace/.dependencies/checkouts/swift-crypto/Sources/Crypto/Keys/EC/NISTCurvesKeys.swift (in target 'Crypto' from project 'swift-crypto')
cd /Users/admin/builder/spi-builder-workspace/.swiftpm/xcode
SwiftCompile normal arm64 /Users/admin/builder/spi-builder-workspace/.dependencies/checkouts/swift-crypto/Sources/Crypto/Keys/EC/X25519Keys.swift (in target 'Crypto' from project 'swift-crypto')
cd /Users/admin/builder/spi-builder-workspace/.swiftpm/xcode
SwiftCompile normal arm64 /Users/admin/builder/spi-builder-workspace/.dependencies/checkouts/swift-crypto/Sources/Crypto/Keys/Symmetric/SymmetricKeys.swift (in target 'Crypto' from project 'swift-crypto')
cd /Users/admin/builder/spi-builder-workspace/.swiftpm/xcode
SwiftCompile normal arm64 /Users/admin/builder/spi-builder-workspace/.dependencies/checkouts/swift-crypto/Sources/Crypto/Message\ Authentication\ Codes/HMAC/HMAC.swift (in target 'Crypto' from project 'swift-crypto')
cd /Users/admin/builder/spi-builder-workspace/.swiftpm/xcode
SwiftCompile normal arm64 /Users/admin/builder/spi-builder-workspace/.dependencies/checkouts/swift-crypto/Sources/Crypto/Message\ Authentication\ Codes/MACFunctions.swift (in target 'Crypto' from project 'swift-crypto')
cd /Users/admin/builder/spi-builder-workspace/.swiftpm/xcode
SwiftCompile normal arm64 /Users/admin/builder/spi-builder-workspace/.dependencies/checkouts/swift-crypto/Sources/Crypto/Message\ Authentication\ Codes/MessageAuthenticationCode.swift (in target 'Crypto' from project 'swift-crypto')
cd /Users/admin/builder/spi-builder-workspace/.swiftpm/xcode
SwiftCompile normal arm64 /Users/admin/builder/spi-builder-workspace/.dependencies/checkouts/swift-crypto/Sources/Crypto/PRF/AES.swift (in target 'Crypto' from project 'swift-crypto')
cd /Users/admin/builder/spi-builder-workspace/.swiftpm/xcode
SwiftCompile normal arm64 /Users/admin/builder/spi-builder-workspace/.dependencies/checkouts/swift-crypto/Sources/Crypto/Signatures/BoringSSL/ECDSASignature_boring.swift (in target 'Crypto' from project 'swift-crypto')
cd /Users/admin/builder/spi-builder-workspace/.swiftpm/xcode
SwiftDriverJobDiscovery normal arm64 Compiling Repo.swift, ResourceGroup.swift, Space.swift, Tags.swift, User.swift, XetDownloadProgress.swift (in target 'HuggingFace' from project 'swift-huggingface')
SwiftDriverJobDiscovery normal arm64 Compiling FileLock.swift, HTTPClient.swift, MultipartBuilder.swift, TokenProvider.swift, Value.swift (in target 'HuggingFace' from project 'swift-huggingface')
SwiftDriver Jinja normal arm64 com.apple.xcode.tools.swift.compiler (in target 'Jinja' from project 'Jinja')
cd /Users/admin/builder/spi-builder-workspace/.swiftpm/xcode
builtin-SwiftDriver -- /Applications/Xcode-16.3.0.app/Contents/Developer/Toolchains/XcodeDefault.xctoolchain/usr/bin/swiftc -module-name Jinja -Onone -enforce-exclusivity\=checked @/Users/admin/builder/spi-builder-workspace/.derivedData/Build/Intermediates.noindex/Jinja.build/Debug-iphoneos/Jinja.build/Objects-normal/arm64/Jinja.SwiftFileList -DSWIFT_PACKAGE -DDEBUG -DXcode -plugin-path /Applications/Xcode-16.3.0.app/Contents/Developer/Toolchains/XcodeDefault.xctoolchain/usr/lib/swift/host/plugins/testing -enable-experimental-feature DebugDescriptionMacro -sdk /Applications/Xcode-16.3.0.app/Contents/Developer/Platforms/iPhoneOS.platform/Developer/SDKs/iPhoneOS18.4.sdk -target arm64-apple-ios16.0 -g -module-cache-path /Users/admin/builder/spi-builder-workspace/.derivedData/ModuleCache.noindex -Xfrontend -serialize-debugging-options -enable-testing -suppress-warnings -index-store-path /Users/admin/builder/spi-builder-workspace/.derivedData/Index.noindex/DataStore -swift-version 6 -I /Users/admin/builder/spi-builder-workspace/.derivedData/Build/Products/Debug-iphoneos -I /Applications/Xcode-16.3.0.app/Contents/Developer/Platforms/iPhoneOS.platform/Developer/usr/lib -F /Users/admin/builder/spi-builder-workspace/.derivedData/Build/Products/Debug-iphoneos/PackageFrameworks -F /Users/admin/builder/spi-builder-workspace/.derivedData/Build/Products/Debug-iphoneos/PackageFrameworks -F /Users/admin/builder/spi-builder-workspace/.derivedData/Build/Products/Debug-iphoneos -F /Applications/Xcode-16.3.0.app/Contents/Developer/Platforms/iPhoneOS.platform/Developer/Library/Frameworks -F /Applications/Xcode-16.3.0.app/Contents/Developer/Platforms/iPhoneOS.platform/Developer/SDKs/iPhoneOS18.4.sdk/Developer/Library/Frameworks -c -j10 -enable-batch-mode -incremental -Xcc -ivfsstatcache -Xcc /Users/admin/builder/spi-builder-workspace/.derivedData/SDKStatCaches.noindex/iphoneos18.4-22E235-339d34bc69d7fc736c3220795c36f340.sdkstatcache -output-file-map /Users/admin/builder/spi-builder-workspace/.derivedData/Build/Intermediates.noindex/Jinja.build/Debug-iphoneos/Jinja.build/Objects-normal/arm64/Jinja-OutputFileMap.json -use-frontend-parseable-output -save-temps -no-color-diagnostics -serialize-diagnostics -emit-dependencies -emit-module -emit-module-path /Users/admin/builder/spi-builder-workspace/.derivedData/Build/Intermediates.noindex/Jinja.build/Debug-iphoneos/Jinja.build/Objects-normal/arm64/Jinja.swiftmodule -user-module-version 2.5.1 -validate-clang-modules-once -clang-build-session-file /Users/admin/builder/spi-builder-workspace/.derivedData/ModuleCache.noindex/Session.modulevalidation -package-name swift_jinja -Xcc -I/Users/admin/builder/spi-builder-workspace/.derivedData/Build/Intermediates.noindex/Jinja.build/Debug-iphoneos/Jinja.build/swift-overrides.hmap -emit-const-values -Xfrontend -const-gather-protocols-file -Xfrontend /Users/admin/builder/spi-builder-workspace/.derivedData/Build/Intermediates.noindex/Jinja.build/Debug-iphoneos/Jinja.build/Objects-normal/arm64/Jinja_const_extract_protocols.json -Xcc -I/Users/admin/builder/spi-builder-workspace/.derivedData/Build/Products/Debug-iphoneos/include -Xcc -I/Users/admin/builder/spi-builder-workspace/.derivedData/Build/Intermediates.noindex/Jinja.build/Debug-iphoneos/Jinja.build/DerivedSources-normal/arm64 -Xcc -I/Users/admin/builder/spi-builder-workspace/.derivedData/Build/Intermediates.noindex/Jinja.build/Debug-iphoneos/Jinja.build/DerivedSources/arm64 -Xcc -I/Users/admin/builder/spi-builder-workspace/.derivedData/Build/Intermediates.noindex/Jinja.build/Debug-iphoneos/Jinja.build/DerivedSources -Xcc -DSWIFT_PACKAGE -Xcc -DDEBUG\=1 -emit-objc-header -emit-objc-header-path /Users/admin/builder/spi-builder-workspace/.derivedData/Build/Intermediates.noindex/Jinja.build/Debug-iphoneos/Jinja.build/Objects-normal/arm64/Jinja-Swift.h -working-directory /Users/admin/builder/spi-builder-workspace/.swiftpm/xcode -experimental-emit-module-separately -disable-cmo
SwiftEmitModule normal arm64 Emitting\ module\ for\ Jinja (in target 'Jinja' from project 'Jinja')
EmitSwiftModule normal arm64 (in target 'Jinja' from project 'Jinja')
cd /Users/admin/builder/spi-builder-workspace/.swiftpm/xcode
RegisterExecutionPolicyException /Users/admin/builder/spi-builder-workspace/.derivedData/Build/Products/Debug-iphoneos/yyjson.o (in target 'yyjson' from project 'yyjson')
cd /Users/admin/builder/spi-builder-workspace/.dependencies/checkouts/yyjson
builtin-RegisterExecutionPolicyException /Users/admin/builder/spi-builder-workspace/.derivedData/Build/Products/Debug-iphoneos/yyjson.o
SwiftDriverJobDiscovery normal arm64 Compiling HPKE-KEM-Curve25519.swift, HPKE-NIST-EC-KEMs.swift, HPKE-KEM.swift, HPKE-Errors.swift, HPKE.swift, HPKE-Context.swift, HPKE-KeySchedule.swift, HPKE-Modes.swift, Insecure.swift, Insecure_HashFunctions.swift (in target 'Crypto' from project 'swift-crypto')
SwiftCompile normal arm64 Compiling\ Tests.swift /Users/admin/builder/spi-builder-workspace/.dependencies/checkouts/swift-jinja/Sources/Jinja/Tests.swift (in target 'Jinja' from project 'Jinja')
SwiftCompile normal arm64 /Users/admin/builder/spi-builder-workspace/.dependencies/checkouts/swift-jinja/Sources/Jinja/Tests.swift (in target 'Jinja' from project 'Jinja')
cd /Users/admin/builder/spi-builder-workspace/.swiftpm/xcode
SwiftDriverJobDiscovery normal arm64 Compiling PEMDocument.swift, PKCS8PrivateKey.swift, SEC1PrivateKey.swift, SubjectPublicKeyInfo.swift, CryptoError_boring.swift, CryptoKitErrors.swift, Digest_boring.swift, Digest.swift, Digests.swift, HashFunctions.swift (in target 'Crypto' from project 'swift-crypto')
SwiftCompile normal arm64 Compiling\ Filters.swift,\ Globals.swift /Users/admin/builder/spi-builder-workspace/.dependencies/checkouts/swift-jinja/Sources/Jinja/Filters.swift /Users/admin/builder/spi-builder-workspace/.dependencies/checkouts/swift-jinja/Sources/Jinja/Globals.swift (in target 'Jinja' from project 'Jinja')
SwiftCompile normal arm64 /Users/admin/builder/spi-builder-workspace/.dependencies/checkouts/swift-jinja/Sources/Jinja/Filters.swift (in target 'Jinja' from project 'Jinja')
cd /Users/admin/builder/spi-builder-workspace/.swiftpm/xcode
SwiftCompile normal arm64 /Users/admin/builder/spi-builder-workspace/.dependencies/checkouts/swift-jinja/Sources/Jinja/Globals.swift (in target 'Jinja' from project 'Jinja')
cd /Users/admin/builder/spi-builder-workspace/.swiftpm/xcode
SwiftDriverJobDiscovery normal arm64 Compiling Ed25519Keys.swift, NISTCurvesKeys.swift, X25519Keys.swift, SymmetricKeys.swift, HMAC.swift, MACFunctions.swift, MessageAuthenticationCode.swift, AES.swift, ECDSASignature_boring.swift (in target 'Crypto' from project 'swift-crypto')
SwiftCompile normal arm64 Compiling\ Interpreter.swift,\ JSON.swift /Users/admin/builder/spi-builder-workspace/.dependencies/checkouts/swift-jinja/Sources/Jinja/Interpreter.swift /Users/admin/builder/spi-builder-workspace/.dependencies/checkouts/swift-jinja/Sources/Jinja/JSON.swift (in target 'Jinja' from project 'Jinja')
SwiftCompile normal arm64 /Users/admin/builder/spi-builder-workspace/.dependencies/checkouts/swift-jinja/Sources/Jinja/Interpreter.swift (in target 'Jinja' from project 'Jinja')
cd /Users/admin/builder/spi-builder-workspace/.swiftpm/xcode
SwiftCompile normal arm64 /Users/admin/builder/spi-builder-workspace/.dependencies/checkouts/swift-jinja/Sources/Jinja/JSON.swift (in target 'Jinja' from project 'Jinja')
cd /Users/admin/builder/spi-builder-workspace/.swiftpm/xcode
SwiftCompile normal arm64 Compiling\ Token.swift /Users/admin/builder/spi-builder-workspace/.dependencies/checkouts/swift-jinja/Sources/Jinja/Token.swift (in target 'Jinja' from project 'Jinja')
SwiftCompile normal arm64 /Users/admin/builder/spi-builder-workspace/.dependencies/checkouts/swift-jinja/Sources/Jinja/Token.swift (in target 'Jinja' from project 'Jinja')
cd /Users/admin/builder/spi-builder-workspace/.swiftpm/xcode
SwiftDriverJobDiscovery normal arm64 Compiling ChatCompletion.swift, FeatureExtraction.swift, InferenceClient.swift, Message.swift, Provider.swift (in target 'HuggingFace' from project 'swift-huggingface')
SwiftCompile normal arm64 Compiling\ Utilities.swift /Users/admin/builder/spi-builder-workspace/.dependencies/checkouts/swift-jinja/Sources/Jinja/Utilities.swift (in target 'Jinja' from project 'Jinja')
SwiftCompile normal arm64 /Users/admin/builder/spi-builder-workspace/.dependencies/checkouts/swift-jinja/Sources/Jinja/Utilities.swift (in target 'Jinja' from project 'Jinja')
cd /Users/admin/builder/spi-builder-workspace/.swiftpm/xcode
SwiftDriverJobDiscovery normal arm64 Compiling Discussion.swift, File.swift, Git.swift, HubCache.swift, HubClient+Buckets.swift, HubClient+Collections.swift (in target 'HuggingFace' from project 'swift-huggingface')
SwiftCompile normal arm64 Compiling\ AST.swift,\ Error.swift /Users/admin/builder/spi-builder-workspace/.dependencies/checkouts/swift-jinja/Sources/Jinja/AST.swift /Users/admin/builder/spi-builder-workspace/.dependencies/checkouts/swift-jinja/Sources/Jinja/Error.swift (in target 'Jinja' from project 'Jinja')
SwiftCompile normal arm64 /Users/admin/builder/spi-builder-workspace/.dependencies/checkouts/swift-jinja/Sources/Jinja/AST.swift (in target 'Jinja' from project 'Jinja')
cd /Users/admin/builder/spi-builder-workspace/.swiftpm/xcode
SwiftCompile normal arm64 /Users/admin/builder/spi-builder-workspace/.dependencies/checkouts/swift-jinja/Sources/Jinja/Error.swift (in target 'Jinja' from project 'Jinja')
cd /Users/admin/builder/spi-builder-workspace/.swiftpm/xcode
SwiftDriverJobDiscovery normal arm64 Compiling Tests.swift (in target 'Jinja' from project 'Jinja')
SwiftCompile normal arm64 Compiling\ Lexer.swift,\ Macro.swift /Users/admin/builder/spi-builder-workspace/.dependencies/checkouts/swift-jinja/Sources/Jinja/Lexer.swift /Users/admin/builder/spi-builder-workspace/.dependencies/checkouts/swift-jinja/Sources/Jinja/Macro.swift (in target 'Jinja' from project 'Jinja')
SwiftCompile normal arm64 /Users/admin/builder/spi-builder-workspace/.dependencies/checkouts/swift-jinja/Sources/Jinja/Lexer.swift (in target 'Jinja' from project 'Jinja')
cd /Users/admin/builder/spi-builder-workspace/.swiftpm/xcode
SwiftCompile normal arm64 /Users/admin/builder/spi-builder-workspace/.dependencies/checkouts/swift-jinja/Sources/Jinja/Macro.swift (in target 'Jinja' from project 'Jinja')
cd /Users/admin/builder/spi-builder-workspace/.swiftpm/xcode
SwiftDriverJobDiscovery normal arm64 Emitting module for Jinja (in target 'Jinja' from project 'Jinja')
SwiftDriver\ Compilation\ Requirements Jinja normal arm64 com.apple.xcode.tools.swift.compiler (in target 'Jinja' from project 'Jinja')
cd /Users/admin/builder/spi-builder-workspace/.swiftpm/xcode
builtin-Swift-Compilation-Requirements -- /Applications/Xcode-16.3.0.app/Contents/Developer/Toolchains/XcodeDefault.xctoolchain/usr/bin/swiftc -module-name Jinja -Onone -enforce-exclusivity\=checked @/Users/admin/builder/spi-builder-workspace/.derivedData/Build/Intermediates.noindex/Jinja.build/Debug-iphoneos/Jinja.build/Objects-normal/arm64/Jinja.SwiftFileList -DSWIFT_PACKAGE -DDEBUG -DXcode -plugin-path /Applications/Xcode-16.3.0.app/Contents/Developer/Toolchains/XcodeDefault.xctoolchain/usr/lib/swift/host/plugins/testing -enable-experimental-feature DebugDescriptionMacro -sdk /Applications/Xcode-16.3.0.app/Contents/Developer/Platforms/iPhoneOS.platform/Developer/SDKs/iPhoneOS18.4.sdk -target arm64-apple-ios16.0 -g -module-cache-path /Users/admin/builder/spi-builder-workspace/.derivedData/ModuleCache.noindex -Xfrontend -serialize-debugging-options -enable-testing -suppress-warnings -index-store-path /Users/admin/builder/spi-builder-workspace/.derivedData/Index.noindex/DataStore -swift-version 6 -I /Users/admin/builder/spi-builder-workspace/.derivedData/Build/Products/Debug-iphoneos -I /Applications/Xcode-16.3.0.app/Contents/Developer/Platforms/iPhoneOS.platform/Developer/usr/lib -F /Users/admin/builder/spi-builder-workspace/.derivedData/Build/Products/Debug-iphoneos/PackageFrameworks -F /Users/admin/builder/spi-builder-workspace/.derivedData/Build/Products/Debug-iphoneos/PackageFrameworks -F /Users/admin/builder/spi-builder-workspace/.derivedData/Build/Products/Debug-iphoneos -F /Applications/Xcode-16.3.0.app/Contents/Developer/Platforms/iPhoneOS.platform/Developer/Library/Frameworks -F /Applications/Xcode-16.3.0.app/Contents/Developer/Platforms/iPhoneOS.platform/Developer/SDKs/iPhoneOS18.4.sdk/Developer/Library/Frameworks -c -j10 -enable-batch-mode -incremental -Xcc -ivfsstatcache -Xcc /Users/admin/builder/spi-builder-workspace/.derivedData/SDKStatCaches.noindex/iphoneos18.4-22E235-339d34bc69d7fc736c3220795c36f340.sdkstatcache -output-file-map /Users/admin/builder/spi-builder-workspace/.derivedData/Build/Intermediates.noindex/Jinja.build/Debug-iphoneos/Jinja.build/Objects-normal/arm64/Jinja-OutputFileMap.json -use-frontend-parseable-output -save-temps -no-color-diagnostics -serialize-diagnostics -emit-dependencies -emit-module -emit-module-path /Users/admin/builder/spi-builder-workspace/.derivedData/Build/Intermediates.noindex/Jinja.build/Debug-iphoneos/Jinja.build/Objects-normal/arm64/Jinja.swiftmodule -user-module-version 2.5.1 -validate-clang-modules-once -clang-build-session-file /Users/admin/builder/spi-builder-workspace/.derivedData/ModuleCache.noindex/Session.modulevalidation -package-name swift_jinja -Xcc -I/Users/admin/builder/spi-builder-workspace/.derivedData/Build/Intermediates.noindex/Jinja.build/Debug-iphoneos/Jinja.build/swift-overrides.hmap -emit-const-values -Xfrontend -const-gather-protocols-file -Xfrontend /Users/admin/builder/spi-builder-workspace/.derivedData/Build/Intermediates.noindex/Jinja.build/Debug-iphoneos/Jinja.build/Objects-normal/arm64/Jinja_const_extract_protocols.json -Xcc -I/Users/admin/builder/spi-builder-workspace/.derivedData/Build/Products/Debug-iphoneos/include -Xcc -I/Users/admin/builder/spi-builder-workspace/.derivedData/Build/Intermediates.noindex/Jinja.build/Debug-iphoneos/Jinja.build/DerivedSources-normal/arm64 -Xcc -I/Users/admin/builder/spi-builder-workspace/.derivedData/Build/Intermediates.noindex/Jinja.build/Debug-iphoneos/Jinja.build/DerivedSources/arm64 -Xcc -I/Users/admin/builder/spi-builder-workspace/.derivedData/Build/Intermediates.noindex/Jinja.build/Debug-iphoneos/Jinja.build/DerivedSources -Xcc -DSWIFT_PACKAGE -Xcc -DDEBUG\=1 -emit-objc-header -emit-objc-header-path /Users/admin/builder/spi-builder-workspace/.derivedData/Build/Intermediates.noindex/Jinja.build/Debug-iphoneos/Jinja.build/Objects-normal/arm64/Jinja-Swift.h -working-directory /Users/admin/builder/spi-builder-workspace/.swiftpm/xcode -experimental-emit-module-separately -disable-cmo
SwiftDriverJobDiscovery normal arm64 Compiling Utilities.swift (in target 'Jinja' from project 'Jinja')
SwiftCompile normal arm64 Compiling\ Value.swift /Users/admin/builder/spi-builder-workspace/.dependencies/checkouts/swift-jinja/Sources/Jinja/Value.swift (in target 'Jinja' from project 'Jinja')
SwiftCompile normal arm64 /Users/admin/builder/spi-builder-workspace/.dependencies/checkouts/swift-jinja/Sources/Jinja/Value.swift (in target 'Jinja' from project 'Jinja')
cd /Users/admin/builder/spi-builder-workspace/.swiftpm/xcode
SwiftMergeGeneratedHeaders /Users/admin/builder/spi-builder-workspace/.derivedData/Build/Intermediates.noindex/GeneratedModuleMaps-iphoneos/Jinja-Swift.h /Users/admin/builder/spi-builder-workspace/.derivedData/Build/Intermediates.noindex/Jinja.build/Debug-iphoneos/Jinja.build/Objects-normal/arm64/Jinja-Swift.h (in target 'Jinja' from project 'Jinja')
cd /Users/admin/builder/spi-builder-workspace/.dependencies/checkouts/swift-jinja
builtin-swiftHeaderTool -arch arm64 /Users/admin/builder/spi-builder-workspace/.derivedData/Build/Intermediates.noindex/Jinja.build/Debug-iphoneos/Jinja.build/Objects-normal/arm64/Jinja-Swift.h -o /Users/admin/builder/spi-builder-workspace/.derivedData/Build/Intermediates.noindex/GeneratedModuleMaps-iphoneos/Jinja-Swift.h
SwiftDriverJobDiscovery normal arm64 Compiling CacheLocationProvider.swift, Data+Extensions.swift, JSONDecoder+Extensions.swift, URL+Extensions.swift, URLSession+Linux.swift (in target 'HuggingFace' from project 'swift-huggingface')
Copy /Users/admin/builder/spi-builder-workspace/.derivedData/Build/Products/Debug-iphoneos/Jinja.swiftmodule/arm64-apple-ios.swiftmodule /Users/admin/builder/spi-builder-workspace/.derivedData/Build/Intermediates.noindex/Jinja.build/Debug-iphoneos/Jinja.build/Objects-normal/arm64/Jinja.swiftmodule (in target 'Jinja' from project 'Jinja')
cd /Users/admin/builder/spi-builder-workspace/.dependencies/checkouts/swift-jinja
builtin-copy -exclude .DS_Store -exclude CVS -exclude .svn -exclude .git -exclude .hg -resolve-src-symlinks -rename /Users/admin/builder/spi-builder-workspace/.derivedData/Build/Intermediates.noindex/Jinja.build/Debug-iphoneos/Jinja.build/Objects-normal/arm64/Jinja.swiftmodule /Users/admin/builder/spi-builder-workspace/.derivedData/Build/Products/Debug-iphoneos/Jinja.swiftmodule/arm64-apple-ios.swiftmodule
Copy /Users/admin/builder/spi-builder-workspace/.derivedData/Build/Products/Debug-iphoneos/Jinja.swiftmodule/arm64-apple-ios.swiftdoc /Users/admin/builder/spi-builder-workspace/.derivedData/Build/Intermediates.noindex/Jinja.build/Debug-iphoneos/Jinja.build/Objects-normal/arm64/Jinja.swiftdoc (in target 'Jinja' from project 'Jinja')
cd /Users/admin/builder/spi-builder-workspace/.dependencies/checkouts/swift-jinja
builtin-copy -exclude .DS_Store -exclude CVS -exclude .svn -exclude .git -exclude .hg -resolve-src-symlinks -rename /Users/admin/builder/spi-builder-workspace/.derivedData/Build/Intermediates.noindex/Jinja.build/Debug-iphoneos/Jinja.build/Objects-normal/arm64/Jinja.swiftdoc /Users/admin/builder/spi-builder-workspace/.derivedData/Build/Products/Debug-iphoneos/Jinja.swiftmodule/arm64-apple-ios.swiftdoc
Copy /Users/admin/builder/spi-builder-workspace/.derivedData/Build/Products/Debug-iphoneos/Jinja.swiftmodule/arm64-apple-ios.abi.json /Users/admin/builder/spi-builder-workspace/.derivedData/Build/Intermediates.noindex/Jinja.build/Debug-iphoneos/Jinja.build/Objects-normal/arm64/Jinja.abi.json (in target 'Jinja' from project 'Jinja')
cd /Users/admin/builder/spi-builder-workspace/.dependencies/checkouts/swift-jinja
builtin-copy -exclude .DS_Store -exclude CVS -exclude .svn -exclude .git -exclude .hg -resolve-src-symlinks -rename /Users/admin/builder/spi-builder-workspace/.derivedData/Build/Intermediates.noindex/Jinja.build/Debug-iphoneos/Jinja.build/Objects-normal/arm64/Jinja.abi.json /Users/admin/builder/spi-builder-workspace/.derivedData/Build/Products/Debug-iphoneos/Jinja.swiftmodule/arm64-apple-ios.abi.json
Copy /Users/admin/builder/spi-builder-workspace/.derivedData/Build/Products/Debug-iphoneos/Jinja.swiftmodule/Project/arm64-apple-ios.swiftsourceinfo /Users/admin/builder/spi-builder-workspace/.derivedData/Build/Intermediates.noindex/Jinja.build/Debug-iphoneos/Jinja.build/Objects-normal/arm64/Jinja.swiftsourceinfo (in target 'Jinja' from project 'Jinja')
cd /Users/admin/builder/spi-builder-workspace/.dependencies/checkouts/swift-jinja
builtin-copy -exclude .DS_Store -exclude CVS -exclude .svn -exclude .git -exclude .hg -resolve-src-symlinks -rename /Users/admin/builder/spi-builder-workspace/.derivedData/Build/Intermediates.noindex/Jinja.build/Debug-iphoneos/Jinja.build/Objects-normal/arm64/Jinja.swiftsourceinfo /Users/admin/builder/spi-builder-workspace/.derivedData/Build/Products/Debug-iphoneos/Jinja.swiftmodule/Project/arm64-apple-ios.swiftsourceinfo
SwiftCompile normal arm64 Compiling\ Parser.swift,\ PropertyMembers.swift /Users/admin/builder/spi-builder-workspace/.dependencies/checkouts/swift-jinja/Sources/Jinja/Parser.swift /Users/admin/builder/spi-builder-workspace/.dependencies/checkouts/swift-jinja/Sources/Jinja/PropertyMembers.swift (in target 'Jinja' from project 'Jinja')
SwiftCompile normal arm64 /Users/admin/builder/spi-builder-workspace/.dependencies/checkouts/swift-jinja/Sources/Jinja/Parser.swift (in target 'Jinja' from project 'Jinja')
cd /Users/admin/builder/spi-builder-workspace/.swiftpm/xcode
SwiftCompile normal arm64 /Users/admin/builder/spi-builder-workspace/.dependencies/checkouts/swift-jinja/Sources/Jinja/PropertyMembers.swift (in target 'Jinja' from project 'Jinja')
cd /Users/admin/builder/spi-builder-workspace/.swiftpm/xcode
SwiftCompile normal arm64 Compiling\ Template.swift /Users/admin/builder/spi-builder-workspace/.dependencies/checkouts/swift-jinja/Sources/Jinja/Template.swift (in target 'Jinja' from project 'Jinja')
SwiftCompile normal arm64 /Users/admin/builder/spi-builder-workspace/.dependencies/checkouts/swift-jinja/Sources/Jinja/Template.swift (in target 'Jinja' from project 'Jinja')
cd /Users/admin/builder/spi-builder-workspace/.swiftpm/xcode
SwiftDriverJobDiscovery normal arm64 Compiling Interpreter.swift, JSON.swift (in target 'Jinja' from project 'Jinja')
SwiftDriverJobDiscovery normal arm64 Compiling Lexer.swift, Macro.swift (in target 'Jinja' from project 'Jinja')
SwiftDriver\ Compilation Crypto normal arm64 com.apple.xcode.tools.swift.compiler (in target 'Crypto' from project 'swift-crypto')
cd /Users/admin/builder/spi-builder-workspace/.swiftpm/xcode
builtin-Swift-Compilation -- /Applications/Xcode-16.3.0.app/Contents/Developer/Toolchains/XcodeDefault.xctoolchain/usr/bin/swiftc -module-name Crypto -Onone -enforce-exclusivity\=checked @/Users/admin/builder/spi-builder-workspace/.derivedData/Build/Intermediates.noindex/swift-crypto.build/Debug-iphoneos/Crypto.build/Objects-normal/arm64/Crypto.SwiftFileList -DSWIFT_PACKAGE -DDEBUG -DCRYPTO_IN_SWIFTPM -DXcode -enable-upcoming-feature MemberImportVisibility -plugin-path /Applications/Xcode-16.3.0.app/Contents/Developer/Toolchains/XcodeDefault.xctoolchain/usr/lib/swift/host/plugins/testing -enable-experimental-feature DebugDescriptionMacro -sdk /Applications/Xcode-16.3.0.app/Contents/Developer/Platforms/iPhoneOS.platform/Developer/SDKs/iPhoneOS18.4.sdk -target arm64-apple-ios12.0 -g -module-cache-path /Users/admin/builder/spi-builder-workspace/.derivedData/ModuleCache.noindex -Xfrontend -serialize-debugging-options -enable-testing -suppress-warnings -index-store-path /Users/admin/builder/spi-builder-workspace/.derivedData/Index.noindex/DataStore -swift-version 6 -I /Users/admin/builder/spi-builder-workspace/.derivedData/Build/Products/Debug-iphoneos -I /Applications/Xcode-16.3.0.app/Contents/Developer/Platforms/iPhoneOS.platform/Developer/usr/lib -F /Users/admin/builder/spi-builder-workspace/.derivedData/Build/Products/Debug-iphoneos -F /Applications/Xcode-16.3.0.app/Contents/Developer/Platforms/iPhoneOS.platform/Developer/Library/Frameworks -F /Applications/Xcode-16.3.0.app/Contents/Developer/Platforms/iPhoneOS.platform/Developer/SDKs/iPhoneOS18.4.sdk/Developer/Library/Frameworks -c -j10 -enable-batch-mode -incremental -Xcc -ivfsstatcache -Xcc /Users/admin/builder/spi-builder-workspace/.derivedData/SDKStatCaches.noindex/iphoneos18.4-22E235-339d34bc69d7fc736c3220795c36f340.sdkstatcache -output-file-map /Users/admin/builder/spi-builder-workspace/.derivedData/Build/Intermediates.noindex/swift-crypto.build/Debug-iphoneos/Crypto.build/Objects-normal/arm64/Crypto-OutputFileMap.json -use-frontend-parseable-output -save-temps -no-color-diagnostics -serialize-diagnostics -emit-dependencies -emit-module -emit-module-path /Users/admin/builder/spi-builder-workspace/.derivedData/Build/Intermediates.noindex/swift-crypto.build/Debug-iphoneos/Crypto.build/Objects-normal/arm64/Crypto.swiftmodule -user-module-version 4.5.2 -validate-clang-modules-once -clang-build-session-file /Users/admin/builder/spi-builder-workspace/.derivedData/ModuleCache.noindex/Session.modulevalidation -package-name swift_crypto -Xcc -I/Users/admin/builder/spi-builder-workspace/.derivedData/Build/Intermediates.noindex/swift-crypto.build/Debug-iphoneos/Crypto.build/swift-overrides.hmap -emit-const-values -Xfrontend -const-gather-protocols-file -Xfrontend /Users/admin/builder/spi-builder-workspace/.derivedData/Build/Intermediates.noindex/swift-crypto.build/Debug-iphoneos/Crypto.build/Objects-normal/arm64/Crypto_const_extract_protocols.json -Xcc -I/Users/admin/builder/spi-builder-workspace/.derivedData/Build/Products/Debug-iphoneos/include -Xcc -I/Users/admin/builder/spi-builder-workspace/.derivedData/Build/Intermediates.noindex/swift-crypto.build/Debug-iphoneos/Crypto.build/DerivedSources-normal/arm64 -Xcc -I/Users/admin/builder/spi-builder-workspace/.derivedData/Build/Intermediates.noindex/swift-crypto.build/Debug-iphoneos/Crypto.build/DerivedSources/arm64 -Xcc -I/Users/admin/builder/spi-builder-workspace/.derivedData/Build/Intermediates.noindex/swift-crypto.build/Debug-iphoneos/Crypto.build/DerivedSources -Xcc -DSWIFT_PACKAGE -Xcc -DDEBUG\=1 -emit-objc-header -emit-objc-header-path /Users/admin/builder/spi-builder-workspace/.derivedData/Build/Intermediates.noindex/swift-crypto.build/Debug-iphoneos/Crypto.build/Objects-normal/arm64/Crypto-Swift.h -working-directory /Users/admin/builder/spi-builder-workspace/.swiftpm/xcode -experimental-emit-module-separately -disable-cmo
Ld /Users/admin/builder/spi-builder-workspace/.derivedData/Build/Products/Debug-iphoneos/Crypto.o normal (in target 'Crypto' from project 'swift-crypto')
cd /Users/admin/builder/spi-builder-workspace/.dependencies/checkouts/swift-crypto
/Applications/Xcode-16.3.0.app/Contents/Developer/Toolchains/XcodeDefault.xctoolchain/usr/bin/clang -Xlinker -reproducible -target arm64-apple-ios12.0 -r -isysroot /Applications/Xcode-16.3.0.app/Contents/Developer/Platforms/iPhoneOS.platform/Developer/SDKs/iPhoneOS18.4.sdk -O0 -w -L/Users/admin/builder/spi-builder-workspace/.derivedData/Build/Intermediates.noindex/EagerLinkingTBDs/Debug-iphoneos -L/Users/admin/builder/spi-builder-workspace/.derivedData/Build/Products/Debug-iphoneos -L/Applications/Xcode-16.3.0.app/Contents/Developer/Platforms/iPhoneOS.platform/Developer/usr/lib -F/Users/admin/builder/spi-builder-workspace/.derivedData/Build/Intermediates.noindex/EagerLinkingTBDs/Debug-iphoneos -F/Users/admin/builder/spi-builder-workspace/.derivedData/Build/Products/Debug-iphoneos -iframework /Applications/Xcode-16.3.0.app/Contents/Developer/Platforms/iPhoneOS.platform/Developer/Library/Frameworks -iframework /Applications/Xcode-16.3.0.app/Contents/Developer/Platforms/iPhoneOS.platform/Developer/SDKs/iPhoneOS18.4.sdk/Developer/Library/Frameworks -filelist /Users/admin/builder/spi-builder-workspace/.derivedData/Build/Intermediates.noindex/swift-crypto.build/Debug-iphoneos/Crypto.build/Objects-normal/arm64/Crypto.LinkFileList -nostdlib -Xlinker -object_path_lto -Xlinker /Users/admin/builder/spi-builder-workspace/.derivedData/Build/Intermediates.noindex/swift-crypto.build/Debug-iphoneos/Crypto.build/Objects-normal/arm64/Crypto_lto.o -rdynamic -Xlinker -no_deduplicate -Xlinker -dependency_info -Xlinker /Users/admin/builder/spi-builder-workspace/.derivedData/Build/Intermediates.noindex/swift-crypto.build/Debug-iphoneos/Crypto.build/Objects-normal/arm64/Crypto_dependency_info.dat -fobjc-link-runtime -L/Applications/Xcode-16.3.0.app/Contents/Developer/Toolchains/XcodeDefault.xctoolchain/usr/lib/swift/iphoneos -L/usr/lib/swift -Xlinker -add_ast_path -Xlinker /Users/admin/builder/spi-builder-workspace/.derivedData/Build/Intermediates.noindex/swift-crypto.build/Debug-iphoneos/Crypto.build/Objects-normal/arm64/Crypto.swiftmodule -o /Users/admin/builder/spi-builder-workspace/.derivedData/Build/Products/Debug-iphoneos/Crypto.o
RegisterExecutionPolicyException /Users/admin/builder/spi-builder-workspace/.derivedData/Build/Products/Debug-iphoneos/InternalCollectionsUtilities.o (in target 'InternalCollectionsUtilities' from project 'swift-collections')
cd /Users/admin/builder/spi-builder-workspace/.dependencies/checkouts/swift-collections
builtin-RegisterExecutionPolicyException /Users/admin/builder/spi-builder-workspace/.derivedData/Build/Products/Debug-iphoneos/InternalCollectionsUtilities.o
SwiftDriverJobDiscovery normal arm64 Compiling AccessRequest.swift, Billing.swift, Bucket.swift, Collection.swift, CommaSeparatedList.swift, Dataset.swift (in target 'HuggingFace' from project 'swift-huggingface')
RegisterExecutionPolicyException /Users/admin/builder/spi-builder-workspace/.derivedData/Build/Products/Debug-iphoneos/EventSource.o (in target 'EventSource' from project 'EventSource')
cd /Users/admin/builder/spi-builder-workspace/.dependencies/checkouts/eventsource
builtin-RegisterExecutionPolicyException /Users/admin/builder/spi-builder-workspace/.derivedData/Build/Products/Debug-iphoneos/EventSource.o
SwiftDriverJobDiscovery normal arm64 Compiling Token.swift (in target 'Jinja' from project 'Jinja')
Ld /Users/admin/builder/spi-builder-workspace/.derivedData/Build/Products/Debug-iphoneos/OrderedCollections.o normal (in target 'OrderedCollections' from project 'swift-collections')
cd /Users/admin/builder/spi-builder-workspace/.dependencies/checkouts/swift-collections
/Applications/Xcode-16.3.0.app/Contents/Developer/Toolchains/XcodeDefault.xctoolchain/usr/bin/clang -Xlinker -reproducible -target arm64-apple-ios12.0 -r -isysroot /Applications/Xcode-16.3.0.app/Contents/Developer/Platforms/iPhoneOS.platform/Developer/SDKs/iPhoneOS18.4.sdk -O0 -w -L/Users/admin/builder/spi-builder-workspace/.derivedData/Build/Intermediates.noindex/EagerLinkingTBDs/Debug-iphoneos -L/Users/admin/builder/spi-builder-workspace/.derivedData/Build/Products/Debug-iphoneos -L/Applications/Xcode-16.3.0.app/Contents/Developer/Platforms/iPhoneOS.platform/Developer/usr/lib -F/Users/admin/builder/spi-builder-workspace/.derivedData/Build/Intermediates.noindex/EagerLinkingTBDs/Debug-iphoneos -F/Users/admin/builder/spi-builder-workspace/.derivedData/Build/Products/Debug-iphoneos/PackageFrameworks -F/Users/admin/builder/spi-builder-workspace/.derivedData/Build/Products/Debug-iphoneos -iframework /Applications/Xcode-16.3.0.app/Contents/Developer/Platforms/iPhoneOS.platform/Developer/Library/Frameworks -iframework /Applications/Xcode-16.3.0.app/Contents/Developer/Platforms/iPhoneOS.platform/Developer/SDKs/iPhoneOS18.4.sdk/Developer/Library/Frameworks -filelist /Users/admin/builder/spi-builder-workspace/.derivedData/Build/Intermediates.noindex/swift-collections.build/Debug-iphoneos/OrderedCollections.build/Objects-normal/arm64/OrderedCollections.LinkFileList -nostdlib -Xlinker -object_path_lto -Xlinker /Users/admin/builder/spi-builder-workspace/.derivedData/Build/Intermediates.noindex/swift-collections.build/Debug-iphoneos/OrderedCollections.build/Objects-normal/arm64/OrderedCollections_lto.o -rdynamic -Xlinker -no_deduplicate -Xlinker -dependency_info -Xlinker /Users/admin/builder/spi-builder-workspace/.derivedData/Build/Intermediates.noindex/swift-collections.build/Debug-iphoneos/OrderedCollections.build/Objects-normal/arm64/OrderedCollections_dependency_info.dat -fobjc-link-runtime -L/Applications/Xcode-16.3.0.app/Contents/Developer/Toolchains/XcodeDefault.xctoolchain/usr/lib/swift/iphoneos -L/usr/lib/swift -Xlinker -add_ast_path -Xlinker /Users/admin/builder/spi-builder-workspace/.derivedData/Build/Intermediates.noindex/swift-collections.build/Debug-iphoneos/OrderedCollections.build/Objects-normal/arm64/OrderedCollections.swiftmodule -o /Users/admin/builder/spi-builder-workspace/.derivedData/Build/Products/Debug-iphoneos/OrderedCollections.o
ExtractAppIntentsMetadata (in target 'Crypto' from project 'swift-crypto')
cd /Users/admin/builder/spi-builder-workspace/.dependencies/checkouts/swift-crypto
/Applications/Xcode-16.3.0.app/Contents/Developer/Toolchains/XcodeDefault.xctoolchain/usr/bin/appintentsmetadataprocessor --toolchain-dir /Applications/Xcode-16.3.0.app/Contents/Developer/Toolchains/XcodeDefault.xctoolchain --module-name Crypto --sdk-root /Applications/Xcode-16.3.0.app/Contents/Developer/Platforms/iPhoneOS.platform/Developer/SDKs/iPhoneOS18.4.sdk --xcode-version 16E140 --platform-family iOS --deployment-target 12.0 --bundle-identifier swift-crypto.Crypto --output /Users/admin/builder/spi-builder-workspace/.derivedData/Build/Products/Debug-iphoneos/Crypto.appintents --target-triple arm64-apple-ios12.0 --binary-file /Users/admin/builder/spi-builder-workspace/.derivedData/Build/Products/Debug-iphoneos/Crypto.o --dependency-file /Users/admin/builder/spi-builder-workspace/.derivedData/Build/Intermediates.noindex/swift-crypto.build/Debug-iphoneos/Crypto.build/Objects-normal/arm64/Crypto_dependency_info.dat --stringsdata-file /Users/admin/builder/spi-builder-workspace/.derivedData/Build/Intermediates.noindex/swift-crypto.build/Debug-iphoneos/Crypto.build/Objects-normal/arm64/ExtractedAppShortcutsMetadata.stringsdata --source-file-list /Users/admin/builder/spi-builder-workspace/.derivedData/Build/Intermediates.noindex/swift-crypto.build/Debug-iphoneos/Crypto.build/Objects-normal/arm64/Crypto.SwiftFileList --metadata-file-list /Users/admin/builder/spi-builder-workspace/.derivedData/Build/Intermediates.noindex/swift-crypto.build/Debug-iphoneos/Crypto.build/Crypto.DependencyMetadataFileList --static-metadata-file-list /Users/admin/builder/spi-builder-workspace/.derivedData/Build/Intermediates.noindex/swift-crypto.build/Debug-iphoneos/Crypto.build/Crypto.DependencyStaticMetadataFileList --swift-const-vals-list /Users/admin/builder/spi-builder-workspace/.derivedData/Build/Intermediates.noindex/swift-crypto.build/Debug-iphoneos/Crypto.build/Objects-normal/arm64/Crypto.SwiftConstValuesFileList --force --compile-time-extraction --deployment-aware-processing --validate-assistant-intents --no-app-shortcuts-localization
2026-10-09 12:53:43.429 appintentsmetadataprocessor[3310:14528] Starting appintentsmetadataprocessor export
2026-10-09 12:53:43.470 appintentsmetadataprocessor[3310:14528] Extracted no relevant App Intents symbols, skipping writing output
ExtractAppIntentsMetadata (in target 'OrderedCollections' from project 'swift-collections')
cd /Users/admin/builder/spi-builder-workspace/.dependencies/checkouts/swift-collections
/Applications/Xcode-16.3.0.app/Contents/Developer/Toolchains/XcodeDefault.xctoolchain/usr/bin/appintentsmetadataprocessor --toolchain-dir /Applications/Xcode-16.3.0.app/Contents/Developer/Toolchains/XcodeDefault.xctoolchain --module-name OrderedCollections --sdk-root /Applications/Xcode-16.3.0.app/Contents/Developer/Platforms/iPhoneOS.platform/Developer/SDKs/iPhoneOS18.4.sdk --xcode-version 16E140 --platform-family iOS --deployment-target 12.0 --bundle-identifier swift-collections.OrderedCollections --output /Users/admin/builder/spi-builder-workspace/.derivedData/Build/Products/Debug-iphoneos/OrderedCollections.appintents --target-triple arm64-apple-ios12.0 --binary-file /Users/admin/builder/spi-builder-workspace/.derivedData/Build/Products/Debug-iphoneos/OrderedCollections.o --dependency-file /Users/admin/builder/spi-builder-workspace/.derivedData/Build/Intermediates.noindex/swift-collections.build/Debug-iphoneos/OrderedCollections.build/Objects-normal/arm64/OrderedCollections_dependency_info.dat --stringsdata-file /Users/admin/builder/spi-builder-workspace/.derivedData/Build/Intermediates.noindex/swift-collections.build/Debug-iphoneos/OrderedCollections.build/Objects-normal/arm64/ExtractedAppShortcutsMetadata.stringsdata --source-file-list /Users/admin/builder/spi-builder-workspace/.derivedData/Build/Intermediates.noindex/swift-collections.build/Debug-iphoneos/OrderedCollections.build/Objects-normal/arm64/OrderedCollections.SwiftFileList --metadata-file-list /Users/admin/builder/spi-builder-workspace/.derivedData/Build/Intermediates.noindex/swift-collections.build/Debug-iphoneos/OrderedCollections.build/OrderedCollections.DependencyMetadataFileList --static-metadata-file-list /Users/admin/builder/spi-builder-workspace/.derivedData/Build/Intermediates.noindex/swift-collections.build/Debug-iphoneos/OrderedCollections.build/OrderedCollections.DependencyStaticMetadataFileList --swift-const-vals-list /Users/admin/builder/spi-builder-workspace/.derivedData/Build/Intermediates.noindex/swift-collections.build/Debug-iphoneos/OrderedCollections.build/Objects-normal/arm64/OrderedCollections.SwiftConstValuesFileList --force --compile-time-extraction --deployment-aware-processing --validate-assistant-intents --no-app-shortcuts-localization
2026-10-09 12:53:43.453 appintentsmetadataprocessor[3311:14541] Starting appintentsmetadataprocessor export
2026-10-09 12:53:43.493 appintentsmetadataprocessor[3311:14541] Extracted no relevant App Intents symbols, skipping writing output
RegisterExecutionPolicyException /Users/admin/builder/spi-builder-workspace/.derivedData/Build/Products/Debug-iphoneos/Crypto.o (in target 'Crypto' from project 'swift-crypto')
cd /Users/admin/builder/spi-builder-workspace/.dependencies/checkouts/swift-crypto
builtin-RegisterExecutionPolicyException /Users/admin/builder/spi-builder-workspace/.derivedData/Build/Products/Debug-iphoneos/Crypto.o
SwiftDriverJobDiscovery normal arm64 Emitting module for HuggingFace (in target 'HuggingFace' from project 'swift-huggingface')
SwiftDriver\ Compilation\ Requirements HuggingFace normal arm64 com.apple.xcode.tools.swift.compiler (in target 'HuggingFace' from project 'swift-huggingface')
cd /Users/admin/builder/spi-builder-workspace/.swiftpm/xcode
builtin-Swift-Compilation-Requirements -- /Applications/Xcode-16.3.0.app/Contents/Developer/Toolchains/XcodeDefault.xctoolchain/usr/bin/swiftc -module-name HuggingFace -Onone -enforce-exclusivity\=checked @/Users/admin/builder/spi-builder-workspace/.derivedData/Build/Intermediates.noindex/swift-huggingface.build/Debug-iphoneos/HuggingFace.build/Objects-normal/arm64/HuggingFace.SwiftFileList -DSWIFT_PACKAGE -DDEBUG -DXcode -plugin-path /Applications/Xcode-16.3.0.app/Contents/Developer/Toolchains/XcodeDefault.xctoolchain/usr/lib/swift/host/plugins/testing -enable-experimental-feature DebugDescriptionMacro -sdk /Applications/Xcode-16.3.0.app/Contents/Developer/Platforms/iPhoneOS.platform/Developer/SDKs/iPhoneOS18.4.sdk -target arm64-apple-ios16.0 -g -module-cache-path /Users/admin/builder/spi-builder-workspace/.derivedData/ModuleCache.noindex -Xfrontend -serialize-debugging-options -enable-testing -suppress-warnings -index-store-path /Users/admin/builder/spi-builder-workspace/.derivedData/Index.noindex/DataStore -swift-version 6 -I /Users/admin/builder/spi-builder-workspace/.derivedData/Build/Products/Debug-iphoneos -I /Applications/Xcode-16.3.0.app/Contents/Developer/Platforms/iPhoneOS.platform/Developer/usr/lib -F /Users/admin/builder/spi-builder-workspace/.derivedData/Build/Products/Debug-iphoneos/PackageFrameworks -F /Users/admin/builder/spi-builder-workspace/.derivedData/Build/Products/Debug-iphoneos/PackageFrameworks -F /Users/admin/builder/spi-builder-workspace/.derivedData/Build/Products/Debug-iphoneos -F /Applications/Xcode-16.3.0.app/Contents/Developer/Platforms/iPhoneOS.platform/Developer/Library/Frameworks -F /Applications/Xcode-16.3.0.app/Contents/Developer/Platforms/iPhoneOS.platform/Developer/SDKs/iPhoneOS18.4.sdk/Developer/Library/Frameworks -c -j10 -enable-batch-mode -incremental -Xcc -ivfsstatcache -Xcc /Users/admin/builder/spi-builder-workspace/.derivedData/SDKStatCaches.noindex/iphoneos18.4-22E235-339d34bc69d7fc736c3220795c36f340.sdkstatcache -output-file-map /Users/admin/builder/spi-builder-workspace/.derivedData/Build/Intermediates.noindex/swift-huggingface.build/Debug-iphoneos/HuggingFace.build/Objects-normal/arm64/HuggingFace-OutputFileMap.json -use-frontend-parseable-output -save-temps -no-color-diagnostics -serialize-diagnostics -emit-dependencies -emit-module -emit-module-path /Users/admin/builder/spi-builder-workspace/.derivedData/Build/Intermediates.noindex/swift-huggingface.build/Debug-iphoneos/HuggingFace.build/Objects-normal/arm64/HuggingFace.swiftmodule -user-module-version 1.0.0 -validate-clang-modules-once -clang-build-session-file /Users/admin/builder/spi-builder-workspace/.derivedData/ModuleCache.noindex/Session.modulevalidation -package-name swift_huggingface -Xcc -I/Users/admin/builder/spi-builder-workspace/.derivedData/Build/Intermediates.noindex/swift-huggingface.build/Debug-iphoneos/HuggingFace.build/swift-overrides.hmap -emit-const-values -Xfrontend -const-gather-protocols-file -Xfrontend /Users/admin/builder/spi-builder-workspace/.derivedData/Build/Intermediates.noindex/swift-huggingface.build/Debug-iphoneos/HuggingFace.build/Objects-normal/arm64/HuggingFace_const_extract_protocols.json -Xcc -I/Users/admin/builder/spi-builder-workspace/.derivedData/Build/Products/Debug-iphoneos/include -Xcc -I/Users/admin/builder/spi-builder-workspace/.derivedData/Build/Intermediates.noindex/swift-huggingface.build/Debug-iphoneos/HuggingFace.build/DerivedSources-normal/arm64 -Xcc -I/Users/admin/builder/spi-builder-workspace/.derivedData/Build/Intermediates.noindex/swift-huggingface.build/Debug-iphoneos/HuggingFace.build/DerivedSources/arm64 -Xcc -I/Users/admin/builder/spi-builder-workspace/.derivedData/Build/Intermediates.noindex/swift-huggingface.build/Debug-iphoneos/HuggingFace.build/DerivedSources -Xcc -DSWIFT_PACKAGE -Xcc -DDEBUG\=1 -emit-objc-header -emit-objc-header-path /Users/admin/builder/spi-builder-workspace/.derivedData/Build/Intermediates.noindex/swift-huggingface.build/Debug-iphoneos/HuggingFace.build/Objects-normal/arm64/HuggingFace-Swift.h -working-directory /Users/admin/builder/spi-builder-workspace/.swiftpm/xcode -experimental-emit-module-separately -disable-cmo
SwiftMergeGeneratedHeaders /Users/admin/builder/spi-builder-workspace/.derivedData/Build/Intermediates.noindex/GeneratedModuleMaps-iphoneos/HuggingFace-Swift.h /Users/admin/builder/spi-builder-workspace/.derivedData/Build/Intermediates.noindex/swift-huggingface.build/Debug-iphoneos/HuggingFace.build/Objects-normal/arm64/HuggingFace-Swift.h (in target 'HuggingFace' from project 'swift-huggingface')
cd /Users/admin/builder/spi-builder-workspace/.dependencies/checkouts/swift-huggingface
builtin-swiftHeaderTool -arch arm64 /Users/admin/builder/spi-builder-workspace/.derivedData/Build/Intermediates.noindex/swift-huggingface.build/Debug-iphoneos/HuggingFace.build/Objects-normal/arm64/HuggingFace-Swift.h -o /Users/admin/builder/spi-builder-workspace/.derivedData/Build/Intermediates.noindex/GeneratedModuleMaps-iphoneos/HuggingFace-Swift.h
Copy /Users/admin/builder/spi-builder-workspace/.derivedData/Build/Products/Debug-iphoneos/HuggingFace.swiftmodule/arm64-apple-ios.swiftmodule /Users/admin/builder/spi-builder-workspace/.derivedData/Build/Intermediates.noindex/swift-huggingface.build/Debug-iphoneos/HuggingFace.build/Objects-normal/arm64/HuggingFace.swiftmodule (in target 'HuggingFace' from project 'swift-huggingface')
cd /Users/admin/builder/spi-builder-workspace/.dependencies/checkouts/swift-huggingface
builtin-copy -exclude .DS_Store -exclude CVS -exclude .svn -exclude .git -exclude .hg -resolve-src-symlinks -rename /Users/admin/builder/spi-builder-workspace/.derivedData/Build/Intermediates.noindex/swift-huggingface.build/Debug-iphoneos/HuggingFace.build/Objects-normal/arm64/HuggingFace.swiftmodule /Users/admin/builder/spi-builder-workspace/.derivedData/Build/Products/Debug-iphoneos/HuggingFace.swiftmodule/arm64-apple-ios.swiftmodule
Copy /Users/admin/builder/spi-builder-workspace/.derivedData/Build/Products/Debug-iphoneos/HuggingFace.swiftmodule/arm64-apple-ios.swiftdoc /Users/admin/builder/spi-builder-workspace/.derivedData/Build/Intermediates.noindex/swift-huggingface.build/Debug-iphoneos/HuggingFace.build/Objects-normal/arm64/HuggingFace.swiftdoc (in target 'HuggingFace' from project 'swift-huggingface')
cd /Users/admin/builder/spi-builder-workspace/.dependencies/checkouts/swift-huggingface
builtin-copy -exclude .DS_Store -exclude CVS -exclude .svn -exclude .git -exclude .hg -resolve-src-symlinks -rename /Users/admin/builder/spi-builder-workspace/.derivedData/Build/Intermediates.noindex/swift-huggingface.build/Debug-iphoneos/HuggingFace.build/Objects-normal/arm64/HuggingFace.swiftdoc /Users/admin/builder/spi-builder-workspace/.derivedData/Build/Products/Debug-iphoneos/HuggingFace.swiftmodule/arm64-apple-ios.swiftdoc
Copy /Users/admin/builder/spi-builder-workspace/.derivedData/Build/Products/Debug-iphoneos/HuggingFace.swiftmodule/arm64-apple-ios.abi.json /Users/admin/builder/spi-builder-workspace/.derivedData/Build/Intermediates.noindex/swift-huggingface.build/Debug-iphoneos/HuggingFace.build/Objects-normal/arm64/HuggingFace.abi.json (in target 'HuggingFace' from project 'swift-huggingface')
cd /Users/admin/builder/spi-builder-workspace/.dependencies/checkouts/swift-huggingface
builtin-copy -exclude .DS_Store -exclude CVS -exclude .svn -exclude .git -exclude .hg -resolve-src-symlinks -rename /Users/admin/builder/spi-builder-workspace/.derivedData/Build/Intermediates.noindex/swift-huggingface.build/Debug-iphoneos/HuggingFace.build/Objects-normal/arm64/HuggingFace.abi.json /Users/admin/builder/spi-builder-workspace/.derivedData/Build/Products/Debug-iphoneos/HuggingFace.swiftmodule/arm64-apple-ios.abi.json
Copy /Users/admin/builder/spi-builder-workspace/.derivedData/Build/Products/Debug-iphoneos/HuggingFace.swiftmodule/Project/arm64-apple-ios.swiftsourceinfo /Users/admin/builder/spi-builder-workspace/.derivedData/Build/Intermediates.noindex/swift-huggingface.build/Debug-iphoneos/HuggingFace.build/Objects-normal/arm64/HuggingFace.swiftsourceinfo (in target 'HuggingFace' from project 'swift-huggingface')
cd /Users/admin/builder/spi-builder-workspace/.dependencies/checkouts/swift-huggingface
builtin-copy -exclude .DS_Store -exclude CVS -exclude .svn -exclude .git -exclude .hg -resolve-src-symlinks -rename /Users/admin/builder/spi-builder-workspace/.derivedData/Build/Intermediates.noindex/swift-huggingface.build/Debug-iphoneos/HuggingFace.build/Objects-normal/arm64/HuggingFace.swiftsourceinfo /Users/admin/builder/spi-builder-workspace/.derivedData/Build/Products/Debug-iphoneos/HuggingFace.swiftmodule/Project/arm64-apple-ios.swiftsourceinfo
SwiftDriverJobDiscovery normal arm64 Compiling Template.swift (in target 'Jinja' from project 'Jinja')
SwiftDriver Hub normal arm64 com.apple.xcode.tools.swift.compiler (in target 'Hub' from project 'swift-transformers')
cd /Users/admin/builder/spi-builder-workspace/.swiftpm/xcode
builtin-SwiftDriver -- /Applications/Xcode-16.3.0.app/Contents/Developer/Toolchains/XcodeDefault.xctoolchain/usr/bin/swiftc -module-name Hub -Onone -enforce-exclusivity\=checked @/Users/admin/builder/spi-builder-workspace/.derivedData/Build/Intermediates.noindex/swift-transformers.build/Debug-iphoneos/Hub.build/Objects-normal/arm64/Hub.SwiftFileList -DSWIFT_PACKAGE -DDEBUG -Xcc -fmodule-map-file\=/Users/admin/builder/spi-builder-workspace/.derivedData/Build/Intermediates.noindex/GeneratedModuleMaps-iphoneos/yyjson.modulemap -DXcode -enable-experimental-feature StrictConcurrency -plugin-path /Applications/Xcode-16.3.0.app/Contents/Developer/Toolchains/XcodeDefault.xctoolchain/usr/lib/swift/host/plugins/testing -enable-experimental-feature DebugDescriptionMacro -sdk /Applications/Xcode-16.3.0.app/Contents/Developer/Platforms/iPhoneOS.platform/Developer/SDKs/iPhoneOS18.4.sdk -target arm64-apple-ios16.0 -g -module-cache-path /Users/admin/builder/spi-builder-workspace/.derivedData/ModuleCache.noindex -Xfrontend -serialize-debugging-options -enable-testing -suppress-warnings -index-store-path /Users/admin/builder/spi-builder-workspace/.derivedData/Index.noindex/DataStore -swift-version 5 -I /Users/admin/builder/spi-builder-workspace/.derivedData/Build/Products/Debug-iphoneos -I /Applications/Xcode-16.3.0.app/Contents/Developer/Platforms/iPhoneOS.platform/Developer/usr/lib -F /Users/admin/builder/spi-builder-workspace/.derivedData/Build/Products/Debug-iphoneos/PackageFrameworks -F /Users/admin/builder/spi-builder-workspace/.derivedData/Build/Products/Debug-iphoneos/PackageFrameworks -F /Users/admin/builder/spi-builder-workspace/.derivedData/Build/Products/Debug-iphoneos/PackageFrameworks -F /Users/admin/builder/spi-builder-workspace/.derivedData/Build/Products/Debug-iphoneos/PackageFrameworks -F /Users/admin/builder/spi-builder-workspace/.derivedData/Build/Products/Debug-iphoneos/PackageFrameworks -F /Users/admin/builder/spi-builder-workspace/.derivedData/Build/Products/Debug-iphoneos/PackageFrameworks -F /Users/admin/builder/spi-builder-workspace/.derivedData/Build/Products/Debug-iphoneos/PackageFrameworks -F /Users/admin/builder/spi-builder-workspace/.derivedData/Build/Products/Debug-iphoneos -F /Applications/Xcode-16.3.0.app/Contents/Developer/Platforms/iPhoneOS.platform/Developer/Library/Frameworks -F /Applications/Xcode-16.3.0.app/Contents/Developer/Platforms/iPhoneOS.platform/Developer/SDKs/iPhoneOS18.4.sdk/Developer/Library/Frameworks -c -j10 -enable-batch-mode -incremental -Xcc -ivfsstatcache -Xcc /Users/admin/builder/spi-builder-workspace/.derivedData/SDKStatCaches.noindex/iphoneos18.4-22E235-339d34bc69d7fc736c3220795c36f340.sdkstatcache -output-file-map /Users/admin/builder/spi-builder-workspace/.derivedData/Build/Intermediates.noindex/swift-transformers.build/Debug-iphoneos/Hub.build/Objects-normal/arm64/Hub-OutputFileMap.json -use-frontend-parseable-output -save-temps -no-color-diagnostics -serialize-diagnostics -emit-dependencies -emit-module -emit-module-path /Users/admin/builder/spi-builder-workspace/.derivedData/Build/Intermediates.noindex/swift-transformers.build/Debug-iphoneos/Hub.build/Objects-normal/arm64/Hub.swiftmodule -user-module-version 1.3.5 -validate-clang-modules-once -clang-build-session-file /Users/admin/builder/spi-builder-workspace/.derivedData/ModuleCache.noindex/Session.modulevalidation -package-name swift_transformers -Xcc -I/Users/admin/builder/spi-builder-workspace/.derivedData/Build/Intermediates.noindex/swift-transformers.build/Debug-iphoneos/Hub.build/swift-overrides.hmap -emit-const-values -Xfrontend -const-gather-protocols-file -Xfrontend /Users/admin/builder/spi-builder-workspace/.derivedData/Build/Intermediates.noindex/swift-transformers.build/Debug-iphoneos/Hub.build/Objects-normal/arm64/Hub_const_extract_protocols.json -Xcc -I/Users/admin/builder/spi-builder-workspace/.dependencies/checkouts/yyjson/src -Xcc -I/Users/admin/builder/spi-builder-workspace/.derivedData/Build/Products/Debug-iphoneos/include -Xcc -I/Users/admin/builder/spi-builder-workspace/.derivedData/Build/Intermediates.noindex/swift-transformers.build/Debug-iphoneos/Hub.build/DerivedSources-normal/arm64 -Xcc -I/Users/admin/builder/spi-builder-workspace/.derivedData/Build/Intermediates.noindex/swift-transformers.build/Debug-iphoneos/Hub.build/DerivedSources/arm64 -Xcc -I/Users/admin/builder/spi-builder-workspace/.derivedData/Build/Intermediates.noindex/swift-transformers.build/Debug-iphoneos/Hub.build/DerivedSources -Xcc -DSWIFT_PACKAGE -Xcc -DDEBUG\=1 -emit-objc-header -emit-objc-header-path /Users/admin/builder/spi-builder-workspace/.derivedData/Build/Intermediates.noindex/swift-transformers.build/Debug-iphoneos/Hub.build/Objects-normal/arm64/Hub-Swift.h -working-directory /Users/admin/builder/spi-builder-workspace/.swiftpm/xcode -experimental-emit-module-separately -disable-cmo
RegisterExecutionPolicyException /Users/admin/builder/spi-builder-workspace/.derivedData/Build/Products/Debug-iphoneos/OrderedCollections.o (in target 'OrderedCollections' from project 'swift-collections')
cd /Users/admin/builder/spi-builder-workspace/.dependencies/checkouts/swift-collections
builtin-RegisterExecutionPolicyException /Users/admin/builder/spi-builder-workspace/.derivedData/Build/Products/Debug-iphoneos/OrderedCollections.o
SwiftEmitModule normal arm64 Emitting\ module\ for\ Hub (in target 'Hub' from project 'swift-transformers')
EmitSwiftModule normal arm64 (in target 'Hub' from project 'swift-transformers')
cd /Users/admin/builder/spi-builder-workspace/.swiftpm/xcode
SwiftCompile normal arm64 Compiling\ BinaryDistinct.swift /Users/admin/builder/spi-builder-workspace/.dependencies/checkouts/swift-transformers/Sources/Hub/BinaryDistinct.swift (in target 'Hub' from project 'swift-transformers')
SwiftCompile normal arm64 /Users/admin/builder/spi-builder-workspace/.dependencies/checkouts/swift-transformers/Sources/Hub/BinaryDistinct.swift (in target 'Hub' from project 'swift-transformers')
cd /Users/admin/builder/spi-builder-workspace/.swiftpm/xcode
SwiftCompile normal arm64 Compiling\ resource_bundle_accessor.swift /Users/admin/builder/spi-builder-workspace/.derivedData/Build/Intermediates.noindex/swift-transformers.build/Debug-iphoneos/Hub.build/DerivedSources/resource_bundle_accessor.swift (in target 'Hub' from project 'swift-transformers')
SwiftCompile normal arm64 /Users/admin/builder/spi-builder-workspace/.derivedData/Build/Intermediates.noindex/swift-transformers.build/Debug-iphoneos/Hub.build/DerivedSources/resource_bundle_accessor.swift (in target 'Hub' from project 'swift-transformers')
cd /Users/admin/builder/spi-builder-workspace/.swiftpm/xcode
SwiftCompile normal arm64 Compiling\ Config.swift /Users/admin/builder/spi-builder-workspace/.dependencies/checkouts/swift-transformers/Sources/Hub/Config.swift (in target 'Hub' from project 'swift-transformers')
SwiftCompile normal arm64 /Users/admin/builder/spi-builder-workspace/.dependencies/checkouts/swift-transformers/Sources/Hub/Config.swift (in target 'Hub' from project 'swift-transformers')
cd /Users/admin/builder/spi-builder-workspace/.swiftpm/xcode
SwiftCompile normal arm64 Compiling\ YYJSONParser.swift /Users/admin/builder/spi-builder-workspace/.dependencies/checkouts/swift-transformers/Sources/Hub/YYJSONParser.swift (in target 'Hub' from project 'swift-transformers')
SwiftCompile normal arm64 /Users/admin/builder/spi-builder-workspace/.dependencies/checkouts/swift-transformers/Sources/Hub/YYJSONParser.swift (in target 'Hub' from project 'swift-transformers')
cd /Users/admin/builder/spi-builder-workspace/.swiftpm/xcode
SwiftCompile normal arm64 Compiling\ HubApi.swift /Users/admin/builder/spi-builder-workspace/.dependencies/checkouts/swift-transformers/Sources/Hub/HubApi.swift (in target 'Hub' from project 'swift-transformers')
SwiftCompile normal arm64 /Users/admin/builder/spi-builder-workspace/.dependencies/checkouts/swift-transformers/Sources/Hub/HubApi.swift (in target 'Hub' from project 'swift-transformers')
cd /Users/admin/builder/spi-builder-workspace/.swiftpm/xcode
SwiftDriverJobDiscovery normal arm64 Compiling Value.swift (in target 'Jinja' from project 'Jinja')
SwiftCompile normal arm64 Compiling\ Hub.swift /Users/admin/builder/spi-builder-workspace/.dependencies/checkouts/swift-transformers/Sources/Hub/Hub.swift (in target 'Hub' from project 'swift-transformers')
SwiftCompile normal arm64 /Users/admin/builder/spi-builder-workspace/.dependencies/checkouts/swift-transformers/Sources/Hub/Hub.swift (in target 'Hub' from project 'swift-transformers')
cd /Users/admin/builder/spi-builder-workspace/.swiftpm/xcode
SwiftDriverJobDiscovery normal arm64 Compiling Filters.swift, Globals.swift (in target 'Jinja' from project 'Jinja')
SwiftDriverJobDiscovery normal arm64 Compiling AST.swift, Error.swift (in target 'Jinja' from project 'Jinja')
SwiftDriverJobDiscovery normal arm64 Compiling Parser.swift, PropertyMembers.swift (in target 'Jinja' from project 'Jinja')
SwiftDriver\ Compilation Jinja normal arm64 com.apple.xcode.tools.swift.compiler (in target 'Jinja' from project 'Jinja')
cd /Users/admin/builder/spi-builder-workspace/.swiftpm/xcode
builtin-Swift-Compilation -- /Applications/Xcode-16.3.0.app/Contents/Developer/Toolchains/XcodeDefault.xctoolchain/usr/bin/swiftc -module-name Jinja -Onone -enforce-exclusivity\=checked @/Users/admin/builder/spi-builder-workspace/.derivedData/Build/Intermediates.noindex/Jinja.build/Debug-iphoneos/Jinja.build/Objects-normal/arm64/Jinja.SwiftFileList -DSWIFT_PACKAGE -DDEBUG -DXcode -plugin-path /Applications/Xcode-16.3.0.app/Contents/Developer/Toolchains/XcodeDefault.xctoolchain/usr/lib/swift/host/plugins/testing -enable-experimental-feature DebugDescriptionMacro -sdk /Applications/Xcode-16.3.0.app/Contents/Developer/Platforms/iPhoneOS.platform/Developer/SDKs/iPhoneOS18.4.sdk -target arm64-apple-ios16.0 -g -module-cache-path /Users/admin/builder/spi-builder-workspace/.derivedData/ModuleCache.noindex -Xfrontend -serialize-debugging-options -enable-testing -suppress-warnings -index-store-path /Users/admin/builder/spi-builder-workspace/.derivedData/Index.noindex/DataStore -swift-version 6 -I /Users/admin/builder/spi-builder-workspace/.derivedData/Build/Products/Debug-iphoneos -I /Applications/Xcode-16.3.0.app/Contents/Developer/Platforms/iPhoneOS.platform/Developer/usr/lib -F /Users/admin/builder/spi-builder-workspace/.derivedData/Build/Products/Debug-iphoneos/PackageFrameworks -F /Users/admin/builder/spi-builder-workspace/.derivedData/Build/Products/Debug-iphoneos/PackageFrameworks -F /Users/admin/builder/spi-builder-workspace/.derivedData/Build/Products/Debug-iphoneos -F /Applications/Xcode-16.3.0.app/Contents/Developer/Platforms/iPhoneOS.platform/Developer/Library/Frameworks -F /Applications/Xcode-16.3.0.app/Contents/Developer/Platforms/iPhoneOS.platform/Developer/SDKs/iPhoneOS18.4.sdk/Developer/Library/Frameworks -c -j10 -enable-batch-mode -incremental -Xcc -ivfsstatcache -Xcc /Users/admin/builder/spi-builder-workspace/.derivedData/SDKStatCaches.noindex/iphoneos18.4-22E235-339d34bc69d7fc736c3220795c36f340.sdkstatcache -output-file-map /Users/admin/builder/spi-builder-workspace/.derivedData/Build/Intermediates.noindex/Jinja.build/Debug-iphoneos/Jinja.build/Objects-normal/arm64/Jinja-OutputFileMap.json -use-frontend-parseable-output -save-temps -no-color-diagnostics -serialize-diagnostics -emit-dependencies -emit-module -emit-module-path /Users/admin/builder/spi-builder-workspace/.derivedData/Build/Intermediates.noindex/Jinja.build/Debug-iphoneos/Jinja.build/Objects-normal/arm64/Jinja.swiftmodule -user-module-version 2.5.1 -validate-clang-modules-once -clang-build-session-file /Users/admin/builder/spi-builder-workspace/.derivedData/ModuleCache.noindex/Session.modulevalidation -package-name swift_jinja -Xcc -I/Users/admin/builder/spi-builder-workspace/.derivedData/Build/Intermediates.noindex/Jinja.build/Debug-iphoneos/Jinja.build/swift-overrides.hmap -emit-const-values -Xfrontend -const-gather-protocols-file -Xfrontend /Users/admin/builder/spi-builder-workspace/.derivedData/Build/Intermediates.noindex/Jinja.build/Debug-iphoneos/Jinja.build/Objects-normal/arm64/Jinja_const_extract_protocols.json -Xcc -I/Users/admin/builder/spi-builder-workspace/.derivedData/Build/Products/Debug-iphoneos/include -Xcc -I/Users/admin/builder/spi-builder-workspace/.derivedData/Build/Intermediates.noindex/Jinja.build/Debug-iphoneos/Jinja.build/DerivedSources-normal/arm64 -Xcc -I/Users/admin/builder/spi-builder-workspace/.derivedData/Build/Intermediates.noindex/Jinja.build/Debug-iphoneos/Jinja.build/DerivedSources/arm64 -Xcc -I/Users/admin/builder/spi-builder-workspace/.derivedData/Build/Intermediates.noindex/Jinja.build/Debug-iphoneos/Jinja.build/DerivedSources -Xcc -DSWIFT_PACKAGE -Xcc -DDEBUG\=1 -emit-objc-header -emit-objc-header-path /Users/admin/builder/spi-builder-workspace/.derivedData/Build/Intermediates.noindex/Jinja.build/Debug-iphoneos/Jinja.build/Objects-normal/arm64/Jinja-Swift.h -working-directory /Users/admin/builder/spi-builder-workspace/.swiftpm/xcode -experimental-emit-module-separately -disable-cmo
Ld /Users/admin/builder/spi-builder-workspace/.derivedData/Build/Products/Debug-iphoneos/Jinja.o normal (in target 'Jinja' from project 'Jinja')
cd /Users/admin/builder/spi-builder-workspace/.dependencies/checkouts/swift-jinja
/Applications/Xcode-16.3.0.app/Contents/Developer/Toolchains/XcodeDefault.xctoolchain/usr/bin/clang -Xlinker -reproducible -target arm64-apple-ios16.0 -r -isysroot /Applications/Xcode-16.3.0.app/Contents/Developer/Platforms/iPhoneOS.platform/Developer/SDKs/iPhoneOS18.4.sdk -O0 -w -L/Users/admin/builder/spi-builder-workspace/.derivedData/Build/Intermediates.noindex/EagerLinkingTBDs/Debug-iphoneos -L/Users/admin/builder/spi-builder-workspace/.derivedData/Build/Products/Debug-iphoneos -L/Applications/Xcode-16.3.0.app/Contents/Developer/Platforms/iPhoneOS.platform/Developer/usr/lib -F/Users/admin/builder/spi-builder-workspace/.derivedData/Build/Intermediates.noindex/EagerLinkingTBDs/Debug-iphoneos -F/Users/admin/builder/spi-builder-workspace/.derivedData/Build/Products/Debug-iphoneos/PackageFrameworks -F/Users/admin/builder/spi-builder-workspace/.derivedData/Build/Products/Debug-iphoneos/PackageFrameworks -F/Users/admin/builder/spi-builder-workspace/.derivedData/Build/Products/Debug-iphoneos -iframework /Applications/Xcode-16.3.0.app/Contents/Developer/Platforms/iPhoneOS.platform/Developer/Library/Frameworks -iframework /Applications/Xcode-16.3.0.app/Contents/Developer/Platforms/iPhoneOS.platform/Developer/SDKs/iPhoneOS18.4.sdk/Developer/Library/Frameworks -filelist /Users/admin/builder/spi-builder-workspace/.derivedData/Build/Intermediates.noindex/Jinja.build/Debug-iphoneos/Jinja.build/Objects-normal/arm64/Jinja.LinkFileList -nostdlib -Xlinker -object_path_lto -Xlinker /Users/admin/builder/spi-builder-workspace/.derivedData/Build/Intermediates.noindex/Jinja.build/Debug-iphoneos/Jinja.build/Objects-normal/arm64/Jinja_lto.o -rdynamic -Xlinker -no_deduplicate -Xlinker -dependency_info -Xlinker /Users/admin/builder/spi-builder-workspace/.derivedData/Build/Intermediates.noindex/Jinja.build/Debug-iphoneos/Jinja.build/Objects-normal/arm64/Jinja_dependency_info.dat -fobjc-link-runtime -L/Applications/Xcode-16.3.0.app/Contents/Developer/Toolchains/XcodeDefault.xctoolchain/usr/lib/swift/iphoneos -L/usr/lib/swift -Xlinker -add_ast_path -Xlinker /Users/admin/builder/spi-builder-workspace/.derivedData/Build/Intermediates.noindex/Jinja.build/Debug-iphoneos/Jinja.build/Objects-normal/arm64/Jinja.swiftmodule -o /Users/admin/builder/spi-builder-workspace/.derivedData/Build/Products/Debug-iphoneos/Jinja.o
ExtractAppIntentsMetadata (in target 'Jinja' from project 'Jinja')
cd /Users/admin/builder/spi-builder-workspace/.dependencies/checkouts/swift-jinja
/Applications/Xcode-16.3.0.app/Contents/Developer/Toolchains/XcodeDefault.xctoolchain/usr/bin/appintentsmetadataprocessor --toolchain-dir /Applications/Xcode-16.3.0.app/Contents/Developer/Toolchains/XcodeDefault.xctoolchain --module-name Jinja --sdk-root /Applications/Xcode-16.3.0.app/Contents/Developer/Platforms/iPhoneOS.platform/Developer/SDKs/iPhoneOS18.4.sdk --xcode-version 16E140 --platform-family iOS --deployment-target 16.0 --bundle-identifier swift-jinja.Jinja --output /Users/admin/builder/spi-builder-workspace/.derivedData/Build/Products/Debug-iphoneos/Jinja.appintents --target-triple arm64-apple-ios16.0 --binary-file /Users/admin/builder/spi-builder-workspace/.derivedData/Build/Products/Debug-iphoneos/Jinja.o --dependency-file /Users/admin/builder/spi-builder-workspace/.derivedData/Build/Intermediates.noindex/Jinja.build/Debug-iphoneos/Jinja.build/Objects-normal/arm64/Jinja_dependency_info.dat --stringsdata-file /Users/admin/builder/spi-builder-workspace/.derivedData/Build/Intermediates.noindex/Jinja.build/Debug-iphoneos/Jinja.build/Objects-normal/arm64/ExtractedAppShortcutsMetadata.stringsdata --source-file-list /Users/admin/builder/spi-builder-workspace/.derivedData/Build/Intermediates.noindex/Jinja.build/Debug-iphoneos/Jinja.build/Objects-normal/arm64/Jinja.SwiftFileList --metadata-file-list /Users/admin/builder/spi-builder-workspace/.derivedData/Build/Intermediates.noindex/Jinja.build/Debug-iphoneos/Jinja.build/Jinja.DependencyMetadataFileList --static-metadata-file-list /Users/admin/builder/spi-builder-workspace/.derivedData/Build/Intermediates.noindex/Jinja.build/Debug-iphoneos/Jinja.build/Jinja.DependencyStaticMetadataFileList --swift-const-vals-list /Users/admin/builder/spi-builder-workspace/.derivedData/Build/Intermediates.noindex/Jinja.build/Debug-iphoneos/Jinja.build/Objects-normal/arm64/Jinja.SwiftConstValuesFileList --force --compile-time-extraction --deployment-aware-processing --validate-assistant-intents --no-app-shortcuts-localization
2026-10-09 12:53:43.851 appintentsmetadataprocessor[3321:14606] Starting appintentsmetadataprocessor export
2026-10-09 12:53:43.888 appintentsmetadataprocessor[3321:14606] Extracted no relevant App Intents symbols, skipping writing output
RegisterExecutionPolicyException /Users/admin/builder/spi-builder-workspace/.derivedData/Build/Products/Debug-iphoneos/Jinja.o (in target 'Jinja' from project 'Jinja')
cd /Users/admin/builder/spi-builder-workspace/.dependencies/checkouts/swift-jinja
builtin-RegisterExecutionPolicyException /Users/admin/builder/spi-builder-workspace/.derivedData/Build/Products/Debug-iphoneos/Jinja.o
SwiftDriverJobDiscovery normal arm64 Compiling HubClient+Datasets.swift, HubClient+Discussions.swift, HubClient+Files.swift, HubClient+Git.swift, HubClient+Models.swift, HubClient+OAuth.swift (in target 'HuggingFace' from project 'swift-huggingface')
SwiftDriver\ Compilation HuggingFace normal arm64 com.apple.xcode.tools.swift.compiler (in target 'HuggingFace' from project 'swift-huggingface')
cd /Users/admin/builder/spi-builder-workspace/.swiftpm/xcode
builtin-Swift-Compilation -- /Applications/Xcode-16.3.0.app/Contents/Developer/Toolchains/XcodeDefault.xctoolchain/usr/bin/swiftc -module-name HuggingFace -Onone -enforce-exclusivity\=checked @/Users/admin/builder/spi-builder-workspace/.derivedData/Build/Intermediates.noindex/swift-huggingface.build/Debug-iphoneos/HuggingFace.build/Objects-normal/arm64/HuggingFace.SwiftFileList -DSWIFT_PACKAGE -DDEBUG -DXcode -plugin-path /Applications/Xcode-16.3.0.app/Contents/Developer/Toolchains/XcodeDefault.xctoolchain/usr/lib/swift/host/plugins/testing -enable-experimental-feature DebugDescriptionMacro -sdk /Applications/Xcode-16.3.0.app/Contents/Developer/Platforms/iPhoneOS.platform/Developer/SDKs/iPhoneOS18.4.sdk -target arm64-apple-ios16.0 -g -module-cache-path /Users/admin/builder/spi-builder-workspace/.derivedData/ModuleCache.noindex -Xfrontend -serialize-debugging-options -enable-testing -suppress-warnings -index-store-path /Users/admin/builder/spi-builder-workspace/.derivedData/Index.noindex/DataStore -swift-version 6 -I /Users/admin/builder/spi-builder-workspace/.derivedData/Build/Products/Debug-iphoneos -I /Applications/Xcode-16.3.0.app/Contents/Developer/Platforms/iPhoneOS.platform/Developer/usr/lib -F /Users/admin/builder/spi-builder-workspace/.derivedData/Build/Products/Debug-iphoneos/PackageFrameworks -F /Users/admin/builder/spi-builder-workspace/.derivedData/Build/Products/Debug-iphoneos/PackageFrameworks -F /Users/admin/builder/spi-builder-workspace/.derivedData/Build/Products/Debug-iphoneos -F /Applications/Xcode-16.3.0.app/Contents/Developer/Platforms/iPhoneOS.platform/Developer/Library/Frameworks -F /Applications/Xcode-16.3.0.app/Contents/Developer/Platforms/iPhoneOS.platform/Developer/SDKs/iPhoneOS18.4.sdk/Developer/Library/Frameworks -c -j10 -enable-batch-mode -incremental -Xcc -ivfsstatcache -Xcc /Users/admin/builder/spi-builder-workspace/.derivedData/SDKStatCaches.noindex/iphoneos18.4-22E235-339d34bc69d7fc736c3220795c36f340.sdkstatcache -output-file-map /Users/admin/builder/spi-builder-workspace/.derivedData/Build/Intermediates.noindex/swift-huggingface.build/Debug-iphoneos/HuggingFace.build/Objects-normal/arm64/HuggingFace-OutputFileMap.json -use-frontend-parseable-output -save-temps -no-color-diagnostics -serialize-diagnostics -emit-dependencies -emit-module -emit-module-path /Users/admin/builder/spi-builder-workspace/.derivedData/Build/Intermediates.noindex/swift-huggingface.build/Debug-iphoneos/HuggingFace.build/Objects-normal/arm64/HuggingFace.swiftmodule -user-module-version 1.0.0 -validate-clang-modules-once -clang-build-session-file /Users/admin/builder/spi-builder-workspace/.derivedData/ModuleCache.noindex/Session.modulevalidation -package-name swift_huggingface -Xcc -I/Users/admin/builder/spi-builder-workspace/.derivedData/Build/Intermediates.noindex/swift-huggingface.build/Debug-iphoneos/HuggingFace.build/swift-overrides.hmap -emit-const-values -Xfrontend -const-gather-protocols-file -Xfrontend /Users/admin/builder/spi-builder-workspace/.derivedData/Build/Intermediates.noindex/swift-huggingface.build/Debug-iphoneos/HuggingFace.build/Objects-normal/arm64/HuggingFace_const_extract_protocols.json -Xcc -I/Users/admin/builder/spi-builder-workspace/.derivedData/Build/Products/Debug-iphoneos/include -Xcc -I/Users/admin/builder/spi-builder-workspace/.derivedData/Build/Intermediates.noindex/swift-huggingface.build/Debug-iphoneos/HuggingFace.build/DerivedSources-normal/arm64 -Xcc -I/Users/admin/builder/spi-builder-workspace/.derivedData/Build/Intermediates.noindex/swift-huggingface.build/Debug-iphoneos/HuggingFace.build/DerivedSources/arm64 -Xcc -I/Users/admin/builder/spi-builder-workspace/.derivedData/Build/Intermediates.noindex/swift-huggingface.build/Debug-iphoneos/HuggingFace.build/DerivedSources -Xcc -DSWIFT_PACKAGE -Xcc -DDEBUG\=1 -emit-objc-header -emit-objc-header-path /Users/admin/builder/spi-builder-workspace/.derivedData/Build/Intermediates.noindex/swift-huggingface.build/Debug-iphoneos/HuggingFace.build/Objects-normal/arm64/HuggingFace-Swift.h -working-directory /Users/admin/builder/spi-builder-workspace/.swiftpm/xcode -experimental-emit-module-separately -disable-cmo
Ld /Users/admin/builder/spi-builder-workspace/.derivedData/Build/Products/Debug-iphoneos/HuggingFace.o normal (in target 'HuggingFace' from project 'swift-huggingface')
cd /Users/admin/builder/spi-builder-workspace/.dependencies/checkouts/swift-huggingface
/Applications/Xcode-16.3.0.app/Contents/Developer/Toolchains/XcodeDefault.xctoolchain/usr/bin/clang -Xlinker -reproducible -target arm64-apple-ios16.0 -r -isysroot /Applications/Xcode-16.3.0.app/Contents/Developer/Platforms/iPhoneOS.platform/Developer/SDKs/iPhoneOS18.4.sdk -O0 -w -L/Users/admin/builder/spi-builder-workspace/.derivedData/Build/Intermediates.noindex/EagerLinkingTBDs/Debug-iphoneos -L/Users/admin/builder/spi-builder-workspace/.derivedData/Build/Products/Debug-iphoneos -L/Applications/Xcode-16.3.0.app/Contents/Developer/Platforms/iPhoneOS.platform/Developer/usr/lib -F/Users/admin/builder/spi-builder-workspace/.derivedData/Build/Intermediates.noindex/EagerLinkingTBDs/Debug-iphoneos -F/Users/admin/builder/spi-builder-workspace/.derivedData/Build/Products/Debug-iphoneos/PackageFrameworks -F/Users/admin/builder/spi-builder-workspace/.derivedData/Build/Products/Debug-iphoneos/PackageFrameworks -F/Users/admin/builder/spi-builder-workspace/.derivedData/Build/Products/Debug-iphoneos -iframework /Applications/Xcode-16.3.0.app/Contents/Developer/Platforms/iPhoneOS.platform/Developer/Library/Frameworks -iframework /Applications/Xcode-16.3.0.app/Contents/Developer/Platforms/iPhoneOS.platform/Developer/SDKs/iPhoneOS18.4.sdk/Developer/Library/Frameworks -filelist /Users/admin/builder/spi-builder-workspace/.derivedData/Build/Intermediates.noindex/swift-huggingface.build/Debug-iphoneos/HuggingFace.build/Objects-normal/arm64/HuggingFace.LinkFileList -nostdlib -Xlinker -object_path_lto -Xlinker /Users/admin/builder/spi-builder-workspace/.derivedData/Build/Intermediates.noindex/swift-huggingface.build/Debug-iphoneos/HuggingFace.build/Objects-normal/arm64/HuggingFace_lto.o -rdynamic -Xlinker -no_deduplicate -Xlinker -dependency_info -Xlinker /Users/admin/builder/spi-builder-workspace/.derivedData/Build/Intermediates.noindex/swift-huggingface.build/Debug-iphoneos/HuggingFace.build/Objects-normal/arm64/HuggingFace_dependency_info.dat -fobjc-link-runtime -L/Applications/Xcode-16.3.0.app/Contents/Developer/Toolchains/XcodeDefault.xctoolchain/usr/lib/swift/iphoneos -L/usr/lib/swift -Xlinker -add_ast_path -Xlinker /Users/admin/builder/spi-builder-workspace/.derivedData/Build/Intermediates.noindex/swift-huggingface.build/Debug-iphoneos/HuggingFace.build/Objects-normal/arm64/HuggingFace.swiftmodule -o /Users/admin/builder/spi-builder-workspace/.derivedData/Build/Products/Debug-iphoneos/HuggingFace.o
ExtractAppIntentsMetadata (in target 'HuggingFace' from project 'swift-huggingface')
cd /Users/admin/builder/spi-builder-workspace/.dependencies/checkouts/swift-huggingface
/Applications/Xcode-16.3.0.app/Contents/Developer/Toolchains/XcodeDefault.xctoolchain/usr/bin/appintentsmetadataprocessor --toolchain-dir /Applications/Xcode-16.3.0.app/Contents/Developer/Toolchains/XcodeDefault.xctoolchain --module-name HuggingFace --sdk-root /Applications/Xcode-16.3.0.app/Contents/Developer/Platforms/iPhoneOS.platform/Developer/SDKs/iPhoneOS18.4.sdk --xcode-version 16E140 --platform-family iOS --deployment-target 16.0 --bundle-identifier swift-huggingface.HuggingFace --output /Users/admin/builder/spi-builder-workspace/.derivedData/Build/Products/Debug-iphoneos/HuggingFace.appintents --target-triple arm64-apple-ios16.0 --binary-file /Users/admin/builder/spi-builder-workspace/.derivedData/Build/Products/Debug-iphoneos/HuggingFace.o --dependency-file /Users/admin/builder/spi-builder-workspace/.derivedData/Build/Intermediates.noindex/swift-huggingface.build/Debug-iphoneos/HuggingFace.build/Objects-normal/arm64/HuggingFace_dependency_info.dat --stringsdata-file /Users/admin/builder/spi-builder-workspace/.derivedData/Build/Intermediates.noindex/swift-huggingface.build/Debug-iphoneos/HuggingFace.build/Objects-normal/arm64/ExtractedAppShortcutsMetadata.stringsdata --source-file-list /Users/admin/builder/spi-builder-workspace/.derivedData/Build/Intermediates.noindex/swift-huggingface.build/Debug-iphoneos/HuggingFace.build/Objects-normal/arm64/HuggingFace.SwiftFileList --metadata-file-list /Users/admin/builder/spi-builder-workspace/.derivedData/Build/Intermediates.noindex/swift-huggingface.build/Debug-iphoneos/HuggingFace.build/HuggingFace.DependencyMetadataFileList --static-metadata-file-list /Users/admin/builder/spi-builder-workspace/.derivedData/Build/Intermediates.noindex/swift-huggingface.build/Debug-iphoneos/HuggingFace.build/HuggingFace.DependencyStaticMetadataFileList --swift-const-vals-list /Users/admin/builder/spi-builder-workspace/.derivedData/Build/Intermediates.noindex/swift-huggingface.build/Debug-iphoneos/HuggingFace.build/Objects-normal/arm64/HuggingFace.SwiftConstValuesFileList --force --compile-time-extraction --deployment-aware-processing --validate-assistant-intents --no-app-shortcuts-localization
2026-10-09 12:53:44.186 appintentsmetadataprocessor[3324:14652] Starting appintentsmetadataprocessor export
2026-10-09 12:53:44.222 appintentsmetadataprocessor[3324:14652] Extracted no relevant App Intents symbols, skipping writing output
RegisterExecutionPolicyException /Users/admin/builder/spi-builder-workspace/.derivedData/Build/Products/Debug-iphoneos/HuggingFace.o (in target 'HuggingFace' from project 'swift-huggingface')
cd /Users/admin/builder/spi-builder-workspace/.dependencies/checkouts/swift-huggingface
builtin-RegisterExecutionPolicyException /Users/admin/builder/spi-builder-workspace/.derivedData/Build/Products/Debug-iphoneos/HuggingFace.o
SwiftDriverJobDiscovery normal arm64 Emitting module for Hub (in target 'Hub' from project 'swift-transformers')
SwiftDriver\ Compilation\ Requirements Hub normal arm64 com.apple.xcode.tools.swift.compiler (in target 'Hub' from project 'swift-transformers')
cd /Users/admin/builder/spi-builder-workspace/.swiftpm/xcode
builtin-Swift-Compilation-Requirements -- /Applications/Xcode-16.3.0.app/Contents/Developer/Toolchains/XcodeDefault.xctoolchain/usr/bin/swiftc -module-name Hub -Onone -enforce-exclusivity\=checked @/Users/admin/builder/spi-builder-workspace/.derivedData/Build/Intermediates.noindex/swift-transformers.build/Debug-iphoneos/Hub.build/Objects-normal/arm64/Hub.SwiftFileList -DSWIFT_PACKAGE -DDEBUG -Xcc -fmodule-map-file\=/Users/admin/builder/spi-builder-workspace/.derivedData/Build/Intermediates.noindex/GeneratedModuleMaps-iphoneos/yyjson.modulemap -DXcode -enable-experimental-feature StrictConcurrency -plugin-path /Applications/Xcode-16.3.0.app/Contents/Developer/Toolchains/XcodeDefault.xctoolchain/usr/lib/swift/host/plugins/testing -enable-experimental-feature DebugDescriptionMacro -sdk /Applications/Xcode-16.3.0.app/Contents/Developer/Platforms/iPhoneOS.platform/Developer/SDKs/iPhoneOS18.4.sdk -target arm64-apple-ios16.0 -g -module-cache-path /Users/admin/builder/spi-builder-workspace/.derivedData/ModuleCache.noindex -Xfrontend -serialize-debugging-options -enable-testing -suppress-warnings -index-store-path /Users/admin/builder/spi-builder-workspace/.derivedData/Index.noindex/DataStore -swift-version 5 -I /Users/admin/builder/spi-builder-workspace/.derivedData/Build/Products/Debug-iphoneos -I /Applications/Xcode-16.3.0.app/Contents/Developer/Platforms/iPhoneOS.platform/Developer/usr/lib -F /Users/admin/builder/spi-builder-workspace/.derivedData/Build/Products/Debug-iphoneos/PackageFrameworks -F /Users/admin/builder/spi-builder-workspace/.derivedData/Build/Products/Debug-iphoneos/PackageFrameworks -F /Users/admin/builder/spi-builder-workspace/.derivedData/Build/Products/Debug-iphoneos/PackageFrameworks -F /Users/admin/builder/spi-builder-workspace/.derivedData/Build/Products/Debug-iphoneos/PackageFrameworks -F /Users/admin/builder/spi-builder-workspace/.derivedData/Build/Products/Debug-iphoneos/PackageFrameworks -F /Users/admin/builder/spi-builder-workspace/.derivedData/Build/Products/Debug-iphoneos/PackageFrameworks -F /Users/admin/builder/spi-builder-workspace/.derivedData/Build/Products/Debug-iphoneos/PackageFrameworks -F /Users/admin/builder/spi-builder-workspace/.derivedData/Build/Products/Debug-iphoneos -F /Applications/Xcode-16.3.0.app/Contents/Developer/Platforms/iPhoneOS.platform/Developer/Library/Frameworks -F /Applications/Xcode-16.3.0.app/Contents/Developer/Platforms/iPhoneOS.platform/Developer/SDKs/iPhoneOS18.4.sdk/Developer/Library/Frameworks -c -j10 -enable-batch-mode -incremental -Xcc -ivfsstatcache -Xcc /Users/admin/builder/spi-builder-workspace/.derivedData/SDKStatCaches.noindex/iphoneos18.4-22E235-339d34bc69d7fc736c3220795c36f340.sdkstatcache -output-file-map /Users/admin/builder/spi-builder-workspace/.derivedData/Build/Intermediates.noindex/swift-transformers.build/Debug-iphoneos/Hub.build/Objects-normal/arm64/Hub-OutputFileMap.json -use-frontend-parseable-output -save-temps -no-color-diagnostics -serialize-diagnostics -emit-dependencies -emit-module -emit-module-path /Users/admin/builder/spi-builder-workspace/.derivedData/Build/Intermediates.noindex/swift-transformers.build/Debug-iphoneos/Hub.build/Objects-normal/arm64/Hub.swiftmodule -user-module-version 1.3.5 -validate-clang-modules-once -clang-build-session-file /Users/admin/builder/spi-builder-workspace/.derivedData/ModuleCache.noindex/Session.modulevalidation -package-name swift_transformers -Xcc -I/Users/admin/builder/spi-builder-workspace/.derivedData/Build/Intermediates.noindex/swift-transformers.build/Debug-iphoneos/Hub.build/swift-overrides.hmap -emit-const-values -Xfrontend -const-gather-protocols-file -Xfrontend /Users/admin/builder/spi-builder-workspace/.derivedData/Build/Intermediates.noindex/swift-transformers.build/Debug-iphoneos/Hub.build/Objects-normal/arm64/Hub_const_extract_protocols.json -Xcc -I/Users/admin/builder/spi-builder-workspace/.dependencies/checkouts/yyjson/src -Xcc -I/Users/admin/builder/spi-builder-workspace/.derivedData/Build/Products/Debug-iphoneos/include -Xcc -I/Users/admin/builder/spi-builder-workspace/.derivedData/Build/Intermediates.noindex/swift-transformers.build/Debug-iphoneos/Hub.build/DerivedSources-normal/arm64 -Xcc -I/Users/admin/builder/spi-builder-workspace/.derivedData/Build/Intermediates.noindex/swift-transformers.build/Debug-iphoneos/Hub.build/DerivedSources/arm64 -Xcc -I/Users/admin/builder/spi-builder-workspace/.derivedData/Build/Intermediates.noindex/swift-transformers.build/Debug-iphoneos/Hub.build/DerivedSources -Xcc -DSWIFT_PACKAGE -Xcc -DDEBUG\=1 -emit-objc-header -emit-objc-header-path /Users/admin/builder/spi-builder-workspace/.derivedData/Build/Intermediates.noindex/swift-transformers.build/Debug-iphoneos/Hub.build/Objects-normal/arm64/Hub-Swift.h -working-directory /Users/admin/builder/spi-builder-workspace/.swiftpm/xcode -experimental-emit-module-separately -disable-cmo
SwiftMergeGeneratedHeaders /Users/admin/builder/spi-builder-workspace/.derivedData/Build/Intermediates.noindex/GeneratedModuleMaps-iphoneos/Hub-Swift.h /Users/admin/builder/spi-builder-workspace/.derivedData/Build/Intermediates.noindex/swift-transformers.build/Debug-iphoneos/Hub.build/Objects-normal/arm64/Hub-Swift.h (in target 'Hub' from project 'swift-transformers')
cd /Users/admin/builder/spi-builder-workspace/.dependencies/checkouts/swift-transformers
builtin-swiftHeaderTool -arch arm64 /Users/admin/builder/spi-builder-workspace/.derivedData/Build/Intermediates.noindex/swift-transformers.build/Debug-iphoneos/Hub.build/Objects-normal/arm64/Hub-Swift.h -o /Users/admin/builder/spi-builder-workspace/.derivedData/Build/Intermediates.noindex/GeneratedModuleMaps-iphoneos/Hub-Swift.h
Copy /Users/admin/builder/spi-builder-workspace/.derivedData/Build/Products/Debug-iphoneos/Hub.swiftmodule/arm64-apple-ios.swiftdoc /Users/admin/builder/spi-builder-workspace/.derivedData/Build/Intermediates.noindex/swift-transformers.build/Debug-iphoneos/Hub.build/Objects-normal/arm64/Hub.swiftdoc (in target 'Hub' from project 'swift-transformers')
cd /Users/admin/builder/spi-builder-workspace/.dependencies/checkouts/swift-transformers
builtin-copy -exclude .DS_Store -exclude CVS -exclude .svn -exclude .git -exclude .hg -resolve-src-symlinks -rename /Users/admin/builder/spi-builder-workspace/.derivedData/Build/Intermediates.noindex/swift-transformers.build/Debug-iphoneos/Hub.build/Objects-normal/arm64/Hub.swiftdoc /Users/admin/builder/spi-builder-workspace/.derivedData/Build/Products/Debug-iphoneos/Hub.swiftmodule/arm64-apple-ios.swiftdoc
Copy /Users/admin/builder/spi-builder-workspace/.derivedData/Build/Products/Debug-iphoneos/Hub.swiftmodule/arm64-apple-ios.swiftmodule /Users/admin/builder/spi-builder-workspace/.derivedData/Build/Intermediates.noindex/swift-transformers.build/Debug-iphoneos/Hub.build/Objects-normal/arm64/Hub.swiftmodule (in target 'Hub' from project 'swift-transformers')
cd /Users/admin/builder/spi-builder-workspace/.dependencies/checkouts/swift-transformers
builtin-copy -exclude .DS_Store -exclude CVS -exclude .svn -exclude .git -exclude .hg -resolve-src-symlinks -rename /Users/admin/builder/spi-builder-workspace/.derivedData/Build/Intermediates.noindex/swift-transformers.build/Debug-iphoneos/Hub.build/Objects-normal/arm64/Hub.swiftmodule /Users/admin/builder/spi-builder-workspace/.derivedData/Build/Products/Debug-iphoneos/Hub.swiftmodule/arm64-apple-ios.swiftmodule
Copy /Users/admin/builder/spi-builder-workspace/.derivedData/Build/Products/Debug-iphoneos/Hub.swiftmodule/arm64-apple-ios.abi.json /Users/admin/builder/spi-builder-workspace/.derivedData/Build/Intermediates.noindex/swift-transformers.build/Debug-iphoneos/Hub.build/Objects-normal/arm64/Hub.abi.json (in target 'Hub' from project 'swift-transformers')
cd /Users/admin/builder/spi-builder-workspace/.dependencies/checkouts/swift-transformers
builtin-copy -exclude .DS_Store -exclude CVS -exclude .svn -exclude .git -exclude .hg -resolve-src-symlinks -rename /Users/admin/builder/spi-builder-workspace/.derivedData/Build/Intermediates.noindex/swift-transformers.build/Debug-iphoneos/Hub.build/Objects-normal/arm64/Hub.abi.json /Users/admin/builder/spi-builder-workspace/.derivedData/Build/Products/Debug-iphoneos/Hub.swiftmodule/arm64-apple-ios.abi.json
Copy /Users/admin/builder/spi-builder-workspace/.derivedData/Build/Products/Debug-iphoneos/Hub.swiftmodule/Project/arm64-apple-ios.swiftsourceinfo /Users/admin/builder/spi-builder-workspace/.derivedData/Build/Intermediates.noindex/swift-transformers.build/Debug-iphoneos/Hub.build/Objects-normal/arm64/Hub.swiftsourceinfo (in target 'Hub' from project 'swift-transformers')
cd /Users/admin/builder/spi-builder-workspace/.dependencies/checkouts/swift-transformers
builtin-copy -exclude .DS_Store -exclude CVS -exclude .svn -exclude .git -exclude .hg -resolve-src-symlinks -rename /Users/admin/builder/spi-builder-workspace/.derivedData/Build/Intermediates.noindex/swift-transformers.build/Debug-iphoneos/Hub.build/Objects-normal/arm64/Hub.swiftsourceinfo /Users/admin/builder/spi-builder-workspace/.derivedData/Build/Products/Debug-iphoneos/Hub.swiftmodule/Project/arm64-apple-ios.swiftsourceinfo
SwiftDriver AudioCommon normal arm64 com.apple.xcode.tools.swift.compiler (in target 'AudioCommon' from project 'Qwen3Speech')
cd /Users/admin/builder/spi-builder-workspace/.swiftpm/xcode
builtin-SwiftDriver -- /Applications/Xcode-16.3.0.app/Contents/Developer/Toolchains/XcodeDefault.xctoolchain/usr/bin/swiftc -module-name AudioCommon -Onone -enforce-exclusivity\=checked @/Users/admin/builder/spi-builder-workspace/.derivedData/Build/Intermediates.noindex/Qwen3Speech.build/Debug-iphoneos/AudioCommon.build/Objects-normal/arm64/AudioCommon.SwiftFileList -DSWIFT_PACKAGE -DDEBUG -Xcc -fmodule-map-file\=/Users/admin/builder/spi-builder-workspace/.derivedData/Build/Intermediates.noindex/GeneratedModuleMaps-iphoneos/yyjson.modulemap -DXcode -plugin-path /Applications/Xcode-16.3.0.app/Contents/Developer/Toolchains/XcodeDefault.xctoolchain/usr/lib/swift/host/plugins/testing -enable-experimental-feature DebugDescriptionMacro -sdk /Applications/Xcode-16.3.0.app/Contents/Developer/Platforms/iPhoneOS.platform/Developer/SDKs/iPhoneOS18.4.sdk -target arm64-apple-ios18.0 -g -module-cache-path /Users/admin/builder/spi-builder-workspace/.derivedData/ModuleCache.noindex -Xfrontend -serialize-debugging-options -enable-testing -index-store-path /Users/admin/builder/spi-builder-workspace/.derivedData/Index.noindex/DataStore -swift-version 5 -I /Users/admin/builder/spi-builder-workspace/.derivedData/Build/Products/Debug-iphoneos -I /Applications/Xcode-16.3.0.app/Contents/Developer/Platforms/iPhoneOS.platform/Developer/usr/lib -F /Users/admin/builder/spi-builder-workspace/.derivedData/Build/Products/Debug-iphoneos/PackageFrameworks -F /Users/admin/builder/spi-builder-workspace/.derivedData/Build/Products/Debug-iphoneos/PackageFrameworks -F /Users/admin/builder/spi-builder-workspace/.derivedData/Build/Products/Debug-iphoneos/PackageFrameworks -F /Users/admin/builder/spi-builder-workspace/.derivedData/Build/Products/Debug-iphoneos/PackageFrameworks -F /Users/admin/builder/spi-builder-workspace/.derivedData/Build/Products/Debug-iphoneos/PackageFrameworks -F /Users/admin/builder/spi-builder-workspace/.derivedData/Build/Products/Debug-iphoneos/PackageFrameworks -F /Users/admin/builder/spi-builder-workspace/.derivedData/Build/Products/Debug-iphoneos/PackageFrameworks -F /Users/admin/builder/spi-builder-workspace/.derivedData/Build/Products/Debug-iphoneos/PackageFrameworks -F /Users/admin/builder/spi-builder-workspace/.derivedData/Build/Products/Debug-iphoneos -F /Applications/Xcode-16.3.0.app/Contents/Developer/Platforms/iPhoneOS.platform/Developer/Library/Frameworks -F /Applications/Xcode-16.3.0.app/Contents/Developer/Platforms/iPhoneOS.platform/Developer/SDKs/iPhoneOS18.4.sdk/Developer/Library/Frameworks -c -j10 -enable-batch-mode -incremental -Xcc -ivfsstatcache -Xcc /Users/admin/builder/spi-builder-workspace/.derivedData/SDKStatCaches.noindex/iphoneos18.4-22E235-339d34bc69d7fc736c3220795c36f340.sdkstatcache -output-file-map /Users/admin/builder/spi-builder-workspace/.derivedData/Build/Intermediates.noindex/Qwen3Speech.build/Debug-iphoneos/AudioCommon.build/Objects-normal/arm64/AudioCommon-OutputFileMap.json -use-frontend-parseable-output -save-temps -no-color-diagnostics -serialize-diagnostics -emit-dependencies -emit-module -emit-module-path /Users/admin/builder/spi-builder-workspace/.derivedData/Build/Intermediates.noindex/Qwen3Speech.build/Debug-iphoneos/AudioCommon.build/Objects-normal/arm64/AudioCommon.swiftmodule -validate-clang-modules-once -clang-build-session-file /Users/admin/builder/spi-builder-workspace/.derivedData/ModuleCache.noindex/Session.modulevalidation -package-name spi_builder_workspace -Xcc -I/Users/admin/builder/spi-builder-workspace/.derivedData/Build/Intermediates.noindex/Qwen3Speech.build/Debug-iphoneos/AudioCommon.build/swift-overrides.hmap -emit-const-values -Xfrontend -const-gather-protocols-file -Xfrontend /Users/admin/builder/spi-builder-workspace/.derivedData/Build/Intermediates.noindex/Qwen3Speech.build/Debug-iphoneos/AudioCommon.build/Objects-normal/arm64/AudioCommon_const_extract_protocols.json -Xcc -I/Users/admin/builder/spi-builder-workspace/.dependencies/checkouts/yyjson/src -Xcc -I/Users/admin/builder/spi-builder-workspace/.derivedData/Build/Products/Debug-iphoneos/include -Xcc -I/Users/admin/builder/spi-builder-workspace/.derivedData/Build/Intermediates.noindex/Qwen3Speech.build/Debug-iphoneos/AudioCommon.build/DerivedSources-normal/arm64 -Xcc -I/Users/admin/builder/spi-builder-workspace/.derivedData/Build/Intermediates.noindex/Qwen3Speech.build/Debug-iphoneos/AudioCommon.build/DerivedSources/arm64 -Xcc -I/Users/admin/builder/spi-builder-workspace/.derivedData/Build/Intermediates.noindex/Qwen3Speech.build/Debug-iphoneos/AudioCommon.build/DerivedSources -Xcc -DSWIFT_PACKAGE -Xcc -DDEBUG\=1 -emit-objc-header -emit-objc-header-path /Users/admin/builder/spi-builder-workspace/.derivedData/Build/Intermediates.noindex/Qwen3Speech.build/Debug-iphoneos/AudioCommon.build/Objects-normal/arm64/AudioCommon-Swift.h -working-directory /Users/admin/builder/spi-builder-workspace/.swiftpm/xcode -experimental-emit-module-separately -disable-cmo
SwiftDriverJobDiscovery normal arm64 Compiling resource_bundle_accessor.swift (in target 'Hub' from project 'swift-transformers')
SwiftEmitModule normal arm64 Emitting\ module\ for\ AudioCommon (in target 'AudioCommon' from project 'Qwen3Speech')
EmitSwiftModule normal arm64 (in target 'AudioCommon' from project 'Qwen3Speech')
cd /Users/admin/builder/spi-builder-workspace/.swiftpm/xcode
/Users/admin/builder/spi-builder-workspace/Sources/AudioCommon/ModelLoader.swift:6:16: warning: stored property 'vad' of 'Sendable'-conforming struct 'ModelSet' has non-sendable type '(any StreamingVADProvider)?'; this is an error in the Swift 6 language mode
public let vad: (any StreamingVADProvider)?
^
/Users/admin/builder/spi-builder-workspace/Sources/AudioCommon/Protocols.swift:374:17: note: protocol 'StreamingVADProvider' does not conform to the 'Sendable' protocol
public protocol StreamingVADProvider: AnyObject {
^
/Users/admin/builder/spi-builder-workspace/Sources/AudioCommon/ModelLoader.swift:7:16: warning: stored property 'stt' of 'Sendable'-conforming struct 'ModelSet' has non-sendable type '(any SpeechRecognitionModel)?'; this is an error in the Swift 6 language mode
public let stt: (any SpeechRecognitionModel)?
^
/Users/admin/builder/spi-builder-workspace/Sources/AudioCommon/Protocols.swift:219:17: note: protocol 'SpeechRecognitionModel' does not conform to the 'Sendable' protocol
public protocol SpeechRecognitionModel: AnyObject {
^
/Users/admin/builder/spi-builder-workspace/Sources/AudioCommon/ModelLoader.swift:8:16: warning: stored property 'tts' of 'Sendable'-conforming struct 'ModelSet' has non-sendable type '(any SpeechGenerationModel)?'; this is an error in the Swift 6 language mode
public let tts: (any SpeechGenerationModel)?
^
/Users/admin/builder/spi-builder-workspace/Sources/AudioCommon/Protocols.swift:127:17: note: protocol 'SpeechGenerationModel' does not conform to the 'Sendable' protocol
public protocol SpeechGenerationModel: AnyObject {
^
SwiftCompile normal arm64 Compiling\ StreamingAudioPlayer.swift,\ SystemAudioTap.swift /Users/admin/builder/spi-builder-workspace/Sources/AudioCommon/StreamingAudioPlayer.swift /Users/admin/builder/spi-builder-workspace/Sources/AudioCommon/SystemAudioTap.swift (in target 'AudioCommon' from project 'Qwen3Speech')
SwiftCompile normal arm64 /Users/admin/builder/spi-builder-workspace/Sources/AudioCommon/StreamingAudioPlayer.swift (in target 'AudioCommon' from project 'Qwen3Speech')
cd /Users/admin/builder/spi-builder-workspace/.swiftpm/xcode
SwiftCompile normal arm64 /Users/admin/builder/spi-builder-workspace/Sources/AudioCommon/SystemAudioTap.swift (in target 'AudioCommon' from project 'Qwen3Speech')
cd /Users/admin/builder/spi-builder-workspace/.swiftpm/xcode
SwiftCompile normal arm64 Compiling\ AudioModelError.swift,\ AudioRingBuffer.swift,\ CoreMLComputeUnits.swift /Users/admin/builder/spi-builder-workspace/Sources/AudioCommon/AudioModelError.swift /Users/admin/builder/spi-builder-workspace/Sources/AudioCommon/AudioRingBuffer.swift /Users/admin/builder/spi-builder-workspace/Sources/AudioCommon/CoreMLComputeUnits.swift (in target 'AudioCommon' from project 'Qwen3Speech')
SwiftCompile normal arm64 /Users/admin/builder/spi-builder-workspace/Sources/AudioCommon/AudioModelError.swift (in target 'AudioCommon' from project 'Qwen3Speech')
cd /Users/admin/builder/spi-builder-workspace/.swiftpm/xcode
SwiftCompile normal arm64 /Users/admin/builder/spi-builder-workspace/Sources/AudioCommon/AudioRingBuffer.swift (in target 'AudioCommon' from project 'Qwen3Speech')
cd /Users/admin/builder/spi-builder-workspace/.swiftpm/xcode
SwiftCompile normal arm64 /Users/admin/builder/spi-builder-workspace/Sources/AudioCommon/CoreMLComputeUnits.swift (in target 'AudioCommon' from project 'Qwen3Speech')
cd /Users/admin/builder/spi-builder-workspace/.swiftpm/xcode
SwiftCompile normal arm64 Compiling\ HuggingFaceTransfer.swift,\ Logging.swift /Users/admin/builder/spi-builder-workspace/Sources/AudioCommon/HuggingFaceTransfer.swift /Users/admin/builder/spi-builder-workspace/Sources/AudioCommon/Logging.swift (in target 'AudioCommon' from project 'Qwen3Speech')
SwiftCompile normal arm64 /Users/admin/builder/spi-builder-workspace/Sources/AudioCommon/HuggingFaceTransfer.swift (in target 'AudioCommon' from project 'Qwen3Speech')
cd /Users/admin/builder/spi-builder-workspace/.swiftpm/xcode
SwiftCompile normal arm64 /Users/admin/builder/spi-builder-workspace/Sources/AudioCommon/Logging.swift (in target 'AudioCommon' from project 'Qwen3Speech')
cd /Users/admin/builder/spi-builder-workspace/.swiftpm/xcode
SwiftCompile normal arm64 Compiling\ HindiEmotionTTSCatalog.swift,\ HuggingFaceBackgroundTransfer.swift /Users/admin/builder/spi-builder-workspace/Sources/AudioCommon/HindiEmotionTTSCatalog.swift /Users/admin/builder/spi-builder-workspace/Sources/AudioCommon/HuggingFaceBackgroundTransfer.swift (in target 'AudioCommon' from project 'Qwen3Speech')
SwiftCompile normal arm64 /Users/admin/builder/spi-builder-workspace/Sources/AudioCommon/HindiEmotionTTSCatalog.swift (in target 'AudioCommon' from project 'Qwen3Speech')
cd /Users/admin/builder/spi-builder-workspace/.swiftpm/xcode
SwiftCompile normal arm64 /Users/admin/builder/spi-builder-workspace/Sources/AudioCommon/HuggingFaceBackgroundTransfer.swift (in target 'AudioCommon' from project 'Qwen3Speech')
cd /Users/admin/builder/spi-builder-workspace/.swiftpm/xcode
SwiftCompile normal arm64 Compiling\ HuggingFaceDownloader.swift,\ HuggingFaceRepoManifest.swift /Users/admin/builder/spi-builder-workspace/Sources/AudioCommon/HuggingFaceDownloader.swift /Users/admin/builder/spi-builder-workspace/Sources/AudioCommon/HuggingFaceRepoManifest.swift (in target 'AudioCommon' from project 'Qwen3Speech')
SwiftCompile normal arm64 /Users/admin/builder/spi-builder-workspace/Sources/AudioCommon/HuggingFaceDownloader.swift (in target 'AudioCommon' from project 'Qwen3Speech')
cd /Users/admin/builder/spi-builder-workspace/.swiftpm/xcode
SwiftCompile normal arm64 /Users/admin/builder/spi-builder-workspace/Sources/AudioCommon/HuggingFaceRepoManifest.swift (in target 'AudioCommon' from project 'Qwen3Speech')
cd /Users/admin/builder/spi-builder-workspace/.swiftpm/xcode
SwiftDriverJobDiscovery normal arm64 Compiling BinaryDistinct.swift (in target 'Hub' from project 'swift-transformers')
SwiftCompile normal arm64 Compiling\ AudioFileLoader.swift,\ AudioFileStream.swift,\ AudioIO.swift /Users/admin/builder/spi-builder-workspace/Sources/AudioCommon/AudioFileLoader.swift /Users/admin/builder/spi-builder-workspace/Sources/AudioCommon/AudioFileStream.swift /Users/admin/builder/spi-builder-workspace/Sources/AudioCommon/AudioIO.swift (in target 'AudioCommon' from project 'Qwen3Speech')
SwiftCompile normal arm64 /Users/admin/builder/spi-builder-workspace/Sources/AudioCommon/AudioFileLoader.swift (in target 'AudioCommon' from project 'Qwen3Speech')
cd /Users/admin/builder/spi-builder-workspace/.swiftpm/xcode
SwiftCompile normal arm64 /Users/admin/builder/spi-builder-workspace/Sources/AudioCommon/AudioFileStream.swift (in target 'AudioCommon' from project 'Qwen3Speech')
cd /Users/admin/builder/spi-builder-workspace/.swiftpm/xcode
SwiftCompile normal arm64 /Users/admin/builder/spi-builder-workspace/Sources/AudioCommon/AudioIO.swift (in target 'AudioCommon' from project 'Qwen3Speech')
cd /Users/admin/builder/spi-builder-workspace/.swiftpm/xcode
/Users/admin/builder/spi-builder-workspace/Sources/AudioCommon/AudioIO.swift:89:101: error: type 'AVAudioSession.CategoryOptions.ArrayLiteralElement' (aka 'AVAudioSession.CategoryOptions') has no member 'allowBluetoothHFP'
try session.setCategory(.playAndRecord, mode: .voiceChat, options: [.defaultToSpeaker, .allowBluetoothHFP])
~^~~~~~~~~~~~~~~~~
/Users/admin/builder/spi-builder-workspace/Sources/AudioCommon/AudioIO.swift:91:99: error: type 'AVAudioSession.CategoryOptions.ArrayLiteralElement' (aka 'AVAudioSession.CategoryOptions') has no member 'allowBluetoothHFP'
try session.setCategory(.playAndRecord, mode: .default, options: [.defaultToSpeaker, .allowBluetoothHFP])
~^~~~~~~~~~~~~~~~~
SwiftDriverJobDiscovery normal arm64 Compiling YYJSONParser.swift (in target 'Hub' from project 'swift-transformers')
SwiftCompile normal arm64 Compiling\ CoreMLLoader.swift,\ FullDuplexAudioIO.swift /Users/admin/builder/spi-builder-workspace/Sources/AudioCommon/CoreMLLoader.swift /Users/admin/builder/spi-builder-workspace/Sources/AudioCommon/FullDuplexAudioIO.swift (in target 'AudioCommon' from project 'Qwen3Speech')
Failed frontend command:
/Applications/Xcode-16.3.0.app/Contents/Developer/Toolchains/XcodeDefault.xctoolchain/usr/bin/swift-frontend -frontend -c /Users/admin/builder/spi-builder-workspace/Sources/AudioCommon/AudioFileLoader.swift /Users/admin/builder/spi-builder-workspace/Sources/AudioCommon/AudioFileStream.swift /Users/admin/builder/spi-builder-workspace/Sources/AudioCommon/AudioIO.swift /Users/admin/builder/spi-builder-workspace/Sources/AudioCommon/AudioModelError.swift /Users/admin/builder/spi-builder-workspace/Sources/AudioCommon/AudioRingBuffer.swift /Users/admin/builder/spi-builder-workspace/Sources/AudioCommon/CoreMLComputeUnits.swift -primary-file /Users/admin/builder/spi-builder-workspace/Sources/AudioCommon/CoreMLLoader.swift -primary-file /Users/admin/builder/spi-builder-workspace/Sources/AudioCommon/FullDuplexAudioIO.swift /Users/admin/builder/spi-builder-workspace/Sources/AudioCommon/HindiEmotionTTSCatalog.swift /Users/admin/builder/spi-builder-workspace/Sources/AudioCommon/HuggingFaceBackgroundTransfer.swift /Users/admin/builder/spi-builder-workspace/Sources/AudioCommon/HuggingFaceDownloader.swift /Users/admin/builder/spi-builder-workspace/Sources/AudioCommon/HuggingFaceRepoManifest.swift /Users/admin/builder/spi-builder-workspace/Sources/AudioCommon/HuggingFaceTransfer.swift /Users/admin/builder/spi-builder-workspace/Sources/AudioCommon/Logging.swift /Users/admin/builder/spi-builder-workspace/Sources/AudioCommon/ModelLoader.swift /Users/admin/builder/spi-builder-workspace/Sources/AudioCommon/PipelineLLM.swift /Users/admin/builder/spi-builder-workspace/Sources/AudioCommon/Protocols.swift /Users/admin/builder/spi-builder-workspace/Sources/AudioCommon/SentencePieceModel.swift /Users/admin/builder/spi-builder-workspace/Sources/AudioCommon/StreamingAudioPlayer.swift /Users/admin/builder/spi-builder-workspace/Sources/AudioCommon/SystemAudioTap.swift /Users/admin/builder/spi-builder-workspace/Sources/AudioCommon/Tokenizer.swift /Users/admin/builder/spi-builder-workspace/Sources/AudioCommon/WAVWriter.swift -emit-dependencies-path /Users/admin/builder/spi-builder-workspace/.derivedData/Build/Intermediates.noindex/Qwen3Speech.build/Debug-iphoneos/AudioCommon.build/Objects-normal/arm64/CoreMLLoader.d -emit-const-values-path /Users/admin/builder/spi-builder-workspace/.derivedData/Build/Intermediates.noindex/Qwen3Speech.build/Debug-iphoneos/AudioCommon.build/Objects-normal/arm64/CoreMLLoader.swiftconstvalues -emit-reference-dependencies-path /Users/admin/builder/spi-builder-workspace/.derivedData/Build/Intermediates.noindex/Qwen3Speech.build/Debug-iphoneos/AudioCommon.build/Objects-normal/arm64/CoreMLLoader.swiftdeps -serialize-diagnostics-path /Users/admin/builder/spi-builder-workspace/.derivedData/Build/Intermediates.noindex/Qwen3Speech.build/Debug-iphoneos/AudioCommon.build/Objects-normal/arm64/CoreMLLoader.dia -emit-dependencies-path /Users/admin/builder/spi-builder-workspace/.derivedData/Build/Intermediates.noindex/Qwen3Speech.build/Debug-iphoneos/AudioCommon.build/Objects-normal/arm64/FullDuplexAudioIO.d -emit-const-values-path /Users/admin/builder/spi-builder-workspace/.derivedData/Build/Intermediates.noindex/Qwen3Speech.build/Debug-iphoneos/AudioCommon.build/Objects-normal/arm64/FullDuplexAudioIO.swiftconstvalues -emit-reference-dependencies-path /Users/admin/builder/spi-builder-workspace/.derivedData/Build/Intermediates.noindex/Qwen3Speech.build/Debug-iphoneos/AudioCommon.build/Objects-normal/arm64/FullDuplexAudioIO.swiftdeps -serialize-diagnostics-path /Users/admin/builder/spi-builder-workspace/.derivedData/Build/Intermediates.noindex/Qwen3Speech.build/Debug-iphoneos/AudioCommon.build/Objects-normal/arm64/FullDuplexAudioIO.dia -target arm64-apple-ios18.0 -Xllvm -aarch64-use-tbi -enable-objc-interop -stack-check -sdk /Applications/Xcode-16.3.0.app/Contents/Developer/Platforms/iPhoneOS.platform/Developer/SDKs/iPhoneOS18.4.sdk -I /Users/admin/builder/spi-builder-workspace/.derivedData/Build/Products/Debug-iphoneos -I /Applications/Xcode-16.3.0.app/Contents/Developer/Platforms/iPhoneOS.platform/Developer/usr/lib -F /Users/admin/builder/spi-builder-workspace/.derivedData/Build/Products/Debug-iphoneos/PackageFrameworks -F /Users/admin/builder/spi-builder-workspace/.derivedData/Build/Products/Debug-iphoneos/PackageFrameworks -F /Users/admin/builder/spi-builder-workspace/.derivedData/Build/Products/Debug-iphoneos/PackageFrameworks -F /Users/admin/builder/spi-builder-workspace/.derivedData/Build/Products/Debug-iphoneos/PackageFrameworks -F /Users/admin/builder/spi-builder-workspace/.derivedData/Build/Products/Debug-iphoneos/PackageFrameworks -F /Users/admin/builder/spi-builder-workspace/.derivedData/Build/Products/Debug-iphoneos/PackageFrameworks -F /Users/admin/builder/spi-builder-workspace/.derivedData/Build/Products/Debug-iphoneos/PackageFrameworks -F /Users/admin/builder/spi-builder-workspace/.derivedData/Build/Products/Debug-iphoneos/PackageFrameworks -F /Users/admin/builder/spi-builder-workspace/.derivedData/Build/Products/Debug-iphoneos -F /Applications/Xcode-16.3.0.app/Contents/Developer/Platforms/iPhoneOS.platform/Developer/Library/Frameworks -F /Applications/Xcode-16.3.0.app/Contents/Developer/Platforms/iPhoneOS.platform/Developer/SDKs/iPhoneOS18.4.sdk/Developer/Library/Frameworks -no-color-diagnostics -enable-testing -g -debug-info-format\=dwarf -dwarf-version\=5 -module-cache-path /Users/admin/builder/spi-builder-workspace/.derivedData/ModuleCache.noindex -swift-version 5 -enforce-exclusivity\=checked -Onone -D SWIFT_PACKAGE -D DEBUG -D Xcode -serialize-debugging-options -const-gather-protocols-file /Users/admin/builder/spi-builder-workspace/.derivedData/Build/Intermediates.noindex/Qwen3Speech.build/Debug-iphoneos/AudioCommon.build/Objects-normal/arm64/AudioCommon_const_extract_protocols.json -enable-experimental-feature DebugDescriptionMacro -empty-abi-descriptor -plugin-path /Applications/Xcode-16.3.0.app/Contents/Developer/Toolchains/XcodeDefault.xctoolchain/usr/lib/swift/host/plugins/testing -validate-clang-modules-once -clang-build-session-file /Users/admin/builder/spi-builder-workspace/.derivedData/ModuleCache.noindex/Session.modulevalidation -Xcc -working-directory -Xcc /Users/admin/builder/spi-builder-workspace/.swiftpm/xcode -resource-dir /Applications/Xcode-16.3.0.app/Contents/Developer/Toolchains/XcodeDefault.xctoolchain/usr/lib/swift -enable-anonymous-context-mangled-names -file-compilation-dir /Users/admin/builder/spi-builder-workspace/.swiftpm/xcode -Xcc -fmodule-map-file\=/Users/admin/builder/spi-builder-workspace/.derivedData/Build/Intermediates.noindex/GeneratedModuleMaps-iphoneos/yyjson.modulemap -Xcc -ivfsstatcache -Xcc /Users/admin/builder/spi-builder-workspace/.derivedData/SDKStatCaches.noindex/iphoneos18.4-22E235-339d34bc69d7fc736c3220795c36f340.sdkstatcache -Xcc -I/Users/admin/builder/spi-builder-workspace/.derivedData/Build/Intermediates.noindex/Qwen3Speech.build/Debug-iphoneos/AudioCommon.build/swift-overrides.hmap -Xcc -I/Users/admin/builder/spi-builder-workspace/.dependencies/checkouts/yyjson/src -Xcc -I/Users/admin/builder/spi-builder-workspace/.derivedData/Build/Products/Debug-iphoneos/include -Xcc -I/Users/admin/builder/spi-builder-workspace/.derivedData/Build/Intermediates.noindex/Qwen3Speech.build/Debug-iphoneos/AudioCommon.build/DerivedSources-normal/arm64 -Xcc -I/Users/admin/builder/spi-builder-workspace/.derivedData/Build/Intermediates.noindex/Qwen3Speech.build/Debug-iphoneos/AudioCommon.build/DerivedSources/arm64 -Xcc -I/Users/admin/builder/spi-builder-workspace/.derivedData/Build/Intermediates.noindex/Qwen3Speech.build/Debug-iphoneos/AudioCommon.build/DerivedSources -Xcc -DSWIFT_PACKAGE -Xcc -DDEBUG\=1 -module-name AudioCommon -package-name spi_builder_workspace -frontend-parseable-output -disable-clang-spi -target-sdk-version 18.4 -target-sdk-name iphoneos18.4 -external-plugin-path /Applications/Xcode-16.3.0.app/Contents/Developer/Platforms/iPhoneOS.platform/Developer/usr/lib/swift/host/plugins\#/Applications/Xcode-16.3.0.app/Contents/Developer/Platforms/iPhoneOS.platform/Developer/usr/bin/swift-plugin-server -external-plugin-path /Applications/Xcode-16.3.0.app/Contents/Developer/Platforms/iPhoneOS.platform/Developer/usr/local/lib/swift/host/plugins\#/Applications/Xcode-16.3.0.app/Contents/Developer/Platforms/iPhoneOS.platform/Developer/usr/bin/swift-plugin-server -in-process-plugin-server-path /Applications/Xcode-16.3.0.app/Contents/Developer/Toolchains/XcodeDefault.xctoolchain/usr/lib/swift/host/libSwiftInProcPluginServer.dylib -plugin-path /Applications/Xcode-16.3.0.app/Contents/Developer/Toolchains/XcodeDefault.xctoolchain/usr/lib/swift/host/plugins -plugin-path /Applications/Xcode-16.3.0.app/Contents/Developer/Toolchains/XcodeDefault.xctoolchain/usr/local/lib/swift/host/plugins -o /Users/admin/builder/spi-builder-workspace/.derivedData/Build/Intermediates.noindex/Qwen3Speech.build/Debug-iphoneos/AudioCommon.build/Objects-normal/arm64/CoreMLLoader.o -o /Users/admin/builder/spi-builder-workspace/.derivedData/Build/Intermediates.noindex/Qwen3Speech.build/Debug-iphoneos/AudioCommon.build/Objects-normal/arm64/FullDuplexAudioIO.o -index-unit-output-path /Qwen3Speech.build/Debug-iphoneos/AudioCommon.build/Objects-normal/arm64/CoreMLLoader.o -index-unit-output-path /Qwen3Speech.build/Debug-iphoneos/AudioCommon.build/Objects-normal/arm64/FullDuplexAudioIO.o -index-store-path /Users/admin/builder/spi-builder-workspace/.derivedData/Index.noindex/DataStore -index-system-modules
SwiftCompile normal arm64 /Users/admin/builder/spi-builder-workspace/Sources/AudioCommon/CoreMLLoader.swift (in target 'AudioCommon' from project 'Qwen3Speech')
cd /Users/admin/builder/spi-builder-workspace/.swiftpm/xcode
SwiftCompile normal arm64 /Users/admin/builder/spi-builder-workspace/Sources/AudioCommon/FullDuplexAudioIO.swift (in target 'AudioCommon' from project 'Qwen3Speech')
cd /Users/admin/builder/spi-builder-workspace/.swiftpm/xcode
/Users/admin/builder/spi-builder-workspace/Sources/AudioCommon/FullDuplexAudioIO.swift:126:43: error: type 'AVAudioSession.CategoryOptions.ArrayLiteralElement' (aka 'AVAudioSession.CategoryOptions') has no member 'allowBluetoothHFP'
options: [.defaultToSpeaker, .allowBluetoothHFP])
~^~~~~~~~~~~~~~~~~
SwiftDriverJobDiscovery normal arm64 Compiling Hub.swift (in target 'Hub' from project 'swift-transformers')
SwiftCompile normal arm64 Compiling\ ModelLoader.swift,\ PipelineLLM.swift /Users/admin/builder/spi-builder-workspace/Sources/AudioCommon/ModelLoader.swift /Users/admin/builder/spi-builder-workspace/Sources/AudioCommon/PipelineLLM.swift (in target 'AudioCommon' from project 'Qwen3Speech')
SwiftCompile normal arm64 /Users/admin/builder/spi-builder-workspace/Sources/AudioCommon/ModelLoader.swift (in target 'AudioCommon' from project 'Qwen3Speech')
cd /Users/admin/builder/spi-builder-workspace/.swiftpm/xcode
/Users/admin/builder/spi-builder-workspace/Sources/AudioCommon/ModelLoader.swift:6:16: warning: stored property 'vad' of 'Sendable'-conforming struct 'ModelSet' has non-sendable type '(any StreamingVADProvider)?'; this is an error in the Swift 6 language mode
public let vad: (any StreamingVADProvider)?
^
/Users/admin/builder/spi-builder-workspace/Sources/AudioCommon/Protocols.swift:374:17: note: protocol 'StreamingVADProvider' does not conform to the 'Sendable' protocol
public protocol StreamingVADProvider: AnyObject {
^
/Users/admin/builder/spi-builder-workspace/Sources/AudioCommon/ModelLoader.swift:7:16: warning: stored property 'stt' of 'Sendable'-conforming struct 'ModelSet' has non-sendable type '(any SpeechRecognitionModel)?'; this is an error in the Swift 6 language mode
public let stt: (any SpeechRecognitionModel)?
^
/Users/admin/builder/spi-builder-workspace/Sources/AudioCommon/Protocols.swift:219:17: note: protocol 'SpeechRecognitionModel' does not conform to the 'Sendable' protocol
public protocol SpeechRecognitionModel: AnyObject {
^
/Users/admin/builder/spi-builder-workspace/Sources/AudioCommon/ModelLoader.swift:8:16: warning: stored property 'tts' of 'Sendable'-conforming struct 'ModelSet' has non-sendable type '(any SpeechGenerationModel)?'; this is an error in the Swift 6 language mode
public let tts: (any SpeechGenerationModel)?
^
/Users/admin/builder/spi-builder-workspace/Sources/AudioCommon/Protocols.swift:127:17: note: protocol 'SpeechGenerationModel' does not conform to the 'Sendable' protocol
public protocol SpeechGenerationModel: AnyObject {
^
/Users/admin/builder/spi-builder-workspace/Sources/AudioCommon/ModelLoader.swift:123:14: warning: immutable value 'name' was never used; consider replacing with '_' or removing it
for (name, model) in results {
^~~~
_
SwiftCompile normal arm64 /Users/admin/builder/spi-builder-workspace/Sources/AudioCommon/PipelineLLM.swift (in target 'AudioCommon' from project 'Qwen3Speech')
cd /Users/admin/builder/spi-builder-workspace/.swiftpm/xcode
SwiftDriverJobDiscovery normal arm64 Compiling Config.swift (in target 'Hub' from project 'swift-transformers')
SwiftCompile normal arm64 Compiling\ Protocols.swift,\ SentencePieceModel.swift /Users/admin/builder/spi-builder-workspace/Sources/AudioCommon/Protocols.swift /Users/admin/builder/spi-builder-workspace/Sources/AudioCommon/SentencePieceModel.swift (in target 'AudioCommon' from project 'Qwen3Speech')
SwiftCompile normal arm64 /Users/admin/builder/spi-builder-workspace/Sources/AudioCommon/Protocols.swift (in target 'AudioCommon' from project 'Qwen3Speech')
cd /Users/admin/builder/spi-builder-workspace/.swiftpm/xcode
SwiftCompile normal arm64 /Users/admin/builder/spi-builder-workspace/Sources/AudioCommon/SentencePieceModel.swift (in target 'AudioCommon' from project 'Qwen3Speech')
cd /Users/admin/builder/spi-builder-workspace/.swiftpm/xcode
SwiftDriverJobDiscovery normal arm64 Compiling HubApi.swift (in target 'Hub' from project 'swift-transformers')
SwiftDriver\ Compilation Hub normal arm64 com.apple.xcode.tools.swift.compiler (in target 'Hub' from project 'swift-transformers')
cd /Users/admin/builder/spi-builder-workspace/.swiftpm/xcode
builtin-Swift-Compilation -- /Applications/Xcode-16.3.0.app/Contents/Developer/Toolchains/XcodeDefault.xctoolchain/usr/bin/swiftc -module-name Hub -Onone -enforce-exclusivity\=checked @/Users/admin/builder/spi-builder-workspace/.derivedData/Build/Intermediates.noindex/swift-transformers.build/Debug-iphoneos/Hub.build/Objects-normal/arm64/Hub.SwiftFileList -DSWIFT_PACKAGE -DDEBUG -Xcc -fmodule-map-file\=/Users/admin/builder/spi-builder-workspace/.derivedData/Build/Intermediates.noindex/GeneratedModuleMaps-iphoneos/yyjson.modulemap -DXcode -enable-experimental-feature StrictConcurrency -plugin-path /Applications/Xcode-16.3.0.app/Contents/Developer/Toolchains/XcodeDefault.xctoolchain/usr/lib/swift/host/plugins/testing -enable-experimental-feature DebugDescriptionMacro -sdk /Applications/Xcode-16.3.0.app/Contents/Developer/Platforms/iPhoneOS.platform/Developer/SDKs/iPhoneOS18.4.sdk -target arm64-apple-ios16.0 -g -module-cache-path /Users/admin/builder/spi-builder-workspace/.derivedData/ModuleCache.noindex -Xfrontend -serialize-debugging-options -enable-testing -suppress-warnings -index-store-path /Users/admin/builder/spi-builder-workspace/.derivedData/Index.noindex/DataStore -swift-version 5 -I /Users/admin/builder/spi-builder-workspace/.derivedData/Build/Products/Debug-iphoneos -I /Applications/Xcode-16.3.0.app/Contents/Developer/Platforms/iPhoneOS.platform/Developer/usr/lib -F /Users/admin/builder/spi-builder-workspace/.derivedData/Build/Products/Debug-iphoneos/PackageFrameworks -F /Users/admin/builder/spi-builder-workspace/.derivedData/Build/Products/Debug-iphoneos/PackageFrameworks -F /Users/admin/builder/spi-builder-workspace/.derivedData/Build/Products/Debug-iphoneos/PackageFrameworks -F /Users/admin/builder/spi-builder-workspace/.derivedData/Build/Products/Debug-iphoneos/PackageFrameworks -F /Users/admin/builder/spi-builder-workspace/.derivedData/Build/Products/Debug-iphoneos/PackageFrameworks -F /Users/admin/builder/spi-builder-workspace/.derivedData/Build/Products/Debug-iphoneos/PackageFrameworks -F /Users/admin/builder/spi-builder-workspace/.derivedData/Build/Products/Debug-iphoneos/PackageFrameworks -F /Users/admin/builder/spi-builder-workspace/.derivedData/Build/Products/Debug-iphoneos -F /Applications/Xcode-16.3.0.app/Contents/Developer/Platforms/iPhoneOS.platform/Developer/Library/Frameworks -F /Applications/Xcode-16.3.0.app/Contents/Developer/Platforms/iPhoneOS.platform/Developer/SDKs/iPhoneOS18.4.sdk/Developer/Library/Frameworks -c -j10 -enable-batch-mode -incremental -Xcc -ivfsstatcache -Xcc /Users/admin/builder/spi-builder-workspace/.derivedData/SDKStatCaches.noindex/iphoneos18.4-22E235-339d34bc69d7fc736c3220795c36f340.sdkstatcache -output-file-map /Users/admin/builder/spi-builder-workspace/.derivedData/Build/Intermediates.noindex/swift-transformers.build/Debug-iphoneos/Hub.build/Objects-normal/arm64/Hub-OutputFileMap.json -use-frontend-parseable-output -save-temps -no-color-diagnostics -serialize-diagnostics -emit-dependencies -emit-module -emit-module-path /Users/admin/builder/spi-builder-workspace/.derivedData/Build/Intermediates.noindex/swift-transformers.build/Debug-iphoneos/Hub.build/Objects-normal/arm64/Hub.swiftmodule -user-module-version 1.3.5 -validate-clang-modules-once -clang-build-session-file /Users/admin/builder/spi-builder-workspace/.derivedData/ModuleCache.noindex/Session.modulevalidation -package-name swift_transformers -Xcc -I/Users/admin/builder/spi-builder-workspace/.derivedData/Build/Intermediates.noindex/swift-transformers.build/Debug-iphoneos/Hub.build/swift-overrides.hmap -emit-const-values -Xfrontend -const-gather-protocols-file -Xfrontend /Users/admin/builder/spi-builder-workspace/.derivedData/Build/Intermediates.noindex/swift-transformers.build/Debug-iphoneos/Hub.build/Objects-normal/arm64/Hub_const_extract_protocols.json -Xcc -I/Users/admin/builder/spi-builder-workspace/.dependencies/checkouts/yyjson/src -Xcc -I/Users/admin/builder/spi-builder-workspace/.derivedData/Build/Products/Debug-iphoneos/include -Xcc -I/Users/admin/builder/spi-builder-workspace/.derivedData/Build/Intermediates.noindex/swift-transformers.build/Debug-iphoneos/Hub.build/DerivedSources-normal/arm64 -Xcc -I/Users/admin/builder/spi-builder-workspace/.derivedData/Build/Intermediates.noindex/swift-transformers.build/Debug-iphoneos/Hub.build/DerivedSources/arm64 -Xcc -I/Users/admin/builder/spi-builder-workspace/.derivedData/Build/Intermediates.noindex/swift-transformers.build/Debug-iphoneos/Hub.build/DerivedSources -Xcc -DSWIFT_PACKAGE -Xcc -DDEBUG\=1 -emit-objc-header -emit-objc-header-path /Users/admin/builder/spi-builder-workspace/.derivedData/Build/Intermediates.noindex/swift-transformers.build/Debug-iphoneos/Hub.build/Objects-normal/arm64/Hub-Swift.h -working-directory /Users/admin/builder/spi-builder-workspace/.swiftpm/xcode -experimental-emit-module-separately -disable-cmo
SwiftDriverJobDiscovery normal arm64 Emitting module for AudioCommon (in target 'AudioCommon' from project 'Qwen3Speech')
SwiftCompile normal arm64 Compiling\ Tokenizer.swift,\ WAVWriter.swift /Users/admin/builder/spi-builder-workspace/Sources/AudioCommon/Tokenizer.swift /Users/admin/builder/spi-builder-workspace/Sources/AudioCommon/WAVWriter.swift (in target 'AudioCommon' from project 'Qwen3Speech')
SwiftCompile normal arm64 /Users/admin/builder/spi-builder-workspace/Sources/AudioCommon/Tokenizer.swift (in target 'AudioCommon' from project 'Qwen3Speech')
cd /Users/admin/builder/spi-builder-workspace/.swiftpm/xcode
SwiftCompile normal arm64 /Users/admin/builder/spi-builder-workspace/Sources/AudioCommon/WAVWriter.swift (in target 'AudioCommon' from project 'Qwen3Speech')
cd /Users/admin/builder/spi-builder-workspace/.swiftpm/xcode
Ld /Users/admin/builder/spi-builder-workspace/.derivedData/Build/Products/Debug-iphoneos/Hub.o normal (in target 'Hub' from project 'swift-transformers')
cd /Users/admin/builder/spi-builder-workspace/.dependencies/checkouts/swift-transformers
/Applications/Xcode-16.3.0.app/Contents/Developer/Toolchains/XcodeDefault.xctoolchain/usr/bin/clang -Xlinker -reproducible -target arm64-apple-ios16.0 -r -isysroot /Applications/Xcode-16.3.0.app/Contents/Developer/Platforms/iPhoneOS.platform/Developer/SDKs/iPhoneOS18.4.sdk -O0 -w -L/Users/admin/builder/spi-builder-workspace/.derivedData/Build/Intermediates.noindex/EagerLinkingTBDs/Debug-iphoneos -L/Users/admin/builder/spi-builder-workspace/.derivedData/Build/Products/Debug-iphoneos -L/Applications/Xcode-16.3.0.app/Contents/Developer/Platforms/iPhoneOS.platform/Developer/usr/lib -F/Users/admin/builder/spi-builder-workspace/.derivedData/Build/Intermediates.noindex/EagerLinkingTBDs/Debug-iphoneos -F/Users/admin/builder/spi-builder-workspace/.derivedData/Build/Products/Debug-iphoneos/PackageFrameworks -F/Users/admin/builder/spi-builder-workspace/.derivedData/Build/Products/Debug-iphoneos/PackageFrameworks -F/Users/admin/builder/spi-builder-workspace/.derivedData/Build/Products/Debug-iphoneos/PackageFrameworks -F/Users/admin/builder/spi-builder-workspace/.derivedData/Build/Products/Debug-iphoneos/PackageFrameworks -F/Users/admin/builder/spi-builder-workspace/.derivedData/Build/Products/Debug-iphoneos/PackageFrameworks -F/Users/admin/builder/spi-builder-workspace/.derivedData/Build/Products/Debug-iphoneos/PackageFrameworks -F/Users/admin/builder/spi-builder-workspace/.derivedData/Build/Products/Debug-iphoneos/PackageFrameworks -F/Users/admin/builder/spi-builder-workspace/.derivedData/Build/Products/Debug-iphoneos -iframework /Applications/Xcode-16.3.0.app/Contents/Developer/Platforms/iPhoneOS.platform/Developer/Library/Frameworks -iframework /Applications/Xcode-16.3.0.app/Contents/Developer/Platforms/iPhoneOS.platform/Developer/SDKs/iPhoneOS18.4.sdk/Developer/Library/Frameworks -filelist /Users/admin/builder/spi-builder-workspace/.derivedData/Build/Intermediates.noindex/swift-transformers.build/Debug-iphoneos/Hub.build/Objects-normal/arm64/Hub.LinkFileList -nostdlib -Xlinker -object_path_lto -Xlinker /Users/admin/builder/spi-builder-workspace/.derivedData/Build/Intermediates.noindex/swift-transformers.build/Debug-iphoneos/Hub.build/Objects-normal/arm64/Hub_lto.o -rdynamic -Xlinker -no_deduplicate -Xlinker -dependency_info -Xlinker /Users/admin/builder/spi-builder-workspace/.derivedData/Build/Intermediates.noindex/swift-transformers.build/Debug-iphoneos/Hub.build/Objects-normal/arm64/Hub_dependency_info.dat -fobjc-link-runtime -L/Applications/Xcode-16.3.0.app/Contents/Developer/Toolchains/XcodeDefault.xctoolchain/usr/lib/swift/iphoneos -L/usr/lib/swift -Xlinker -add_ast_path -Xlinker /Users/admin/builder/spi-builder-workspace/.derivedData/Build/Intermediates.noindex/swift-transformers.build/Debug-iphoneos/Hub.build/Objects-normal/arm64/Hub.swiftmodule -o /Users/admin/builder/spi-builder-workspace/.derivedData/Build/Products/Debug-iphoneos/Hub.o
SwiftDriverJobDiscovery normal arm64 Compiling Protocols.swift, SentencePieceModel.swift (in target 'AudioCommon' from project 'Qwen3Speech')
SwiftDriver\ Compilation\ Requirements AudioCommon normal arm64 com.apple.xcode.tools.swift.compiler (in target 'AudioCommon' from project 'Qwen3Speech')
cd /Users/admin/builder/spi-builder-workspace/.swiftpm/xcode
builtin-Swift-Compilation-Requirements -- /Applications/Xcode-16.3.0.app/Contents/Developer/Toolchains/XcodeDefault.xctoolchain/usr/bin/swiftc -module-name AudioCommon -Onone -enforce-exclusivity\=checked @/Users/admin/builder/spi-builder-workspace/.derivedData/Build/Intermediates.noindex/Qwen3Speech.build/Debug-iphoneos/AudioCommon.build/Objects-normal/arm64/AudioCommon.SwiftFileList -DSWIFT_PACKAGE -DDEBUG -Xcc -fmodule-map-file\=/Users/admin/builder/spi-builder-workspace/.derivedData/Build/Intermediates.noindex/GeneratedModuleMaps-iphoneos/yyjson.modulemap -DXcode -plugin-path /Applications/Xcode-16.3.0.app/Contents/Developer/Toolchains/XcodeDefault.xctoolchain/usr/lib/swift/host/plugins/testing -enable-experimental-feature DebugDescriptionMacro -sdk /Applications/Xcode-16.3.0.app/Contents/Developer/Platforms/iPhoneOS.platform/Developer/SDKs/iPhoneOS18.4.sdk -target arm64-apple-ios18.0 -g -module-cache-path /Users/admin/builder/spi-builder-workspace/.derivedData/ModuleCache.noindex -Xfrontend -serialize-debugging-options -enable-testing -index-store-path /Users/admin/builder/spi-builder-workspace/.derivedData/Index.noindex/DataStore -swift-version 5 -I /Users/admin/builder/spi-builder-workspace/.derivedData/Build/Products/Debug-iphoneos -I /Applications/Xcode-16.3.0.app/Contents/Developer/Platforms/iPhoneOS.platform/Developer/usr/lib -F /Users/admin/builder/spi-builder-workspace/.derivedData/Build/Products/Debug-iphoneos/PackageFrameworks -F /Users/admin/builder/spi-builder-workspace/.derivedData/Build/Products/Debug-iphoneos/PackageFrameworks -F /Users/admin/builder/spi-builder-workspace/.derivedData/Build/Products/Debug-iphoneos/PackageFrameworks -F /Users/admin/builder/spi-builder-workspace/.derivedData/Build/Products/Debug-iphoneos/PackageFrameworks -F /Users/admin/builder/spi-builder-workspace/.derivedData/Build/Products/Debug-iphoneos/PackageFrameworks -F /Users/admin/builder/spi-builder-workspace/.derivedData/Build/Products/Debug-iphoneos/PackageFrameworks -F /Users/admin/builder/spi-builder-workspace/.derivedData/Build/Products/Debug-iphoneos/PackageFrameworks -F /Users/admin/builder/spi-builder-workspace/.derivedData/Build/Products/Debug-iphoneos/PackageFrameworks -F /Users/admin/builder/spi-builder-workspace/.derivedData/Build/Products/Debug-iphoneos -F /Applications/Xcode-16.3.0.app/Contents/Developer/Platforms/iPhoneOS.platform/Developer/Library/Frameworks -F /Applications/Xcode-16.3.0.app/Contents/Developer/Platforms/iPhoneOS.platform/Developer/SDKs/iPhoneOS18.4.sdk/Developer/Library/Frameworks -c -j10 -enable-batch-mode -incremental -Xcc -ivfsstatcache -Xcc /Users/admin/builder/spi-builder-workspace/.derivedData/SDKStatCaches.noindex/iphoneos18.4-22E235-339d34bc69d7fc736c3220795c36f340.sdkstatcache -output-file-map /Users/admin/builder/spi-builder-workspace/.derivedData/Build/Intermediates.noindex/Qwen3Speech.build/Debug-iphoneos/AudioCommon.build/Objects-normal/arm64/AudioCommon-OutputFileMap.json -use-frontend-parseable-output -save-temps -no-color-diagnostics -serialize-diagnostics -emit-dependencies -emit-module -emit-module-path /Users/admin/builder/spi-builder-workspace/.derivedData/Build/Intermediates.noindex/Qwen3Speech.build/Debug-iphoneos/AudioCommon.build/Objects-normal/arm64/AudioCommon.swiftmodule -validate-clang-modules-once -clang-build-session-file /Users/admin/builder/spi-builder-workspace/.derivedData/ModuleCache.noindex/Session.modulevalidation -package-name spi_builder_workspace -Xcc -I/Users/admin/builder/spi-builder-workspace/.derivedData/Build/Intermediates.noindex/Qwen3Speech.build/Debug-iphoneos/AudioCommon.build/swift-overrides.hmap -emit-const-values -Xfrontend -const-gather-protocols-file -Xfrontend /Users/admin/builder/spi-builder-workspace/.derivedData/Build/Intermediates.noindex/Qwen3Speech.build/Debug-iphoneos/AudioCommon.build/Objects-normal/arm64/AudioCommon_const_extract_protocols.json -Xcc -I/Users/admin/builder/spi-builder-workspace/.dependencies/checkouts/yyjson/src -Xcc -I/Users/admin/builder/spi-builder-workspace/.derivedData/Build/Products/Debug-iphoneos/include -Xcc -I/Users/admin/builder/spi-builder-workspace/.derivedData/Build/Intermediates.noindex/Qwen3Speech.build/Debug-iphoneos/AudioCommon.build/DerivedSources-normal/arm64 -Xcc -I/Users/admin/builder/spi-builder-workspace/.derivedData/Build/Intermediates.noindex/Qwen3Speech.build/Debug-iphoneos/AudioCommon.build/DerivedSources/arm64 -Xcc -I/Users/admin/builder/spi-builder-workspace/.derivedData/Build/Intermediates.noindex/Qwen3Speech.build/Debug-iphoneos/AudioCommon.build/DerivedSources -Xcc -DSWIFT_PACKAGE -Xcc -DDEBUG\=1 -emit-objc-header -emit-objc-header-path /Users/admin/builder/spi-builder-workspace/.derivedData/Build/Intermediates.noindex/Qwen3Speech.build/Debug-iphoneos/AudioCommon.build/Objects-normal/arm64/AudioCommon-Swift.h -working-directory /Users/admin/builder/spi-builder-workspace/.swiftpm/xcode -experimental-emit-module-separately -disable-cmo
SwiftMergeGeneratedHeaders /Users/admin/builder/spi-builder-workspace/.derivedData/Build/Intermediates.noindex/GeneratedModuleMaps-iphoneos/AudioCommon-Swift.h /Users/admin/builder/spi-builder-workspace/.derivedData/Build/Intermediates.noindex/Qwen3Speech.build/Debug-iphoneos/AudioCommon.build/Objects-normal/arm64/AudioCommon-Swift.h (in target 'AudioCommon' from project 'Qwen3Speech')
cd /Users/admin/builder/spi-builder-workspace
builtin-swiftHeaderTool -arch arm64 /Users/admin/builder/spi-builder-workspace/.derivedData/Build/Intermediates.noindex/Qwen3Speech.build/Debug-iphoneos/AudioCommon.build/Objects-normal/arm64/AudioCommon-Swift.h -o /Users/admin/builder/spi-builder-workspace/.derivedData/Build/Intermediates.noindex/GeneratedModuleMaps-iphoneos/AudioCommon-Swift.h
Copy /Users/admin/builder/spi-builder-workspace/.derivedData/Build/Products/Debug-iphoneos/AudioCommon.swiftmodule/arm64-apple-ios.swiftmodule /Users/admin/builder/spi-builder-workspace/.derivedData/Build/Intermediates.noindex/Qwen3Speech.build/Debug-iphoneos/AudioCommon.build/Objects-normal/arm64/AudioCommon.swiftmodule (in target 'AudioCommon' from project 'Qwen3Speech')
cd /Users/admin/builder/spi-builder-workspace
builtin-copy -exclude .DS_Store -exclude CVS -exclude .svn -exclude .git -exclude .hg -resolve-src-symlinks -rename /Users/admin/builder/spi-builder-workspace/.derivedData/Build/Intermediates.noindex/Qwen3Speech.build/Debug-iphoneos/AudioCommon.build/Objects-normal/arm64/AudioCommon.swiftmodule /Users/admin/builder/spi-builder-workspace/.derivedData/Build/Products/Debug-iphoneos/AudioCommon.swiftmodule/arm64-apple-ios.swiftmodule
Copy /Users/admin/builder/spi-builder-workspace/.derivedData/Build/Products/Debug-iphoneos/AudioCommon.swiftmodule/arm64-apple-ios.swiftdoc /Users/admin/builder/spi-builder-workspace/.derivedData/Build/Intermediates.noindex/Qwen3Speech.build/Debug-iphoneos/AudioCommon.build/Objects-normal/arm64/AudioCommon.swiftdoc (in target 'AudioCommon' from project 'Qwen3Speech')
cd /Users/admin/builder/spi-builder-workspace
builtin-copy -exclude .DS_Store -exclude CVS -exclude .svn -exclude .git -exclude .hg -resolve-src-symlinks -rename /Users/admin/builder/spi-builder-workspace/.derivedData/Build/Intermediates.noindex/Qwen3Speech.build/Debug-iphoneos/AudioCommon.build/Objects-normal/arm64/AudioCommon.swiftdoc /Users/admin/builder/spi-builder-workspace/.derivedData/Build/Products/Debug-iphoneos/AudioCommon.swiftmodule/arm64-apple-ios.swiftdoc
Copy /Users/admin/builder/spi-builder-workspace/.derivedData/Build/Products/Debug-iphoneos/AudioCommon.swiftmodule/arm64-apple-ios.abi.json /Users/admin/builder/spi-builder-workspace/.derivedData/Build/Intermediates.noindex/Qwen3Speech.build/Debug-iphoneos/AudioCommon.build/Objects-normal/arm64/AudioCommon.abi.json (in target 'AudioCommon' from project 'Qwen3Speech')
cd /Users/admin/builder/spi-builder-workspace
builtin-copy -exclude .DS_Store -exclude CVS -exclude .svn -exclude .git -exclude .hg -resolve-src-symlinks -rename /Users/admin/builder/spi-builder-workspace/.derivedData/Build/Intermediates.noindex/Qwen3Speech.build/Debug-iphoneos/AudioCommon.build/Objects-normal/arm64/AudioCommon.abi.json /Users/admin/builder/spi-builder-workspace/.derivedData/Build/Products/Debug-iphoneos/AudioCommon.swiftmodule/arm64-apple-ios.abi.json
Copy /Users/admin/builder/spi-builder-workspace/.derivedData/Build/Products/Debug-iphoneos/AudioCommon.swiftmodule/Project/arm64-apple-ios.swiftsourceinfo /Users/admin/builder/spi-builder-workspace/.derivedData/Build/Intermediates.noindex/Qwen3Speech.build/Debug-iphoneos/AudioCommon.build/Objects-normal/arm64/AudioCommon.swiftsourceinfo (in target 'AudioCommon' from project 'Qwen3Speech')
cd /Users/admin/builder/spi-builder-workspace
builtin-copy -exclude .DS_Store -exclude CVS -exclude .svn -exclude .git -exclude .hg -resolve-src-symlinks -rename /Users/admin/builder/spi-builder-workspace/.derivedData/Build/Intermediates.noindex/Qwen3Speech.build/Debug-iphoneos/AudioCommon.build/Objects-normal/arm64/AudioCommon.swiftsourceinfo /Users/admin/builder/spi-builder-workspace/.derivedData/Build/Products/Debug-iphoneos/AudioCommon.swiftmodule/Project/arm64-apple-ios.swiftsourceinfo
ExtractAppIntentsMetadata (in target 'Hub' from project 'swift-transformers')
cd /Users/admin/builder/spi-builder-workspace/.dependencies/checkouts/swift-transformers
/Applications/Xcode-16.3.0.app/Contents/Developer/Toolchains/XcodeDefault.xctoolchain/usr/bin/appintentsmetadataprocessor --toolchain-dir /Applications/Xcode-16.3.0.app/Contents/Developer/Toolchains/XcodeDefault.xctoolchain --module-name Hub --sdk-root /Applications/Xcode-16.3.0.app/Contents/Developer/Platforms/iPhoneOS.platform/Developer/SDKs/iPhoneOS18.4.sdk --xcode-version 16E140 --platform-family iOS --deployment-target 16.0 --bundle-identifier swift-transformers.Hub --output /Users/admin/builder/spi-builder-workspace/.derivedData/Build/Products/Debug-iphoneos/Hub.appintents --target-triple arm64-apple-ios16.0 --binary-file /Users/admin/builder/spi-builder-workspace/.derivedData/Build/Products/Debug-iphoneos/Hub.o --dependency-file /Users/admin/builder/spi-builder-workspace/.derivedData/Build/Intermediates.noindex/swift-transformers.build/Debug-iphoneos/Hub.build/Objects-normal/arm64/Hub_dependency_info.dat --stringsdata-file /Users/admin/builder/spi-builder-workspace/.derivedData/Build/Intermediates.noindex/swift-transformers.build/Debug-iphoneos/Hub.build/Objects-normal/arm64/ExtractedAppShortcutsMetadata.stringsdata --source-file-list /Users/admin/builder/spi-builder-workspace/.derivedData/Build/Intermediates.noindex/swift-transformers.build/Debug-iphoneos/Hub.build/Objects-normal/arm64/Hub.SwiftFileList --metadata-file-list /Users/admin/builder/spi-builder-workspace/.derivedData/Build/Intermediates.noindex/swift-transformers.build/Debug-iphoneos/Hub.build/Hub.DependencyMetadataFileList --static-metadata-file-list /Users/admin/builder/spi-builder-workspace/.derivedData/Build/Intermediates.noindex/swift-transformers.build/Debug-iphoneos/Hub.build/Hub.DependencyStaticMetadataFileList --swift-const-vals-list /Users/admin/builder/spi-builder-workspace/.derivedData/Build/Intermediates.noindex/swift-transformers.build/Debug-iphoneos/Hub.build/Objects-normal/arm64/Hub.SwiftConstValuesFileList --force --compile-time-extraction --deployment-aware-processing --validate-assistant-intents --no-app-shortcuts-localization
2026-10-09 12:53:48.743 appintentsmetadataprocessor[3338:14823] Starting appintentsmetadataprocessor export
2026-10-09 12:53:48.783 appintentsmetadataprocessor[3338:14823] Extracted no relevant App Intents symbols, skipping writing output
SwiftDriverJobDiscovery normal arm64 Compiling ModelLoader.swift, PipelineLLM.swift (in target 'AudioCommon' from project 'Qwen3Speech')
SwiftDriver KokoroTTS normal arm64 com.apple.xcode.tools.swift.compiler (in target 'KokoroTTS' from project 'Qwen3Speech')
cd /Users/admin/builder/spi-builder-workspace/.swiftpm/xcode
builtin-SwiftDriver -- /Applications/Xcode-16.3.0.app/Contents/Developer/Toolchains/XcodeDefault.xctoolchain/usr/bin/swiftc -module-name KokoroTTS -Onone -enforce-exclusivity\=checked @/Users/admin/builder/spi-builder-workspace/.derivedData/Build/Intermediates.noindex/Qwen3Speech.build/Debug-iphoneos/KokoroTTS.build/Objects-normal/arm64/KokoroTTS.SwiftFileList -DSWIFT_PACKAGE -DDEBUG -Xcc -fmodule-map-file\=/Users/admin/builder/spi-builder-workspace/.derivedData/Build/Intermediates.noindex/GeneratedModuleMaps-iphoneos/yyjson.modulemap -DXcode -plugin-path /Applications/Xcode-16.3.0.app/Contents/Developer/Toolchains/XcodeDefault.xctoolchain/usr/lib/swift/host/plugins/testing -enable-experimental-feature DebugDescriptionMacro -sdk /Applications/Xcode-16.3.0.app/Contents/Developer/Platforms/iPhoneOS.platform/Developer/SDKs/iPhoneOS18.4.sdk -target arm64-apple-ios18.0 -g -module-cache-path /Users/admin/builder/spi-builder-workspace/.derivedData/ModuleCache.noindex -Xfrontend -serialize-debugging-options -enable-testing -index-store-path /Users/admin/builder/spi-builder-workspace/.derivedData/Index.noindex/DataStore -swift-version 5 -I /Users/admin/builder/spi-builder-workspace/.derivedData/Build/Products/Debug-iphoneos -I /Applications/Xcode-16.3.0.app/Contents/Developer/Platforms/iPhoneOS.platform/Developer/usr/lib -F /Users/admin/builder/spi-builder-workspace/.derivedData/Build/Products/Debug-iphoneos/PackageFrameworks -F /Users/admin/builder/spi-builder-workspace/.derivedData/Build/Products/Debug-iphoneos/PackageFrameworks -F /Users/admin/builder/spi-builder-workspace/.derivedData/Build/Products/Debug-iphoneos/PackageFrameworks -F /Users/admin/builder/spi-builder-workspace/.derivedData/Build/Products/Debug-iphoneos/PackageFrameworks -F /Users/admin/builder/spi-builder-workspace/.derivedData/Build/Products/Debug-iphoneos/PackageFrameworks -F /Users/admin/builder/spi-builder-workspace/.derivedData/Build/Products/Debug-iphoneos/PackageFrameworks -F /Users/admin/builder/spi-builder-workspace/.derivedData/Build/Products/Debug-iphoneos/PackageFrameworks -F /Users/admin/builder/spi-builder-workspace/.derivedData/Build/Products/Debug-iphoneos/PackageFrameworks -F /Users/admin/builder/spi-builder-workspace/.derivedData/Build/Products/Debug-iphoneos/PackageFrameworks -F /Users/admin/builder/spi-builder-workspace/.derivedData/Build/Products/Debug-iphoneos -F /Applications/Xcode-16.3.0.app/Contents/Developer/Platforms/iPhoneOS.platform/Developer/Library/Frameworks -F /Applications/Xcode-16.3.0.app/Contents/Developer/Platforms/iPhoneOS.platform/Developer/SDKs/iPhoneOS18.4.sdk/Developer/Library/Frameworks -c -j10 -enable-batch-mode -incremental -Xcc -ivfsstatcache -Xcc /Users/admin/builder/spi-builder-workspace/.derivedData/SDKStatCaches.noindex/iphoneos18.4-22E235-339d34bc69d7fc736c3220795c36f340.sdkstatcache -output-file-map /Users/admin/builder/spi-builder-workspace/.derivedData/Build/Intermediates.noindex/Qwen3Speech.build/Debug-iphoneos/KokoroTTS.build/Objects-normal/arm64/KokoroTTS-OutputFileMap.json -use-frontend-parseable-output -save-temps -no-color-diagnostics -serialize-diagnostics -emit-dependencies -emit-module -emit-module-path /Users/admin/builder/spi-builder-workspace/.derivedData/Build/Intermediates.noindex/Qwen3Speech.build/Debug-iphoneos/KokoroTTS.build/Objects-normal/arm64/KokoroTTS.swiftmodule -validate-clang-modules-once -clang-build-session-file /Users/admin/builder/spi-builder-workspace/.derivedData/ModuleCache.noindex/Session.modulevalidation -package-name spi_builder_workspace -Xcc -I/Users/admin/builder/spi-builder-workspace/.derivedData/Build/Intermediates.noindex/Qwen3Speech.build/Debug-iphoneos/KokoroTTS.build/swift-overrides.hmap -emit-const-values -Xfrontend -const-gather-protocols-file -Xfrontend /Users/admin/builder/spi-builder-workspace/.derivedData/Build/Intermediates.noindex/Qwen3Speech.build/Debug-iphoneos/KokoroTTS.build/Objects-normal/arm64/KokoroTTS_const_extract_protocols.json -Xcc -I/Users/admin/builder/spi-builder-workspace/.dependencies/checkouts/yyjson/src -Xcc -I/Users/admin/builder/spi-builder-workspace/.derivedData/Build/Products/Debug-iphoneos/include -Xcc -I/Users/admin/builder/spi-builder-workspace/.derivedData/Build/Intermediates.noindex/Qwen3Speech.build/Debug-iphoneos/KokoroTTS.build/DerivedSources-normal/arm64 -Xcc -I/Users/admin/builder/spi-builder-workspace/.derivedData/Build/Intermediates.noindex/Qwen3Speech.build/Debug-iphoneos/KokoroTTS.build/DerivedSources/arm64 -Xcc -I/Users/admin/builder/spi-builder-workspace/.derivedData/Build/Intermediates.noindex/Qwen3Speech.build/Debug-iphoneos/KokoroTTS.build/DerivedSources -Xcc -DSWIFT_PACKAGE -Xcc -DDEBUG\=1 -emit-objc-header -emit-objc-header-path /Users/admin/builder/spi-builder-workspace/.derivedData/Build/Intermediates.noindex/Qwen3Speech.build/Debug-iphoneos/KokoroTTS.build/Objects-normal/arm64/KokoroTTS-Swift.h -working-directory /Users/admin/builder/spi-builder-workspace/.swiftpm/xcode -experimental-emit-module-separately -disable-cmo
SwiftEmitModule normal arm64 Emitting\ module\ for\ KokoroTTS (in target 'KokoroTTS' from project 'Qwen3Speech')
EmitSwiftModule normal arm64 (in target 'KokoroTTS' from project 'Qwen3Speech')
cd /Users/admin/builder/spi-builder-workspace/.swiftpm/xcode
SwiftCompile normal arm64 Compiling\ JapanesePhonemizer.swift /Users/admin/builder/spi-builder-workspace/Sources/KokoroTTS/JapanesePhonemizer.swift (in target 'KokoroTTS' from project 'Qwen3Speech')
SwiftCompile normal arm64 /Users/admin/builder/spi-builder-workspace/Sources/KokoroTTS/JapanesePhonemizer.swift (in target 'KokoroTTS' from project 'Qwen3Speech')
cd /Users/admin/builder/spi-builder-workspace/.swiftpm/xcode
SwiftCompile normal arm64 Compiling\ KokoroTTS.swift /Users/admin/builder/spi-builder-workspace/Sources/KokoroTTS/KokoroTTS.swift (in target 'KokoroTTS' from project 'Qwen3Speech')
SwiftCompile normal arm64 /Users/admin/builder/spi-builder-workspace/Sources/KokoroTTS/KokoroTTS.swift (in target 'KokoroTTS' from project 'Qwen3Speech')
cd /Users/admin/builder/spi-builder-workspace/.swiftpm/xcode
SwiftDriverJobDiscovery normal arm64 Compiling HindiEmotionTTSCatalog.swift, HuggingFaceBackgroundTransfer.swift (in target 'AudioCommon' from project 'Qwen3Speech')
SwiftCompile normal arm64 Compiling\ KokoroTTS+Protocols.swift /Users/admin/builder/spi-builder-workspace/Sources/KokoroTTS/KokoroTTS+Protocols.swift (in target 'KokoroTTS' from project 'Qwen3Speech')
SwiftCompile normal arm64 /Users/admin/builder/spi-builder-workspace/Sources/KokoroTTS/KokoroTTS+Protocols.swift (in target 'KokoroTTS' from project 'Qwen3Speech')
cd /Users/admin/builder/spi-builder-workspace/.swiftpm/xcode
SwiftDriverJobDiscovery normal arm64 Compiling HuggingFaceTransfer.swift, Logging.swift (in target 'AudioCommon' from project 'Qwen3Speech')
SwiftCompile normal arm64 Compiling\ KokoroModel.swift /Users/admin/builder/spi-builder-workspace/Sources/KokoroTTS/KokoroModel.swift (in target 'KokoroTTS' from project 'Qwen3Speech')
SwiftCompile normal arm64 /Users/admin/builder/spi-builder-workspace/Sources/KokoroTTS/KokoroModel.swift (in target 'KokoroTTS' from project 'Qwen3Speech')
cd /Users/admin/builder/spi-builder-workspace/.swiftpm/xcode
SwiftDriverJobDiscovery normal arm64 Compiling Tokenizer.swift, WAVWriter.swift (in target 'AudioCommon' from project 'Qwen3Speech')
SwiftCompile normal arm64 Compiling\ KokoroTTS+Memory.swift /Users/admin/builder/spi-builder-workspace/Sources/KokoroTTS/KokoroTTS+Memory.swift (in target 'KokoroTTS' from project 'Qwen3Speech')
SwiftCompile normal arm64 /Users/admin/builder/spi-builder-workspace/Sources/KokoroTTS/KokoroTTS+Memory.swift (in target 'KokoroTTS' from project 'Qwen3Speech')
cd /Users/admin/builder/spi-builder-workspace/.swiftpm/xcode
SwiftDriverJobDiscovery normal arm64 Compiling AudioModelError.swift, AudioRingBuffer.swift, CoreMLComputeUnits.swift (in target 'AudioCommon' from project 'Qwen3Speech')
SwiftCompile normal arm64 Compiling\ resource_bundle_accessor.swift,\ ChinesePhonemizer.swift /Users/admin/builder/spi-builder-workspace/.derivedData/Build/Intermediates.noindex/Qwen3Speech.build/Debug-iphoneos/KokoroTTS.build/DerivedSources/resource_bundle_accessor.swift /Users/admin/builder/spi-builder-workspace/Sources/KokoroTTS/ChinesePhonemizer.swift (in target 'KokoroTTS' from project 'Qwen3Speech')
SwiftCompile normal arm64 /Users/admin/builder/spi-builder-workspace/.derivedData/Build/Intermediates.noindex/Qwen3Speech.build/Debug-iphoneos/KokoroTTS.build/DerivedSources/resource_bundle_accessor.swift (in target 'KokoroTTS' from project 'Qwen3Speech')
cd /Users/admin/builder/spi-builder-workspace/.swiftpm/xcode
SwiftCompile normal arm64 /Users/admin/builder/spi-builder-workspace/Sources/KokoroTTS/ChinesePhonemizer.swift (in target 'KokoroTTS' from project 'Qwen3Speech')
cd /Users/admin/builder/spi-builder-workspace/.swiftpm/xcode
SwiftDriverJobDiscovery normal arm64 Emitting module for KokoroTTS (in target 'KokoroTTS' from project 'Qwen3Speech')
SwiftDriver\ Compilation\ Requirements KokoroTTS normal arm64 com.apple.xcode.tools.swift.compiler (in target 'KokoroTTS' from project 'Qwen3Speech')
cd /Users/admin/builder/spi-builder-workspace/.swiftpm/xcode
builtin-Swift-Compilation-Requirements -- /Applications/Xcode-16.3.0.app/Contents/Developer/Toolchains/XcodeDefault.xctoolchain/usr/bin/swiftc -module-name KokoroTTS -Onone -enforce-exclusivity\=checked @/Users/admin/builder/spi-builder-workspace/.derivedData/Build/Intermediates.noindex/Qwen3Speech.build/Debug-iphoneos/KokoroTTS.build/Objects-normal/arm64/KokoroTTS.SwiftFileList -DSWIFT_PACKAGE -DDEBUG -Xcc -fmodule-map-file\=/Users/admin/builder/spi-builder-workspace/.derivedData/Build/Intermediates.noindex/GeneratedModuleMaps-iphoneos/yyjson.modulemap -DXcode -plugin-path /Applications/Xcode-16.3.0.app/Contents/Developer/Toolchains/XcodeDefault.xctoolchain/usr/lib/swift/host/plugins/testing -enable-experimental-feature DebugDescriptionMacro -sdk /Applications/Xcode-16.3.0.app/Contents/Developer/Platforms/iPhoneOS.platform/Developer/SDKs/iPhoneOS18.4.sdk -target arm64-apple-ios18.0 -g -module-cache-path /Users/admin/builder/spi-builder-workspace/.derivedData/ModuleCache.noindex -Xfrontend -serialize-debugging-options -enable-testing -index-store-path /Users/admin/builder/spi-builder-workspace/.derivedData/Index.noindex/DataStore -swift-version 5 -I /Users/admin/builder/spi-builder-workspace/.derivedData/Build/Products/Debug-iphoneos -I /Applications/Xcode-16.3.0.app/Contents/Developer/Platforms/iPhoneOS.platform/Developer/usr/lib -F /Users/admin/builder/spi-builder-workspace/.derivedData/Build/Products/Debug-iphoneos/PackageFrameworks -F /Users/admin/builder/spi-builder-workspace/.derivedData/Build/Products/Debug-iphoneos/PackageFrameworks -F /Users/admin/builder/spi-builder-workspace/.derivedData/Build/Products/Debug-iphoneos/PackageFrameworks -F /Users/admin/builder/spi-builder-workspace/.derivedData/Build/Products/Debug-iphoneos/PackageFrameworks -F /Users/admin/builder/spi-builder-workspace/.derivedData/Build/Products/Debug-iphoneos/PackageFrameworks -F /Users/admin/builder/spi-builder-workspace/.derivedData/Build/Products/Debug-iphoneos/PackageFrameworks -F /Users/admin/builder/spi-builder-workspace/.derivedData/Build/Products/Debug-iphoneos/PackageFrameworks -F /Users/admin/builder/spi-builder-workspace/.derivedData/Build/Products/Debug-iphoneos/PackageFrameworks -F /Users/admin/builder/spi-builder-workspace/.derivedData/Build/Products/Debug-iphoneos/PackageFrameworks -F /Users/admin/builder/spi-builder-workspace/.derivedData/Build/Products/Debug-iphoneos -F /Applications/Xcode-16.3.0.app/Contents/Developer/Platforms/iPhoneOS.platform/Developer/Library/Frameworks -F /Applications/Xcode-16.3.0.app/Contents/Developer/Platforms/iPhoneOS.platform/Developer/SDKs/iPhoneOS18.4.sdk/Developer/Library/Frameworks -c -j10 -enable-batch-mode -incremental -Xcc -ivfsstatcache -Xcc /Users/admin/builder/spi-builder-workspace/.derivedData/SDKStatCaches.noindex/iphoneos18.4-22E235-339d34bc69d7fc736c3220795c36f340.sdkstatcache -output-file-map /Users/admin/builder/spi-builder-workspace/.derivedData/Build/Intermediates.noindex/Qwen3Speech.build/Debug-iphoneos/KokoroTTS.build/Objects-normal/arm64/KokoroTTS-OutputFileMap.json -use-frontend-parseable-output -save-temps -no-color-diagnostics -serialize-diagnostics -emit-dependencies -emit-module -emit-module-path /Users/admin/builder/spi-builder-workspace/.derivedData/Build/Intermediates.noindex/Qwen3Speech.build/Debug-iphoneos/KokoroTTS.build/Objects-normal/arm64/KokoroTTS.swiftmodule -validate-clang-modules-once -clang-build-session-file /Users/admin/builder/spi-builder-workspace/.derivedData/ModuleCache.noindex/Session.modulevalidation -package-name spi_builder_workspace -Xcc -I/Users/admin/builder/spi-builder-workspace/.derivedData/Build/Intermediates.noindex/Qwen3Speech.build/Debug-iphoneos/KokoroTTS.build/swift-overrides.hmap -emit-const-values -Xfrontend -const-gather-protocols-file -Xfrontend /Users/admin/builder/spi-builder-workspace/.derivedData/Build/Intermediates.noindex/Qwen3Speech.build/Debug-iphoneos/KokoroTTS.build/Objects-normal/arm64/KokoroTTS_const_extract_protocols.json -Xcc -I/Users/admin/builder/spi-builder-workspace/.dependencies/checkouts/yyjson/src -Xcc -I/Users/admin/builder/spi-builder-workspace/.derivedData/Build/Products/Debug-iphoneos/include -Xcc -I/Users/admin/builder/spi-builder-workspace/.derivedData/Build/Intermediates.noindex/Qwen3Speech.build/Debug-iphoneos/KokoroTTS.build/DerivedSources-normal/arm64 -Xcc -I/Users/admin/builder/spi-builder-workspace/.derivedData/Build/Intermediates.noindex/Qwen3Speech.build/Debug-iphoneos/KokoroTTS.build/DerivedSources/arm64 -Xcc -I/Users/admin/builder/spi-builder-workspace/.derivedData/Build/Intermediates.noindex/Qwen3Speech.build/Debug-iphoneos/KokoroTTS.build/DerivedSources -Xcc -DSWIFT_PACKAGE -Xcc -DDEBUG\=1 -emit-objc-header -emit-objc-header-path /Users/admin/builder/spi-builder-workspace/.derivedData/Build/Intermediates.noindex/Qwen3Speech.build/Debug-iphoneos/KokoroTTS.build/Objects-normal/arm64/KokoroTTS-Swift.h -working-directory /Users/admin/builder/spi-builder-workspace/.swiftpm/xcode -experimental-emit-module-separately -disable-cmo
SwiftDriverJobDiscovery normal arm64 Compiling JapanesePhonemizer.swift (in target 'KokoroTTS' from project 'Qwen3Speech')
SwiftCompile normal arm64 Compiling\ Phonemizer.swift /Users/admin/builder/spi-builder-workspace/Sources/KokoroTTS/Phonemizer.swift (in target 'KokoroTTS' from project 'Qwen3Speech')
SwiftCompile normal arm64 /Users/admin/builder/spi-builder-workspace/Sources/KokoroTTS/Phonemizer.swift (in target 'KokoroTTS' from project 'Qwen3Speech')
cd /Users/admin/builder/spi-builder-workspace/.swiftpm/xcode
SwiftMergeGeneratedHeaders /Users/admin/builder/spi-builder-workspace/.derivedData/Build/Intermediates.noindex/GeneratedModuleMaps-iphoneos/KokoroTTS-Swift.h /Users/admin/builder/spi-builder-workspace/.derivedData/Build/Intermediates.noindex/Qwen3Speech.build/Debug-iphoneos/KokoroTTS.build/Objects-normal/arm64/KokoroTTS-Swift.h (in target 'KokoroTTS' from project 'Qwen3Speech')
cd /Users/admin/builder/spi-builder-workspace
builtin-swiftHeaderTool -arch arm64 /Users/admin/builder/spi-builder-workspace/.derivedData/Build/Intermediates.noindex/Qwen3Speech.build/Debug-iphoneos/KokoroTTS.build/Objects-normal/arm64/KokoroTTS-Swift.h -o /Users/admin/builder/spi-builder-workspace/.derivedData/Build/Intermediates.noindex/GeneratedModuleMaps-iphoneos/KokoroTTS-Swift.h
SwiftDriverJobDiscovery normal arm64 Compiling KokoroTTS+Protocols.swift (in target 'KokoroTTS' from project 'Qwen3Speech')
Copy /Users/admin/builder/spi-builder-workspace/.derivedData/Build/Products/Debug-iphoneos/KokoroTTS.swiftmodule/arm64-apple-ios.swiftmodule /Users/admin/builder/spi-builder-workspace/.derivedData/Build/Intermediates.noindex/Qwen3Speech.build/Debug-iphoneos/KokoroTTS.build/Objects-normal/arm64/KokoroTTS.swiftmodule (in target 'KokoroTTS' from project 'Qwen3Speech')
cd /Users/admin/builder/spi-builder-workspace
builtin-copy -exclude .DS_Store -exclude CVS -exclude .svn -exclude .git -exclude .hg -resolve-src-symlinks -rename /Users/admin/builder/spi-builder-workspace/.derivedData/Build/Intermediates.noindex/Qwen3Speech.build/Debug-iphoneos/KokoroTTS.build/Objects-normal/arm64/KokoroTTS.swiftmodule /Users/admin/builder/spi-builder-workspace/.derivedData/Build/Products/Debug-iphoneos/KokoroTTS.swiftmodule/arm64-apple-ios.swiftmodule
Copy /Users/admin/builder/spi-builder-workspace/.derivedData/Build/Products/Debug-iphoneos/KokoroTTS.swiftmodule/arm64-apple-ios.swiftdoc /Users/admin/builder/spi-builder-workspace/.derivedData/Build/Intermediates.noindex/Qwen3Speech.build/Debug-iphoneos/KokoroTTS.build/Objects-normal/arm64/KokoroTTS.swiftdoc (in target 'KokoroTTS' from project 'Qwen3Speech')
cd /Users/admin/builder/spi-builder-workspace
builtin-copy -exclude .DS_Store -exclude CVS -exclude .svn -exclude .git -exclude .hg -resolve-src-symlinks -rename /Users/admin/builder/spi-builder-workspace/.derivedData/Build/Intermediates.noindex/Qwen3Speech.build/Debug-iphoneos/KokoroTTS.build/Objects-normal/arm64/KokoroTTS.swiftdoc /Users/admin/builder/spi-builder-workspace/.derivedData/Build/Products/Debug-iphoneos/KokoroTTS.swiftmodule/arm64-apple-ios.swiftdoc
Copy /Users/admin/builder/spi-builder-workspace/.derivedData/Build/Products/Debug-iphoneos/KokoroTTS.swiftmodule/arm64-apple-ios.abi.json /Users/admin/builder/spi-builder-workspace/.derivedData/Build/Intermediates.noindex/Qwen3Speech.build/Debug-iphoneos/KokoroTTS.build/Objects-normal/arm64/KokoroTTS.abi.json (in target 'KokoroTTS' from project 'Qwen3Speech')
cd /Users/admin/builder/spi-builder-workspace
builtin-copy -exclude .DS_Store -exclude CVS -exclude .svn -exclude .git -exclude .hg -resolve-src-symlinks -rename /Users/admin/builder/spi-builder-workspace/.derivedData/Build/Intermediates.noindex/Qwen3Speech.build/Debug-iphoneos/KokoroTTS.build/Objects-normal/arm64/KokoroTTS.abi.json /Users/admin/builder/spi-builder-workspace/.derivedData/Build/Products/Debug-iphoneos/KokoroTTS.swiftmodule/arm64-apple-ios.abi.json
Copy /Users/admin/builder/spi-builder-workspace/.derivedData/Build/Products/Debug-iphoneos/KokoroTTS.swiftmodule/Project/arm64-apple-ios.swiftsourceinfo /Users/admin/builder/spi-builder-workspace/.derivedData/Build/Intermediates.noindex/Qwen3Speech.build/Debug-iphoneos/KokoroTTS.build/Objects-normal/arm64/KokoroTTS.swiftsourceinfo (in target 'KokoroTTS' from project 'Qwen3Speech')
cd /Users/admin/builder/spi-builder-workspace
builtin-copy -exclude .DS_Store -exclude CVS -exclude .svn -exclude .git -exclude .hg -resolve-src-symlinks -rename /Users/admin/builder/spi-builder-workspace/.derivedData/Build/Intermediates.noindex/Qwen3Speech.build/Debug-iphoneos/KokoroTTS.build/Objects-normal/arm64/KokoroTTS.swiftsourceinfo /Users/admin/builder/spi-builder-workspace/.derivedData/Build/Products/Debug-iphoneos/KokoroTTS.swiftmodule/Project/arm64-apple-ios.swiftsourceinfo
SwiftCompile normal arm64 Compiling\ Configuration.swift,\ HindiPhonemizer.swift /Users/admin/builder/spi-builder-workspace/Sources/KokoroTTS/Configuration.swift /Users/admin/builder/spi-builder-workspace/Sources/KokoroTTS/HindiPhonemizer.swift (in target 'KokoroTTS' from project 'Qwen3Speech')
SwiftCompile normal arm64 /Users/admin/builder/spi-builder-workspace/Sources/KokoroTTS/Configuration.swift (in target 'KokoroTTS' from project 'Qwen3Speech')
cd /Users/admin/builder/spi-builder-workspace/.swiftpm/xcode
SwiftCompile normal arm64 /Users/admin/builder/spi-builder-workspace/Sources/KokoroTTS/HindiPhonemizer.swift (in target 'KokoroTTS' from project 'Qwen3Speech')
cd /Users/admin/builder/spi-builder-workspace/.swiftpm/xcode
SwiftCompile normal arm64 Compiling\ LatinPhonemizer.swift /Users/admin/builder/spi-builder-workspace/Sources/KokoroTTS/LatinPhonemizer.swift (in target 'KokoroTTS' from project 'Qwen3Speech')
SwiftCompile normal arm64 /Users/admin/builder/spi-builder-workspace/Sources/KokoroTTS/LatinPhonemizer.swift (in target 'KokoroTTS' from project 'Qwen3Speech')
cd /Users/admin/builder/spi-builder-workspace/.swiftpm/xcode
SwiftDriverJobDiscovery normal arm64 Compiling HuggingFaceDownloader.swift, HuggingFaceRepoManifest.swift (in target 'AudioCommon' from project 'Qwen3Speech')
SwiftCompile normal arm64 Compiling\ PronunciationDicts.swift /Users/admin/builder/spi-builder-workspace/Sources/KokoroTTS/PronunciationDicts.swift (in target 'KokoroTTS' from project 'Qwen3Speech')
SwiftCompile normal arm64 /Users/admin/builder/spi-builder-workspace/Sources/KokoroTTS/PronunciationDicts.swift (in target 'KokoroTTS' from project 'Qwen3Speech')
cd /Users/admin/builder/spi-builder-workspace/.swiftpm/xcode
SwiftDriverJobDiscovery normal arm64 Compiling KokoroTTS+Memory.swift (in target 'KokoroTTS' from project 'Qwen3Speech')
SwiftDriverJobDiscovery normal arm64 Compiling KokoroModel.swift (in target 'KokoroTTS' from project 'Qwen3Speech')
RegisterExecutionPolicyException /Users/admin/builder/spi-builder-workspace/.derivedData/Build/Products/Debug-iphoneos/Hub.o (in target 'Hub' from project 'swift-transformers')
cd /Users/admin/builder/spi-builder-workspace/.dependencies/checkouts/swift-transformers
builtin-RegisterExecutionPolicyException /Users/admin/builder/spi-builder-workspace/.derivedData/Build/Products/Debug-iphoneos/Hub.o
** BUILD FAILED **
The following build commands failed:
SwiftCompile normal arm64 /Users/admin/builder/spi-builder-workspace/Sources/AudioCommon/AudioIO.swift (in target 'AudioCommon' from project 'Qwen3Speech')
SwiftCompile normal arm64 Compiling\ CoreMLLoader.swift,\ FullDuplexAudioIO.swift /Users/admin/builder/spi-builder-workspace/Sources/AudioCommon/CoreMLLoader.swift /Users/admin/builder/spi-builder-workspace/Sources/AudioCommon/FullDuplexAudioIO.swift (in target 'AudioCommon' from project 'Qwen3Speech')
SwiftCompile normal arm64 /Users/admin/builder/spi-builder-workspace/Sources/AudioCommon/FullDuplexAudioIO.swift (in target 'AudioCommon' from project 'Qwen3Speech')
Building workspace spi-builder-workspace with scheme KokoroTTS
(4 failures)
BUILD FAILURE 6.1 iOS