The Swift Package Index logo.Swift Package Index

Build Information

Failed to build SFSymbols, reference main (e02075), with Swift 6.1 for watchOS using Xcode 16.3 on 2 Jul 2026 19:43:31 UTC.

Build Command

env DEVELOPER_DIR=/Applications/Xcode-16.3.0.app xcrun xcodebuild -IDEClonedSourcePackagesDirPathOverride=$PWD/.dependencies -skipMacroValidation -skipPackagePluginValidation -derivedDataPath $PWD/.derivedData build -scheme SFSymbols -destination generic/platform=watchOS

Build Log

========================================
RunAll
========================================
Builder version: undefined version: run 'make version' to update
Interrupt handler set up.
========================================
Checkout
========================================
Clone URL: https://github.com/ActuallyTaylor/SFSymbols.git
Reference: main
Initialized empty Git repository in /Users/admin/builder/spi-builder-workspace/.git/
From https://github.com/ActuallyTaylor/SFSymbols
 * branch            main       -> FETCH_HEAD
 * [new branch]      main       -> origin/main
HEAD is now at e020751 Update package URL in README.md
Cloned https://github.com/ActuallyTaylor/SFSymbols.git
Revision (git rev-parse @):
e02075122e1aecba77de92b9ef4dec31483e8a59
SUCCESS checkout https://github.com/ActuallyTaylor/SFSymbols.git at main
========================================
Build
========================================
Selected platform:         watchOS
Swift version:             6.1
Building package at path:  $PWD
https://github.com/ActuallyTaylor/SFSymbols.git
https://github.com/ActuallyTaylor/SFSymbols.git
{
  "dependencies" : [
  ],
  "manifest_display_name" : "SFSymbols",
  "name" : "SFSymbols",
  "path" : "/Users/admin/builder/spi-builder-workspace",
  "platforms" : [
    {
      "name" : "ios",
      "version" : "13.0"
    },
    {
      "name" : "macos",
      "version" : "11.0"
    },
    {
      "name" : "watchos",
      "version" : "4.0"
    },
    {
      "name" : "tvos",
      "version" : "15.0"
    }
  ],
  "products" : [
    {
      "name" : "SFSymbols",
      "targets" : [
        "SFSymbols"
      ],
      "type" : {
        "library" : [
          "automatic"
        ]
      }
    }
  ],
  "targets" : [
    {
      "c99name" : "SFSymbolsTests",
      "module_type" : "SwiftTarget",
      "name" : "SFSymbolsTests",
      "path" : "Tests/SFSymbolsTests",
      "sources" : [
        "SFSymbolsTests.swift"
      ],
      "target_dependencies" : [
        "SFSymbols"
      ],
      "type" : "test"
    },
    {
      "c99name" : "SFSymbols",
      "module_type" : "SwiftTarget",
      "name" : "SFSymbols",
      "path" : "Sources/SFSymbols",
      "product_memberships" : [
        "SFSymbols"
      ],
      "sources" : [
        "Extensions/AppKit/NSButton+SFSymbol.swift",
        "Extensions/AppKit/NSImage+SFSymbol.swift",
        "Extensions/SwiftUI/Button+SFSymbol.swift",
        "Extensions/SwiftUI/Image+SFSymbol.swift",
        "Extensions/SwiftUI/Label+SFSymbol.swift",
        "Extensions/SwiftUI/Menu+SFSymbol.swift",
        "Extensions/SwiftUI/Tab+SFSymbol.swift",
        "Extensions/UIKit/AppIntents+SFSymbol.swift",
        "Extensions/UIKit/UIApplicationShortcutIcon+SFSymbol.swift",
        "Extensions/UIKit/UIButton+SFSymbol.swift",
        "Extensions/UIKit/UIImage+SFSymbol.swift",
        "SFSymbol/SFSymbol+CaseIterable.swift",
        "SFSymbol/SFSymbol+Image.swift",
        "SFSymbol/SFSymbol+Name.swift",
        "SFSymbol/SFSymbol+Version4.swift",
        "SFSymbol/SFSymbol+Version5.swift",
        "SFSymbol/SFSymbol+Version6.swift",
        "SFSymbol/SFSymbol+Version7.swift",
        "SFSymbol/SFSymbol.swift"
      ],
      "type" : "library"
    }
  ],
  "tools_version" : "5.7.1"
}
Command line invocation:
    /Applications/Xcode-16.3.0.app/Contents/Developer/usr/bin/xcodebuild -IDEClonedSourcePackagesDirPathOverride=/Users/admin/builder/spi-builder-workspace/.dependencies -resolvePackageDependencies
Resolve Package Graph
Resolved source packages:
  SFSymbols: /Users/admin/builder/spi-builder-workspace
resolved source packages: SFSymbols
{
  "dependencies" : [
  ],
  "manifest_display_name" : "SFSymbols",
  "name" : "SFSymbols",
  "path" : "/Users/admin/builder/spi-builder-workspace",
  "platforms" : [
    {
      "name" : "ios",
      "version" : "13.0"
    },
    {
      "name" : "macos",
      "version" : "11.0"
    },
    {
      "name" : "watchos",
      "version" : "4.0"
    },
    {
      "name" : "tvos",
      "version" : "15.0"
    }
  ],
  "products" : [
    {
      "name" : "SFSymbols",
      "targets" : [
        "SFSymbols"
      ],
      "type" : {
        "library" : [
          "automatic"
        ]
      }
    }
  ],
  "targets" : [
    {
      "c99name" : "SFSymbolsTests",
      "module_type" : "SwiftTarget",
      "name" : "SFSymbolsTests",
      "path" : "Tests/SFSymbolsTests",
      "sources" : [
        "SFSymbolsTests.swift"
      ],
      "target_dependencies" : [
        "SFSymbols"
      ],
      "type" : "test"
    },
    {
      "c99name" : "SFSymbols",
      "module_type" : "SwiftTarget",
      "name" : "SFSymbols",
      "path" : "Sources/SFSymbols",
      "product_memberships" : [
        "SFSymbols"
      ],
      "sources" : [
        "Extensions/AppKit/NSButton+SFSymbol.swift",
        "Extensions/AppKit/NSImage+SFSymbol.swift",
        "Extensions/SwiftUI/Button+SFSymbol.swift",
        "Extensions/SwiftUI/Image+SFSymbol.swift",
        "Extensions/SwiftUI/Label+SFSymbol.swift",
        "Extensions/SwiftUI/Menu+SFSymbol.swift",
        "Extensions/SwiftUI/Tab+SFSymbol.swift",
        "Extensions/UIKit/AppIntents+SFSymbol.swift",
        "Extensions/UIKit/UIApplicationShortcutIcon+SFSymbol.swift",
        "Extensions/UIKit/UIButton+SFSymbol.swift",
        "Extensions/UIKit/UIImage+SFSymbol.swift",
        "SFSymbol/SFSymbol+CaseIterable.swift",
        "SFSymbol/SFSymbol+Image.swift",
        "SFSymbol/SFSymbol+Name.swift",
        "SFSymbol/SFSymbol+Version4.swift",
        "SFSymbol/SFSymbol+Version5.swift",
        "SFSymbol/SFSymbol+Version6.swift",
        "SFSymbol/SFSymbol+Version7.swift",
        "SFSymbol/SFSymbol.swift"
      ],
      "type" : "library"
    }
  ],
  "tools_version" : "5.7.1"
}
{
  "workspace" : {
    "name" : "spi-builder-workspace",
    "schemes" : [
      "SFSymbols"
    ]
  }
}
Running build ...
env DEVELOPER_DIR=/Applications/Xcode-16.3.0.app xcrun xcodebuild -IDEClonedSourcePackagesDirPathOverride=$PWD/.dependencies -skipMacroValidation -skipPackagePluginValidation -derivedDataPath $PWD/.derivedData build -scheme SFSymbols -destination generic/platform=watchOS OTHER_SWIFT_FLAGS=-stats-output-dir .stats -strict-concurrency=complete -enable-upcoming-feature StrictConcurrency -enable-upcoming-feature DisableOutwardActorInference -enable-upcoming-feature GlobalActorIsolatedTypesUsability -enable-upcoming-feature InferSendableFromCaptures
Command line invocation:
    /Applications/Xcode-16.3.0.app/Contents/Developer/usr/bin/xcodebuild -IDEClonedSourcePackagesDirPathOverride=/Users/admin/builder/spi-builder-workspace/.dependencies -skipMacroValidation -skipPackagePluginValidation -derivedDataPath /Users/admin/builder/spi-builder-workspace/.derivedData build -scheme SFSymbols -destination generic/platform=watchOS "OTHER_SWIFT_FLAGS=-stats-output-dir .stats -strict-concurrency=complete -enable-upcoming-feature StrictConcurrency -enable-upcoming-feature DisableOutwardActorInference -enable-upcoming-feature GlobalActorIsolatedTypesUsability -enable-upcoming-feature InferSendableFromCaptures"
Build settings from command line:
    OTHER_SWIFT_FLAGS = -stats-output-dir .stats -strict-concurrency=complete -enable-upcoming-feature StrictConcurrency -enable-upcoming-feature DisableOutwardActorInference -enable-upcoming-feature GlobalActorIsolatedTypesUsability -enable-upcoming-feature InferSendableFromCaptures
Resolve Package Graph
Resolved source packages:
  SFSymbols: /Users/admin/builder/spi-builder-workspace
ComputePackagePrebuildTargetDependencyGraph
Prepare packages
CreateBuildRequest
SendProjectDescription
CreateBuildOperation
ComputeTargetDependencyGraph
note: Building targets in dependency order
note: Target dependency graph (2 targets)
    Target 'SFSymbols' in project 'SFSymbols'
        ➜ Explicit dependency on target 'SFSymbols' in project 'SFSymbols'
    Target 'SFSymbols' in project 'SFSymbols' (no dependencies)
GatherProvisioningInputs
CreateBuildDescription
ExecuteExternalTool /Applications/Xcode-16.3.0.app/Contents/Developer/Toolchains/XcodeDefault.xctoolchain/usr/bin/clang -v -E -dM -isysroot /Applications/Xcode-16.3.0.app/Contents/Developer/Platforms/WatchOS.platform/Developer/SDKs/WatchOS11.4.sdk -x c -c /dev/null
ExecuteExternalTool /Applications/Xcode-16.3.0.app/Contents/Developer/Toolchains/XcodeDefault.xctoolchain/usr/bin/swiftc --version
ExecuteExternalTool /Applications/Xcode-16.3.0.app/Contents/Developer/Toolchains/XcodeDefault.xctoolchain/usr/bin/ld -version_details
Build description signature: ce460384cd77cf59d5a9fa1e0d043138
Build description path: /Users/admin/builder/spi-builder-workspace/.derivedData/Build/Intermediates.noindex/XCBuildData/ce460384cd77cf59d5a9fa1e0d043138.xcbuilddata
ClangStatCache /Applications/Xcode-16.3.0.app/Contents/Developer/Toolchains/XcodeDefault.xctoolchain/usr/bin/clang-stat-cache /Applications/Xcode-16.3.0.app/Contents/Developer/Platforms/WatchOS.platform/Developer/SDKs/WatchOS11.4.sdk /Users/admin/builder/spi-builder-workspace/.derivedData/SDKStatCaches.noindex/watchos11.4-22T246-43efb940ff07ba2497b70ec94253f576.sdkstatcache
    cd /Users/admin/builder/spi-builder-workspace/.swiftpm/xcode
    /Applications/Xcode-16.3.0.app/Contents/Developer/Toolchains/XcodeDefault.xctoolchain/usr/bin/clang-stat-cache /Applications/Xcode-16.3.0.app/Contents/Developer/Platforms/WatchOS.platform/Developer/SDKs/WatchOS11.4.sdk -o /Users/admin/builder/spi-builder-workspace/.derivedData/SDKStatCaches.noindex/watchos11.4-22T246-43efb940ff07ba2497b70ec94253f576.sdkstatcache
CreateBuildDirectory /Users/admin/builder/spi-builder-workspace/.derivedData/Build/Intermediates.noindex
    cd /Users/admin/builder/spi-builder-workspace/.swiftpm/xcode
    builtin-create-build-directory /Users/admin/builder/spi-builder-workspace/.derivedData/Build/Intermediates.noindex
CreateBuildDirectory /Users/admin/builder/spi-builder-workspace/.derivedData/Build/Products
    cd /Users/admin/builder/spi-builder-workspace/.swiftpm/xcode
    builtin-create-build-directory /Users/admin/builder/spi-builder-workspace/.derivedData/Build/Products
CreateBuildDirectory /Users/admin/builder/spi-builder-workspace/.derivedData/Build/Intermediates.noindex/EagerLinkingTBDs/Debug-watchos
    cd /Users/admin/builder/spi-builder-workspace/.swiftpm/xcode
    builtin-create-build-directory /Users/admin/builder/spi-builder-workspace/.derivedData/Build/Intermediates.noindex/EagerLinkingTBDs/Debug-watchos
CreateBuildDirectory /Users/admin/builder/spi-builder-workspace/.derivedData/Build/Products/Debug-watchos
    cd /Users/admin/builder/spi-builder-workspace/.swiftpm/xcode
    builtin-create-build-directory /Users/admin/builder/spi-builder-workspace/.derivedData/Build/Products/Debug-watchos
CreateBuildDirectory /Users/admin/builder/spi-builder-workspace/.derivedData/Build/Products/Debug-watchos/PackageFrameworks
    cd /Users/admin/builder/spi-builder-workspace/.swiftpm/xcode
    builtin-create-build-directory /Users/admin/builder/spi-builder-workspace/.derivedData/Build/Products/Debug-watchos/PackageFrameworks
WriteAuxiliaryFile /Users/admin/builder/spi-builder-workspace/.derivedData/Build/Intermediates.noindex/SFSymbols.build/Debug-watchos/SFSymbols.build/SFSymbols.modulemap (in target 'SFSymbols' from project 'SFSymbols')
    cd /Users/admin/builder/spi-builder-workspace
    write-file /Users/admin/builder/spi-builder-workspace/.derivedData/Build/Intermediates.noindex/SFSymbols.build/Debug-watchos/SFSymbols.build/SFSymbols.modulemap
WriteAuxiliaryFile /Users/admin/builder/spi-builder-workspace/.derivedData/Build/Intermediates.noindex/SFSymbols.build/Debug-watchos/SFSymbols.build/SFSymbols.DependencyMetadataFileList (in target 'SFSymbols' from project 'SFSymbols')
    cd /Users/admin/builder/spi-builder-workspace
    write-file /Users/admin/builder/spi-builder-workspace/.derivedData/Build/Intermediates.noindex/SFSymbols.build/Debug-watchos/SFSymbols.build/SFSymbols.DependencyMetadataFileList
WriteAuxiliaryFile /Users/admin/builder/spi-builder-workspace/.derivedData/Build/Intermediates.noindex/SFSymbols.build/Debug-watchos/SFSymbols.build/SFSymbols.DependencyStaticMetadataFileList (in target 'SFSymbols' from project 'SFSymbols')
    cd /Users/admin/builder/spi-builder-workspace
    write-file /Users/admin/builder/spi-builder-workspace/.derivedData/Build/Intermediates.noindex/SFSymbols.build/Debug-watchos/SFSymbols.build/SFSymbols.DependencyStaticMetadataFileList
WriteAuxiliaryFile /Users/admin/builder/spi-builder-workspace/.derivedData/Build/Intermediates.noindex/SFSymbols.build/Debug-watchos/SFSymbols.build/Objects-normal/armv7k/SFSymbols_const_extract_protocols.json (in target 'SFSymbols' from project 'SFSymbols')
    cd /Users/admin/builder/spi-builder-workspace
    write-file /Users/admin/builder/spi-builder-workspace/.derivedData/Build/Intermediates.noindex/SFSymbols.build/Debug-watchos/SFSymbols.build/Objects-normal/armv7k/SFSymbols_const_extract_protocols.json
WriteAuxiliaryFile /Users/admin/builder/spi-builder-workspace/.derivedData/Build/Intermediates.noindex/SFSymbols.build/Debug-watchos/SFSymbols.build/Objects-normal/armv7k/SFSymbols.SwiftFileList (in target 'SFSymbols' from project 'SFSymbols')
    cd /Users/admin/builder/spi-builder-workspace
    write-file /Users/admin/builder/spi-builder-workspace/.derivedData/Build/Intermediates.noindex/SFSymbols.build/Debug-watchos/SFSymbols.build/Objects-normal/armv7k/SFSymbols.SwiftFileList
WriteAuxiliaryFile /Users/admin/builder/spi-builder-workspace/.derivedData/Build/Intermediates.noindex/SFSymbols.build/Debug-watchos/SFSymbols.build/Objects-normal/armv7k/SFSymbols-OutputFileMap.json (in target 'SFSymbols' from project 'SFSymbols')
    cd /Users/admin/builder/spi-builder-workspace
    write-file /Users/admin/builder/spi-builder-workspace/.derivedData/Build/Intermediates.noindex/SFSymbols.build/Debug-watchos/SFSymbols.build/Objects-normal/armv7k/SFSymbols-OutputFileMap.json
WriteAuxiliaryFile /Users/admin/builder/spi-builder-workspace/.derivedData/Build/Intermediates.noindex/SFSymbols.build/Debug-watchos/SFSymbols.build/Objects-normal/armv7k/SFSymbols.SwiftConstValuesFileList (in target 'SFSymbols' from project 'SFSymbols')
    cd /Users/admin/builder/spi-builder-workspace
    write-file /Users/admin/builder/spi-builder-workspace/.derivedData/Build/Intermediates.noindex/SFSymbols.build/Debug-watchos/SFSymbols.build/Objects-normal/armv7k/SFSymbols.SwiftConstValuesFileList
WriteAuxiliaryFile /Users/admin/builder/spi-builder-workspace/.derivedData/Build/Intermediates.noindex/SFSymbols.build/Debug-watchos/SFSymbols.build/Objects-normal/arm64_32/SFSymbols_const_extract_protocols.json (in target 'SFSymbols' from project 'SFSymbols')
    cd /Users/admin/builder/spi-builder-workspace
    write-file /Users/admin/builder/spi-builder-workspace/.derivedData/Build/Intermediates.noindex/SFSymbols.build/Debug-watchos/SFSymbols.build/Objects-normal/arm64_32/SFSymbols_const_extract_protocols.json
WriteAuxiliaryFile /Users/admin/builder/spi-builder-workspace/.derivedData/Build/Intermediates.noindex/SFSymbols.build/Debug-watchos/SFSymbols.build/Objects-normal/armv7k/SFSymbols.LinkFileList (in target 'SFSymbols' from project 'SFSymbols')
    cd /Users/admin/builder/spi-builder-workspace
    write-file /Users/admin/builder/spi-builder-workspace/.derivedData/Build/Intermediates.noindex/SFSymbols.build/Debug-watchos/SFSymbols.build/Objects-normal/armv7k/SFSymbols.LinkFileList
WriteAuxiliaryFile /Users/admin/builder/spi-builder-workspace/.derivedData/Build/Intermediates.noindex/SFSymbols.build/Debug-watchos/SFSymbols.build/Objects-normal/arm64_32/SFSymbols.SwiftConstValuesFileList (in target 'SFSymbols' from project 'SFSymbols')
    cd /Users/admin/builder/spi-builder-workspace
    write-file /Users/admin/builder/spi-builder-workspace/.derivedData/Build/Intermediates.noindex/SFSymbols.build/Debug-watchos/SFSymbols.build/Objects-normal/arm64_32/SFSymbols.SwiftConstValuesFileList
WriteAuxiliaryFile /Users/admin/builder/spi-builder-workspace/.derivedData/Build/Intermediates.noindex/SFSymbols.build/Debug-watchos/SFSymbols.build/Objects-normal/arm64_32/SFSymbols.SwiftFileList (in target 'SFSymbols' from project 'SFSymbols')
    cd /Users/admin/builder/spi-builder-workspace
    write-file /Users/admin/builder/spi-builder-workspace/.derivedData/Build/Intermediates.noindex/SFSymbols.build/Debug-watchos/SFSymbols.build/Objects-normal/arm64_32/SFSymbols.SwiftFileList
WriteAuxiliaryFile /Users/admin/builder/spi-builder-workspace/.derivedData/Build/Intermediates.noindex/SFSymbols.build/Debug-watchos/SFSymbols.build/Objects-normal/arm64_32/SFSymbols.LinkFileList (in target 'SFSymbols' from project 'SFSymbols')
    cd /Users/admin/builder/spi-builder-workspace
    write-file /Users/admin/builder/spi-builder-workspace/.derivedData/Build/Intermediates.noindex/SFSymbols.build/Debug-watchos/SFSymbols.build/Objects-normal/arm64_32/SFSymbols.LinkFileList
WriteAuxiliaryFile /Users/admin/builder/spi-builder-workspace/.derivedData/Build/Intermediates.noindex/SFSymbols.build/Debug-watchos/SFSymbols.build/Objects-normal/arm64_32/SFSymbols-OutputFileMap.json (in target 'SFSymbols' from project 'SFSymbols')
    cd /Users/admin/builder/spi-builder-workspace
    write-file /Users/admin/builder/spi-builder-workspace/.derivedData/Build/Intermediates.noindex/SFSymbols.build/Debug-watchos/SFSymbols.build/Objects-normal/arm64_32/SFSymbols-OutputFileMap.json
WriteAuxiliaryFile /Users/admin/builder/spi-builder-workspace/.derivedData/Build/Intermediates.noindex/SFSymbols.build/Debug-watchos/SFSymbols.build/Objects-normal/arm64/SFSymbols_const_extract_protocols.json (in target 'SFSymbols' from project 'SFSymbols')
    cd /Users/admin/builder/spi-builder-workspace
    write-file /Users/admin/builder/spi-builder-workspace/.derivedData/Build/Intermediates.noindex/SFSymbols.build/Debug-watchos/SFSymbols.build/Objects-normal/arm64/SFSymbols_const_extract_protocols.json
WriteAuxiliaryFile /Users/admin/builder/spi-builder-workspace/.derivedData/Build/Intermediates.noindex/SFSymbols.build/Debug-watchos/SFSymbols.build/Objects-normal/arm64/SFSymbols.SwiftFileList (in target 'SFSymbols' from project 'SFSymbols')
    cd /Users/admin/builder/spi-builder-workspace
    write-file /Users/admin/builder/spi-builder-workspace/.derivedData/Build/Intermediates.noindex/SFSymbols.build/Debug-watchos/SFSymbols.build/Objects-normal/arm64/SFSymbols.SwiftFileList
WriteAuxiliaryFile /Users/admin/builder/spi-builder-workspace/.derivedData/Build/Intermediates.noindex/SFSymbols.build/Debug-watchos/SFSymbols.build/Objects-normal/arm64/SFSymbols.SwiftConstValuesFileList (in target 'SFSymbols' from project 'SFSymbols')
    cd /Users/admin/builder/spi-builder-workspace
    write-file /Users/admin/builder/spi-builder-workspace/.derivedData/Build/Intermediates.noindex/SFSymbols.build/Debug-watchos/SFSymbols.build/Objects-normal/arm64/SFSymbols.SwiftConstValuesFileList
WriteAuxiliaryFile /Users/admin/builder/spi-builder-workspace/.derivedData/Build/Intermediates.noindex/SFSymbols.build/Debug-watchos/SFSymbols.build/Objects-normal/arm64/SFSymbols.LinkFileList (in target 'SFSymbols' from project 'SFSymbols')
    cd /Users/admin/builder/spi-builder-workspace
    write-file /Users/admin/builder/spi-builder-workspace/.derivedData/Build/Intermediates.noindex/SFSymbols.build/Debug-watchos/SFSymbols.build/Objects-normal/arm64/SFSymbols.LinkFileList
WriteAuxiliaryFile /Users/admin/builder/spi-builder-workspace/.derivedData/Build/Intermediates.noindex/SFSymbols.build/Debug-watchos/SFSymbols.build/Objects-normal/arm64/SFSymbols-OutputFileMap.json (in target 'SFSymbols' from project 'SFSymbols')
    cd /Users/admin/builder/spi-builder-workspace
    write-file /Users/admin/builder/spi-builder-workspace/.derivedData/Build/Intermediates.noindex/SFSymbols.build/Debug-watchos/SFSymbols.build/Objects-normal/arm64/SFSymbols-OutputFileMap.json
Copy /Users/admin/builder/spi-builder-workspace/.derivedData/Build/Intermediates.noindex/GeneratedModuleMaps-watchos/SFSymbols.modulemap /Users/admin/builder/spi-builder-workspace/.derivedData/Build/Intermediates.noindex/SFSymbols.build/Debug-watchos/SFSymbols.build/SFSymbols.modulemap (in target 'SFSymbols' from project 'SFSymbols')
    cd /Users/admin/builder/spi-builder-workspace
    builtin-copy -exclude .DS_Store -exclude CVS -exclude .svn -exclude .git -exclude .hg -resolve-src-symlinks /Users/admin/builder/spi-builder-workspace/.derivedData/Build/Intermediates.noindex/SFSymbols.build/Debug-watchos/SFSymbols.build/SFSymbols.modulemap /Users/admin/builder/spi-builder-workspace/.derivedData/Build/Intermediates.noindex/GeneratedModuleMaps-watchos
SwiftDriver SFSymbols normal arm64_32 com.apple.xcode.tools.swift.compiler (in target 'SFSymbols' from project 'SFSymbols')
    cd /Users/admin/builder/spi-builder-workspace/.swiftpm/xcode
    builtin-SwiftDriver -- /Applications/Xcode-16.3.0.app/Contents/Developer/Toolchains/XcodeDefault.xctoolchain/usr/bin/swiftc -module-name SFSymbols -Onone -enforce-exclusivity\=checked @/Users/admin/builder/spi-builder-workspace/.derivedData/Build/Intermediates.noindex/SFSymbols.build/Debug-watchos/SFSymbols.build/Objects-normal/arm64_32/SFSymbols.SwiftFileList -DSWIFT_PACKAGE -DDEBUG -stats-output-dir .stats -strict-concurrency\=complete -enable-upcoming-feature StrictConcurrency -enable-upcoming-feature DisableOutwardActorInference -enable-upcoming-feature GlobalActorIsolatedTypesUsability -enable-upcoming-feature InferSendableFromCaptures -plugin-path /Applications/Xcode-16.3.0.app/Contents/Developer/Toolchains/XcodeDefault.xctoolchain/usr/lib/swift/host/plugins/testing -enable-experimental-feature DebugDescriptionMacro -sdk /Applications/Xcode-16.3.0.app/Contents/Developer/Platforms/WatchOS.platform/Developer/SDKs/WatchOS11.4.sdk -target arm64_32-apple-watchos4.0 -g -module-cache-path /Users/admin/builder/spi-builder-workspace/.derivedData/ModuleCache.noindex -Xfrontend -serialize-debugging-options -profile-coverage-mapping -profile-generate -enable-testing -index-store-path /Users/admin/builder/spi-builder-workspace/.derivedData/Index.noindex/DataStore -swift-version 5 -I /Users/admin/builder/spi-builder-workspace/.derivedData/Build/Products/Debug-watchos -I /Applications/Xcode-16.3.0.app/Contents/Developer/Platforms/WatchOS.platform/Developer/usr/lib -F /Users/admin/builder/spi-builder-workspace/.derivedData/Build/Products/Debug-watchos -F /Applications/Xcode-16.3.0.app/Contents/Developer/Platforms/WatchOS.platform/Developer/Library/Frameworks -F /Applications/Xcode-16.3.0.app/Contents/Developer/Platforms/WatchOS.platform/Developer/SDKs/WatchOS11.4.sdk/Developer/Library/Frameworks -c -j10 -enable-batch-mode -incremental -Xcc -ivfsstatcache -Xcc /Users/admin/builder/spi-builder-workspace/.derivedData/SDKStatCaches.noindex/watchos11.4-22T246-43efb940ff07ba2497b70ec94253f576.sdkstatcache -output-file-map /Users/admin/builder/spi-builder-workspace/.derivedData/Build/Intermediates.noindex/SFSymbols.build/Debug-watchos/SFSymbols.build/Objects-normal/arm64_32/SFSymbols-OutputFileMap.json -use-frontend-parseable-output -save-temps -no-color-diagnostics -serialize-diagnostics -emit-dependencies -emit-module -emit-module-path /Users/admin/builder/spi-builder-workspace/.derivedData/Build/Intermediates.noindex/SFSymbols.build/Debug-watchos/SFSymbols.build/Objects-normal/arm64_32/SFSymbols.swiftmodule -validate-clang-modules-once -clang-build-session-file /Users/admin/builder/spi-builder-workspace/.derivedData/ModuleCache.noindex/Session.modulevalidation -Xcc -I/Users/admin/builder/spi-builder-workspace/.derivedData/Build/Intermediates.noindex/SFSymbols.build/Debug-watchos/SFSymbols.build/swift-overrides.hmap -emit-const-values -Xfrontend -const-gather-protocols-file -Xfrontend /Users/admin/builder/spi-builder-workspace/.derivedData/Build/Intermediates.noindex/SFSymbols.build/Debug-watchos/SFSymbols.build/Objects-normal/arm64_32/SFSymbols_const_extract_protocols.json -Xcc -I/Users/admin/builder/spi-builder-workspace/.derivedData/Build/Products/Debug-watchos/include -Xcc -I/Users/admin/builder/spi-builder-workspace/.derivedData/Build/Intermediates.noindex/SFSymbols.build/Debug-watchos/SFSymbols.build/DerivedSources-normal/arm64_32 -Xcc -I/Users/admin/builder/spi-builder-workspace/.derivedData/Build/Intermediates.noindex/SFSymbols.build/Debug-watchos/SFSymbols.build/DerivedSources/arm64_32 -Xcc -I/Users/admin/builder/spi-builder-workspace/.derivedData/Build/Intermediates.noindex/SFSymbols.build/Debug-watchos/SFSymbols.build/DerivedSources -Xcc -DSWIFT_PACKAGE -Xcc -DDEBUG\=1 -emit-objc-header -emit-objc-header-path /Users/admin/builder/spi-builder-workspace/.derivedData/Build/Intermediates.noindex/SFSymbols.build/Debug-watchos/SFSymbols.build/Objects-normal/arm64_32/SFSymbols-Swift.h -working-directory /Users/admin/builder/spi-builder-workspace/.swiftpm/xcode -experimental-emit-module-separately -disable-cmo
SwiftDriver SFSymbols normal armv7k com.apple.xcode.tools.swift.compiler (in target 'SFSymbols' from project 'SFSymbols')
    cd /Users/admin/builder/spi-builder-workspace/.swiftpm/xcode
    builtin-SwiftDriver -- /Applications/Xcode-16.3.0.app/Contents/Developer/Toolchains/XcodeDefault.xctoolchain/usr/bin/swiftc -module-name SFSymbols -Onone -enforce-exclusivity\=checked @/Users/admin/builder/spi-builder-workspace/.derivedData/Build/Intermediates.noindex/SFSymbols.build/Debug-watchos/SFSymbols.build/Objects-normal/armv7k/SFSymbols.SwiftFileList -DSWIFT_PACKAGE -DDEBUG -stats-output-dir .stats -strict-concurrency\=complete -enable-upcoming-feature StrictConcurrency -enable-upcoming-feature DisableOutwardActorInference -enable-upcoming-feature GlobalActorIsolatedTypesUsability -enable-upcoming-feature InferSendableFromCaptures -plugin-path /Applications/Xcode-16.3.0.app/Contents/Developer/Toolchains/XcodeDefault.xctoolchain/usr/lib/swift/host/plugins/testing -enable-experimental-feature DebugDescriptionMacro -sdk /Applications/Xcode-16.3.0.app/Contents/Developer/Platforms/WatchOS.platform/Developer/SDKs/WatchOS11.4.sdk -target armv7k-apple-watchos4.0 -g -module-cache-path /Users/admin/builder/spi-builder-workspace/.derivedData/ModuleCache.noindex -Xfrontend -serialize-debugging-options -profile-coverage-mapping -profile-generate -enable-testing -index-store-path /Users/admin/builder/spi-builder-workspace/.derivedData/Index.noindex/DataStore -swift-version 5 -I /Users/admin/builder/spi-builder-workspace/.derivedData/Build/Products/Debug-watchos -I /Applications/Xcode-16.3.0.app/Contents/Developer/Platforms/WatchOS.platform/Developer/usr/lib -F /Users/admin/builder/spi-builder-workspace/.derivedData/Build/Products/Debug-watchos -F /Applications/Xcode-16.3.0.app/Contents/Developer/Platforms/WatchOS.platform/Developer/Library/Frameworks -F /Applications/Xcode-16.3.0.app/Contents/Developer/Platforms/WatchOS.platform/Developer/SDKs/WatchOS11.4.sdk/Developer/Library/Frameworks -c -j10 -enable-batch-mode -incremental -Xcc -ivfsstatcache -Xcc /Users/admin/builder/spi-builder-workspace/.derivedData/SDKStatCaches.noindex/watchos11.4-22T246-43efb940ff07ba2497b70ec94253f576.sdkstatcache -output-file-map /Users/admin/builder/spi-builder-workspace/.derivedData/Build/Intermediates.noindex/SFSymbols.build/Debug-watchos/SFSymbols.build/Objects-normal/armv7k/SFSymbols-OutputFileMap.json -use-frontend-parseable-output -save-temps -no-color-diagnostics -serialize-diagnostics -emit-dependencies -emit-module -emit-module-path /Users/admin/builder/spi-builder-workspace/.derivedData/Build/Intermediates.noindex/SFSymbols.build/Debug-watchos/SFSymbols.build/Objects-normal/armv7k/SFSymbols.swiftmodule -validate-clang-modules-once -clang-build-session-file /Users/admin/builder/spi-builder-workspace/.derivedData/ModuleCache.noindex/Session.modulevalidation -Xcc -I/Users/admin/builder/spi-builder-workspace/.derivedData/Build/Intermediates.noindex/SFSymbols.build/Debug-watchos/SFSymbols.build/swift-overrides.hmap -emit-const-values -Xfrontend -const-gather-protocols-file -Xfrontend /Users/admin/builder/spi-builder-workspace/.derivedData/Build/Intermediates.noindex/SFSymbols.build/Debug-watchos/SFSymbols.build/Objects-normal/armv7k/SFSymbols_const_extract_protocols.json -Xcc -I/Users/admin/builder/spi-builder-workspace/.derivedData/Build/Products/Debug-watchos/include -Xcc -I/Users/admin/builder/spi-builder-workspace/.derivedData/Build/Intermediates.noindex/SFSymbols.build/Debug-watchos/SFSymbols.build/DerivedSources-normal/armv7k -Xcc -I/Users/admin/builder/spi-builder-workspace/.derivedData/Build/Intermediates.noindex/SFSymbols.build/Debug-watchos/SFSymbols.build/DerivedSources/armv7k -Xcc -I/Users/admin/builder/spi-builder-workspace/.derivedData/Build/Intermediates.noindex/SFSymbols.build/Debug-watchos/SFSymbols.build/DerivedSources -Xcc -DSWIFT_PACKAGE -Xcc -DDEBUG\=1 -emit-objc-header -emit-objc-header-path /Users/admin/builder/spi-builder-workspace/.derivedData/Build/Intermediates.noindex/SFSymbols.build/Debug-watchos/SFSymbols.build/Objects-normal/armv7k/SFSymbols-Swift.h -working-directory /Users/admin/builder/spi-builder-workspace/.swiftpm/xcode -experimental-emit-module-separately -disable-cmo
SwiftDriver SFSymbols normal arm64 com.apple.xcode.tools.swift.compiler (in target 'SFSymbols' from project 'SFSymbols')
    cd /Users/admin/builder/spi-builder-workspace/.swiftpm/xcode
    builtin-SwiftDriver -- /Applications/Xcode-16.3.0.app/Contents/Developer/Toolchains/XcodeDefault.xctoolchain/usr/bin/swiftc -module-name SFSymbols -Onone -enforce-exclusivity\=checked @/Users/admin/builder/spi-builder-workspace/.derivedData/Build/Intermediates.noindex/SFSymbols.build/Debug-watchos/SFSymbols.build/Objects-normal/arm64/SFSymbols.SwiftFileList -DSWIFT_PACKAGE -DDEBUG -stats-output-dir .stats -strict-concurrency\=complete -enable-upcoming-feature StrictConcurrency -enable-upcoming-feature DisableOutwardActorInference -enable-upcoming-feature GlobalActorIsolatedTypesUsability -enable-upcoming-feature InferSendableFromCaptures -plugin-path /Applications/Xcode-16.3.0.app/Contents/Developer/Toolchains/XcodeDefault.xctoolchain/usr/lib/swift/host/plugins/testing -enable-experimental-feature DebugDescriptionMacro -sdk /Applications/Xcode-16.3.0.app/Contents/Developer/Platforms/WatchOS.platform/Developer/SDKs/WatchOS11.4.sdk -target arm64-apple-watchos4.0 -g -module-cache-path /Users/admin/builder/spi-builder-workspace/.derivedData/ModuleCache.noindex -Xfrontend -serialize-debugging-options -profile-coverage-mapping -profile-generate -enable-testing -index-store-path /Users/admin/builder/spi-builder-workspace/.derivedData/Index.noindex/DataStore -swift-version 5 -I /Users/admin/builder/spi-builder-workspace/.derivedData/Build/Products/Debug-watchos -I /Applications/Xcode-16.3.0.app/Contents/Developer/Platforms/WatchOS.platform/Developer/usr/lib -F /Users/admin/builder/spi-builder-workspace/.derivedData/Build/Products/Debug-watchos -F /Applications/Xcode-16.3.0.app/Contents/Developer/Platforms/WatchOS.platform/Developer/Library/Frameworks -F /Applications/Xcode-16.3.0.app/Contents/Developer/Platforms/WatchOS.platform/Developer/SDKs/WatchOS11.4.sdk/Developer/Library/Frameworks -c -j10 -enable-batch-mode -incremental -Xcc -ivfsstatcache -Xcc /Users/admin/builder/spi-builder-workspace/.derivedData/SDKStatCaches.noindex/watchos11.4-22T246-43efb940ff07ba2497b70ec94253f576.sdkstatcache -output-file-map /Users/admin/builder/spi-builder-workspace/.derivedData/Build/Intermediates.noindex/SFSymbols.build/Debug-watchos/SFSymbols.build/Objects-normal/arm64/SFSymbols-OutputFileMap.json -use-frontend-parseable-output -save-temps -no-color-diagnostics -serialize-diagnostics -emit-dependencies -emit-module -emit-module-path /Users/admin/builder/spi-builder-workspace/.derivedData/Build/Intermediates.noindex/SFSymbols.build/Debug-watchos/SFSymbols.build/Objects-normal/arm64/SFSymbols.swiftmodule -validate-clang-modules-once -clang-build-session-file /Users/admin/builder/spi-builder-workspace/.derivedData/ModuleCache.noindex/Session.modulevalidation -Xcc -I/Users/admin/builder/spi-builder-workspace/.derivedData/Build/Intermediates.noindex/SFSymbols.build/Debug-watchos/SFSymbols.build/swift-overrides.hmap -emit-const-values -Xfrontend -const-gather-protocols-file -Xfrontend /Users/admin/builder/spi-builder-workspace/.derivedData/Build/Intermediates.noindex/SFSymbols.build/Debug-watchos/SFSymbols.build/Objects-normal/arm64/SFSymbols_const_extract_protocols.json -Xcc -I/Users/admin/builder/spi-builder-workspace/.derivedData/Build/Products/Debug-watchos/include -Xcc -I/Users/admin/builder/spi-builder-workspace/.derivedData/Build/Intermediates.noindex/SFSymbols.build/Debug-watchos/SFSymbols.build/DerivedSources-normal/arm64 -Xcc -I/Users/admin/builder/spi-builder-workspace/.derivedData/Build/Intermediates.noindex/SFSymbols.build/Debug-watchos/SFSymbols.build/DerivedSources/arm64 -Xcc -I/Users/admin/builder/spi-builder-workspace/.derivedData/Build/Intermediates.noindex/SFSymbols.build/Debug-watchos/SFSymbols.build/DerivedSources -Xcc -DSWIFT_PACKAGE -Xcc -DDEBUG\=1 -emit-objc-header -emit-objc-header-path /Users/admin/builder/spi-builder-workspace/.derivedData/Build/Intermediates.noindex/SFSymbols.build/Debug-watchos/SFSymbols.build/Objects-normal/arm64/SFSymbols-Swift.h -working-directory /Users/admin/builder/spi-builder-workspace/.swiftpm/xcode -experimental-emit-module-separately -disable-cmo
SwiftCompile normal arm64 Compiling\ Button+SFSymbol.swift,\ Image+SFSymbol.swift /Users/admin/builder/spi-builder-workspace/Sources/SFSymbols/Extensions/SwiftUI/Button+SFSymbol.swift /Users/admin/builder/spi-builder-workspace/Sources/SFSymbols/Extensions/SwiftUI/Image+SFSymbol.swift (in target 'SFSymbols' from project 'SFSymbols')
SwiftCompile normal arm64 /Users/admin/builder/spi-builder-workspace/Sources/SFSymbols/Extensions/SwiftUI/Button+SFSymbol.swift (in target 'SFSymbols' from project 'SFSymbols')
    cd /Users/admin/builder/spi-builder-workspace/.swiftpm/xcode

SwiftCompile normal arm64 /Users/admin/builder/spi-builder-workspace/Sources/SFSymbols/Extensions/SwiftUI/Image+SFSymbol.swift (in target 'SFSymbols' from project 'SFSymbols')
    cd /Users/admin/builder/spi-builder-workspace/.swiftpm/xcode

SwiftCompile normal arm64 Compiling\ SFSymbol+Version6.swift,\ SFSymbol+Version7.swift /Users/admin/builder/spi-builder-workspace/Sources/SFSymbols/SFSymbol/SFSymbol+Version6.swift /Users/admin/builder/spi-builder-workspace/Sources/SFSymbols/SFSymbol/SFSymbol+Version7.swift (in target 'SFSymbols' from project 'SFSymbols')
SwiftCompile normal arm64 /Users/admin/builder/spi-builder-workspace/Sources/SFSymbols/SFSymbol/SFSymbol+Version6.swift (in target 'SFSymbols' from project 'SFSymbols')
    cd /Users/admin/builder/spi-builder-workspace/.swiftpm/xcode

/Users/admin/builder/spi-builder-workspace/Sources/SFSymbols/SFSymbol/SFSymbol+Version6.swift:7:23: warning: static property 'sfSymbolsV6' is not concurrency-safe because it is nonisolated global shared mutable state; this is an error in the Swift 6 language mode
    public static var sfSymbolsV6: [SFSymbol] = [
                      ^
/Users/admin/builder/spi-builder-workspace/Sources/SFSymbols/SFSymbol/SFSymbol+Version6.swift:7:23: note: convert 'sfSymbolsV6' to a 'let' constant to make 'Sendable' shared state immutable
    public static var sfSymbolsV6: [SFSymbol] = [
                  ~~~ ^
                  let
/Users/admin/builder/spi-builder-workspace/Sources/SFSymbols/SFSymbol/SFSymbol+Version6.swift:7:23: note: add '@MainActor' to make static property 'sfSymbolsV6' part of global actor 'MainActor'
    public static var sfSymbolsV6: [SFSymbol] = [
                      ^
/Users/admin/builder/spi-builder-workspace/Sources/SFSymbols/SFSymbol/SFSymbol+Version6.swift:7:23: note: disable concurrency-safety checks if accesses are protected by an external synchronization mechanism
    public static var sfSymbolsV6: [SFSymbol] = [
                      ^
    nonisolated(unsafe)
SwiftCompile normal arm64 /Users/admin/builder/spi-builder-workspace/Sources/SFSymbols/SFSymbol/SFSymbol+Version7.swift (in target 'SFSymbols' from project 'SFSymbols')
    cd /Users/admin/builder/spi-builder-workspace/.swiftpm/xcode

/Users/admin/builder/spi-builder-workspace/Sources/SFSymbols/SFSymbol/SFSymbol+Version7.swift:14:23: warning: static property 'sfSymbolsV7' is not concurrency-safe because it is nonisolated global shared mutable state; this is an error in the Swift 6 language mode
    public static var sfSymbolsV7: [SFSymbol] = [
                      ^
/Users/admin/builder/spi-builder-workspace/Sources/SFSymbols/SFSymbol/SFSymbol+Version7.swift:14:23: note: convert 'sfSymbolsV7' to a 'let' constant to make 'Sendable' shared state immutable
    public static var sfSymbolsV7: [SFSymbol] = [
                  ~~~ ^
                  let
/Users/admin/builder/spi-builder-workspace/Sources/SFSymbols/SFSymbol/SFSymbol+Version7.swift:14:23: note: add '@MainActor' to make static property 'sfSymbolsV7' part of global actor 'MainActor'
    public static var sfSymbolsV7: [SFSymbol] = [
                      ^
/Users/admin/builder/spi-builder-workspace/Sources/SFSymbols/SFSymbol/SFSymbol+Version7.swift:14:23: note: disable concurrency-safety checks if accesses are protected by an external synchronization mechanism
    public static var sfSymbolsV7: [SFSymbol] = [
                      ^
    nonisolated(unsafe)
SwiftCompile normal arm64 Compiling\ SFSymbol+Version4.swift,\ SFSymbol+Version5.swift /Users/admin/builder/spi-builder-workspace/Sources/SFSymbols/SFSymbol/SFSymbol+Version4.swift /Users/admin/builder/spi-builder-workspace/Sources/SFSymbols/SFSymbol/SFSymbol+Version5.swift (in target 'SFSymbols' from project 'SFSymbols')
SwiftCompile normal arm64 /Users/admin/builder/spi-builder-workspace/Sources/SFSymbols/SFSymbol/SFSymbol+Version4.swift (in target 'SFSymbols' from project 'SFSymbols')
    cd /Users/admin/builder/spi-builder-workspace/.swiftpm/xcode

SwiftCompile normal arm64 /Users/admin/builder/spi-builder-workspace/Sources/SFSymbols/SFSymbol/SFSymbol+Version5.swift (in target 'SFSymbols' from project 'SFSymbols')
    cd /Users/admin/builder/spi-builder-workspace/.swiftpm/xcode

SwiftEmitModule normal arm64 Emitting\ module\ for\ SFSymbols (in target 'SFSymbols' from project 'SFSymbols')
EmitSwiftModule normal arm64 (in target 'SFSymbols' from project 'SFSymbols')
    cd /Users/admin/builder/spi-builder-workspace/.swiftpm/xcode

SwiftEmitModule normal armv7k Emitting\ module\ for\ SFSymbols (in target 'SFSymbols' from project 'SFSymbols')
EmitSwiftModule normal armv7k (in target 'SFSymbols' from project 'SFSymbols')
    cd /Users/admin/builder/spi-builder-workspace/.swiftpm/xcode

SwiftCompile normal arm64 Compiling\ UIApplicationShortcutIcon+SFSymbol.swift,\ UIButton+SFSymbol.swift /Users/admin/builder/spi-builder-workspace/Sources/SFSymbols/Extensions/UIKit/UIApplicationShortcutIcon+SFSymbol.swift /Users/admin/builder/spi-builder-workspace/Sources/SFSymbols/Extensions/UIKit/UIButton+SFSymbol.swift (in target 'SFSymbols' from project 'SFSymbols')
SwiftCompile normal arm64 /Users/admin/builder/spi-builder-workspace/Sources/SFSymbols/Extensions/UIKit/UIApplicationShortcutIcon+SFSymbol.swift (in target 'SFSymbols' from project 'SFSymbols')
    cd /Users/admin/builder/spi-builder-workspace/.swiftpm/xcode

/Users/admin/builder/spi-builder-workspace/Sources/SFSymbols/Extensions/UIKit/UIApplicationShortcutIcon+SFSymbol.swift:4:11: error: cannot find type 'UIApplicationShortcutIcon' in scope
extension UIApplicationShortcutIcon {
          ^~~~~~~~~~~~~~~~~~~~~~~~~
SwiftCompile normal arm64 /Users/admin/builder/spi-builder-workspace/Sources/SFSymbols/Extensions/UIKit/UIButton+SFSymbol.swift (in target 'SFSymbols' from project 'SFSymbols')
    cd /Users/admin/builder/spi-builder-workspace/.swiftpm/xcode

/Users/admin/builder/spi-builder-workspace/Sources/SFSymbols/Extensions/UIKit/UIButton+SFSymbol.swift:5:18: error: cannot find type 'UIButton' in scope
public extension UIButton {
                 ^~~~~~~~
/Users/admin/builder/spi-builder-workspace/Sources/SFSymbols/Extensions/UIKit/UIButton+SFSymbol.swift:12:50: error: cannot find type 'UIControl' in scope
    func setImage(_ symbol: SFSymbol, for state: UIControl.State) {
                                                 ^~~~~~~~~
SwiftCompile normal arm64 Compiling\ SFSymbol+Image.swift,\ SFSymbol+Name.swift /Users/admin/builder/spi-builder-workspace/Sources/SFSymbols/SFSymbol/SFSymbol+Image.swift /Users/admin/builder/spi-builder-workspace/Sources/SFSymbols/SFSymbol/SFSymbol+Name.swift (in target 'SFSymbols' from project 'SFSymbols')
SwiftCompile normal arm64 /Users/admin/builder/spi-builder-workspace/Sources/SFSymbols/SFSymbol/SFSymbol+Image.swift (in target 'SFSymbols' from project 'SFSymbols')
    cd /Users/admin/builder/spi-builder-workspace/.swiftpm/xcode

SwiftCompile normal arm64 /Users/admin/builder/spi-builder-workspace/Sources/SFSymbols/SFSymbol/SFSymbol+Name.swift (in target 'SFSymbols' from project 'SFSymbols')
    cd /Users/admin/builder/spi-builder-workspace/.swiftpm/xcode

SwiftCompile normal arm64 Compiling\ UIImage+SFSymbol.swift,\ SFSymbol+CaseIterable.swift /Users/admin/builder/spi-builder-workspace/Sources/SFSymbols/Extensions/UIKit/UIImage+SFSymbol.swift /Users/admin/builder/spi-builder-workspace/Sources/SFSymbols/SFSymbol/SFSymbol+CaseIterable.swift (in target 'SFSymbols' from project 'SFSymbols')
Failed frontend command:
/Applications/Xcode-16.3.0.app/Contents/Developer/Toolchains/XcodeDefault.xctoolchain/usr/bin/swift-frontend -frontend -c /Users/admin/builder/spi-builder-workspace/Sources/SFSymbols/Extensions/AppKit/NSButton+SFSymbol.swift /Users/admin/builder/spi-builder-workspace/Sources/SFSymbols/Extensions/AppKit/NSImage+SFSymbol.swift /Users/admin/builder/spi-builder-workspace/Sources/SFSymbols/Extensions/SwiftUI/Button+SFSymbol.swift /Users/admin/builder/spi-builder-workspace/Sources/SFSymbols/Extensions/SwiftUI/Image+SFSymbol.swift /Users/admin/builder/spi-builder-workspace/Sources/SFSymbols/Extensions/SwiftUI/Label+SFSymbol.swift /Users/admin/builder/spi-builder-workspace/Sources/SFSymbols/Extensions/SwiftUI/Menu+SFSymbol.swift /Users/admin/builder/spi-builder-workspace/Sources/SFSymbols/Extensions/SwiftUI/Tab+SFSymbol.swift /Users/admin/builder/spi-builder-workspace/Sources/SFSymbols/Extensions/UIKit/AppIntents+SFSymbol.swift /Users/admin/builder/spi-builder-workspace/Sources/SFSymbols/Extensions/UIKit/UIApplicationShortcutIcon+SFSymbol.swift /Users/admin/builder/spi-builder-workspace/Sources/SFSymbols/Extensions/UIKit/UIButton+SFSymbol.swift -primary-file /Users/admin/builder/spi-builder-workspace/Sources/SFSymbols/Extensions/UIKit/UIImage+SFSymbol.swift -primary-file /Users/admin/builder/spi-builder-workspace/Sources/SFSymbols/SFSymbol/SFSymbol+CaseIterable.swift /Users/admin/builder/spi-builder-workspace/Sources/SFSymbols/SFSymbol/SFSymbol+Image.swift /Users/admin/builder/spi-builder-workspace/Sources/SFSymbols/SFSymbol/SFSymbol+Name.swift /Users/admin/builder/spi-builder-workspace/Sources/SFSymbols/SFSymbol/SFSymbol+Version4.swift /Users/admin/builder/spi-builder-workspace/Sources/SFSymbols/SFSymbol/SFSymbol+Version5.swift /Users/admin/builder/spi-builder-workspace/Sources/SFSymbols/SFSymbol/SFSymbol+Version6.swift /Users/admin/builder/spi-builder-workspace/Sources/SFSymbols/SFSymbol/SFSymbol+Version7.swift /Users/admin/builder/spi-builder-workspace/Sources/SFSymbols/SFSymbol/SFSymbol.swift -emit-dependencies-path /Users/admin/builder/spi-builder-workspace/.derivedData/Build/Intermediates.noindex/SFSymbols.build/Debug-watchos/SFSymbols.build/Objects-normal/arm64/UIImage+SFSymbol.d -emit-const-values-path /Users/admin/builder/spi-builder-workspace/.derivedData/Build/Intermediates.noindex/SFSymbols.build/Debug-watchos/SFSymbols.build/Objects-normal/arm64/UIImage+SFSymbol.swiftconstvalues -emit-reference-dependencies-path /Users/admin/builder/spi-builder-workspace/.derivedData/Build/Intermediates.noindex/SFSymbols.build/Debug-watchos/SFSymbols.build/Objects-normal/arm64/UIImage+SFSymbol.swiftdeps -serialize-diagnostics-path /Users/admin/builder/spi-builder-workspace/.derivedData/Build/Intermediates.noindex/SFSymbols.build/Debug-watchos/SFSymbols.build/Objects-normal/arm64/UIImage+SFSymbol.dia -emit-dependencies-path /Users/admin/builder/spi-builder-workspace/.derivedData/Build/Intermediates.noindex/SFSymbols.build/Debug-watchos/SFSymbols.build/Objects-normal/arm64/SFSymbol+CaseIterable.d -emit-const-values-path /Users/admin/builder/spi-builder-workspace/.derivedData/Build/Intermediates.noindex/SFSymbols.build/Debug-watchos/SFSymbols.build/Objects-normal/arm64/SFSymbol+CaseIterable.swiftconstvalues -emit-reference-dependencies-path /Users/admin/builder/spi-builder-workspace/.derivedData/Build/Intermediates.noindex/SFSymbols.build/Debug-watchos/SFSymbols.build/Objects-normal/arm64/SFSymbol+CaseIterable.swiftdeps -serialize-diagnostics-path /Users/admin/builder/spi-builder-workspace/.derivedData/Build/Intermediates.noindex/SFSymbols.build/Debug-watchos/SFSymbols.build/Objects-normal/arm64/SFSymbol+CaseIterable.dia -target arm64-apple-watchos4.0 -Xllvm -aarch64-use-tbi -enable-objc-interop -sdk /Applications/Xcode-16.3.0.app/Contents/Developer/Platforms/WatchOS.platform/Developer/SDKs/WatchOS11.4.sdk -I /Users/admin/builder/spi-builder-workspace/.derivedData/Build/Products/Debug-watchos -I /Applications/Xcode-16.3.0.app/Contents/Developer/Platforms/WatchOS.platform/Developer/usr/lib -F /Users/admin/builder/spi-builder-workspace/.derivedData/Build/Products/Debug-watchos -F /Applications/Xcode-16.3.0.app/Contents/Developer/Platforms/WatchOS.platform/Developer/Library/Frameworks -F /Applications/Xcode-16.3.0.app/Contents/Developer/Platforms/WatchOS.platform/Developer/SDKs/WatchOS11.4.sdk/Developer/Library/Frameworks -no-color-diagnostics -enable-testing -g -debug-info-format\=dwarf -dwarf-version\=4 -module-cache-path /Users/admin/builder/spi-builder-workspace/.derivedData/ModuleCache.noindex -profile-generate -profile-coverage-mapping -swift-version 5 -enforce-exclusivity\=checked -stats-output-dir /Users/admin/builder/spi-builder-workspace/.swiftpm/xcode/.stats -Onone -D SWIFT_PACKAGE -D DEBUG -serialize-debugging-options -const-gather-protocols-file /Users/admin/builder/spi-builder-workspace/.derivedData/Build/Intermediates.noindex/SFSymbols.build/Debug-watchos/SFSymbols.build/Objects-normal/arm64/SFSymbols_const_extract_protocols.json -enable-upcoming-feature StrictConcurrency -enable-upcoming-feature DisableOutwardActorInference -enable-upcoming-feature GlobalActorIsolatedTypesUsability -enable-upcoming-feature InferSendableFromCaptures -enable-experimental-feature DebugDescriptionMacro -strict-concurrency\=complete -empty-abi-descriptor -plugin-path /Applications/Xcode-16.3.0.app/Contents/Developer/Toolchains/XcodeDefault.xctoolchain/usr/lib/swift/host/plugins/testing -validate-clang-modules-once -clang-build-session-file /Users/admin/builder/spi-builder-workspace/.derivedData/ModuleCache.noindex/Session.modulevalidation -Xcc -working-directory -Xcc /Users/admin/builder/spi-builder-workspace/.swiftpm/xcode -resource-dir /Applications/Xcode-16.3.0.app/Contents/Developer/Toolchains/XcodeDefault.xctoolchain/usr/lib/swift -enable-anonymous-context-mangled-names -file-compilation-dir /Users/admin/builder/spi-builder-workspace/.swiftpm/xcode -Xcc -ivfsstatcache -Xcc /Users/admin/builder/spi-builder-workspace/.derivedData/SDKStatCaches.noindex/watchos11.4-22T246-43efb940ff07ba2497b70ec94253f576.sdkstatcache -Xcc -I/Users/admin/builder/spi-builder-workspace/.derivedData/Build/Intermediates.noindex/SFSymbols.build/Debug-watchos/SFSymbols.build/swift-overrides.hmap -Xcc -I/Users/admin/builder/spi-builder-workspace/.derivedData/Build/Products/Debug-watchos/include -Xcc -I/Users/admin/builder/spi-builder-workspace/.derivedData/Build/Intermediates.noindex/SFSymbols.build/Debug-watchos/SFSymbols.build/DerivedSources-normal/arm64 -Xcc -I/Users/admin/builder/spi-builder-workspace/.derivedData/Build/Intermediates.noindex/SFSymbols.build/Debug-watchos/SFSymbols.build/DerivedSources/arm64 -Xcc -I/Users/admin/builder/spi-builder-workspace/.derivedData/Build/Intermediates.noindex/SFSymbols.build/Debug-watchos/SFSymbols.build/DerivedSources -Xcc -DSWIFT_PACKAGE -Xcc -DDEBUG\=1 -module-name SFSymbols -frontend-parseable-output -disable-clang-spi -target-sdk-version 11.4 -target-sdk-name watchos11.4 -external-plugin-path /Applications/Xcode-16.3.0.app/Contents/Developer/Platforms/WatchOS.platform/Developer/usr/lib/swift/host/plugins\#/Applications/Xcode-16.3.0.app/Contents/Developer/Platforms/WatchOS.platform/Developer/usr/bin/swift-plugin-server -external-plugin-path /Applications/Xcode-16.3.0.app/Contents/Developer/Platforms/WatchOS.platform/Developer/usr/local/lib/swift/host/plugins\#/Applications/Xcode-16.3.0.app/Contents/Developer/Platforms/WatchOS.platform/Developer/usr/bin/swift-plugin-server -in-process-plugin-server-path /Applications/Xcode-16.3.0.app/Contents/Developer/Toolchains/XcodeDefault.xctoolchain/usr/lib/swift/host/libSwiftInProcPluginServer.dylib -plugin-path /Applications/Xcode-16.3.0.app/Contents/Developer/Toolchains/XcodeDefault.xctoolchain/usr/lib/swift/host/plugins -plugin-path /Applications/Xcode-16.3.0.app/Contents/Developer/Toolchains/XcodeDefault.xctoolchain/usr/local/lib/swift/host/plugins -o /Users/admin/builder/spi-builder-workspace/.derivedData/Build/Intermediates.noindex/SFSymbols.build/Debug-watchos/SFSymbols.build/Objects-normal/arm64/UIImage+SFSymbol.o -o /Users/admin/builder/spi-builder-workspace/.derivedData/Build/Intermediates.noindex/SFSymbols.build/Debug-watchos/SFSymbols.build/Objects-normal/arm64/SFSymbol+CaseIterable.o -index-unit-output-path /SFSymbols.build/Debug-watchos/SFSymbols.build/Objects-normal/arm64/UIImage+SFSymbol.o -index-unit-output-path /SFSymbols.build/Debug-watchos/SFSymbols.build/Objects-normal/arm64/SFSymbol+CaseIterable.o -index-store-path /Users/admin/builder/spi-builder-workspace/.derivedData/Index.noindex/DataStore -index-system-modules
SwiftCompile normal arm64 /Users/admin/builder/spi-builder-workspace/Sources/SFSymbols/Extensions/UIKit/UIImage+SFSymbol.swift (in target 'SFSymbols' from project 'SFSymbols')
    cd /Users/admin/builder/spi-builder-workspace/.swiftpm/xcode

/Users/admin/builder/spi-builder-workspace/Sources/SFSymbols/Extensions/UIKit/UIImage+SFSymbol.swift:14:83: error: 'Configuration' is only available in watchOS 6.0 or newer
    convenience init(_ symbol: SFSymbol, withConfiguration configuration: UIImage.Configuration?) {
                                                                                  ^
/Users/admin/builder/spi-builder-workspace/Sources/SFSymbols/Extensions/UIKit/UIImage+SFSymbol.swift:14:17: note: add @available attribute to enclosing initializer
    convenience init(_ symbol: SFSymbol, withConfiguration configuration: UIImage.Configuration?) {
                ^
/Users/admin/builder/spi-builder-workspace/Sources/SFSymbols/Extensions/UIKit/UIImage+SFSymbol.swift:4:8: note: add @available attribute to enclosing extension
public extension UIImage {
       ^
/Users/admin/builder/spi-builder-workspace/Sources/SFSymbols/Extensions/UIKit/UIImage+SFSymbol.swift:23:74: error: cannot find type 'UITraitCollection' in scope
    convenience init(_ symbol: SFSymbol, compatibleWith traitCollection: UITraitCollection?) {
                                                                         ^~~~~~~~~~~~~~~~~
/Users/admin/builder/spi-builder-workspace/Sources/SFSymbols/Extensions/UIKit/UIImage+SFSymbol.swift:10:18: error: 'init(systemName:)' is only available in watchOS 6.0 or newer
            self.init(systemName: symbol.name)!
                 ^
/Users/admin/builder/spi-builder-workspace/Sources/SFSymbols/Extensions/UIKit/UIImage+SFSymbol.swift:10:18: note: add 'if #available' version check
            self.init(systemName: symbol.name)!
                 ^
/Users/admin/builder/spi-builder-workspace/Sources/SFSymbols/Extensions/UIKit/UIImage+SFSymbol.swift:5:17: note: add @available attribute to enclosing initializer
    convenience init(_ symbol: SFSymbol) {
                ^
/Users/admin/builder/spi-builder-workspace/Sources/SFSymbols/Extensions/UIKit/UIImage+SFSymbol.swift:4:8: note: add @available attribute to enclosing extension
public extension UIImage {
       ^
/Users/admin/builder/spi-builder-workspace/Sources/SFSymbols/Extensions/UIKit/UIImage+SFSymbol.swift:19:18: error: 'init(systemName:withConfiguration:)' is only available in watchOS 6.0 or newer
            self.init(systemName: symbol.name, withConfiguration: configuration)!
                 ^
/Users/admin/builder/spi-builder-workspace/Sources/SFSymbols/Extensions/UIKit/UIImage+SFSymbol.swift:19:18: note: add 'if #available' version check
            self.init(systemName: symbol.name, withConfiguration: configuration)!
                 ^
/Users/admin/builder/spi-builder-workspace/Sources/SFSymbols/Extensions/UIKit/UIImage+SFSymbol.swift:14:17: note: add @available attribute to enclosing initializer
    convenience init(_ symbol: SFSymbol, withConfiguration configuration: UIImage.Configuration?) {
                ^
/Users/admin/builder/spi-builder-workspace/Sources/SFSymbols/Extensions/UIKit/UIImage+SFSymbol.swift:4:8: note: add @available attribute to enclosing extension
public extension UIImage {
       ^
/Users/admin/builder/spi-builder-workspace/Sources/SFSymbols/Extensions/UIKit/UIImage+SFSymbol.swift:28:22: error: incorrect argument label in call (have 'systemName:compatibleWith:', expected 'systemName:withConfiguration:')
            self.init(systemName: symbol.name, compatibleWith: traitCollection)!
                     ^                         ~~~~~~~~~~~~~~
                                               withConfiguration
SwiftCompile normal arm64 /Users/admin/builder/spi-builder-workspace/Sources/SFSymbols/SFSymbol/SFSymbol+CaseIterable.swift (in target 'SFSymbols' from project 'SFSymbols')
    cd /Users/admin/builder/spi-builder-workspace/.swiftpm/xcode

SwiftCompile normal arm64 Compiling\ Tab+SFSymbol.swift,\ AppIntents+SFSymbol.swift /Users/admin/builder/spi-builder-workspace/Sources/SFSymbols/Extensions/SwiftUI/Tab+SFSymbol.swift /Users/admin/builder/spi-builder-workspace/Sources/SFSymbols/Extensions/UIKit/AppIntents+SFSymbol.swift (in target 'SFSymbols' from project 'SFSymbols')
SwiftCompile normal arm64 /Users/admin/builder/spi-builder-workspace/Sources/SFSymbols/Extensions/SwiftUI/Tab+SFSymbol.swift (in target 'SFSymbols' from project 'SFSymbols')
    cd /Users/admin/builder/spi-builder-workspace/.swiftpm/xcode

SwiftCompile normal arm64 /Users/admin/builder/spi-builder-workspace/Sources/SFSymbols/Extensions/UIKit/AppIntents+SFSymbol.swift (in target 'SFSymbols' from project 'SFSymbols')
    cd /Users/admin/builder/spi-builder-workspace/.swiftpm/xcode

SwiftEmitModule normal arm64_32 Emitting\ module\ for\ SFSymbols (in target 'SFSymbols' from project 'SFSymbols')
EmitSwiftModule normal arm64_32 (in target 'SFSymbols' from project 'SFSymbols')
    cd /Users/admin/builder/spi-builder-workspace/.swiftpm/xcode

SwiftCompile normal arm64_32 Compiling\ SFSymbol+Version4.swift,\ SFSymbol+Version5.swift /Users/admin/builder/spi-builder-workspace/Sources/SFSymbols/SFSymbol/SFSymbol+Version4.swift /Users/admin/builder/spi-builder-workspace/Sources/SFSymbols/SFSymbol/SFSymbol+Version5.swift (in target 'SFSymbols' from project 'SFSymbols')
SwiftCompile normal arm64_32 /Users/admin/builder/spi-builder-workspace/Sources/SFSymbols/SFSymbol/SFSymbol+Version4.swift (in target 'SFSymbols' from project 'SFSymbols')
    cd /Users/admin/builder/spi-builder-workspace/.swiftpm/xcode

SwiftCompile normal arm64_32 /Users/admin/builder/spi-builder-workspace/Sources/SFSymbols/SFSymbol/SFSymbol+Version5.swift (in target 'SFSymbols' from project 'SFSymbols')
    cd /Users/admin/builder/spi-builder-workspace/.swiftpm/xcode

SwiftDriverJobDiscovery normal arm64 Compiling SFSymbol+Version6.swift, SFSymbol+Version7.swift (in target 'SFSymbols' from project 'SFSymbols')
SwiftCompile normal armv7k Compiling\ SFSymbol.swift /Users/admin/builder/spi-builder-workspace/Sources/SFSymbols/SFSymbol/SFSymbol.swift (in target 'SFSymbols' from project 'SFSymbols')
Command SwiftCompile failed with a nonzero exit code
** BUILD FAILED **
The following build commands failed:
	SwiftCompile normal arm64 /Users/admin/builder/spi-builder-workspace/Sources/SFSymbols/Extensions/UIKit/UIApplicationShortcutIcon+SFSymbol.swift (in target 'SFSymbols' from project 'SFSymbols')
	SwiftCompile normal arm64 /Users/admin/builder/spi-builder-workspace/Sources/SFSymbols/Extensions/UIKit/UIButton+SFSymbol.swift (in target 'SFSymbols' from project 'SFSymbols')
	SwiftCompile normal arm64 Compiling\ UIImage+SFSymbol.swift,\ SFSymbol+CaseIterable.swift /Users/admin/builder/spi-builder-workspace/Sources/SFSymbols/Extensions/UIKit/UIImage+SFSymbol.swift /Users/admin/builder/spi-builder-workspace/Sources/SFSymbols/SFSymbol/SFSymbol+CaseIterable.swift (in target 'SFSymbols' from project 'SFSymbols')
	SwiftCompile normal arm64 /Users/admin/builder/spi-builder-workspace/Sources/SFSymbols/Extensions/UIKit/UIImage+SFSymbol.swift (in target 'SFSymbols' from project 'SFSymbols')
	SwiftCompile normal armv7k Compiling\ SFSymbol.swift /Users/admin/builder/spi-builder-workspace/Sources/SFSymbols/SFSymbol/SFSymbol.swift (in target 'SFSymbols' from project 'SFSymbols')
	Building workspace spi-builder-workspace with scheme SFSymbols
(6 failures)
Command line invocation:
    /Applications/Xcode-16.3.0.app/Contents/Developer/usr/bin/xcodebuild -IDEClonedSourcePackagesDirPathOverride=/Users/admin/builder/spi-builder-workspace/.dependencies -resolvePackageDependencies
Resolve Package Graph
Resolved source packages:
  SFSymbols: /Users/admin/builder/spi-builder-workspace
resolved source packages: SFSymbols
{
  "dependencies" : [
  ],
  "manifest_display_name" : "SFSymbols",
  "name" : "SFSymbols",
  "path" : "/Users/admin/builder/spi-builder-workspace",
  "platforms" : [
    {
      "name" : "ios",
      "version" : "13.0"
    },
    {
      "name" : "macos",
      "version" : "11.0"
    },
    {
      "name" : "watchos",
      "version" : "4.0"
    },
    {
      "name" : "tvos",
      "version" : "15.0"
    }
  ],
  "products" : [
    {
      "name" : "SFSymbols",
      "targets" : [
        "SFSymbols"
      ],
      "type" : {
        "library" : [
          "automatic"
        ]
      }
    }
  ],
  "targets" : [
    {
      "c99name" : "SFSymbolsTests",
      "module_type" : "SwiftTarget",
      "name" : "SFSymbolsTests",
      "path" : "Tests/SFSymbolsTests",
      "sources" : [
        "SFSymbolsTests.swift"
      ],
      "target_dependencies" : [
        "SFSymbols"
      ],
      "type" : "test"
    },
    {
      "c99name" : "SFSymbols",
      "module_type" : "SwiftTarget",
      "name" : "SFSymbols",
      "path" : "Sources/SFSymbols",
      "product_memberships" : [
        "SFSymbols"
      ],
      "sources" : [
        "Extensions/AppKit/NSButton+SFSymbol.swift",
        "Extensions/AppKit/NSImage+SFSymbol.swift",
        "Extensions/SwiftUI/Button+SFSymbol.swift",
        "Extensions/SwiftUI/Image+SFSymbol.swift",
        "Extensions/SwiftUI/Label+SFSymbol.swift",
        "Extensions/SwiftUI/Menu+SFSymbol.swift",
        "Extensions/SwiftUI/Tab+SFSymbol.swift",
        "Extensions/UIKit/AppIntents+SFSymbol.swift",
        "Extensions/UIKit/UIApplicationShortcutIcon+SFSymbol.swift",
        "Extensions/UIKit/UIButton+SFSymbol.swift",
        "Extensions/UIKit/UIImage+SFSymbol.swift",
        "SFSymbol/SFSymbol+CaseIterable.swift",
        "SFSymbol/SFSymbol+Image.swift",
        "SFSymbol/SFSymbol+Name.swift",
        "SFSymbol/SFSymbol+Version4.swift",
        "SFSymbol/SFSymbol+Version5.swift",
        "SFSymbol/SFSymbol+Version6.swift",
        "SFSymbol/SFSymbol+Version7.swift",
        "SFSymbol/SFSymbol.swift"
      ],
      "type" : "library"
    }
  ],
  "tools_version" : "5.7.1"
}
{
  "workspace" : {
    "name" : "spi-builder-workspace",
    "schemes" : [
      "SFSymbols"
    ]
  }
}
Running build ...
env DEVELOPER_DIR=/Applications/Xcode-16.3.0.app xcrun xcodebuild -IDEClonedSourcePackagesDirPathOverride=$PWD/.dependencies -skipMacroValidation -skipPackagePluginValidation -derivedDataPath $PWD/.derivedData build -scheme SFSymbols -destination generic/platform=watchOS
Command line invocation:
    /Applications/Xcode-16.3.0.app/Contents/Developer/usr/bin/xcodebuild -IDEClonedSourcePackagesDirPathOverride=/Users/admin/builder/spi-builder-workspace/.dependencies -skipMacroValidation -skipPackagePluginValidation -derivedDataPath /Users/admin/builder/spi-builder-workspace/.derivedData build -scheme SFSymbols -destination generic/platform=watchOS
Resolve Package Graph
Resolved source packages:
  SFSymbols: /Users/admin/builder/spi-builder-workspace
ComputePackagePrebuildTargetDependencyGraph
Prepare packages
CreateBuildRequest
SendProjectDescription
CreateBuildOperation
ComputeTargetDependencyGraph
note: Building targets in dependency order
note: Target dependency graph (2 targets)
    Target 'SFSymbols' in project 'SFSymbols'
        ➜ Explicit dependency on target 'SFSymbols' in project 'SFSymbols'
    Target 'SFSymbols' in project 'SFSymbols' (no dependencies)
GatherProvisioningInputs
CreateBuildDescription
ExecuteExternalTool /Applications/Xcode-16.3.0.app/Contents/Developer/Toolchains/XcodeDefault.xctoolchain/usr/bin/clang -v -E -dM -isysroot /Applications/Xcode-16.3.0.app/Contents/Developer/Platforms/WatchOS.platform/Developer/SDKs/WatchOS11.4.sdk -x c -c /dev/null
ExecuteExternalTool /Applications/Xcode-16.3.0.app/Contents/Developer/Toolchains/XcodeDefault.xctoolchain/usr/bin/swiftc --version
ExecuteExternalTool /Applications/Xcode-16.3.0.app/Contents/Developer/Toolchains/XcodeDefault.xctoolchain/usr/bin/ld -version_details
Build description signature: 24bb3f3b4caca9214a9aefb25e8ec852
Build description path: /Users/admin/builder/spi-builder-workspace/.derivedData/Build/Intermediates.noindex/XCBuildData/24bb3f3b4caca9214a9aefb25e8ec852.xcbuilddata
ClangStatCache /Applications/Xcode-16.3.0.app/Contents/Developer/Toolchains/XcodeDefault.xctoolchain/usr/bin/clang-stat-cache /Applications/Xcode-16.3.0.app/Contents/Developer/Platforms/WatchOS.platform/Developer/SDKs/WatchOS11.4.sdk /Users/admin/builder/spi-builder-workspace/.derivedData/SDKStatCaches.noindex/watchos11.4-22T246-43efb940ff07ba2497b70ec94253f576.sdkstatcache
    cd /Users/admin/builder/spi-builder-workspace/.swiftpm/xcode
    /Applications/Xcode-16.3.0.app/Contents/Developer/Toolchains/XcodeDefault.xctoolchain/usr/bin/clang-stat-cache /Applications/Xcode-16.3.0.app/Contents/Developer/Platforms/WatchOS.platform/Developer/SDKs/WatchOS11.4.sdk -o /Users/admin/builder/spi-builder-workspace/.derivedData/SDKStatCaches.noindex/watchos11.4-22T246-43efb940ff07ba2497b70ec94253f576.sdkstatcache
SwiftDriver SFSymbols normal armv7k com.apple.xcode.tools.swift.compiler (in target 'SFSymbols' from project 'SFSymbols')
    cd /Users/admin/builder/spi-builder-workspace/.swiftpm/xcode
    builtin-SwiftDriver -- /Applications/Xcode-16.3.0.app/Contents/Developer/Toolchains/XcodeDefault.xctoolchain/usr/bin/swiftc -module-name SFSymbols -Onone -enforce-exclusivity\=checked @/Users/admin/builder/spi-builder-workspace/.derivedData/Build/Intermediates.noindex/SFSymbols.build/Debug-watchos/SFSymbols.build/Objects-normal/armv7k/SFSymbols.SwiftFileList -DSWIFT_PACKAGE -DDEBUG -DXcode -plugin-path /Applications/Xcode-16.3.0.app/Contents/Developer/Toolchains/XcodeDefault.xctoolchain/usr/lib/swift/host/plugins/testing -enable-experimental-feature DebugDescriptionMacro -sdk /Applications/Xcode-16.3.0.app/Contents/Developer/Platforms/WatchOS.platform/Developer/SDKs/WatchOS11.4.sdk -target armv7k-apple-watchos4.0 -g -module-cache-path /Users/admin/builder/spi-builder-workspace/.derivedData/ModuleCache.noindex -Xfrontend -serialize-debugging-options -profile-coverage-mapping -profile-generate -enable-testing -index-store-path /Users/admin/builder/spi-builder-workspace/.derivedData/Index.noindex/DataStore -swift-version 5 -I /Users/admin/builder/spi-builder-workspace/.derivedData/Build/Products/Debug-watchos -I /Applications/Xcode-16.3.0.app/Contents/Developer/Platforms/WatchOS.platform/Developer/usr/lib -F /Users/admin/builder/spi-builder-workspace/.derivedData/Build/Products/Debug-watchos -F /Applications/Xcode-16.3.0.app/Contents/Developer/Platforms/WatchOS.platform/Developer/Library/Frameworks -F /Applications/Xcode-16.3.0.app/Contents/Developer/Platforms/WatchOS.platform/Developer/SDKs/WatchOS11.4.sdk/Developer/Library/Frameworks -c -j10 -enable-batch-mode -incremental -Xcc -ivfsstatcache -Xcc /Users/admin/builder/spi-builder-workspace/.derivedData/SDKStatCaches.noindex/watchos11.4-22T246-43efb940ff07ba2497b70ec94253f576.sdkstatcache -output-file-map /Users/admin/builder/spi-builder-workspace/.derivedData/Build/Intermediates.noindex/SFSymbols.build/Debug-watchos/SFSymbols.build/Objects-normal/armv7k/SFSymbols-OutputFileMap.json -use-frontend-parseable-output -save-temps -no-color-diagnostics -serialize-diagnostics -emit-dependencies -emit-module -emit-module-path /Users/admin/builder/spi-builder-workspace/.derivedData/Build/Intermediates.noindex/SFSymbols.build/Debug-watchos/SFSymbols.build/Objects-normal/armv7k/SFSymbols.swiftmodule -validate-clang-modules-once -clang-build-session-file /Users/admin/builder/spi-builder-workspace/.derivedData/ModuleCache.noindex/Session.modulevalidation -Xcc -I/Users/admin/builder/spi-builder-workspace/.derivedData/Build/Intermediates.noindex/SFSymbols.build/Debug-watchos/SFSymbols.build/swift-overrides.hmap -emit-const-values -Xfrontend -const-gather-protocols-file -Xfrontend /Users/admin/builder/spi-builder-workspace/.derivedData/Build/Intermediates.noindex/SFSymbols.build/Debug-watchos/SFSymbols.build/Objects-normal/armv7k/SFSymbols_const_extract_protocols.json -Xcc -I/Users/admin/builder/spi-builder-workspace/.derivedData/Build/Products/Debug-watchos/include -Xcc -I/Users/admin/builder/spi-builder-workspace/.derivedData/Build/Intermediates.noindex/SFSymbols.build/Debug-watchos/SFSymbols.build/DerivedSources-normal/armv7k -Xcc -I/Users/admin/builder/spi-builder-workspace/.derivedData/Build/Intermediates.noindex/SFSymbols.build/Debug-watchos/SFSymbols.build/DerivedSources/armv7k -Xcc -I/Users/admin/builder/spi-builder-workspace/.derivedData/Build/Intermediates.noindex/SFSymbols.build/Debug-watchos/SFSymbols.build/DerivedSources -Xcc -DSWIFT_PACKAGE -Xcc -DDEBUG\=1 -emit-objc-header -emit-objc-header-path /Users/admin/builder/spi-builder-workspace/.derivedData/Build/Intermediates.noindex/SFSymbols.build/Debug-watchos/SFSymbols.build/Objects-normal/armv7k/SFSymbols-Swift.h -working-directory /Users/admin/builder/spi-builder-workspace/.swiftpm/xcode -experimental-emit-module-separately -disable-cmo
SwiftDriver SFSymbols normal arm64_32 com.apple.xcode.tools.swift.compiler (in target 'SFSymbols' from project 'SFSymbols')
    cd /Users/admin/builder/spi-builder-workspace/.swiftpm/xcode
    builtin-SwiftDriver -- /Applications/Xcode-16.3.0.app/Contents/Developer/Toolchains/XcodeDefault.xctoolchain/usr/bin/swiftc -module-name SFSymbols -Onone -enforce-exclusivity\=checked @/Users/admin/builder/spi-builder-workspace/.derivedData/Build/Intermediates.noindex/SFSymbols.build/Debug-watchos/SFSymbols.build/Objects-normal/arm64_32/SFSymbols.SwiftFileList -DSWIFT_PACKAGE -DDEBUG -DXcode -plugin-path /Applications/Xcode-16.3.0.app/Contents/Developer/Toolchains/XcodeDefault.xctoolchain/usr/lib/swift/host/plugins/testing -enable-experimental-feature DebugDescriptionMacro -sdk /Applications/Xcode-16.3.0.app/Contents/Developer/Platforms/WatchOS.platform/Developer/SDKs/WatchOS11.4.sdk -target arm64_32-apple-watchos4.0 -g -module-cache-path /Users/admin/builder/spi-builder-workspace/.derivedData/ModuleCache.noindex -Xfrontend -serialize-debugging-options -profile-coverage-mapping -profile-generate -enable-testing -index-store-path /Users/admin/builder/spi-builder-workspace/.derivedData/Index.noindex/DataStore -swift-version 5 -I /Users/admin/builder/spi-builder-workspace/.derivedData/Build/Products/Debug-watchos -I /Applications/Xcode-16.3.0.app/Contents/Developer/Platforms/WatchOS.platform/Developer/usr/lib -F /Users/admin/builder/spi-builder-workspace/.derivedData/Build/Products/Debug-watchos -F /Applications/Xcode-16.3.0.app/Contents/Developer/Platforms/WatchOS.platform/Developer/Library/Frameworks -F /Applications/Xcode-16.3.0.app/Contents/Developer/Platforms/WatchOS.platform/Developer/SDKs/WatchOS11.4.sdk/Developer/Library/Frameworks -c -j10 -enable-batch-mode -incremental -Xcc -ivfsstatcache -Xcc /Users/admin/builder/spi-builder-workspace/.derivedData/SDKStatCaches.noindex/watchos11.4-22T246-43efb940ff07ba2497b70ec94253f576.sdkstatcache -output-file-map /Users/admin/builder/spi-builder-workspace/.derivedData/Build/Intermediates.noindex/SFSymbols.build/Debug-watchos/SFSymbols.build/Objects-normal/arm64_32/SFSymbols-OutputFileMap.json -use-frontend-parseable-output -save-temps -no-color-diagnostics -serialize-diagnostics -emit-dependencies -emit-module -emit-module-path /Users/admin/builder/spi-builder-workspace/.derivedData/Build/Intermediates.noindex/SFSymbols.build/Debug-watchos/SFSymbols.build/Objects-normal/arm64_32/SFSymbols.swiftmodule -validate-clang-modules-once -clang-build-session-file /Users/admin/builder/spi-builder-workspace/.derivedData/ModuleCache.noindex/Session.modulevalidation -Xcc -I/Users/admin/builder/spi-builder-workspace/.derivedData/Build/Intermediates.noindex/SFSymbols.build/Debug-watchos/SFSymbols.build/swift-overrides.hmap -emit-const-values -Xfrontend -const-gather-protocols-file -Xfrontend /Users/admin/builder/spi-builder-workspace/.derivedData/Build/Intermediates.noindex/SFSymbols.build/Debug-watchos/SFSymbols.build/Objects-normal/arm64_32/SFSymbols_const_extract_protocols.json -Xcc -I/Users/admin/builder/spi-builder-workspace/.derivedData/Build/Products/Debug-watchos/include -Xcc -I/Users/admin/builder/spi-builder-workspace/.derivedData/Build/Intermediates.noindex/SFSymbols.build/Debug-watchos/SFSymbols.build/DerivedSources-normal/arm64_32 -Xcc -I/Users/admin/builder/spi-builder-workspace/.derivedData/Build/Intermediates.noindex/SFSymbols.build/Debug-watchos/SFSymbols.build/DerivedSources/arm64_32 -Xcc -I/Users/admin/builder/spi-builder-workspace/.derivedData/Build/Intermediates.noindex/SFSymbols.build/Debug-watchos/SFSymbols.build/DerivedSources -Xcc -DSWIFT_PACKAGE -Xcc -DDEBUG\=1 -emit-objc-header -emit-objc-header-path /Users/admin/builder/spi-builder-workspace/.derivedData/Build/Intermediates.noindex/SFSymbols.build/Debug-watchos/SFSymbols.build/Objects-normal/arm64_32/SFSymbols-Swift.h -working-directory /Users/admin/builder/spi-builder-workspace/.swiftpm/xcode -experimental-emit-module-separately -disable-cmo
SwiftDriver SFSymbols normal arm64 com.apple.xcode.tools.swift.compiler (in target 'SFSymbols' from project 'SFSymbols')
    cd /Users/admin/builder/spi-builder-workspace/.swiftpm/xcode
    builtin-SwiftDriver -- /Applications/Xcode-16.3.0.app/Contents/Developer/Toolchains/XcodeDefault.xctoolchain/usr/bin/swiftc -module-name SFSymbols -Onone -enforce-exclusivity\=checked @/Users/admin/builder/spi-builder-workspace/.derivedData/Build/Intermediates.noindex/SFSymbols.build/Debug-watchos/SFSymbols.build/Objects-normal/arm64/SFSymbols.SwiftFileList -DSWIFT_PACKAGE -DDEBUG -DXcode -plugin-path /Applications/Xcode-16.3.0.app/Contents/Developer/Toolchains/XcodeDefault.xctoolchain/usr/lib/swift/host/plugins/testing -enable-experimental-feature DebugDescriptionMacro -sdk /Applications/Xcode-16.3.0.app/Contents/Developer/Platforms/WatchOS.platform/Developer/SDKs/WatchOS11.4.sdk -target arm64-apple-watchos4.0 -g -module-cache-path /Users/admin/builder/spi-builder-workspace/.derivedData/ModuleCache.noindex -Xfrontend -serialize-debugging-options -profile-coverage-mapping -profile-generate -enable-testing -index-store-path /Users/admin/builder/spi-builder-workspace/.derivedData/Index.noindex/DataStore -swift-version 5 -I /Users/admin/builder/spi-builder-workspace/.derivedData/Build/Products/Debug-watchos -I /Applications/Xcode-16.3.0.app/Contents/Developer/Platforms/WatchOS.platform/Developer/usr/lib -F /Users/admin/builder/spi-builder-workspace/.derivedData/Build/Products/Debug-watchos -F /Applications/Xcode-16.3.0.app/Contents/Developer/Platforms/WatchOS.platform/Developer/Library/Frameworks -F /Applications/Xcode-16.3.0.app/Contents/Developer/Platforms/WatchOS.platform/Developer/SDKs/WatchOS11.4.sdk/Developer/Library/Frameworks -c -j10 -enable-batch-mode -incremental -Xcc -ivfsstatcache -Xcc /Users/admin/builder/spi-builder-workspace/.derivedData/SDKStatCaches.noindex/watchos11.4-22T246-43efb940ff07ba2497b70ec94253f576.sdkstatcache -output-file-map /Users/admin/builder/spi-builder-workspace/.derivedData/Build/Intermediates.noindex/SFSymbols.build/Debug-watchos/SFSymbols.build/Objects-normal/arm64/SFSymbols-OutputFileMap.json -use-frontend-parseable-output -save-temps -no-color-diagnostics -serialize-diagnostics -emit-dependencies -emit-module -emit-module-path /Users/admin/builder/spi-builder-workspace/.derivedData/Build/Intermediates.noindex/SFSymbols.build/Debug-watchos/SFSymbols.build/Objects-normal/arm64/SFSymbols.swiftmodule -validate-clang-modules-once -clang-build-session-file /Users/admin/builder/spi-builder-workspace/.derivedData/ModuleCache.noindex/Session.modulevalidation -Xcc -I/Users/admin/builder/spi-builder-workspace/.derivedData/Build/Intermediates.noindex/SFSymbols.build/Debug-watchos/SFSymbols.build/swift-overrides.hmap -emit-const-values -Xfrontend -const-gather-protocols-file -Xfrontend /Users/admin/builder/spi-builder-workspace/.derivedData/Build/Intermediates.noindex/SFSymbols.build/Debug-watchos/SFSymbols.build/Objects-normal/arm64/SFSymbols_const_extract_protocols.json -Xcc -I/Users/admin/builder/spi-builder-workspace/.derivedData/Build/Products/Debug-watchos/include -Xcc -I/Users/admin/builder/spi-builder-workspace/.derivedData/Build/Intermediates.noindex/SFSymbols.build/Debug-watchos/SFSymbols.build/DerivedSources-normal/arm64 -Xcc -I/Users/admin/builder/spi-builder-workspace/.derivedData/Build/Intermediates.noindex/SFSymbols.build/Debug-watchos/SFSymbols.build/DerivedSources/arm64 -Xcc -I/Users/admin/builder/spi-builder-workspace/.derivedData/Build/Intermediates.noindex/SFSymbols.build/Debug-watchos/SFSymbols.build/DerivedSources -Xcc -DSWIFT_PACKAGE -Xcc -DDEBUG\=1 -emit-objc-header -emit-objc-header-path /Users/admin/builder/spi-builder-workspace/.derivedData/Build/Intermediates.noindex/SFSymbols.build/Debug-watchos/SFSymbols.build/Objects-normal/arm64/SFSymbols-Swift.h -working-directory /Users/admin/builder/spi-builder-workspace/.swiftpm/xcode -experimental-emit-module-separately -disable-cmo
SwiftEmitModule normal arm64_32 Emitting\ module\ for\ SFSymbols (in target 'SFSymbols' from project 'SFSymbols')
EmitSwiftModule normal arm64_32 (in target 'SFSymbols' from project 'SFSymbols')
    cd /Users/admin/builder/spi-builder-workspace/.swiftpm/xcode

SwiftCompile normal arm64_32 Compiling\ Button+SFSymbol.swift,\ Image+SFSymbol.swift /Users/admin/builder/spi-builder-workspace/Sources/SFSymbols/Extensions/SwiftUI/Button+SFSymbol.swift /Users/admin/builder/spi-builder-workspace/Sources/SFSymbols/Extensions/SwiftUI/Image+SFSymbol.swift (in target 'SFSymbols' from project 'SFSymbols')
SwiftCompile normal arm64_32 /Users/admin/builder/spi-builder-workspace/Sources/SFSymbols/Extensions/SwiftUI/Button+SFSymbol.swift (in target 'SFSymbols' from project 'SFSymbols')
    cd /Users/admin/builder/spi-builder-workspace/.swiftpm/xcode

SwiftCompile normal arm64_32 /Users/admin/builder/spi-builder-workspace/Sources/SFSymbols/Extensions/SwiftUI/Image+SFSymbol.swift (in target 'SFSymbols' from project 'SFSymbols')
    cd /Users/admin/builder/spi-builder-workspace/.swiftpm/xcode

SwiftCompile normal arm64_32 Compiling\ NSButton+SFSymbol.swift,\ NSImage+SFSymbol.swift /Users/admin/builder/spi-builder-workspace/Sources/SFSymbols/Extensions/AppKit/NSButton+SFSymbol.swift /Users/admin/builder/spi-builder-workspace/Sources/SFSymbols/Extensions/AppKit/NSImage+SFSymbol.swift (in target 'SFSymbols' from project 'SFSymbols')
SwiftCompile normal arm64_32 /Users/admin/builder/spi-builder-workspace/Sources/SFSymbols/Extensions/AppKit/NSButton+SFSymbol.swift (in target 'SFSymbols' from project 'SFSymbols')
    cd /Users/admin/builder/spi-builder-workspace/.swiftpm/xcode

SwiftCompile normal arm64_32 /Users/admin/builder/spi-builder-workspace/Sources/SFSymbols/Extensions/AppKit/NSImage+SFSymbol.swift (in target 'SFSymbols' from project 'SFSymbols')
    cd /Users/admin/builder/spi-builder-workspace/.swiftpm/xcode

SwiftCompile normal arm64_32 Compiling\ Label+SFSymbol.swift,\ Menu+SFSymbol.swift /Users/admin/builder/spi-builder-workspace/Sources/SFSymbols/Extensions/SwiftUI/Label+SFSymbol.swift /Users/admin/builder/spi-builder-workspace/Sources/SFSymbols/Extensions/SwiftUI/Menu+SFSymbol.swift (in target 'SFSymbols' from project 'SFSymbols')
SwiftCompile normal arm64_32 /Users/admin/builder/spi-builder-workspace/Sources/SFSymbols/Extensions/SwiftUI/Label+SFSymbol.swift (in target 'SFSymbols' from project 'SFSymbols')
    cd /Users/admin/builder/spi-builder-workspace/.swiftpm/xcode

SwiftCompile normal arm64_32 /Users/admin/builder/spi-builder-workspace/Sources/SFSymbols/Extensions/SwiftUI/Menu+SFSymbol.swift (in target 'SFSymbols' from project 'SFSymbols')
    cd /Users/admin/builder/spi-builder-workspace/.swiftpm/xcode

SwiftCompile normal arm64_32 Compiling\ Tab+SFSymbol.swift,\ AppIntents+SFSymbol.swift /Users/admin/builder/spi-builder-workspace/Sources/SFSymbols/Extensions/SwiftUI/Tab+SFSymbol.swift /Users/admin/builder/spi-builder-workspace/Sources/SFSymbols/Extensions/UIKit/AppIntents+SFSymbol.swift (in target 'SFSymbols' from project 'SFSymbols')
SwiftCompile normal arm64_32 /Users/admin/builder/spi-builder-workspace/Sources/SFSymbols/Extensions/SwiftUI/Tab+SFSymbol.swift (in target 'SFSymbols' from project 'SFSymbols')
    cd /Users/admin/builder/spi-builder-workspace/.swiftpm/xcode

SwiftCompile normal arm64_32 /Users/admin/builder/spi-builder-workspace/Sources/SFSymbols/Extensions/UIKit/AppIntents+SFSymbol.swift (in target 'SFSymbols' from project 'SFSymbols')
    cd /Users/admin/builder/spi-builder-workspace/.swiftpm/xcode

SwiftCompile normal arm64_32 Compiling\ UIImage+SFSymbol.swift,\ SFSymbol+CaseIterable.swift /Users/admin/builder/spi-builder-workspace/Sources/SFSymbols/Extensions/UIKit/UIImage+SFSymbol.swift /Users/admin/builder/spi-builder-workspace/Sources/SFSymbols/SFSymbol/SFSymbol+CaseIterable.swift (in target 'SFSymbols' from project 'SFSymbols')
SwiftCompile normal arm64_32 /Users/admin/builder/spi-builder-workspace/Sources/SFSymbols/Extensions/UIKit/UIImage+SFSymbol.swift (in target 'SFSymbols' from project 'SFSymbols')
    cd /Users/admin/builder/spi-builder-workspace/.swiftpm/xcode

SwiftCompile normal arm64_32 /Users/admin/builder/spi-builder-workspace/Sources/SFSymbols/SFSymbol/SFSymbol+CaseIterable.swift (in target 'SFSymbols' from project 'SFSymbols')
    cd /Users/admin/builder/spi-builder-workspace/.swiftpm/xcode

SwiftCompile normal arm64_32 Compiling\ SFSymbol+Version4.swift,\ SFSymbol+Version5.swift /Users/admin/builder/spi-builder-workspace/Sources/SFSymbols/SFSymbol/SFSymbol+Version4.swift /Users/admin/builder/spi-builder-workspace/Sources/SFSymbols/SFSymbol/SFSymbol+Version5.swift (in target 'SFSymbols' from project 'SFSymbols')
SwiftCompile normal arm64_32 /Users/admin/builder/spi-builder-workspace/Sources/SFSymbols/SFSymbol/SFSymbol+Version4.swift (in target 'SFSymbols' from project 'SFSymbols')
    cd /Users/admin/builder/spi-builder-workspace/.swiftpm/xcode

SwiftCompile normal arm64_32 /Users/admin/builder/spi-builder-workspace/Sources/SFSymbols/SFSymbol/SFSymbol+Version5.swift (in target 'SFSymbols' from project 'SFSymbols')
    cd /Users/admin/builder/spi-builder-workspace/.swiftpm/xcode

SwiftCompile normal arm64_32 Compiling\ SFSymbol+Version6.swift,\ SFSymbol+Version7.swift /Users/admin/builder/spi-builder-workspace/Sources/SFSymbols/SFSymbol/SFSymbol+Version6.swift /Users/admin/builder/spi-builder-workspace/Sources/SFSymbols/SFSymbol/SFSymbol+Version7.swift (in target 'SFSymbols' from project 'SFSymbols')
SwiftCompile normal arm64_32 /Users/admin/builder/spi-builder-workspace/Sources/SFSymbols/SFSymbol/SFSymbol+Version6.swift (in target 'SFSymbols' from project 'SFSymbols')
    cd /Users/admin/builder/spi-builder-workspace/.swiftpm/xcode

SwiftCompile normal arm64_32 /Users/admin/builder/spi-builder-workspace/Sources/SFSymbols/SFSymbol/SFSymbol+Version7.swift (in target 'SFSymbols' from project 'SFSymbols')
    cd /Users/admin/builder/spi-builder-workspace/.swiftpm/xcode

SwiftEmitModule normal armv7k Emitting\ module\ for\ SFSymbols (in target 'SFSymbols' from project 'SFSymbols')
EmitSwiftModule normal armv7k (in target 'SFSymbols' from project 'SFSymbols')
    cd /Users/admin/builder/spi-builder-workspace/.swiftpm/xcode

SwiftCompile normal arm64_32 Compiling\ SFSymbol.swift /Users/admin/builder/spi-builder-workspace/Sources/SFSymbols/SFSymbol/SFSymbol.swift (in target 'SFSymbols' from project 'SFSymbols')
SwiftCompile normal arm64_32 /Users/admin/builder/spi-builder-workspace/Sources/SFSymbols/SFSymbol/SFSymbol.swift (in target 'SFSymbols' from project 'SFSymbols')
    cd /Users/admin/builder/spi-builder-workspace/.swiftpm/xcode

SwiftEmitModule normal arm64 Emitting\ module\ for\ SFSymbols (in target 'SFSymbols' from project 'SFSymbols')
EmitSwiftModule normal arm64 (in target 'SFSymbols' from project 'SFSymbols')
    cd /Users/admin/builder/spi-builder-workspace/.swiftpm/xcode

SwiftDriverJobDiscovery normal arm64_32 Compiling NSButton+SFSymbol.swift, NSImage+SFSymbol.swift (in target 'SFSymbols' from project 'SFSymbols')
SwiftCompile normal arm64 Compiling\ UIImage+SFSymbol.swift,\ SFSymbol+CaseIterable.swift /Users/admin/builder/spi-builder-workspace/Sources/SFSymbols/Extensions/UIKit/UIImage+SFSymbol.swift /Users/admin/builder/spi-builder-workspace/Sources/SFSymbols/SFSymbol/SFSymbol+CaseIterable.swift (in target 'SFSymbols' from project 'SFSymbols')
Failed frontend command:
/Applications/Xcode-16.3.0.app/Contents/Developer/Toolchains/XcodeDefault.xctoolchain/usr/bin/swift-frontend -frontend -c /Users/admin/builder/spi-builder-workspace/Sources/SFSymbols/Extensions/AppKit/NSButton+SFSymbol.swift /Users/admin/builder/spi-builder-workspace/Sources/SFSymbols/Extensions/AppKit/NSImage+SFSymbol.swift /Users/admin/builder/spi-builder-workspace/Sources/SFSymbols/Extensions/SwiftUI/Button+SFSymbol.swift /Users/admin/builder/spi-builder-workspace/Sources/SFSymbols/Extensions/SwiftUI/Image+SFSymbol.swift /Users/admin/builder/spi-builder-workspace/Sources/SFSymbols/Extensions/SwiftUI/Label+SFSymbol.swift /Users/admin/builder/spi-builder-workspace/Sources/SFSymbols/Extensions/SwiftUI/Menu+SFSymbol.swift /Users/admin/builder/spi-builder-workspace/Sources/SFSymbols/Extensions/SwiftUI/Tab+SFSymbol.swift /Users/admin/builder/spi-builder-workspace/Sources/SFSymbols/Extensions/UIKit/AppIntents+SFSymbol.swift /Users/admin/builder/spi-builder-workspace/Sources/SFSymbols/Extensions/UIKit/UIApplicationShortcutIcon+SFSymbol.swift /Users/admin/builder/spi-builder-workspace/Sources/SFSymbols/Extensions/UIKit/UIButton+SFSymbol.swift -primary-file /Users/admin/builder/spi-builder-workspace/Sources/SFSymbols/Extensions/UIKit/UIImage+SFSymbol.swift -primary-file /Users/admin/builder/spi-builder-workspace/Sources/SFSymbols/SFSymbol/SFSymbol+CaseIterable.swift /Users/admin/builder/spi-builder-workspace/Sources/SFSymbols/SFSymbol/SFSymbol+Image.swift /Users/admin/builder/spi-builder-workspace/Sources/SFSymbols/SFSymbol/SFSymbol+Name.swift /Users/admin/builder/spi-builder-workspace/Sources/SFSymbols/SFSymbol/SFSymbol+Version4.swift /Users/admin/builder/spi-builder-workspace/Sources/SFSymbols/SFSymbol/SFSymbol+Version5.swift /Users/admin/builder/spi-builder-workspace/Sources/SFSymbols/SFSymbol/SFSymbol+Version6.swift /Users/admin/builder/spi-builder-workspace/Sources/SFSymbols/SFSymbol/SFSymbol+Version7.swift /Users/admin/builder/spi-builder-workspace/Sources/SFSymbols/SFSymbol/SFSymbol.swift -emit-dependencies-path /Users/admin/builder/spi-builder-workspace/.derivedData/Build/Intermediates.noindex/SFSymbols.build/Debug-watchos/SFSymbols.build/Objects-normal/arm64/UIImage+SFSymbol.d -emit-const-values-path /Users/admin/builder/spi-builder-workspace/.derivedData/Build/Intermediates.noindex/SFSymbols.build/Debug-watchos/SFSymbols.build/Objects-normal/arm64/UIImage+SFSymbol.swiftconstvalues -emit-reference-dependencies-path /Users/admin/builder/spi-builder-workspace/.derivedData/Build/Intermediates.noindex/SFSymbols.build/Debug-watchos/SFSymbols.build/Objects-normal/arm64/UIImage+SFSymbol.swiftdeps -serialize-diagnostics-path /Users/admin/builder/spi-builder-workspace/.derivedData/Build/Intermediates.noindex/SFSymbols.build/Debug-watchos/SFSymbols.build/Objects-normal/arm64/UIImage+SFSymbol.dia -emit-dependencies-path /Users/admin/builder/spi-builder-workspace/.derivedData/Build/Intermediates.noindex/SFSymbols.build/Debug-watchos/SFSymbols.build/Objects-normal/arm64/SFSymbol+CaseIterable.d -emit-const-values-path /Users/admin/builder/spi-builder-workspace/.derivedData/Build/Intermediates.noindex/SFSymbols.build/Debug-watchos/SFSymbols.build/Objects-normal/arm64/SFSymbol+CaseIterable.swiftconstvalues -emit-reference-dependencies-path /Users/admin/builder/spi-builder-workspace/.derivedData/Build/Intermediates.noindex/SFSymbols.build/Debug-watchos/SFSymbols.build/Objects-normal/arm64/SFSymbol+CaseIterable.swiftdeps -serialize-diagnostics-path /Users/admin/builder/spi-builder-workspace/.derivedData/Build/Intermediates.noindex/SFSymbols.build/Debug-watchos/SFSymbols.build/Objects-normal/arm64/SFSymbol+CaseIterable.dia -target arm64-apple-watchos4.0 -Xllvm -aarch64-use-tbi -enable-objc-interop -sdk /Applications/Xcode-16.3.0.app/Contents/Developer/Platforms/WatchOS.platform/Developer/SDKs/WatchOS11.4.sdk -I /Users/admin/builder/spi-builder-workspace/.derivedData/Build/Products/Debug-watchos -I /Applications/Xcode-16.3.0.app/Contents/Developer/Platforms/WatchOS.platform/Developer/usr/lib -F /Users/admin/builder/spi-builder-workspace/.derivedData/Build/Products/Debug-watchos -F /Applications/Xcode-16.3.0.app/Contents/Developer/Platforms/WatchOS.platform/Developer/Library/Frameworks -F /Applications/Xcode-16.3.0.app/Contents/Developer/Platforms/WatchOS.platform/Developer/SDKs/WatchOS11.4.sdk/Developer/Library/Frameworks -no-color-diagnostics -enable-testing -g -debug-info-format\=dwarf -dwarf-version\=4 -module-cache-path /Users/admin/builder/spi-builder-workspace/.derivedData/ModuleCache.noindex -profile-generate -profile-coverage-mapping -swift-version 5 -enforce-exclusivity\=checked -Onone -D SWIFT_PACKAGE -D DEBUG -D Xcode -serialize-debugging-options -const-gather-protocols-file /Users/admin/builder/spi-builder-workspace/.derivedData/Build/Intermediates.noindex/SFSymbols.build/Debug-watchos/SFSymbols.build/Objects-normal/arm64/SFSymbols_const_extract_protocols.json -enable-experimental-feature DebugDescriptionMacro -empty-abi-descriptor -plugin-path /Applications/Xcode-16.3.0.app/Contents/Developer/Toolchains/XcodeDefault.xctoolchain/usr/lib/swift/host/plugins/testing -validate-clang-modules-once -clang-build-session-file /Users/admin/builder/spi-builder-workspace/.derivedData/ModuleCache.noindex/Session.modulevalidation -Xcc -working-directory -Xcc /Users/admin/builder/spi-builder-workspace/.swiftpm/xcode -resource-dir /Applications/Xcode-16.3.0.app/Contents/Developer/Toolchains/XcodeDefault.xctoolchain/usr/lib/swift -enable-anonymous-context-mangled-names -file-compilation-dir /Users/admin/builder/spi-builder-workspace/.swiftpm/xcode -Xcc -ivfsstatcache -Xcc /Users/admin/builder/spi-builder-workspace/.derivedData/SDKStatCaches.noindex/watchos11.4-22T246-43efb940ff07ba2497b70ec94253f576.sdkstatcache -Xcc -I/Users/admin/builder/spi-builder-workspace/.derivedData/Build/Intermediates.noindex/SFSymbols.build/Debug-watchos/SFSymbols.build/swift-overrides.hmap -Xcc -I/Users/admin/builder/spi-builder-workspace/.derivedData/Build/Products/Debug-watchos/include -Xcc -I/Users/admin/builder/spi-builder-workspace/.derivedData/Build/Intermediates.noindex/SFSymbols.build/Debug-watchos/SFSymbols.build/DerivedSources-normal/arm64 -Xcc -I/Users/admin/builder/spi-builder-workspace/.derivedData/Build/Intermediates.noindex/SFSymbols.build/Debug-watchos/SFSymbols.build/DerivedSources/arm64 -Xcc -I/Users/admin/builder/spi-builder-workspace/.derivedData/Build/Intermediates.noindex/SFSymbols.build/Debug-watchos/SFSymbols.build/DerivedSources -Xcc -DSWIFT_PACKAGE -Xcc -DDEBUG\=1 -module-name SFSymbols -frontend-parseable-output -disable-clang-spi -target-sdk-version 11.4 -target-sdk-name watchos11.4 -external-plugin-path /Applications/Xcode-16.3.0.app/Contents/Developer/Platforms/WatchOS.platform/Developer/usr/lib/swift/host/plugins\#/Applications/Xcode-16.3.0.app/Contents/Developer/Platforms/WatchOS.platform/Developer/usr/bin/swift-plugin-server -external-plugin-path /Applications/Xcode-16.3.0.app/Contents/Developer/Platforms/WatchOS.platform/Developer/usr/local/lib/swift/host/plugins\#/Applications/Xcode-16.3.0.app/Contents/Developer/Platforms/WatchOS.platform/Developer/usr/bin/swift-plugin-server -in-process-plugin-server-path /Applications/Xcode-16.3.0.app/Contents/Developer/Toolchains/XcodeDefault.xctoolchain/usr/lib/swift/host/libSwiftInProcPluginServer.dylib -plugin-path /Applications/Xcode-16.3.0.app/Contents/Developer/Toolchains/XcodeDefault.xctoolchain/usr/lib/swift/host/plugins -plugin-path /Applications/Xcode-16.3.0.app/Contents/Developer/Toolchains/XcodeDefault.xctoolchain/usr/local/lib/swift/host/plugins -o /Users/admin/builder/spi-builder-workspace/.derivedData/Build/Intermediates.noindex/SFSymbols.build/Debug-watchos/SFSymbols.build/Objects-normal/arm64/UIImage+SFSymbol.o -o /Users/admin/builder/spi-builder-workspace/.derivedData/Build/Intermediates.noindex/SFSymbols.build/Debug-watchos/SFSymbols.build/Objects-normal/arm64/SFSymbol+CaseIterable.o -index-unit-output-path /SFSymbols.build/Debug-watchos/SFSymbols.build/Objects-normal/arm64/UIImage+SFSymbol.o -index-unit-output-path /SFSymbols.build/Debug-watchos/SFSymbols.build/Objects-normal/arm64/SFSymbol+CaseIterable.o -index-store-path /Users/admin/builder/spi-builder-workspace/.derivedData/Index.noindex/DataStore -index-system-modules
SwiftCompile normal arm64 /Users/admin/builder/spi-builder-workspace/Sources/SFSymbols/Extensions/UIKit/UIImage+SFSymbol.swift (in target 'SFSymbols' from project 'SFSymbols')
    cd /Users/admin/builder/spi-builder-workspace/.swiftpm/xcode

/Users/admin/builder/spi-builder-workspace/Sources/SFSymbols/Extensions/UIKit/UIImage+SFSymbol.swift:14:83: error: 'Configuration' is only available in watchOS 6.0 or newer
    convenience init(_ symbol: SFSymbol, withConfiguration configuration: UIImage.Configuration?) {
                                                                                  ^
/Users/admin/builder/spi-builder-workspace/Sources/SFSymbols/Extensions/UIKit/UIImage+SFSymbol.swift:14:17: note: add @available attribute to enclosing initializer
    convenience init(_ symbol: SFSymbol, withConfiguration configuration: UIImage.Configuration?) {
                ^
/Users/admin/builder/spi-builder-workspace/Sources/SFSymbols/Extensions/UIKit/UIImage+SFSymbol.swift:4:8: note: add @available attribute to enclosing extension
public extension UIImage {
       ^
/Users/admin/builder/spi-builder-workspace/Sources/SFSymbols/Extensions/UIKit/UIImage+SFSymbol.swift:23:74: error: cannot find type 'UITraitCollection' in scope
    convenience init(_ symbol: SFSymbol, compatibleWith traitCollection: UITraitCollection?) {
                                                                         ^~~~~~~~~~~~~~~~~
/Users/admin/builder/spi-builder-workspace/Sources/SFSymbols/Extensions/UIKit/UIImage+SFSymbol.swift:10:18: error: 'init(systemName:)' is only available in watchOS 6.0 or newer
            self.init(systemName: symbol.name)!
                 ^
/Users/admin/builder/spi-builder-workspace/Sources/SFSymbols/Extensions/UIKit/UIImage+SFSymbol.swift:10:18: note: add 'if #available' version check
            self.init(systemName: symbol.name)!
                 ^
/Users/admin/builder/spi-builder-workspace/Sources/SFSymbols/Extensions/UIKit/UIImage+SFSymbol.swift:5:17: note: add @available attribute to enclosing initializer
    convenience init(_ symbol: SFSymbol) {
                ^
/Users/admin/builder/spi-builder-workspace/Sources/SFSymbols/Extensions/UIKit/UIImage+SFSymbol.swift:4:8: note: add @available attribute to enclosing extension
public extension UIImage {
       ^
/Users/admin/builder/spi-builder-workspace/Sources/SFSymbols/Extensions/UIKit/UIImage+SFSymbol.swift:19:18: error: 'init(systemName:withConfiguration:)' is only available in watchOS 6.0 or newer
            self.init(systemName: symbol.name, withConfiguration: configuration)!
                 ^
/Users/admin/builder/spi-builder-workspace/Sources/SFSymbols/Extensions/UIKit/UIImage+SFSymbol.swift:19:18: note: add 'if #available' version check
            self.init(systemName: symbol.name, withConfiguration: configuration)!
                 ^
/Users/admin/builder/spi-builder-workspace/Sources/SFSymbols/Extensions/UIKit/UIImage+SFSymbol.swift:14:17: note: add @available attribute to enclosing initializer
    convenience init(_ symbol: SFSymbol, withConfiguration configuration: UIImage.Configuration?) {
                ^
/Users/admin/builder/spi-builder-workspace/Sources/SFSymbols/Extensions/UIKit/UIImage+SFSymbol.swift:4:8: note: add @available attribute to enclosing extension
public extension UIImage {
       ^
/Users/admin/builder/spi-builder-workspace/Sources/SFSymbols/Extensions/UIKit/UIImage+SFSymbol.swift:28:22: error: incorrect argument label in call (have 'systemName:compatibleWith:', expected 'systemName:withConfiguration:')
            self.init(systemName: symbol.name, compatibleWith: traitCollection)!
                     ^                         ~~~~~~~~~~~~~~
                                               withConfiguration
SwiftCompile normal arm64 /Users/admin/builder/spi-builder-workspace/Sources/SFSymbols/SFSymbol/SFSymbol+CaseIterable.swift (in target 'SFSymbols' from project 'SFSymbols')
    cd /Users/admin/builder/spi-builder-workspace/.swiftpm/xcode

SwiftDriverJobDiscovery normal arm64_32 Compiling SFSymbol+Version6.swift, SFSymbol+Version7.swift (in target 'SFSymbols' from project 'SFSymbols')
SwiftCompile normal arm64 Compiling\ NSButton+SFSymbol.swift,\ NSImage+SFSymbol.swift /Users/admin/builder/spi-builder-workspace/Sources/SFSymbols/Extensions/AppKit/NSButton+SFSymbol.swift /Users/admin/builder/spi-builder-workspace/Sources/SFSymbols/Extensions/AppKit/NSImage+SFSymbol.swift (in target 'SFSymbols' from project 'SFSymbols')
Command SwiftCompile failed with a nonzero exit code
** BUILD FAILED **
The following build commands failed:
	SwiftCompile normal arm64 Compiling\ UIImage+SFSymbol.swift,\ SFSymbol+CaseIterable.swift /Users/admin/builder/spi-builder-workspace/Sources/SFSymbols/Extensions/UIKit/UIImage+SFSymbol.swift /Users/admin/builder/spi-builder-workspace/Sources/SFSymbols/SFSymbol/SFSymbol+CaseIterable.swift (in target 'SFSymbols' from project 'SFSymbols')
	SwiftCompile normal arm64 /Users/admin/builder/spi-builder-workspace/Sources/SFSymbols/Extensions/UIKit/UIImage+SFSymbol.swift (in target 'SFSymbols' from project 'SFSymbols')
	SwiftCompile normal arm64 Compiling\ NSButton+SFSymbol.swift,\ NSImage+SFSymbol.swift /Users/admin/builder/spi-builder-workspace/Sources/SFSymbols/Extensions/AppKit/NSButton+SFSymbol.swift /Users/admin/builder/spi-builder-workspace/Sources/SFSymbols/Extensions/AppKit/NSImage+SFSymbol.swift (in target 'SFSymbols' from project 'SFSymbols')
	Building workspace spi-builder-workspace with scheme SFSymbols
(4 failures)
BUILD FAILURE 6.1 watchOS