Build Information
Failed to build Forging, reference 0.0.1 (b6d204), with Swift 6.4 for macOS (Xcode) using Xcode 27.0 on 23 Sep 2026 11:04:28 UTC.
Build Command
env DEVELOPER_DIR=/Applications/Xcode-27.0.0-Release.Candidate.app xcrun xcodebuild -IDEClonedSourcePackagesDirPathOverride=$PWD/.dependencies -skipMacroValidation -skipPackagePluginValidation -derivedDataPath $PWD/.derivedData build -scheme Forging -destination platform=macOS,arch=arm64Build Log
cd /
builtin-precompileModule /Users/admin/builder/spi-builder-workspace/.derivedData/Build/Intermediates.noindex/ExplicitPrecompiledModules/_AvailabilityInternal-BW3RDFOPU3RX598I1HZF4JPIB.scan
PrecompileModule /Users/admin/builder/spi-builder-workspace/.derivedData/Build/Intermediates.noindex/ExplicitPrecompiledModules/_Builtin_float-CA6VJ3L24QNZUD5O4UJXS23IZ.scan
cd /
builtin-precompileModule /Users/admin/builder/spi-builder-workspace/.derivedData/Build/Intermediates.noindex/ExplicitPrecompiledModules/_Builtin_float-CA6VJ3L24QNZUD5O4UJXS23IZ.scan
PrecompileModule /Users/admin/builder/spi-builder-workspace/.derivedData/Build/Intermediates.noindex/ExplicitPrecompiledModules/_Builtin_stddef-6M66Q59GJHSRQWI4S93WT3RNM.scan
cd /
builtin-precompileModule /Users/admin/builder/spi-builder-workspace/.derivedData/Build/Intermediates.noindex/ExplicitPrecompiledModules/_Builtin_stddef-6M66Q59GJHSRQWI4S93WT3RNM.scan
PrecompileModule /Users/admin/builder/spi-builder-workspace/.derivedData/Build/Intermediates.noindex/ExplicitPrecompiledModules/_AvailabilityInternal-5B1CS6HD5QMVHHYRIAFYQGZJS.scan
cd /
builtin-precompileModule /Users/admin/builder/spi-builder-workspace/.derivedData/Build/Intermediates.noindex/ExplicitPrecompiledModules/_AvailabilityInternal-5B1CS6HD5QMVHHYRIAFYQGZJS.scan
PrecompileModule /Users/admin/builder/spi-builder-workspace/.derivedData/Build/Intermediates.noindex/ExplicitPrecompiledModules/_Builtin_stdarg-A163WZ8DKOZM1K4AXJPF2WN64.scan
cd /
builtin-precompileModule /Users/admin/builder/spi-builder-workspace/.derivedData/Build/Intermediates.noindex/ExplicitPrecompiledModules/_Builtin_stdarg-A163WZ8DKOZM1K4AXJPF2WN64.scan
PrecompileModule /Users/admin/builder/spi-builder-workspace/.derivedData/Build/Intermediates.noindex/ExplicitPrecompiledModules/ptrcheck-4OHGDXPAGX0OHG5QWUPCT6S5L.scan
cd /
builtin-precompileModule /Users/admin/builder/spi-builder-workspace/.derivedData/Build/Intermediates.noindex/ExplicitPrecompiledModules/ptrcheck-4OHGDXPAGX0OHG5QWUPCT6S5L.scan
PrecompileModule /Users/admin/builder/spi-builder-workspace/.derivedData/Build/Intermediates.noindex/ExplicitPrecompiledModules/_DarwinFoundation1-I0I34SJIESK2K3S7VTSPOK1H.scan
cd /
builtin-precompileModule /Users/admin/builder/spi-builder-workspace/.derivedData/Build/Intermediates.noindex/ExplicitPrecompiledModules/_DarwinFoundation1-I0I34SJIESK2K3S7VTSPOK1H.scan
PrecompileModule /Users/admin/builder/spi-builder-workspace/.derivedData/Build/Intermediates.noindex/ExplicitPrecompiledModules/_DarwinFoundation1-D6KUTSQOHF3DC5HO42W3NKXWU.scan
cd /
builtin-precompileModule /Users/admin/builder/spi-builder-workspace/.derivedData/Build/Intermediates.noindex/ExplicitPrecompiledModules/_DarwinFoundation1-D6KUTSQOHF3DC5HO42W3NKXWU.scan
PrecompileModule /Users/admin/builder/spi-builder-workspace/.derivedData/Build/Intermediates.noindex/ExplicitPrecompiledModules/_Builtin_limits-CJ39GMQEYBN8WR9SC6N1A4E3J.scan
cd /
builtin-precompileModule /Users/admin/builder/spi-builder-workspace/.derivedData/Build/Intermediates.noindex/ExplicitPrecompiledModules/_Builtin_limits-CJ39GMQEYBN8WR9SC6N1A4E3J.scan
PrecompileModule /Users/admin/builder/spi-builder-workspace/.derivedData/Build/Intermediates.noindex/ExplicitPrecompiledModules/_DarwinFoundation2-6J8WET0Q47XFVFWU3MCKK5S2.scan
cd /
builtin-precompileModule /Users/admin/builder/spi-builder-workspace/.derivedData/Build/Intermediates.noindex/ExplicitPrecompiledModules/_DarwinFoundation2-6J8WET0Q47XFVFWU3MCKK5S2.scan
PrecompileModule /Users/admin/builder/spi-builder-workspace/.derivedData/Build/Intermediates.noindex/ExplicitPrecompiledModules/_DarwinFoundation2-D4QSH96GLT35BKZWIS3V98I2L.scan
cd /
builtin-precompileModule /Users/admin/builder/spi-builder-workspace/.derivedData/Build/Intermediates.noindex/ExplicitPrecompiledModules/_DarwinFoundation2-D4QSH96GLT35BKZWIS3V98I2L.scan
CompileC /Users/admin/builder/spi-builder-workspace/.derivedData/Build/Intermediates.noindex/UncommonCrypto.build/Debug/CUncommonCrypto-t.build/Objects-normal/arm64/memzero.o /Users/admin/builder/spi-builder-workspace/.dependencies/checkouts/UncommonCrypto.swift/Sources/CUncommonCrypto/memzero.c normal arm64 c com.apple.compilers.llvm.clang.1_0.compiler (in target 'CUncommonCrypto' from project 'UncommonCrypto')
cd /Users/admin/builder/spi-builder-workspace/.swiftpm/xcode
Using response file: /Users/admin/builder/spi-builder-workspace/.derivedData/Build/Intermediates.noindex/UncommonCrypto.build/Debug/CUncommonCrypto-t.build/Objects-normal/arm64/7187679823f38a2a940e0043cdf9d637-common-args.resp
/Applications/Xcode-27.0.0-Release.Candidate.app/Contents/Developer/Toolchains/XcodeDefault.xctoolchain/usr/bin/clang -x c -ivfsstatcache /Users/admin/builder/spi-builder-workspace/.derivedData/SDKStatCaches.noindex/macosx27.0-26A425-e829b21a6f8c9b70876ba0858053c0446a22442a12e9d48fe1a705f55a1adfc4.sdkstatcache -target arm64-apple-macos12.0 -fmessage-length\=0 -fdiagnostics-show-note-include-stack -fmacro-backtrace-limit\=0 -fno-color-diagnostics -fmodules-prune-interval\=86400 -fmodules-prune-after\=345600 -fbuild-session-file\=/Users/admin/builder/spi-builder-workspace/.derivedData/ModuleCache.noindex/Session.modulevalidation -fmodules-validate-once-per-build-session -Wnon-modular-include-in-framework-module -Werror\=non-modular-include-in-framework-module -Wno-trigraphs -Wno-missing-field-initializers -Wno-missing-prototypes -Wno-return-type -Wno-missing-braces -Wparentheses -Wswitch -Wno-unused-function -Wno-unused-label -Wno-unused-parameter -Wno-unused-variable -Wunused-value -Wno-empty-body -Wno-uninitialized -Wno-unknown-pragmas -w -Wno-shadow -Wno-four-char-constants -Wno-conversion -Wno-constant-conversion -Wno-int-conversion -Wno-bool-conversion -Wno-enum-conversion -Wno-float-conversion -Wno-non-literal-null-conversion -Wno-objc-literal-conversion -Wshorten-64-to-32 -Wpointer-sign -Wno-newline-eof -Wno-implicit-fallthrough -isysroot /Applications/Xcode-27.0.0-Release.Candidate.app/Contents/Developer/Platforms/MacOSX.platform/Developer/SDKs/MacOSX27.0.sdk -fstrict-aliasing -Wdeprecated-declarations -Wno-sign-conversion -Wno-infinite-recursion -Wno-comma -Wno-block-capture-autoreleasing -Wno-strict-prototypes -Wno-semicolon-before-method-body -index-store-path /Users/admin/builder/spi-builder-workspace/.derivedData/Index.noindex/DataStore @/Users/admin/builder/spi-builder-workspace/.derivedData/Build/Intermediates.noindex/UncommonCrypto.build/Debug/CUncommonCrypto-t.build/Objects-normal/arm64/7187679823f38a2a940e0043cdf9d637-common-args.resp -MMD -MT dependencies -MF /Users/admin/builder/spi-builder-workspace/.derivedData/Build/Intermediates.noindex/UncommonCrypto.build/Debug/CUncommonCrypto-t.build/Objects-normal/arm64/memzero.d --serialize-diagnostics /Users/admin/builder/spi-builder-workspace/.derivedData/Build/Intermediates.noindex/UncommonCrypto.build/Debug/CUncommonCrypto-t.build/Objects-normal/arm64/memzero.dia -c /Users/admin/builder/spi-builder-workspace/.dependencies/checkouts/UncommonCrypto.swift/Sources/CUncommonCrypto/memzero.c -o /Users/admin/builder/spi-builder-workspace/.derivedData/Build/Intermediates.noindex/UncommonCrypto.build/Debug/CUncommonCrypto-t.build/Objects-normal/arm64/memzero.o -index-unit-output-path /UncommonCrypto.build/Debug/CUncommonCrypto-t.build/Objects-normal/arm64/memzero.o
PrecompileModule /Users/admin/builder/spi-builder-workspace/.derivedData/Build/Intermediates.noindex/ExplicitPrecompiledModules/_Builtin_stdint-CMU0E36CXR4JXWS1H72JAWHSU.scan
cd /
builtin-precompileModule /Users/admin/builder/spi-builder-workspace/.derivedData/Build/Intermediates.noindex/ExplicitPrecompiledModules/_Builtin_stdint-CMU0E36CXR4JXWS1H72JAWHSU.scan
CompileC /Users/admin/builder/spi-builder-workspace/.derivedData/Build/Intermediates.noindex/K1.build/Debug/secp256k1-t.build/Objects-normal/arm64/lax_der_parsing.o /Users/admin/builder/spi-builder-workspace/.dependencies/checkouts/K1/Sources/secp256k1/libsecp256k1/contrib/lax_der_parsing.c normal arm64 c com.apple.compilers.llvm.clang.1_0.compiler (in target 'secp256k1' from project 'K1')
cd /Users/admin/builder/spi-builder-workspace/.swiftpm/xcode
Using response file: /Users/admin/builder/spi-builder-workspace/.derivedData/Build/Intermediates.noindex/K1.build/Debug/secp256k1-t.build/Objects-normal/arm64/7187679823f38a2a940e0043cdf9d637-common-args.resp
/Applications/Xcode-27.0.0-Release.Candidate.app/Contents/Developer/Toolchains/XcodeDefault.xctoolchain/usr/bin/clang -x c -ivfsstatcache /Users/admin/builder/spi-builder-workspace/.derivedData/SDKStatCaches.noindex/macosx27.0-26A425-e829b21a6f8c9b70876ba0858053c0446a22442a12e9d48fe1a705f55a1adfc4.sdkstatcache -target arm64-apple-macos12.0 -fmessage-length\=0 -fdiagnostics-show-note-include-stack -fmacro-backtrace-limit\=0 -fno-color-diagnostics -fmodules-prune-interval\=86400 -fmodules-prune-after\=345600 -fbuild-session-file\=/Users/admin/builder/spi-builder-workspace/.derivedData/ModuleCache.noindex/Session.modulevalidation -fmodules-validate-once-per-build-session -Wnon-modular-include-in-framework-module -Werror\=non-modular-include-in-framework-module -Wno-trigraphs -Wno-missing-field-initializers -Wno-missing-prototypes -Wno-return-type -Wno-missing-braces -Wparentheses -Wswitch -Wno-unused-function -Wno-unused-label -Wno-unused-parameter -Wno-unused-variable -Wunused-value -Wno-empty-body -Wno-uninitialized -Wno-unknown-pragmas -w -Wno-shadow -Wno-four-char-constants -Wno-conversion -Wno-constant-conversion -Wno-int-conversion -Wno-bool-conversion -Wno-enum-conversion -Wno-float-conversion -Wno-non-literal-null-conversion -Wno-objc-literal-conversion -Wshorten-64-to-32 -Wpointer-sign -Wno-newline-eof -Wno-implicit-fallthrough -isysroot /Applications/Xcode-27.0.0-Release.Candidate.app/Contents/Developer/Platforms/MacOSX.platform/Developer/SDKs/MacOSX27.0.sdk -fstrict-aliasing -Wdeprecated-declarations -Wno-sign-conversion -Wno-infinite-recursion -Wno-comma -Wno-block-capture-autoreleasing -Wno-strict-prototypes -Wno-semicolon-before-method-body -index-store-path /Users/admin/builder/spi-builder-workspace/.derivedData/Index.noindex/DataStore @/Users/admin/builder/spi-builder-workspace/.derivedData/Build/Intermediates.noindex/K1.build/Debug/secp256k1-t.build/Objects-normal/arm64/7187679823f38a2a940e0043cdf9d637-common-args.resp -MMD -MT dependencies -MF /Users/admin/builder/spi-builder-workspace/.derivedData/Build/Intermediates.noindex/K1.build/Debug/secp256k1-t.build/Objects-normal/arm64/lax_der_parsing.d --serialize-diagnostics /Users/admin/builder/spi-builder-workspace/.derivedData/Build/Intermediates.noindex/K1.build/Debug/secp256k1-t.build/Objects-normal/arm64/lax_der_parsing.dia -c /Users/admin/builder/spi-builder-workspace/.dependencies/checkouts/K1/Sources/secp256k1/libsecp256k1/contrib/lax_der_parsing.c -o /Users/admin/builder/spi-builder-workspace/.derivedData/Build/Intermediates.noindex/K1.build/Debug/secp256k1-t.build/Objects-normal/arm64/lax_der_parsing.o -index-unit-output-path /K1.build/Debug/secp256k1-t.build/Objects-normal/arm64/lax_der_parsing.o
CompileC /Users/admin/builder/spi-builder-workspace/.derivedData/Build/Intermediates.noindex/K1.build/Debug/secp256k1-t.build/Objects-normal/arm64/ecdh_variants.o /Users/admin/builder/spi-builder-workspace/.dependencies/checkouts/K1/Sources/secp256k1/src/ecdh_variants.c normal arm64 c com.apple.compilers.llvm.clang.1_0.compiler (in target 'secp256k1' from project 'K1')
cd /Users/admin/builder/spi-builder-workspace/.swiftpm/xcode
Using response file: /Users/admin/builder/spi-builder-workspace/.derivedData/Build/Intermediates.noindex/K1.build/Debug/secp256k1-t.build/Objects-normal/arm64/7187679823f38a2a940e0043cdf9d637-common-args.resp
/Applications/Xcode-27.0.0-Release.Candidate.app/Contents/Developer/Toolchains/XcodeDefault.xctoolchain/usr/bin/clang -x c -ivfsstatcache /Users/admin/builder/spi-builder-workspace/.derivedData/SDKStatCaches.noindex/macosx27.0-26A425-e829b21a6f8c9b70876ba0858053c0446a22442a12e9d48fe1a705f55a1adfc4.sdkstatcache -target arm64-apple-macos12.0 -fmessage-length\=0 -fdiagnostics-show-note-include-stack -fmacro-backtrace-limit\=0 -fno-color-diagnostics -fmodules-prune-interval\=86400 -fmodules-prune-after\=345600 -fbuild-session-file\=/Users/admin/builder/spi-builder-workspace/.derivedData/ModuleCache.noindex/Session.modulevalidation -fmodules-validate-once-per-build-session -Wnon-modular-include-in-framework-module -Werror\=non-modular-include-in-framework-module -Wno-trigraphs -Wno-missing-field-initializers -Wno-missing-prototypes -Wno-return-type -Wno-missing-braces -Wparentheses -Wswitch -Wno-unused-function -Wno-unused-label -Wno-unused-parameter -Wno-unused-variable -Wunused-value -Wno-empty-body -Wno-uninitialized -Wno-unknown-pragmas -w -Wno-shadow -Wno-four-char-constants -Wno-conversion -Wno-constant-conversion -Wno-int-conversion -Wno-bool-conversion -Wno-enum-conversion -Wno-float-conversion -Wno-non-literal-null-conversion -Wno-objc-literal-conversion -Wshorten-64-to-32 -Wpointer-sign -Wno-newline-eof -Wno-implicit-fallthrough -isysroot /Applications/Xcode-27.0.0-Release.Candidate.app/Contents/Developer/Platforms/MacOSX.platform/Developer/SDKs/MacOSX27.0.sdk -fstrict-aliasing -Wdeprecated-declarations -Wno-sign-conversion -Wno-infinite-recursion -Wno-comma -Wno-block-capture-autoreleasing -Wno-strict-prototypes -Wno-semicolon-before-method-body -index-store-path /Users/admin/builder/spi-builder-workspace/.derivedData/Index.noindex/DataStore @/Users/admin/builder/spi-builder-workspace/.derivedData/Build/Intermediates.noindex/K1.build/Debug/secp256k1-t.build/Objects-normal/arm64/7187679823f38a2a940e0043cdf9d637-common-args.resp -MMD -MT dependencies -MF /Users/admin/builder/spi-builder-workspace/.derivedData/Build/Intermediates.noindex/K1.build/Debug/secp256k1-t.build/Objects-normal/arm64/ecdh_variants.d --serialize-diagnostics /Users/admin/builder/spi-builder-workspace/.derivedData/Build/Intermediates.noindex/K1.build/Debug/secp256k1-t.build/Objects-normal/arm64/ecdh_variants.dia -c /Users/admin/builder/spi-builder-workspace/.dependencies/checkouts/K1/Sources/secp256k1/src/ecdh_variants.c -o /Users/admin/builder/spi-builder-workspace/.derivedData/Build/Intermediates.noindex/K1.build/Debug/secp256k1-t.build/Objects-normal/arm64/ecdh_variants.o -index-unit-output-path /K1.build/Debug/secp256k1-t.build/Objects-normal/arm64/ecdh_variants.o
CompileC /Users/admin/builder/spi-builder-workspace/.derivedData/Build/Intermediates.noindex/K1.build/Debug/secp256k1-t.build/Objects-normal/arm64/lax_der_privatekey_parsing.o /Users/admin/builder/spi-builder-workspace/.dependencies/checkouts/K1/Sources/secp256k1/libsecp256k1/contrib/lax_der_privatekey_parsing.c normal arm64 c com.apple.compilers.llvm.clang.1_0.compiler (in target 'secp256k1' from project 'K1')
cd /Users/admin/builder/spi-builder-workspace/.swiftpm/xcode
Using response file: /Users/admin/builder/spi-builder-workspace/.derivedData/Build/Intermediates.noindex/K1.build/Debug/secp256k1-t.build/Objects-normal/arm64/7187679823f38a2a940e0043cdf9d637-common-args.resp
/Applications/Xcode-27.0.0-Release.Candidate.app/Contents/Developer/Toolchains/XcodeDefault.xctoolchain/usr/bin/clang -x c -ivfsstatcache /Users/admin/builder/spi-builder-workspace/.derivedData/SDKStatCaches.noindex/macosx27.0-26A425-e829b21a6f8c9b70876ba0858053c0446a22442a12e9d48fe1a705f55a1adfc4.sdkstatcache -target arm64-apple-macos12.0 -fmessage-length\=0 -fdiagnostics-show-note-include-stack -fmacro-backtrace-limit\=0 -fno-color-diagnostics -fmodules-prune-interval\=86400 -fmodules-prune-after\=345600 -fbuild-session-file\=/Users/admin/builder/spi-builder-workspace/.derivedData/ModuleCache.noindex/Session.modulevalidation -fmodules-validate-once-per-build-session -Wnon-modular-include-in-framework-module -Werror\=non-modular-include-in-framework-module -Wno-trigraphs -Wno-missing-field-initializers -Wno-missing-prototypes -Wno-return-type -Wno-missing-braces -Wparentheses -Wswitch -Wno-unused-function -Wno-unused-label -Wno-unused-parameter -Wno-unused-variable -Wunused-value -Wno-empty-body -Wno-uninitialized -Wno-unknown-pragmas -w -Wno-shadow -Wno-four-char-constants -Wno-conversion -Wno-constant-conversion -Wno-int-conversion -Wno-bool-conversion -Wno-enum-conversion -Wno-float-conversion -Wno-non-literal-null-conversion -Wno-objc-literal-conversion -Wshorten-64-to-32 -Wpointer-sign -Wno-newline-eof -Wno-implicit-fallthrough -isysroot /Applications/Xcode-27.0.0-Release.Candidate.app/Contents/Developer/Platforms/MacOSX.platform/Developer/SDKs/MacOSX27.0.sdk -fstrict-aliasing -Wdeprecated-declarations -Wno-sign-conversion -Wno-infinite-recursion -Wno-comma -Wno-block-capture-autoreleasing -Wno-strict-prototypes -Wno-semicolon-before-method-body -index-store-path /Users/admin/builder/spi-builder-workspace/.derivedData/Index.noindex/DataStore @/Users/admin/builder/spi-builder-workspace/.derivedData/Build/Intermediates.noindex/K1.build/Debug/secp256k1-t.build/Objects-normal/arm64/7187679823f38a2a940e0043cdf9d637-common-args.resp -MMD -MT dependencies -MF /Users/admin/builder/spi-builder-workspace/.derivedData/Build/Intermediates.noindex/K1.build/Debug/secp256k1-t.build/Objects-normal/arm64/lax_der_privatekey_parsing.d --serialize-diagnostics /Users/admin/builder/spi-builder-workspace/.derivedData/Build/Intermediates.noindex/K1.build/Debug/secp256k1-t.build/Objects-normal/arm64/lax_der_privatekey_parsing.dia -c /Users/admin/builder/spi-builder-workspace/.dependencies/checkouts/K1/Sources/secp256k1/libsecp256k1/contrib/lax_der_privatekey_parsing.c -o /Users/admin/builder/spi-builder-workspace/.derivedData/Build/Intermediates.noindex/K1.build/Debug/secp256k1-t.build/Objects-normal/arm64/lax_der_privatekey_parsing.o -index-unit-output-path /K1.build/Debug/secp256k1-t.build/Objects-normal/arm64/lax_der_privatekey_parsing.o
PrecompileModule /Users/admin/builder/spi-builder-workspace/.derivedData/Build/Intermediates.noindex/ExplicitPrecompiledModules/_Builtin_stdint-D9IR0A9UW6946BZXDU3K7AZRB.scan
cd /
builtin-precompileModule /Users/admin/builder/spi-builder-workspace/.derivedData/Build/Intermediates.noindex/ExplicitPrecompiledModules/_Builtin_stdint-D9IR0A9UW6946BZXDU3K7AZRB.scan
CompileC /Users/admin/builder/spi-builder-workspace/.derivedData/Build/Intermediates.noindex/UncommonCrypto.build/Debug/CUncommonCrypto-t.build/Objects-normal/arm64/sha3.o /Users/admin/builder/spi-builder-workspace/.dependencies/checkouts/UncommonCrypto.swift/Sources/CUncommonCrypto/sha3.c normal arm64 c com.apple.compilers.llvm.clang.1_0.compiler (in target 'CUncommonCrypto' from project 'UncommonCrypto')
cd /Users/admin/builder/spi-builder-workspace/.swiftpm/xcode
Using response file: /Users/admin/builder/spi-builder-workspace/.derivedData/Build/Intermediates.noindex/UncommonCrypto.build/Debug/CUncommonCrypto-t.build/Objects-normal/arm64/7187679823f38a2a940e0043cdf9d637-common-args.resp
/Applications/Xcode-27.0.0-Release.Candidate.app/Contents/Developer/Toolchains/XcodeDefault.xctoolchain/usr/bin/clang -x c -ivfsstatcache /Users/admin/builder/spi-builder-workspace/.derivedData/SDKStatCaches.noindex/macosx27.0-26A425-e829b21a6f8c9b70876ba0858053c0446a22442a12e9d48fe1a705f55a1adfc4.sdkstatcache -target arm64-apple-macos12.0 -fmessage-length\=0 -fdiagnostics-show-note-include-stack -fmacro-backtrace-limit\=0 -fno-color-diagnostics -fmodules-prune-interval\=86400 -fmodules-prune-after\=345600 -fbuild-session-file\=/Users/admin/builder/spi-builder-workspace/.derivedData/ModuleCache.noindex/Session.modulevalidation -fmodules-validate-once-per-build-session -Wnon-modular-include-in-framework-module -Werror\=non-modular-include-in-framework-module -Wno-trigraphs -Wno-missing-field-initializers -Wno-missing-prototypes -Wno-return-type -Wno-missing-braces -Wparentheses -Wswitch -Wno-unused-function -Wno-unused-label -Wno-unused-parameter -Wno-unused-variable -Wunused-value -Wno-empty-body -Wno-uninitialized -Wno-unknown-pragmas -w -Wno-shadow -Wno-four-char-constants -Wno-conversion -Wno-constant-conversion -Wno-int-conversion -Wno-bool-conversion -Wno-enum-conversion -Wno-float-conversion -Wno-non-literal-null-conversion -Wno-objc-literal-conversion -Wshorten-64-to-32 -Wpointer-sign -Wno-newline-eof -Wno-implicit-fallthrough -isysroot /Applications/Xcode-27.0.0-Release.Candidate.app/Contents/Developer/Platforms/MacOSX.platform/Developer/SDKs/MacOSX27.0.sdk -fstrict-aliasing -Wdeprecated-declarations -Wno-sign-conversion -Wno-infinite-recursion -Wno-comma -Wno-block-capture-autoreleasing -Wno-strict-prototypes -Wno-semicolon-before-method-body -index-store-path /Users/admin/builder/spi-builder-workspace/.derivedData/Index.noindex/DataStore @/Users/admin/builder/spi-builder-workspace/.derivedData/Build/Intermediates.noindex/UncommonCrypto.build/Debug/CUncommonCrypto-t.build/Objects-normal/arm64/7187679823f38a2a940e0043cdf9d637-common-args.resp -MMD -MT dependencies -MF /Users/admin/builder/spi-builder-workspace/.derivedData/Build/Intermediates.noindex/UncommonCrypto.build/Debug/CUncommonCrypto-t.build/Objects-normal/arm64/sha3.d --serialize-diagnostics /Users/admin/builder/spi-builder-workspace/.derivedData/Build/Intermediates.noindex/UncommonCrypto.build/Debug/CUncommonCrypto-t.build/Objects-normal/arm64/sha3.dia -c /Users/admin/builder/spi-builder-workspace/.dependencies/checkouts/UncommonCrypto.swift/Sources/CUncommonCrypto/sha3.c -o /Users/admin/builder/spi-builder-workspace/.derivedData/Build/Intermediates.noindex/UncommonCrypto.build/Debug/CUncommonCrypto-t.build/Objects-normal/arm64/sha3.o -index-unit-output-path /UncommonCrypto.build/Debug/CUncommonCrypto-t.build/Objects-normal/arm64/sha3.o
CompileC /Users/admin/builder/spi-builder-workspace/.derivedData/Build/Intermediates.noindex/UncommonCrypto.build/Debug/CUncommonCrypto-t.build/Objects-normal/arm64/sha2.o /Users/admin/builder/spi-builder-workspace/.dependencies/checkouts/UncommonCrypto.swift/Sources/CUncommonCrypto/sha2.c normal arm64 c com.apple.compilers.llvm.clang.1_0.compiler (in target 'CUncommonCrypto' from project 'UncommonCrypto')
cd /Users/admin/builder/spi-builder-workspace/.swiftpm/xcode
Using response file: /Users/admin/builder/spi-builder-workspace/.derivedData/Build/Intermediates.noindex/UncommonCrypto.build/Debug/CUncommonCrypto-t.build/Objects-normal/arm64/7187679823f38a2a940e0043cdf9d637-common-args.resp
/Applications/Xcode-27.0.0-Release.Candidate.app/Contents/Developer/Toolchains/XcodeDefault.xctoolchain/usr/bin/clang -x c -ivfsstatcache /Users/admin/builder/spi-builder-workspace/.derivedData/SDKStatCaches.noindex/macosx27.0-26A425-e829b21a6f8c9b70876ba0858053c0446a22442a12e9d48fe1a705f55a1adfc4.sdkstatcache -target arm64-apple-macos12.0 -fmessage-length\=0 -fdiagnostics-show-note-include-stack -fmacro-backtrace-limit\=0 -fno-color-diagnostics -fmodules-prune-interval\=86400 -fmodules-prune-after\=345600 -fbuild-session-file\=/Users/admin/builder/spi-builder-workspace/.derivedData/ModuleCache.noindex/Session.modulevalidation -fmodules-validate-once-per-build-session -Wnon-modular-include-in-framework-module -Werror\=non-modular-include-in-framework-module -Wno-trigraphs -Wno-missing-field-initializers -Wno-missing-prototypes -Wno-return-type -Wno-missing-braces -Wparentheses -Wswitch -Wno-unused-function -Wno-unused-label -Wno-unused-parameter -Wno-unused-variable -Wunused-value -Wno-empty-body -Wno-uninitialized -Wno-unknown-pragmas -w -Wno-shadow -Wno-four-char-constants -Wno-conversion -Wno-constant-conversion -Wno-int-conversion -Wno-bool-conversion -Wno-enum-conversion -Wno-float-conversion -Wno-non-literal-null-conversion -Wno-objc-literal-conversion -Wshorten-64-to-32 -Wpointer-sign -Wno-newline-eof -Wno-implicit-fallthrough -isysroot /Applications/Xcode-27.0.0-Release.Candidate.app/Contents/Developer/Platforms/MacOSX.platform/Developer/SDKs/MacOSX27.0.sdk -fstrict-aliasing -Wdeprecated-declarations -Wno-sign-conversion -Wno-infinite-recursion -Wno-comma -Wno-block-capture-autoreleasing -Wno-strict-prototypes -Wno-semicolon-before-method-body -index-store-path /Users/admin/builder/spi-builder-workspace/.derivedData/Index.noindex/DataStore @/Users/admin/builder/spi-builder-workspace/.derivedData/Build/Intermediates.noindex/UncommonCrypto.build/Debug/CUncommonCrypto-t.build/Objects-normal/arm64/7187679823f38a2a940e0043cdf9d637-common-args.resp -MMD -MT dependencies -MF /Users/admin/builder/spi-builder-workspace/.derivedData/Build/Intermediates.noindex/UncommonCrypto.build/Debug/CUncommonCrypto-t.build/Objects-normal/arm64/sha2.d --serialize-diagnostics /Users/admin/builder/spi-builder-workspace/.derivedData/Build/Intermediates.noindex/UncommonCrypto.build/Debug/CUncommonCrypto-t.build/Objects-normal/arm64/sha2.dia -c /Users/admin/builder/spi-builder-workspace/.dependencies/checkouts/UncommonCrypto.swift/Sources/CUncommonCrypto/sha2.c -o /Users/admin/builder/spi-builder-workspace/.derivedData/Build/Intermediates.noindex/UncommonCrypto.build/Debug/CUncommonCrypto-t.build/Objects-normal/arm64/sha2.o -index-unit-output-path /UncommonCrypto.build/Debug/CUncommonCrypto-t.build/Objects-normal/arm64/sha2.o
CompileC /Users/admin/builder/spi-builder-workspace/.derivedData/Build/Intermediates.noindex/UncommonCrypto.build/Debug/CUncommonCrypto-t.build/Objects-normal/arm64/pbkdf2.o /Users/admin/builder/spi-builder-workspace/.dependencies/checkouts/UncommonCrypto.swift/Sources/CUncommonCrypto/pbkdf2.c normal arm64 c com.apple.compilers.llvm.clang.1_0.compiler (in target 'CUncommonCrypto' from project 'UncommonCrypto')
cd /Users/admin/builder/spi-builder-workspace/.swiftpm/xcode
Using response file: /Users/admin/builder/spi-builder-workspace/.derivedData/Build/Intermediates.noindex/UncommonCrypto.build/Debug/CUncommonCrypto-t.build/Objects-normal/arm64/7187679823f38a2a940e0043cdf9d637-common-args.resp
/Applications/Xcode-27.0.0-Release.Candidate.app/Contents/Developer/Toolchains/XcodeDefault.xctoolchain/usr/bin/clang -x c -ivfsstatcache /Users/admin/builder/spi-builder-workspace/.derivedData/SDKStatCaches.noindex/macosx27.0-26A425-e829b21a6f8c9b70876ba0858053c0446a22442a12e9d48fe1a705f55a1adfc4.sdkstatcache -target arm64-apple-macos12.0 -fmessage-length\=0 -fdiagnostics-show-note-include-stack -fmacro-backtrace-limit\=0 -fno-color-diagnostics -fmodules-prune-interval\=86400 -fmodules-prune-after\=345600 -fbuild-session-file\=/Users/admin/builder/spi-builder-workspace/.derivedData/ModuleCache.noindex/Session.modulevalidation -fmodules-validate-once-per-build-session -Wnon-modular-include-in-framework-module -Werror\=non-modular-include-in-framework-module -Wno-trigraphs -Wno-missing-field-initializers -Wno-missing-prototypes -Wno-return-type -Wno-missing-braces -Wparentheses -Wswitch -Wno-unused-function -Wno-unused-label -Wno-unused-parameter -Wno-unused-variable -Wunused-value -Wno-empty-body -Wno-uninitialized -Wno-unknown-pragmas -w -Wno-shadow -Wno-four-char-constants -Wno-conversion -Wno-constant-conversion -Wno-int-conversion -Wno-bool-conversion -Wno-enum-conversion -Wno-float-conversion -Wno-non-literal-null-conversion -Wno-objc-literal-conversion -Wshorten-64-to-32 -Wpointer-sign -Wno-newline-eof -Wno-implicit-fallthrough -isysroot /Applications/Xcode-27.0.0-Release.Candidate.app/Contents/Developer/Platforms/MacOSX.platform/Developer/SDKs/MacOSX27.0.sdk -fstrict-aliasing -Wdeprecated-declarations -Wno-sign-conversion -Wno-infinite-recursion -Wno-comma -Wno-block-capture-autoreleasing -Wno-strict-prototypes -Wno-semicolon-before-method-body -index-store-path /Users/admin/builder/spi-builder-workspace/.derivedData/Index.noindex/DataStore @/Users/admin/builder/spi-builder-workspace/.derivedData/Build/Intermediates.noindex/UncommonCrypto.build/Debug/CUncommonCrypto-t.build/Objects-normal/arm64/7187679823f38a2a940e0043cdf9d637-common-args.resp -MMD -MT dependencies -MF /Users/admin/builder/spi-builder-workspace/.derivedData/Build/Intermediates.noindex/UncommonCrypto.build/Debug/CUncommonCrypto-t.build/Objects-normal/arm64/pbkdf2.d --serialize-diagnostics /Users/admin/builder/spi-builder-workspace/.derivedData/Build/Intermediates.noindex/UncommonCrypto.build/Debug/CUncommonCrypto-t.build/Objects-normal/arm64/pbkdf2.dia -c /Users/admin/builder/spi-builder-workspace/.dependencies/checkouts/UncommonCrypto.swift/Sources/CUncommonCrypto/pbkdf2.c -o /Users/admin/builder/spi-builder-workspace/.derivedData/Build/Intermediates.noindex/UncommonCrypto.build/Debug/CUncommonCrypto-t.build/Objects-normal/arm64/pbkdf2.o -index-unit-output-path /UncommonCrypto.build/Debug/CUncommonCrypto-t.build/Objects-normal/arm64/pbkdf2.o
CompileC /Users/admin/builder/spi-builder-workspace/.derivedData/Build/Intermediates.noindex/UncommonCrypto.build/Debug/CUncommonCrypto-t.build/Objects-normal/arm64/hmac.o /Users/admin/builder/spi-builder-workspace/.dependencies/checkouts/UncommonCrypto.swift/Sources/CUncommonCrypto/hmac.c normal arm64 c com.apple.compilers.llvm.clang.1_0.compiler (in target 'CUncommonCrypto' from project 'UncommonCrypto')
cd /Users/admin/builder/spi-builder-workspace/.swiftpm/xcode
Using response file: /Users/admin/builder/spi-builder-workspace/.derivedData/Build/Intermediates.noindex/UncommonCrypto.build/Debug/CUncommonCrypto-t.build/Objects-normal/arm64/7187679823f38a2a940e0043cdf9d637-common-args.resp
/Applications/Xcode-27.0.0-Release.Candidate.app/Contents/Developer/Toolchains/XcodeDefault.xctoolchain/usr/bin/clang -x c -ivfsstatcache /Users/admin/builder/spi-builder-workspace/.derivedData/SDKStatCaches.noindex/macosx27.0-26A425-e829b21a6f8c9b70876ba0858053c0446a22442a12e9d48fe1a705f55a1adfc4.sdkstatcache -target arm64-apple-macos12.0 -fmessage-length\=0 -fdiagnostics-show-note-include-stack -fmacro-backtrace-limit\=0 -fno-color-diagnostics -fmodules-prune-interval\=86400 -fmodules-prune-after\=345600 -fbuild-session-file\=/Users/admin/builder/spi-builder-workspace/.derivedData/ModuleCache.noindex/Session.modulevalidation -fmodules-validate-once-per-build-session -Wnon-modular-include-in-framework-module -Werror\=non-modular-include-in-framework-module -Wno-trigraphs -Wno-missing-field-initializers -Wno-missing-prototypes -Wno-return-type -Wno-missing-braces -Wparentheses -Wswitch -Wno-unused-function -Wno-unused-label -Wno-unused-parameter -Wno-unused-variable -Wunused-value -Wno-empty-body -Wno-uninitialized -Wno-unknown-pragmas -w -Wno-shadow -Wno-four-char-constants -Wno-conversion -Wno-constant-conversion -Wno-int-conversion -Wno-bool-conversion -Wno-enum-conversion -Wno-float-conversion -Wno-non-literal-null-conversion -Wno-objc-literal-conversion -Wshorten-64-to-32 -Wpointer-sign -Wno-newline-eof -Wno-implicit-fallthrough -isysroot /Applications/Xcode-27.0.0-Release.Candidate.app/Contents/Developer/Platforms/MacOSX.platform/Developer/SDKs/MacOSX27.0.sdk -fstrict-aliasing -Wdeprecated-declarations -Wno-sign-conversion -Wno-infinite-recursion -Wno-comma -Wno-block-capture-autoreleasing -Wno-strict-prototypes -Wno-semicolon-before-method-body -index-store-path /Users/admin/builder/spi-builder-workspace/.derivedData/Index.noindex/DataStore @/Users/admin/builder/spi-builder-workspace/.derivedData/Build/Intermediates.noindex/UncommonCrypto.build/Debug/CUncommonCrypto-t.build/Objects-normal/arm64/7187679823f38a2a940e0043cdf9d637-common-args.resp -MMD -MT dependencies -MF /Users/admin/builder/spi-builder-workspace/.derivedData/Build/Intermediates.noindex/UncommonCrypto.build/Debug/CUncommonCrypto-t.build/Objects-normal/arm64/hmac.d --serialize-diagnostics /Users/admin/builder/spi-builder-workspace/.derivedData/Build/Intermediates.noindex/UncommonCrypto.build/Debug/CUncommonCrypto-t.build/Objects-normal/arm64/hmac.dia -c /Users/admin/builder/spi-builder-workspace/.dependencies/checkouts/UncommonCrypto.swift/Sources/CUncommonCrypto/hmac.c -o /Users/admin/builder/spi-builder-workspace/.derivedData/Build/Intermediates.noindex/UncommonCrypto.build/Debug/CUncommonCrypto-t.build/Objects-normal/arm64/hmac.o -index-unit-output-path /UncommonCrypto.build/Debug/CUncommonCrypto-t.build/Objects-normal/arm64/hmac.o
PrecompileModule /Users/admin/builder/spi-builder-workspace/.derivedData/Build/Intermediates.noindex/ExplicitPrecompiledModules/_DarwinFoundation3-QL4EQF9DTGJTRL7C802OZAGE.scan
cd /
builtin-precompileModule /Users/admin/builder/spi-builder-workspace/.derivedData/Build/Intermediates.noindex/ExplicitPrecompiledModules/_DarwinFoundation3-QL4EQF9DTGJTRL7C802OZAGE.scan
Ld /Users/admin/builder/spi-builder-workspace/.derivedData/Build/Products/Debug/CUncommonCrypto.o normal (in target 'CUncommonCrypto' from project 'UncommonCrypto')
cd /Users/admin/builder/spi-builder-workspace/.dependencies/checkouts/UncommonCrypto.swift
/Applications/Xcode-27.0.0-Release.Candidate.app/Contents/Developer/Toolchains/XcodeDefault.xctoolchain/usr/bin/clang -Xlinker -reproducible -target arm64-apple-macos12.0 -r -isysroot /Applications/Xcode-27.0.0-Release.Candidate.app/Contents/Developer/Platforms/MacOSX.platform/Developer/SDKs/MacOSX27.0.sdk -O0 -w -Xlinker -no_warn_duplicate_libraries -F/Users/admin/builder/spi-builder-workspace/.derivedData/Build/Intermediates.noindex/EagerLinkingTBDs/Debug -F/Users/admin/builder/spi-builder-workspace/.derivedData/Build/Products/Debug -iframework /Applications/Xcode-27.0.0-Release.Candidate.app/Contents/Developer/Platforms/MacOSX.platform/Developer/Library/Frameworks -filelist /Users/admin/builder/spi-builder-workspace/.derivedData/Build/Intermediates.noindex/UncommonCrypto.build/Debug/CUncommonCrypto-t.build/Objects-normal/arm64/CUncommonCrypto.LinkFileList -nostdlib -Xlinker -object_path_lto -Xlinker /Users/admin/builder/spi-builder-workspace/.derivedData/Build/Intermediates.noindex/UncommonCrypto.build/Debug/CUncommonCrypto-t.build/Objects-normal/arm64/CUncommonCrypto_lto.o -Xlinker -no_deduplicate -Xlinker -debug_variant -Xlinker -dependency_info -Xlinker /Users/admin/builder/spi-builder-workspace/.derivedData/Build/Intermediates.noindex/UncommonCrypto.build/Debug/CUncommonCrypto-t.build/Objects-normal/arm64/CUncommonCrypto_dependency_info.dat -o /Users/admin/builder/spi-builder-workspace/.derivedData/Build/Products/Debug/CUncommonCrypto.o
CompileC /Users/admin/builder/spi-builder-workspace/.derivedData/Build/Intermediates.noindex/K1.build/Debug/secp256k1-t.build/Objects-normal/arm64/secp256k1.o /Users/admin/builder/spi-builder-workspace/.dependencies/checkouts/K1/Sources/secp256k1/libsecp256k1/src/secp256k1.c normal arm64 c com.apple.compilers.llvm.clang.1_0.compiler (in target 'secp256k1' from project 'K1')
cd /Users/admin/builder/spi-builder-workspace/.swiftpm/xcode
Using response file: /Users/admin/builder/spi-builder-workspace/.derivedData/Build/Intermediates.noindex/K1.build/Debug/secp256k1-t.build/Objects-normal/arm64/7187679823f38a2a940e0043cdf9d637-common-args.resp
/Applications/Xcode-27.0.0-Release.Candidate.app/Contents/Developer/Toolchains/XcodeDefault.xctoolchain/usr/bin/clang -x c -ivfsstatcache /Users/admin/builder/spi-builder-workspace/.derivedData/SDKStatCaches.noindex/macosx27.0-26A425-e829b21a6f8c9b70876ba0858053c0446a22442a12e9d48fe1a705f55a1adfc4.sdkstatcache -target arm64-apple-macos12.0 -fmessage-length\=0 -fdiagnostics-show-note-include-stack -fmacro-backtrace-limit\=0 -fno-color-diagnostics -fmodules-prune-interval\=86400 -fmodules-prune-after\=345600 -fbuild-session-file\=/Users/admin/builder/spi-builder-workspace/.derivedData/ModuleCache.noindex/Session.modulevalidation -fmodules-validate-once-per-build-session -Wnon-modular-include-in-framework-module -Werror\=non-modular-include-in-framework-module -Wno-trigraphs -Wno-missing-field-initializers -Wno-missing-prototypes -Wno-return-type -Wno-missing-braces -Wparentheses -Wswitch -Wno-unused-function -Wno-unused-label -Wno-unused-parameter -Wno-unused-variable -Wunused-value -Wno-empty-body -Wno-uninitialized -Wno-unknown-pragmas -w -Wno-shadow -Wno-four-char-constants -Wno-conversion -Wno-constant-conversion -Wno-int-conversion -Wno-bool-conversion -Wno-enum-conversion -Wno-float-conversion -Wno-non-literal-null-conversion -Wno-objc-literal-conversion -Wshorten-64-to-32 -Wpointer-sign -Wno-newline-eof -Wno-implicit-fallthrough -isysroot /Applications/Xcode-27.0.0-Release.Candidate.app/Contents/Developer/Platforms/MacOSX.platform/Developer/SDKs/MacOSX27.0.sdk -fstrict-aliasing -Wdeprecated-declarations -Wno-sign-conversion -Wno-infinite-recursion -Wno-comma -Wno-block-capture-autoreleasing -Wno-strict-prototypes -Wno-semicolon-before-method-body -index-store-path /Users/admin/builder/spi-builder-workspace/.derivedData/Index.noindex/DataStore @/Users/admin/builder/spi-builder-workspace/.derivedData/Build/Intermediates.noindex/K1.build/Debug/secp256k1-t.build/Objects-normal/arm64/7187679823f38a2a940e0043cdf9d637-common-args.resp -MMD -MT dependencies -MF /Users/admin/builder/spi-builder-workspace/.derivedData/Build/Intermediates.noindex/K1.build/Debug/secp256k1-t.build/Objects-normal/arm64/secp256k1.d --serialize-diagnostics /Users/admin/builder/spi-builder-workspace/.derivedData/Build/Intermediates.noindex/K1.build/Debug/secp256k1-t.build/Objects-normal/arm64/secp256k1.dia -c /Users/admin/builder/spi-builder-workspace/.dependencies/checkouts/K1/Sources/secp256k1/libsecp256k1/src/secp256k1.c -o /Users/admin/builder/spi-builder-workspace/.derivedData/Build/Intermediates.noindex/K1.build/Debug/secp256k1-t.build/Objects-normal/arm64/secp256k1.o -index-unit-output-path /K1.build/Debug/secp256k1-t.build/Objects-normal/arm64/secp256k1.o
CompileC /Users/admin/builder/spi-builder-workspace/.derivedData/Build/Intermediates.noindex/K1.build/Debug/secp256k1-t.build/Objects-normal/arm64/precomputed_ecmult_gen.o /Users/admin/builder/spi-builder-workspace/.dependencies/checkouts/K1/Sources/secp256k1/libsecp256k1/src/precomputed_ecmult_gen.c normal arm64 c com.apple.compilers.llvm.clang.1_0.compiler (in target 'secp256k1' from project 'K1')
cd /Users/admin/builder/spi-builder-workspace/.swiftpm/xcode
Using response file: /Users/admin/builder/spi-builder-workspace/.derivedData/Build/Intermediates.noindex/K1.build/Debug/secp256k1-t.build/Objects-normal/arm64/7187679823f38a2a940e0043cdf9d637-common-args.resp
/Applications/Xcode-27.0.0-Release.Candidate.app/Contents/Developer/Toolchains/XcodeDefault.xctoolchain/usr/bin/clang -x c -ivfsstatcache /Users/admin/builder/spi-builder-workspace/.derivedData/SDKStatCaches.noindex/macosx27.0-26A425-e829b21a6f8c9b70876ba0858053c0446a22442a12e9d48fe1a705f55a1adfc4.sdkstatcache -target arm64-apple-macos12.0 -fmessage-length\=0 -fdiagnostics-show-note-include-stack -fmacro-backtrace-limit\=0 -fno-color-diagnostics -fmodules-prune-interval\=86400 -fmodules-prune-after\=345600 -fbuild-session-file\=/Users/admin/builder/spi-builder-workspace/.derivedData/ModuleCache.noindex/Session.modulevalidation -fmodules-validate-once-per-build-session -Wnon-modular-include-in-framework-module -Werror\=non-modular-include-in-framework-module -Wno-trigraphs -Wno-missing-field-initializers -Wno-missing-prototypes -Wno-return-type -Wno-missing-braces -Wparentheses -Wswitch -Wno-unused-function -Wno-unused-label -Wno-unused-parameter -Wno-unused-variable -Wunused-value -Wno-empty-body -Wno-uninitialized -Wno-unknown-pragmas -w -Wno-shadow -Wno-four-char-constants -Wno-conversion -Wno-constant-conversion -Wno-int-conversion -Wno-bool-conversion -Wno-enum-conversion -Wno-float-conversion -Wno-non-literal-null-conversion -Wno-objc-literal-conversion -Wshorten-64-to-32 -Wpointer-sign -Wno-newline-eof -Wno-implicit-fallthrough -isysroot /Applications/Xcode-27.0.0-Release.Candidate.app/Contents/Developer/Platforms/MacOSX.platform/Developer/SDKs/MacOSX27.0.sdk -fstrict-aliasing -Wdeprecated-declarations -Wno-sign-conversion -Wno-infinite-recursion -Wno-comma -Wno-block-capture-autoreleasing -Wno-strict-prototypes -Wno-semicolon-before-method-body -index-store-path /Users/admin/builder/spi-builder-workspace/.derivedData/Index.noindex/DataStore @/Users/admin/builder/spi-builder-workspace/.derivedData/Build/Intermediates.noindex/K1.build/Debug/secp256k1-t.build/Objects-normal/arm64/7187679823f38a2a940e0043cdf9d637-common-args.resp -MMD -MT dependencies -MF /Users/admin/builder/spi-builder-workspace/.derivedData/Build/Intermediates.noindex/K1.build/Debug/secp256k1-t.build/Objects-normal/arm64/precomputed_ecmult_gen.d --serialize-diagnostics /Users/admin/builder/spi-builder-workspace/.derivedData/Build/Intermediates.noindex/K1.build/Debug/secp256k1-t.build/Objects-normal/arm64/precomputed_ecmult_gen.dia -c /Users/admin/builder/spi-builder-workspace/.dependencies/checkouts/K1/Sources/secp256k1/libsecp256k1/src/precomputed_ecmult_gen.c -o /Users/admin/builder/spi-builder-workspace/.derivedData/Build/Intermediates.noindex/K1.build/Debug/secp256k1-t.build/Objects-normal/arm64/precomputed_ecmult_gen.o -index-unit-output-path /K1.build/Debug/secp256k1-t.build/Objects-normal/arm64/precomputed_ecmult_gen.o
CompileC /Users/admin/builder/spi-builder-workspace/.derivedData/Build/Intermediates.noindex/K1.build/Debug/secp256k1-t.build/Objects-normal/arm64/precomputed_ecmult.o /Users/admin/builder/spi-builder-workspace/.dependencies/checkouts/K1/Sources/secp256k1/libsecp256k1/src/precomputed_ecmult.c normal arm64 c com.apple.compilers.llvm.clang.1_0.compiler (in target 'secp256k1' from project 'K1')
cd /Users/admin/builder/spi-builder-workspace/.swiftpm/xcode
Using response file: /Users/admin/builder/spi-builder-workspace/.derivedData/Build/Intermediates.noindex/K1.build/Debug/secp256k1-t.build/Objects-normal/arm64/7187679823f38a2a940e0043cdf9d637-common-args.resp
/Applications/Xcode-27.0.0-Release.Candidate.app/Contents/Developer/Toolchains/XcodeDefault.xctoolchain/usr/bin/clang -x c -ivfsstatcache /Users/admin/builder/spi-builder-workspace/.derivedData/SDKStatCaches.noindex/macosx27.0-26A425-e829b21a6f8c9b70876ba0858053c0446a22442a12e9d48fe1a705f55a1adfc4.sdkstatcache -target arm64-apple-macos12.0 -fmessage-length\=0 -fdiagnostics-show-note-include-stack -fmacro-backtrace-limit\=0 -fno-color-diagnostics -fmodules-prune-interval\=86400 -fmodules-prune-after\=345600 -fbuild-session-file\=/Users/admin/builder/spi-builder-workspace/.derivedData/ModuleCache.noindex/Session.modulevalidation -fmodules-validate-once-per-build-session -Wnon-modular-include-in-framework-module -Werror\=non-modular-include-in-framework-module -Wno-trigraphs -Wno-missing-field-initializers -Wno-missing-prototypes -Wno-return-type -Wno-missing-braces -Wparentheses -Wswitch -Wno-unused-function -Wno-unused-label -Wno-unused-parameter -Wno-unused-variable -Wunused-value -Wno-empty-body -Wno-uninitialized -Wno-unknown-pragmas -w -Wno-shadow -Wno-four-char-constants -Wno-conversion -Wno-constant-conversion -Wno-int-conversion -Wno-bool-conversion -Wno-enum-conversion -Wno-float-conversion -Wno-non-literal-null-conversion -Wno-objc-literal-conversion -Wshorten-64-to-32 -Wpointer-sign -Wno-newline-eof -Wno-implicit-fallthrough -isysroot /Applications/Xcode-27.0.0-Release.Candidate.app/Contents/Developer/Platforms/MacOSX.platform/Developer/SDKs/MacOSX27.0.sdk -fstrict-aliasing -Wdeprecated-declarations -Wno-sign-conversion -Wno-infinite-recursion -Wno-comma -Wno-block-capture-autoreleasing -Wno-strict-prototypes -Wno-semicolon-before-method-body -index-store-path /Users/admin/builder/spi-builder-workspace/.derivedData/Index.noindex/DataStore @/Users/admin/builder/spi-builder-workspace/.derivedData/Build/Intermediates.noindex/K1.build/Debug/secp256k1-t.build/Objects-normal/arm64/7187679823f38a2a940e0043cdf9d637-common-args.resp -MMD -MT dependencies -MF /Users/admin/builder/spi-builder-workspace/.derivedData/Build/Intermediates.noindex/K1.build/Debug/secp256k1-t.build/Objects-normal/arm64/precomputed_ecmult.d --serialize-diagnostics /Users/admin/builder/spi-builder-workspace/.derivedData/Build/Intermediates.noindex/K1.build/Debug/secp256k1-t.build/Objects-normal/arm64/precomputed_ecmult.dia -c /Users/admin/builder/spi-builder-workspace/.dependencies/checkouts/K1/Sources/secp256k1/libsecp256k1/src/precomputed_ecmult.c -o /Users/admin/builder/spi-builder-workspace/.derivedData/Build/Intermediates.noindex/K1.build/Debug/secp256k1-t.build/Objects-normal/arm64/precomputed_ecmult.o -index-unit-output-path /K1.build/Debug/secp256k1-t.build/Objects-normal/arm64/precomputed_ecmult.o
SwiftExplicitDependencyGeneratePcm arm64 /Users/admin/builder/spi-builder-workspace/.derivedData/SDKExplicitPrecompiledModules/SwiftShims-C4V0DQ62WSTCYBYGILXXGQNO3.pcm
SwiftExplicitDependencyGeneratePcm arm64 /Users/admin/builder/spi-builder-workspace/.derivedData/SDKExplicitPrecompiledModules/_Builtin_float-105CRCDRP90FQCQO5ZX1LHV7H.pcm
SwiftExplicitDependencyGeneratePcm arm64 /Users/admin/builder/spi-builder-workspace/.derivedData/SDKExplicitPrecompiledModules/_SwiftConcurrencyShims-BLUUWKI6AGMD7TJ4RGYS7DP6T.pcm
SwiftExplicitDependencyGeneratePcm arm64 /Users/admin/builder/spi-builder-workspace/.derivedData/SDKExplicitPrecompiledModules/_AvailabilityInternal-CJTV5E7EL3MWRA437DUFPBVN2.pcm
SwiftExplicitDependencyGeneratePcm arm64 /Users/admin/builder/spi-builder-workspace/.derivedData/SDKExplicitPrecompiledModules/_Builtin_stdarg-7CFWA9OSW5N24E7PG4ZOCF1VH.pcm
SwiftExplicitDependencyGeneratePcm arm64 /Users/admin/builder/spi-builder-workspace/.derivedData/SDKExplicitPrecompiledModules/_Builtin_stddef-3GI9GOKXSW3QCTFOI1USFLDZO.pcm
SwiftExplicitDependencyGeneratePcm arm64 /Users/admin/builder/spi-builder-workspace/.derivedData/SDKExplicitPrecompiledModules/_Builtin_stdbool-KYV2HKP8IKLKMKQS9DGA2GUQ.pcm
SwiftExplicitDependencyGeneratePcm arm64 /Users/admin/builder/spi-builder-workspace/.derivedData/SDKExplicitPrecompiledModules/ptrcheck-DHLCBWKPNUZOYTPJ1J3QVTCXK.pcm
SwiftExplicitDependencyGeneratePcm arm64 /Users/admin/builder/spi-builder-workspace/.derivedData/SDKExplicitPrecompiledModules/ptrauth-2W92ZJRLNJU99RJUQGGJG3OC3.pcm
SwiftExplicitDependencyGeneratePcm arm64 /Users/admin/builder/spi-builder-workspace/.derivedData/Build/Intermediates.noindex/SwiftExplicitPrecompiledModules/secp256k1-ER1AS255K8F1MRQ9GAZKK29PY.pcm
SwiftExplicitDependencyGeneratePcm arm64 /Users/admin/builder/spi-builder-workspace/.derivedData/SDKExplicitPrecompiledModules/_DarwinFoundation1-7PRJIG163YE9KSKYA3BS35ZZP.pcm
SwiftExplicitDependencyGeneratePcm arm64 /Users/admin/builder/spi-builder-workspace/.derivedData/SDKExplicitPrecompiledModules/_Builtin_limits-AXGUGXBFPC0I7QDLJFB0K341Y.pcm
SwiftExplicitDependencyGeneratePcm arm64 /Users/admin/builder/spi-builder-workspace/.derivedData/SDKExplicitPrecompiledModules/_DarwinFoundation2-94WUUGE4H5R03OWXE0QFZX1DN.pcm
SwiftExplicitDependencyGeneratePcm arm64 /Users/admin/builder/spi-builder-workspace/.derivedData/SDKExplicitPrecompiledModules/_Builtin_stdint-22CBBOK8BNSF0UELDCAXSHGB.pcm
SwiftExplicitDependencyGeneratePcm arm64 /Users/admin/builder/spi-builder-workspace/.derivedData/SDKExplicitPrecompiledModules/sys_types-F4RNCN6UR5R5OWTLTOUM7TN3E.pcm
SwiftExplicitDependencyGeneratePcm arm64 /Users/admin/builder/spi-builder-workspace/.derivedData/SDKExplicitPrecompiledModules/string_h-10WPXBF3YFYMX5HUAW06LSABR.pcm
SwiftExplicitDependencyGeneratePcm arm64 /Users/admin/builder/spi-builder-workspace/.derivedData/SDKExplicitPrecompiledModules/_Builtin_stdatomic-8LN7S35C6I48KJOCW7VPXX04X.pcm
SwiftExplicitDependencyGeneratePcm arm64 /Users/admin/builder/spi-builder-workspace/.derivedData/SDKExplicitPrecompiledModules/libDER-5RCYOD0PCUUY2UGMBNE9LI8N9.pcm
SwiftExplicitDependencyGeneratePcm arm64 /Users/admin/builder/spi-builder-workspace/.derivedData/SDKExplicitPrecompiledModules/_DarwinFoundation3-32PO5Q4RCB6WXH5VFO3HA3AVS.pcm
SwiftExplicitDependencyGeneratePcm arm64 /Users/admin/builder/spi-builder-workspace/.derivedData/Build/Intermediates.noindex/SwiftExplicitPrecompiledModules/CUncommonCrypto-7SQAWKF23NCL7X7PDNLQOIC8A.pcm
SwiftExplicitDependencyGeneratePcm arm64 /Users/admin/builder/spi-builder-workspace/.derivedData/SDKExplicitPrecompiledModules/_Builtin_inttypes-1U6AP9A8AJ4G9WD98E9RHLGTJ.pcm
SwiftExplicitDependencyGeneratePcm arm64 /Users/admin/builder/spi-builder-workspace/.derivedData/SDKExplicitPrecompiledModules/CommonCrypto-4VT0ZQ0T25ABPC98A7DOL9WXB.pcm
SwiftExplicitDependencyGeneratePcm arm64 /Users/admin/builder/spi-builder-workspace/.derivedData/SDKExplicitPrecompiledModules/Darwin-1RAAWNGKQM8YGHV0YJNNN5YDY.pcm
SwiftExplicitDependencyGeneratePcm arm64 /Users/admin/builder/spi-builder-workspace/.derivedData/SDKExplicitPrecompiledModules/libkern-22MDXN9G35RPO3OLKX9B2PN16.pcm
SwiftExplicitDependencyGeneratePcm arm64 /Users/admin/builder/spi-builder-workspace/.derivedData/SDKExplicitPrecompiledModules/launch-2XAORMJNLLVS0OVKC1M0752GY.pcm
SwiftExplicitDependencyGeneratePcm arm64 /Users/admin/builder/spi-builder-workspace/.derivedData/SDKExplicitPrecompiledModules/MachO-AWTJ65TFR7TMST2NUE6ZCC1SL.pcm
Ld /Users/admin/builder/spi-builder-workspace/.derivedData/Build/Products/Debug/secp256k1.o normal (in target 'secp256k1' from project 'K1')
cd /Users/admin/builder/spi-builder-workspace/.dependencies/checkouts/K1
/Applications/Xcode-27.0.0-Release.Candidate.app/Contents/Developer/Toolchains/XcodeDefault.xctoolchain/usr/bin/clang -Xlinker -reproducible -target arm64-apple-macos12.0 -r -isysroot /Applications/Xcode-27.0.0-Release.Candidate.app/Contents/Developer/Platforms/MacOSX.platform/Developer/SDKs/MacOSX27.0.sdk -O0 -w -Xlinker -no_warn_duplicate_libraries -F/Users/admin/builder/spi-builder-workspace/.derivedData/Build/Intermediates.noindex/EagerLinkingTBDs/Debug -F/Users/admin/builder/spi-builder-workspace/.derivedData/Build/Products/Debug -iframework /Applications/Xcode-27.0.0-Release.Candidate.app/Contents/Developer/Platforms/MacOSX.platform/Developer/Library/Frameworks -filelist /Users/admin/builder/spi-builder-workspace/.derivedData/Build/Intermediates.noindex/K1.build/Debug/secp256k1-t.build/Objects-normal/arm64/secp256k1.LinkFileList -nostdlib -Xlinker -object_path_lto -Xlinker /Users/admin/builder/spi-builder-workspace/.derivedData/Build/Intermediates.noindex/K1.build/Debug/secp256k1-t.build/Objects-normal/arm64/secp256k1_lto.o -Xlinker -no_deduplicate -Xlinker -debug_variant -Xlinker -dependency_info -Xlinker /Users/admin/builder/spi-builder-workspace/.derivedData/Build/Intermediates.noindex/K1.build/Debug/secp256k1-t.build/Objects-normal/arm64/secp256k1_dependency_info.dat -o /Users/admin/builder/spi-builder-workspace/.derivedData/Build/Products/Debug/secp256k1.o
SwiftExplicitDependencyGeneratePcm arm64 /Users/admin/builder/spi-builder-workspace/.derivedData/SDKExplicitPrecompiledModules/ObjectiveC-B89IQP2TC4CFSWOUMTUZRI1VZ.pcm
SwiftExplicitDependencyGeneratePcm arm64 /Users/admin/builder/spi-builder-workspace/.derivedData/SDKExplicitPrecompiledModules/os_object-3KLCCI03OX6OQTLJ92KQH2KIO.pcm
SwiftExplicitDependencyGeneratePcm arm64 /Users/admin/builder/spi-builder-workspace/.derivedData/SDKExplicitPrecompiledModules/os_workgroup-10SJ5M8R2OB4BG1TPFL9SZMKV.pcm
SwiftExplicitDependencyGeneratePcm arm64 /Users/admin/builder/spi-builder-workspace/.derivedData/SDKExplicitPrecompiledModules/Dispatch-NAMWF9KN29KC7Z5OS3TTTAE8.pcm
SwiftExplicitDependencyGeneratePcm arm64 /Users/admin/builder/spi-builder-workspace/.derivedData/SDKExplicitPrecompiledModules/XPC-E1MSAZG4ZNL24S2WK6K6Y7GWW.pcm
SwiftExplicitDependencyGeneratePcm arm64 /Users/admin/builder/spi-builder-workspace/.derivedData/SDKExplicitPrecompiledModules/CoreFoundation-4ZIITQ30SOGUQE8KJAB99ZV0Q.pcm
SwiftExplicitDependencyGeneratePcm arm64 /Users/admin/builder/spi-builder-workspace/.derivedData/SDKExplicitPrecompiledModules/os-BYOEVK2GEMB4Q8WWHGZGREA00.pcm
SwiftExplicitDependencyGeneratePcm arm64 /Users/admin/builder/spi-builder-workspace/.derivedData/SDKExplicitPrecompiledModules/IOKit-6H3X691EDBH124EYTC2PEOP5T.pcm
SwiftExplicitDependencyGeneratePcm arm64 /Users/admin/builder/spi-builder-workspace/.derivedData/SDKExplicitPrecompiledModules/CFNetwork-CVHS5CT20191MFYXQIEDWSRGJ.pcm
SwiftExplicitDependencyGeneratePcm arm64 /Users/admin/builder/spi-builder-workspace/.derivedData/SDKExplicitPrecompiledModules/Security-ESPJ7FP0YAY1EL3VXBGY9MCZ8.pcm
SwiftExplicitDependencyGeneratePcm arm64 /Users/admin/builder/spi-builder-workspace/.derivedData/SDKExplicitPrecompiledModules/DiskArbitration-ZNZZU7T0SYELB0DAR56WQF0R.pcm
SwiftExplicitDependencyGeneratePcm arm64 /Users/admin/builder/spi-builder-workspace/.derivedData/SDKExplicitPrecompiledModules/CoreServices-CGCGY0FOMEQGSNMO3HQSC09XU.pcm
SwiftExplicitDependencyGeneratePcm arm64 /Users/admin/builder/spi-builder-workspace/.derivedData/SDKExplicitPrecompiledModules/Foundation-44WR0NU86C67CV5BW8W1MGKNG.pcm
SwiftEmitModule normal arm64 Emitting\ module\ for\ BigInt (in target 'BigInt' from project 'BigInt')
SwiftCompile normal arm64 (in target 'BigInt' from project 'BigInt')
cd /Users/admin/builder/spi-builder-workspace/.swiftpm/xcode
SwiftCompile normal arm64 Compiling\ Prime\ Test.swift,\ Random.swift /Users/admin/builder/spi-builder-workspace/.dependencies/checkouts/BigInt/Sources/Prime\ Test.swift /Users/admin/builder/spi-builder-workspace/.dependencies/checkouts/BigInt/Sources/Random.swift (in target 'BigInt' from project 'BigInt')
SwiftCompile normal arm64 /Users/admin/builder/spi-builder-workspace/.dependencies/checkouts/BigInt/Sources/Prime\ Test.swift (in target 'BigInt' from project 'BigInt')
cd /Users/admin/builder/spi-builder-workspace/.swiftpm/xcode
builtin-SwiftPerFileCompile Prime\ Test.swift
SwiftCompile normal arm64 /Users/admin/builder/spi-builder-workspace/.dependencies/checkouts/BigInt/Sources/Random.swift (in target 'BigInt' from project 'BigInt')
cd /Users/admin/builder/spi-builder-workspace/.swiftpm/xcode
builtin-SwiftPerFileCompile Random.swift
SwiftCompile normal arm64 Compiling\ Shifts.swift,\ Square\ Root.swift /Users/admin/builder/spi-builder-workspace/.dependencies/checkouts/BigInt/Sources/Shifts.swift /Users/admin/builder/spi-builder-workspace/.dependencies/checkouts/BigInt/Sources/Square\ Root.swift (in target 'BigInt' from project 'BigInt')
SwiftCompile normal arm64 /Users/admin/builder/spi-builder-workspace/.dependencies/checkouts/BigInt/Sources/Shifts.swift (in target 'BigInt' from project 'BigInt')
cd /Users/admin/builder/spi-builder-workspace/.swiftpm/xcode
builtin-SwiftPerFileCompile Shifts.swift
SwiftCompile normal arm64 /Users/admin/builder/spi-builder-workspace/.dependencies/checkouts/BigInt/Sources/Square\ Root.swift (in target 'BigInt' from project 'BigInt')
cd /Users/admin/builder/spi-builder-workspace/.swiftpm/xcode
builtin-SwiftPerFileCompile Square\ Root.swift
SwiftExplicitDependencyGeneratePcm arm64 /Users/admin/builder/spi-builder-workspace/.derivedData/SDKExplicitPrecompiledModules/LocalAuthentication-8T1JVW9JOJ0KH24ATQIF5OCZU.pcm
SwiftCompile normal arm64 Compiling\ Strideable.swift,\ String\ Conversion.swift /Users/admin/builder/spi-builder-workspace/.dependencies/checkouts/BigInt/Sources/Strideable.swift /Users/admin/builder/spi-builder-workspace/.dependencies/checkouts/BigInt/Sources/String\ Conversion.swift (in target 'BigInt' from project 'BigInt')
SwiftCompile normal arm64 /Users/admin/builder/spi-builder-workspace/.dependencies/checkouts/BigInt/Sources/Strideable.swift (in target 'BigInt' from project 'BigInt')
cd /Users/admin/builder/spi-builder-workspace/.swiftpm/xcode
builtin-SwiftPerFileCompile Strideable.swift
SwiftCompile normal arm64 /Users/admin/builder/spi-builder-workspace/.dependencies/checkouts/BigInt/Sources/String\ Conversion.swift (in target 'BigInt' from project 'BigInt')
cd /Users/admin/builder/spi-builder-workspace/.swiftpm/xcode
builtin-SwiftPerFileCompile String\ Conversion.swift
SwiftCompile normal arm64 Compiling\ Subtraction.swift,\ Words\ and\ Bits.swift /Users/admin/builder/spi-builder-workspace/.dependencies/checkouts/BigInt/Sources/Subtraction.swift /Users/admin/builder/spi-builder-workspace/.dependencies/checkouts/BigInt/Sources/Words\ and\ Bits.swift (in target 'BigInt' from project 'BigInt')
SwiftCompile normal arm64 /Users/admin/builder/spi-builder-workspace/.dependencies/checkouts/BigInt/Sources/Subtraction.swift (in target 'BigInt' from project 'BigInt')
cd /Users/admin/builder/spi-builder-workspace/.swiftpm/xcode
builtin-SwiftPerFileCompile Subtraction.swift
SwiftCompile normal arm64 /Users/admin/builder/spi-builder-workspace/.dependencies/checkouts/BigInt/Sources/Words\ and\ Bits.swift (in target 'BigInt' from project 'BigInt')
cd /Users/admin/builder/spi-builder-workspace/.swiftpm/xcode
builtin-SwiftPerFileCompile Words\ and\ Bits.swift
SwiftCompile normal arm64 Compiling\ GCD.swift,\ Hashable.swift /Users/admin/builder/spi-builder-workspace/.dependencies/checkouts/BigInt/Sources/GCD.swift /Users/admin/builder/spi-builder-workspace/.dependencies/checkouts/BigInt/Sources/Hashable.swift (in target 'BigInt' from project 'BigInt')
SwiftCompile normal arm64 /Users/admin/builder/spi-builder-workspace/.dependencies/checkouts/BigInt/Sources/GCD.swift (in target 'BigInt' from project 'BigInt')
cd /Users/admin/builder/spi-builder-workspace/.swiftpm/xcode
builtin-SwiftPerFileCompile GCD.swift
SwiftCompile normal arm64 /Users/admin/builder/spi-builder-workspace/.dependencies/checkouts/BigInt/Sources/Hashable.swift (in target 'BigInt' from project 'BigInt')
cd /Users/admin/builder/spi-builder-workspace/.swiftpm/xcode
builtin-SwiftPerFileCompile Hashable.swift
SwiftEmitModule normal arm64 Emitting\ module\ for\ UncommonCrypto (in target 'UncommonCrypto' from project 'UncommonCrypto')
SwiftCompile normal arm64 (in target 'UncommonCrypto' from project 'UncommonCrypto')
cd /Users/admin/builder/spi-builder-workspace/.swiftpm/xcode
SwiftCompile normal arm64 Compiling\ SecureRandom.swift /Users/admin/builder/spi-builder-workspace/.dependencies/checkouts/UncommonCrypto.swift/Sources/UncommonCrypto/SecureRandom.swift (in target 'UncommonCrypto' from project 'UncommonCrypto')
SwiftCompile normal arm64 /Users/admin/builder/spi-builder-workspace/.dependencies/checkouts/UncommonCrypto.swift/Sources/UncommonCrypto/SecureRandom.swift (in target 'UncommonCrypto' from project 'UncommonCrypto')
cd /Users/admin/builder/spi-builder-workspace/.swiftpm/xcode
builtin-SwiftPerFileCompile SecureRandom.swift
SwiftCompile normal arm64 Compiling\ SHA3.swift /Users/admin/builder/spi-builder-workspace/.dependencies/checkouts/UncommonCrypto.swift/Sources/UncommonCrypto/SHA3.swift (in target 'UncommonCrypto' from project 'UncommonCrypto')
SwiftCompile normal arm64 /Users/admin/builder/spi-builder-workspace/.dependencies/checkouts/UncommonCrypto.swift/Sources/UncommonCrypto/SHA3.swift (in target 'UncommonCrypto' from project 'UncommonCrypto')
cd /Users/admin/builder/spi-builder-workspace/.swiftpm/xcode
builtin-SwiftPerFileCompile SHA3.swift
SwiftCompile normal arm64 Compiling\ PBKDF2.swift /Users/admin/builder/spi-builder-workspace/.dependencies/checkouts/UncommonCrypto.swift/Sources/UncommonCrypto/PBKDF2.swift (in target 'UncommonCrypto' from project 'UncommonCrypto')
SwiftCompile normal arm64 /Users/admin/builder/spi-builder-workspace/.dependencies/checkouts/UncommonCrypto.swift/Sources/UncommonCrypto/PBKDF2.swift (in target 'UncommonCrypto' from project 'UncommonCrypto')
cd /Users/admin/builder/spi-builder-workspace/.swiftpm/xcode
builtin-SwiftPerFileCompile PBKDF2.swift
SwiftEmitModule normal arm64 Emitting\ module\ for\ K1 (in target 'K1' from project 'K1')
SwiftCompile normal arm64 (in target 'K1' from project 'K1')
cd /Users/admin/builder/spi-builder-workspace/.swiftpm/xcode
SwiftDriverJobDiscovery normal arm64 Emitting module for UncommonCrypto (in target 'UncommonCrypto' from project 'UncommonCrypto')
SwiftDriver\ Compilation\ Requirements UncommonCrypto normal arm64 com.apple.xcode.tools.swift.compiler (in target 'UncommonCrypto' from project 'UncommonCrypto')
cd /Users/admin/builder/spi-builder-workspace/.swiftpm/xcode
builtin-Swift-Compilation-Requirements -- /Applications/Xcode-27.0.0-Release.Candidate.app/Contents/Developer/Toolchains/XcodeDefault.xctoolchain/usr/bin/swiftc -parse-as-library -module-name UncommonCrypto -Onone @/Users/admin/builder/spi-builder-workspace/.derivedData/Build/Intermediates.noindex/UncommonCrypto.build/Debug/UncommonCrypto-t.build/Objects-normal/arm64/UncommonCrypto.SwiftFileList -DSWIFT_PACKAGE -DDEBUG -DSWIFT_MODULE_RESOURCE_BUNDLE_UNAVAILABLE -Xcc -fmodule-map-file\=/Users/admin/builder/spi-builder-workspace/.derivedData/Build/Intermediates.noindex/GeneratedModuleMaps/CUncommonCrypto.modulemap -DXcode -plugin-path /Applications/Xcode-27.0.0-Release.Candidate.app/Contents/Developer/Toolchains/XcodeDefault.xctoolchain/usr/lib/swift/host/plugins/testing -enable-experimental-feature DebugDescriptionMacro -sdk /Applications/Xcode-27.0.0-Release.Candidate.app/Contents/Developer/Platforms/MacOSX.platform/Developer/SDKs/MacOSX27.0.sdk -target arm64-apple-macos12.0 -g -module-cache-path /Users/admin/builder/spi-builder-workspace/.derivedData/ModuleCache.noindex -Xfrontend -serialize-debugging-options -profile-coverage-mapping -profile-generate -enable-testing -suppress-warnings -index-store-path /Users/admin/builder/spi-builder-workspace/.derivedData/Index.noindex/DataStore -Xcc -D_LIBCPP_HARDENING_MODE\=_LIBCPP_HARDENING_MODE_DEBUG -swift-version 5 -I /Users/admin/builder/spi-builder-workspace/.derivedData/Build/Products/Debug -Isystem /Applications/Xcode-27.0.0-Release.Candidate.app/Contents/Developer/Platforms/MacOSX.platform/Developer/usr/lib -F /Users/admin/builder/spi-builder-workspace/.derivedData/Build/Products/Debug/PackageFrameworks -F /Users/admin/builder/spi-builder-workspace/.derivedData/Build/Products/Debug -F /Applications/Xcode-27.0.0-Release.Candidate.app/Contents/Developer/Platforms/MacOSX.platform/Developer/Library/Frameworks -c -j10 -enable-batch-mode -incremental -Xcc -ivfsstatcache -Xcc /Users/admin/builder/spi-builder-workspace/.derivedData/SDKStatCaches.noindex/macosx27.0-26A425-e829b21a6f8c9b70876ba0858053c0446a22442a12e9d48fe1a705f55a1adfc4.sdkstatcache -output-file-map /Users/admin/builder/spi-builder-workspace/.derivedData/Build/Intermediates.noindex/UncommonCrypto.build/Debug/UncommonCrypto-t.build/Objects-normal/arm64/UncommonCrypto-OutputFileMap.json -save-temps -no-color-diagnostics -explicit-module-build -module-cache-path /Users/admin/builder/spi-builder-workspace/.derivedData/Build/Intermediates.noindex/SwiftExplicitPrecompiledModules -clang-scanner-module-cache-path /Users/admin/builder/spi-builder-workspace/.derivedData/ModuleCache.noindex -sdk-module-cache-path /Users/admin/builder/spi-builder-workspace/.derivedData/SDKExplicitPrecompiledModules -emit-dependencies -emit-module -emit-module-path /Users/admin/builder/spi-builder-workspace/.derivedData/Build/Intermediates.noindex/UncommonCrypto.build/Debug/UncommonCrypto-t.build/Objects-normal/arm64/UncommonCrypto.swiftmodule -serialize-diagnostics -dependency-scan-serialize-diagnostics-path /Users/admin/builder/spi-builder-workspace/.derivedData/Build/Intermediates.noindex/UncommonCrypto.build/Debug/UncommonCrypto-t.build/Objects-normal/arm64/UncommonCrypto-dependency-scan.dia -validate-clang-modules-once -clang-build-session-file /Users/admin/builder/spi-builder-workspace/.derivedData/ModuleCache.noindex/Session.modulevalidation -Xcc -fmodules-prune-interval\=86400 -Xcc -fmodules-prune-after\=345600 -emit-const-values -const-gather-protocols-list /Users/admin/builder/spi-builder-workspace/.derivedData/Build/Intermediates.noindex/UncommonCrypto.build/Debug/UncommonCrypto-t.build/Objects-normal/arm64/UncommonCrypto_const_extract_protocols.json -Xcc -I/Users/admin/builder/spi-builder-workspace/.dependencies/checkouts/UncommonCrypto.swift/Sources/CUncommonCrypto/include -Xcc -I/Users/admin/builder/spi-builder-workspace/.derivedData/Build/Products/Debug/include -Xcc -I/Users/admin/builder/spi-builder-workspace/.derivedData/Build/Intermediates.noindex/UncommonCrypto.build/Debug/UncommonCrypto-t.build/DerivedSources-normal/arm64 -Xcc -I/Users/admin/builder/spi-builder-workspace/.derivedData/Build/Intermediates.noindex/UncommonCrypto.build/Debug/UncommonCrypto-t.build/DerivedSources/arm64 -Xcc -I/Users/admin/builder/spi-builder-workspace/.derivedData/Build/Intermediates.noindex/UncommonCrypto.build/Debug/UncommonCrypto-t.build/DerivedSources -Xcc -DSWIFT_PACKAGE -Xcc -DDEBUG\=1 -emit-objc-header -emit-objc-header-path /Users/admin/builder/spi-builder-workspace/.derivedData/Build/Intermediates.noindex/UncommonCrypto.build/Debug/UncommonCrypto-t.build/Objects-normal/arm64/UncommonCrypto-Swift.h -working-directory /Users/admin/builder/spi-builder-workspace/.swiftpm/xcode -experimental-emit-module-separately -disable-cmo
SwiftDriverJobDiscovery normal arm64 Emitting module for BigInt (in target 'BigInt' from project 'BigInt')
SwiftDriver\ Compilation\ Requirements BigInt normal arm64 com.apple.xcode.tools.swift.compiler (in target 'BigInt' from project 'BigInt')
cd /Users/admin/builder/spi-builder-workspace/.swiftpm/xcode
builtin-Swift-Compilation-Requirements -- /Applications/Xcode-27.0.0-Release.Candidate.app/Contents/Developer/Toolchains/XcodeDefault.xctoolchain/usr/bin/swiftc -parse-as-library -module-name BigInt -Onone @/Users/admin/builder/spi-builder-workspace/.derivedData/Build/Intermediates.noindex/BigInt.build/Debug/BigInt-t.build/Objects-normal/arm64/BigInt.SwiftFileList -DSWIFT_PACKAGE -DDEBUG -DSWIFT_MODULE_RESOURCE_BUNDLE_UNAVAILABLE -DXcode -enable-experimental-feature StrictConcurrency -plugin-path /Applications/Xcode-27.0.0-Release.Candidate.app/Contents/Developer/Toolchains/XcodeDefault.xctoolchain/usr/lib/swift/host/plugins/testing -enable-experimental-feature DebugDescriptionMacro -sdk /Applications/Xcode-27.0.0-Release.Candidate.app/Contents/Developer/Platforms/MacOSX.platform/Developer/SDKs/MacOSX27.0.sdk -target arm64-apple-macos12.0 -g -module-cache-path /Users/admin/builder/spi-builder-workspace/.derivedData/ModuleCache.noindex -Xfrontend -serialize-debugging-options -profile-coverage-mapping -profile-generate -enable-testing -suppress-warnings -index-store-path /Users/admin/builder/spi-builder-workspace/.derivedData/Index.noindex/DataStore -Xcc -D_LIBCPP_HARDENING_MODE\=_LIBCPP_HARDENING_MODE_DEBUG -swift-version 5 -I /Users/admin/builder/spi-builder-workspace/.derivedData/Build/Products/Debug -Isystem /Applications/Xcode-27.0.0-Release.Candidate.app/Contents/Developer/Platforms/MacOSX.platform/Developer/usr/lib -F /Users/admin/builder/spi-builder-workspace/.derivedData/Build/Products/Debug -F /Applications/Xcode-27.0.0-Release.Candidate.app/Contents/Developer/Platforms/MacOSX.platform/Developer/Library/Frameworks -c -j10 -enable-batch-mode -incremental -Xcc -ivfsstatcache -Xcc /Users/admin/builder/spi-builder-workspace/.derivedData/SDKStatCaches.noindex/macosx27.0-26A425-e829b21a6f8c9b70876ba0858053c0446a22442a12e9d48fe1a705f55a1adfc4.sdkstatcache -output-file-map /Users/admin/builder/spi-builder-workspace/.derivedData/Build/Intermediates.noindex/BigInt.build/Debug/BigInt-t.build/Objects-normal/arm64/BigInt-OutputFileMap.json -save-temps -no-color-diagnostics -explicit-module-build -module-cache-path /Users/admin/builder/spi-builder-workspace/.derivedData/Build/Intermediates.noindex/SwiftExplicitPrecompiledModules -clang-scanner-module-cache-path /Users/admin/builder/spi-builder-workspace/.derivedData/ModuleCache.noindex -sdk-module-cache-path /Users/admin/builder/spi-builder-workspace/.derivedData/SDKExplicitPrecompiledModules -emit-dependencies -emit-module -emit-module-path /Users/admin/builder/spi-builder-workspace/.derivedData/Build/Intermediates.noindex/BigInt.build/Debug/BigInt-t.build/Objects-normal/arm64/BigInt.swiftmodule -serialize-diagnostics -dependency-scan-serialize-diagnostics-path /Users/admin/builder/spi-builder-workspace/.derivedData/Build/Intermediates.noindex/BigInt.build/Debug/BigInt-t.build/Objects-normal/arm64/BigInt-dependency-scan.dia -validate-clang-modules-once -clang-build-session-file /Users/admin/builder/spi-builder-workspace/.derivedData/ModuleCache.noindex/Session.modulevalidation -Xcc -fmodules-prune-interval\=86400 -Xcc -fmodules-prune-after\=345600 -package-name bigint -emit-const-values -const-gather-protocols-list /Users/admin/builder/spi-builder-workspace/.derivedData/Build/Intermediates.noindex/BigInt.build/Debug/BigInt-t.build/Objects-normal/arm64/BigInt_const_extract_protocols.json -Xcc -I/Users/admin/builder/spi-builder-workspace/.derivedData/Build/Products/Debug/include -Xcc -I/Users/admin/builder/spi-builder-workspace/.derivedData/Build/Intermediates.noindex/BigInt.build/Debug/BigInt-t.build/DerivedSources-normal/arm64 -Xcc -I/Users/admin/builder/spi-builder-workspace/.derivedData/Build/Intermediates.noindex/BigInt.build/Debug/BigInt-t.build/DerivedSources/arm64 -Xcc -I/Users/admin/builder/spi-builder-workspace/.derivedData/Build/Intermediates.noindex/BigInt.build/Debug/BigInt-t.build/DerivedSources -Xcc -DSWIFT_PACKAGE -Xcc -DDEBUG\=1 -emit-objc-header -emit-objc-header-path /Users/admin/builder/spi-builder-workspace/.derivedData/Build/Intermediates.noindex/BigInt.build/Debug/BigInt-t.build/Objects-normal/arm64/BigInt-Swift.h -working-directory /Users/admin/builder/spi-builder-workspace/.swiftpm/xcode -experimental-emit-module-separately -disable-cmo
SwiftMergeGeneratedHeaders /Users/admin/builder/spi-builder-workspace/.derivedData/Build/Intermediates.noindex/GeneratedModuleMaps/UncommonCrypto-Swift.h /Users/admin/builder/spi-builder-workspace/.derivedData/Build/Intermediates.noindex/UncommonCrypto.build/Debug/UncommonCrypto-t.build/Objects-normal/arm64/UncommonCrypto-Swift.h (in target 'UncommonCrypto' from project 'UncommonCrypto')
cd /Users/admin/builder/spi-builder-workspace/.dependencies/checkouts/UncommonCrypto.swift
builtin-swiftHeaderTool -arch arm64 /Users/admin/builder/spi-builder-workspace/.derivedData/Build/Intermediates.noindex/UncommonCrypto.build/Debug/UncommonCrypto-t.build/Objects-normal/arm64/UncommonCrypto-Swift.h -o /Users/admin/builder/spi-builder-workspace/.derivedData/Build/Intermediates.noindex/GeneratedModuleMaps/UncommonCrypto-Swift.h
Copy /Users/admin/builder/spi-builder-workspace/.derivedData/Build/Products/Debug/UncommonCrypto.swiftmodule/arm64-apple-macos.swiftmodule /Users/admin/builder/spi-builder-workspace/.derivedData/Build/Intermediates.noindex/UncommonCrypto.build/Debug/UncommonCrypto-t.build/Objects-normal/arm64/UncommonCrypto.swiftmodule (in target 'UncommonCrypto' from project 'UncommonCrypto')
cd /Users/admin/builder/spi-builder-workspace/.dependencies/checkouts/UncommonCrypto.swift
builtin-copy -exclude .DS_Store -exclude CVS -exclude .svn -exclude .git -exclude .hg -resolve-src-symlinks -rename /Users/admin/builder/spi-builder-workspace/.derivedData/Build/Intermediates.noindex/UncommonCrypto.build/Debug/UncommonCrypto-t.build/Objects-normal/arm64/UncommonCrypto.swiftmodule /Users/admin/builder/spi-builder-workspace/.derivedData/Build/Products/Debug/UncommonCrypto.swiftmodule/arm64-apple-macos.swiftmodule
Copy /Users/admin/builder/spi-builder-workspace/.derivedData/Build/Products/Debug/UncommonCrypto.swiftmodule/arm64-apple-macos.swiftdoc /Users/admin/builder/spi-builder-workspace/.derivedData/Build/Intermediates.noindex/UncommonCrypto.build/Debug/UncommonCrypto-t.build/Objects-normal/arm64/UncommonCrypto.swiftdoc (in target 'UncommonCrypto' from project 'UncommonCrypto')
cd /Users/admin/builder/spi-builder-workspace/.dependencies/checkouts/UncommonCrypto.swift
builtin-copy -exclude .DS_Store -exclude CVS -exclude .svn -exclude .git -exclude .hg -resolve-src-symlinks -rename /Users/admin/builder/spi-builder-workspace/.derivedData/Build/Intermediates.noindex/UncommonCrypto.build/Debug/UncommonCrypto-t.build/Objects-normal/arm64/UncommonCrypto.swiftdoc /Users/admin/builder/spi-builder-workspace/.derivedData/Build/Products/Debug/UncommonCrypto.swiftmodule/arm64-apple-macos.swiftdoc
Copy /Users/admin/builder/spi-builder-workspace/.derivedData/Build/Products/Debug/UncommonCrypto.swiftmodule/arm64-apple-macos.abi.json /Users/admin/builder/spi-builder-workspace/.derivedData/Build/Intermediates.noindex/UncommonCrypto.build/Debug/UncommonCrypto-t.build/Objects-normal/arm64/UncommonCrypto.abi.json (in target 'UncommonCrypto' from project 'UncommonCrypto')
cd /Users/admin/builder/spi-builder-workspace/.dependencies/checkouts/UncommonCrypto.swift
builtin-copy -exclude .DS_Store -exclude CVS -exclude .svn -exclude .git -exclude .hg -resolve-src-symlinks -rename /Users/admin/builder/spi-builder-workspace/.derivedData/Build/Intermediates.noindex/UncommonCrypto.build/Debug/UncommonCrypto-t.build/Objects-normal/arm64/UncommonCrypto.abi.json /Users/admin/builder/spi-builder-workspace/.derivedData/Build/Products/Debug/UncommonCrypto.swiftmodule/arm64-apple-macos.abi.json
Copy /Users/admin/builder/spi-builder-workspace/.derivedData/Build/Products/Debug/UncommonCrypto.swiftmodule/Project/arm64-apple-macos.swiftsourceinfo /Users/admin/builder/spi-builder-workspace/.derivedData/Build/Intermediates.noindex/UncommonCrypto.build/Debug/UncommonCrypto-t.build/Objects-normal/arm64/UncommonCrypto.swiftsourceinfo (in target 'UncommonCrypto' from project 'UncommonCrypto')
cd /Users/admin/builder/spi-builder-workspace/.dependencies/checkouts/UncommonCrypto.swift
builtin-copy -exclude .DS_Store -exclude CVS -exclude .svn -exclude .git -exclude .hg -resolve-src-symlinks -rename /Users/admin/builder/spi-builder-workspace/.derivedData/Build/Intermediates.noindex/UncommonCrypto.build/Debug/UncommonCrypto-t.build/Objects-normal/arm64/UncommonCrypto.swiftsourceinfo /Users/admin/builder/spi-builder-workspace/.derivedData/Build/Products/Debug/UncommonCrypto.swiftmodule/Project/arm64-apple-macos.swiftsourceinfo
SwiftMergeGeneratedHeaders /Users/admin/builder/spi-builder-workspace/.derivedData/Build/Intermediates.noindex/GeneratedModuleMaps/BigInt-Swift.h /Users/admin/builder/spi-builder-workspace/.derivedData/Build/Intermediates.noindex/BigInt.build/Debug/BigInt-t.build/Objects-normal/arm64/BigInt-Swift.h (in target 'BigInt' from project 'BigInt')
cd /Users/admin/builder/spi-builder-workspace/.dependencies/checkouts/BigInt
builtin-swiftHeaderTool -arch arm64 /Users/admin/builder/spi-builder-workspace/.derivedData/Build/Intermediates.noindex/BigInt.build/Debug/BigInt-t.build/Objects-normal/arm64/BigInt-Swift.h -o /Users/admin/builder/spi-builder-workspace/.derivedData/Build/Intermediates.noindex/GeneratedModuleMaps/BigInt-Swift.h
Copy /Users/admin/builder/spi-builder-workspace/.derivedData/Build/Products/Debug/BigInt.swiftmodule/arm64-apple-macos.swiftmodule /Users/admin/builder/spi-builder-workspace/.derivedData/Build/Intermediates.noindex/BigInt.build/Debug/BigInt-t.build/Objects-normal/arm64/BigInt.swiftmodule (in target 'BigInt' from project 'BigInt')
cd /Users/admin/builder/spi-builder-workspace/.dependencies/checkouts/BigInt
builtin-copy -exclude .DS_Store -exclude CVS -exclude .svn -exclude .git -exclude .hg -resolve-src-symlinks -rename /Users/admin/builder/spi-builder-workspace/.derivedData/Build/Intermediates.noindex/BigInt.build/Debug/BigInt-t.build/Objects-normal/arm64/BigInt.swiftmodule /Users/admin/builder/spi-builder-workspace/.derivedData/Build/Products/Debug/BigInt.swiftmodule/arm64-apple-macos.swiftmodule
Copy /Users/admin/builder/spi-builder-workspace/.derivedData/Build/Products/Debug/BigInt.swiftmodule/arm64-apple-macos.swiftdoc /Users/admin/builder/spi-builder-workspace/.derivedData/Build/Intermediates.noindex/BigInt.build/Debug/BigInt-t.build/Objects-normal/arm64/BigInt.swiftdoc (in target 'BigInt' from project 'BigInt')
cd /Users/admin/builder/spi-builder-workspace/.dependencies/checkouts/BigInt
builtin-copy -exclude .DS_Store -exclude CVS -exclude .svn -exclude .git -exclude .hg -resolve-src-symlinks -rename /Users/admin/builder/spi-builder-workspace/.derivedData/Build/Intermediates.noindex/BigInt.build/Debug/BigInt-t.build/Objects-normal/arm64/BigInt.swiftdoc /Users/admin/builder/spi-builder-workspace/.derivedData/Build/Products/Debug/BigInt.swiftmodule/arm64-apple-macos.swiftdoc
Copy /Users/admin/builder/spi-builder-workspace/.derivedData/Build/Products/Debug/BigInt.swiftmodule/arm64-apple-macos.abi.json /Users/admin/builder/spi-builder-workspace/.derivedData/Build/Intermediates.noindex/BigInt.build/Debug/BigInt-t.build/Objects-normal/arm64/BigInt.abi.json (in target 'BigInt' from project 'BigInt')
cd /Users/admin/builder/spi-builder-workspace/.dependencies/checkouts/BigInt
builtin-copy -exclude .DS_Store -exclude CVS -exclude .svn -exclude .git -exclude .hg -resolve-src-symlinks -rename /Users/admin/builder/spi-builder-workspace/.derivedData/Build/Intermediates.noindex/BigInt.build/Debug/BigInt-t.build/Objects-normal/arm64/BigInt.abi.json /Users/admin/builder/spi-builder-workspace/.derivedData/Build/Products/Debug/BigInt.swiftmodule/arm64-apple-macos.abi.json
Copy /Users/admin/builder/spi-builder-workspace/.derivedData/Build/Products/Debug/BigInt.swiftmodule/Project/arm64-apple-macos.swiftsourceinfo /Users/admin/builder/spi-builder-workspace/.derivedData/Build/Intermediates.noindex/BigInt.build/Debug/BigInt-t.build/Objects-normal/arm64/BigInt.swiftsourceinfo (in target 'BigInt' from project 'BigInt')
cd /Users/admin/builder/spi-builder-workspace/.dependencies/checkouts/BigInt
builtin-copy -exclude .DS_Store -exclude CVS -exclude .svn -exclude .git -exclude .hg -resolve-src-symlinks -rename /Users/admin/builder/spi-builder-workspace/.derivedData/Build/Intermediates.noindex/BigInt.build/Debug/BigInt-t.build/Objects-normal/arm64/BigInt.swiftsourceinfo /Users/admin/builder/spi-builder-workspace/.derivedData/Build/Products/Debug/BigInt.swiftmodule/Project/arm64-apple-macos.swiftsourceinfo
SwiftCompile normal arm64 Compiling\ HMAC.swift /Users/admin/builder/spi-builder-workspace/.dependencies/checkouts/UncommonCrypto.swift/Sources/UncommonCrypto/HMAC.swift (in target 'UncommonCrypto' from project 'UncommonCrypto')
SwiftCompile normal arm64 /Users/admin/builder/spi-builder-workspace/.dependencies/checkouts/UncommonCrypto.swift/Sources/UncommonCrypto/HMAC.swift (in target 'UncommonCrypto' from project 'UncommonCrypto')
cd /Users/admin/builder/spi-builder-workspace/.swiftpm/xcode
builtin-SwiftPerFileCompile HMAC.swift
SwiftDriverJobDiscovery normal arm64 Compiling GCD.swift, Hashable.swift (in target 'BigInt' from project 'BigInt')
SwiftCompile normal arm64 Compiling\ SHA2.swift /Users/admin/builder/spi-builder-workspace/.dependencies/checkouts/UncommonCrypto.swift/Sources/UncommonCrypto/SHA2.swift (in target 'UncommonCrypto' from project 'UncommonCrypto')
SwiftCompile normal arm64 /Users/admin/builder/spi-builder-workspace/.dependencies/checkouts/UncommonCrypto.swift/Sources/UncommonCrypto/SHA2.swift (in target 'UncommonCrypto' from project 'UncommonCrypto')
cd /Users/admin/builder/spi-builder-workspace/.swiftpm/xcode
builtin-SwiftPerFileCompile SHA2.swift
SwiftDriverJobDiscovery normal arm64 Compiling Strideable.swift, String Conversion.swift (in target 'BigInt' from project 'BigInt')
SwiftCompile normal arm64 Compiling\ SHA1.swift /Users/admin/builder/spi-builder-workspace/.dependencies/checkouts/UncommonCrypto.swift/Sources/UncommonCrypto/SHA1.swift (in target 'UncommonCrypto' from project 'UncommonCrypto')
SwiftCompile normal arm64 /Users/admin/builder/spi-builder-workspace/.dependencies/checkouts/UncommonCrypto.swift/Sources/UncommonCrypto/SHA1.swift (in target 'UncommonCrypto' from project 'UncommonCrypto')
cd /Users/admin/builder/spi-builder-workspace/.swiftpm/xcode
builtin-SwiftPerFileCompile SHA1.swift
SwiftCompile normal arm64 Compiling\ K1.swift,\ KeyAgreement.swift,\ ECDSA.swift,\ ECDSASignatureNonRecoverable.swift,\ ECDSASignatureRecoverable.swift,\ RecoveryID.swift /Users/admin/builder/spi-builder-workspace/.dependencies/checkouts/K1/Sources/K1/K1.swift /Users/admin/builder/spi-builder-workspace/.dependencies/checkouts/K1/Sources/K1/K1/ECDH/KeyAgreement.swift /Users/admin/builder/spi-builder-workspace/.dependencies/checkouts/K1/Sources/K1/K1/ECDSA/ECDSA.swift /Users/admin/builder/spi-builder-workspace/.dependencies/checkouts/K1/Sources/K1/K1/ECDSA/ECDSASignatureNonRecoverable.swift /Users/admin/builder/spi-builder-workspace/.dependencies/checkouts/K1/Sources/K1/K1/ECDSA/ECDSASignatureRecoverable.swift /Users/admin/builder/spi-builder-workspace/.dependencies/checkouts/K1/Sources/K1/K1/ECDSA/RecoveryID.swift (in target 'K1' from project 'K1')
SwiftCompile normal arm64 /Users/admin/builder/spi-builder-workspace/.dependencies/checkouts/K1/Sources/K1/K1.swift (in target 'K1' from project 'K1')
cd /Users/admin/builder/spi-builder-workspace/.swiftpm/xcode
builtin-SwiftPerFileCompile K1.swift
SwiftCompile normal arm64 /Users/admin/builder/spi-builder-workspace/.dependencies/checkouts/K1/Sources/K1/K1/ECDH/KeyAgreement.swift (in target 'K1' from project 'K1')
cd /Users/admin/builder/spi-builder-workspace/.swiftpm/xcode
builtin-SwiftPerFileCompile KeyAgreement.swift
SwiftCompile normal arm64 /Users/admin/builder/spi-builder-workspace/.dependencies/checkouts/K1/Sources/K1/K1/ECDSA/ECDSA.swift (in target 'K1' from project 'K1')
cd /Users/admin/builder/spi-builder-workspace/.swiftpm/xcode
builtin-SwiftPerFileCompile ECDSA.swift
SwiftCompile normal arm64 /Users/admin/builder/spi-builder-workspace/.dependencies/checkouts/K1/Sources/K1/K1/ECDSA/ECDSASignatureNonRecoverable.swift (in target 'K1' from project 'K1')
cd /Users/admin/builder/spi-builder-workspace/.swiftpm/xcode
builtin-SwiftPerFileCompile ECDSASignatureNonRecoverable.swift
SwiftCompile normal arm64 /Users/admin/builder/spi-builder-workspace/.dependencies/checkouts/K1/Sources/K1/K1/ECDSA/ECDSASignatureRecoverable.swift (in target 'K1' from project 'K1')
cd /Users/admin/builder/spi-builder-workspace/.swiftpm/xcode
builtin-SwiftPerFileCompile ECDSASignatureRecoverable.swift
SwiftCompile normal arm64 /Users/admin/builder/spi-builder-workspace/.dependencies/checkouts/K1/Sources/K1/K1/ECDSA/RecoveryID.swift (in target 'K1' from project 'K1')
cd /Users/admin/builder/spi-builder-workspace/.swiftpm/xcode
builtin-SwiftPerFileCompile RecoveryID.swift
SwiftDriverJobDiscovery normal arm64 Compiling Prime Test.swift, Random.swift (in target 'BigInt' from project 'BigInt')
SwiftDriverJobDiscovery normal arm64 Compiling Subtraction.swift, Words and Bits.swift (in target 'BigInt' from project 'BigInt')
SwiftCompile normal arm64 Compiling\ ECDSA+Recovery+Wrapped.swift,\ FFI+ECDSA+Recovery.swift,\ PrivateKey+Wrapped.swift,\ FFI+PublicKey.swift,\ PublicKey+Wrapped.swift,\ FFI+Schnorr.swift /Users/admin/builder/spi-builder-workspace/.dependencies/checkouts/K1/Sources/K1/Support/FFI/API/ECDSA/Recovery/ECDSA+Recovery+Wrapped.swift /Users/admin/builder/spi-builder-workspace/.dependencies/checkouts/K1/Sources/K1/Support/FFI/API/ECDSA/Recovery/FFI+ECDSA+Recovery.swift /Users/admin/builder/spi-builder-workspace/.dependencies/checkouts/K1/Sources/K1/Support/FFI/API/Keys/PrivateKey/PrivateKey+Wrapped.swift /Users/admin/builder/spi-builder-workspace/.dependencies/checkouts/K1/Sources/K1/Support/FFI/API/Keys/PublicKey/FFI+PublicKey.swift /Users/admin/builder/spi-builder-workspace/.dependencies/checkouts/K1/Sources/K1/Support/FFI/API/Keys/PublicKey/PublicKey+Wrapped.swift /Users/admin/builder/spi-builder-workspace/.dependencies/checkouts/K1/Sources/K1/Support/FFI/API/Schnorr/FFI+Schnorr.swift (in target 'K1' from project 'K1')
SwiftCompile normal arm64 /Users/admin/builder/spi-builder-workspace/.dependencies/checkouts/K1/Sources/K1/Support/FFI/API/ECDSA/Recovery/ECDSA+Recovery+Wrapped.swift (in target 'K1' from project 'K1')
cd /Users/admin/builder/spi-builder-workspace/.swiftpm/xcode
builtin-SwiftPerFileCompile ECDSA+Recovery+Wrapped.swift
SwiftCompile normal arm64 /Users/admin/builder/spi-builder-workspace/.dependencies/checkouts/K1/Sources/K1/Support/FFI/API/ECDSA/Recovery/FFI+ECDSA+Recovery.swift (in target 'K1' from project 'K1')
cd /Users/admin/builder/spi-builder-workspace/.swiftpm/xcode
builtin-SwiftPerFileCompile FFI+ECDSA+Recovery.swift
SwiftCompile normal arm64 /Users/admin/builder/spi-builder-workspace/.dependencies/checkouts/K1/Sources/K1/Support/FFI/API/Keys/PrivateKey/PrivateKey+Wrapped.swift (in target 'K1' from project 'K1')
cd /Users/admin/builder/spi-builder-workspace/.swiftpm/xcode
builtin-SwiftPerFileCompile PrivateKey+Wrapped.swift
SwiftCompile normal arm64 /Users/admin/builder/spi-builder-workspace/.dependencies/checkouts/K1/Sources/K1/Support/FFI/API/Keys/PublicKey/FFI+PublicKey.swift (in target 'K1' from project 'K1')
cd /Users/admin/builder/spi-builder-workspace/.swiftpm/xcode
builtin-SwiftPerFileCompile FFI+PublicKey.swift
SwiftCompile normal arm64 /Users/admin/builder/spi-builder-workspace/.dependencies/checkouts/K1/Sources/K1/Support/FFI/API/Keys/PublicKey/PublicKey+Wrapped.swift (in target 'K1' from project 'K1')
cd /Users/admin/builder/spi-builder-workspace/.swiftpm/xcode
builtin-SwiftPerFileCompile PublicKey+Wrapped.swift
SwiftCompile normal arm64 /Users/admin/builder/spi-builder-workspace/.dependencies/checkouts/K1/Sources/K1/Support/FFI/API/Schnorr/FFI+Schnorr.swift (in target 'K1' from project 'K1')
cd /Users/admin/builder/spi-builder-workspace/.swiftpm/xcode
builtin-SwiftPerFileCompile FFI+Schnorr.swift
SwiftCompile normal arm64 Compiling\ Curve.swift,\ K1+Error.swift,\ SharedSecret.swift,\ ASN1.swift,\ ASN1Any.swift /Users/admin/builder/spi-builder-workspace/.dependencies/checkouts/K1/Sources/K1/Support/Misc/Curve.swift /Users/admin/builder/spi-builder-workspace/.dependencies/checkouts/K1/Sources/K1/Support/Misc/K1+Error.swift /Users/admin/builder/spi-builder-workspace/.dependencies/checkouts/K1/Sources/K1/Support/Misc/SharedSecret.swift /Users/admin/builder/spi-builder-workspace/.dependencies/checkouts/K1/Sources/K1/Support/ThirdyParty/swift-crypto/ASN1/ASN1.swift /Users/admin/builder/spi-builder-workspace/.dependencies/checkouts/K1/Sources/K1/Support/ThirdyParty/swift-crypto/ASN1/Basic\ ASN1\ Types/ASN1Any.swift (in target 'K1' from project 'K1')
SwiftCompile normal arm64 /Users/admin/builder/spi-builder-workspace/.dependencies/checkouts/K1/Sources/K1/Support/Misc/Curve.swift (in target 'K1' from project 'K1')
cd /Users/admin/builder/spi-builder-workspace/.swiftpm/xcode
builtin-SwiftPerFileCompile Curve.swift
SwiftCompile normal arm64 /Users/admin/builder/spi-builder-workspace/.dependencies/checkouts/K1/Sources/K1/Support/Misc/K1+Error.swift (in target 'K1' from project 'K1')
cd /Users/admin/builder/spi-builder-workspace/.swiftpm/xcode
builtin-SwiftPerFileCompile K1+Error.swift
SwiftCompile normal arm64 /Users/admin/builder/spi-builder-workspace/.dependencies/checkouts/K1/Sources/K1/Support/Misc/SharedSecret.swift (in target 'K1' from project 'K1')
cd /Users/admin/builder/spi-builder-workspace/.swiftpm/xcode
builtin-SwiftPerFileCompile SharedSecret.swift
SwiftCompile normal arm64 /Users/admin/builder/spi-builder-workspace/.dependencies/checkouts/K1/Sources/K1/Support/ThirdyParty/swift-crypto/ASN1/ASN1.swift (in target 'K1' from project 'K1')
cd /Users/admin/builder/spi-builder-workspace/.swiftpm/xcode
builtin-SwiftPerFileCompile ASN1.swift
SwiftCompile normal arm64 /Users/admin/builder/spi-builder-workspace/.dependencies/checkouts/K1/Sources/K1/Support/ThirdyParty/swift-crypto/ASN1/Basic\ ASN1\ Types/ASN1Any.swift (in target 'K1' from project 'K1')
cd /Users/admin/builder/spi-builder-workspace/.swiftpm/xcode
builtin-SwiftPerFileCompile ASN1Any.swift
SwiftDriverJobDiscovery normal arm64 Compiling Shifts.swift, Square Root.swift (in target 'BigInt' from project 'BigInt')
SwiftCompile normal arm64 Compiling\ ECDSASignature.swift,\ PEMDocument.swift,\ PKCS8PrivateKey.swift,\ SEC1PrivateKey.swift,\ SubjectPublicKeyInfo.swift /Users/admin/builder/spi-builder-workspace/.dependencies/checkouts/K1/Sources/K1/Support/ThirdyParty/swift-crypto/ASN1/ECDSASignature.swift /Users/admin/builder/spi-builder-workspace/.dependencies/checkouts/K1/Sources/K1/Support/ThirdyParty/swift-crypto/ASN1/PEMDocument.swift /Users/admin/builder/spi-builder-workspace/.dependencies/checkouts/K1/Sources/K1/Support/ThirdyParty/swift-crypto/ASN1/PKCS8PrivateKey.swift /Users/admin/builder/spi-builder-workspace/.dependencies/checkouts/K1/Sources/K1/Support/ThirdyParty/swift-crypto/ASN1/SEC1PrivateKey.swift /Users/admin/builder/spi-builder-workspace/.dependencies/checkouts/K1/Sources/K1/Support/ThirdyParty/swift-crypto/ASN1/SubjectPublicKeyInfo.swift (in target 'K1' from project 'K1')
SwiftCompile normal arm64 /Users/admin/builder/spi-builder-workspace/.dependencies/checkouts/K1/Sources/K1/Support/ThirdyParty/swift-crypto/ASN1/ECDSASignature.swift (in target 'K1' from project 'K1')
cd /Users/admin/builder/spi-builder-workspace/.swiftpm/xcode
builtin-SwiftPerFileCompile ECDSASignature.swift
SwiftCompile normal arm64 /Users/admin/builder/spi-builder-workspace/.dependencies/checkouts/K1/Sources/K1/Support/ThirdyParty/swift-crypto/ASN1/PEMDocument.swift (in target 'K1' from project 'K1')
cd /Users/admin/builder/spi-builder-workspace/.swiftpm/xcode
builtin-SwiftPerFileCompile PEMDocument.swift
SwiftCompile normal arm64 /Users/admin/builder/spi-builder-workspace/.dependencies/checkouts/K1/Sources/K1/Support/ThirdyParty/swift-crypto/ASN1/PKCS8PrivateKey.swift (in target 'K1' from project 'K1')
cd /Users/admin/builder/spi-builder-workspace/.swiftpm/xcode
builtin-SwiftPerFileCompile PKCS8PrivateKey.swift
SwiftCompile normal arm64 /Users/admin/builder/spi-builder-workspace/.dependencies/checkouts/K1/Sources/K1/Support/ThirdyParty/swift-crypto/ASN1/SEC1PrivateKey.swift (in target 'K1' from project 'K1')
cd /Users/admin/builder/spi-builder-workspace/.swiftpm/xcode
builtin-SwiftPerFileCompile SEC1PrivateKey.swift
SwiftCompile normal arm64 /Users/admin/builder/spi-builder-workspace/.dependencies/checkouts/K1/Sources/K1/Support/ThirdyParty/swift-crypto/ASN1/SubjectPublicKeyInfo.swift (in target 'K1' from project 'K1')
cd /Users/admin/builder/spi-builder-workspace/.swiftpm/xcode
builtin-SwiftPerFileCompile SubjectPublicKeyInfo.swift
SwiftDriverJobDiscovery normal arm64 Emitting module for K1 (in target 'K1' from project 'K1')
SwiftDriver\ Compilation\ Requirements K1 normal arm64 com.apple.xcode.tools.swift.compiler (in target 'K1' from project 'K1')
cd /Users/admin/builder/spi-builder-workspace/.swiftpm/xcode
builtin-Swift-Compilation-Requirements -- /Applications/Xcode-27.0.0-Release.Candidate.app/Contents/Developer/Toolchains/XcodeDefault.xctoolchain/usr/bin/swiftc -parse-as-library -module-name K1 -Onone @/Users/admin/builder/spi-builder-workspace/.derivedData/Build/Intermediates.noindex/K1.build/Debug/K1-t.build/Objects-normal/arm64/K1.SwiftFileList -DSWIFT_PACKAGE -DDEBUG -DSWIFT_MODULE_RESOURCE_BUNDLE_UNAVAILABLE -DCRYPTO_IN_SWIFTPM_FORCE_BUILD_API -Xcc -fmodule-map-file\=/Users/admin/builder/spi-builder-workspace/.derivedData/Build/Intermediates.noindex/GeneratedModuleMaps/secp256k1.modulemap -DXcode -plugin-path /Applications/Xcode-27.0.0-Release.Candidate.app/Contents/Developer/Toolchains/XcodeDefault.xctoolchain/usr/lib/swift/host/plugins/testing -enable-experimental-feature DebugDescriptionMacro -sdk /Applications/Xcode-27.0.0-Release.Candidate.app/Contents/Developer/Platforms/MacOSX.platform/Developer/SDKs/MacOSX27.0.sdk -target arm64-apple-macos12.0 -g -module-cache-path /Users/admin/builder/spi-builder-workspace/.derivedData/ModuleCache.noindex -Xfrontend -serialize-debugging-options -profile-coverage-mapping -profile-generate -enable-testing -suppress-warnings -index-store-path /Users/admin/builder/spi-builder-workspace/.derivedData/Index.noindex/DataStore -Xcc -D_LIBCPP_HARDENING_MODE\=_LIBCPP_HARDENING_MODE_DEBUG -swift-version 5 -I /Users/admin/builder/spi-builder-workspace/.derivedData/Build/Products/Debug -Isystem /Applications/Xcode-27.0.0-Release.Candidate.app/Contents/Developer/Platforms/MacOSX.platform/Developer/usr/lib -F /Users/admin/builder/spi-builder-workspace/.derivedData/Build/Products/Debug/PackageFrameworks -F /Users/admin/builder/spi-builder-workspace/.derivedData/Build/Products/Debug -F /Applications/Xcode-27.0.0-Release.Candidate.app/Contents/Developer/Platforms/MacOSX.platform/Developer/Library/Frameworks -c -j10 -enable-batch-mode -incremental -Xcc -ivfsstatcache -Xcc /Users/admin/builder/spi-builder-workspace/.derivedData/SDKStatCaches.noindex/macosx27.0-26A425-e829b21a6f8c9b70876ba0858053c0446a22442a12e9d48fe1a705f55a1adfc4.sdkstatcache -output-file-map /Users/admin/builder/spi-builder-workspace/.derivedData/Build/Intermediates.noindex/K1.build/Debug/K1-t.build/Objects-normal/arm64/K1-OutputFileMap.json -save-temps -no-color-diagnostics -explicit-module-build -module-cache-path /Users/admin/builder/spi-builder-workspace/.derivedData/Build/Intermediates.noindex/SwiftExplicitPrecompiledModules -clang-scanner-module-cache-path /Users/admin/builder/spi-builder-workspace/.derivedData/ModuleCache.noindex -sdk-module-cache-path /Users/admin/builder/spi-builder-workspace/.derivedData/SDKExplicitPrecompiledModules -emit-dependencies -emit-module -emit-module-path /Users/admin/builder/spi-builder-workspace/.derivedData/Build/Intermediates.noindex/K1.build/Debug/K1-t.build/Objects-normal/arm64/K1.swiftmodule -serialize-diagnostics -dependency-scan-serialize-diagnostics-path /Users/admin/builder/spi-builder-workspace/.derivedData/Build/Intermediates.noindex/K1.build/Debug/K1-t.build/Objects-normal/arm64/K1-dependency-scan.dia -validate-clang-modules-once -clang-build-session-file /Users/admin/builder/spi-builder-workspace/.derivedData/ModuleCache.noindex/Session.modulevalidation -Xcc -fmodules-prune-interval\=86400 -Xcc -fmodules-prune-after\=345600 -emit-const-values -const-gather-protocols-list /Users/admin/builder/spi-builder-workspace/.derivedData/Build/Intermediates.noindex/K1.build/Debug/K1-t.build/Objects-normal/arm64/K1_const_extract_protocols.json -Xcc -I/Users/admin/builder/spi-builder-workspace/.dependencies/checkouts/K1/Sources/secp256k1/include -Xcc -I/Users/admin/builder/spi-builder-workspace/.derivedData/Build/Products/Debug/include -Xcc -I/Users/admin/builder/spi-builder-workspace/.derivedData/Build/Intermediates.noindex/K1.build/Debug/K1-t.build/DerivedSources-normal/arm64 -Xcc -I/Users/admin/builder/spi-builder-workspace/.derivedData/Build/Intermediates.noindex/K1.build/Debug/K1-t.build/DerivedSources/arm64 -Xcc -I/Users/admin/builder/spi-builder-workspace/.derivedData/Build/Intermediates.noindex/K1.build/Debug/K1-t.build/DerivedSources -Xcc -DSWIFT_PACKAGE -Xcc -DDEBUG\=1 -emit-objc-header -emit-objc-header-path /Users/admin/builder/spi-builder-workspace/.derivedData/Build/Intermediates.noindex/K1.build/Debug/K1-t.build/Objects-normal/arm64/K1-Swift.h -working-directory /Users/admin/builder/spi-builder-workspace/.swiftpm/xcode -experimental-emit-module-separately -disable-cmo
SwiftDriverJobDiscovery normal arm64 Compiling SecureRandom.swift (in target 'UncommonCrypto' from project 'UncommonCrypto')
SwiftCompile normal arm64 Compiling\ ASN1Error.swift,\ BytesUtil.swift,\ RNG_boring.swift,\ SafeCompare_boring.swift,\ SecureBytes.swift /Users/admin/builder/spi-builder-workspace/.dependencies/checkouts/K1/Sources/K1/Support/ThirdyParty/swift-crypto/ASN1Error.swift /Users/admin/builder/spi-builder-workspace/.dependencies/checkouts/K1/Sources/K1/Support/ThirdyParty/swift-crypto/BytesUtil.swift /Users/admin/builder/spi-builder-workspace/.dependencies/checkouts/K1/Sources/K1/Support/ThirdyParty/swift-crypto/RNG_boring.swift /Users/admin/builder/spi-builder-workspace/.dependencies/checkouts/K1/Sources/K1/Support/ThirdyParty/swift-crypto/SafeCompare_boring.swift /Users/admin/builder/spi-builder-workspace/.dependencies/checkouts/K1/Sources/K1/Support/ThirdyParty/swift-crypto/SecureBytes.swift (in target 'K1' from project 'K1')
SwiftCompile normal arm64 /Users/admin/builder/spi-builder-workspace/.dependencies/checkouts/K1/Sources/K1/Support/ThirdyParty/swift-crypto/ASN1Error.swift (in target 'K1' from project 'K1')
cd /Users/admin/builder/spi-builder-workspace/.swiftpm/xcode
builtin-SwiftPerFileCompile ASN1Error.swift
SwiftCompile normal arm64 /Users/admin/builder/spi-builder-workspace/.dependencies/checkouts/K1/Sources/K1/Support/ThirdyParty/swift-crypto/BytesUtil.swift (in target 'K1' from project 'K1')
cd /Users/admin/builder/spi-builder-workspace/.swiftpm/xcode
builtin-SwiftPerFileCompile BytesUtil.swift
SwiftCompile normal arm64 /Users/admin/builder/spi-builder-workspace/.dependencies/checkouts/K1/Sources/K1/Support/ThirdyParty/swift-crypto/RNG_boring.swift (in target 'K1' from project 'K1')
cd /Users/admin/builder/spi-builder-workspace/.swiftpm/xcode
builtin-SwiftPerFileCompile RNG_boring.swift
SwiftCompile normal arm64 /Users/admin/builder/spi-builder-workspace/.dependencies/checkouts/K1/Sources/K1/Support/ThirdyParty/swift-crypto/SafeCompare_boring.swift (in target 'K1' from project 'K1')
cd /Users/admin/builder/spi-builder-workspace/.swiftpm/xcode
builtin-SwiftPerFileCompile SafeCompare_boring.swift
SwiftCompile normal arm64 /Users/admin/builder/spi-builder-workspace/.dependencies/checkouts/K1/Sources/K1/Support/ThirdyParty/swift-crypto/SecureBytes.swift (in target 'K1' from project 'K1')
cd /Users/admin/builder/spi-builder-workspace/.swiftpm/xcode
builtin-SwiftPerFileCompile SecureBytes.swift
SwiftMergeGeneratedHeaders /Users/admin/builder/spi-builder-workspace/.derivedData/Build/Intermediates.noindex/GeneratedModuleMaps/K1-Swift.h /Users/admin/builder/spi-builder-workspace/.derivedData/Build/Intermediates.noindex/K1.build/Debug/K1-t.build/Objects-normal/arm64/K1-Swift.h (in target 'K1' from project 'K1')
cd /Users/admin/builder/spi-builder-workspace/.dependencies/checkouts/K1
builtin-swiftHeaderTool -arch arm64 /Users/admin/builder/spi-builder-workspace/.derivedData/Build/Intermediates.noindex/K1.build/Debug/K1-t.build/Objects-normal/arm64/K1-Swift.h -o /Users/admin/builder/spi-builder-workspace/.derivedData/Build/Intermediates.noindex/GeneratedModuleMaps/K1-Swift.h
SwiftDriverJobDiscovery normal arm64 Compiling PBKDF2.swift (in target 'UncommonCrypto' from project 'UncommonCrypto')
Copy /Users/admin/builder/spi-builder-workspace/.derivedData/Build/Products/Debug/K1.swiftmodule/arm64-apple-macos.swiftmodule /Users/admin/builder/spi-builder-workspace/.derivedData/Build/Intermediates.noindex/K1.build/Debug/K1-t.build/Objects-normal/arm64/K1.swiftmodule (in target 'K1' from project 'K1')
cd /Users/admin/builder/spi-builder-workspace/.dependencies/checkouts/K1
builtin-copy -exclude .DS_Store -exclude CVS -exclude .svn -exclude .git -exclude .hg -resolve-src-symlinks -rename /Users/admin/builder/spi-builder-workspace/.derivedData/Build/Intermediates.noindex/K1.build/Debug/K1-t.build/Objects-normal/arm64/K1.swiftmodule /Users/admin/builder/spi-builder-workspace/.derivedData/Build/Products/Debug/K1.swiftmodule/arm64-apple-macos.swiftmodule
Copy /Users/admin/builder/spi-builder-workspace/.derivedData/Build/Products/Debug/K1.swiftmodule/arm64-apple-macos.swiftdoc /Users/admin/builder/spi-builder-workspace/.derivedData/Build/Intermediates.noindex/K1.build/Debug/K1-t.build/Objects-normal/arm64/K1.swiftdoc (in target 'K1' from project 'K1')
cd /Users/admin/builder/spi-builder-workspace/.dependencies/checkouts/K1
builtin-copy -exclude .DS_Store -exclude CVS -exclude .svn -exclude .git -exclude .hg -resolve-src-symlinks -rename /Users/admin/builder/spi-builder-workspace/.derivedData/Build/Intermediates.noindex/K1.build/Debug/K1-t.build/Objects-normal/arm64/K1.swiftdoc /Users/admin/builder/spi-builder-workspace/.derivedData/Build/Products/Debug/K1.swiftmodule/arm64-apple-macos.swiftdoc
SwiftDriverJobDiscovery normal arm64 Compiling ECDSASignature.swift, PEMDocument.swift, PKCS8PrivateKey.swift, SEC1PrivateKey.swift, SubjectPublicKeyInfo.swift (in target 'K1' from project 'K1')
Copy /Users/admin/builder/spi-builder-workspace/.derivedData/Build/Products/Debug/K1.swiftmodule/arm64-apple-macos.abi.json /Users/admin/builder/spi-builder-workspace/.derivedData/Build/Intermediates.noindex/K1.build/Debug/K1-t.build/Objects-normal/arm64/K1.abi.json (in target 'K1' from project 'K1')
cd /Users/admin/builder/spi-builder-workspace/.dependencies/checkouts/K1
builtin-copy -exclude .DS_Store -exclude CVS -exclude .svn -exclude .git -exclude .hg -resolve-src-symlinks -rename /Users/admin/builder/spi-builder-workspace/.derivedData/Build/Intermediates.noindex/K1.build/Debug/K1-t.build/Objects-normal/arm64/K1.abi.json /Users/admin/builder/spi-builder-workspace/.derivedData/Build/Products/Debug/K1.swiftmodule/arm64-apple-macos.abi.json
Copy /Users/admin/builder/spi-builder-workspace/.derivedData/Build/Products/Debug/K1.swiftmodule/Project/arm64-apple-macos.swiftsourceinfo /Users/admin/builder/spi-builder-workspace/.derivedData/Build/Intermediates.noindex/K1.build/Debug/K1-t.build/Objects-normal/arm64/K1.swiftsourceinfo (in target 'K1' from project 'K1')
cd /Users/admin/builder/spi-builder-workspace/.dependencies/checkouts/K1
builtin-copy -exclude .DS_Store -exclude CVS -exclude .svn -exclude .git -exclude .hg -resolve-src-symlinks -rename /Users/admin/builder/spi-builder-workspace/.derivedData/Build/Intermediates.noindex/K1.build/Debug/K1-t.build/Objects-normal/arm64/K1.swiftsourceinfo /Users/admin/builder/spi-builder-workspace/.derivedData/Build/Products/Debug/K1.swiftmodule/Project/arm64-apple-macos.swiftsourceinfo
SwiftCompile normal arm64 Compiling\ ASN1BitString.swift,\ ASN1Boolean.swift,\ ASN1Identifier.swift,\ ASN1Integer.swift,\ ASN1Null.swift /Users/admin/builder/spi-builder-workspace/.dependencies/checkouts/K1/Sources/K1/Support/ThirdyParty/swift-crypto/ASN1/Basic\ ASN1\ Types/ASN1BitString.swift /Users/admin/builder/spi-builder-workspace/.dependencies/checkouts/K1/Sources/K1/Support/ThirdyParty/swift-crypto/ASN1/Basic\ ASN1\ Types/ASN1Boolean.swift /Users/admin/builder/spi-builder-workspace/.dependencies/checkouts/K1/Sources/K1/Support/ThirdyParty/swift-crypto/ASN1/Basic\ ASN1\ Types/ASN1Identifier.swift /Users/admin/builder/spi-builder-workspace/.dependencies/checkouts/K1/Sources/K1/Support/ThirdyParty/swift-crypto/ASN1/Basic\ ASN1\ Types/ASN1Integer.swift /Users/admin/builder/spi-builder-workspace/.dependencies/checkouts/K1/Sources/K1/Support/ThirdyParty/swift-crypto/ASN1/Basic\ ASN1\ Types/ASN1Null.swift (in target 'K1' from project 'K1')
SwiftCompile normal arm64 /Users/admin/builder/spi-builder-workspace/.dependencies/checkouts/K1/Sources/K1/Support/ThirdyParty/swift-crypto/ASN1/Basic\ ASN1\ Types/ASN1BitString.swift (in target 'K1' from project 'K1')
cd /Users/admin/builder/spi-builder-workspace/.swiftpm/xcode
builtin-SwiftPerFileCompile ASN1BitString.swift
SwiftCompile normal arm64 /Users/admin/builder/spi-builder-workspace/.dependencies/checkouts/K1/Sources/K1/Support/ThirdyParty/swift-crypto/ASN1/Basic\ ASN1\ Types/ASN1Boolean.swift (in target 'K1' from project 'K1')
cd /Users/admin/builder/spi-builder-workspace/.swiftpm/xcode
builtin-SwiftPerFileCompile ASN1Boolean.swift
SwiftCompile normal arm64 /Users/admin/builder/spi-builder-workspace/.dependencies/checkouts/K1/Sources/K1/Support/ThirdyParty/swift-crypto/ASN1/Basic\ ASN1\ Types/ASN1Identifier.swift (in target 'K1' from project 'K1')
cd /Users/admin/builder/spi-builder-workspace/.swiftpm/xcode
builtin-SwiftPerFileCompile ASN1Identifier.swift
SwiftCompile normal arm64 /Users/admin/builder/spi-builder-workspace/.dependencies/checkouts/K1/Sources/K1/Support/ThirdyParty/swift-crypto/ASN1/Basic\ ASN1\ Types/ASN1Integer.swift (in target 'K1' from project 'K1')
cd /Users/admin/builder/spi-builder-workspace/.swiftpm/xcode
builtin-SwiftPerFileCompile ASN1Integer.swift
SwiftCompile normal arm64 /Users/admin/builder/spi-builder-workspace/.dependencies/checkouts/K1/Sources/K1/Support/ThirdyParty/swift-crypto/ASN1/Basic\ ASN1\ Types/ASN1Null.swift (in target 'K1' from project 'K1')
cd /Users/admin/builder/spi-builder-workspace/.swiftpm/xcode
builtin-SwiftPerFileCompile ASN1Null.swift
SwiftCompile normal arm64 Compiling\ Validation.generated.swift,\ Data+Extensions.swift,\ FFI+ECDH.swift,\ FFI+ECDSA.swift,\ ECDSA+NonRecovery+Wrapped.swift,\ FFI+ECDSA+NonRecovery.swift /Users/admin/builder/spi-builder-workspace/.dependencies/checkouts/K1/Sources/K1/K1/Validation/Validation.generated.swift /Users/admin/builder/spi-builder-workspace/.dependencies/checkouts/K1/Sources/K1/Support/Extensions/Data+Extensions.swift /Users/admin/builder/spi-builder-workspace/.dependencies/checkouts/K1/Sources/K1/Support/FFI/API/ECDH/FFI+ECDH.swift /Users/admin/builder/spi-builder-workspace/.dependencies/checkouts/K1/Sources/K1/Support/FFI/API/ECDSA/FFI+ECDSA.swift /Users/admin/builder/spi-builder-workspace/.dependencies/checkouts/K1/Sources/K1/Support/FFI/API/ECDSA/NonRecovery/ECDSA+NonRecovery+Wrapped.swift /Users/admin/builder/spi-builder-workspace/.dependencies/checkouts/K1/Sources/K1/Support/FFI/API/ECDSA/NonRecovery/FFI+ECDSA+NonRecovery.swift (in target 'K1' from project 'K1')
SwiftCompile normal arm64 /Users/admin/builder/spi-builder-workspace/.dependencies/checkouts/K1/Sources/K1/K1/Validation/Validation.generated.swift (in target 'K1' from project 'K1')
cd /Users/admin/builder/spi-builder-workspace/.swiftpm/xcode
builtin-SwiftPerFileCompile Validation.generated.swift
SwiftCompile normal arm64 /Users/admin/builder/spi-builder-workspace/.dependencies/checkouts/K1/Sources/K1/Support/Extensions/Data+Extensions.swift (in target 'K1' from project 'K1')
cd /Users/admin/builder/spi-builder-workspace/.swiftpm/xcode
builtin-SwiftPerFileCompile Data+Extensions.swift
SwiftCompile normal arm64 /Users/admin/builder/spi-builder-workspace/.dependencies/checkouts/K1/Sources/K1/Support/FFI/API/ECDH/FFI+ECDH.swift (in target 'K1' from project 'K1')
cd /Users/admin/builder/spi-builder-workspace/.swiftpm/xcode
builtin-SwiftPerFileCompile FFI+ECDH.swift
SwiftCompile normal arm64 /Users/admin/builder/spi-builder-workspace/.dependencies/checkouts/K1/Sources/K1/Support/FFI/API/ECDSA/FFI+ECDSA.swift (in target 'K1' from project 'K1')
cd /Users/admin/builder/spi-builder-workspace/.swiftpm/xcode
builtin-SwiftPerFileCompile FFI+ECDSA.swift
SwiftCompile normal arm64 /Users/admin/builder/spi-builder-workspace/.dependencies/checkouts/K1/Sources/K1/Support/FFI/API/ECDSA/NonRecovery/ECDSA+NonRecovery+Wrapped.swift (in target 'K1' from project 'K1')
cd /Users/admin/builder/spi-builder-workspace/.swiftpm/xcode
builtin-SwiftPerFileCompile ECDSA+NonRecovery+Wrapped.swift
SwiftCompile normal arm64 /Users/admin/builder/spi-builder-workspace/.dependencies/checkouts/K1/Sources/K1/Support/FFI/API/ECDSA/NonRecovery/FFI+ECDSA+NonRecovery.swift (in target 'K1' from project 'K1')
cd /Users/admin/builder/spi-builder-workspace/.swiftpm/xcode
builtin-SwiftPerFileCompile FFI+ECDSA+NonRecovery.swift
SwiftCompile normal arm64 Compiling\ Schnorr+Wrapped.swift,\ FFI+Call.swift,\ FFI+Context.swift,\ FFI+Format.swift,\ FFI+Raw.swift /Users/admin/builder/spi-builder-workspace/.dependencies/checkouts/K1/Sources/K1/Support/FFI/API/Schnorr/Schnorr+Wrapped.swift /Users/admin/builder/spi-builder-workspace/.dependencies/checkouts/K1/Sources/K1/Support/FFI/Internals/FFI+Call.swift /Users/admin/builder/spi-builder-workspace/.dependencies/checkouts/K1/Sources/K1/Support/FFI/Internals/FFI+Context.swift /Users/admin/builder/spi-builder-workspace/.dependencies/checkouts/K1/Sources/K1/Support/FFI/Internals/FFI+Format.swift /Users/admin/builder/spi-builder-workspace/.dependencies/checkouts/K1/Sources/K1/Support/FFI/Internals/FFI+Raw.swift (in target 'K1' from project 'K1')
SwiftCompile normal arm64 /Users/admin/builder/spi-builder-workspace/.dependencies/checkouts/K1/Sources/K1/Support/FFI/API/Schnorr/Schnorr+Wrapped.swift (in target 'K1' from project 'K1')
cd /Users/admin/builder/spi-builder-workspace/.swiftpm/xcode
builtin-SwiftPerFileCompile Schnorr+Wrapped.swift
SwiftCompile normal arm64 /Users/admin/builder/spi-builder-workspace/.dependencies/checkouts/K1/Sources/K1/Support/FFI/Internals/FFI+Call.swift (in target 'K1' from project 'K1')
cd /Users/admin/builder/spi-builder-workspace/.swiftpm/xcode
builtin-SwiftPerFileCompile FFI+Call.swift
SwiftCompile normal arm64 /Users/admin/builder/spi-builder-workspace/.dependencies/checkouts/K1/Sources/K1/Support/FFI/Internals/FFI+Context.swift (in target 'K1' from project 'K1')
cd /Users/admin/builder/spi-builder-workspace/.swiftpm/xcode
builtin-SwiftPerFileCompile FFI+Context.swift
SwiftCompile normal arm64 /Users/admin/builder/spi-builder-workspace/.dependencies/checkouts/K1/Sources/K1/Support/FFI/Internals/FFI+Format.swift (in target 'K1' from project 'K1')
cd /Users/admin/builder/spi-builder-workspace/.swiftpm/xcode
builtin-SwiftPerFileCompile FFI+Format.swift
SwiftCompile normal arm64 /Users/admin/builder/spi-builder-workspace/.dependencies/checkouts/K1/Sources/K1/Support/FFI/Internals/FFI+Raw.swift (in target 'K1' from project 'K1')
cd /Users/admin/builder/spi-builder-workspace/.swiftpm/xcode
builtin-SwiftPerFileCompile FFI+Raw.swift
SwiftCompile normal arm64 Compiling\ Keys.generated.swift,\ PrivateKeyImplementation.swift,\ PublicKeyImplementation.swift,\ Schnorr+Signature.swift,\ Schnorr.swift,\ Signing.generated.swift /Users/admin/builder/spi-builder-workspace/.dependencies/checkouts/K1/Sources/K1/K1/Keys/Keys.generated.swift /Users/admin/builder/spi-builder-workspace/.dependencies/checkouts/K1/Sources/K1/K1/Keys/PrivateKeyImplementation.swift /Users/admin/builder/spi-builder-workspace/.dependencies/checkouts/K1/Sources/K1/K1/Keys/PublicKeyImplementation.swift /Users/admin/builder/spi-builder-workspace/.dependencies/checkouts/K1/Sources/K1/K1/Schnorr/Schnorr+Signature.swift /Users/admin/builder/spi-builder-workspace/.dependencies/checkouts/K1/Sources/K1/K1/Schnorr/Schnorr.swift /Users/admin/builder/spi-builder-workspace/.dependencies/checkouts/K1/Sources/K1/K1/Signing/Signing.generated.swift (in target 'K1' from project 'K1')
SwiftCompile normal arm64 /Users/admin/builder/spi-builder-workspace/.dependencies/checkouts/K1/Sources/K1/K1/Keys/Keys.generated.swift (in target 'K1' from project 'K1')
cd /Users/admin/builder/spi-builder-workspace/.swiftpm/xcode
builtin-SwiftPerFileCompile Keys.generated.swift
SwiftCompile normal arm64 /Users/admin/builder/spi-builder-workspace/.dependencies/checkouts/K1/Sources/K1/K1/Keys/PrivateKeyImplementation.swift (in target 'K1' from project 'K1')
cd /Users/admin/builder/spi-builder-workspace/.swiftpm/xcode
builtin-SwiftPerFileCompile PrivateKeyImplementation.swift
SwiftCompile normal arm64 /Users/admin/builder/spi-builder-workspace/.dependencies/checkouts/K1/Sources/K1/K1/Keys/PublicKeyImplementation.swift (in target 'K1' from project 'K1')
cd /Users/admin/builder/spi-builder-workspace/.swiftpm/xcode
builtin-SwiftPerFileCompile PublicKeyImplementation.swift
SwiftCompile normal arm64 /Users/admin/builder/spi-builder-workspace/.dependencies/checkouts/K1/Sources/K1/K1/Schnorr/Schnorr+Signature.swift (in target 'K1' from project 'K1')
cd /Users/admin/builder/spi-builder-workspace/.swiftpm/xcode
builtin-SwiftPerFileCompile Schnorr+Signature.swift
SwiftCompile normal arm64 /Users/admin/builder/spi-builder-workspace/.dependencies/checkouts/K1/Sources/K1/K1/Schnorr/Schnorr.swift (in target 'K1' from project 'K1')
cd /Users/admin/builder/spi-builder-workspace/.swiftpm/xcode
builtin-SwiftPerFileCompile Schnorr.swift
SwiftCompile normal arm64 /Users/admin/builder/spi-builder-workspace/.dependencies/checkouts/K1/Sources/K1/K1/Signing/Signing.generated.swift (in target 'K1' from project 'K1')
cd /Users/admin/builder/spi-builder-workspace/.swiftpm/xcode
builtin-SwiftPerFileCompile Signing.generated.swift
SwiftDriverJobDiscovery normal arm64 Compiling SHA1.swift (in target 'UncommonCrypto' from project 'UncommonCrypto')
SwiftDriverJobDiscovery normal arm64 Compiling ECDSA+Recovery+Wrapped.swift, FFI+ECDSA+Recovery.swift, PrivateKey+Wrapped.swift, FFI+PublicKey.swift, PublicKey+Wrapped.swift, FFI+Schnorr.swift (in target 'K1' from project 'K1')
SwiftCompile normal arm64 Compiling\ ASN1OctetString.swift,\ ASN1Strings.swift,\ ArraySliceBigint.swift,\ GeneralizedTime.swift,\ ObjectIdentifier.swift /Users/admin/builder/spi-builder-workspace/.dependencies/checkouts/K1/Sources/K1/Support/ThirdyParty/swift-crypto/ASN1/Basic\ ASN1\ Types/ASN1OctetString.swift /Users/admin/builder/spi-builder-workspace/.dependencies/checkouts/K1/Sources/K1/Support/ThirdyParty/swift-crypto/ASN1/Basic\ ASN1\ Types/ASN1Strings.swift /Users/admin/builder/spi-builder-workspace/.dependencies/checkouts/K1/Sources/K1/Support/ThirdyParty/swift-crypto/ASN1/Basic\ ASN1\ Types/ArraySliceBigint.swift /Users/admin/builder/spi-builder-workspace/.dependencies/checkouts/K1/Sources/K1/Support/ThirdyParty/swift-crypto/ASN1/Basic\ ASN1\ Types/GeneralizedTime.swift /Users/admin/builder/spi-builder-workspace/.dependencies/checkouts/K1/Sources/K1/Support/ThirdyParty/swift-crypto/ASN1/Basic\ ASN1\ Types/ObjectIdentifier.swift (in target 'K1' from project 'K1')
SwiftCompile normal arm64 /Users/admin/builder/spi-builder-workspace/.dependencies/checkouts/K1/Sources/K1/Support/ThirdyParty/swift-crypto/ASN1/Basic\ ASN1\ Types/ASN1OctetString.swift (in target 'K1' from project 'K1')
cd /Users/admin/builder/spi-builder-workspace/.swiftpm/xcode
builtin-SwiftPerFileCompile ASN1OctetString.swift
SwiftCompile normal arm64 /Users/admin/builder/spi-builder-workspace/.dependencies/checkouts/K1/Sources/K1/Support/ThirdyParty/swift-crypto/ASN1/Basic\ ASN1\ Types/ASN1Strings.swift (in target 'K1' from project 'K1')
cd /Users/admin/builder/spi-builder-workspace/.swiftpm/xcode
builtin-SwiftPerFileCompile ASN1Strings.swift
SwiftCompile normal arm64 /Users/admin/builder/spi-builder-workspace/.dependencies/checkouts/K1/Sources/K1/Support/ThirdyParty/swift-crypto/ASN1/Basic\ ASN1\ Types/ArraySliceBigint.swift (in target 'K1' from project 'K1')
cd /Users/admin/builder/spi-builder-workspace/.swiftpm/xcode
builtin-SwiftPerFileCompile ArraySliceBigint.swift
SwiftCompile normal arm64 /Users/admin/builder/spi-builder-workspace/.dependencies/checkouts/K1/Sources/K1/Support/ThirdyParty/swift-crypto/ASN1/Basic\ ASN1\ Types/GeneralizedTime.swift (in target 'K1' from project 'K1')
cd /Users/admin/builder/spi-builder-workspace/.swiftpm/xcode
builtin-SwiftPerFileCompile GeneralizedTime.swift
SwiftCompile normal arm64 /Users/admin/builder/spi-builder-workspace/.dependencies/checkouts/K1/Sources/K1/Support/ThirdyParty/swift-crypto/ASN1/Basic\ ASN1\ Types/ObjectIdentifier.swift (in target 'K1' from project 'K1')
cd /Users/admin/builder/spi-builder-workspace/.swiftpm/xcode
builtin-SwiftPerFileCompile ObjectIdentifier.swift
SwiftDriverJobDiscovery normal arm64 Compiling SHA3.swift (in target 'UncommonCrypto' from project 'UncommonCrypto')
SwiftDriverJobDiscovery normal arm64 Compiling SHA2.swift (in target 'UncommonCrypto' from project 'UncommonCrypto')
SwiftCompile normal arm64 Compiling\ Data\ Conversion.swift,\ Division.swift /Users/admin/builder/spi-builder-workspace/.dependencies/checkouts/BigInt/Sources/Data\ Conversion.swift /Users/admin/builder/spi-builder-workspace/.dependencies/checkouts/BigInt/Sources/Division.swift (in target 'BigInt' from project 'BigInt')
SwiftCompile normal arm64 /Users/admin/builder/spi-builder-workspace/.dependencies/checkouts/BigInt/Sources/Data\ Conversion.swift (in target 'BigInt' from project 'BigInt')
cd /Users/admin/builder/spi-builder-workspace/.swiftpm/xcode
builtin-SwiftPerFileCompile Data\ Conversion.swift
SwiftCompile normal arm64 /Users/admin/builder/spi-builder-workspace/.dependencies/checkouts/BigInt/Sources/Division.swift (in target 'BigInt' from project 'BigInt')
cd /Users/admin/builder/spi-builder-workspace/.swiftpm/xcode
builtin-SwiftPerFileCompile Division.swift
SwiftDriverJobDiscovery normal arm64 Compiling HMAC.swift (in target 'UncommonCrypto' from project 'UncommonCrypto')
SwiftCompile normal arm64 Compiling\ Bitwise\ Ops.swift,\ Codable.swift,\ Comparable.swift /Users/admin/builder/spi-builder-workspace/.dependencies/checkouts/BigInt/Sources/Bitwise\ Ops.swift /Users/admin/builder/spi-builder-workspace/.dependencies/checkouts/BigInt/Sources/Codable.swift /Users/admin/builder/spi-builder-workspace/.dependencies/checkouts/BigInt/Sources/Comparable.swift (in target 'BigInt' from project 'BigInt')
SwiftCompile normal arm64 /Users/admin/builder/spi-builder-workspace/.dependencies/checkouts/BigInt/Sources/Bitwise\ Ops.swift (in target 'BigInt' from project 'BigInt')
cd /Users/admin/builder/spi-builder-workspace/.swiftpm/xcode
builtin-SwiftPerFileCompile Bitwise\ Ops.swift
SwiftCompile normal arm64 /Users/admin/builder/spi-builder-workspace/.dependencies/checkouts/BigInt/Sources/Codable.swift (in target 'BigInt' from project 'BigInt')
cd /Users/admin/builder/spi-builder-workspace/.swiftpm/xcode
builtin-SwiftPerFileCompile Codable.swift
SwiftCompile normal arm64 /Users/admin/builder/spi-builder-workspace/.dependencies/checkouts/BigInt/Sources/Comparable.swift (in target 'BigInt' from project 'BigInt')
cd /Users/admin/builder/spi-builder-workspace/.swiftpm/xcode
builtin-SwiftPerFileCompile Comparable.swift
SwiftDriver\ Compilation UncommonCrypto normal arm64 com.apple.xcode.tools.swift.compiler (in target 'UncommonCrypto' from project 'UncommonCrypto')
cd /Users/admin/builder/spi-builder-workspace/.swiftpm/xcode
builtin-Swift-Compilation -- /Applications/Xcode-27.0.0-Release.Candidate.app/Contents/Developer/Toolchains/XcodeDefault.xctoolchain/usr/bin/swiftc -parse-as-library -module-name UncommonCrypto -Onone @/Users/admin/builder/spi-builder-workspace/.derivedData/Build/Intermediates.noindex/UncommonCrypto.build/Debug/UncommonCrypto-t.build/Objects-normal/arm64/UncommonCrypto.SwiftFileList -DSWIFT_PACKAGE -DDEBUG -DSWIFT_MODULE_RESOURCE_BUNDLE_UNAVAILABLE -Xcc -fmodule-map-file\=/Users/admin/builder/spi-builder-workspace/.derivedData/Build/Intermediates.noindex/GeneratedModuleMaps/CUncommonCrypto.modulemap -DXcode -plugin-path /Applications/Xcode-27.0.0-Release.Candidate.app/Contents/Developer/Toolchains/XcodeDefault.xctoolchain/usr/lib/swift/host/plugins/testing -enable-experimental-feature DebugDescriptionMacro -sdk /Applications/Xcode-27.0.0-Release.Candidate.app/Contents/Developer/Platforms/MacOSX.platform/Developer/SDKs/MacOSX27.0.sdk -target arm64-apple-macos12.0 -g -module-cache-path /Users/admin/builder/spi-builder-workspace/.derivedData/ModuleCache.noindex -Xfrontend -serialize-debugging-options -profile-coverage-mapping -profile-generate -enable-testing -suppress-warnings -index-store-path /Users/admin/builder/spi-builder-workspace/.derivedData/Index.noindex/DataStore -Xcc -D_LIBCPP_HARDENING_MODE\=_LIBCPP_HARDENING_MODE_DEBUG -swift-version 5 -I /Users/admin/builder/spi-builder-workspace/.derivedData/Build/Products/Debug -Isystem /Applications/Xcode-27.0.0-Release.Candidate.app/Contents/Developer/Platforms/MacOSX.platform/Developer/usr/lib -F /Users/admin/builder/spi-builder-workspace/.derivedData/Build/Products/Debug/PackageFrameworks -F /Users/admin/builder/spi-builder-workspace/.derivedData/Build/Products/Debug -F /Applications/Xcode-27.0.0-Release.Candidate.app/Contents/Developer/Platforms/MacOSX.platform/Developer/Library/Frameworks -c -j10 -enable-batch-mode -incremental -Xcc -ivfsstatcache -Xcc /Users/admin/builder/spi-builder-workspace/.derivedData/SDKStatCaches.noindex/macosx27.0-26A425-e829b21a6f8c9b70876ba0858053c0446a22442a12e9d48fe1a705f55a1adfc4.sdkstatcache -output-file-map /Users/admin/builder/spi-builder-workspace/.derivedData/Build/Intermediates.noindex/UncommonCrypto.build/Debug/UncommonCrypto-t.build/Objects-normal/arm64/UncommonCrypto-OutputFileMap.json -save-temps -no-color-diagnostics -explicit-module-build -module-cache-path /Users/admin/builder/spi-builder-workspace/.derivedData/Build/Intermediates.noindex/SwiftExplicitPrecompiledModules -clang-scanner-module-cache-path /Users/admin/builder/spi-builder-workspace/.derivedData/ModuleCache.noindex -sdk-module-cache-path /Users/admin/builder/spi-builder-workspace/.derivedData/SDKExplicitPrecompiledModules -emit-dependencies -emit-module -emit-module-path /Users/admin/builder/spi-builder-workspace/.derivedData/Build/Intermediates.noindex/UncommonCrypto.build/Debug/UncommonCrypto-t.build/Objects-normal/arm64/UncommonCrypto.swiftmodule -serialize-diagnostics -dependency-scan-serialize-diagnostics-path /Users/admin/builder/spi-builder-workspace/.derivedData/Build/Intermediates.noindex/UncommonCrypto.build/Debug/UncommonCrypto-t.build/Objects-normal/arm64/UncommonCrypto-dependency-scan.dia -validate-clang-modules-once -clang-build-session-file /Users/admin/builder/spi-builder-workspace/.derivedData/ModuleCache.noindex/Session.modulevalidation -Xcc -fmodules-prune-interval\=86400 -Xcc -fmodules-prune-after\=345600 -emit-const-values -const-gather-protocols-list /Users/admin/builder/spi-builder-workspace/.derivedData/Build/Intermediates.noindex/UncommonCrypto.build/Debug/UncommonCrypto-t.build/Objects-normal/arm64/UncommonCrypto_const_extract_protocols.json -Xcc -I/Users/admin/builder/spi-builder-workspace/.dependencies/checkouts/UncommonCrypto.swift/Sources/CUncommonCrypto/include -Xcc -I/Users/admin/builder/spi-builder-workspace/.derivedData/Build/Products/Debug/include -Xcc -I/Users/admin/builder/spi-builder-workspace/.derivedData/Build/Intermediates.noindex/UncommonCrypto.build/Debug/UncommonCrypto-t.build/DerivedSources-normal/arm64 -Xcc -I/Users/admin/builder/spi-builder-workspace/.derivedData/Build/Intermediates.noindex/UncommonCrypto.build/Debug/UncommonCrypto-t.build/DerivedSources/arm64 -Xcc -I/Users/admin/builder/spi-builder-workspace/.derivedData/Build/Intermediates.noindex/UncommonCrypto.build/Debug/UncommonCrypto-t.build/DerivedSources -Xcc -DSWIFT_PACKAGE -Xcc -DDEBUG\=1 -emit-objc-header -emit-objc-header-path /Users/admin/builder/spi-builder-workspace/.derivedData/Build/Intermediates.noindex/UncommonCrypto.build/Debug/UncommonCrypto-t.build/Objects-normal/arm64/UncommonCrypto-Swift.h -working-directory /Users/admin/builder/spi-builder-workspace/.swiftpm/xcode -experimental-emit-module-separately -disable-cmo
SwiftDriverJobDiscovery normal arm64 Compiling K1.swift, KeyAgreement.swift, ECDSA.swift, ECDSASignatureNonRecoverable.swift, ECDSASignatureRecoverable.swift, RecoveryID.swift (in target 'K1' from project 'K1')
SwiftCompile normal arm64 Compiling\ Integer\ Conversion.swift,\ Multiplication.swift /Users/admin/builder/spi-builder-workspace/.dependencies/checkouts/BigInt/Sources/Integer\ Conversion.swift /Users/admin/builder/spi-builder-workspace/.dependencies/checkouts/BigInt/Sources/Multiplication.swift (in target 'BigInt' from project 'BigInt')
SwiftCompile normal arm64 /Users/admin/builder/spi-builder-workspace/.dependencies/checkouts/BigInt/Sources/Integer\ Conversion.swift (in target 'BigInt' from project 'BigInt')
cd /Users/admin/builder/spi-builder-workspace/.swiftpm/xcode
builtin-SwiftPerFileCompile Integer\ Conversion.swift
SwiftCompile normal arm64 /Users/admin/builder/spi-builder-workspace/.dependencies/checkouts/BigInt/Sources/Multiplication.swift (in target 'BigInt' from project 'BigInt')
cd /Users/admin/builder/spi-builder-workspace/.swiftpm/xcode
builtin-SwiftPerFileCompile Multiplication.swift
SwiftCompile normal arm64 Compiling\ Exponentiation.swift,\ Floating\ Point\ Conversion.swift /Users/admin/builder/spi-builder-workspace/.dependencies/checkouts/BigInt/Sources/Exponentiation.swift /Users/admin/builder/spi-builder-workspace/.dependencies/checkouts/BigInt/Sources/Floating\ Point\ Conversion.swift (in target 'BigInt' from project 'BigInt')
SwiftCompile normal arm64 /Users/admin/builder/spi-builder-workspace/.dependencies/checkouts/BigInt/Sources/Exponentiation.swift (in target 'BigInt' from project 'BigInt')
cd /Users/admin/builder/spi-builder-workspace/.swiftpm/xcode
builtin-SwiftPerFileCompile Exponentiation.swift
SwiftCompile normal arm64 /Users/admin/builder/spi-builder-workspace/.dependencies/checkouts/BigInt/Sources/Floating\ Point\ Conversion.swift (in target 'BigInt' from project 'BigInt')
cd /Users/admin/builder/spi-builder-workspace/.swiftpm/xcode
builtin-SwiftPerFileCompile Floating\ Point\ Conversion.swift
SwiftDriverJobDiscovery normal arm64 Compiling Curve.swift, K1+Error.swift, SharedSecret.swift, ASN1.swift, ASN1Any.swift (in target 'K1' from project 'K1')
SwiftDriverJobDiscovery normal arm64 Compiling Integer Conversion.swift, Multiplication.swift (in target 'BigInt' from project 'BigInt')
SwiftCompile normal arm64 Compiling\ Addition.swift,\ BigInt.swift,\ BigUInt.swift /Users/admin/builder/spi-builder-workspace/.dependencies/checkouts/BigInt/Sources/Addition.swift /Users/admin/builder/spi-builder-workspace/.dependencies/checkouts/BigInt/Sources/BigInt.swift /Users/admin/builder/spi-builder-workspace/.dependencies/checkouts/BigInt/Sources/BigUInt.swift (in target 'BigInt' from project 'BigInt')
SwiftCompile normal arm64 /Users/admin/builder/spi-builder-workspace/.dependencies/checkouts/BigInt/Sources/Addition.swift (in target 'BigInt' from project 'BigInt')
cd /Users/admin/builder/spi-builder-workspace/.swiftpm/xcode
builtin-SwiftPerFileCompile Addition.swift
SwiftCompile normal arm64 /Users/admin/builder/spi-builder-workspace/.dependencies/checkouts/BigInt/Sources/BigInt.swift (in target 'BigInt' from project 'BigInt')
cd /Users/admin/builder/spi-builder-workspace/.swiftpm/xcode
builtin-SwiftPerFileCompile BigInt.swift
SwiftCompile normal arm64 /Users/admin/builder/spi-builder-workspace/.dependencies/checkouts/BigInt/Sources/BigUInt.swift (in target 'BigInt' from project 'BigInt')
cd /Users/admin/builder/spi-builder-workspace/.swiftpm/xcode
builtin-SwiftPerFileCompile BigUInt.swift
SwiftDriverJobDiscovery normal arm64 Compiling Schnorr+Wrapped.swift, FFI+Call.swift, FFI+Context.swift, FFI+Format.swift, FFI+Raw.swift (in target 'K1' from project 'K1')
Ld /Users/admin/builder/spi-builder-workspace/.derivedData/Build/Products/Debug/UncommonCrypto.o normal (in target 'UncommonCrypto' from project 'UncommonCrypto')
cd /Users/admin/builder/spi-builder-workspace/.dependencies/checkouts/UncommonCrypto.swift
/Applications/Xcode-27.0.0-Release.Candidate.app/Contents/Developer/Toolchains/XcodeDefault.xctoolchain/usr/bin/clang -Xlinker -reproducible -target arm64-apple-macos12.0 -r -isysroot /Applications/Xcode-27.0.0-Release.Candidate.app/Contents/Developer/Platforms/MacOSX.platform/Developer/SDKs/MacOSX27.0.sdk -O0 -w -Xlinker -no_warn_duplicate_libraries -F/Users/admin/builder/spi-builder-workspace/.derivedData/Build/Intermediates.noindex/EagerLinkingTBDs/Debug -F/Users/admin/builder/spi-builder-workspace/.derivedData/Build/Products/Debug/PackageFrameworks -F/Users/admin/builder/spi-builder-workspace/.derivedData/Build/Products/Debug -iframework /Applications/Xcode-27.0.0-Release.Candidate.app/Contents/Developer/Platforms/MacOSX.platform/Developer/Library/Frameworks -filelist /Users/admin/builder/spi-builder-workspace/.derivedData/Build/Intermediates.noindex/UncommonCrypto.build/Debug/UncommonCrypto-t.build/Objects-normal/arm64/UncommonCrypto.LinkFileList -nostdlib -Xlinker -object_path_lto -Xlinker /Users/admin/builder/spi-builder-workspace/.derivedData/Build/Intermediates.noindex/UncommonCrypto.build/Debug/UncommonCrypto-t.build/Objects-normal/arm64/UncommonCrypto_lto.o -Xlinker -no_deduplicate -Xlinker -debug_variant -Xlinker -dependency_info -Xlinker /Users/admin/builder/spi-builder-workspace/.derivedData/Build/Intermediates.noindex/UncommonCrypto.build/Debug/UncommonCrypto-t.build/Objects-normal/arm64/UncommonCrypto_dependency_info.dat -fobjc-link-runtime -L/Applications/Xcode-27.0.0-Release.Candidate.app/Contents/Developer/Toolchains/XcodeDefault.xctoolchain/usr/lib/swift/macosx -L/usr/lib/swift -Xlinker -add_ast_path -Xlinker /Users/admin/builder/spi-builder-workspace/.derivedData/Build/Intermediates.noindex/UncommonCrypto.build/Debug/UncommonCrypto-t.build/Objects-normal/arm64/UncommonCrypto.swiftmodule -o /Users/admin/builder/spi-builder-workspace/.derivedData/Build/Products/Debug/UncommonCrypto.o
SwiftDriverJobDiscovery normal arm64 Compiling Validation.generated.swift, Data+Extensions.swift, FFI+ECDH.swift, FFI+ECDSA.swift, ECDSA+NonRecovery+Wrapped.swift, FFI+ECDSA+NonRecovery.swift (in target 'K1' from project 'K1')
SwiftDriver Bip39 normal arm64 com.apple.xcode.tools.swift.compiler (in target 'Bip39' from project 'Bip39')
cd /Users/admin/builder/spi-builder-workspace/.swiftpm/xcode
builtin-SwiftDriver -- /Applications/Xcode-27.0.0-Release.Candidate.app/Contents/Developer/Toolchains/XcodeDefault.xctoolchain/usr/bin/swiftc -parse-as-library -module-name Bip39 -Onone @/Users/admin/builder/spi-builder-workspace/.derivedData/Build/Intermediates.noindex/Bip39.build/Debug/Bip39-t.build/Objects-normal/arm64/Bip39.SwiftFileList -DSWIFT_PACKAGE -DDEBUG -DSWIFT_MODULE_RESOURCE_BUNDLE_UNAVAILABLE -Xcc -fmodule-map-file\=/Users/admin/builder/spi-builder-workspace/.derivedData/Build/Intermediates.noindex/GeneratedModuleMaps/CUncommonCrypto.modulemap -DXcode -plugin-path /Applications/Xcode-27.0.0-Release.Candidate.app/Contents/Developer/Toolchains/XcodeDefault.xctoolchain/usr/lib/swift/host/plugins/testing -enable-experimental-feature DebugDescriptionMacro -sdk /Applications/Xcode-27.0.0-Release.Candidate.app/Contents/Developer/Platforms/MacOSX.platform/Developer/SDKs/MacOSX27.0.sdk -target arm64-apple-macos12.0 -g -module-cache-path /Users/admin/builder/spi-builder-workspace/.derivedData/ModuleCache.noindex -Xfrontend -serialize-debugging-options -profile-coverage-mapping -profile-generate -enable-testing -suppress-warnings -index-store-path /Users/admin/builder/spi-builder-workspace/.derivedData/Index.noindex/DataStore -Xcc -D_LIBCPP_HARDENING_MODE\=_LIBCPP_HARDENING_MODE_DEBUG -swift-version 5 -I /Users/admin/builder/spi-builder-workspace/.derivedData/Build/Products/Debug -Isystem /Applications/Xcode-27.0.0-Release.Candidate.app/Contents/Developer/Platforms/MacOSX.platform/Developer/usr/lib -F /Users/admin/builder/spi-builder-workspace/.derivedData/Build/Products/Debug/PackageFrameworks -F /Users/admin/builder/spi-builder-workspace/.derivedData/Build/Products/Debug -F /Applications/Xcode-27.0.0-Release.Candidate.app/Contents/Developer/Platforms/MacOSX.platform/Developer/Library/Frameworks -c -j10 -enable-batch-mode -incremental -Xcc -ivfsstatcache -Xcc /Users/admin/builder/spi-builder-workspace/.derivedData/SDKStatCaches.noindex/macosx27.0-26A425-e829b21a6f8c9b70876ba0858053c0446a22442a12e9d48fe1a705f55a1adfc4.sdkstatcache -output-file-map /Users/admin/builder/spi-builder-workspace/.derivedData/Build/Intermediates.noindex/Bip39.build/Debug/Bip39-t.build/Objects-normal/arm64/Bip39-OutputFileMap.json -save-temps -no-color-diagnostics -explicit-module-build -module-cache-path /Users/admin/builder/spi-builder-workspace/.derivedData/Build/Intermediates.noindex/SwiftExplicitPrecompiledModules -clang-scanner-module-cache-path /Users/admin/builder/spi-builder-workspace/.derivedData/ModuleCache.noindex -sdk-module-cache-path /Users/admin/builder/spi-builder-workspace/.derivedData/SDKExplicitPrecompiledModules -emit-dependencies -emit-module -emit-module-path /Users/admin/builder/spi-builder-workspace/.derivedData/Build/Intermediates.noindex/Bip39.build/Debug/Bip39-t.build/Objects-normal/arm64/Bip39.swiftmodule -serialize-diagnostics -dependency-scan-serialize-diagnostics-path /Users/admin/builder/spi-builder-workspace/.derivedData/Build/Intermediates.noindex/Bip39.build/Debug/Bip39-t.build/Objects-normal/arm64/Bip39-dependency-scan.dia -validate-clang-modules-once -clang-build-session-file /Users/admin/builder/spi-builder-workspace/.derivedData/ModuleCache.noindex/Session.modulevalidation -Xcc -fmodules-prune-interval\=86400 -Xcc -fmodules-prune-after\=345600 -emit-const-values -const-gather-protocols-list /Users/admin/builder/spi-builder-workspace/.derivedData/Build/Intermediates.noindex/Bip39.build/Debug/Bip39-t.build/Objects-normal/arm64/Bip39_const_extract_protocols.json -Xcc -I/Users/admin/builder/spi-builder-workspace/.dependencies/checkouts/UncommonCrypto.swift/Sources/CUncommonCrypto/include -Xcc -I/Users/admin/builder/spi-builder-workspace/.derivedData/Build/Products/Debug/include -Xcc -I/Users/admin/builder/spi-builder-workspace/.derivedData/Build/Intermediates.noindex/Bip39.build/Debug/Bip39-t.build/DerivedSources-normal/arm64 -Xcc -I/Users/admin/builder/spi-builder-workspace/.derivedData/Build/Intermediates.noindex/Bip39.build/Debug/Bip39-t.build/DerivedSources/arm64 -Xcc -I/Users/admin/builder/spi-builder-workspace/.derivedData/Build/Intermediates.noindex/Bip39.build/Debug/Bip39-t.build/DerivedSources -Xcc -DSWIFT_PACKAGE -Xcc -DDEBUG\=1 -emit-objc-header -emit-objc-header-path /Users/admin/builder/spi-builder-workspace/.derivedData/Build/Intermediates.noindex/Bip39.build/Debug/Bip39-t.build/Objects-normal/arm64/Bip39-Swift.h -working-directory /Users/admin/builder/spi-builder-workspace/.swiftpm/xcode -experimental-emit-module-separately -disable-cmo
ExtractAppIntentsMetadata (in target 'UncommonCrypto' from project 'UncommonCrypto')
cd /Users/admin/builder/spi-builder-workspace/.dependencies/checkouts/UncommonCrypto.swift
/Applications/Xcode-27.0.0-Release.Candidate.app/Contents/Developer/Toolchains/XcodeDefault.xctoolchain/usr/bin/appintentsmetadataprocessor --toolchain-dir /var/run/com.apple.security.cryptexd/mnt/com.apple.MobileAsset.MetalToolchain-v27.1.266.1.oBJ5nC/Metal.xctoolchain --module-name UncommonCrypto --sdk-root /Applications/Xcode-27.0.0-Release.Candidate.app/Contents/Developer/Platforms/MacOSX.platform/Developer/SDKs/MacOSX27.0.sdk --xcode-version 27A266a --platform-family macOS --deployment-target 12.0 --bundle-identifier uncommoncrypto.swift.UncommonCrypto --output /Users/admin/builder/spi-builder-workspace/.derivedData/Build/Products/Debug/UncommonCrypto.appintents --target-triple arm64-apple-macos12.0 --binary-file /Users/admin/builder/spi-builder-workspace/.derivedData/Build/Products/Debug/UncommonCrypto.o --dependency-file /Users/admin/builder/spi-builder-workspace/.derivedData/Build/Intermediates.noindex/UncommonCrypto.build/Debug/UncommonCrypto-t.build/Objects-normal/arm64/UncommonCrypto_dependency_info.dat --stringsdata-file /Users/admin/builder/spi-builder-workspace/.derivedData/Build/Intermediates.noindex/UncommonCrypto.build/Debug/UncommonCrypto-t.build/Objects-normal/arm64/ExtractedAppShortcutsMetadata.stringsdata --source-file-list /Users/admin/builder/spi-builder-workspace/.derivedData/Build/Intermediates.noindex/UncommonCrypto.build/Debug/UncommonCrypto-t.build/Objects-normal/arm64/UncommonCrypto.SwiftFileList --metadata-file-list /Users/admin/builder/spi-builder-workspace/.derivedData/Build/Intermediates.noindex/UncommonCrypto.build/Debug/UncommonCrypto-t.build/UncommonCrypto.DependencyMetadataFileList --static-metadata-file-list /Users/admin/builder/spi-builder-workspace/.derivedData/Build/Intermediates.noindex/UncommonCrypto.build/Debug/UncommonCrypto-t.build/UncommonCrypto.DependencyStaticMetadataFileList --swift-const-vals-list /Users/admin/builder/spi-builder-workspace/.derivedData/Build/Intermediates.noindex/UncommonCrypto.build/Debug/UncommonCrypto-t.build/Objects-normal/arm64/UncommonCrypto.SwiftConstValuesFileList --force --compile-time-extraction --deployment-aware-processing --no-app-shortcuts-localization
2026-09-23 07:04:21.266 appintentsmetadataprocessor[1000:5650] Starting appintentsmetadataprocessor export
2026-09-23 07:04:21.365 appintentsmetadataprocessor[1000:5650] Extracted no relevant App Intents symbols, skipping writing output
SwiftDriverJobDiscovery normal arm64 Compiling Exponentiation.swift, Floating Point Conversion.swift (in target 'BigInt' from project 'BigInt')
SwiftDriverJobDiscovery normal arm64 Compiling Bitwise Ops.swift, Codable.swift, Comparable.swift (in target 'BigInt' from project 'BigInt')
SwiftDriverJobDiscovery normal arm64 Compiling Data Conversion.swift, Division.swift (in target 'BigInt' from project 'BigInt')
SwiftDriverJobDiscovery normal arm64 Compiling ASN1BitString.swift, ASN1Boolean.swift, ASN1Identifier.swift, ASN1Integer.swift, ASN1Null.swift (in target 'K1' from project 'K1')
SwiftDriverJobDiscovery normal arm64 Compiling Addition.swift, BigInt.swift, BigUInt.swift (in target 'BigInt' from project 'BigInt')
SwiftDriver\ Compilation BigInt normal arm64 com.apple.xcode.tools.swift.compiler (in target 'BigInt' from project 'BigInt')
cd /Users/admin/builder/spi-builder-workspace/.swiftpm/xcode
builtin-Swift-Compilation -- /Applications/Xcode-27.0.0-Release.Candidate.app/Contents/Developer/Toolchains/XcodeDefault.xctoolchain/usr/bin/swiftc -parse-as-library -module-name BigInt -Onone @/Users/admin/builder/spi-builder-workspace/.derivedData/Build/Intermediates.noindex/BigInt.build/Debug/BigInt-t.build/Objects-normal/arm64/BigInt.SwiftFileList -DSWIFT_PACKAGE -DDEBUG -DSWIFT_MODULE_RESOURCE_BUNDLE_UNAVAILABLE -DXcode -enable-experimental-feature StrictConcurrency -plugin-path /Applications/Xcode-27.0.0-Release.Candidate.app/Contents/Developer/Toolchains/XcodeDefault.xctoolchain/usr/lib/swift/host/plugins/testing -enable-experimental-feature DebugDescriptionMacro -sdk /Applications/Xcode-27.0.0-Release.Candidate.app/Contents/Developer/Platforms/MacOSX.platform/Developer/SDKs/MacOSX27.0.sdk -target arm64-apple-macos12.0 -g -module-cache-path /Users/admin/builder/spi-builder-workspace/.derivedData/ModuleCache.noindex -Xfrontend -serialize-debugging-options -profile-coverage-mapping -profile-generate -enable-testing -suppress-warnings -index-store-path /Users/admin/builder/spi-builder-workspace/.derivedData/Index.noindex/DataStore -Xcc -D_LIBCPP_HARDENING_MODE\=_LIBCPP_HARDENING_MODE_DEBUG -swift-version 5 -I /Users/admin/builder/spi-builder-workspace/.derivedData/Build/Products/Debug -Isystem /Applications/Xcode-27.0.0-Release.Candidate.app/Contents/Developer/Platforms/MacOSX.platform/Developer/usr/lib -F /Users/admin/builder/spi-builder-workspace/.derivedData/Build/Products/Debug -F /Applications/Xcode-27.0.0-Release.Candidate.app/Contents/Developer/Platforms/MacOSX.platform/Developer/Library/Frameworks -c -j10 -enable-batch-mode -incremental -Xcc -ivfsstatcache -Xcc /Users/admin/builder/spi-builder-workspace/.derivedData/SDKStatCaches.noindex/macosx27.0-26A425-e829b21a6f8c9b70876ba0858053c0446a22442a12e9d48fe1a705f55a1adfc4.sdkstatcache -output-file-map /Users/admin/builder/spi-builder-workspace/.derivedData/Build/Intermediates.noindex/BigInt.build/Debug/BigInt-t.build/Objects-normal/arm64/BigInt-OutputFileMap.json -save-temps -no-color-diagnostics -explicit-module-build -module-cache-path /Users/admin/builder/spi-builder-workspace/.derivedData/Build/Intermediates.noindex/SwiftExplicitPrecompiledModules -clang-scanner-module-cache-path /Users/admin/builder/spi-builder-workspace/.derivedData/ModuleCache.noindex -sdk-module-cache-path /Users/admin/builder/spi-builder-workspace/.derivedData/SDKExplicitPrecompiledModules -emit-dependencies -emit-module -emit-module-path /Users/admin/builder/spi-builder-workspace/.derivedData/Build/Intermediates.noindex/BigInt.build/Debug/BigInt-t.build/Objects-normal/arm64/BigInt.swiftmodule -serialize-diagnostics -dependency-scan-serialize-diagnostics-path /Users/admin/builder/spi-builder-workspace/.derivedData/Build/Intermediates.noindex/BigInt.build/Debug/BigInt-t.build/Objects-normal/arm64/BigInt-dependency-scan.dia -validate-clang-modules-once -clang-build-session-file /Users/admin/builder/spi-builder-workspace/.derivedData/ModuleCache.noindex/Session.modulevalidation -Xcc -fmodules-prune-interval\=86400 -Xcc -fmodules-prune-after\=345600 -package-name bigint -emit-const-values -const-gather-protocols-list /Users/admin/builder/spi-builder-workspace/.derivedData/Build/Intermediates.noindex/BigInt.build/Debug/BigInt-t.build/Objects-normal/arm64/BigInt_const_extract_protocols.json -Xcc -I/Users/admin/builder/spi-builder-workspace/.derivedData/Build/Products/Debug/include -Xcc -I/Users/admin/builder/spi-builder-workspace/.derivedData/Build/Intermediates.noindex/BigInt.build/Debug/BigInt-t.build/DerivedSources-normal/arm64 -Xcc -I/Users/admin/builder/spi-builder-workspace/.derivedData/Build/Intermediates.noindex/BigInt.build/Debug/BigInt-t.build/DerivedSources/arm64 -Xcc -I/Users/admin/builder/spi-builder-workspace/.derivedData/Build/Intermediates.noindex/BigInt.build/Debug/BigInt-t.build/DerivedSources -Xcc -DSWIFT_PACKAGE -Xcc -DDEBUG\=1 -emit-objc-header -emit-objc-header-path /Users/admin/builder/spi-builder-workspace/.derivedData/Build/Intermediates.noindex/BigInt.build/Debug/BigInt-t.build/Objects-normal/arm64/BigInt-Swift.h -working-directory /Users/admin/builder/spi-builder-workspace/.swiftpm/xcode -experimental-emit-module-separately -disable-cmo
SwiftDriverJobDiscovery normal arm64 Compiling ASN1Error.swift, BytesUtil.swift, RNG_boring.swift, SafeCompare_boring.swift, SecureBytes.swift (in target 'K1' from project 'K1')
Ld /Users/admin/builder/spi-builder-workspace/.derivedData/Build/Products/Debug/BigInt.o normal (in target 'BigInt' from project 'BigInt')
cd /Users/admin/builder/spi-builder-workspace/.dependencies/checkouts/BigInt
/Applications/Xcode-27.0.0-Release.Candidate.app/Contents/Developer/Toolchains/XcodeDefault.xctoolchain/usr/bin/clang -Xlinker -reproducible -target arm64-apple-macos12.0 -r -isysroot /Applications/Xcode-27.0.0-Release.Candidate.app/Contents/Developer/Platforms/MacOSX.platform/Developer/SDKs/MacOSX27.0.sdk -O0 -w -Xlinker -no_warn_duplicate_libraries -F/Users/admin/builder/spi-builder-workspace/.derivedData/Build/Intermediates.noindex/EagerLinkingTBDs/Debug -F/Users/admin/builder/spi-builder-workspace/.derivedData/Build/Products/Debug -iframework /Applications/Xcode-27.0.0-Release.Candidate.app/Contents/Developer/Platforms/MacOSX.platform/Developer/Library/Frameworks -filelist /Users/admin/builder/spi-builder-workspace/.derivedData/Build/Intermediates.noindex/BigInt.build/Debug/BigInt-t.build/Objects-normal/arm64/BigInt.LinkFileList -nostdlib -Xlinker -object_path_lto -Xlinker /Users/admin/builder/spi-builder-workspace/.derivedData/Build/Intermediates.noindex/BigInt.build/Debug/BigInt-t.build/Objects-normal/arm64/BigInt_lto.o -Xlinker -no_deduplicate -Xlinker -debug_variant -Xlinker -dependency_info -Xlinker /Users/admin/builder/spi-builder-workspace/.derivedData/Build/Intermediates.noindex/BigInt.build/Debug/BigInt-t.build/Objects-normal/arm64/BigInt_dependency_info.dat -fobjc-link-runtime -L/Applications/Xcode-27.0.0-Release.Candidate.app/Contents/Developer/Toolchains/XcodeDefault.xctoolchain/usr/lib/swift/macosx -L/usr/lib/swift -Xlinker -add_ast_path -Xlinker /Users/admin/builder/spi-builder-workspace/.derivedData/Build/Intermediates.noindex/BigInt.build/Debug/BigInt-t.build/Objects-normal/arm64/BigInt.swiftmodule -o /Users/admin/builder/spi-builder-workspace/.derivedData/Build/Products/Debug/BigInt.o
SwiftDriverJobDiscovery normal arm64 Compiling Keys.generated.swift, PrivateKeyImplementation.swift, PublicKeyImplementation.swift, Schnorr+Signature.swift, Schnorr.swift, Signing.generated.swift (in target 'K1' from project 'K1')
SwiftDriverJobDiscovery normal arm64 Compiling ASN1OctetString.swift, ASN1Strings.swift, ArraySliceBigint.swift, GeneralizedTime.swift, ObjectIdentifier.swift (in target 'K1' from project 'K1')
SwiftDriver\ Compilation K1 normal arm64 com.apple.xcode.tools.swift.compiler (in target 'K1' from project 'K1')
cd /Users/admin/builder/spi-builder-workspace/.swiftpm/xcode
builtin-Swift-Compilation -- /Applications/Xcode-27.0.0-Release.Candidate.app/Contents/Developer/Toolchains/XcodeDefault.xctoolchain/usr/bin/swiftc -parse-as-library -module-name K1 -Onone @/Users/admin/builder/spi-builder-workspace/.derivedData/Build/Intermediates.noindex/K1.build/Debug/K1-t.build/Objects-normal/arm64/K1.SwiftFileList -DSWIFT_PACKAGE -DDEBUG -DSWIFT_MODULE_RESOURCE_BUNDLE_UNAVAILABLE -DCRYPTO_IN_SWIFTPM_FORCE_BUILD_API -Xcc -fmodule-map-file\=/Users/admin/builder/spi-builder-workspace/.derivedData/Build/Intermediates.noindex/GeneratedModuleMaps/secp256k1.modulemap -DXcode -plugin-path /Applications/Xcode-27.0.0-Release.Candidate.app/Contents/Developer/Toolchains/XcodeDefault.xctoolchain/usr/lib/swift/host/plugins/testing -enable-experimental-feature DebugDescriptionMacro -sdk /Applications/Xcode-27.0.0-Release.Candidate.app/Contents/Developer/Platforms/MacOSX.platform/Developer/SDKs/MacOSX27.0.sdk -target arm64-apple-macos12.0 -g -module-cache-path /Users/admin/builder/spi-builder-workspace/.derivedData/ModuleCache.noindex -Xfrontend -serialize-debugging-options -profile-coverage-mapping -profile-generate -enable-testing -suppress-warnings -index-store-path /Users/admin/builder/spi-builder-workspace/.derivedData/Index.noindex/DataStore -Xcc -D_LIBCPP_HARDENING_MODE\=_LIBCPP_HARDENING_MODE_DEBUG -swift-version 5 -I /Users/admin/builder/spi-builder-workspace/.derivedData/Build/Products/Debug -Isystem /Applications/Xcode-27.0.0-Release.Candidate.app/Contents/Developer/Platforms/MacOSX.platform/Developer/usr/lib -F /Users/admin/builder/spi-builder-workspace/.derivedData/Build/Products/Debug/PackageFrameworks -F /Users/admin/builder/spi-builder-workspace/.derivedData/Build/Products/Debug -F /Applications/Xcode-27.0.0-Release.Candidate.app/Contents/Developer/Platforms/MacOSX.platform/Developer/Library/Frameworks -c -j10 -enable-batch-mode -incremental -Xcc -ivfsstatcache -Xcc /Users/admin/builder/spi-builder-workspace/.derivedData/SDKStatCaches.noindex/macosx27.0-26A425-e829b21a6f8c9b70876ba0858053c0446a22442a12e9d48fe1a705f55a1adfc4.sdkstatcache -output-file-map /Users/admin/builder/spi-builder-workspace/.derivedData/Build/Intermediates.noindex/K1.build/Debug/K1-t.build/Objects-normal/arm64/K1-OutputFileMap.json -save-temps -no-color-diagnostics -explicit-module-build -module-cache-path /Users/admin/builder/spi-builder-workspace/.derivedData/Build/Intermediates.noindex/SwiftExplicitPrecompiledModules -clang-scanner-module-cache-path /Users/admin/builder/spi-builder-workspace/.derivedData/ModuleCache.noindex -sdk-module-cache-path /Users/admin/builder/spi-builder-workspace/.derivedData/SDKExplicitPrecompiledModules -emit-dependencies -emit-module -emit-module-path /Users/admin/builder/spi-builder-workspace/.derivedData/Build/Intermediates.noindex/K1.build/Debug/K1-t.build/Objects-normal/arm64/K1.swiftmodule -serialize-diagnostics -dependency-scan-serialize-diagnostics-path /Users/admin/builder/spi-builder-workspace/.derivedData/Build/Intermediates.noindex/K1.build/Debug/K1-t.build/Objects-normal/arm64/K1-dependency-scan.dia -validate-clang-modules-once -clang-build-session-file /Users/admin/builder/spi-builder-workspace/.derivedData/ModuleCache.noindex/Session.modulevalidation -Xcc -fmodules-prune-interval\=86400 -Xcc -fmodules-prune-after\=345600 -emit-const-values -const-gather-protocols-list /Users/admin/builder/spi-builder-workspace/.derivedData/Build/Intermediates.noindex/K1.build/Debug/K1-t.build/Objects-normal/arm64/K1_const_extract_protocols.json -Xcc -I/Users/admin/builder/spi-builder-workspace/.dependencies/checkouts/K1/Sources/secp256k1/include -Xcc -I/Users/admin/builder/spi-builder-workspace/.derivedData/Build/Products/Debug/include -Xcc -I/Users/admin/builder/spi-builder-workspace/.derivedData/Build/Intermediates.noindex/K1.build/Debug/K1-t.build/DerivedSources-normal/arm64 -Xcc -I/Users/admin/builder/spi-builder-workspace/.derivedData/Build/Intermediates.noindex/K1.build/Debug/K1-t.build/DerivedSources/arm64 -Xcc -I/Users/admin/builder/spi-builder-workspace/.derivedData/Build/Intermediates.noindex/K1.build/Debug/K1-t.build/DerivedSources -Xcc -DSWIFT_PACKAGE -Xcc -DDEBUG\=1 -emit-objc-header -emit-objc-header-path /Users/admin/builder/spi-builder-workspace/.derivedData/Build/Intermediates.noindex/K1.build/Debug/K1-t.build/Objects-normal/arm64/K1-Swift.h -working-directory /Users/admin/builder/spi-builder-workspace/.swiftpm/xcode -experimental-emit-module-separately -disable-cmo
SwiftCompile normal arm64 Compiling\ Wordlist.swift /Users/admin/builder/spi-builder-workspace/.dependencies/checkouts/Bip39.swift/Sources/Bip39/Wordlist.swift (in target 'Bip39' from project 'Bip39')
SwiftCompile normal arm64 /Users/admin/builder/spi-builder-workspace/.dependencies/checkouts/Bip39.swift/Sources/Bip39/Wordlist.swift (in target 'Bip39' from project 'Bip39')
cd /Users/admin/builder/spi-builder-workspace/.swiftpm/xcode
builtin-SwiftPerFileCompile Wordlist.swift
SwiftCompile normal arm64 Compiling\ English.swift /Users/admin/builder/spi-builder-workspace/.dependencies/checkouts/Bip39.swift/Sources/Bip39/Wordlists/English.swift (in target 'Bip39' from project 'Bip39')
SwiftCompile normal arm64 /Users/admin/builder/spi-builder-workspace/.dependencies/checkouts/Bip39.swift/Sources/Bip39/Wordlists/English.swift (in target 'Bip39' from project 'Bip39')
cd /Users/admin/builder/spi-builder-workspace/.swiftpm/xcode
builtin-SwiftPerFileCompile English.swift
SwiftCompile normal arm64 Compiling\ Chinese.swift /Users/admin/builder/spi-builder-workspace/.dependencies/checkouts/Bip39.swift/Sources/Bip39/Wordlists/Chinese.swift (in target 'Bip39' from project 'Bip39')
SwiftCompile normal arm64 /Users/admin/builder/spi-builder-workspace/.dependencies/checkouts/Bip39.swift/Sources/Bip39/Wordlists/Chinese.swift (in target 'Bip39' from project 'Bip39')
cd /Users/admin/builder/spi-builder-workspace/.swiftpm/xcode
builtin-SwiftPerFileCompile Chinese.swift
SwiftEmitModule normal arm64 Emitting\ module\ for\ Bip39 (in target 'Bip39' from project 'Bip39')
SwiftCompile normal arm64 (in target 'Bip39' from project 'Bip39')
cd /Users/admin/builder/spi-builder-workspace/.swiftpm/xcode
SwiftCompile normal arm64 Compiling\ Mnemonic.swift /Users/admin/builder/spi-builder-workspace/.dependencies/checkouts/Bip39.swift/Sources/Bip39/Mnemonic.swift (in target 'Bip39' from project 'Bip39')
SwiftCompile normal arm64 /Users/admin/builder/spi-builder-workspace/.dependencies/checkouts/Bip39.swift/Sources/Bip39/Mnemonic.swift (in target 'Bip39' from project 'Bip39')
cd /Users/admin/builder/spi-builder-workspace/.swiftpm/xcode
builtin-SwiftPerFileCompile Mnemonic.swift
Ld /Users/admin/builder/spi-builder-workspace/.derivedData/Build/Products/Debug/K1.o normal (in target 'K1' from project 'K1')
cd /Users/admin/builder/spi-builder-workspace/.dependencies/checkouts/K1
/Applications/Xcode-27.0.0-Release.Candidate.app/Contents/Developer/Toolchains/XcodeDefault.xctoolchain/usr/bin/clang -Xlinker -reproducible -target arm64-apple-macos12.0 -r -isysroot /Applications/Xcode-27.0.0-Release.Candidate.app/Contents/Developer/Platforms/MacOSX.platform/Developer/SDKs/MacOSX27.0.sdk -O0 -w -Xlinker -no_warn_duplicate_libraries -F/Users/admin/builder/spi-builder-workspace/.derivedData/Build/Intermediates.noindex/EagerLinkingTBDs/Debug -F/Users/admin/builder/spi-builder-workspace/.derivedData/Build/Products/Debug/PackageFrameworks -F/Users/admin/builder/spi-builder-workspace/.derivedData/Build/Products/Debug -iframework /Applications/Xcode-27.0.0-Release.Candidate.app/Contents/Developer/Platforms/MacOSX.platform/Developer/Library/Frameworks -filelist /Users/admin/builder/spi-builder-workspace/.derivedData/Build/Intermediates.noindex/K1.build/Debug/K1-t.build/Objects-normal/arm64/K1.LinkFileList -nostdlib -Xlinker -object_path_lto -Xlinker /Users/admin/builder/spi-builder-workspace/.derivedData/Build/Intermediates.noindex/K1.build/Debug/K1-t.build/Objects-normal/arm64/K1_lto.o -Xlinker -no_deduplicate -Xlinker -debug_variant -Xlinker -dependency_info -Xlinker /Users/admin/builder/spi-builder-workspace/.derivedData/Build/Intermediates.noindex/K1.build/Debug/K1-t.build/Objects-normal/arm64/K1_dependency_info.dat -fobjc-link-runtime -L/Applications/Xcode-27.0.0-Release.Candidate.app/Contents/Developer/Toolchains/XcodeDefault.xctoolchain/usr/lib/swift/macosx -L/usr/lib/swift -Xlinker -add_ast_path -Xlinker /Users/admin/builder/spi-builder-workspace/.derivedData/Build/Intermediates.noindex/K1.build/Debug/K1-t.build/Objects-normal/arm64/K1.swiftmodule -o /Users/admin/builder/spi-builder-workspace/.derivedData/Build/Products/Debug/K1.o
ExtractAppIntentsMetadata (in target 'BigInt' from project 'BigInt')
cd /Users/admin/builder/spi-builder-workspace/.dependencies/checkouts/BigInt
/Applications/Xcode-27.0.0-Release.Candidate.app/Contents/Developer/Toolchains/XcodeDefault.xctoolchain/usr/bin/appintentsmetadataprocessor --toolchain-dir /var/run/com.apple.security.cryptexd/mnt/com.apple.MobileAsset.MetalToolchain-v27.1.266.1.oBJ5nC/Metal.xctoolchain --module-name BigInt --sdk-root /Applications/Xcode-27.0.0-Release.Candidate.app/Contents/Developer/Platforms/MacOSX.platform/Developer/SDKs/MacOSX27.0.sdk --xcode-version 27A266a --platform-family macOS --deployment-target 12.0 --bundle-identifier bigint.BigInt --output /Users/admin/builder/spi-builder-workspace/.derivedData/Build/Products/Debug/BigInt.appintents --target-triple arm64-apple-macos12.0 --binary-file /Users/admin/builder/spi-builder-workspace/.derivedData/Build/Products/Debug/BigInt.o --dependency-file /Users/admin/builder/spi-builder-workspace/.derivedData/Build/Intermediates.noindex/BigInt.build/Debug/BigInt-t.build/Objects-normal/arm64/BigInt_dependency_info.dat --stringsdata-file /Users/admin/builder/spi-builder-workspace/.derivedData/Build/Intermediates.noindex/BigInt.build/Debug/BigInt-t.build/Objects-normal/arm64/ExtractedAppShortcutsMetadata.stringsdata --source-file-list /Users/admin/builder/spi-builder-workspace/.derivedData/Build/Intermediates.noindex/BigInt.build/Debug/BigInt-t.build/Objects-normal/arm64/BigInt.SwiftFileList --metadata-file-list /Users/admin/builder/spi-builder-workspace/.derivedData/Build/Intermediates.noindex/BigInt.build/Debug/BigInt-t.build/BigInt.DependencyMetadataFileList --static-metadata-file-list /Users/admin/builder/spi-builder-workspace/.derivedData/Build/Intermediates.noindex/BigInt.build/Debug/BigInt-t.build/BigInt.DependencyStaticMetadataFileList --swift-const-vals-list /Users/admin/builder/spi-builder-workspace/.derivedData/Build/Intermediates.noindex/BigInt.build/Debug/BigInt-t.build/Objects-normal/arm64/BigInt.SwiftConstValuesFileList --force --compile-time-extraction --deployment-aware-processing --no-app-shortcuts-localization
2026-09-23 07:04:21.555 appintentsmetadataprocessor[1009:5741] Starting appintentsmetadataprocessor export
2026-09-23 07:04:21.630 appintentsmetadataprocessor[1009:5741] Extracted no relevant App Intents symbols, skipping writing output
ExtractAppIntentsMetadata (in target 'K1' from project 'K1')
cd /Users/admin/builder/spi-builder-workspace/.dependencies/checkouts/K1
/Applications/Xcode-27.0.0-Release.Candidate.app/Contents/Developer/Toolchains/XcodeDefault.xctoolchain/usr/bin/appintentsmetadataprocessor --toolchain-dir /var/run/com.apple.security.cryptexd/mnt/com.apple.MobileAsset.MetalToolchain-v27.1.266.1.oBJ5nC/Metal.xctoolchain --module-name K1 --sdk-root /Applications/Xcode-27.0.0-Release.Candidate.app/Contents/Developer/Platforms/MacOSX.platform/Developer/SDKs/MacOSX27.0.sdk --xcode-version 27A266a --platform-family macOS --deployment-target 12.0 --bundle-identifier k1.K1 --output /Users/admin/builder/spi-builder-workspace/.derivedData/Build/Products/Debug/K1.appintents --target-triple arm64-apple-macos12.0 --binary-file /Users/admin/builder/spi-builder-workspace/.derivedData/Build/Products/Debug/K1.o --dependency-file /Users/admin/builder/spi-builder-workspace/.derivedData/Build/Intermediates.noindex/K1.build/Debug/K1-t.build/Objects-normal/arm64/K1_dependency_info.dat --stringsdata-file /Users/admin/builder/spi-builder-workspace/.derivedData/Build/Intermediates.noindex/K1.build/Debug/K1-t.build/Objects-normal/arm64/ExtractedAppShortcutsMetadata.stringsdata --source-file-list /Users/admin/builder/spi-builder-workspace/.derivedData/Build/Intermediates.noindex/K1.build/Debug/K1-t.build/Objects-normal/arm64/K1.SwiftFileList --metadata-file-list /Users/admin/builder/spi-builder-workspace/.derivedData/Build/Intermediates.noindex/K1.build/Debug/K1-t.build/K1.DependencyMetadataFileList --static-metadata-file-list /Users/admin/builder/spi-builder-workspace/.derivedData/Build/Intermediates.noindex/K1.build/Debug/K1-t.build/K1.DependencyStaticMetadataFileList --swift-const-vals-list /Users/admin/builder/spi-builder-workspace/.derivedData/Build/Intermediates.noindex/K1.build/Debug/K1-t.build/Objects-normal/arm64/K1.SwiftConstValuesFileList --force --compile-time-extraction --deployment-aware-processing --no-app-shortcuts-localization
2026-09-23 07:04:21.584 appintentsmetadataprocessor[1011:5755] Starting appintentsmetadataprocessor export
2026-09-23 07:04:21.661 appintentsmetadataprocessor[1011:5755] Extracted no relevant App Intents symbols, skipping writing output
SwiftDriverJobDiscovery normal arm64 Compiling Wordlist.swift (in target 'Bip39' from project 'Bip39')
SwiftDriverJobDiscovery normal arm64 Emitting module for Bip39 (in target 'Bip39' from project 'Bip39')
SwiftDriver\ Compilation\ Requirements Bip39 normal arm64 com.apple.xcode.tools.swift.compiler (in target 'Bip39' from project 'Bip39')
cd /Users/admin/builder/spi-builder-workspace/.swiftpm/xcode
builtin-Swift-Compilation-Requirements -- /Applications/Xcode-27.0.0-Release.Candidate.app/Contents/Developer/Toolchains/XcodeDefault.xctoolchain/usr/bin/swiftc -parse-as-library -module-name Bip39 -Onone @/Users/admin/builder/spi-builder-workspace/.derivedData/Build/Intermediates.noindex/Bip39.build/Debug/Bip39-t.build/Objects-normal/arm64/Bip39.SwiftFileList -DSWIFT_PACKAGE -DDEBUG -DSWIFT_MODULE_RESOURCE_BUNDLE_UNAVAILABLE -Xcc -fmodule-map-file\=/Users/admin/builder/spi-builder-workspace/.derivedData/Build/Intermediates.noindex/GeneratedModuleMaps/CUncommonCrypto.modulemap -DXcode -plugin-path /Applications/Xcode-27.0.0-Release.Candidate.app/Contents/Developer/Toolchains/XcodeDefault.xctoolchain/usr/lib/swift/host/plugins/testing -enable-experimental-feature DebugDescriptionMacro -sdk /Applications/Xcode-27.0.0-Release.Candidate.app/Contents/Developer/Platforms/MacOSX.platform/Developer/SDKs/MacOSX27.0.sdk -target arm64-apple-macos12.0 -g -module-cache-path /Users/admin/builder/spi-builder-workspace/.derivedData/ModuleCache.noindex -Xfrontend -serialize-debugging-options -profile-coverage-mapping -profile-generate -enable-testing -suppress-warnings -index-store-path /Users/admin/builder/spi-builder-workspace/.derivedData/Index.noindex/DataStore -Xcc -D_LIBCPP_HARDENING_MODE\=_LIBCPP_HARDENING_MODE_DEBUG -swift-version 5 -I /Users/admin/builder/spi-builder-workspace/.derivedData/Build/Products/Debug -Isystem /Applications/Xcode-27.0.0-Release.Candidate.app/Contents/Developer/Platforms/MacOSX.platform/Developer/usr/lib -F /Users/admin/builder/spi-builder-workspace/.derivedData/Build/Products/Debug/PackageFrameworks -F /Users/admin/builder/spi-builder-workspace/.derivedData/Build/Products/Debug -F /Applications/Xcode-27.0.0-Release.Candidate.app/Contents/Developer/Platforms/MacOSX.platform/Developer/Library/Frameworks -c -j10 -enable-batch-mode -incremental -Xcc -ivfsstatcache -Xcc /Users/admin/builder/spi-builder-workspace/.derivedData/SDKStatCaches.noindex/macosx27.0-26A425-e829b21a6f8c9b70876ba0858053c0446a22442a12e9d48fe1a705f55a1adfc4.sdkstatcache -output-file-map /Users/admin/builder/spi-builder-workspace/.derivedData/Build/Intermediates.noindex/Bip39.build/Debug/Bip39-t.build/Objects-normal/arm64/Bip39-OutputFileMap.json -save-temps -no-color-diagnostics -explicit-module-build -module-cache-path /Users/admin/builder/spi-builder-workspace/.derivedData/Build/Intermediates.noindex/SwiftExplicitPrecompiledModules -clang-scanner-module-cache-path /Users/admin/builder/spi-builder-workspace/.derivedData/ModuleCache.noindex -sdk-module-cache-path /Users/admin/builder/spi-builder-workspace/.derivedData/SDKExplicitPrecompiledModules -emit-dependencies -emit-module -emit-module-path /Users/admin/builder/spi-builder-workspace/.derivedData/Build/Intermediates.noindex/Bip39.build/Debug/Bip39-t.build/Objects-normal/arm64/Bip39.swiftmodule -serialize-diagnostics -dependency-scan-serialize-diagnostics-path /Users/admin/builder/spi-builder-workspace/.derivedData/Build/Intermediates.noindex/Bip39.build/Debug/Bip39-t.build/Objects-normal/arm64/Bip39-dependency-scan.dia -validate-clang-modules-once -clang-build-session-file /Users/admin/builder/spi-builder-workspace/.derivedData/ModuleCache.noindex/Session.modulevalidation -Xcc -fmodules-prune-interval\=86400 -Xcc -fmodules-prune-after\=345600 -emit-const-values -const-gather-protocols-list /Users/admin/builder/spi-builder-workspace/.derivedData/Build/Intermediates.noindex/Bip39.build/Debug/Bip39-t.build/Objects-normal/arm64/Bip39_const_extract_protocols.json -Xcc -I/Users/admin/builder/spi-builder-workspace/.dependencies/checkouts/UncommonCrypto.swift/Sources/CUncommonCrypto/include -Xcc -I/Users/admin/builder/spi-builder-workspace/.derivedData/Build/Products/Debug/include -Xcc -I/Users/admin/builder/spi-builder-workspace/.derivedData/Build/Intermediates.noindex/Bip39.build/Debug/Bip39-t.build/DerivedSources-normal/arm64 -Xcc -I/Users/admin/builder/spi-builder-workspace/.derivedData/Build/Intermediates.noindex/Bip39.build/Debug/Bip39-t.build/DerivedSources/arm64 -Xcc -I/Users/admin/builder/spi-builder-workspace/.derivedData/Build/Intermediates.noindex/Bip39.build/Debug/Bip39-t.build/DerivedSources -Xcc -DSWIFT_PACKAGE -Xcc -DDEBUG\=1 -emit-objc-header -emit-objc-header-path /Users/admin/builder/spi-builder-workspace/.derivedData/Build/Intermediates.noindex/Bip39.build/Debug/Bip39-t.build/Objects-normal/arm64/Bip39-Swift.h -working-directory /Users/admin/builder/spi-builder-workspace/.swiftpm/xcode -experimental-emit-module-separately -disable-cmo
SwiftMergeGeneratedHeaders /Users/admin/builder/spi-builder-workspace/.derivedData/Build/Intermediates.noindex/GeneratedModuleMaps/Bip39-Swift.h /Users/admin/builder/spi-builder-workspace/.derivedData/Build/Intermediates.noindex/Bip39.build/Debug/Bip39-t.build/Objects-normal/arm64/Bip39-Swift.h (in target 'Bip39' from project 'Bip39')
cd /Users/admin/builder/spi-builder-workspace/.dependencies/checkouts/Bip39.swift
builtin-swiftHeaderTool -arch arm64 /Users/admin/builder/spi-builder-workspace/.derivedData/Build/Intermediates.noindex/Bip39.build/Debug/Bip39-t.build/Objects-normal/arm64/Bip39-Swift.h -o /Users/admin/builder/spi-builder-workspace/.derivedData/Build/Intermediates.noindex/GeneratedModuleMaps/Bip39-Swift.h
Copy /Users/admin/builder/spi-builder-workspace/.derivedData/Build/Products/Debug/Bip39.swiftmodule/arm64-apple-macos.swiftmodule /Users/admin/builder/spi-builder-workspace/.derivedData/Build/Intermediates.noindex/Bip39.build/Debug/Bip39-t.build/Objects-normal/arm64/Bip39.swiftmodule (in target 'Bip39' from project 'Bip39')
cd /Users/admin/builder/spi-builder-workspace/.dependencies/checkouts/Bip39.swift
builtin-copy -exclude .DS_Store -exclude CVS -exclude .svn -exclude .git -exclude .hg -resolve-src-symlinks -rename /Users/admin/builder/spi-builder-workspace/.derivedData/Build/Intermediates.noindex/Bip39.build/Debug/Bip39-t.build/Objects-normal/arm64/Bip39.swiftmodule /Users/admin/builder/spi-builder-workspace/.derivedData/Build/Products/Debug/Bip39.swiftmodule/arm64-apple-macos.swiftmodule
Copy /Users/admin/builder/spi-builder-workspace/.derivedData/Build/Products/Debug/Bip39.swiftmodule/arm64-apple-macos.abi.json /Users/admin/builder/spi-builder-workspace/.derivedData/Build/Intermediates.noindex/Bip39.build/Debug/Bip39-t.build/Objects-normal/arm64/Bip39.abi.json (in target 'Bip39' from project 'Bip39')
cd /Users/admin/builder/spi-builder-workspace/.dependencies/checkouts/Bip39.swift
builtin-copy -exclude .DS_Store -exclude CVS -exclude .svn -exclude .git -exclude .hg -resolve-src-symlinks -rename /Users/admin/builder/spi-builder-workspace/.derivedData/Build/Intermediates.noindex/Bip39.build/Debug/Bip39-t.build/Objects-normal/arm64/Bip39.abi.json /Users/admin/builder/spi-builder-workspace/.derivedData/Build/Products/Debug/Bip39.swiftmodule/arm64-apple-macos.abi.json
Copy /Users/admin/builder/spi-builder-workspace/.derivedData/Build/Products/Debug/Bip39.swiftmodule/arm64-apple-macos.swiftdoc /Users/admin/builder/spi-builder-workspace/.derivedData/Build/Intermediates.noindex/Bip39.build/Debug/Bip39-t.build/Objects-normal/arm64/Bip39.swiftdoc (in target 'Bip39' from project 'Bip39')
cd /Users/admin/builder/spi-builder-workspace/.dependencies/checkouts/Bip39.swift
builtin-copy -exclude .DS_Store -exclude CVS -exclude .svn -exclude .git -exclude .hg -resolve-src-symlinks -rename /Users/admin/builder/spi-builder-workspace/.derivedData/Build/Intermediates.noindex/Bip39.build/Debug/Bip39-t.build/Objects-normal/arm64/Bip39.swiftdoc /Users/admin/builder/spi-builder-workspace/.derivedData/Build/Products/Debug/Bip39.swiftmodule/arm64-apple-macos.swiftdoc
Copy /Users/admin/builder/spi-builder-workspace/.derivedData/Build/Products/Debug/Bip39.swiftmodule/Project/arm64-apple-macos.swiftsourceinfo /Users/admin/builder/spi-builder-workspace/.derivedData/Build/Intermediates.noindex/Bip39.build/Debug/Bip39-t.build/Objects-normal/arm64/Bip39.swiftsourceinfo (in target 'Bip39' from project 'Bip39')
cd /Users/admin/builder/spi-builder-workspace/.dependencies/checkouts/Bip39.swift
builtin-copy -exclude .DS_Store -exclude CVS -exclude .svn -exclude .git -exclude .hg -resolve-src-symlinks -rename /Users/admin/builder/spi-builder-workspace/.derivedData/Build/Intermediates.noindex/Bip39.build/Debug/Bip39-t.build/Objects-normal/arm64/Bip39.swiftsourceinfo /Users/admin/builder/spi-builder-workspace/.derivedData/Build/Products/Debug/Bip39.swiftmodule/Project/arm64-apple-macos.swiftsourceinfo
SwiftDriver Forging normal arm64 com.apple.xcode.tools.swift.compiler (in target 'Forging' from project 'Forging')
cd /Users/admin/builder/spi-builder-workspace/.swiftpm/xcode
builtin-SwiftDriver -- /Applications/Xcode-27.0.0-Release.Candidate.app/Contents/Developer/Toolchains/XcodeDefault.xctoolchain/usr/bin/swiftc -parse-as-library -module-name Forging -Onone @/Users/admin/builder/spi-builder-workspace/.derivedData/Build/Intermediates.noindex/Forging.build/Debug/Forging-t.build/Objects-normal/arm64/Forging.SwiftFileList -DSWIFT_PACKAGE -DDEBUG -DSWIFT_MODULE_RESOURCE_BUNDLE_UNAVAILABLE -Xcc -fmodule-map-file\=/Users/admin/builder/spi-builder-workspace/.derivedData/Build/Intermediates.noindex/GeneratedModuleMaps/CUncommonCrypto.modulemap -Xcc -fmodule-map-file\=/Users/admin/builder/spi-builder-workspace/.derivedData/Build/Intermediates.noindex/GeneratedModuleMaps/secp256k1.modulemap -DXcode -plugin-path /Applications/Xcode-27.0.0-Release.Candidate.app/Contents/Developer/Toolchains/XcodeDefault.xctoolchain/usr/lib/swift/host/plugins/testing -enable-experimental-feature DebugDescriptionMacro -sdk /Applications/Xcode-27.0.0-Release.Candidate.app/Contents/Developer/Platforms/MacOSX.platform/Developer/SDKs/MacOSX27.0.sdk -target arm64-apple-macos14.0 -g -module-cache-path /Users/admin/builder/spi-builder-workspace/.derivedData/ModuleCache.noindex -Xfrontend -serialize-debugging-options -profile-coverage-mapping -profile-generate -enable-testing -index-store-path /Users/admin/builder/spi-builder-workspace/.derivedData/Index.noindex/DataStore -Xcc -D_LIBCPP_HARDENING_MODE\=_LIBCPP_HARDENING_MODE_DEBUG -swift-version 6 -I /Users/admin/builder/spi-builder-workspace/.derivedData/Build/Products/Debug -Isystem /Applications/Xcode-27.0.0-Release.Candidate.app/Contents/Developer/Platforms/MacOSX.platform/Developer/usr/lib -F /Users/admin/builder/spi-builder-workspace/.derivedData/Build/Products/Debug/PackageFrameworks -F /Users/admin/builder/spi-builder-workspace/.derivedData/Build/Products/Debug -F /Applications/Xcode-27.0.0-Release.Candidate.app/Contents/Developer/Platforms/MacOSX.platform/Developer/Library/Frameworks -c -j10 -enable-batch-mode -incremental -Xcc -ivfsstatcache -Xcc /Users/admin/builder/spi-builder-workspace/.derivedData/SDKStatCaches.noindex/macosx27.0-26A425-e829b21a6f8c9b70876ba0858053c0446a22442a12e9d48fe1a705f55a1adfc4.sdkstatcache -output-file-map /Users/admin/builder/spi-builder-workspace/.derivedData/Build/Intermediates.noindex/Forging.build/Debug/Forging-t.build/Objects-normal/arm64/Forging-OutputFileMap.json -save-temps -no-color-diagnostics -explicit-module-build -module-cache-path /Users/admin/builder/spi-builder-workspace/.derivedData/Build/Intermediates.noindex/SwiftExplicitPrecompiledModules -clang-scanner-module-cache-path /Users/admin/builder/spi-builder-workspace/.derivedData/ModuleCache.noindex -sdk-module-cache-path /Users/admin/builder/spi-builder-workspace/.derivedData/SDKExplicitPrecompiledModules -emit-dependencies -emit-module -emit-module-path /Users/admin/builder/spi-builder-workspace/.derivedData/Build/Intermediates.noindex/Forging.build/Debug/Forging-t.build/Objects-normal/arm64/Forging.swiftmodule -serialize-diagnostics -dependency-scan-serialize-diagnostics-path /Users/admin/builder/spi-builder-workspace/.derivedData/Build/Intermediates.noindex/Forging.build/Debug/Forging-t.build/Objects-normal/arm64/Forging-dependency-scan.dia -validate-clang-modules-once -clang-build-session-file /Users/admin/builder/spi-builder-workspace/.derivedData/ModuleCache.noindex/Session.modulevalidation -Xcc -fmodules-prune-interval\=86400 -Xcc -fmodules-prune-after\=345600 -package-name spi_builder_workspace -emit-const-values -const-gather-protocols-list /Users/admin/builder/spi-builder-workspace/.derivedData/Build/Intermediates.noindex/Forging.build/Debug/Forging-t.build/Objects-normal/arm64/Forging_const_extract_protocols.json -Xcc -I/Users/admin/builder/spi-builder-workspace/.dependencies/checkouts/UncommonCrypto.swift/Sources/CUncommonCrypto/include -Xcc -I/Users/admin/builder/spi-builder-workspace/.dependencies/checkouts/K1/Sources/secp256k1/include -Xcc -I/Users/admin/builder/spi-builder-workspace/.derivedData/Build/Products/Debug/include -Xcc -I/Users/admin/builder/spi-builder-workspace/.derivedData/Build/Intermediates.noindex/Forging.build/Debug/Forging-t.build/DerivedSources-normal/arm64 -Xcc -I/Users/admin/builder/spi-builder-workspace/.derivedData/Build/Intermediates.noindex/Forging.build/Debug/Forging-t.build/DerivedSources/arm64 -Xcc -I/Users/admin/builder/spi-builder-workspace/.derivedData/Build/Intermediates.noindex/Forging.build/Debug/Forging-t.build/DerivedSources -Xcc -DSWIFT_PACKAGE -Xcc -DDEBUG\=1 -emit-objc-header -emit-objc-header-path /Users/admin/builder/spi-builder-workspace/.derivedData/Build/Intermediates.noindex/Forging.build/Debug/Forging-t.build/Objects-normal/arm64/Forging-Swift.h -working-directory /Users/admin/builder/spi-builder-workspace/.swiftpm/xcode -experimental-emit-module-separately -disable-cmo
/Users/admin/builder/spi-builder-workspace/Sources/Forging/Export/FGPasteboardExporter.swift:9:8: error: Unable to resolve module dependency: 'UIKit' (in target 'Forging' from project 'Forging')
note: A dependency of main module 'Forging'
/Users/admin/builder/spi-builder-workspace/Sources/Forging/Export/FGPasteboardExporter.swift:9:8: note: A dependency of main module 'Forging'
import UIKit
^ (in target 'Forging' from project 'Forging')
SwiftDriverJobDiscovery normal arm64 Compiling Mnemonic.swift (in target 'Bip39' from project 'Bip39')
PruneExplicitPrecompiledModules /Users/admin/builder/spi-builder-workspace/.derivedData/Build/Intermediates.noindex/SwiftExplicitPrecompiledModules
PruneExplicitPrecompiledModules /Users/admin/builder/spi-builder-workspace/.derivedData/SDKExplicitPrecompiledModules
PruneExplicitPrecompiledModules /Users/admin/builder/spi-builder-workspace/.derivedData/Build/Intermediates.noindex/ExplicitPrecompiledModules
2026-09-23 07:04:11.676 xcodebuild[846:4904] [MT] IDERunDestination: Supported platforms for the buildables in the current scheme is empty.
--- xcodebuild: WARNING: Using the first of multiple matching destinations:
{ platform:macOS, arch:arm64, id:2674a5d4147092a6427ebe58014d19e868e20357, name:My Mac }
{ platform:macOS, arch:arm64, variant:Mac Catalyst, id:2674a5d4147092a6427ebe58014d19e868e20357, name:My Mac }
{ platform:macOS, arch:arm64, variant:DriverKit, id:2674a5d4147092a6427ebe58014d19e868e20357, name:My Mac }
{ platform:macOS, arch:arm64, variant:Designed for [iPad,iPhone], id:2674a5d4147092a6427ebe58014d19e868e20357, name:My Mac }
** BUILD FAILED **
The following build commands failed:
SwiftDriver Forging normal arm64 com.apple.xcode.tools.swift.compiler (in target 'Forging' from project 'Forging')
Building workspace Forging with scheme Forging
(2 failures)
Command line invocation:
/Applications/Xcode-27.0.0-Release.Candidate.app/Contents/Developer/usr/bin/xcodebuild -IDEClonedSourcePackagesDirPathOverride=/Users/admin/builder/spi-builder-workspace/.dependencies -resolvePackageDependencies
Resolve Package Graph
Resolved source packages:
Bip39: https://github.com/tesseract-one/Bip39.swift.git @ 0.2.0
Forging: /Users/admin/builder/spi-builder-workspace
BigInt: https://github.com/attaswift/BigInt.git @ 5.7.0
UncommonCrypto: https://github.com/tesseract-one/UncommonCrypto.swift.git @ 0.2.1
K1: https://github.com/Sajjon/K1 @ 0.7.1
resolved source packages: Bip39, Forging, BigInt, UncommonCrypto, K1
2026-09-23 07:04:23.263 xcodebuild[1012:5842] [MT] IDERunDestination: Supported platforms for the buildables in the current scheme is empty.
{
"dependencies" : [
{
"identity" : "bip39.swift",
"requirement" : {
"range" : [
{
"lower_bound" : "0.2.0",
"upper_bound" : "1.0.0"
}
]
},
"type" : "sourceControl",
"url" : "https://github.com/tesseract-one/Bip39.swift.git"
},
{
"identity" : "k1",
"requirement" : {
"range" : [
{
"lower_bound" : "0.6.0",
"upper_bound" : "1.0.0"
}
]
},
"type" : "sourceControl",
"url" : "https://github.com/Sajjon/K1"
},
{
"identity" : "bigint",
"requirement" : {
"range" : [
{
"lower_bound" : "5.3.0",
"upper_bound" : "6.0.0"
}
]
},
"type" : "sourceControl",
"url" : "https://github.com/attaswift/BigInt.git"
}
],
"manifest_display_name" : "Forging",
"name" : "Forging",
"path" : "/Users/admin/builder/spi-builder-workspace",
"platforms" : [
{
"name" : "ios",
"version" : "14.0"
},
{
"name" : "macos",
"version" : "14.0"
}
],
"products" : [
{
"name" : "Forging",
"targets" : [
"Forging"
],
"type" : {
"library" : [
"automatic"
]
}
}
],
"targets" : [
{
"c99name" : "ForgingTests",
"module_type" : "SwiftTarget",
"name" : "ForgingTests",
"path" : "Tests/ForgingTests",
"sources" : [
"ForgingTests.swift"
],
"target_dependencies" : [
"Forging"
],
"type" : "test"
},
{
"c99name" : "Forging",
"module_type" : "SwiftTarget",
"name" : "Forging",
"path" : "Sources/Forging",
"product_dependencies" : [
"Bip39",
"K1",
"BigInt"
],
"product_memberships" : [
"Forging"
],
"sources" : [
"BatchOperation/FGBatchJobsScheduler.swift",
"BatchOperation/FGBatchSpace.swift",
"BatchOperation/FGSingleTaskJobsCount.swift",
"ChainDescription/FGChainDescribable.swift",
"Codation/FGBase58Coder.swift",
"Codation/FGBase58Decodable.swift",
"Codation/FGBase58Encodable.swift",
"Codation/FGBase58Space.swift",
"Codation/FGWalletCodationWrapper.swift",
"DataStream/FGDataStream.swift",
"DataStream/FGJSONWalletFileReader.swift",
"DataStream/FGStreamDataReadable.swift",
"Derivation/FGBIP44Purpose.swift",
"Derivation/FGDerivable.swift",
"Derivation/FGDerivationErrorKind.swift",
"Derivation/FGDerivationExtractor.swift",
"Derivation/FGDerivationPathElements.swift",
"Derivation/FGDerivationSpace.swift",
"Derivation/FGDerivePathCoinRepresentation.swift",
"Derivation/FGDerivePathPurposeRepresentation.swift",
"Derivation/FGRawDerivationPathGeneratable.swift",
"Derivation/FGSLIP0010Deriver.swift",
"EVM/FGBaseChain.swift",
"EVM/FGChainTaskResultAssembler+EVM.swift",
"EVM/FGEIP55AddressGeneratable.swift",
"EVM/FGEIP55Addressor.swift",
"EVM/FGEVMAddressPairGenerator.swift",
"EVM/FGEVMDerivationPathCoin.swift",
"EVM/FGEVMDerivationPathGenerator.swift",
"EVM/FGEVMDeriver.swift",
"EVM/FGEVMSpace.swift",
"EVM/FGEthereumChain.swift",
"EVM/FGHDGenHandler+evm.swift",
"EVM/FGHDImportHandler+evm.swift",
"EVM/FGHDWalletUniGenerator+EVM.swift",
"EVM/FGHDWalletUniImporter+EVM.swift",
"EVM/FGNonHDGenHandler+evm.swift",
"EVM/FGNonHDWalletUniGenerator+EVM.swift",
"EVM/FGOptimismChain.swift",
"EVM/FGSingleEVMNonHDWalletImporter.swift",
"Error/FGError.swift",
"Error/FGWalletErrorKind.swift",
"Export/FGBatchWalletsExportable.swift",
"Export/FGExportSpace.swift",
"Export/FGFileExporter.swift",
"Export/FGPasteboardExporter.swift",
"Export/FGSingleWalletExportable.swift",
"Export/FGWalletExportable.swift",
"Extensions/Array+Hex.swift",
"Extensions/ArraySlice+Hex.swift",
"Extensions/Data+Hex.swift",
"Extensions/UInt32+EndianBytes.swift",
"Formatting/FGBatchWalletsFormatable.swift",
"Formatting/FGSingleWalletFormatable.swift",
"Formatting/FGWalletFormatable.swift",
"Formatting/FGWalletJSONStringFormatter.swift",
"Formatting/FGWalletRawFormatable.swift",
"Formatting/FGWalletRawJSONFormatter.swift",
"Formatting/FGWalletStringFormatable.swift",
"Generation/FGBatchHDWalletGeneratable.swift",
"Generation/FGBatchNonHDWalletGeneratable.swift",
"Generation/FGGenerationSpace.swift",
"Generation/FGHDGenHandler.swift",
"Generation/FGHDWalletGeneratable.swift",
"Generation/FGHDWalletUniGenerator+MultiChain.swift",
"Generation/FGHDWalletUniGenerator.swift",
"Generation/FGMultiChainHDWalletGenKind.swift",
"Generation/FGMultiChainNonHDWalletGenKind.swift",
"Generation/FGNonHDGenHandler.swift",
"Generation/FGNonHDWalletGeneratable.swift",
"Generation/FGNonHDWalletUniGenerator+MultiChain.swift",
"Generation/FGNonHDWalletUniGenerator.swift",
"Generation/FGSingleHDWalletGeneratable.swift",
"Generation/FGSingleNonHDWalletGeneratable.swift",
"Import/FGBatchHDWalletImportable.swift",
"Import/FGBatchNonHDWalletImportable.swift",
"Import/FGBatchNonHDWalletUniImporter.swift",
"Import/FGHDImportHandler.swift",
"Import/FGHDWalletImportable.swift",
"Import/FGHDWalletUniImporter+MultiChain.swift",
"Import/FGHDWalletUniImporter.swift",
"Import/FGMultiChainHDWalletImportKind.swift",
"Import/FGNonHDWalletImportable.swift",
"Import/FGSingleHDWalletImportable.swift",
"Import/FGSingleNonHDWalletImportable.swift",
"Keccak256/FGKeccak256Ability.swift",
"Keccak256/FGUncommonCryptoKeccak256.swift",
"KeyPair/FGAddressPair.swift",
"KeyPair/FGAddressPairGeneratable.swift",
"Mnemonic/FGMnemonic12WordsSize.swift",
"Mnemonic/FGMnemonic15WordsSize.swift",
"Mnemonic/FGMnemonic18WordsSize.swift",
"Mnemonic/FGMnemonic21WordsSize.swift",
"Mnemonic/FGMnemonic24WordsSize.swift",
"Mnemonic/FGMnemonicAbility.swift",
"Mnemonic/FGMnemonicInfo.swift",
"Mnemonic/FGMnemonicSizeRepresentation.swift",
"Mnemonic/FGTesseractMnemonicEntity.swift",
"MultiChainOperation/FGAnyChainTaskHandler.swift",
"MultiChainOperation/FGChainTaskHandable.swift",
"MultiChainOperation/FGChainTaskJobExecutable.swift",
"MultiChainOperation/FGChainTaskResultAssembler.swift",
"MultiChainOperation/FGHandlerChain.swift",
"MultiChainOperation/FGMultiChainOpSpace.swift",
"MultiChainOperation/FGMultiChainWalletProcessor.swift",
"Secp256k1/FGK1Secp256k1.swift",
"Secp256k1/Secp256k1Ability.swift",
"Solana/FGChainTaskResultAssembler+Solana.swift",
"Solana/FGHDGenHandler+Solana.swift",
"Solana/FGHDImportHandler+Solana.swift",
"Solana/FGHDWalletUniGenerator+Solana.swift",
"Solana/FGHDWalletUniImporter+Solana.swift",
"Solana/FGNonHDGenHandler+Solana.swift",
"Solana/FGNonHDWalletUniGenerator+Solana.swift",
"Solana/FGSingleSolNonHDWalletImporter.swift",
"Solana/FGSolAddressPairGenerator.swift",
"Solana/FGSolDerivationPathCoin.swift",
"Solana/FGSolDerivationPathGenerator.swift",
"Solana/FGSolWalletSpace.swift",
"Solana/FGSolanaChain.swift",
"Walletization/FGCryptoWallet.swift",
"Walletization/FGCryptographyWallet.swift"
],
"type" : "library"
}
],
"tools_version" : "6.0"
}
{
"workspace" : {
"name" : "Forging",
"schemes" : [
"Forging",
"K1"
]
}
}
2026-09-23 07:04:24.608 xcodebuild[1020:5910] [MT] IDERunDestination: Supported platforms for the buildables in the current scheme is empty.
{
"workspace" : {
"name" : "Forging",
"schemes" : [
"Forging",
"K1"
]
}
}
2026-09-23 07:04:25.710 xcodebuild[1022:5948] [MT] IDERunDestination: Supported platforms for the buildables in the current scheme is empty.
Running build ...
env DEVELOPER_DIR=/Applications/Xcode-27.0.0-Release.Candidate.app xcrun xcodebuild -IDEClonedSourcePackagesDirPathOverride=$PWD/.dependencies -skipMacroValidation -skipPackagePluginValidation -derivedDataPath $PWD/.derivedData build -scheme Forging -destination platform=macOS,arch=arm64
Command line invocation:
/Applications/Xcode-27.0.0-Release.Candidate.app/Contents/Developer/usr/bin/xcodebuild -IDEClonedSourcePackagesDirPathOverride=/Users/admin/builder/spi-builder-workspace/.dependencies -skipMacroValidation -skipPackagePluginValidation -derivedDataPath /Users/admin/builder/spi-builder-workspace/.derivedData build -scheme Forging -destination platform=macOS,arch=arm64
Resolve Package Graph
Resolved source packages:
K1: https://github.com/Sajjon/K1 @ 0.7.1
BigInt: https://github.com/attaswift/BigInt.git @ 5.7.0
Bip39: https://github.com/tesseract-one/Bip39.swift.git @ 0.2.0
Forging: /Users/admin/builder/spi-builder-workspace
UncommonCrypto: https://github.com/tesseract-one/UncommonCrypto.swift.git @ 0.2.1
ComputePackagePrebuildTargetDependencyGraph
Prepare packages
CreateBuildRequest
SendProjectDescription
CreateBuildOperation
ComputeTargetDependencyGraph
note: Building targets in dependency order
note: Target dependency graph (12 targets)
Target 'Forging-product' in project 'Forging'
➜ Explicit dependency on target 'Forging' in project 'Forging'
➜ Explicit dependency on target 'Bip39-product' in project 'Bip39'
➜ Explicit dependency on target 'K1-product' in project 'K1'
➜ Explicit dependency on target 'BigInt-product' in project 'BigInt'
Target 'Forging' in project 'Forging'
➜ Explicit dependency on target 'Bip39-product' in project 'Bip39'
➜ Explicit dependency on target 'K1-product' in project 'K1'
➜ Explicit dependency on target 'BigInt-product' in project 'BigInt'
Target 'BigInt-product' in project 'BigInt'
➜ Explicit dependency on target 'BigInt' in project 'BigInt'
Target 'BigInt' in project 'BigInt' (no dependencies)
Target 'K1-product' in project 'K1'
➜ Explicit dependency on target 'K1' in project 'K1'
➜ Explicit dependency on target 'secp256k1' in project 'K1'
Target 'K1' in project 'K1'
➜ Explicit dependency on target 'secp256k1' in project 'K1'
Target 'secp256k1' in project 'K1' (no dependencies)
Target 'Bip39-product' in project 'Bip39'
➜ Explicit dependency on target 'Bip39' in project 'Bip39'
➜ Explicit dependency on target 'UncommonCrypto-product' in project 'UncommonCrypto'
Target 'Bip39' in project 'Bip39'
➜ Explicit dependency on target 'UncommonCrypto-product' in project 'UncommonCrypto'
Target 'UncommonCrypto-product' in project 'UncommonCrypto'
➜ Explicit dependency on target 'UncommonCrypto' in project 'UncommonCrypto'
➜ Explicit dependency on target 'CUncommonCrypto' in project 'UncommonCrypto'
Target 'UncommonCrypto' in project 'UncommonCrypto'
➜ Explicit dependency on target 'CUncommonCrypto' in project 'UncommonCrypto'
Target 'CUncommonCrypto' in project 'UncommonCrypto' (no dependencies)
GatherProvisioningInputs
CreateBuildDescription
ClangStatCache /Applications/Xcode-27.0.0-Release.Candidate.app/Contents/Developer/Toolchains/XcodeDefault.xctoolchain/usr/bin/clang-stat-cache /Applications/Xcode-27.0.0-Release.Candidate.app/Contents/Developer/Platforms/MacOSX.platform/Developer/SDKs/MacOSX27.0.sdk /Users/admin/builder/spi-builder-workspace/.derivedData/SDKStatCaches.noindex/macosx27.0-26A425-e829b21a6f8c9b70876ba0858053c0446a22442a12e9d48fe1a705f55a1adfc4.sdkstatcache
cd /Users/admin/builder/spi-builder-workspace/.swiftpm/xcode
/Applications/Xcode-27.0.0-Release.Candidate.app/Contents/Developer/Toolchains/XcodeDefault.xctoolchain/usr/bin/clang-stat-cache /Applications/Xcode-27.0.0-Release.Candidate.app/Contents/Developer/Platforms/MacOSX.platform/Developer/SDKs/MacOSX27.0.sdk -o /Users/admin/builder/spi-builder-workspace/.derivedData/SDKStatCaches.noindex/macosx27.0-26A425-e829b21a6f8c9b70876ba0858053c0446a22442a12e9d48fe1a705f55a1adfc4.sdkstatcache
SwiftDriver Bip39 normal arm64 com.apple.xcode.tools.swift.compiler (in target 'Bip39' from project 'Bip39')
cd /Users/admin/builder/spi-builder-workspace/.swiftpm/xcode
builtin-SwiftDriver -- /Applications/Xcode-27.0.0-Release.Candidate.app/Contents/Developer/Toolchains/XcodeDefault.xctoolchain/usr/bin/swiftc -parse-as-library -module-name Bip39 -Onone @/Users/admin/builder/spi-builder-workspace/.derivedData/Build/Intermediates.noindex/Bip39.build/Debug/Bip39-t.build/Objects-normal/arm64/Bip39.SwiftFileList -DSWIFT_PACKAGE -DDEBUG -DSWIFT_MODULE_RESOURCE_BUNDLE_UNAVAILABLE -Xcc -fmodule-map-file\=/Users/admin/builder/spi-builder-workspace/.derivedData/Build/Intermediates.noindex/GeneratedModuleMaps/CUncommonCrypto.modulemap -DXcode -plugin-path /Applications/Xcode-27.0.0-Release.Candidate.app/Contents/Developer/Toolchains/XcodeDefault.xctoolchain/usr/lib/swift/host/plugins/testing -enable-experimental-feature DebugDescriptionMacro -sdk /Applications/Xcode-27.0.0-Release.Candidate.app/Contents/Developer/Platforms/MacOSX.platform/Developer/SDKs/MacOSX27.0.sdk -target arm64-apple-macos12.0 -g -module-cache-path /Users/admin/builder/spi-builder-workspace/.derivedData/ModuleCache.noindex -Xfrontend -serialize-debugging-options -profile-coverage-mapping -profile-generate -enable-testing -suppress-warnings -index-store-path /Users/admin/builder/spi-builder-workspace/.derivedData/Index.noindex/DataStore -Xcc -D_LIBCPP_HARDENING_MODE\=_LIBCPP_HARDENING_MODE_DEBUG -swift-version 5 -I /Users/admin/builder/spi-builder-workspace/.derivedData/Build/Products/Debug -Isystem /Applications/Xcode-27.0.0-Release.Candidate.app/Contents/Developer/Platforms/MacOSX.platform/Developer/usr/lib -F /Users/admin/builder/spi-builder-workspace/.derivedData/Build/Products/Debug/PackageFrameworks -F /Users/admin/builder/spi-builder-workspace/.derivedData/Build/Products/Debug -F /Applications/Xcode-27.0.0-Release.Candidate.app/Contents/Developer/Platforms/MacOSX.platform/Developer/Library/Frameworks -c -j10 -enable-batch-mode -incremental -Xcc -ivfsstatcache -Xcc /Users/admin/builder/spi-builder-workspace/.derivedData/SDKStatCaches.noindex/macosx27.0-26A425-e829b21a6f8c9b70876ba0858053c0446a22442a12e9d48fe1a705f55a1adfc4.sdkstatcache -output-file-map /Users/admin/builder/spi-builder-workspace/.derivedData/Build/Intermediates.noindex/Bip39.build/Debug/Bip39-t.build/Objects-normal/arm64/Bip39-OutputFileMap.json -save-temps -no-color-diagnostics -explicit-module-build -module-cache-path /Users/admin/builder/spi-builder-workspace/.derivedData/Build/Intermediates.noindex/SwiftExplicitPrecompiledModules -clang-scanner-module-cache-path /Users/admin/builder/spi-builder-workspace/.derivedData/ModuleCache.noindex -sdk-module-cache-path /Users/admin/builder/spi-builder-workspace/.derivedData/SDKExplicitPrecompiledModules -emit-dependencies -emit-module -emit-module-path /Users/admin/builder/spi-builder-workspace/.derivedData/Build/Intermediates.noindex/Bip39.build/Debug/Bip39-t.build/Objects-normal/arm64/Bip39.swiftmodule -serialize-diagnostics -dependency-scan-serialize-diagnostics-path /Users/admin/builder/spi-builder-workspace/.derivedData/Build/Intermediates.noindex/Bip39.build/Debug/Bip39-t.build/Objects-normal/arm64/Bip39-dependency-scan.dia -validate-clang-modules-once -clang-build-session-file /Users/admin/builder/spi-builder-workspace/.derivedData/ModuleCache.noindex/Session.modulevalidation -Xcc -fmodules-prune-interval\=86400 -Xcc -fmodules-prune-after\=345600 -emit-const-values -const-gather-protocols-list /Users/admin/builder/spi-builder-workspace/.derivedData/Build/Intermediates.noindex/Bip39.build/Debug/Bip39-t.build/Objects-normal/arm64/Bip39_const_extract_protocols.json -Xcc -I/Users/admin/builder/spi-builder-workspace/.dependencies/checkouts/UncommonCrypto.swift/Sources/CUncommonCrypto/include -Xcc -I/Users/admin/builder/spi-builder-workspace/.derivedData/Build/Products/Debug/include -Xcc -I/Users/admin/builder/spi-builder-workspace/.derivedData/Build/Intermediates.noindex/Bip39.build/Debug/Bip39-t.build/DerivedSources-normal/arm64 -Xcc -I/Users/admin/builder/spi-builder-workspace/.derivedData/Build/Intermediates.noindex/Bip39.build/Debug/Bip39-t.build/DerivedSources/arm64 -Xcc -I/Users/admin/builder/spi-builder-workspace/.derivedData/Build/Intermediates.noindex/Bip39.build/Debug/Bip39-t.build/DerivedSources -Xcc -DSWIFT_PACKAGE -Xcc -DDEBUG\=1 -emit-objc-header -emit-objc-header-path /Users/admin/builder/spi-builder-workspace/.derivedData/Build/Intermediates.noindex/Bip39.build/Debug/Bip39-t.build/Objects-normal/arm64/Bip39-Swift.h -working-directory /Users/admin/builder/spi-builder-workspace/.swiftpm/xcode -experimental-emit-module-separately -disable-cmo
SwiftDriver Forging normal arm64 com.apple.xcode.tools.swift.compiler (in target 'Forging' from project 'Forging')
cd /Users/admin/builder/spi-builder-workspace/.swiftpm/xcode
builtin-SwiftDriver -- /Applications/Xcode-27.0.0-Release.Candidate.app/Contents/Developer/Toolchains/XcodeDefault.xctoolchain/usr/bin/swiftc -parse-as-library -module-name Forging -Onone @/Users/admin/builder/spi-builder-workspace/.derivedData/Build/Intermediates.noindex/Forging.build/Debug/Forging-t.build/Objects-normal/arm64/Forging.SwiftFileList -DSWIFT_PACKAGE -DDEBUG -DSWIFT_MODULE_RESOURCE_BUNDLE_UNAVAILABLE -Xcc -fmodule-map-file\=/Users/admin/builder/spi-builder-workspace/.derivedData/Build/Intermediates.noindex/GeneratedModuleMaps/CUncommonCrypto.modulemap -Xcc -fmodule-map-file\=/Users/admin/builder/spi-builder-workspace/.derivedData/Build/Intermediates.noindex/GeneratedModuleMaps/secp256k1.modulemap -DXcode -plugin-path /Applications/Xcode-27.0.0-Release.Candidate.app/Contents/Developer/Toolchains/XcodeDefault.xctoolchain/usr/lib/swift/host/plugins/testing -enable-experimental-feature DebugDescriptionMacro -sdk /Applications/Xcode-27.0.0-Release.Candidate.app/Contents/Developer/Platforms/MacOSX.platform/Developer/SDKs/MacOSX27.0.sdk -target arm64-apple-macos14.0 -g -module-cache-path /Users/admin/builder/spi-builder-workspace/.derivedData/ModuleCache.noindex -Xfrontend -serialize-debugging-options -profile-coverage-mapping -profile-generate -enable-testing -index-store-path /Users/admin/builder/spi-builder-workspace/.derivedData/Index.noindex/DataStore -Xcc -D_LIBCPP_HARDENING_MODE\=_LIBCPP_HARDENING_MODE_DEBUG -swift-version 6 -I /Users/admin/builder/spi-builder-workspace/.derivedData/Build/Products/Debug -Isystem /Applications/Xcode-27.0.0-Release.Candidate.app/Contents/Developer/Platforms/MacOSX.platform/Developer/usr/lib -F /Users/admin/builder/spi-builder-workspace/.derivedData/Build/Products/Debug/PackageFrameworks -F /Users/admin/builder/spi-builder-workspace/.derivedData/Build/Products/Debug -F /Applications/Xcode-27.0.0-Release.Candidate.app/Contents/Developer/Platforms/MacOSX.platform/Developer/Library/Frameworks -c -j10 -enable-batch-mode -incremental -Xcc -ivfsstatcache -Xcc /Users/admin/builder/spi-builder-workspace/.derivedData/SDKStatCaches.noindex/macosx27.0-26A425-e829b21a6f8c9b70876ba0858053c0446a22442a12e9d48fe1a705f55a1adfc4.sdkstatcache -output-file-map /Users/admin/builder/spi-builder-workspace/.derivedData/Build/Intermediates.noindex/Forging.build/Debug/Forging-t.build/Objects-normal/arm64/Forging-OutputFileMap.json -save-temps -no-color-diagnostics -explicit-module-build -module-cache-path /Users/admin/builder/spi-builder-workspace/.derivedData/Build/Intermediates.noindex/SwiftExplicitPrecompiledModules -clang-scanner-module-cache-path /Users/admin/builder/spi-builder-workspace/.derivedData/ModuleCache.noindex -sdk-module-cache-path /Users/admin/builder/spi-builder-workspace/.derivedData/SDKExplicitPrecompiledModules -emit-dependencies -emit-module -emit-module-path /Users/admin/builder/spi-builder-workspace/.derivedData/Build/Intermediates.noindex/Forging.build/Debug/Forging-t.build/Objects-normal/arm64/Forging.swiftmodule -serialize-diagnostics -dependency-scan-serialize-diagnostics-path /Users/admin/builder/spi-builder-workspace/.derivedData/Build/Intermediates.noindex/Forging.build/Debug/Forging-t.build/Objects-normal/arm64/Forging-dependency-scan.dia -validate-clang-modules-once -clang-build-session-file /Users/admin/builder/spi-builder-workspace/.derivedData/ModuleCache.noindex/Session.modulevalidation -Xcc -fmodules-prune-interval\=86400 -Xcc -fmodules-prune-after\=345600 -package-name spi_builder_workspace -emit-const-values -const-gather-protocols-list /Users/admin/builder/spi-builder-workspace/.derivedData/Build/Intermediates.noindex/Forging.build/Debug/Forging-t.build/Objects-normal/arm64/Forging_const_extract_protocols.json -Xcc -I/Users/admin/builder/spi-builder-workspace/.dependencies/checkouts/UncommonCrypto.swift/Sources/CUncommonCrypto/include -Xcc -I/Users/admin/builder/spi-builder-workspace/.dependencies/checkouts/K1/Sources/secp256k1/include -Xcc -I/Users/admin/builder/spi-builder-workspace/.derivedData/Build/Products/Debug/include -Xcc -I/Users/admin/builder/spi-builder-workspace/.derivedData/Build/Intermediates.noindex/Forging.build/Debug/Forging-t.build/DerivedSources-normal/arm64 -Xcc -I/Users/admin/builder/spi-builder-workspace/.derivedData/Build/Intermediates.noindex/Forging.build/Debug/Forging-t.build/DerivedSources/arm64 -Xcc -I/Users/admin/builder/spi-builder-workspace/.derivedData/Build/Intermediates.noindex/Forging.build/Debug/Forging-t.build/DerivedSources -Xcc -DSWIFT_PACKAGE -Xcc -DDEBUG\=1 -emit-objc-header -emit-objc-header-path /Users/admin/builder/spi-builder-workspace/.derivedData/Build/Intermediates.noindex/Forging.build/Debug/Forging-t.build/Objects-normal/arm64/Forging-Swift.h -working-directory /Users/admin/builder/spi-builder-workspace/.swiftpm/xcode -experimental-emit-module-separately -disable-cmo
/Users/admin/builder/spi-builder-workspace/Sources/Forging/Export/FGPasteboardExporter.swift:9:8: error: Unable to resolve module dependency: 'UIKit' (in target 'Forging' from project 'Forging')
note: A dependency of main module 'Forging'
/Users/admin/builder/spi-builder-workspace/Sources/Forging/Export/FGPasteboardExporter.swift:9:8: note: A dependency of main module 'Forging'
import UIKit
^ (in target 'Forging' from project 'Forging')
SwiftCompile normal arm64 Compiling\ English.swift /Users/admin/builder/spi-builder-workspace/.dependencies/checkouts/Bip39.swift/Sources/Bip39/Wordlists/English.swift (in target 'Bip39' from project 'Bip39')
SwiftCompile normal arm64 /Users/admin/builder/spi-builder-workspace/.dependencies/checkouts/Bip39.swift/Sources/Bip39/Wordlists/English.swift (in target 'Bip39' from project 'Bip39')
cd /Users/admin/builder/spi-builder-workspace/.swiftpm/xcode
builtin-SwiftPerFileCompile English.swift
SwiftEmitModule normal arm64 Emitting\ module\ for\ Bip39 (in target 'Bip39' from project 'Bip39')
SwiftCompile normal arm64 (in target 'Bip39' from project 'Bip39')
cd /Users/admin/builder/spi-builder-workspace/.swiftpm/xcode
SwiftCompile normal arm64 Compiling\ Chinese.swift /Users/admin/builder/spi-builder-workspace/.dependencies/checkouts/Bip39.swift/Sources/Bip39/Wordlists/Chinese.swift (in target 'Bip39' from project 'Bip39')
SwiftCompile normal arm64 /Users/admin/builder/spi-builder-workspace/.dependencies/checkouts/Bip39.swift/Sources/Bip39/Wordlists/Chinese.swift (in target 'Bip39' from project 'Bip39')
cd /Users/admin/builder/spi-builder-workspace/.swiftpm/xcode
builtin-SwiftPerFileCompile Chinese.swift
PruneExplicitPrecompiledModules /Users/admin/builder/spi-builder-workspace/.derivedData/Build/Intermediates.noindex/ExplicitPrecompiledModules
PruneExplicitPrecompiledModules /Users/admin/builder/spi-builder-workspace/.derivedData/Build/Intermediates.noindex/SwiftExplicitPrecompiledModules
PruneExplicitPrecompiledModules /Users/admin/builder/spi-builder-workspace/.derivedData/SDKExplicitPrecompiledModules
2026-09-23 07:04:26.793 xcodebuild[1023:5974] [MT] IDERunDestination: Supported platforms for the buildables in the current scheme is empty.
--- xcodebuild: WARNING: Using the first of multiple matching destinations:
{ platform:macOS, arch:arm64, id:2674a5d4147092a6427ebe58014d19e868e20357, name:My Mac }
{ platform:macOS, arch:arm64, variant:Mac Catalyst, id:2674a5d4147092a6427ebe58014d19e868e20357, name:My Mac }
{ platform:macOS, arch:arm64, variant:DriverKit, id:2674a5d4147092a6427ebe58014d19e868e20357, name:My Mac }
{ platform:macOS, arch:arm64, variant:Designed for [iPad,iPhone], id:2674a5d4147092a6427ebe58014d19e868e20357, name:My Mac }
** BUILD FAILED **
The following build commands failed:
SwiftDriver Forging normal arm64 com.apple.xcode.tools.swift.compiler (in target 'Forging' from project 'Forging')
Building workspace Forging with scheme Forging
(2 failures)
BUILD FAILURE 6.4 macosXcodebuild