Build Information
Failed to build Tokamak, reference 0.11.1 (f1cbfc), with Swift 6.4 for watchOS using Xcode 27.0 on 18 Sep 2026 20:15:54 UTC.
Build Command
env DEVELOPER_DIR=/Applications/Xcode-27.0.0-Release.Candidate.app xcrun xcodebuild -IDEClonedSourcePackagesDirPathOverride=$PWD/.dependencies -skipMacroValidation -skipPackagePluginValidation -derivedDataPath $PWD/.derivedData build -scheme Tokamak-Package -destination generic/platform=watchOSBuild Log
cd /Users/admin/builder/spi-builder-workspace/.dependencies/checkouts/OpenCombine
builtin-copy -exclude .DS_Store -exclude CVS -exclude .svn -exclude .git -exclude .hg -resolve-src-symlinks /Users/admin/builder/spi-builder-workspace/.derivedData/Build/Intermediates.noindex/OpenCombine.build/Debug-watchos/OpenCombineDispatch-t.build/OpenCombineDispatch.modulemap /Users/admin/builder/spi-builder-workspace/.derivedData/Build/Intermediates.noindex/GeneratedModuleMaps-watchos
WriteAuxiliaryFile /Users/admin/builder/spi-builder-workspace/.derivedData/Build/Intermediates.noindex/OpenCombine.build/Debug-watchos/OpenCombine-t.build/OpenCombine.modulemap (in target 'OpenCombine' from project 'OpenCombine')
cd /Users/admin/builder/spi-builder-workspace/.dependencies/checkouts/OpenCombine
write-file /Users/admin/builder/spi-builder-workspace/.derivedData/Build/Intermediates.noindex/OpenCombine.build/Debug-watchos/OpenCombine-t.build/OpenCombine.modulemap
WriteAuxiliaryFile /Users/admin/builder/spi-builder-workspace/.derivedData/Build/Intermediates.noindex/OpenCombine.build/Debug-watchos/OpenCombine-t.build/OpenCombine.DependencyStaticMetadataFileList (in target 'OpenCombine' from project 'OpenCombine')
cd /Users/admin/builder/spi-builder-workspace/.dependencies/checkouts/OpenCombine
write-file /Users/admin/builder/spi-builder-workspace/.derivedData/Build/Intermediates.noindex/OpenCombine.build/Debug-watchos/OpenCombine-t.build/OpenCombine.DependencyStaticMetadataFileList
WriteAuxiliaryFile /Users/admin/builder/spi-builder-workspace/.derivedData/Build/Intermediates.noindex/OpenCombine.build/Debug-watchos/OpenCombine-t.build/OpenCombine.DependencyMetadataFileList (in target 'OpenCombine' from project 'OpenCombine')
cd /Users/admin/builder/spi-builder-workspace/.dependencies/checkouts/OpenCombine
write-file /Users/admin/builder/spi-builder-workspace/.derivedData/Build/Intermediates.noindex/OpenCombine.build/Debug-watchos/OpenCombine-t.build/OpenCombine.DependencyMetadataFileList
WriteAuxiliaryFile /Users/admin/builder/spi-builder-workspace/.derivedData/Build/Intermediates.noindex/OpenCombine.build/Debug-watchos/OpenCombine-t.build/Objects-normal/arm64_32/OpenCombine.SwiftFileList (in target 'OpenCombine' from project 'OpenCombine')
cd /Users/admin/builder/spi-builder-workspace/.dependencies/checkouts/OpenCombine
write-file /Users/admin/builder/spi-builder-workspace/.derivedData/Build/Intermediates.noindex/OpenCombine.build/Debug-watchos/OpenCombine-t.build/Objects-normal/arm64_32/OpenCombine.SwiftFileList
WriteAuxiliaryFile /Users/admin/builder/spi-builder-workspace/.derivedData/Build/Intermediates.noindex/OpenCombine.build/Debug-watchos/OpenCombine-t.build/Objects-normal/arm64_32/OpenCombine_const_extract_protocols.json (in target 'OpenCombine' from project 'OpenCombine')
cd /Users/admin/builder/spi-builder-workspace/.dependencies/checkouts/OpenCombine
write-file /Users/admin/builder/spi-builder-workspace/.derivedData/Build/Intermediates.noindex/OpenCombine.build/Debug-watchos/OpenCombine-t.build/Objects-normal/arm64_32/OpenCombine_const_extract_protocols.json
WriteAuxiliaryFile /Users/admin/builder/spi-builder-workspace/.derivedData/Build/Intermediates.noindex/OpenCombine.build/Debug-watchos/OpenCombine-t.build/Objects-normal/arm64_32/OpenCombine.SwiftConstValuesFileList (in target 'OpenCombine' from project 'OpenCombine')
cd /Users/admin/builder/spi-builder-workspace/.dependencies/checkouts/OpenCombine
write-file /Users/admin/builder/spi-builder-workspace/.derivedData/Build/Intermediates.noindex/OpenCombine.build/Debug-watchos/OpenCombine-t.build/Objects-normal/arm64_32/OpenCombine.SwiftConstValuesFileList
WriteAuxiliaryFile /Users/admin/builder/spi-builder-workspace/.derivedData/Build/Intermediates.noindex/OpenCombine.build/Debug-watchos/OpenCombine-t.build/Objects-normal/arm64_32/OpenCombine.LinkFileList (in target 'OpenCombine' from project 'OpenCombine')
cd /Users/admin/builder/spi-builder-workspace/.dependencies/checkouts/OpenCombine
write-file /Users/admin/builder/spi-builder-workspace/.derivedData/Build/Intermediates.noindex/OpenCombine.build/Debug-watchos/OpenCombine-t.build/Objects-normal/arm64_32/OpenCombine.LinkFileList
WriteAuxiliaryFile /Users/admin/builder/spi-builder-workspace/.derivedData/Build/Intermediates.noindex/OpenCombine.build/Debug-watchos/OpenCombine-t.build/Objects-normal/arm64_32/OpenCombine-OutputFileMap.json (in target 'OpenCombine' from project 'OpenCombine')
cd /Users/admin/builder/spi-builder-workspace/.dependencies/checkouts/OpenCombine
write-file /Users/admin/builder/spi-builder-workspace/.derivedData/Build/Intermediates.noindex/OpenCombine.build/Debug-watchos/OpenCombine-t.build/Objects-normal/arm64_32/OpenCombine-OutputFileMap.json
WriteAuxiliaryFile /Users/admin/builder/spi-builder-workspace/.derivedData/Build/Intermediates.noindex/OpenCombine.build/Debug-watchos/OpenCombine-t.build/Objects-normal/arm64/OpenCombine.LinkFileList (in target 'OpenCombine' from project 'OpenCombine')
cd /Users/admin/builder/spi-builder-workspace/.dependencies/checkouts/OpenCombine
write-file /Users/admin/builder/spi-builder-workspace/.derivedData/Build/Intermediates.noindex/OpenCombine.build/Debug-watchos/OpenCombine-t.build/Objects-normal/arm64/OpenCombine.LinkFileList
WriteAuxiliaryFile /Users/admin/builder/spi-builder-workspace/.derivedData/Build/Intermediates.noindex/OpenCombine.build/Debug-watchos/OpenCombine-t.build/Objects-normal/arm64/OpenCombine_const_extract_protocols.json (in target 'OpenCombine' from project 'OpenCombine')
cd /Users/admin/builder/spi-builder-workspace/.dependencies/checkouts/OpenCombine
write-file /Users/admin/builder/spi-builder-workspace/.derivedData/Build/Intermediates.noindex/OpenCombine.build/Debug-watchos/OpenCombine-t.build/Objects-normal/arm64/OpenCombine_const_extract_protocols.json
WriteAuxiliaryFile /Users/admin/builder/spi-builder-workspace/.derivedData/Build/Intermediates.noindex/OpenCombine.build/Debug-watchos/OpenCombine-t.build/Objects-normal/arm64/OpenCombine.SwiftFileList (in target 'OpenCombine' from project 'OpenCombine')
cd /Users/admin/builder/spi-builder-workspace/.dependencies/checkouts/OpenCombine
write-file /Users/admin/builder/spi-builder-workspace/.derivedData/Build/Intermediates.noindex/OpenCombine.build/Debug-watchos/OpenCombine-t.build/Objects-normal/arm64/OpenCombine.SwiftFileList
WriteAuxiliaryFile /Users/admin/builder/spi-builder-workspace/.derivedData/Build/Intermediates.noindex/OpenCombine.build/Debug-watchos/OpenCombine-t.build/Objects-normal/arm64/OpenCombine.SwiftConstValuesFileList (in target 'OpenCombine' from project 'OpenCombine')
cd /Users/admin/builder/spi-builder-workspace/.dependencies/checkouts/OpenCombine
write-file /Users/admin/builder/spi-builder-workspace/.derivedData/Build/Intermediates.noindex/OpenCombine.build/Debug-watchos/OpenCombine-t.build/Objects-normal/arm64/OpenCombine.SwiftConstValuesFileList
WriteAuxiliaryFile /Users/admin/builder/spi-builder-workspace/.derivedData/Build/Intermediates.noindex/OpenCombine.build/Debug-watchos/OpenCombine-t.build/Objects-normal/arm64/OpenCombine-OutputFileMap.json (in target 'OpenCombine' from project 'OpenCombine')
cd /Users/admin/builder/spi-builder-workspace/.dependencies/checkouts/OpenCombine
write-file /Users/admin/builder/spi-builder-workspace/.derivedData/Build/Intermediates.noindex/OpenCombine.build/Debug-watchos/OpenCombine-t.build/Objects-normal/arm64/OpenCombine-OutputFileMap.json
Copy /Users/admin/builder/spi-builder-workspace/.derivedData/Build/Intermediates.noindex/GeneratedModuleMaps-watchos/OpenCombine.modulemap /Users/admin/builder/spi-builder-workspace/.derivedData/Build/Intermediates.noindex/OpenCombine.build/Debug-watchos/OpenCombine-t.build/OpenCombine.modulemap (in target 'OpenCombine' from project 'OpenCombine')
cd /Users/admin/builder/spi-builder-workspace/.dependencies/checkouts/OpenCombine
builtin-copy -exclude .DS_Store -exclude CVS -exclude .svn -exclude .git -exclude .hg -resolve-src-symlinks /Users/admin/builder/spi-builder-workspace/.derivedData/Build/Intermediates.noindex/OpenCombine.build/Debug-watchos/OpenCombine-t.build/OpenCombine.modulemap /Users/admin/builder/spi-builder-workspace/.derivedData/Build/Intermediates.noindex/GeneratedModuleMaps-watchos
WriteAuxiliaryFile /Users/admin/builder/spi-builder-workspace/.derivedData/Build/Intermediates.noindex/JavaScriptKit.build/Debug-watchos/JavaScriptKit-t.build/Objects-normal/arm64_32/JavaScriptKit_const_extract_protocols.json (in target 'JavaScriptKit' from project 'JavaScriptKit')
cd /Users/admin/builder/spi-builder-workspace/.dependencies/checkouts/JavaScriptKit
write-file /Users/admin/builder/spi-builder-workspace/.derivedData/Build/Intermediates.noindex/JavaScriptKit.build/Debug-watchos/JavaScriptKit-t.build/Objects-normal/arm64_32/JavaScriptKit_const_extract_protocols.json
WriteAuxiliaryFile /Users/admin/builder/spi-builder-workspace/.derivedData/Build/Intermediates.noindex/JavaScriptKit.build/Debug-watchos/JavaScriptKit-t.build/Objects-normal/arm64_32/JavaScriptKit.SwiftFileList (in target 'JavaScriptKit' from project 'JavaScriptKit')
cd /Users/admin/builder/spi-builder-workspace/.dependencies/checkouts/JavaScriptKit
write-file /Users/admin/builder/spi-builder-workspace/.derivedData/Build/Intermediates.noindex/JavaScriptKit.build/Debug-watchos/JavaScriptKit-t.build/Objects-normal/arm64_32/JavaScriptKit.SwiftFileList
WriteAuxiliaryFile /Users/admin/builder/spi-builder-workspace/.derivedData/Build/Intermediates.noindex/JavaScriptKit.build/Debug-watchos/JavaScriptKit-t.build/Objects-normal/arm64_32/JavaScriptKit.SwiftConstValuesFileList (in target 'JavaScriptKit' from project 'JavaScriptKit')
cd /Users/admin/builder/spi-builder-workspace/.dependencies/checkouts/JavaScriptKit
write-file /Users/admin/builder/spi-builder-workspace/.derivedData/Build/Intermediates.noindex/JavaScriptKit.build/Debug-watchos/JavaScriptKit-t.build/Objects-normal/arm64_32/JavaScriptKit.SwiftConstValuesFileList
WriteAuxiliaryFile /Users/admin/builder/spi-builder-workspace/.derivedData/Build/Intermediates.noindex/JavaScriptKit.build/Debug-watchos/JavaScriptKit-t.build/Objects-normal/arm64_32/JavaScriptKit.LinkFileList (in target 'JavaScriptKit' from project 'JavaScriptKit')
cd /Users/admin/builder/spi-builder-workspace/.dependencies/checkouts/JavaScriptKit
write-file /Users/admin/builder/spi-builder-workspace/.derivedData/Build/Intermediates.noindex/JavaScriptKit.build/Debug-watchos/JavaScriptKit-t.build/Objects-normal/arm64_32/JavaScriptKit.LinkFileList
WriteAuxiliaryFile /Users/admin/builder/spi-builder-workspace/.derivedData/Build/Intermediates.noindex/JavaScriptKit.build/Debug-watchos/JavaScriptKit-t.build/Objects-normal/arm64_32/JavaScriptKit-OutputFileMap.json (in target 'JavaScriptKit' from project 'JavaScriptKit')
cd /Users/admin/builder/spi-builder-workspace/.dependencies/checkouts/JavaScriptKit
write-file /Users/admin/builder/spi-builder-workspace/.derivedData/Build/Intermediates.noindex/JavaScriptKit.build/Debug-watchos/JavaScriptKit-t.build/Objects-normal/arm64_32/JavaScriptKit-OutputFileMap.json
WriteAuxiliaryFile /Users/admin/builder/spi-builder-workspace/.derivedData/Build/Intermediates.noindex/JavaScriptKit.build/Debug-watchos/JavaScriptKit-t.build/Objects-normal/arm64/JavaScriptKit.SwiftFileList (in target 'JavaScriptKit' from project 'JavaScriptKit')
cd /Users/admin/builder/spi-builder-workspace/.dependencies/checkouts/JavaScriptKit
write-file /Users/admin/builder/spi-builder-workspace/.derivedData/Build/Intermediates.noindex/JavaScriptKit.build/Debug-watchos/JavaScriptKit-t.build/Objects-normal/arm64/JavaScriptKit.SwiftFileList
WriteAuxiliaryFile /Users/admin/builder/spi-builder-workspace/.derivedData/Build/Intermediates.noindex/JavaScriptKit.build/Debug-watchos/JavaScriptKit-t.build/Objects-normal/arm64/JavaScriptKit_const_extract_protocols.json (in target 'JavaScriptKit' from project 'JavaScriptKit')
cd /Users/admin/builder/spi-builder-workspace/.dependencies/checkouts/JavaScriptKit
write-file /Users/admin/builder/spi-builder-workspace/.derivedData/Build/Intermediates.noindex/JavaScriptKit.build/Debug-watchos/JavaScriptKit-t.build/Objects-normal/arm64/JavaScriptKit_const_extract_protocols.json
WriteAuxiliaryFile /Users/admin/builder/spi-builder-workspace/.derivedData/Build/Intermediates.noindex/JavaScriptKit.build/Debug-watchos/JavaScriptKit-t.build/Objects-normal/arm64/JavaScriptKit.SwiftConstValuesFileList (in target 'JavaScriptKit' from project 'JavaScriptKit')
cd /Users/admin/builder/spi-builder-workspace/.dependencies/checkouts/JavaScriptKit
write-file /Users/admin/builder/spi-builder-workspace/.derivedData/Build/Intermediates.noindex/JavaScriptKit.build/Debug-watchos/JavaScriptKit-t.build/Objects-normal/arm64/JavaScriptKit.SwiftConstValuesFileList
WriteAuxiliaryFile /Users/admin/builder/spi-builder-workspace/.derivedData/Build/Intermediates.noindex/JavaScriptKit.build/Debug-watchos/JavaScriptKit-t.build/Objects-normal/arm64/JavaScriptKit.LinkFileList (in target 'JavaScriptKit' from project 'JavaScriptKit')
cd /Users/admin/builder/spi-builder-workspace/.dependencies/checkouts/JavaScriptKit
write-file /Users/admin/builder/spi-builder-workspace/.derivedData/Build/Intermediates.noindex/JavaScriptKit.build/Debug-watchos/JavaScriptKit-t.build/Objects-normal/arm64/JavaScriptKit.LinkFileList
WriteAuxiliaryFile /Users/admin/builder/spi-builder-workspace/.derivedData/Build/Intermediates.noindex/JavaScriptKit.build/Debug-watchos/JavaScriptKit-t.build/Objects-normal/arm64/JavaScriptKit-OutputFileMap.json (in target 'JavaScriptKit' from project 'JavaScriptKit')
cd /Users/admin/builder/spi-builder-workspace/.dependencies/checkouts/JavaScriptKit
write-file /Users/admin/builder/spi-builder-workspace/.derivedData/Build/Intermediates.noindex/JavaScriptKit.build/Debug-watchos/JavaScriptKit-t.build/Objects-normal/arm64/JavaScriptKit-OutputFileMap.json
WriteAuxiliaryFile /Users/admin/builder/spi-builder-workspace/.derivedData/Build/Intermediates.noindex/JavaScriptKit.build/Debug-watchos/JavaScriptKit-t.build/JavaScriptKit.modulemap (in target 'JavaScriptKit' from project 'JavaScriptKit')
cd /Users/admin/builder/spi-builder-workspace/.dependencies/checkouts/JavaScriptKit
write-file /Users/admin/builder/spi-builder-workspace/.derivedData/Build/Intermediates.noindex/JavaScriptKit.build/Debug-watchos/JavaScriptKit-t.build/JavaScriptKit.modulemap
WriteAuxiliaryFile /Users/admin/builder/spi-builder-workspace/.derivedData/Build/Intermediates.noindex/JavaScriptKit.build/Debug-watchos/JavaScriptKit-t.build/JavaScriptKit.DependencyStaticMetadataFileList (in target 'JavaScriptKit' from project 'JavaScriptKit')
cd /Users/admin/builder/spi-builder-workspace/.dependencies/checkouts/JavaScriptKit
write-file /Users/admin/builder/spi-builder-workspace/.derivedData/Build/Intermediates.noindex/JavaScriptKit.build/Debug-watchos/JavaScriptKit-t.build/JavaScriptKit.DependencyStaticMetadataFileList
WriteAuxiliaryFile /Users/admin/builder/spi-builder-workspace/.derivedData/Build/Intermediates.noindex/JavaScriptKit.build/Debug-watchos/JavaScriptKit-t.build/JavaScriptKit.DependencyMetadataFileList (in target 'JavaScriptKit' from project 'JavaScriptKit')
cd /Users/admin/builder/spi-builder-workspace/.dependencies/checkouts/JavaScriptKit
write-file /Users/admin/builder/spi-builder-workspace/.derivedData/Build/Intermediates.noindex/JavaScriptKit.build/Debug-watchos/JavaScriptKit-t.build/JavaScriptKit.DependencyMetadataFileList
WriteAuxiliaryFile /Users/admin/builder/spi-builder-workspace/.derivedData/Build/Intermediates.noindex/OpenCombine.build/Debug-watchos/COpenCombineHelpers-t.build/Objects-normal/arm64_32/COpenCombineHelpers.LinkFileList (in target 'COpenCombineHelpers' from project 'OpenCombine')
cd /Users/admin/builder/spi-builder-workspace/.dependencies/checkouts/OpenCombine
write-file /Users/admin/builder/spi-builder-workspace/.derivedData/Build/Intermediates.noindex/OpenCombine.build/Debug-watchos/COpenCombineHelpers-t.build/Objects-normal/arm64_32/COpenCombineHelpers.LinkFileList
WriteAuxiliaryFile /Users/admin/builder/spi-builder-workspace/.derivedData/Build/Intermediates.noindex/OpenCombine.build/Debug-watchos/COpenCombineHelpers-t.build/Objects-normal/arm64_32/82b82416624d2658e5098eb0a28c15c5-common-args.resp (in target 'COpenCombineHelpers' from project 'OpenCombine')
cd /Users/admin/builder/spi-builder-workspace/.dependencies/checkouts/OpenCombine
write-file /Users/admin/builder/spi-builder-workspace/.derivedData/Build/Intermediates.noindex/OpenCombine.build/Debug-watchos/COpenCombineHelpers-t.build/Objects-normal/arm64_32/82b82416624d2658e5098eb0a28c15c5-common-args.resp
'-std=c++17' -fmodules -fno-cxx-modules -gmodules '-fmodules-cache-path=/Users/admin/builder/spi-builder-workspace/.derivedData/ModuleCache.noindex' '-fmodule-name=COpenCombineHelpers' '-D_LIBCPP_HARDENING_MODE=_LIBCPP_HARDENING_MODE_DEBUG' -fpascal-strings -O0 -DSWIFT_PACKAGE '-DDEBUG=1' -g -fvisibility-inlines-hidden -fprofile-instr-generate -fcoverage-mapping -I/Users/admin/builder/spi-builder-workspace/.derivedData/Build/Products/Debug-watchos/include -I/Users/admin/builder/spi-builder-workspace/.dependencies/checkouts/OpenCombine/Sources/COpenCombineHelpers/include -I/Users/admin/builder/spi-builder-workspace/.derivedData/Build/Intermediates.noindex/OpenCombine.build/Debug-watchos/COpenCombineHelpers-t.build/DerivedSources-normal/arm64_32 -I/Users/admin/builder/spi-builder-workspace/.derivedData/Build/Intermediates.noindex/OpenCombine.build/Debug-watchos/COpenCombineHelpers-t.build/DerivedSources/arm64_32 -I/Users/admin/builder/spi-builder-workspace/.derivedData/Build/Intermediates.noindex/OpenCombine.build/Debug-watchos/COpenCombineHelpers-t.build/DerivedSources -F/Users/admin/builder/spi-builder-workspace/.derivedData/Build/Products/Debug-watchos -iframework /Applications/Xcode-27.0.0-Release.Candidate.app/Contents/Developer/Platforms/WatchOS.platform/Developer/Library/Frameworks -iframework /Applications/Xcode-27.0.0-Release.Candidate.app/Contents/Developer/Platforms/WatchOS.platform/Developer/SDKs/WatchOS27.0.sdk/Developer/Library/Frameworks -DXcode
WriteAuxiliaryFile /Users/admin/builder/spi-builder-workspace/.derivedData/Build/Intermediates.noindex/OpenCombine.build/Debug-watchos/COpenCombineHelpers-t.build/Objects-normal/arm64/COpenCombineHelpers.LinkFileList (in target 'COpenCombineHelpers' from project 'OpenCombine')
cd /Users/admin/builder/spi-builder-workspace/.dependencies/checkouts/OpenCombine
write-file /Users/admin/builder/spi-builder-workspace/.derivedData/Build/Intermediates.noindex/OpenCombine.build/Debug-watchos/COpenCombineHelpers-t.build/Objects-normal/arm64/COpenCombineHelpers.LinkFileList
WriteAuxiliaryFile /Users/admin/builder/spi-builder-workspace/.derivedData/Build/Intermediates.noindex/OpenCombine.build/Debug-watchos/COpenCombineHelpers-t.build/Objects-normal/arm64/82b82416624d2658e5098eb0a28c15c5-common-args.resp (in target 'COpenCombineHelpers' from project 'OpenCombine')
cd /Users/admin/builder/spi-builder-workspace/.dependencies/checkouts/OpenCombine
write-file /Users/admin/builder/spi-builder-workspace/.derivedData/Build/Intermediates.noindex/OpenCombine.build/Debug-watchos/COpenCombineHelpers-t.build/Objects-normal/arm64/82b82416624d2658e5098eb0a28c15c5-common-args.resp
'-std=c++17' -fmodules -fno-cxx-modules -gmodules '-fmodules-cache-path=/Users/admin/builder/spi-builder-workspace/.derivedData/ModuleCache.noindex' '-fmodule-name=COpenCombineHelpers' '-D_LIBCPP_HARDENING_MODE=_LIBCPP_HARDENING_MODE_DEBUG' -fpascal-strings -O0 -DSWIFT_PACKAGE '-DDEBUG=1' -g -fvisibility-inlines-hidden -fprofile-instr-generate -fcoverage-mapping -I/Users/admin/builder/spi-builder-workspace/.derivedData/Build/Products/Debug-watchos/include -I/Users/admin/builder/spi-builder-workspace/.dependencies/checkouts/OpenCombine/Sources/COpenCombineHelpers/include -I/Users/admin/builder/spi-builder-workspace/.derivedData/Build/Intermediates.noindex/OpenCombine.build/Debug-watchos/COpenCombineHelpers-t.build/DerivedSources-normal/arm64 -I/Users/admin/builder/spi-builder-workspace/.derivedData/Build/Intermediates.noindex/OpenCombine.build/Debug-watchos/COpenCombineHelpers-t.build/DerivedSources/arm64 -I/Users/admin/builder/spi-builder-workspace/.derivedData/Build/Intermediates.noindex/OpenCombine.build/Debug-watchos/COpenCombineHelpers-t.build/DerivedSources -F/Users/admin/builder/spi-builder-workspace/.derivedData/Build/Products/Debug-watchos -iframework /Applications/Xcode-27.0.0-Release.Candidate.app/Contents/Developer/Platforms/WatchOS.platform/Developer/Library/Frameworks -iframework /Applications/Xcode-27.0.0-Release.Candidate.app/Contents/Developer/Platforms/WatchOS.platform/Developer/SDKs/WatchOS27.0.sdk/Developer/Library/Frameworks -DXcode
WriteAuxiliaryFile /Users/admin/builder/spi-builder-workspace/.derivedData/Build/Intermediates.noindex/OpenCombine.build/Debug-watchos/COpenCombineHelpers-t.build/COpenCombineHelpers.modulemap (in target 'COpenCombineHelpers' from project 'OpenCombine')
cd /Users/admin/builder/spi-builder-workspace/.dependencies/checkouts/OpenCombine
write-file /Users/admin/builder/spi-builder-workspace/.derivedData/Build/Intermediates.noindex/OpenCombine.build/Debug-watchos/COpenCombineHelpers-t.build/COpenCombineHelpers.modulemap
WriteAuxiliaryFile /Users/admin/builder/spi-builder-workspace/.derivedData/Build/Intermediates.noindex/OpenCombine.build/Debug-watchos/COpenCombineHelpers-t.build/COpenCombineHelpers.DependencyStaticMetadataFileList (in target 'COpenCombineHelpers' from project 'OpenCombine')
cd /Users/admin/builder/spi-builder-workspace/.dependencies/checkouts/OpenCombine
write-file /Users/admin/builder/spi-builder-workspace/.derivedData/Build/Intermediates.noindex/OpenCombine.build/Debug-watchos/COpenCombineHelpers-t.build/COpenCombineHelpers.DependencyStaticMetadataFileList
WriteAuxiliaryFile /Users/admin/builder/spi-builder-workspace/.derivedData/Build/Intermediates.noindex/OpenCombine.build/Debug-watchos/COpenCombineHelpers-t.build/COpenCombineHelpers.DependencyMetadataFileList (in target 'COpenCombineHelpers' from project 'OpenCombine')
cd /Users/admin/builder/spi-builder-workspace/.dependencies/checkouts/OpenCombine
write-file /Users/admin/builder/spi-builder-workspace/.derivedData/Build/Intermediates.noindex/OpenCombine.build/Debug-watchos/COpenCombineHelpers-t.build/COpenCombineHelpers.DependencyMetadataFileList
Copy /Users/admin/builder/spi-builder-workspace/.derivedData/Build/Intermediates.noindex/GeneratedModuleMaps-watchos/JavaScriptKit.modulemap /Users/admin/builder/spi-builder-workspace/.derivedData/Build/Intermediates.noindex/JavaScriptKit.build/Debug-watchos/JavaScriptKit-t.build/JavaScriptKit.modulemap (in target 'JavaScriptKit' from project 'JavaScriptKit')
cd /Users/admin/builder/spi-builder-workspace/.dependencies/checkouts/JavaScriptKit
builtin-copy -exclude .DS_Store -exclude CVS -exclude .svn -exclude .git -exclude .hg -resolve-src-symlinks /Users/admin/builder/spi-builder-workspace/.derivedData/Build/Intermediates.noindex/JavaScriptKit.build/Debug-watchos/JavaScriptKit-t.build/JavaScriptKit.modulemap /Users/admin/builder/spi-builder-workspace/.derivedData/Build/Intermediates.noindex/GeneratedModuleMaps-watchos
Copy /Users/admin/builder/spi-builder-workspace/.derivedData/Build/Intermediates.noindex/GeneratedModuleMaps-watchos/COpenCombineHelpers.modulemap /Users/admin/builder/spi-builder-workspace/.derivedData/Build/Intermediates.noindex/OpenCombine.build/Debug-watchos/COpenCombineHelpers-t.build/COpenCombineHelpers.modulemap (in target 'COpenCombineHelpers' from project 'OpenCombine')
cd /Users/admin/builder/spi-builder-workspace/.dependencies/checkouts/OpenCombine
builtin-copy -exclude .DS_Store -exclude CVS -exclude .svn -exclude .git -exclude .hg -resolve-src-symlinks /Users/admin/builder/spi-builder-workspace/.derivedData/Build/Intermediates.noindex/OpenCombine.build/Debug-watchos/COpenCombineHelpers-t.build/COpenCombineHelpers.modulemap /Users/admin/builder/spi-builder-workspace/.derivedData/Build/Intermediates.noindex/GeneratedModuleMaps-watchos
WriteAuxiliaryFile /Users/admin/builder/spi-builder-workspace/.derivedData/Build/Intermediates.noindex/Benchmark.build/Debug-watchos/Benchmark-t.build/Objects-normal/arm64_32/Benchmark_const_extract_protocols.json (in target 'Benchmark' from project 'Benchmark')
cd /Users/admin/builder/spi-builder-workspace/.dependencies/checkouts/swift-benchmark
write-file /Users/admin/builder/spi-builder-workspace/.derivedData/Build/Intermediates.noindex/Benchmark.build/Debug-watchos/Benchmark-t.build/Objects-normal/arm64_32/Benchmark_const_extract_protocols.json
WriteAuxiliaryFile /Users/admin/builder/spi-builder-workspace/.derivedData/Build/Intermediates.noindex/Benchmark.build/Debug-watchos/Benchmark-t.build/Objects-normal/arm64_32/Benchmark.SwiftFileList (in target 'Benchmark' from project 'Benchmark')
cd /Users/admin/builder/spi-builder-workspace/.dependencies/checkouts/swift-benchmark
write-file /Users/admin/builder/spi-builder-workspace/.derivedData/Build/Intermediates.noindex/Benchmark.build/Debug-watchos/Benchmark-t.build/Objects-normal/arm64_32/Benchmark.SwiftFileList
WriteAuxiliaryFile /Users/admin/builder/spi-builder-workspace/.derivedData/Build/Intermediates.noindex/Benchmark.build/Debug-watchos/Benchmark-t.build/Objects-normal/arm64_32/Benchmark.SwiftConstValuesFileList (in target 'Benchmark' from project 'Benchmark')
cd /Users/admin/builder/spi-builder-workspace/.dependencies/checkouts/swift-benchmark
write-file /Users/admin/builder/spi-builder-workspace/.derivedData/Build/Intermediates.noindex/Benchmark.build/Debug-watchos/Benchmark-t.build/Objects-normal/arm64_32/Benchmark.SwiftConstValuesFileList
WriteAuxiliaryFile /Users/admin/builder/spi-builder-workspace/.derivedData/Build/Intermediates.noindex/Benchmark.build/Debug-watchos/Benchmark-t.build/Objects-normal/arm64_32/Benchmark.LinkFileList (in target 'Benchmark' from project 'Benchmark')
cd /Users/admin/builder/spi-builder-workspace/.dependencies/checkouts/swift-benchmark
write-file /Users/admin/builder/spi-builder-workspace/.derivedData/Build/Intermediates.noindex/Benchmark.build/Debug-watchos/Benchmark-t.build/Objects-normal/arm64_32/Benchmark.LinkFileList
WriteAuxiliaryFile /Users/admin/builder/spi-builder-workspace/.derivedData/Build/Intermediates.noindex/Benchmark.build/Debug-watchos/Benchmark-t.build/Objects-normal/arm64_32/Benchmark-OutputFileMap.json (in target 'Benchmark' from project 'Benchmark')
cd /Users/admin/builder/spi-builder-workspace/.dependencies/checkouts/swift-benchmark
write-file /Users/admin/builder/spi-builder-workspace/.derivedData/Build/Intermediates.noindex/Benchmark.build/Debug-watchos/Benchmark-t.build/Objects-normal/arm64_32/Benchmark-OutputFileMap.json
WriteAuxiliaryFile /Users/admin/builder/spi-builder-workspace/.derivedData/Build/Intermediates.noindex/Benchmark.build/Debug-watchos/Benchmark-t.build/Objects-normal/arm64/Benchmark.SwiftFileList (in target 'Benchmark' from project 'Benchmark')
cd /Users/admin/builder/spi-builder-workspace/.dependencies/checkouts/swift-benchmark
write-file /Users/admin/builder/spi-builder-workspace/.derivedData/Build/Intermediates.noindex/Benchmark.build/Debug-watchos/Benchmark-t.build/Objects-normal/arm64/Benchmark.SwiftFileList
WriteAuxiliaryFile /Users/admin/builder/spi-builder-workspace/.derivedData/Build/Intermediates.noindex/Benchmark.build/Debug-watchos/Benchmark-t.build/Objects-normal/arm64/Benchmark_const_extract_protocols.json (in target 'Benchmark' from project 'Benchmark')
cd /Users/admin/builder/spi-builder-workspace/.dependencies/checkouts/swift-benchmark
write-file /Users/admin/builder/spi-builder-workspace/.derivedData/Build/Intermediates.noindex/Benchmark.build/Debug-watchos/Benchmark-t.build/Objects-normal/arm64/Benchmark_const_extract_protocols.json
WriteAuxiliaryFile /Users/admin/builder/spi-builder-workspace/.derivedData/Build/Intermediates.noindex/Benchmark.build/Debug-watchos/Benchmark-t.build/Objects-normal/arm64/Benchmark.SwiftConstValuesFileList (in target 'Benchmark' from project 'Benchmark')
cd /Users/admin/builder/spi-builder-workspace/.dependencies/checkouts/swift-benchmark
write-file /Users/admin/builder/spi-builder-workspace/.derivedData/Build/Intermediates.noindex/Benchmark.build/Debug-watchos/Benchmark-t.build/Objects-normal/arm64/Benchmark.SwiftConstValuesFileList
WriteAuxiliaryFile /Users/admin/builder/spi-builder-workspace/.derivedData/Build/Intermediates.noindex/Benchmark.build/Debug-watchos/Benchmark-t.build/Objects-normal/arm64/Benchmark.LinkFileList (in target 'Benchmark' from project 'Benchmark')
cd /Users/admin/builder/spi-builder-workspace/.dependencies/checkouts/swift-benchmark
write-file /Users/admin/builder/spi-builder-workspace/.derivedData/Build/Intermediates.noindex/Benchmark.build/Debug-watchos/Benchmark-t.build/Objects-normal/arm64/Benchmark.LinkFileList
WriteAuxiliaryFile /Users/admin/builder/spi-builder-workspace/.derivedData/Build/Intermediates.noindex/Benchmark.build/Debug-watchos/Benchmark-t.build/Objects-normal/arm64/Benchmark-OutputFileMap.json (in target 'Benchmark' from project 'Benchmark')
cd /Users/admin/builder/spi-builder-workspace/.dependencies/checkouts/swift-benchmark
write-file /Users/admin/builder/spi-builder-workspace/.derivedData/Build/Intermediates.noindex/Benchmark.build/Debug-watchos/Benchmark-t.build/Objects-normal/arm64/Benchmark-OutputFileMap.json
WriteAuxiliaryFile /Users/admin/builder/spi-builder-workspace/.derivedData/Build/Intermediates.noindex/Benchmark.build/Debug-watchos/Benchmark-t.build/Benchmark.modulemap (in target 'Benchmark' from project 'Benchmark')
cd /Users/admin/builder/spi-builder-workspace/.dependencies/checkouts/swift-benchmark
write-file /Users/admin/builder/spi-builder-workspace/.derivedData/Build/Intermediates.noindex/Benchmark.build/Debug-watchos/Benchmark-t.build/Benchmark.modulemap
WriteAuxiliaryFile /Users/admin/builder/spi-builder-workspace/.derivedData/Build/Intermediates.noindex/Benchmark.build/Debug-watchos/Benchmark-t.build/Benchmark.DependencyStaticMetadataFileList (in target 'Benchmark' from project 'Benchmark')
cd /Users/admin/builder/spi-builder-workspace/.dependencies/checkouts/swift-benchmark
write-file /Users/admin/builder/spi-builder-workspace/.derivedData/Build/Intermediates.noindex/Benchmark.build/Debug-watchos/Benchmark-t.build/Benchmark.DependencyStaticMetadataFileList
WriteAuxiliaryFile /Users/admin/builder/spi-builder-workspace/.derivedData/Build/Intermediates.noindex/Benchmark.build/Debug-watchos/Benchmark-t.build/Benchmark.DependencyMetadataFileList (in target 'Benchmark' from project 'Benchmark')
cd /Users/admin/builder/spi-builder-workspace/.dependencies/checkouts/swift-benchmark
write-file /Users/admin/builder/spi-builder-workspace/.derivedData/Build/Intermediates.noindex/Benchmark.build/Debug-watchos/Benchmark-t.build/Benchmark.DependencyMetadataFileList
WriteAuxiliaryFile /Users/admin/builder/spi-builder-workspace/.derivedData/Build/Intermediates.noindex/swift-argument-parser.build/Debug-watchos/ArgumentParserToolInfo-t.build/Objects-normal/arm64_32/ArgumentParserToolInfo_const_extract_protocols.json (in target 'ArgumentParserToolInfo' from project 'swift-argument-parser')
cd /Users/admin/builder/spi-builder-workspace/.dependencies/checkouts/swift-argument-parser
write-file /Users/admin/builder/spi-builder-workspace/.derivedData/Build/Intermediates.noindex/swift-argument-parser.build/Debug-watchos/ArgumentParserToolInfo-t.build/Objects-normal/arm64_32/ArgumentParserToolInfo_const_extract_protocols.json
WriteAuxiliaryFile /Users/admin/builder/spi-builder-workspace/.derivedData/Build/Intermediates.noindex/swift-argument-parser.build/Debug-watchos/ArgumentParserToolInfo-t.build/Objects-normal/arm64_32/ArgumentParserToolInfo.SwiftFileList (in target 'ArgumentParserToolInfo' from project 'swift-argument-parser')
cd /Users/admin/builder/spi-builder-workspace/.dependencies/checkouts/swift-argument-parser
write-file /Users/admin/builder/spi-builder-workspace/.derivedData/Build/Intermediates.noindex/swift-argument-parser.build/Debug-watchos/ArgumentParserToolInfo-t.build/Objects-normal/arm64_32/ArgumentParserToolInfo.SwiftFileList
WriteAuxiliaryFile /Users/admin/builder/spi-builder-workspace/.derivedData/Build/Intermediates.noindex/swift-argument-parser.build/Debug-watchos/ArgumentParserToolInfo-t.build/Objects-normal/arm64_32/ArgumentParserToolInfo.SwiftConstValuesFileList (in target 'ArgumentParserToolInfo' from project 'swift-argument-parser')
cd /Users/admin/builder/spi-builder-workspace/.dependencies/checkouts/swift-argument-parser
write-file /Users/admin/builder/spi-builder-workspace/.derivedData/Build/Intermediates.noindex/swift-argument-parser.build/Debug-watchos/ArgumentParserToolInfo-t.build/Objects-normal/arm64_32/ArgumentParserToolInfo.SwiftConstValuesFileList
WriteAuxiliaryFile /Users/admin/builder/spi-builder-workspace/.derivedData/Build/Intermediates.noindex/swift-argument-parser.build/Debug-watchos/ArgumentParserToolInfo-t.build/Objects-normal/arm64_32/ArgumentParserToolInfo.LinkFileList (in target 'ArgumentParserToolInfo' from project 'swift-argument-parser')
cd /Users/admin/builder/spi-builder-workspace/.dependencies/checkouts/swift-argument-parser
write-file /Users/admin/builder/spi-builder-workspace/.derivedData/Build/Intermediates.noindex/swift-argument-parser.build/Debug-watchos/ArgumentParserToolInfo-t.build/Objects-normal/arm64_32/ArgumentParserToolInfo.LinkFileList
WriteAuxiliaryFile /Users/admin/builder/spi-builder-workspace/.derivedData/Build/Intermediates.noindex/swift-argument-parser.build/Debug-watchos/ArgumentParserToolInfo-t.build/Objects-normal/arm64_32/ArgumentParserToolInfo-OutputFileMap.json (in target 'ArgumentParserToolInfo' from project 'swift-argument-parser')
cd /Users/admin/builder/spi-builder-workspace/.dependencies/checkouts/swift-argument-parser
write-file /Users/admin/builder/spi-builder-workspace/.derivedData/Build/Intermediates.noindex/swift-argument-parser.build/Debug-watchos/ArgumentParserToolInfo-t.build/Objects-normal/arm64_32/ArgumentParserToolInfo-OutputFileMap.json
WriteAuxiliaryFile /Users/admin/builder/spi-builder-workspace/.derivedData/Build/Intermediates.noindex/swift-argument-parser.build/Debug-watchos/ArgumentParserToolInfo-t.build/Objects-normal/arm64/ArgumentParserToolInfo_const_extract_protocols.json (in target 'ArgumentParserToolInfo' from project 'swift-argument-parser')
cd /Users/admin/builder/spi-builder-workspace/.dependencies/checkouts/swift-argument-parser
write-file /Users/admin/builder/spi-builder-workspace/.derivedData/Build/Intermediates.noindex/swift-argument-parser.build/Debug-watchos/ArgumentParserToolInfo-t.build/Objects-normal/arm64/ArgumentParserToolInfo_const_extract_protocols.json
WriteAuxiliaryFile /Users/admin/builder/spi-builder-workspace/.derivedData/Build/Intermediates.noindex/swift-argument-parser.build/Debug-watchos/ArgumentParserToolInfo-t.build/Objects-normal/arm64/ArgumentParserToolInfo.SwiftFileList (in target 'ArgumentParserToolInfo' from project 'swift-argument-parser')
cd /Users/admin/builder/spi-builder-workspace/.dependencies/checkouts/swift-argument-parser
write-file /Users/admin/builder/spi-builder-workspace/.derivedData/Build/Intermediates.noindex/swift-argument-parser.build/Debug-watchos/ArgumentParserToolInfo-t.build/Objects-normal/arm64/ArgumentParserToolInfo.SwiftFileList
WriteAuxiliaryFile /Users/admin/builder/spi-builder-workspace/.derivedData/Build/Intermediates.noindex/swift-argument-parser.build/Debug-watchos/ArgumentParserToolInfo-t.build/Objects-normal/arm64/ArgumentParserToolInfo.SwiftConstValuesFileList (in target 'ArgumentParserToolInfo' from project 'swift-argument-parser')
cd /Users/admin/builder/spi-builder-workspace/.dependencies/checkouts/swift-argument-parser
write-file /Users/admin/builder/spi-builder-workspace/.derivedData/Build/Intermediates.noindex/swift-argument-parser.build/Debug-watchos/ArgumentParserToolInfo-t.build/Objects-normal/arm64/ArgumentParserToolInfo.SwiftConstValuesFileList
WriteAuxiliaryFile /Users/admin/builder/spi-builder-workspace/.derivedData/Build/Intermediates.noindex/swift-argument-parser.build/Debug-watchos/ArgumentParserToolInfo-t.build/Objects-normal/arm64/ArgumentParserToolInfo.LinkFileList (in target 'ArgumentParserToolInfo' from project 'swift-argument-parser')
cd /Users/admin/builder/spi-builder-workspace/.dependencies/checkouts/swift-argument-parser
write-file /Users/admin/builder/spi-builder-workspace/.derivedData/Build/Intermediates.noindex/swift-argument-parser.build/Debug-watchos/ArgumentParserToolInfo-t.build/Objects-normal/arm64/ArgumentParserToolInfo.LinkFileList
Copy /Users/admin/builder/spi-builder-workspace/.derivedData/Build/Intermediates.noindex/GeneratedModuleMaps-watchos/Benchmark.modulemap /Users/admin/builder/spi-builder-workspace/.derivedData/Build/Intermediates.noindex/Benchmark.build/Debug-watchos/Benchmark-t.build/Benchmark.modulemap (in target 'Benchmark' from project 'Benchmark')
cd /Users/admin/builder/spi-builder-workspace/.dependencies/checkouts/swift-benchmark
builtin-copy -exclude .DS_Store -exclude CVS -exclude .svn -exclude .git -exclude .hg -resolve-src-symlinks /Users/admin/builder/spi-builder-workspace/.derivedData/Build/Intermediates.noindex/Benchmark.build/Debug-watchos/Benchmark-t.build/Benchmark.modulemap /Users/admin/builder/spi-builder-workspace/.derivedData/Build/Intermediates.noindex/GeneratedModuleMaps-watchos
WriteAuxiliaryFile /Users/admin/builder/spi-builder-workspace/.derivedData/Build/Intermediates.noindex/swift-argument-parser.build/Debug-watchos/ArgumentParserToolInfo-t.build/Objects-normal/arm64/ArgumentParserToolInfo-OutputFileMap.json (in target 'ArgumentParserToolInfo' from project 'swift-argument-parser')
cd /Users/admin/builder/spi-builder-workspace/.dependencies/checkouts/swift-argument-parser
write-file /Users/admin/builder/spi-builder-workspace/.derivedData/Build/Intermediates.noindex/swift-argument-parser.build/Debug-watchos/ArgumentParserToolInfo-t.build/Objects-normal/arm64/ArgumentParserToolInfo-OutputFileMap.json
WriteAuxiliaryFile /Users/admin/builder/spi-builder-workspace/.derivedData/Build/Intermediates.noindex/swift-argument-parser.build/Debug-watchos/ArgumentParserToolInfo-t.build/ArgumentParserToolInfo.modulemap (in target 'ArgumentParserToolInfo' from project 'swift-argument-parser')
cd /Users/admin/builder/spi-builder-workspace/.dependencies/checkouts/swift-argument-parser
write-file /Users/admin/builder/spi-builder-workspace/.derivedData/Build/Intermediates.noindex/swift-argument-parser.build/Debug-watchos/ArgumentParserToolInfo-t.build/ArgumentParserToolInfo.modulemap
WriteAuxiliaryFile /Users/admin/builder/spi-builder-workspace/.derivedData/Build/Intermediates.noindex/swift-argument-parser.build/Debug-watchos/ArgumentParserToolInfo-t.build/ArgumentParserToolInfo.DependencyStaticMetadataFileList (in target 'ArgumentParserToolInfo' from project 'swift-argument-parser')
cd /Users/admin/builder/spi-builder-workspace/.dependencies/checkouts/swift-argument-parser
write-file /Users/admin/builder/spi-builder-workspace/.derivedData/Build/Intermediates.noindex/swift-argument-parser.build/Debug-watchos/ArgumentParserToolInfo-t.build/ArgumentParserToolInfo.DependencyStaticMetadataFileList
WriteAuxiliaryFile /Users/admin/builder/spi-builder-workspace/.derivedData/Build/Intermediates.noindex/swift-argument-parser.build/Debug-watchos/ArgumentParserToolInfo-t.build/ArgumentParserToolInfo.DependencyMetadataFileList (in target 'ArgumentParserToolInfo' from project 'swift-argument-parser')
cd /Users/admin/builder/spi-builder-workspace/.dependencies/checkouts/swift-argument-parser
write-file /Users/admin/builder/spi-builder-workspace/.derivedData/Build/Intermediates.noindex/swift-argument-parser.build/Debug-watchos/ArgumentParserToolInfo-t.build/ArgumentParserToolInfo.DependencyMetadataFileList
WriteAuxiliaryFile /Users/admin/builder/spi-builder-workspace/.derivedData/Build/Intermediates.noindex/swift-argument-parser.build/Debug-watchos/ArgumentParser-t.build/Objects-normal/arm64_32/ArgumentParser_const_extract_protocols.json (in target 'ArgumentParser' from project 'swift-argument-parser')
cd /Users/admin/builder/spi-builder-workspace/.dependencies/checkouts/swift-argument-parser
write-file /Users/admin/builder/spi-builder-workspace/.derivedData/Build/Intermediates.noindex/swift-argument-parser.build/Debug-watchos/ArgumentParser-t.build/Objects-normal/arm64_32/ArgumentParser_const_extract_protocols.json
WriteAuxiliaryFile /Users/admin/builder/spi-builder-workspace/.derivedData/Build/Intermediates.noindex/swift-argument-parser.build/Debug-watchos/ArgumentParser-t.build/Objects-normal/arm64_32/ArgumentParser.SwiftFileList (in target 'ArgumentParser' from project 'swift-argument-parser')
cd /Users/admin/builder/spi-builder-workspace/.dependencies/checkouts/swift-argument-parser
write-file /Users/admin/builder/spi-builder-workspace/.derivedData/Build/Intermediates.noindex/swift-argument-parser.build/Debug-watchos/ArgumentParser-t.build/Objects-normal/arm64_32/ArgumentParser.SwiftFileList
WriteAuxiliaryFile /Users/admin/builder/spi-builder-workspace/.derivedData/Build/Intermediates.noindex/swift-argument-parser.build/Debug-watchos/ArgumentParser-t.build/Objects-normal/arm64_32/ArgumentParser.SwiftConstValuesFileList (in target 'ArgumentParser' from project 'swift-argument-parser')
cd /Users/admin/builder/spi-builder-workspace/.dependencies/checkouts/swift-argument-parser
write-file /Users/admin/builder/spi-builder-workspace/.derivedData/Build/Intermediates.noindex/swift-argument-parser.build/Debug-watchos/ArgumentParser-t.build/Objects-normal/arm64_32/ArgumentParser.SwiftConstValuesFileList
WriteAuxiliaryFile /Users/admin/builder/spi-builder-workspace/.derivedData/Build/Intermediates.noindex/swift-argument-parser.build/Debug-watchos/ArgumentParser-t.build/Objects-normal/arm64_32/ArgumentParser.LinkFileList (in target 'ArgumentParser' from project 'swift-argument-parser')
cd /Users/admin/builder/spi-builder-workspace/.dependencies/checkouts/swift-argument-parser
write-file /Users/admin/builder/spi-builder-workspace/.derivedData/Build/Intermediates.noindex/swift-argument-parser.build/Debug-watchos/ArgumentParser-t.build/Objects-normal/arm64_32/ArgumentParser.LinkFileList
WriteAuxiliaryFile /Users/admin/builder/spi-builder-workspace/.derivedData/Build/Intermediates.noindex/swift-argument-parser.build/Debug-watchos/ArgumentParser-t.build/Objects-normal/arm64_32/ArgumentParser-OutputFileMap.json (in target 'ArgumentParser' from project 'swift-argument-parser')
cd /Users/admin/builder/spi-builder-workspace/.dependencies/checkouts/swift-argument-parser
write-file /Users/admin/builder/spi-builder-workspace/.derivedData/Build/Intermediates.noindex/swift-argument-parser.build/Debug-watchos/ArgumentParser-t.build/Objects-normal/arm64_32/ArgumentParser-OutputFileMap.json
WriteAuxiliaryFile /Users/admin/builder/spi-builder-workspace/.derivedData/Build/Intermediates.noindex/swift-argument-parser.build/Debug-watchos/ArgumentParser-t.build/Objects-normal/arm64/ArgumentParser_const_extract_protocols.json (in target 'ArgumentParser' from project 'swift-argument-parser')
cd /Users/admin/builder/spi-builder-workspace/.dependencies/checkouts/swift-argument-parser
write-file /Users/admin/builder/spi-builder-workspace/.derivedData/Build/Intermediates.noindex/swift-argument-parser.build/Debug-watchos/ArgumentParser-t.build/Objects-normal/arm64/ArgumentParser_const_extract_protocols.json
Copy /Users/admin/builder/spi-builder-workspace/.derivedData/Build/Intermediates.noindex/GeneratedModuleMaps-watchos/ArgumentParserToolInfo.modulemap /Users/admin/builder/spi-builder-workspace/.derivedData/Build/Intermediates.noindex/swift-argument-parser.build/Debug-watchos/ArgumentParserToolInfo-t.build/ArgumentParserToolInfo.modulemap (in target 'ArgumentParserToolInfo' from project 'swift-argument-parser')
cd /Users/admin/builder/spi-builder-workspace/.dependencies/checkouts/swift-argument-parser
builtin-copy -exclude .DS_Store -exclude CVS -exclude .svn -exclude .git -exclude .hg -resolve-src-symlinks /Users/admin/builder/spi-builder-workspace/.derivedData/Build/Intermediates.noindex/swift-argument-parser.build/Debug-watchos/ArgumentParserToolInfo-t.build/ArgumentParserToolInfo.modulemap /Users/admin/builder/spi-builder-workspace/.derivedData/Build/Intermediates.noindex/GeneratedModuleMaps-watchos
WriteAuxiliaryFile /Users/admin/builder/spi-builder-workspace/.derivedData/Build/Intermediates.noindex/swift-argument-parser.build/Debug-watchos/ArgumentParser-t.build/Objects-normal/arm64/ArgumentParser.SwiftFileList (in target 'ArgumentParser' from project 'swift-argument-parser')
cd /Users/admin/builder/spi-builder-workspace/.dependencies/checkouts/swift-argument-parser
write-file /Users/admin/builder/spi-builder-workspace/.derivedData/Build/Intermediates.noindex/swift-argument-parser.build/Debug-watchos/ArgumentParser-t.build/Objects-normal/arm64/ArgumentParser.SwiftFileList
WriteAuxiliaryFile /Users/admin/builder/spi-builder-workspace/.derivedData/Build/Intermediates.noindex/swift-argument-parser.build/Debug-watchos/ArgumentParser-t.build/Objects-normal/arm64/ArgumentParser.SwiftConstValuesFileList (in target 'ArgumentParser' from project 'swift-argument-parser')
cd /Users/admin/builder/spi-builder-workspace/.dependencies/checkouts/swift-argument-parser
write-file /Users/admin/builder/spi-builder-workspace/.derivedData/Build/Intermediates.noindex/swift-argument-parser.build/Debug-watchos/ArgumentParser-t.build/Objects-normal/arm64/ArgumentParser.SwiftConstValuesFileList
WriteAuxiliaryFile /Users/admin/builder/spi-builder-workspace/.derivedData/Build/Intermediates.noindex/swift-argument-parser.build/Debug-watchos/ArgumentParser-t.build/Objects-normal/arm64/ArgumentParser.LinkFileList (in target 'ArgumentParser' from project 'swift-argument-parser')
cd /Users/admin/builder/spi-builder-workspace/.dependencies/checkouts/swift-argument-parser
write-file /Users/admin/builder/spi-builder-workspace/.derivedData/Build/Intermediates.noindex/swift-argument-parser.build/Debug-watchos/ArgumentParser-t.build/Objects-normal/arm64/ArgumentParser.LinkFileList
WriteAuxiliaryFile /Users/admin/builder/spi-builder-workspace/.derivedData/Build/Intermediates.noindex/swift-argument-parser.build/Debug-watchos/ArgumentParser-t.build/Objects-normal/arm64/ArgumentParser-OutputFileMap.json (in target 'ArgumentParser' from project 'swift-argument-parser')
cd /Users/admin/builder/spi-builder-workspace/.dependencies/checkouts/swift-argument-parser
write-file /Users/admin/builder/spi-builder-workspace/.derivedData/Build/Intermediates.noindex/swift-argument-parser.build/Debug-watchos/ArgumentParser-t.build/Objects-normal/arm64/ArgumentParser-OutputFileMap.json
WriteAuxiliaryFile /Users/admin/builder/spi-builder-workspace/.derivedData/Build/Intermediates.noindex/swift-argument-parser.build/Debug-watchos/ArgumentParser-t.build/ArgumentParser.modulemap (in target 'ArgumentParser' from project 'swift-argument-parser')
cd /Users/admin/builder/spi-builder-workspace/.dependencies/checkouts/swift-argument-parser
write-file /Users/admin/builder/spi-builder-workspace/.derivedData/Build/Intermediates.noindex/swift-argument-parser.build/Debug-watchos/ArgumentParser-t.build/ArgumentParser.modulemap
WriteAuxiliaryFile /Users/admin/builder/spi-builder-workspace/.derivedData/Build/Intermediates.noindex/swift-argument-parser.build/Debug-watchos/ArgumentParser-t.build/ArgumentParser.DependencyStaticMetadataFileList (in target 'ArgumentParser' from project 'swift-argument-parser')
cd /Users/admin/builder/spi-builder-workspace/.dependencies/checkouts/swift-argument-parser
write-file /Users/admin/builder/spi-builder-workspace/.derivedData/Build/Intermediates.noindex/swift-argument-parser.build/Debug-watchos/ArgumentParser-t.build/ArgumentParser.DependencyStaticMetadataFileList
WriteAuxiliaryFile /Users/admin/builder/spi-builder-workspace/.derivedData/Build/Intermediates.noindex/swift-argument-parser.build/Debug-watchos/ArgumentParser-t.build/ArgumentParser.DependencyMetadataFileList (in target 'ArgumentParser' from project 'swift-argument-parser')
cd /Users/admin/builder/spi-builder-workspace/.dependencies/checkouts/swift-argument-parser
write-file /Users/admin/builder/spi-builder-workspace/.derivedData/Build/Intermediates.noindex/swift-argument-parser.build/Debug-watchos/ArgumentParser-t.build/ArgumentParser.DependencyMetadataFileList
Copy /Users/admin/builder/spi-builder-workspace/.derivedData/Build/Intermediates.noindex/GeneratedModuleMaps-watchos/ArgumentParser.modulemap /Users/admin/builder/spi-builder-workspace/.derivedData/Build/Intermediates.noindex/swift-argument-parser.build/Debug-watchos/ArgumentParser-t.build/ArgumentParser.modulemap (in target 'ArgumentParser' from project 'swift-argument-parser')
cd /Users/admin/builder/spi-builder-workspace/.dependencies/checkouts/swift-argument-parser
builtin-copy -exclude .DS_Store -exclude CVS -exclude .svn -exclude .git -exclude .hg -resolve-src-symlinks /Users/admin/builder/spi-builder-workspace/.derivedData/Build/Intermediates.noindex/swift-argument-parser.build/Debug-watchos/ArgumentParser-t.build/ArgumentParser.modulemap /Users/admin/builder/spi-builder-workspace/.derivedData/Build/Intermediates.noindex/GeneratedModuleMaps-watchos
ProcessInfoPlistFile /Users/admin/builder/spi-builder-workspace/.derivedData/Build/Products/Debug-watchos/Tokamak_TokamakGTKDemo.bundle/Info.plist /Users/admin/builder/spi-builder-workspace/.derivedData/Build/Intermediates.noindex/Tokamak.build/Debug-watchos/Tokamak_TokamakGTKDemo-b.build/empty-Tokamak_TokamakGTKDemo.plist (in target 'Tokamak_TokamakGTKDemo' from project 'Tokamak')
cd /Users/admin/builder/spi-builder-workspace
builtin-infoPlistUtility /Users/admin/builder/spi-builder-workspace/.derivedData/Build/Intermediates.noindex/Tokamak.build/Debug-watchos/Tokamak_TokamakGTKDemo-b.build/empty-Tokamak_TokamakGTKDemo.plist -producttype com.apple.product-type.bundle -expandbuildsettings -format binary -platform watchos -o /Users/admin/builder/spi-builder-workspace/.derivedData/Build/Products/Debug-watchos/Tokamak_TokamakGTKDemo.bundle/Info.plist
CpResource /Users/admin/builder/spi-builder-workspace/.derivedData/Build/Products/Debug-watchos/Tokamak_TokamakGTKDemo.bundle/logo-header.png /Users/admin/builder/spi-builder-workspace/Sources/TokamakGTKDemo/logo-header.png (in target 'Tokamak_TokamakGTKDemo' from project 'Tokamak')
cd /Users/admin/builder/spi-builder-workspace
builtin-copy -exclude .DS_Store -exclude CVS -exclude .svn -exclude .git -exclude .hg -resolve-src-symlinks /Users/admin/builder/spi-builder-workspace/Sources/TokamakGTKDemo/logo-header.png /Users/admin/builder/spi-builder-workspace/.derivedData/Build/Products/Debug-watchos/Tokamak_TokamakGTKDemo.bundle
ProcessInfoPlistFile /Users/admin/builder/spi-builder-workspace/.derivedData/Build/Products/Debug-watchos/Tokamak_TokamakDemo.bundle/Info.plist /Users/admin/builder/spi-builder-workspace/.derivedData/Build/Intermediates.noindex/Tokamak.build/Debug-watchos/Tokamak_TokamakDemo-b.build/empty-Tokamak_TokamakDemo.plist (in target 'Tokamak_TokamakDemo' from project 'Tokamak')
cd /Users/admin/builder/spi-builder-workspace
builtin-infoPlistUtility /Users/admin/builder/spi-builder-workspace/.derivedData/Build/Intermediates.noindex/Tokamak.build/Debug-watchos/Tokamak_TokamakDemo-b.build/empty-Tokamak_TokamakDemo.plist -producttype com.apple.product-type.bundle -expandbuildsettings -format binary -platform watchos -o /Users/admin/builder/spi-builder-workspace/.derivedData/Build/Products/Debug-watchos/Tokamak_TokamakDemo.bundle/Info.plist
CpResource /Users/admin/builder/spi-builder-workspace/.derivedData/Build/Products/Debug-watchos/Tokamak_TokamakDemo.bundle/logo-header.png /Users/admin/builder/spi-builder-workspace/Sources/TokamakDemo/logo-header.png (in target 'Tokamak_TokamakDemo' from project 'Tokamak')
cd /Users/admin/builder/spi-builder-workspace
builtin-copy -exclude .DS_Store -exclude CVS -exclude .svn -exclude .git -exclude .hg -resolve-src-symlinks /Users/admin/builder/spi-builder-workspace/Sources/TokamakDemo/logo-header.png /Users/admin/builder/spi-builder-workspace/.derivedData/Build/Products/Debug-watchos/Tokamak_TokamakDemo.bundle
RegisterExecutionPolicyException /Users/admin/builder/spi-builder-workspace/.derivedData/Build/Products/Debug-watchos/Tokamak_TokamakGTKDemo.bundle (in target 'Tokamak_TokamakGTKDemo' from project 'Tokamak')
cd /Users/admin/builder/spi-builder-workspace
builtin-RegisterExecutionPolicyException /Users/admin/builder/spi-builder-workspace/.derivedData/Build/Products/Debug-watchos/Tokamak_TokamakGTKDemo.bundle
RegisterExecutionPolicyException /Users/admin/builder/spi-builder-workspace/.derivedData/Build/Products/Debug-watchos/Tokamak_TokamakDemo.bundle (in target 'Tokamak_TokamakDemo' from project 'Tokamak')
cd /Users/admin/builder/spi-builder-workspace
builtin-RegisterExecutionPolicyException /Users/admin/builder/spi-builder-workspace/.derivedData/Build/Products/Debug-watchos/Tokamak_TokamakDemo.bundle
Touch /Users/admin/builder/spi-builder-workspace/.derivedData/Build/Products/Debug-watchos/Tokamak_TokamakGTKDemo.bundle (in target 'Tokamak_TokamakGTKDemo' from project 'Tokamak')
cd /Users/admin/builder/spi-builder-workspace
/usr/bin/touch -c /Users/admin/builder/spi-builder-workspace/.derivedData/Build/Products/Debug-watchos/Tokamak_TokamakGTKDemo.bundle
Touch /Users/admin/builder/spi-builder-workspace/.derivedData/Build/Products/Debug-watchos/Tokamak_TokamakDemo.bundle (in target 'Tokamak_TokamakDemo' from project 'Tokamak')
cd /Users/admin/builder/spi-builder-workspace
/usr/bin/touch -c /Users/admin/builder/spi-builder-workspace/.derivedData/Build/Products/Debug-watchos/Tokamak_TokamakDemo.bundle
CompileC /Users/admin/builder/spi-builder-workspace/.derivedData/Build/Intermediates.noindex/OpenCombine.build/Debug-watchos/COpenCombineHelpers-t.build/Objects-normal/arm64_32/COpenCombineHelpers.o /Users/admin/builder/spi-builder-workspace/.dependencies/checkouts/OpenCombine/Sources/COpenCombineHelpers/COpenCombineHelpers.cpp normal arm64_32 c++ com.apple.compilers.llvm.clang.1_0.compiler (in target 'COpenCombineHelpers' from project 'OpenCombine')
cd /Users/admin/builder/spi-builder-workspace/.swiftpm/xcode
Using response file: /Users/admin/builder/spi-builder-workspace/.derivedData/Build/Intermediates.noindex/OpenCombine.build/Debug-watchos/COpenCombineHelpers-t.build/Objects-normal/arm64_32/82b82416624d2658e5098eb0a28c15c5-common-args.resp
/Applications/Xcode-27.0.0-Release.Candidate.app/Contents/Developer/Toolchains/XcodeDefault.xctoolchain/usr/bin/clang -x c++ -ivfsstatcache /Users/admin/builder/spi-builder-workspace/.derivedData/SDKStatCaches.noindex/watchos27.0-24R360-e829b21a6f8c9b70876ba0858053c04477534ef55a1706bf4c1112bbb242f0a2.sdkstatcache -target arm64_32-apple-watchos9.0 -fmessage-length\=0 -fdiagnostics-show-note-include-stack -fmacro-backtrace-limit\=0 -fno-color-diagnostics -fmodules-prune-interval\=86400 -fmodules-prune-after\=345600 -fbuild-session-file\=/Users/admin/builder/spi-builder-workspace/.derivedData/ModuleCache.noindex/Session.modulevalidation -fmodules-validate-once-per-build-session -Wnon-modular-include-in-framework-module -Werror\=non-modular-include-in-framework-module -Wno-trigraphs -Wno-missing-field-initializers -Wno-missing-prototypes -Wno-return-type -Wno-non-virtual-dtor -Wno-overloaded-virtual -Wno-exit-time-destructors -Wno-missing-braces -Wparentheses -Wswitch -Wno-unused-function -Wno-unused-label -Wno-unused-parameter -Wno-unused-variable -Wunused-value -Wno-empty-body -Wno-uninitialized -Wno-unknown-pragmas -w -Wno-shadow -Wno-four-char-constants -Wno-conversion -Wno-constant-conversion -Wno-int-conversion -Wno-bool-conversion -Wno-enum-conversion -Wno-float-conversion -Wno-non-literal-null-conversion -Wno-objc-literal-conversion -Wno-shorten-64-to-32 -Wno-newline-eof -Wno-c++11-extensions -Wno-implicit-fallthrough -isysroot /Applications/Xcode-27.0.0-Release.Candidate.app/Contents/Developer/Platforms/WatchOS.platform/Developer/SDKs/WatchOS27.0.sdk -fstrict-aliasing -Wdeprecated-declarations -Winvalid-offsetof -Wno-sign-conversion -Wno-infinite-recursion -Wno-move -Wno-comma -Wno-block-capture-autoreleasing -Wno-strict-prototypes -Wno-range-loop-analysis -Wno-semicolon-before-method-body -index-store-path /Users/admin/builder/spi-builder-workspace/.derivedData/Index.noindex/DataStore @/Users/admin/builder/spi-builder-workspace/.derivedData/Build/Intermediates.noindex/OpenCombine.build/Debug-watchos/COpenCombineHelpers-t.build/Objects-normal/arm64_32/82b82416624d2658e5098eb0a28c15c5-common-args.resp -MMD -MT dependencies -MF /Users/admin/builder/spi-builder-workspace/.derivedData/Build/Intermediates.noindex/OpenCombine.build/Debug-watchos/COpenCombineHelpers-t.build/Objects-normal/arm64_32/COpenCombineHelpers.d --serialize-diagnostics /Users/admin/builder/spi-builder-workspace/.derivedData/Build/Intermediates.noindex/OpenCombine.build/Debug-watchos/COpenCombineHelpers-t.build/Objects-normal/arm64_32/COpenCombineHelpers.dia -c /Users/admin/builder/spi-builder-workspace/.dependencies/checkouts/OpenCombine/Sources/COpenCombineHelpers/COpenCombineHelpers.cpp -o /Users/admin/builder/spi-builder-workspace/.derivedData/Build/Intermediates.noindex/OpenCombine.build/Debug-watchos/COpenCombineHelpers-t.build/Objects-normal/arm64_32/COpenCombineHelpers.o -index-unit-output-path /OpenCombine.build/Debug-watchos/COpenCombineHelpers-t.build/Objects-normal/arm64_32/COpenCombineHelpers.o
ScanDependencies /Users/admin/builder/spi-builder-workspace/.derivedData/Build/Intermediates.noindex/JavaScriptKit.build/Debug-watchos/_CJavaScriptKit-t.build/Objects-normal/arm64_32/_CJavaScriptKit.o /Users/admin/builder/spi-builder-workspace/.dependencies/checkouts/JavaScriptKit/Sources/_CJavaScriptKit/_CJavaScriptKit.c normal arm64_32 c com.apple.compilers.llvm.clang.1_0.compiler (in target '_CJavaScriptKit' from project 'JavaScriptKit')
cd /Users/admin/builder/spi-builder-workspace/.swiftpm/xcode
Using response file: /Users/admin/builder/spi-builder-workspace/.derivedData/Build/Intermediates.noindex/JavaScriptKit.build/Debug-watchos/_CJavaScriptKit-t.build/Objects-normal/arm64_32/7187679823f38a2a940e0043cdf9d637-common-args.resp
builtin-ScanDependencies -o /Users/admin/builder/spi-builder-workspace/.derivedData/Build/Intermediates.noindex/JavaScriptKit.build/Debug-watchos/_CJavaScriptKit-t.build/Objects-normal/arm64_32/_CJavaScriptKit.o.scan -- /Applications/Xcode-27.0.0-Release.Candidate.app/Contents/Developer/Toolchains/XcodeDefault.xctoolchain/usr/bin/clang -x c -ivfsstatcache /Users/admin/builder/spi-builder-workspace/.derivedData/SDKStatCaches.noindex/watchos27.0-24R360-e829b21a6f8c9b70876ba0858053c04477534ef55a1706bf4c1112bbb242f0a2.sdkstatcache -target arm64_32-apple-watchos9.0 -fmessage-length\=0 -fdiagnostics-show-note-include-stack -fmacro-backtrace-limit\=0 -fno-color-diagnostics -fmodules-prune-interval\=86400 -fmodules-prune-after\=345600 -fbuild-session-file\=/Users/admin/builder/spi-builder-workspace/.derivedData/ModuleCache.noindex/Session.modulevalidation -fmodules-validate-once-per-build-session -Wnon-modular-include-in-framework-module -Werror\=non-modular-include-in-framework-module -Wno-trigraphs -Wno-missing-field-initializers -Wno-missing-prototypes -Wno-return-type -Wno-missing-braces -Wparentheses -Wswitch -Wno-unused-function -Wno-unused-label -Wno-unused-parameter -Wno-unused-variable -Wunused-value -Wno-empty-body -Wno-uninitialized -Wno-unknown-pragmas -w -Wno-shadow -Wno-four-char-constants -Wno-conversion -Wno-constant-conversion -Wno-int-conversion -Wno-bool-conversion -Wno-enum-conversion -Wno-float-conversion -Wno-non-literal-null-conversion -Wno-objc-literal-conversion -Wno-shorten-64-to-32 -Wpointer-sign -Wno-newline-eof -Wno-implicit-fallthrough -isysroot /Applications/Xcode-27.0.0-Release.Candidate.app/Contents/Developer/Platforms/WatchOS.platform/Developer/SDKs/WatchOS27.0.sdk -fstrict-aliasing -Wdeprecated-declarations -Wno-sign-conversion -Wno-infinite-recursion -Wno-comma -Wno-block-capture-autoreleasing -Wno-strict-prototypes -Wno-semicolon-before-method-body -index-store-path /Users/admin/builder/spi-builder-workspace/.derivedData/Index.noindex/DataStore @/Users/admin/builder/spi-builder-workspace/.derivedData/Build/Intermediates.noindex/JavaScriptKit.build/Debug-watchos/_CJavaScriptKit-t.build/Objects-normal/arm64_32/7187679823f38a2a940e0043cdf9d637-common-args.resp -MMD -MT dependencies -MF /Users/admin/builder/spi-builder-workspace/.derivedData/Build/Intermediates.noindex/JavaScriptKit.build/Debug-watchos/_CJavaScriptKit-t.build/Objects-normal/arm64_32/_CJavaScriptKit.d --serialize-diagnostics /Users/admin/builder/spi-builder-workspace/.derivedData/Build/Intermediates.noindex/JavaScriptKit.build/Debug-watchos/_CJavaScriptKit-t.build/Objects-normal/arm64_32/_CJavaScriptKit.dia -c /Users/admin/builder/spi-builder-workspace/.dependencies/checkouts/JavaScriptKit/Sources/_CJavaScriptKit/_CJavaScriptKit.c -o /Users/admin/builder/spi-builder-workspace/.derivedData/Build/Intermediates.noindex/JavaScriptKit.build/Debug-watchos/_CJavaScriptKit-t.build/Objects-normal/arm64_32/_CJavaScriptKit.o -index-unit-output-path /JavaScriptKit.build/Debug-watchos/_CJavaScriptKit-t.build/Objects-normal/arm64_32/_CJavaScriptKit.o
CompileC /Users/admin/builder/spi-builder-workspace/.derivedData/Build/Intermediates.noindex/OpenCombine.build/Debug-watchos/COpenCombineHelpers-t.build/Objects-normal/arm64/COpenCombineHelpers.o /Users/admin/builder/spi-builder-workspace/.dependencies/checkouts/OpenCombine/Sources/COpenCombineHelpers/COpenCombineHelpers.cpp normal arm64 c++ com.apple.compilers.llvm.clang.1_0.compiler (in target 'COpenCombineHelpers' from project 'OpenCombine')
cd /Users/admin/builder/spi-builder-workspace/.swiftpm/xcode
Using response file: /Users/admin/builder/spi-builder-workspace/.derivedData/Build/Intermediates.noindex/OpenCombine.build/Debug-watchos/COpenCombineHelpers-t.build/Objects-normal/arm64/82b82416624d2658e5098eb0a28c15c5-common-args.resp
/Applications/Xcode-27.0.0-Release.Candidate.app/Contents/Developer/Toolchains/XcodeDefault.xctoolchain/usr/bin/clang -x c++ -ivfsstatcache /Users/admin/builder/spi-builder-workspace/.derivedData/SDKStatCaches.noindex/watchos27.0-24R360-e829b21a6f8c9b70876ba0858053c04477534ef55a1706bf4c1112bbb242f0a2.sdkstatcache -target arm64-apple-watchos9.0 -fmessage-length\=0 -fdiagnostics-show-note-include-stack -fmacro-backtrace-limit\=0 -fno-color-diagnostics -fmodules-prune-interval\=86400 -fmodules-prune-after\=345600 -fbuild-session-file\=/Users/admin/builder/spi-builder-workspace/.derivedData/ModuleCache.noindex/Session.modulevalidation -fmodules-validate-once-per-build-session -Wnon-modular-include-in-framework-module -Werror\=non-modular-include-in-framework-module -Wno-trigraphs -Wno-missing-field-initializers -Wno-missing-prototypes -Wno-return-type -Wno-non-virtual-dtor -Wno-overloaded-virtual -Wno-exit-time-destructors -Wno-missing-braces -Wparentheses -Wswitch -Wno-unused-function -Wno-unused-label -Wno-unused-parameter -Wno-unused-variable -Wunused-value -Wno-empty-body -Wno-uninitialized -Wno-unknown-pragmas -w -Wno-shadow -Wno-four-char-constants -Wno-conversion -Wno-constant-conversion -Wno-int-conversion -Wno-bool-conversion -Wno-enum-conversion -Wno-float-conversion -Wno-non-literal-null-conversion -Wno-objc-literal-conversion -Wshorten-64-to-32 -Wno-newline-eof -Wno-c++11-extensions -Wno-implicit-fallthrough -isysroot /Applications/Xcode-27.0.0-Release.Candidate.app/Contents/Developer/Platforms/WatchOS.platform/Developer/SDKs/WatchOS27.0.sdk -fstrict-aliasing -Wdeprecated-declarations -Winvalid-offsetof -Wno-sign-conversion -Wno-infinite-recursion -Wno-move -Wno-comma -Wno-block-capture-autoreleasing -Wno-strict-prototypes -Wno-range-loop-analysis -Wno-semicolon-before-method-body -index-store-path /Users/admin/builder/spi-builder-workspace/.derivedData/Index.noindex/DataStore @/Users/admin/builder/spi-builder-workspace/.derivedData/Build/Intermediates.noindex/OpenCombine.build/Debug-watchos/COpenCombineHelpers-t.build/Objects-normal/arm64/82b82416624d2658e5098eb0a28c15c5-common-args.resp -MMD -MT dependencies -MF /Users/admin/builder/spi-builder-workspace/.derivedData/Build/Intermediates.noindex/OpenCombine.build/Debug-watchos/COpenCombineHelpers-t.build/Objects-normal/arm64/COpenCombineHelpers.d --serialize-diagnostics /Users/admin/builder/spi-builder-workspace/.derivedData/Build/Intermediates.noindex/OpenCombine.build/Debug-watchos/COpenCombineHelpers-t.build/Objects-normal/arm64/COpenCombineHelpers.dia -c /Users/admin/builder/spi-builder-workspace/.dependencies/checkouts/OpenCombine/Sources/COpenCombineHelpers/COpenCombineHelpers.cpp -o /Users/admin/builder/spi-builder-workspace/.derivedData/Build/Intermediates.noindex/OpenCombine.build/Debug-watchos/COpenCombineHelpers-t.build/Objects-normal/arm64/COpenCombineHelpers.o -index-unit-output-path /OpenCombine.build/Debug-watchos/COpenCombineHelpers-t.build/Objects-normal/arm64/COpenCombineHelpers.o
ScanDependencies /Users/admin/builder/spi-builder-workspace/.derivedData/Build/Intermediates.noindex/Tokamak.build/Debug-watchos/TokamakGTKCHelpers-t.build/Objects-normal/arm64_32/type_check.o /Users/admin/builder/spi-builder-workspace/Sources/TokamakGTKCHelpers/type_check.c normal arm64_32 c com.apple.compilers.llvm.clang.1_0.compiler (in target 'TokamakGTKCHelpers' from project 'Tokamak')
cd /Users/admin/builder/spi-builder-workspace/.swiftpm/xcode
Using response file: /Users/admin/builder/spi-builder-workspace/.derivedData/Build/Intermediates.noindex/Tokamak.build/Debug-watchos/TokamakGTKCHelpers-t.build/Objects-normal/arm64_32/7187679823f38a2a940e0043cdf9d637-common-args.resp
builtin-ScanDependencies -o /Users/admin/builder/spi-builder-workspace/.derivedData/Build/Intermediates.noindex/Tokamak.build/Debug-watchos/TokamakGTKCHelpers-t.build/Objects-normal/arm64_32/type_check.o.scan -- /Applications/Xcode-27.0.0-Release.Candidate.app/Contents/Developer/Toolchains/XcodeDefault.xctoolchain/usr/bin/clang -x c -ivfsstatcache /Users/admin/builder/spi-builder-workspace/.derivedData/SDKStatCaches.noindex/watchos27.0-24R360-e829b21a6f8c9b70876ba0858053c04477534ef55a1706bf4c1112bbb242f0a2.sdkstatcache -target arm64_32-apple-watchos9.0 -fmessage-length\=0 -fdiagnostics-show-note-include-stack -fmacro-backtrace-limit\=0 -fno-color-diagnostics -fmodules-prune-interval\=86400 -fmodules-prune-after\=345600 -fbuild-session-file\=/Users/admin/builder/spi-builder-workspace/.derivedData/ModuleCache.noindex/Session.modulevalidation -fmodules-validate-once-per-build-session -Wnon-modular-include-in-framework-module -Werror\=non-modular-include-in-framework-module -Wno-trigraphs -Wno-missing-field-initializers -Wno-missing-prototypes -Wno-return-type -Wno-missing-braces -Wparentheses -Wswitch -Wno-unused-function -Wno-unused-label -Wno-unused-parameter -Wno-unused-variable -Wunused-value -Wno-empty-body -Wno-uninitialized -Wno-unknown-pragmas -Wno-shadow -Wno-four-char-constants -Wno-conversion -Wno-constant-conversion -Wno-int-conversion -Wno-bool-conversion -Wno-enum-conversion -Wno-float-conversion -Wno-non-literal-null-conversion -Wno-objc-literal-conversion -Wno-shorten-64-to-32 -Wpointer-sign -Wno-newline-eof -Wno-implicit-fallthrough -isysroot /Applications/Xcode-27.0.0-Release.Candidate.app/Contents/Developer/Platforms/WatchOS.platform/Developer/SDKs/WatchOS27.0.sdk -fstrict-aliasing -Wdeprecated-declarations -Wno-sign-conversion -Wno-infinite-recursion -Wno-comma -Wno-block-capture-autoreleasing -Wno-strict-prototypes -Wno-semicolon-before-method-body -index-store-path /Users/admin/builder/spi-builder-workspace/.derivedData/Index.noindex/DataStore @/Users/admin/builder/spi-builder-workspace/.derivedData/Build/Intermediates.noindex/Tokamak.build/Debug-watchos/TokamakGTKCHelpers-t.build/Objects-normal/arm64_32/7187679823f38a2a940e0043cdf9d637-common-args.resp -MMD -MT dependencies -MF /Users/admin/builder/spi-builder-workspace/.derivedData/Build/Intermediates.noindex/Tokamak.build/Debug-watchos/TokamakGTKCHelpers-t.build/Objects-normal/arm64_32/type_check.d --serialize-diagnostics /Users/admin/builder/spi-builder-workspace/.derivedData/Build/Intermediates.noindex/Tokamak.build/Debug-watchos/TokamakGTKCHelpers-t.build/Objects-normal/arm64_32/type_check.dia -c /Users/admin/builder/spi-builder-workspace/Sources/TokamakGTKCHelpers/type_check.c -o /Users/admin/builder/spi-builder-workspace/.derivedData/Build/Intermediates.noindex/Tokamak.build/Debug-watchos/TokamakGTKCHelpers-t.build/Objects-normal/arm64_32/type_check.o -index-unit-output-path /Tokamak.build/Debug-watchos/TokamakGTKCHelpers-t.build/Objects-normal/arm64_32/type_check.o
/Users/admin/builder/spi-builder-workspace/Sources/TokamakGTKCHelpers/include/type_check.h:2:10: error: 'gtk/gtk.h' file not found (in target 'TokamakGTKCHelpers' from project 'Tokamak')
/Users/admin/builder/spi-builder-workspace/Sources/TokamakGTKCHelpers/type_check.c:1:10: note: in file included from /Users/admin/builder/spi-builder-workspace/Sources/TokamakGTKCHelpers/type_check.c:1:
ScanDependencies /Users/admin/builder/spi-builder-workspace/.derivedData/Build/Intermediates.noindex/JavaScriptKit.build/Debug-watchos/_CJavaScriptKit-t.build/Objects-normal/arm64/_CJavaScriptKit.o /Users/admin/builder/spi-builder-workspace/.dependencies/checkouts/JavaScriptKit/Sources/_CJavaScriptKit/_CJavaScriptKit.c normal arm64 c com.apple.compilers.llvm.clang.1_0.compiler (in target '_CJavaScriptKit' from project 'JavaScriptKit')
cd /Users/admin/builder/spi-builder-workspace/.swiftpm/xcode
Using response file: /Users/admin/builder/spi-builder-workspace/.derivedData/Build/Intermediates.noindex/JavaScriptKit.build/Debug-watchos/_CJavaScriptKit-t.build/Objects-normal/arm64/7187679823f38a2a940e0043cdf9d637-common-args.resp
builtin-ScanDependencies -o /Users/admin/builder/spi-builder-workspace/.derivedData/Build/Intermediates.noindex/JavaScriptKit.build/Debug-watchos/_CJavaScriptKit-t.build/Objects-normal/arm64/_CJavaScriptKit.o.scan -- /Applications/Xcode-27.0.0-Release.Candidate.app/Contents/Developer/Toolchains/XcodeDefault.xctoolchain/usr/bin/clang -x c -ivfsstatcache /Users/admin/builder/spi-builder-workspace/.derivedData/SDKStatCaches.noindex/watchos27.0-24R360-e829b21a6f8c9b70876ba0858053c04477534ef55a1706bf4c1112bbb242f0a2.sdkstatcache -target arm64-apple-watchos9.0 -fmessage-length\=0 -fdiagnostics-show-note-include-stack -fmacro-backtrace-limit\=0 -fno-color-diagnostics -fmodules-prune-interval\=86400 -fmodules-prune-after\=345600 -fbuild-session-file\=/Users/admin/builder/spi-builder-workspace/.derivedData/ModuleCache.noindex/Session.modulevalidation -fmodules-validate-once-per-build-session -Wnon-modular-include-in-framework-module -Werror\=non-modular-include-in-framework-module -Wno-trigraphs -Wno-missing-field-initializers -Wno-missing-prototypes -Wno-return-type -Wno-missing-braces -Wparentheses -Wswitch -Wno-unused-function -Wno-unused-label -Wno-unused-parameter -Wno-unused-variable -Wunused-value -Wno-empty-body -Wno-uninitialized -Wno-unknown-pragmas -w -Wno-shadow -Wno-four-char-constants -Wno-conversion -Wno-constant-conversion -Wno-int-conversion -Wno-bool-conversion -Wno-enum-conversion -Wno-float-conversion -Wno-non-literal-null-conversion -Wno-objc-literal-conversion -Wshorten-64-to-32 -Wpointer-sign -Wno-newline-eof -Wno-implicit-fallthrough -isysroot /Applications/Xcode-27.0.0-Release.Candidate.app/Contents/Developer/Platforms/WatchOS.platform/Developer/SDKs/WatchOS27.0.sdk -fstrict-aliasing -Wdeprecated-declarations -Wno-sign-conversion -Wno-infinite-recursion -Wno-comma -Wno-block-capture-autoreleasing -Wno-strict-prototypes -Wno-semicolon-before-method-body -index-store-path /Users/admin/builder/spi-builder-workspace/.derivedData/Index.noindex/DataStore @/Users/admin/builder/spi-builder-workspace/.derivedData/Build/Intermediates.noindex/JavaScriptKit.build/Debug-watchos/_CJavaScriptKit-t.build/Objects-normal/arm64/7187679823f38a2a940e0043cdf9d637-common-args.resp -MMD -MT dependencies -MF /Users/admin/builder/spi-builder-workspace/.derivedData/Build/Intermediates.noindex/JavaScriptKit.build/Debug-watchos/_CJavaScriptKit-t.build/Objects-normal/arm64/_CJavaScriptKit.d --serialize-diagnostics /Users/admin/builder/spi-builder-workspace/.derivedData/Build/Intermediates.noindex/JavaScriptKit.build/Debug-watchos/_CJavaScriptKit-t.build/Objects-normal/arm64/_CJavaScriptKit.dia -c /Users/admin/builder/spi-builder-workspace/.dependencies/checkouts/JavaScriptKit/Sources/_CJavaScriptKit/_CJavaScriptKit.c -o /Users/admin/builder/spi-builder-workspace/.derivedData/Build/Intermediates.noindex/JavaScriptKit.build/Debug-watchos/_CJavaScriptKit-t.build/Objects-normal/arm64/_CJavaScriptKit.o -index-unit-output-path /JavaScriptKit.build/Debug-watchos/_CJavaScriptKit-t.build/Objects-normal/arm64/_CJavaScriptKit.o
SwiftDriver JavaScriptKit normal arm64_32 com.apple.xcode.tools.swift.compiler (in target 'JavaScriptKit' from project 'JavaScriptKit')
cd /Users/admin/builder/spi-builder-workspace/.swiftpm/xcode
builtin-SwiftDriver -- /Applications/Xcode-27.0.0-Release.Candidate.app/Contents/Developer/Toolchains/XcodeDefault.xctoolchain/usr/bin/swiftc -parse-as-library -module-name JavaScriptKit -Onone @/Users/admin/builder/spi-builder-workspace/.derivedData/Build/Intermediates.noindex/JavaScriptKit.build/Debug-watchos/JavaScriptKit-t.build/Objects-normal/arm64_32/JavaScriptKit.SwiftFileList -DSWIFT_PACKAGE -DDEBUG -DSWIFT_MODULE_RESOURCE_BUNDLE_UNAVAILABLE -Xcc -fmodule-map-file\=/Users/admin/builder/spi-builder-workspace/.dependencies/checkouts/JavaScriptKit/Sources/_CJavaScriptKit/include/module.modulemap -DXcode -plugin-path /Applications/Xcode-27.0.0-Release.Candidate.app/Contents/Developer/Toolchains/XcodeDefault.xctoolchain/usr/lib/swift/host/plugins/testing -enable-experimental-feature DebugDescriptionMacro -sdk /Applications/Xcode-27.0.0-Release.Candidate.app/Contents/Developer/Platforms/WatchOS.platform/Developer/SDKs/WatchOS27.0.sdk -target arm64_32-apple-watchos9.0 -g -module-cache-path /Users/admin/builder/spi-builder-workspace/.derivedData/ModuleCache.noindex -Xfrontend -serialize-debugging-options -profile-coverage-mapping -profile-generate -enable-testing -suppress-warnings -index-store-path /Users/admin/builder/spi-builder-workspace/.derivedData/Index.noindex/DataStore -Xcc -D_LIBCPP_HARDENING_MODE\=_LIBCPP_HARDENING_MODE_DEBUG -swift-version 6 -I /Users/admin/builder/spi-builder-workspace/.derivedData/Build/Products/Debug-watchos -Isystem /Applications/Xcode-27.0.0-Release.Candidate.app/Contents/Developer/Platforms/WatchOS.platform/Developer/usr/lib -F /Users/admin/builder/spi-builder-workspace/.derivedData/Build/Products/Debug-watchos/PackageFrameworks -F /Users/admin/builder/spi-builder-workspace/.derivedData/Build/Products/Debug-watchos -F /Applications/Xcode-27.0.0-Release.Candidate.app/Contents/Developer/Platforms/WatchOS.platform/Developer/Library/Frameworks -F /Applications/Xcode-27.0.0-Release.Candidate.app/Contents/Developer/Platforms/WatchOS.platform/Developer/SDKs/WatchOS27.0.sdk/Developer/Library/Frameworks -c -j10 -enable-batch-mode -incremental -Xcc -ivfsstatcache -Xcc /Users/admin/builder/spi-builder-workspace/.derivedData/SDKStatCaches.noindex/watchos27.0-24R360-e829b21a6f8c9b70876ba0858053c04477534ef55a1706bf4c1112bbb242f0a2.sdkstatcache -output-file-map /Users/admin/builder/spi-builder-workspace/.derivedData/Build/Intermediates.noindex/JavaScriptKit.build/Debug-watchos/JavaScriptKit-t.build/Objects-normal/arm64_32/JavaScriptKit-OutputFileMap.json -save-temps -no-color-diagnostics -explicit-module-build -module-cache-path /Users/admin/builder/spi-builder-workspace/.derivedData/Build/Intermediates.noindex/SwiftExplicitPrecompiledModules -clang-scanner-module-cache-path /Users/admin/builder/spi-builder-workspace/.derivedData/ModuleCache.noindex -sdk-module-cache-path /Users/admin/builder/spi-builder-workspace/.derivedData/SDKExplicitPrecompiledModules -emit-dependencies -emit-module -emit-module-path /Users/admin/builder/spi-builder-workspace/.derivedData/Build/Intermediates.noindex/JavaScriptKit.build/Debug-watchos/JavaScriptKit-t.build/Objects-normal/arm64_32/JavaScriptKit.swiftmodule -serialize-diagnostics -dependency-scan-serialize-diagnostics-path /Users/admin/builder/spi-builder-workspace/.derivedData/Build/Intermediates.noindex/JavaScriptKit.build/Debug-watchos/JavaScriptKit-t.build/Objects-normal/arm64_32/JavaScriptKit-dependency-scan.dia -user-module-version 0.26.2 -validate-clang-modules-once -clang-build-session-file /Users/admin/builder/spi-builder-workspace/.derivedData/ModuleCache.noindex/Session.modulevalidation -Xcc -fmodules-prune-interval\=86400 -Xcc -fmodules-prune-after\=345600 -package-name javascriptkit -emit-const-values -const-gather-protocols-list /Users/admin/builder/spi-builder-workspace/.derivedData/Build/Intermediates.noindex/JavaScriptKit.build/Debug-watchos/JavaScriptKit-t.build/Objects-normal/arm64_32/JavaScriptKit_const_extract_protocols.json -Xcc -I/Users/admin/builder/spi-builder-workspace/.dependencies/checkouts/JavaScriptKit/Sources/_CJavaScriptKit/include -Xcc -I/Users/admin/builder/spi-builder-workspace/.derivedData/Build/Products/Debug-watchos/include -Xcc -I/Users/admin/builder/spi-builder-workspace/.derivedData/Build/Intermediates.noindex/JavaScriptKit.build/Debug-watchos/JavaScriptKit-t.build/DerivedSources-normal/arm64_32 -Xcc -I/Users/admin/builder/spi-builder-workspace/.derivedData/Build/Intermediates.noindex/JavaScriptKit.build/Debug-watchos/JavaScriptKit-t.build/DerivedSources/arm64_32 -Xcc -I/Users/admin/builder/spi-builder-workspace/.derivedData/Build/Intermediates.noindex/JavaScriptKit.build/Debug-watchos/JavaScriptKit-t.build/DerivedSources -Xcc -DSWIFT_PACKAGE -Xcc -DDEBUG\=1 -emit-objc-header -emit-objc-header-path /Users/admin/builder/spi-builder-workspace/.derivedData/Build/Intermediates.noindex/JavaScriptKit.build/Debug-watchos/JavaScriptKit-t.build/Objects-normal/arm64_32/JavaScriptKit-Swift.h -working-directory /Users/admin/builder/spi-builder-workspace/.swiftpm/xcode -experimental-emit-module-separately -disable-cmo
SwiftDriver OpenCombine normal arm64_32 com.apple.xcode.tools.swift.compiler (in target 'OpenCombine' from project 'OpenCombine')
cd /Users/admin/builder/spi-builder-workspace/.swiftpm/xcode
builtin-SwiftDriver -- /Applications/Xcode-27.0.0-Release.Candidate.app/Contents/Developer/Toolchains/XcodeDefault.xctoolchain/usr/bin/swiftc -parse-as-library -module-name OpenCombine -Onone @/Users/admin/builder/spi-builder-workspace/.derivedData/Build/Intermediates.noindex/OpenCombine.build/Debug-watchos/OpenCombine-t.build/Objects-normal/arm64_32/OpenCombine.SwiftFileList -DSWIFT_PACKAGE -DDEBUG -DSWIFT_MODULE_RESOURCE_BUNDLE_UNAVAILABLE -Xcc -fmodule-map-file\=/Users/admin/builder/spi-builder-workspace/.derivedData/Build/Intermediates.noindex/GeneratedModuleMaps-watchos/COpenCombineHelpers.modulemap -DXcode -plugin-path /Applications/Xcode-27.0.0-Release.Candidate.app/Contents/Developer/Toolchains/XcodeDefault.xctoolchain/usr/lib/swift/host/plugins/testing -enable-experimental-feature DebugDescriptionMacro -sdk /Applications/Xcode-27.0.0-Release.Candidate.app/Contents/Developer/Platforms/WatchOS.platform/Developer/SDKs/WatchOS27.0.sdk -target arm64_32-apple-watchos9.0 -g -module-cache-path /Users/admin/builder/spi-builder-workspace/.derivedData/ModuleCache.noindex -Xfrontend -serialize-debugging-options -profile-coverage-mapping -profile-generate -enable-testing -suppress-warnings -index-store-path /Users/admin/builder/spi-builder-workspace/.derivedData/Index.noindex/DataStore -Xcc -D_LIBCPP_HARDENING_MODE\=_LIBCPP_HARDENING_MODE_DEBUG -swift-version 5 -I /Users/admin/builder/spi-builder-workspace/.derivedData/Build/Products/Debug-watchos -Isystem /Applications/Xcode-27.0.0-Release.Candidate.app/Contents/Developer/Platforms/WatchOS.platform/Developer/usr/lib -F /Users/admin/builder/spi-builder-workspace/.derivedData/Build/Products/Debug-watchos/PackageFrameworks -F /Users/admin/builder/spi-builder-workspace/.derivedData/Build/Products/Debug-watchos -F /Applications/Xcode-27.0.0-Release.Candidate.app/Contents/Developer/Platforms/WatchOS.platform/Developer/Library/Frameworks -F /Applications/Xcode-27.0.0-Release.Candidate.app/Contents/Developer/Platforms/WatchOS.platform/Developer/SDKs/WatchOS27.0.sdk/Developer/Library/Frameworks -c -j10 -enable-batch-mode -incremental -Xcc -ivfsstatcache -Xcc /Users/admin/builder/spi-builder-workspace/.derivedData/SDKStatCaches.noindex/watchos27.0-24R360-e829b21a6f8c9b70876ba0858053c04477534ef55a1706bf4c1112bbb242f0a2.sdkstatcache -output-file-map /Users/admin/builder/spi-builder-workspace/.derivedData/Build/Intermediates.noindex/OpenCombine.build/Debug-watchos/OpenCombine-t.build/Objects-normal/arm64_32/OpenCombine-OutputFileMap.json -save-temps -no-color-diagnostics -explicit-module-build -module-cache-path /Users/admin/builder/spi-builder-workspace/.derivedData/Build/Intermediates.noindex/SwiftExplicitPrecompiledModules -clang-scanner-module-cache-path /Users/admin/builder/spi-builder-workspace/.derivedData/ModuleCache.noindex -sdk-module-cache-path /Users/admin/builder/spi-builder-workspace/.derivedData/SDKExplicitPrecompiledModules -emit-dependencies -emit-module -emit-module-path /Users/admin/builder/spi-builder-workspace/.derivedData/Build/Intermediates.noindex/OpenCombine.build/Debug-watchos/OpenCombine-t.build/Objects-normal/arm64_32/OpenCombine.swiftmodule -serialize-diagnostics -dependency-scan-serialize-diagnostics-path /Users/admin/builder/spi-builder-workspace/.derivedData/Build/Intermediates.noindex/OpenCombine.build/Debug-watchos/OpenCombine-t.build/Objects-normal/arm64_32/OpenCombine-dependency-scan.dia -validate-clang-modules-once -clang-build-session-file /Users/admin/builder/spi-builder-workspace/.derivedData/ModuleCache.noindex/Session.modulevalidation -Xcc -fmodules-prune-interval\=86400 -Xcc -fmodules-prune-after\=345600 -emit-const-values -const-gather-protocols-list /Users/admin/builder/spi-builder-workspace/.derivedData/Build/Intermediates.noindex/OpenCombine.build/Debug-watchos/OpenCombine-t.build/Objects-normal/arm64_32/OpenCombine_const_extract_protocols.json -Xcc -I/Users/admin/builder/spi-builder-workspace/.dependencies/checkouts/OpenCombine/Sources/COpenCombineHelpers/include -Xcc -I/Users/admin/builder/spi-builder-workspace/.derivedData/Build/Products/Debug-watchos/include -Xcc -I/Users/admin/builder/spi-builder-workspace/.derivedData/Build/Intermediates.noindex/OpenCombine.build/Debug-watchos/OpenCombine-t.build/DerivedSources-normal/arm64_32 -Xcc -I/Users/admin/builder/spi-builder-workspace/.derivedData/Build/Intermediates.noindex/OpenCombine.build/Debug-watchos/OpenCombine-t.build/DerivedSources/arm64_32 -Xcc -I/Users/admin/builder/spi-builder-workspace/.derivedData/Build/Intermediates.noindex/OpenCombine.build/Debug-watchos/OpenCombine-t.build/DerivedSources -Xcc -DSWIFT_PACKAGE -Xcc -DDEBUG\=1 -emit-objc-header -emit-objc-header-path /Users/admin/builder/spi-builder-workspace/.derivedData/Build/Intermediates.noindex/OpenCombine.build/Debug-watchos/OpenCombine-t.build/Objects-normal/arm64_32/OpenCombine-Swift.h -working-directory /Users/admin/builder/spi-builder-workspace/.swiftpm/xcode -experimental-emit-module-separately -disable-cmo
SwiftDriver OpenCombine normal arm64 com.apple.xcode.tools.swift.compiler (in target 'OpenCombine' from project 'OpenCombine')
cd /Users/admin/builder/spi-builder-workspace/.swiftpm/xcode
builtin-SwiftDriver -- /Applications/Xcode-27.0.0-Release.Candidate.app/Contents/Developer/Toolchains/XcodeDefault.xctoolchain/usr/bin/swiftc -parse-as-library -module-name OpenCombine -Onone @/Users/admin/builder/spi-builder-workspace/.derivedData/Build/Intermediates.noindex/OpenCombine.build/Debug-watchos/OpenCombine-t.build/Objects-normal/arm64/OpenCombine.SwiftFileList -DSWIFT_PACKAGE -DDEBUG -DSWIFT_MODULE_RESOURCE_BUNDLE_UNAVAILABLE -Xcc -fmodule-map-file\=/Users/admin/builder/spi-builder-workspace/.derivedData/Build/Intermediates.noindex/GeneratedModuleMaps-watchos/COpenCombineHelpers.modulemap -DXcode -plugin-path /Applications/Xcode-27.0.0-Release.Candidate.app/Contents/Developer/Toolchains/XcodeDefault.xctoolchain/usr/lib/swift/host/plugins/testing -enable-experimental-feature DebugDescriptionMacro -sdk /Applications/Xcode-27.0.0-Release.Candidate.app/Contents/Developer/Platforms/WatchOS.platform/Developer/SDKs/WatchOS27.0.sdk -target arm64-apple-watchos9.0 -g -module-cache-path /Users/admin/builder/spi-builder-workspace/.derivedData/ModuleCache.noindex -Xfrontend -serialize-debugging-options -profile-coverage-mapping -profile-generate -enable-testing -suppress-warnings -index-store-path /Users/admin/builder/spi-builder-workspace/.derivedData/Index.noindex/DataStore -Xcc -D_LIBCPP_HARDENING_MODE\=_LIBCPP_HARDENING_MODE_DEBUG -swift-version 5 -I /Users/admin/builder/spi-builder-workspace/.derivedData/Build/Products/Debug-watchos -Isystem /Applications/Xcode-27.0.0-Release.Candidate.app/Contents/Developer/Platforms/WatchOS.platform/Developer/usr/lib -F /Users/admin/builder/spi-builder-workspace/.derivedData/Build/Products/Debug-watchos/PackageFrameworks -F /Users/admin/builder/spi-builder-workspace/.derivedData/Build/Products/Debug-watchos -F /Applications/Xcode-27.0.0-Release.Candidate.app/Contents/Developer/Platforms/WatchOS.platform/Developer/Library/Frameworks -F /Applications/Xcode-27.0.0-Release.Candidate.app/Contents/Developer/Platforms/WatchOS.platform/Developer/SDKs/WatchOS27.0.sdk/Developer/Library/Frameworks -c -j10 -enable-batch-mode -incremental -Xcc -ivfsstatcache -Xcc /Users/admin/builder/spi-builder-workspace/.derivedData/SDKStatCaches.noindex/watchos27.0-24R360-e829b21a6f8c9b70876ba0858053c04477534ef55a1706bf4c1112bbb242f0a2.sdkstatcache -output-file-map /Users/admin/builder/spi-builder-workspace/.derivedData/Build/Intermediates.noindex/OpenCombine.build/Debug-watchos/OpenCombine-t.build/Objects-normal/arm64/OpenCombine-OutputFileMap.json -save-temps -no-color-diagnostics -explicit-module-build -module-cache-path /Users/admin/builder/spi-builder-workspace/.derivedData/Build/Intermediates.noindex/SwiftExplicitPrecompiledModules -clang-scanner-module-cache-path /Users/admin/builder/spi-builder-workspace/.derivedData/ModuleCache.noindex -sdk-module-cache-path /Users/admin/builder/spi-builder-workspace/.derivedData/SDKExplicitPrecompiledModules -emit-dependencies -emit-module -emit-module-path /Users/admin/builder/spi-builder-workspace/.derivedData/Build/Intermediates.noindex/OpenCombine.build/Debug-watchos/OpenCombine-t.build/Objects-normal/arm64/OpenCombine.swiftmodule -serialize-diagnostics -dependency-scan-serialize-diagnostics-path /Users/admin/builder/spi-builder-workspace/.derivedData/Build/Intermediates.noindex/OpenCombine.build/Debug-watchos/OpenCombine-t.build/Objects-normal/arm64/OpenCombine-dependency-scan.dia -validate-clang-modules-once -clang-build-session-file /Users/admin/builder/spi-builder-workspace/.derivedData/ModuleCache.noindex/Session.modulevalidation -Xcc -fmodules-prune-interval\=86400 -Xcc -fmodules-prune-after\=345600 -emit-const-values -const-gather-protocols-list /Users/admin/builder/spi-builder-workspace/.derivedData/Build/Intermediates.noindex/OpenCombine.build/Debug-watchos/OpenCombine-t.build/Objects-normal/arm64/OpenCombine_const_extract_protocols.json -Xcc -I/Users/admin/builder/spi-builder-workspace/.dependencies/checkouts/OpenCombine/Sources/COpenCombineHelpers/include -Xcc -I/Users/admin/builder/spi-builder-workspace/.derivedData/Build/Products/Debug-watchos/include -Xcc -I/Users/admin/builder/spi-builder-workspace/.derivedData/Build/Intermediates.noindex/OpenCombine.build/Debug-watchos/OpenCombine-t.build/DerivedSources-normal/arm64 -Xcc -I/Users/admin/builder/spi-builder-workspace/.derivedData/Build/Intermediates.noindex/OpenCombine.build/Debug-watchos/OpenCombine-t.build/DerivedSources/arm64 -Xcc -I/Users/admin/builder/spi-builder-workspace/.derivedData/Build/Intermediates.noindex/OpenCombine.build/Debug-watchos/OpenCombine-t.build/DerivedSources -Xcc -DSWIFT_PACKAGE -Xcc -DDEBUG\=1 -emit-objc-header -emit-objc-header-path /Users/admin/builder/spi-builder-workspace/.derivedData/Build/Intermediates.noindex/OpenCombine.build/Debug-watchos/OpenCombine-t.build/Objects-normal/arm64/OpenCombine-Swift.h -working-directory /Users/admin/builder/spi-builder-workspace/.swiftpm/xcode -experimental-emit-module-separately -disable-cmo
SwiftDriver ArgumentParserToolInfo normal arm64 com.apple.xcode.tools.swift.compiler (in target 'ArgumentParserToolInfo' from project 'swift-argument-parser')
cd /Users/admin/builder/spi-builder-workspace/.swiftpm/xcode
builtin-SwiftDriver -- /Applications/Xcode-27.0.0-Release.Candidate.app/Contents/Developer/Toolchains/XcodeDefault.xctoolchain/usr/bin/swiftc -parse-as-library -module-name ArgumentParserToolInfo -Onone @/Users/admin/builder/spi-builder-workspace/.derivedData/Build/Intermediates.noindex/swift-argument-parser.build/Debug-watchos/ArgumentParserToolInfo-t.build/Objects-normal/arm64/ArgumentParserToolInfo.SwiftFileList -DSWIFT_PACKAGE -DDEBUG -DSWIFT_MODULE_RESOURCE_BUNDLE_UNAVAILABLE -DXcode -plugin-path /Applications/Xcode-27.0.0-Release.Candidate.app/Contents/Developer/Toolchains/XcodeDefault.xctoolchain/usr/lib/swift/host/plugins/testing -enable-experimental-feature DebugDescriptionMacro -sdk /Applications/Xcode-27.0.0-Release.Candidate.app/Contents/Developer/Platforms/WatchOS.platform/Developer/SDKs/WatchOS27.0.sdk -target arm64-apple-watchos9.0 -g -module-cache-path /Users/admin/builder/spi-builder-workspace/.derivedData/ModuleCache.noindex -Xfrontend -serialize-debugging-options -profile-coverage-mapping -profile-generate -enable-testing -suppress-warnings -index-store-path /Users/admin/builder/spi-builder-workspace/.derivedData/Index.noindex/DataStore -Xcc -D_LIBCPP_HARDENING_MODE\=_LIBCPP_HARDENING_MODE_DEBUG -swift-version 6 -I /Users/admin/builder/spi-builder-workspace/.derivedData/Build/Products/Debug-watchos -Isystem /Applications/Xcode-27.0.0-Release.Candidate.app/Contents/Developer/Platforms/WatchOS.platform/Developer/usr/lib -F /Users/admin/builder/spi-builder-workspace/.derivedData/Build/Products/Debug-watchos -F /Applications/Xcode-27.0.0-Release.Candidate.app/Contents/Developer/Platforms/WatchOS.platform/Developer/Library/Frameworks -F /Applications/Xcode-27.0.0-Release.Candidate.app/Contents/Developer/Platforms/WatchOS.platform/Developer/SDKs/WatchOS27.0.sdk/Developer/Library/Frameworks -c -j10 -enable-batch-mode -incremental -Xcc -ivfsstatcache -Xcc /Users/admin/builder/spi-builder-workspace/.derivedData/SDKStatCaches.noindex/watchos27.0-24R360-e829b21a6f8c9b70876ba0858053c04477534ef55a1706bf4c1112bbb242f0a2.sdkstatcache -output-file-map /Users/admin/builder/spi-builder-workspace/.derivedData/Build/Intermediates.noindex/swift-argument-parser.build/Debug-watchos/ArgumentParserToolInfo-t.build/Objects-normal/arm64/ArgumentParserToolInfo-OutputFileMap.json -save-temps -no-color-diagnostics -explicit-module-build -module-cache-path /Users/admin/builder/spi-builder-workspace/.derivedData/Build/Intermediates.noindex/SwiftExplicitPrecompiledModules -clang-scanner-module-cache-path /Users/admin/builder/spi-builder-workspace/.derivedData/ModuleCache.noindex -sdk-module-cache-path /Users/admin/builder/spi-builder-workspace/.derivedData/SDKExplicitPrecompiledModules -emit-dependencies -emit-module -emit-module-path /Users/admin/builder/spi-builder-workspace/.derivedData/Build/Intermediates.noindex/swift-argument-parser.build/Debug-watchos/ArgumentParserToolInfo-t.build/Objects-normal/arm64/ArgumentParserToolInfo.swiftmodule -serialize-diagnostics -dependency-scan-serialize-diagnostics-path /Users/admin/builder/spi-builder-workspace/.derivedData/Build/Intermediates.noindex/swift-argument-parser.build/Debug-watchos/ArgumentParserToolInfo-t.build/Objects-normal/arm64/ArgumentParserToolInfo-dependency-scan.dia -user-module-version 1.8.2 -validate-clang-modules-once -clang-build-session-file /Users/admin/builder/spi-builder-workspace/.derivedData/ModuleCache.noindex/Session.modulevalidation -Xcc -fmodules-prune-interval\=86400 -Xcc -fmodules-prune-after\=345600 -package-name swift_argument_parser -emit-const-values -const-gather-protocols-list /Users/admin/builder/spi-builder-workspace/.derivedData/Build/Intermediates.noindex/swift-argument-parser.build/Debug-watchos/ArgumentParserToolInfo-t.build/Objects-normal/arm64/ArgumentParserToolInfo_const_extract_protocols.json -Xcc -I/Users/admin/builder/spi-builder-workspace/.derivedData/Build/Products/Debug-watchos/include -Xcc -I/Users/admin/builder/spi-builder-workspace/.derivedData/Build/Intermediates.noindex/swift-argument-parser.build/Debug-watchos/ArgumentParserToolInfo-t.build/DerivedSources-normal/arm64 -Xcc -I/Users/admin/builder/spi-builder-workspace/.derivedData/Build/Intermediates.noindex/swift-argument-parser.build/Debug-watchos/ArgumentParserToolInfo-t.build/DerivedSources/arm64 -Xcc -I/Users/admin/builder/spi-builder-workspace/.derivedData/Build/Intermediates.noindex/swift-argument-parser.build/Debug-watchos/ArgumentParserToolInfo-t.build/DerivedSources -Xcc -DSWIFT_PACKAGE -Xcc -DDEBUG\=1 -emit-objc-header -emit-objc-header-path /Users/admin/builder/spi-builder-workspace/.derivedData/Build/Intermediates.noindex/swift-argument-parser.build/Debug-watchos/ArgumentParserToolInfo-t.build/Objects-normal/arm64/ArgumentParserToolInfo-Swift.h -working-directory /Users/admin/builder/spi-builder-workspace/.swiftpm/xcode -experimental-emit-module-separately -disable-cmo
SwiftDriver JavaScriptKit normal arm64 com.apple.xcode.tools.swift.compiler (in target 'JavaScriptKit' from project 'JavaScriptKit')
cd /Users/admin/builder/spi-builder-workspace/.swiftpm/xcode
builtin-SwiftDriver -- /Applications/Xcode-27.0.0-Release.Candidate.app/Contents/Developer/Toolchains/XcodeDefault.xctoolchain/usr/bin/swiftc -parse-as-library -module-name JavaScriptKit -Onone @/Users/admin/builder/spi-builder-workspace/.derivedData/Build/Intermediates.noindex/JavaScriptKit.build/Debug-watchos/JavaScriptKit-t.build/Objects-normal/arm64/JavaScriptKit.SwiftFileList -DSWIFT_PACKAGE -DDEBUG -DSWIFT_MODULE_RESOURCE_BUNDLE_UNAVAILABLE -Xcc -fmodule-map-file\=/Users/admin/builder/spi-builder-workspace/.dependencies/checkouts/JavaScriptKit/Sources/_CJavaScriptKit/include/module.modulemap -DXcode -plugin-path /Applications/Xcode-27.0.0-Release.Candidate.app/Contents/Developer/Toolchains/XcodeDefault.xctoolchain/usr/lib/swift/host/plugins/testing -enable-experimental-feature DebugDescriptionMacro -sdk /Applications/Xcode-27.0.0-Release.Candidate.app/Contents/Developer/Platforms/WatchOS.platform/Developer/SDKs/WatchOS27.0.sdk -target arm64-apple-watchos9.0 -g -module-cache-path /Users/admin/builder/spi-builder-workspace/.derivedData/ModuleCache.noindex -Xfrontend -serialize-debugging-options -profile-coverage-mapping -profile-generate -enable-testing -suppress-warnings -index-store-path /Users/admin/builder/spi-builder-workspace/.derivedData/Index.noindex/DataStore -Xcc -D_LIBCPP_HARDENING_MODE\=_LIBCPP_HARDENING_MODE_DEBUG -swift-version 6 -I /Users/admin/builder/spi-builder-workspace/.derivedData/Build/Products/Debug-watchos -Isystem /Applications/Xcode-27.0.0-Release.Candidate.app/Contents/Developer/Platforms/WatchOS.platform/Developer/usr/lib -F /Users/admin/builder/spi-builder-workspace/.derivedData/Build/Products/Debug-watchos/PackageFrameworks -F /Users/admin/builder/spi-builder-workspace/.derivedData/Build/Products/Debug-watchos -F /Applications/Xcode-27.0.0-Release.Candidate.app/Contents/Developer/Platforms/WatchOS.platform/Developer/Library/Frameworks -F /Applications/Xcode-27.0.0-Release.Candidate.app/Contents/Developer/Platforms/WatchOS.platform/Developer/SDKs/WatchOS27.0.sdk/Developer/Library/Frameworks -c -j10 -enable-batch-mode -incremental -Xcc -ivfsstatcache -Xcc /Users/admin/builder/spi-builder-workspace/.derivedData/SDKStatCaches.noindex/watchos27.0-24R360-e829b21a6f8c9b70876ba0858053c04477534ef55a1706bf4c1112bbb242f0a2.sdkstatcache -output-file-map /Users/admin/builder/spi-builder-workspace/.derivedData/Build/Intermediates.noindex/JavaScriptKit.build/Debug-watchos/JavaScriptKit-t.build/Objects-normal/arm64/JavaScriptKit-OutputFileMap.json -save-temps -no-color-diagnostics -explicit-module-build -module-cache-path /Users/admin/builder/spi-builder-workspace/.derivedData/Build/Intermediates.noindex/SwiftExplicitPrecompiledModules -clang-scanner-module-cache-path /Users/admin/builder/spi-builder-workspace/.derivedData/ModuleCache.noindex -sdk-module-cache-path /Users/admin/builder/spi-builder-workspace/.derivedData/SDKExplicitPrecompiledModules -emit-dependencies -emit-module -emit-module-path /Users/admin/builder/spi-builder-workspace/.derivedData/Build/Intermediates.noindex/JavaScriptKit.build/Debug-watchos/JavaScriptKit-t.build/Objects-normal/arm64/JavaScriptKit.swiftmodule -serialize-diagnostics -dependency-scan-serialize-diagnostics-path /Users/admin/builder/spi-builder-workspace/.derivedData/Build/Intermediates.noindex/JavaScriptKit.build/Debug-watchos/JavaScriptKit-t.build/Objects-normal/arm64/JavaScriptKit-dependency-scan.dia -user-module-version 0.26.2 -validate-clang-modules-once -clang-build-session-file /Users/admin/builder/spi-builder-workspace/.derivedData/ModuleCache.noindex/Session.modulevalidation -Xcc -fmodules-prune-interval\=86400 -Xcc -fmodules-prune-after\=345600 -package-name javascriptkit -emit-const-values -const-gather-protocols-list /Users/admin/builder/spi-builder-workspace/.derivedData/Build/Intermediates.noindex/JavaScriptKit.build/Debug-watchos/JavaScriptKit-t.build/Objects-normal/arm64/JavaScriptKit_const_extract_protocols.json -Xcc -I/Users/admin/builder/spi-builder-workspace/.dependencies/checkouts/JavaScriptKit/Sources/_CJavaScriptKit/include -Xcc -I/Users/admin/builder/spi-builder-workspace/.derivedData/Build/Products/Debug-watchos/include -Xcc -I/Users/admin/builder/spi-builder-workspace/.derivedData/Build/Intermediates.noindex/JavaScriptKit.build/Debug-watchos/JavaScriptKit-t.build/DerivedSources-normal/arm64 -Xcc -I/Users/admin/builder/spi-builder-workspace/.derivedData/Build/Intermediates.noindex/JavaScriptKit.build/Debug-watchos/JavaScriptKit-t.build/DerivedSources/arm64 -Xcc -I/Users/admin/builder/spi-builder-workspace/.derivedData/Build/Intermediates.noindex/JavaScriptKit.build/Debug-watchos/JavaScriptKit-t.build/DerivedSources -Xcc -DSWIFT_PACKAGE -Xcc -DDEBUG\=1 -emit-objc-header -emit-objc-header-path /Users/admin/builder/spi-builder-workspace/.derivedData/Build/Intermediates.noindex/JavaScriptKit.build/Debug-watchos/JavaScriptKit-t.build/Objects-normal/arm64/JavaScriptKit-Swift.h -working-directory /Users/admin/builder/spi-builder-workspace/.swiftpm/xcode -experimental-emit-module-separately -disable-cmo
SwiftDriver ArgumentParserToolInfo normal arm64_32 com.apple.xcode.tools.swift.compiler (in target 'ArgumentParserToolInfo' from project 'swift-argument-parser')
cd /Users/admin/builder/spi-builder-workspace/.swiftpm/xcode
builtin-SwiftDriver -- /Applications/Xcode-27.0.0-Release.Candidate.app/Contents/Developer/Toolchains/XcodeDefault.xctoolchain/usr/bin/swiftc -parse-as-library -module-name ArgumentParserToolInfo -Onone @/Users/admin/builder/spi-builder-workspace/.derivedData/Build/Intermediates.noindex/swift-argument-parser.build/Debug-watchos/ArgumentParserToolInfo-t.build/Objects-normal/arm64_32/ArgumentParserToolInfo.SwiftFileList -DSWIFT_PACKAGE -DDEBUG -DSWIFT_MODULE_RESOURCE_BUNDLE_UNAVAILABLE -DXcode -plugin-path /Applications/Xcode-27.0.0-Release.Candidate.app/Contents/Developer/Toolchains/XcodeDefault.xctoolchain/usr/lib/swift/host/plugins/testing -enable-experimental-feature DebugDescriptionMacro -sdk /Applications/Xcode-27.0.0-Release.Candidate.app/Contents/Developer/Platforms/WatchOS.platform/Developer/SDKs/WatchOS27.0.sdk -target arm64_32-apple-watchos9.0 -g -module-cache-path /Users/admin/builder/spi-builder-workspace/.derivedData/ModuleCache.noindex -Xfrontend -serialize-debugging-options -profile-coverage-mapping -profile-generate -enable-testing -suppress-warnings -index-store-path /Users/admin/builder/spi-builder-workspace/.derivedData/Index.noindex/DataStore -Xcc -D_LIBCPP_HARDENING_MODE\=_LIBCPP_HARDENING_MODE_DEBUG -swift-version 6 -I /Users/admin/builder/spi-builder-workspace/.derivedData/Build/Products/Debug-watchos -Isystem /Applications/Xcode-27.0.0-Release.Candidate.app/Contents/Developer/Platforms/WatchOS.platform/Developer/usr/lib -F /Users/admin/builder/spi-builder-workspace/.derivedData/Build/Products/Debug-watchos -F /Applications/Xcode-27.0.0-Release.Candidate.app/Contents/Developer/Platforms/WatchOS.platform/Developer/Library/Frameworks -F /Applications/Xcode-27.0.0-Release.Candidate.app/Contents/Developer/Platforms/WatchOS.platform/Developer/SDKs/WatchOS27.0.sdk/Developer/Library/Frameworks -c -j10 -enable-batch-mode -incremental -Xcc -ivfsstatcache -Xcc /Users/admin/builder/spi-builder-workspace/.derivedData/SDKStatCaches.noindex/watchos27.0-24R360-e829b21a6f8c9b70876ba0858053c04477534ef55a1706bf4c1112bbb242f0a2.sdkstatcache -output-file-map /Users/admin/builder/spi-builder-workspace/.derivedData/Build/Intermediates.noindex/swift-argument-parser.build/Debug-watchos/ArgumentParserToolInfo-t.build/Objects-normal/arm64_32/ArgumentParserToolInfo-OutputFileMap.json -save-temps -no-color-diagnostics -explicit-module-build -module-cache-path /Users/admin/builder/spi-builder-workspace/.derivedData/Build/Intermediates.noindex/SwiftExplicitPrecompiledModules -clang-scanner-module-cache-path /Users/admin/builder/spi-builder-workspace/.derivedData/ModuleCache.noindex -sdk-module-cache-path /Users/admin/builder/spi-builder-workspace/.derivedData/SDKExplicitPrecompiledModules -emit-dependencies -emit-module -emit-module-path /Users/admin/builder/spi-builder-workspace/.derivedData/Build/Intermediates.noindex/swift-argument-parser.build/Debug-watchos/ArgumentParserToolInfo-t.build/Objects-normal/arm64_32/ArgumentParserToolInfo.swiftmodule -serialize-diagnostics -dependency-scan-serialize-diagnostics-path /Users/admin/builder/spi-builder-workspace/.derivedData/Build/Intermediates.noindex/swift-argument-parser.build/Debug-watchos/ArgumentParserToolInfo-t.build/Objects-normal/arm64_32/ArgumentParserToolInfo-dependency-scan.dia -user-module-version 1.8.2 -validate-clang-modules-once -clang-build-session-file /Users/admin/builder/spi-builder-workspace/.derivedData/ModuleCache.noindex/Session.modulevalidation -Xcc -fmodules-prune-interval\=86400 -Xcc -fmodules-prune-after\=345600 -package-name swift_argument_parser -emit-const-values -const-gather-protocols-list /Users/admin/builder/spi-builder-workspace/.derivedData/Build/Intermediates.noindex/swift-argument-parser.build/Debug-watchos/ArgumentParserToolInfo-t.build/Objects-normal/arm64_32/ArgumentParserToolInfo_const_extract_protocols.json -Xcc -I/Users/admin/builder/spi-builder-workspace/.derivedData/Build/Products/Debug-watchos/include -Xcc -I/Users/admin/builder/spi-builder-workspace/.derivedData/Build/Intermediates.noindex/swift-argument-parser.build/Debug-watchos/ArgumentParserToolInfo-t.build/DerivedSources-normal/arm64_32 -Xcc -I/Users/admin/builder/spi-builder-workspace/.derivedData/Build/Intermediates.noindex/swift-argument-parser.build/Debug-watchos/ArgumentParserToolInfo-t.build/DerivedSources/arm64_32 -Xcc -I/Users/admin/builder/spi-builder-workspace/.derivedData/Build/Intermediates.noindex/swift-argument-parser.build/Debug-watchos/ArgumentParserToolInfo-t.build/DerivedSources -Xcc -DSWIFT_PACKAGE -Xcc -DDEBUG\=1 -emit-objc-header -emit-objc-header-path /Users/admin/builder/spi-builder-workspace/.derivedData/Build/Intermediates.noindex/swift-argument-parser.build/Debug-watchos/ArgumentParserToolInfo-t.build/Objects-normal/arm64_32/ArgumentParserToolInfo-Swift.h -working-directory /Users/admin/builder/spi-builder-workspace/.swiftpm/xcode -experimental-emit-module-separately -disable-cmo
PrecompileModule /Users/admin/builder/spi-builder-workspace/.derivedData/Build/Intermediates.noindex/ExplicitPrecompiledModules/_Builtin_stdarg-A34P5U89RCRB7LXC2DYKO2DFI.scan
cd /
builtin-precompileModule /Users/admin/builder/spi-builder-workspace/.derivedData/Build/Intermediates.noindex/ExplicitPrecompiledModules/_Builtin_stdarg-A34P5U89RCRB7LXC2DYKO2DFI.scan
PrecompileModule /Users/admin/builder/spi-builder-workspace/.derivedData/Build/Intermediates.noindex/ExplicitPrecompiledModules/ptrcheck-69N7XULRWVQ3Z7QOO3EM3A89F.scan
cd /
builtin-precompileModule /Users/admin/builder/spi-builder-workspace/.derivedData/Build/Intermediates.noindex/ExplicitPrecompiledModules/ptrcheck-69N7XULRWVQ3Z7QOO3EM3A89F.scan
SwiftExplicitDependencyGeneratePcm arm64 /Users/admin/builder/spi-builder-workspace/.derivedData/SDKExplicitPrecompiledModules/SwiftShims-AJ4AZYHQNC33R5RLN7AGEIOMP.pcm
SwiftExplicitDependencyGeneratePcm arm64_32 /Users/admin/builder/spi-builder-workspace/.derivedData/SDKExplicitPrecompiledModules/SwiftShims-D9VBB138U50XYYGW2C2V21N3L.pcm
SwiftExplicitDependencyGeneratePcm arm64 /Users/admin/builder/spi-builder-workspace/.derivedData/SDKExplicitPrecompiledModules/_SwiftConcurrencyShims-CTPSFSTDCBVSSQFHL6I305U72.pcm
SwiftExplicitDependencyGeneratePcm arm64_32 /Users/admin/builder/spi-builder-workspace/.derivedData/SDKExplicitPrecompiledModules/_SwiftConcurrencyShims-58G4ISYSYDV3AT1DDGEE0QCUF.pcm
PrecompileModule /Users/admin/builder/spi-builder-workspace/.derivedData/Build/Intermediates.noindex/ExplicitPrecompiledModules/_Builtin_float-EOHQAMFR1MUX8C8DZY4RR74MN.scan
cd /
builtin-precompileModule /Users/admin/builder/spi-builder-workspace/.derivedData/Build/Intermediates.noindex/ExplicitPrecompiledModules/_Builtin_float-EOHQAMFR1MUX8C8DZY4RR74MN.scan
PrecompileModule /Users/admin/builder/spi-builder-workspace/.derivedData/Build/Intermediates.noindex/ExplicitPrecompiledModules/_Builtin_float-1BOP5HWBKHBV6AJB60TC6XAHB.scan
cd /
builtin-precompileModule /Users/admin/builder/spi-builder-workspace/.derivedData/Build/Intermediates.noindex/ExplicitPrecompiledModules/_Builtin_float-1BOP5HWBKHBV6AJB60TC6XAHB.scan
SwiftEmitModule normal arm64 Emitting\ module\ for\ ArgumentParserToolInfo (in target 'ArgumentParserToolInfo' from project 'swift-argument-parser')
SwiftCompile normal arm64 (in target 'ArgumentParserToolInfo' from project 'swift-argument-parser')
cd /Users/admin/builder/spi-builder-workspace/.swiftpm/xcode
PruneExplicitPrecompiledModules /Users/admin/builder/spi-builder-workspace/.derivedData/Build/Intermediates.noindex/ExplicitPrecompiledModules
PruneExplicitPrecompiledModules /Users/admin/builder/spi-builder-workspace/.derivedData/Build/Intermediates.noindex/SwiftExplicitPrecompiledModules
PruneExplicitPrecompiledModules /Users/admin/builder/spi-builder-workspace/.derivedData/SDKExplicitPrecompiledModules
2026-09-18 16:15:35.540 xcodebuild[1248:6974] [MT] IDERunDestination: Supported platforms for the buildables in the current scheme is empty.
** BUILD FAILED **
The following build commands failed:
ScanDependencies /Users/admin/builder/spi-builder-workspace/.derivedData/Build/Intermediates.noindex/Tokamak.build/Debug-watchos/TokamakGTKCHelpers-t.build/Objects-normal/arm64_32/type_check.o /Users/admin/builder/spi-builder-workspace/Sources/TokamakGTKCHelpers/type_check.c normal arm64_32 c com.apple.compilers.llvm.clang.1_0.compiler (in target 'TokamakGTKCHelpers' from project 'Tokamak')
Building workspace Tokamak with scheme Tokamak-Package
(2 failures)
Command line invocation:
/Applications/Xcode-27.0.0-Release.Candidate.app/Contents/Developer/usr/bin/xcodebuild -IDEClonedSourcePackagesDirPathOverride=/Users/admin/builder/spi-builder-workspace/.dependencies -resolvePackageDependencies
Resolve Package Graph
failed to retrieve search paths with pkg-config; maybe pkg-config is not installedyou may be able to install gdk-3.0 using your system-packager:
brew install gtk+3
you may be able to install gtk+-3.0 using your system-packager:
brew install gtk+3
Resolved source packages:
swift-syntax: https://github.com/swiftlang/swift-syntax @ 604.0.0
swift-issue-reporting: https://github.com/pointfreeco/swift-issue-reporting @ 2.1.0
OpenCombineJS: https://github.com/swiftwasm/OpenCombineJS.git @ 0.2.0
swift-argument-parser: https://github.com/apple/swift-argument-parser @ 1.8.2
swift-snapshot-testing: https://github.com/pointfreeco/swift-snapshot-testing.git @ 1.19.5
swift-custom-dump: https://github.com/pointfreeco/swift-custom-dump @ 1.7.3
Benchmark: https://github.com/google/swift-benchmark @ 0.1.2
Tokamak: /Users/admin/builder/spi-builder-workspace
OpenCombine: https://github.com/OpenCombine/OpenCombine.git @ 0.14.0
JavaScriptKit: https://github.com/swiftwasm/JavaScriptKit.git @ 0.26.2
resolved source packages: swift-syntax, swift-issue-reporting, OpenCombineJS, swift-argument-parser, swift-snapshot-testing, swift-custom-dump, Benchmark, Tokamak, OpenCombine, JavaScriptKit
2026-09-18 16:15:44.624 xcodebuild[1393:7828] [MT] IDERunDestination: Supported platforms for the buildables in the current scheme is empty.
{
"dependencies" : [
{
"identity" : "javascriptkit",
"requirement" : {
"range" : [
{
"lower_bound" : "0.15.0",
"upper_bound" : "1.0.0"
}
]
},
"type" : "sourceControl",
"url" : "https://github.com/swiftwasm/JavaScriptKit.git"
},
{
"identity" : "opencombine",
"requirement" : {
"range" : [
{
"lower_bound" : "0.12.0",
"upper_bound" : "1.0.0"
}
]
},
"type" : "sourceControl",
"url" : "https://github.com/OpenCombine/OpenCombine.git"
},
{
"identity" : "opencombinejs",
"requirement" : {
"range" : [
{
"lower_bound" : "0.2.0",
"upper_bound" : "1.0.0"
}
]
},
"type" : "sourceControl",
"url" : "https://github.com/swiftwasm/OpenCombineJS.git"
},
{
"identity" : "swift-benchmark",
"requirement" : {
"range" : [
{
"lower_bound" : "0.1.2",
"upper_bound" : "1.0.0"
}
]
},
"type" : "sourceControl",
"url" : "https://github.com/google/swift-benchmark"
},
{
"identity" : "swift-snapshot-testing",
"requirement" : {
"range" : [
{
"lower_bound" : "1.9.0",
"upper_bound" : "2.0.0"
}
]
},
"type" : "sourceControl",
"url" : "https://github.com/pointfreeco/swift-snapshot-testing.git"
}
],
"manifest_display_name" : "Tokamak",
"name" : "Tokamak",
"path" : "/Users/admin/builder/spi-builder-workspace",
"platforms" : [
{
"name" : "macos",
"version" : "11.0"
},
{
"name" : "ios",
"version" : "13.0"
}
],
"products" : [
{
"name" : "TokamakDemo",
"targets" : [
"TokamakDemo"
],
"type" : {
"executable" : null
}
},
{
"name" : "TokamakDOM",
"targets" : [
"TokamakDOM"
],
"type" : {
"library" : [
"automatic"
]
}
},
{
"name" : "TokamakStaticHTML",
"targets" : [
"TokamakStaticHTML"
],
"type" : {
"library" : [
"automatic"
]
}
},
{
"name" : "TokamakStaticHTMLDemo",
"targets" : [
"TokamakStaticHTMLDemo"
],
"type" : {
"executable" : null
}
},
{
"name" : "TokamakGTK",
"targets" : [
"TokamakGTK"
],
"type" : {
"library" : [
"automatic"
]
}
},
{
"name" : "TokamakGTKDemo",
"targets" : [
"TokamakGTKDemo"
],
"type" : {
"executable" : null
}
},
{
"name" : "TokamakShim",
"targets" : [
"TokamakShim"
],
"type" : {
"library" : [
"automatic"
]
}
},
{
"name" : "TokamakStaticHTMLBenchmark",
"targets" : [
"TokamakStaticHTMLBenchmark"
],
"type" : {
"executable" : null
}
},
{
"name" : "TokamakCoreBenchmark",
"targets" : [
"TokamakCoreBenchmark"
],
"type" : {
"executable" : null
}
}
],
"targets" : [
{
"c99name" : "TokamakTests",
"module_type" : "SwiftTarget",
"name" : "TokamakTests",
"path" : "Tests/TokamakTests",
"sources" : [
"ColorTests.swift",
"EnvironmentTests.swift",
"GetSetStructTests.swift",
"MetadataTests.swift",
"ReconcilerStressTests.swift",
"ReconcilerTests.swift",
"ValuePointerTests.swift",
"ValueWitnessTableTests.swift"
],
"target_dependencies" : [
"TokamakTestRenderer"
],
"type" : "test"
},
{
"c99name" : "TokamakTestRenderer",
"module_type" : "SwiftTarget",
"name" : "TokamakTestRenderer",
"path" : "Sources/TokamakTestRenderer",
"product_memberships" : [
"TokamakCoreBenchmark"
],
"sources" : [
"App.swift",
"TestFiberRenderer.swift",
"TestRenderer.swift",
"TestView.swift",
"TestViewProxy.swift",
"WindowGroup.swift"
],
"target_dependencies" : [
"TokamakCore"
],
"type" : "library"
},
{
"c99name" : "TokamakStaticHTMLTests",
"module_type" : "SwiftTarget",
"name" : "TokamakStaticHTMLTests",
"path" : "Tests/TokamakStaticHTMLTests",
"product_dependencies" : [
"SnapshotTesting"
],
"sources" : [
"HTMLStrategy.swift",
"HTMLTests.swift",
"RenderingTests/LayoutTests.swift",
"RenderingTests/ShapeTests.swift",
"RenderingTests/Snapshotting+Image.swift",
"RenderingTests/ViewTests.swift",
"RenderingTests/VisualTests.swift",
"SanitizerTests.swift"
],
"target_dependencies" : [
"TokamakStaticHTML"
],
"type" : "test"
},
{
"c99name" : "TokamakStaticHTMLDemo",
"module_type" : "SwiftTarget",
"name" : "TokamakStaticHTMLDemo",
"path" : "Sources/TokamakStaticHTMLDemo",
"product_memberships" : [
"TokamakStaticHTMLDemo"
],
"sources" : [
"ContentView.swift",
"main.swift"
],
"target_dependencies" : [
"TokamakStaticHTML"
],
"type" : "executable"
},
{
"c99name" : "TokamakStaticHTMLBenchmark",
"module_type" : "SwiftTarget",
"name" : "TokamakStaticHTMLBenchmark",
"path" : "Sources/TokamakStaticHTMLBenchmark",
"product_dependencies" : [
"Benchmark"
],
"product_memberships" : [
"TokamakStaticHTMLBenchmark"
],
"sources" : [
"main.swift"
],
"target_dependencies" : [
"TokamakStaticHTML"
],
"type" : "executable"
},
{
"c99name" : "TokamakStaticHTML",
"module_type" : "SwiftTarget",
"name" : "TokamakStaticHTML",
"path" : "Sources/TokamakStaticHTML",
"product_memberships" : [
"TokamakDemo",
"TokamakDOM",
"TokamakStaticHTML",
"TokamakStaticHTMLDemo",
"TokamakShim",
"TokamakStaticHTMLBenchmark"
],
"sources" : [
"App.swift",
"Core.swift",
"Modifiers/Effects/OffsetEffect.swift",
"Modifiers/Effects/OpacityEffect.swift",
"Modifiers/Effects/RotationEffect.swift",
"Modifiers/Effects/ScaleEffect.swift",
"Modifiers/LayoutModifiers.swift",
"Modifiers/ModifiedContent.swift",
"Modifiers/ViewModifier.swift",
"Modifiers/_BackgroundShapeModifier.swift",
"Modifiers/_BackgroundStyleModifier.swift",
"Modifiers/_DomTextSanitizer.swift",
"Preferences/Preferences.swift",
"Resources/TokamakStyles.swift",
"Sanitizer.swift",
"Scenes/WindowGroup.swift",
"Shapes/Path.swift",
"Shapes/Shape.swift",
"Shapes/_ShapeView.swift",
"StaticHTMLFiberRenderer.swift",
"StaticHTMLRenderer.swift",
"Tokens/BuiltinColors.swift",
"Tokens/Tokens.swift",
"Views/Buttons/Link.swift",
"Views/Containers/List.swift",
"Views/HTML.swift",
"Views/Head/Meta.swift",
"Views/Head/Title.swift",
"Views/Images/Image.swift",
"Views/Layout/HStack.swift",
"Views/Layout/LazyHGrid.swift",
"Views/Layout/LazyVGrid.swift",
"Views/Layout/ScrollView.swift",
"Views/Layout/VStack.swift",
"Views/Layout/ZStack.swift",
"Views/Navigation/NavigationView.swift",
"Views/Progress/ProgressView.swift",
"Views/Spacers/Divider.swift",
"Views/Spacers/Spacer.swift",
"Views/Text/Text.swift"
],
"target_dependencies" : [
"TokamakCore"
],
"type" : "library"
},
{
"c99name" : "TokamakShim",
"module_type" : "SwiftTarget",
"name" : "TokamakShim",
"path" : "Sources/TokamakShim",
"product_memberships" : [
"TokamakDemo",
"TokamakShim"
],
"sources" : [
"TokamakShim.swift"
],
"target_dependencies" : [
"TokamakDOM",
"TokamakGTK"
],
"type" : "library"
},
{
"c99name" : "TokamakReconcilerTests",
"module_type" : "SwiftTarget",
"name" : "TokamakReconcilerTests",
"path" : "Tests/TokamakReconcilerTests",
"sources" : [
"PreferenceTests.swift",
"VisitorTests.swift"
],
"target_dependencies" : [
"TokamakCore",
"TokamakTestRenderer"
],
"type" : "test"
},
{
"c99name" : "TokamakLayoutTests",
"module_type" : "SwiftTarget",
"name" : "TokamakLayoutTests",
"path" : "Tests/TokamakLayoutTests",
"product_dependencies" : [
"SnapshotTesting"
],
"sources" : [
"Alignment+allCases.swift",
"AspectRatioTests.swift",
"ContainedZLayoutTests.swift",
"FrameTests.swift",
"StackTests.swift",
"compare.swift"
],
"target_dependencies" : [
"TokamakCore",
"TokamakStaticHTML"
],
"type" : "test"
},
{
"c99name" : "TokamakGTKDemo",
"module_type" : "SwiftTarget",
"name" : "TokamakGTKDemo",
"path" : "Sources/TokamakGTKDemo",
"product_memberships" : [
"TokamakGTKDemo"
],
"resources" : [
{
"path" : "/Users/admin/builder/spi-builder-workspace/Sources/TokamakGTKDemo/logo-header.png",
"rule" : {
"copy" : {
}
}
}
],
"sources" : [
"main.swift"
],
"target_dependencies" : [
"TokamakGTK"
],
"type" : "executable"
},
{
"c99name" : "TokamakGTKCHelpers",
"module_type" : "ClangTarget",
"name" : "TokamakGTKCHelpers",
"path" : "Sources/TokamakGTKCHelpers",
"product_memberships" : [
"TokamakDemo",
"TokamakGTK",
"TokamakGTKDemo",
"TokamakShim"
],
"sources" : [
"type_check.c"
],
"target_dependencies" : [
"CGTK"
],
"type" : "library"
},
{
"c99name" : "TokamakGTK",
"module_type" : "SwiftTarget",
"name" : "TokamakGTK",
"path" : "Sources/TokamakGTK",
"product_dependencies" : [
"OpenCombineShim"
],
"product_memberships" : [
"TokamakDemo",
"TokamakGTK",
"TokamakGTKDemo",
"TokamakShim"
],
"sources" : [
"App/App.swift",
"Core.swift",
"GSignal.swift",
"GTKRenderer.swift",
"GtkContainer+forEach.swift",
"Modifiers/LayoutModifiers.swift",
"Modifiers/WidgetModifier.swift",
"Scenes/SceneContainerView.swift",
"Scenes/WindowGroup.swift",
"Shapes/Shape.swift",
"Tokens/BuiltinColors.swift",
"Views/Button.swift",
"Views/Image.swift",
"Views/List.swift",
"Views/NavigationView.swift",
"Views/Picker.swift",
"Views/ScrollView.swift",
"Views/Stack.swift",
"Views/Text.swift",
"Views/TextField.swift",
"Widget.swift"
],
"target_dependencies" : [
"TokamakCore",
"CGTK",
"CGDK",
"TokamakGTKCHelpers"
],
"type" : "library"
},
{
"c99name" : "TokamakDemo",
"module_type" : "SwiftTarget",
"name" : "TokamakDemo",
"path" : "Sources/TokamakDemo",
"product_dependencies" : [
"JavaScriptKit"
],
"product_memberships" : [
"TokamakDemo"
],
"resources" : [
{
"path" : "/Users/admin/builder/spi-builder-workspace/Sources/TokamakDemo/logo-header.png",
"rule" : {
"copy" : {
}
}
}
],
"sources" : [
"Buttons/ButtonStyleDemo.swift",
"Buttons/Counter.swift",
"Containers/ForEachDemo.swift",
"Containers/ListDemo.swift",
"Containers/OutlineGroupDemo.swift",
"Containers/SidebarDemo.swift",
"DOM/DOMRefDemo.swift",
"DOM/URLHashDemo.swift",
"Drawing/CanvasDemo.swift",
"Drawing/ColorDemo.swift",
"Drawing/PathDemo.swift",
"Drawing/ShapeStyleDemo.swift",
"Layout/GeometryReaderDemo.swift",
"Layout/GridDemo.swift",
"Layout/SpacerDemo.swift",
"Layout/StackDemo.swift",
"Misc/AnimationDemo.swift",
"Misc/AppStorageDemo.swift",
"Misc/EnvironmentDemo.swift",
"Misc/PreferenceKeyDemo.swift",
"Misc/ProgressViewDemo.swift",
"Misc/RedactDemo.swift",
"Misc/TransitionDemo.swift",
"Modifiers/ShadowDemo.swift",
"Modifiers/TaskDemo.swift",
"Selectors/DatePickerDemo.swift",
"Selectors/PickerDemo.swift",
"Selectors/SliderDemo.swift",
"Selectors/ToggleDemo.swift",
"Text/TextDemo.swift",
"Text/TextEditorDemo.swift",
"Text/TextFieldDemo.swift",
"TokamakDemo.swift",
"main.swift"
],
"target_dependencies" : [
"TokamakShim"
],
"type" : "executable"
},
{
"c99name" : "TokamakDOM",
"module_type" : "SwiftTarget",
"name" : "TokamakDOM",
"path" : "Sources/TokamakDOM",
"product_dependencies" : [
"OpenCombineShim",
"JavaScriptKit",
"JavaScriptEventLoop",
"OpenCombineJS"
],
"product_memberships" : [
"TokamakDemo",
"TokamakDOM",
"TokamakShim"
],
"sources" : [
"App/App.swift",
"App/ColorSchemeObserver.swift",
"App/ScenePhaseObserver.swift",
"Core.swift",
"DOMFiberRenderer.swift",
"DOMNode.swift",
"DOMRef.swift",
"DOMRenderer.swift",
"Modifiers/ActionModifier.swift",
"Modifiers/Hover.swift",
"Modifiers/ModifiedContent.swift",
"Modifiers/Transitions.swift",
"Storage/LocalStorage.swift",
"Storage/SessionStorage.swift",
"Storage/WebStorage.swift",
"Styles/ColorScheme.swift",
"Styles/ToggleStyle.swift",
"Views/Buttons/Button.swift",
"Views/Canvas/Canvas.swift",
"Views/Canvas/ImageOperations.swift",
"Views/Canvas/PathOperations.swift",
"Views/Canvas/SymbolOperations.swift",
"Views/Canvas/TextOperations.swift",
"Views/Canvas/TimelineView.swift",
"Views/Containers/DisclosureGroup.swift",
"Views/DynamicHTML.swift",
"Views/Layout/GeometryReader.swift",
"Views/Navigation/NavigationLink.swift",
"Views/Selectors/DatePicker.swift",
"Views/Selectors/Picker.swift",
"Views/Selectors/Slider.swift",
"Views/Text/SecureField.swift",
"Views/Text/TextEditor.swift",
"Views/Text/TextField.swift"
],
"target_dependencies" : [
"TokamakCore",
"TokamakStaticHTML"
],
"type" : "library"
},
{
"c99name" : "TokamakCoreBenchmark",
"module_type" : "SwiftTarget",
"name" : "TokamakCoreBenchmark",
"path" : "Sources/TokamakCoreBenchmark",
"product_dependencies" : [
"Benchmark"
],
"product_memberships" : [
"TokamakCoreBenchmark"
],
"sources" : [
"main.swift"
],
"target_dependencies" : [
"TokamakCore",
"TokamakTestRenderer"
],
"type" : "executable"
},
{
"c99name" : "TokamakCore",
"module_type" : "SwiftTarget",
"name" : "TokamakCore",
"path" : "Sources/TokamakCore",
"product_dependencies" : [
"OpenCombineShim"
],
"product_memberships" : [
"TokamakDemo",
"TokamakDOM",
"TokamakStaticHTML",
"TokamakStaticHTMLDemo",
"TokamakGTK",
"TokamakGTKDemo",
"TokamakShim",
"TokamakStaticHTMLBenchmark",
"TokamakCoreBenchmark"
],
"sources" : [
"Animation/Animatable.swift",
"Animation/AnimatableModifier.swift",
"Animation/Animation.swift",
"Animation/Transaction.swift",
"Animation/VectorArithmetic.swift",
"Animation/_AnimationBoxBase.swift",
"Animation/_AnimationSolvers.swift",
"Animation/_AnyAnimatableData.swift",
"Animation/_VectorMath.swift",
"App/App.swift",
"App/AppStorage.swift",
"App/Scenes/Scene.swift",
"App/Scenes/SceneBuilder.swift",
"App/Scenes/ScenePhase.swift",
"App/Scenes/SceneStorage.swift",
"App/Scenes/WindowGroup.swift",
"App/Scenes/_SceneModifier.swift",
"App/_AnyApp.swift",
"App/_AnyScene.swift",
"App/_StorageProvider.swift",
"App/_TupleScene.swift",
"DynamicProperty.swift",
"Environment/Environment.swift",
"Environment/EnvironmentKey.swift",
"Environment/EnvironmentObject.swift",
"Environment/EnvironmentValues.swift",
"Environment/EnvironmentalModifier.swift",
"Fiber/AlignmentID.swift",
"Fiber/App/AppVisitor.swift",
"Fiber/Fiber+Content.swift",
"Fiber/Fiber+CustomDebugStringConvertible.swift",
"Fiber/Fiber.swift",
"Fiber/FiberElement.swift",
"Fiber/FiberReconciler+TreeReducer.swift",
"Fiber/FiberReconciler.swift",
"Fiber/FiberRenderer.swift",
"Fiber/Layout/ContainedZLayout.swift",
"Fiber/Layout/Layout.swift",
"Fiber/Layout/LayoutPriority.swift",
"Fiber/Layout/LayoutProperties.swift",
"Fiber/Layout/LayoutSubviews.swift",
"Fiber/Layout/LayoutValueKey.swift",
"Fiber/Layout/PaddingLayout+Layout.swift",
"Fiber/Layout/ProposedViewSize.swift",
"Fiber/Layout/StackLayout.swift",
"Fiber/Layout/ViewSpacing.swift",
"Fiber/Layout/_AspectRatioLayout+Layout.swift",
"Fiber/Layout/_FlexFrameLayout+Layout.swift",
"Fiber/Layout/_FrameLayout+Layout.swift",
"Fiber/Mutation.swift",
"Fiber/Passes/FiberReconcilerPass.swift",
"Fiber/Passes/LayoutPass.swift",
"Fiber/Passes/ReconcilePass.swift",
"Fiber/Scene/SceneArguments.swift",
"Fiber/Scene/SceneVisitor.swift",
"Fiber/ViewArguments.swift",
"Fiber/ViewGeometry.swift",
"Fiber/ViewVisitor.swift",
"Fiber/walk.swift",
"Modifiers/AppearanceActionModifier.swift",
"Modifiers/AspectRatioLayout.swift",
"Modifiers/Effects/ClipEffect.swift",
"Modifiers/Effects/GeometryEffect.swift",
"Modifiers/Effects/OffsetEffect.swift",
"Modifiers/Effects/OpacityEffect.swift",
"Modifiers/Effects/RotationEffect.swift",
"Modifiers/Effects/ScaleEffect.swift",
"Modifiers/FlexFrameLayout.swift",
"Modifiers/FrameLayout.swift",
"Modifiers/HoverActionModifier.swift",
"Modifiers/LifecycleModifier.swift",
"Modifiers/ModifiedContent.swift",
"Modifiers/Navigation.swift",
"Modifiers/PaddingLayout.swift",
"Modifiers/RedactionReasons.swift",
"Modifiers/ShadowLayout.swift",
"Modifiers/StyleModifiers.swift",
"Modifiers/TaskModifier.swift",
"Modifiers/ViewModifier.swift",
"Modifiers/ZIndexModifier.swift",
"MountedViews/MountedApp.swift",
"MountedViews/MountedCompositeElement.swift",
"MountedViews/MountedCompositeView.swift",
"MountedViews/MountedElement.swift",
"MountedViews/MountedEmptyView.swift",
"MountedViews/MountedHostView.swift",
"MountedViews/MountedScene.swift",
"MountedViews/UnmountTask.swift",
"Preferences/PreferenceKey.swift",
"Preferences/_PreferenceActionModifier.swift",
"Preferences/_PreferenceReadingView.swift",
"Preferences/_PreferenceTransformModifier.swift",
"Preferences/_PreferenceWritingModifier.swift",
"PreviewProvider.swift",
"Reflection/Layouts/ExistentialContainter.swift",
"Reflection/Layouts/FieldDescriptor.swift",
"Reflection/Layouts/ProtocolTypeContainer.swift",
"Reflection/Layouts/StructMetadataLayout.swift",
"Reflection/Layouts/StructTypeDescriptor.swift",
"Reflection/Layouts/TargetTypeGenericContextDescriptorHeader.swift",
"Reflection/Layouts/ValueWitnessTable.swift",
"Reflection/Metadata/Metadata.swift",
"Reflection/Metadata/MetadataState.swift",
"Reflection/Metadata/StructMetadata.swift",
"Reflection/Models/Kind.swift",
"Reflection/Models/PropertyInfo.swift",
"Reflection/Models/TypeInfo.swift",
"Reflection/Pointers/MetadataOffset.swift",
"Reflection/Pointers/Pointers.swift",
"Reflection/Pointers/RelativeVectorPointer.swift",
"Reflection/Utilities/GettersSetters.swift",
"Reflection/Utilities/Pointer+Extensions.swift",
"Reflection/typeConstructorName.swift",
"Renderer.swift",
"Shapes/AnyShape.swift",
"Shapes/ContainerRelativeShape.swift",
"Shapes/Ellipse.swift",
"Shapes/FixedRoundedRect.swift",
"Shapes/ModifiedShapes.swift",
"Shapes/Path/Path.swift",
"Shapes/Path/PathLayout.swift",
"Shapes/Path/PathMutations.swift",
"Shapes/Path/PathSizing.swift",
"Shapes/Rectangle.swift",
"Shapes/Shape.swift",
"Shapes/ShapeModifiers.swift",
"Shapes/ShapeStyles/BackgroundStyle.swift",
"Shapes/ShapeStyles/ForegroundStyle.swift",
"Shapes/ShapeStyles/Gradients/AngularGradient.swift",
"Shapes/ShapeStyles/Gradients/EllipticalGradient.swift",
"Shapes/ShapeStyles/Gradients/Gradient.swift",
"Shapes/ShapeStyles/Gradients/LinearGradient.swift",
"Shapes/ShapeStyles/Gradients/RadialGradient.swift",
"Shapes/ShapeStyles/HierarchicalShapeStyle.swift",
"Shapes/ShapeStyles/Material.swift",
"Shapes/ShapeStyles/ShapeStyle.swift",
"Shapes/StrokeStyle.swift",
"Shapes/StrokedPath.swift",
"Shapes/TrimmedPath.swift",
"StackReconciler.swift",
"State/Binding.swift",
"State/ObservedObject.swift",
"State/State.swift",
"State/StateObject.swift",
"State/TargetRef.swift",
"Stubs/CGStubs.swift",
"Stubs/UIColor.swift",
"Styles/ButtonStyle.swift",
"Styles/ControlGroupStyle.swift",
"Styles/ListStyle.swift",
"Styles/NavigationLinkStyle.swift",
"Styles/OutlineGroupStyle.swift",
"Styles/PickerStyle.swift",
"Styles/PrimitiveButtonStyle.swift",
"Styles/TextFieldStyle.swift",
"Styles/ToggleStyle.swift",
"Target.swift",
"Tokens/Angle.swift",
"Tokens/AnyTokenBox.swift",
"Tokens/Axis.swift",
"Tokens/Color/Color.swift",
"Tokens/Color/ColorBoxes.swift",
"Tokens/Color/ColorKeys.swift",
"Tokens/ColorScheme.swift",
"Tokens/Controls/ButtonRole.swift",
"Tokens/Controls/ControlSize.swift",
"Tokens/Controls/Prominence.swift",
"Tokens/Edge.swift",
"Tokens/Font/Font.swift",
"Tokens/Font/FontBoxes.swift",
"Tokens/Font/FontModifiers.swift",
"Tokens/GridItem.swift",
"Tokens/LayoutDirection.swift",
"Tokens/LineBreakMode.swift",
"Tokens/TextAlignment.swift",
"Tokens/UnitPoint.swift",
"ViewTraits/TagValueTraitKey.swift",
"ViewTraits/Transition/Transition.swift",
"ViewTraits/Transition/TransitionBoxes.swift",
"ViewTraits/_ViewTraitKey.swift",
"ViewTraits/_ViewTraitStore.swift",
"Views/AnyView.swift",
"Views/Canvas/Canvas.swift",
"Views/Canvas/GraphicsContext/BlendMode.swift",
"Views/Canvas/GraphicsContext/Filter.swift",
"Views/Canvas/GraphicsContext/GraphicsContext.swift",
"Views/Canvas/GraphicsContext/Resolvables.swift",
"Views/Canvas/GraphicsContext/Shading.swift",
"Views/Canvas/TimelineView.swift",
"Views/Containers/DisclosureGroup.swift",
"Views/Containers/ForEach.swift",
"Views/Containers/Group.swift",
"Views/Containers/List/List+Init.swift",
"Views/Containers/List/List+SelectionValue.swift",
"Views/Containers/List/List.swift",
"Views/Containers/OutlineGroup.swift",
"Views/Containers/Section.swift",
"Views/Containers/TupleView.swift",
"Views/Containers/VariadicView.swift",
"Views/Controls/Button.swift",
"Views/Controls/ControlGroup.swift",
"Views/Controls/Link.swift",
"Views/Controls/Selectors/DatePicker.swift",
"Views/Controls/Selectors/Picker.swift",
"Views/Controls/Selectors/Slider.swift",
"Views/Controls/Selectors/Toggle.swift",
"Views/Image.swift",
"Views/Layout/GeometryReader.swift",
"Views/Layout/HStack.swift",
"Views/Layout/LazyHGrid.swift",
"Views/Layout/LazyVGrid.swift",
"Views/Layout/ScrollView.swift",
"Views/Layout/VStack.swift",
"Views/Layout/ZStack.swift",
"Views/Navigation/NavigationBarItem.swift",
"Views/Navigation/NavigationLink.swift",
"Views/Navigation/NavigationView.swift",
"Views/Navigation/Toolbar.swift",
"Views/Navigation/ToolbarContentBuilder.swift",
"Views/Navigation/ToolbarItem.swift",
"Views/Progress/ProgressView.swift",
"Views/Progress/ProgressViewStyle.swift",
"Views/Spacers/Divider.swift",
"Views/Spacers/Spacer.swift",
"Views/Text/SecureField.swift",
"Views/Text/Text.swift",
"Views/Text/TextEditor.swift",
"Views/Text/TextField.swift",
"Views/View.swift",
"Views/ViewBuilder.swift"
],
"type" : "library"
},
{
"c99name" : "CGTK",
"module_type" : "SystemLibraryTarget",
"name" : "CGTK",
"path" : "Sources/CGTK",
"product_memberships" : [
"TokamakDemo",
"TokamakGTK",
"TokamakGTKDemo",
"TokamakShim"
],
"sources" : [
],
"type" : "system-target"
},
{
"c99name" : "CGDK",
"module_type" : "SystemLibraryTarget",
"name" : "CGDK",
"path" : "Sources/CGDK",
"product_memberships" : [
"TokamakDemo",
"TokamakGTK",
"TokamakGTKDemo",
"TokamakShim"
],
"sources" : [
],
"type" : "system-target"
}
],
"tools_version" : "5.6"
}
{
"workspace" : {
"name" : "Tokamak",
"schemes" : [
"Tokamak-Package",
"TokamakCoreBenchmark",
"TokamakDemo",
"TokamakDOM",
"TokamakGTK",
"TokamakGTKDemo",
"TokamakShim",
"TokamakStaticHTML",
"TokamakStaticHTMLBenchmark",
"TokamakStaticHTMLDemo"
]
}
}
2026-09-18 16:15:48.281 xcodebuild[1423:7996] [MT] IDERunDestination: Supported platforms for the buildables in the current scheme is empty.
Running build ...
env DEVELOPER_DIR=/Applications/Xcode-27.0.0-Release.Candidate.app xcrun xcodebuild -IDEClonedSourcePackagesDirPathOverride=$PWD/.dependencies -skipMacroValidation -skipPackagePluginValidation -derivedDataPath $PWD/.derivedData build -scheme Tokamak-Package -destination generic/platform=watchOS
Command line invocation:
/Applications/Xcode-27.0.0-Release.Candidate.app/Contents/Developer/usr/bin/xcodebuild -IDEClonedSourcePackagesDirPathOverride=/Users/admin/builder/spi-builder-workspace/.dependencies -skipMacroValidation -skipPackagePluginValidation -derivedDataPath /Users/admin/builder/spi-builder-workspace/.derivedData build -scheme Tokamak-Package -destination generic/platform=watchOS
Resolve Package Graph
failed to retrieve search paths with pkg-config; maybe pkg-config is not installedyou may be able to install gdk-3.0 using your system-packager:
brew install gtk+3
you may be able to install gtk+-3.0 using your system-packager:
brew install gtk+3
Resolved source packages:
swift-snapshot-testing: https://github.com/pointfreeco/swift-snapshot-testing.git @ 1.19.5
Benchmark: https://github.com/google/swift-benchmark @ 0.1.2
swift-argument-parser: https://github.com/apple/swift-argument-parser @ 1.8.2
OpenCombine: https://github.com/OpenCombine/OpenCombine.git @ 0.14.0
swift-custom-dump: https://github.com/pointfreeco/swift-custom-dump @ 1.7.3
JavaScriptKit: https://github.com/swiftwasm/JavaScriptKit.git @ 0.26.2
Tokamak: /Users/admin/builder/spi-builder-workspace
swift-issue-reporting: https://github.com/pointfreeco/swift-issue-reporting @ 2.1.0
swift-syntax: https://github.com/swiftlang/swift-syntax @ 604.0.0
OpenCombineJS: https://github.com/swiftwasm/OpenCombineJS.git @ 0.2.0
ComputePackagePrebuildTargetDependencyGraph
Prepare packages
CreateBuildRequest
SendProjectDescription
CreateBuildOperation
ComputeTargetDependencyGraph
note: Building targets in dependency order
note: Target dependency graph (37 targets)
Target 'TokamakCoreBenchmark-product' in project 'Tokamak'
➜ Explicit dependency on target 'TokamakCore' in project 'Tokamak'
➜ Explicit dependency on target 'TokamakTestRenderer' in project 'Tokamak'
➜ Explicit dependency on target 'OpenCombineShim-product' in project 'OpenCombine'
➜ Explicit dependency on target 'Benchmark-product' in project 'Benchmark'
Target 'TokamakTestRenderer' in project 'Tokamak'
➜ Explicit dependency on target 'TokamakCore' in project 'Tokamak'
➜ Explicit dependency on target 'OpenCombineShim-product' in project 'OpenCombine'
Target 'TokamakStaticHTMLBenchmark-product' in project 'Tokamak'
➜ Explicit dependency on target 'TokamakCore' in project 'Tokamak'
➜ Explicit dependency on target 'TokamakStaticHTML' in project 'Tokamak'
➜ Explicit dependency on target 'OpenCombineShim-product' in project 'OpenCombine'
➜ Explicit dependency on target 'Benchmark-product' in project 'Benchmark'
Target 'Benchmark-product' in project 'Benchmark'
➜ Explicit dependency on target 'Benchmark' in project 'Benchmark'
➜ Explicit dependency on target 'ArgumentParser-product' in project 'swift-argument-parser'
Target 'Benchmark' in project 'Benchmark'
➜ Explicit dependency on target 'ArgumentParser-product' in project 'swift-argument-parser'
Target 'ArgumentParser-product' in project 'swift-argument-parser'
➜ Explicit dependency on target 'ArgumentParser' in project 'swift-argument-parser'
➜ Explicit dependency on target 'ArgumentParserToolInfo' in project 'swift-argument-parser'
Target 'ArgumentParser' in project 'swift-argument-parser'
➜ Explicit dependency on target 'ArgumentParserToolInfo' in project 'swift-argument-parser'
Target 'ArgumentParserToolInfo' in project 'swift-argument-parser' (no dependencies)
Target 'TokamakGTKDemo-product' in project 'Tokamak'
➜ Explicit dependency on target 'Tokamak_TokamakGTKDemo' in project 'Tokamak'
➜ Explicit dependency on target 'TokamakCore' in project 'Tokamak'
➜ Explicit dependency on target 'CGTK' in project 'Tokamak'
➜ Explicit dependency on target 'CGDK' in project 'Tokamak'
➜ Explicit dependency on target 'TokamakGTKCHelpers' in project 'Tokamak'
➜ Explicit dependency on target 'TokamakGTK' in project 'Tokamak'
➜ Explicit dependency on target 'OpenCombineShim-product' in project 'OpenCombine'
Target 'Tokamak_TokamakGTKDemo' in project 'Tokamak' (no dependencies)
Target 'TokamakStaticHTMLDemo-product' in project 'Tokamak'
➜ Explicit dependency on target 'TokamakCore' in project 'Tokamak'
➜ Explicit dependency on target 'TokamakStaticHTML' in project 'Tokamak'
➜ Explicit dependency on target 'OpenCombineShim-product' in project 'OpenCombine'
Target 'TokamakDemo-product' in project 'Tokamak'
➜ Explicit dependency on target 'Tokamak_TokamakDemo' in project 'Tokamak'
➜ Explicit dependency on target 'TokamakCore' in project 'Tokamak'
➜ Explicit dependency on target 'TokamakStaticHTML' in project 'Tokamak'
➜ Explicit dependency on target 'CGTK' in project 'Tokamak'
➜ Explicit dependency on target 'CGDK' in project 'Tokamak'
➜ Explicit dependency on target 'TokamakGTKCHelpers' in project 'Tokamak'
➜ Explicit dependency on target 'TokamakShim' in project 'Tokamak'
➜ Explicit dependency on target 'OpenCombineShim-product' in project 'OpenCombine'
➜ Explicit dependency on target 'OpenCombineJS-product' in project 'OpenCombineJS'
Target 'Tokamak_TokamakDemo' in project 'Tokamak' (no dependencies)
Target 'TokamakShim-product' in project 'Tokamak'
➜ Explicit dependency on target 'TokamakShim' in project 'Tokamak'
➜ Explicit dependency on target 'TokamakCore' in project 'Tokamak'
➜ Explicit dependency on target 'TokamakStaticHTML' in project 'Tokamak'
➜ Explicit dependency on target 'TokamakGTKCHelpers' in project 'Tokamak'
➜ Explicit dependency on target 'OpenCombineShim-product' in project 'OpenCombine'
➜ Explicit dependency on target 'OpenCombineJS-product' in project 'OpenCombineJS'
Target 'TokamakShim' in project 'Tokamak'
➜ Explicit dependency on target 'TokamakCore' in project 'Tokamak'
➜ Explicit dependency on target 'TokamakStaticHTML' in project 'Tokamak'
➜ Explicit dependency on target 'CGTK' in project 'Tokamak'
➜ Explicit dependency on target 'CGDK' in project 'Tokamak'
➜ Explicit dependency on target 'TokamakGTKCHelpers' in project 'Tokamak'
➜ Explicit dependency on target 'OpenCombineShim-product' in project 'OpenCombine'
➜ Explicit dependency on target 'OpenCombineJS-product' in project 'OpenCombineJS'
Target 'TokamakGTK-product' in project 'Tokamak'
➜ Explicit dependency on target 'TokamakGTK' in project 'Tokamak'
➜ Explicit dependency on target 'TokamakCore' in project 'Tokamak'
➜ Explicit dependency on target 'TokamakGTKCHelpers' in project 'Tokamak'
➜ Explicit dependency on target 'OpenCombineShim-product' in project 'OpenCombine'
Target 'TokamakGTK' in project 'Tokamak'
➜ Explicit dependency on target 'TokamakCore' in project 'Tokamak'
➜ Explicit dependency on target 'CGTK' in project 'Tokamak'
➜ Explicit dependency on target 'CGDK' in project 'Tokamak'
➜ Explicit dependency on target 'TokamakGTKCHelpers' in project 'Tokamak'
➜ Explicit dependency on target 'OpenCombineShim-product' in project 'OpenCombine'
Target 'TokamakGTKCHelpers' in project 'Tokamak'
➜ Explicit dependency on target 'CGTK' in project 'Tokamak'
Target 'CGDK' in project 'Tokamak' (no dependencies)
Target 'CGTK' in project 'Tokamak' (no dependencies)
Target 'TokamakStaticHTML-product' in project 'Tokamak'
➜ Explicit dependency on target 'TokamakStaticHTML' in project 'Tokamak'
➜ Explicit dependency on target 'TokamakCore' in project 'Tokamak'
➜ Explicit dependency on target 'OpenCombineShim-product' in project 'OpenCombine'
Target 'TokamakDOM-product' in project 'Tokamak'
➜ Explicit dependency on target 'TokamakDOM' in project 'Tokamak'
➜ Explicit dependency on target 'TokamakCore' in project 'Tokamak'
➜ Explicit dependency on target 'TokamakStaticHTML' in project 'Tokamak'
➜ Explicit dependency on target 'OpenCombineShim-product' in project 'OpenCombine'
➜ Explicit dependency on target 'OpenCombineJS-product' in project 'OpenCombineJS'
Target 'TokamakDOM' in project 'Tokamak'
➜ Explicit dependency on target 'TokamakCore' in project 'Tokamak'
➜ Explicit dependency on target 'TokamakStaticHTML' in project 'Tokamak'
➜ Explicit dependency on target 'OpenCombineShim-product' in project 'OpenCombine'
➜ Explicit dependency on target 'OpenCombineJS-product' in project 'OpenCombineJS'
Target 'OpenCombineJS-product' in project 'OpenCombineJS'
➜ Explicit dependency on target 'OpenCombineJS' in project 'OpenCombineJS'
➜ Explicit dependency on target 'JavaScriptKit-product' in project 'JavaScriptKit'
➜ Explicit dependency on target 'OpenCombine-product' in project 'OpenCombine'
Target 'OpenCombineJS' in project 'OpenCombineJS'
➜ Explicit dependency on target 'JavaScriptKit-product' in project 'JavaScriptKit'
➜ Explicit dependency on target 'OpenCombine-product' in project 'OpenCombine'
Target 'OpenCombine-product' in project 'OpenCombine'
➜ Explicit dependency on target 'OpenCombine' in project 'OpenCombine'
➜ Explicit dependency on target 'COpenCombineHelpers' in project 'OpenCombine'
Target 'JavaScriptKit-product' in project 'JavaScriptKit'
➜ Explicit dependency on target 'JavaScriptKit' in project 'JavaScriptKit'
➜ Explicit dependency on target '_CJavaScriptKit' in project 'JavaScriptKit'
Target 'JavaScriptKit' in project 'JavaScriptKit'
➜ Explicit dependency on target '_CJavaScriptKit' in project 'JavaScriptKit'
Target '_CJavaScriptKit' in project 'JavaScriptKit' (no dependencies)
Target 'TokamakStaticHTML' in project 'Tokamak'
➜ Explicit dependency on target 'TokamakCore' in project 'Tokamak'
➜ Explicit dependency on target 'OpenCombineShim-product' in project 'OpenCombine'
Target 'TokamakCore' in project 'Tokamak'
➜ Explicit dependency on target 'OpenCombineShim-product' in project 'OpenCombine'
Target 'OpenCombineShim-product' in project 'OpenCombine'
➜ Explicit dependency on target 'OpenCombineShim' in project 'OpenCombine'
➜ Explicit dependency on target 'COpenCombineHelpers' in project 'OpenCombine'
➜ Explicit dependency on target 'OpenCombine' in project 'OpenCombine'
➜ Explicit dependency on target 'OpenCombineDispatch' in project 'OpenCombine'
➜ Explicit dependency on target 'OpenCombineFoundation' in project 'OpenCombine'
Target 'OpenCombineShim' in project 'OpenCombine'
➜ Explicit dependency on target 'COpenCombineHelpers' in project 'OpenCombine'
➜ Explicit dependency on target 'OpenCombine' in project 'OpenCombine'
➜ Explicit dependency on target 'OpenCombineDispatch' in project 'OpenCombine'
➜ Explicit dependency on target 'OpenCombineFoundation' in project 'OpenCombine'
Target 'OpenCombineFoundation' in project 'OpenCombine'
➜ Explicit dependency on target 'COpenCombineHelpers' in project 'OpenCombine'
➜ Explicit dependency on target 'OpenCombine' in project 'OpenCombine'
Target 'OpenCombineDispatch' in project 'OpenCombine'
➜ Explicit dependency on target 'COpenCombineHelpers' in project 'OpenCombine'
➜ Explicit dependency on target 'OpenCombine' in project 'OpenCombine'
Target 'OpenCombine' in project 'OpenCombine'
➜ Explicit dependency on target 'COpenCombineHelpers' in project 'OpenCombine'
Target 'COpenCombineHelpers' in project 'OpenCombine' (no dependencies)
GatherProvisioningInputs
CreateBuildDescription
ClangStatCache /Applications/Xcode-27.0.0-Release.Candidate.app/Contents/Developer/Toolchains/XcodeDefault.xctoolchain/usr/bin/clang-stat-cache /Applications/Xcode-27.0.0-Release.Candidate.app/Contents/Developer/Platforms/WatchOS.platform/Developer/SDKs/WatchOS27.0.sdk /Users/admin/builder/spi-builder-workspace/.derivedData/SDKStatCaches.noindex/watchos27.0-24R360-e829b21a6f8c9b70876ba0858053c04477534ef55a1706bf4c1112bbb242f0a2.sdkstatcache
cd /Users/admin/builder/spi-builder-workspace/.swiftpm/xcode
/Applications/Xcode-27.0.0-Release.Candidate.app/Contents/Developer/Toolchains/XcodeDefault.xctoolchain/usr/bin/clang-stat-cache /Applications/Xcode-27.0.0-Release.Candidate.app/Contents/Developer/Platforms/WatchOS.platform/Developer/SDKs/WatchOS27.0.sdk -o /Users/admin/builder/spi-builder-workspace/.derivedData/SDKStatCaches.noindex/watchos27.0-24R360-e829b21a6f8c9b70876ba0858053c04477534ef55a1706bf4c1112bbb242f0a2.sdkstatcache
CompileC /Users/admin/builder/spi-builder-workspace/.derivedData/Build/Intermediates.noindex/OpenCombine.build/Debug-watchos/COpenCombineHelpers-t.build/Objects-normal/arm64/COpenCombineHelpers.o /Users/admin/builder/spi-builder-workspace/.dependencies/checkouts/OpenCombine/Sources/COpenCombineHelpers/COpenCombineHelpers.cpp normal arm64 c++ com.apple.compilers.llvm.clang.1_0.compiler (in target 'COpenCombineHelpers' from project 'OpenCombine')
cd /Users/admin/builder/spi-builder-workspace/.swiftpm/xcode
Using response file: /Users/admin/builder/spi-builder-workspace/.derivedData/Build/Intermediates.noindex/OpenCombine.build/Debug-watchos/COpenCombineHelpers-t.build/Objects-normal/arm64/82b82416624d2658e5098eb0a28c15c5-common-args.resp
/Applications/Xcode-27.0.0-Release.Candidate.app/Contents/Developer/Toolchains/XcodeDefault.xctoolchain/usr/bin/clang -x c++ -ivfsstatcache /Users/admin/builder/spi-builder-workspace/.derivedData/SDKStatCaches.noindex/watchos27.0-24R360-e829b21a6f8c9b70876ba0858053c04477534ef55a1706bf4c1112bbb242f0a2.sdkstatcache -target arm64-apple-watchos9.0 -fmessage-length\=0 -fdiagnostics-show-note-include-stack -fmacro-backtrace-limit\=0 -fno-color-diagnostics -fmodules-prune-interval\=86400 -fmodules-prune-after\=345600 -fbuild-session-file\=/Users/admin/builder/spi-builder-workspace/.derivedData/ModuleCache.noindex/Session.modulevalidation -fmodules-validate-once-per-build-session -Wnon-modular-include-in-framework-module -Werror\=non-modular-include-in-framework-module -Wno-trigraphs -Wno-missing-field-initializers -Wno-missing-prototypes -Wno-return-type -Wno-non-virtual-dtor -Wno-overloaded-virtual -Wno-exit-time-destructors -Wno-missing-braces -Wparentheses -Wswitch -Wno-unused-function -Wno-unused-label -Wno-unused-parameter -Wno-unused-variable -Wunused-value -Wno-empty-body -Wno-uninitialized -Wno-unknown-pragmas -w -Wno-shadow -Wno-four-char-constants -Wno-conversion -Wno-constant-conversion -Wno-int-conversion -Wno-bool-conversion -Wno-enum-conversion -Wno-float-conversion -Wno-non-literal-null-conversion -Wno-objc-literal-conversion -Wshorten-64-to-32 -Wno-newline-eof -Wno-c++11-extensions -Wno-implicit-fallthrough -isysroot /Applications/Xcode-27.0.0-Release.Candidate.app/Contents/Developer/Platforms/WatchOS.platform/Developer/SDKs/WatchOS27.0.sdk -fstrict-aliasing -Wdeprecated-declarations -Winvalid-offsetof -Wno-sign-conversion -Wno-infinite-recursion -Wno-move -Wno-comma -Wno-block-capture-autoreleasing -Wno-strict-prototypes -Wno-range-loop-analysis -Wno-semicolon-before-method-body -index-store-path /Users/admin/builder/spi-builder-workspace/.derivedData/Index.noindex/DataStore @/Users/admin/builder/spi-builder-workspace/.derivedData/Build/Intermediates.noindex/OpenCombine.build/Debug-watchos/COpenCombineHelpers-t.build/Objects-normal/arm64/82b82416624d2658e5098eb0a28c15c5-common-args.resp -MMD -MT dependencies -MF /Users/admin/builder/spi-builder-workspace/.derivedData/Build/Intermediates.noindex/OpenCombine.build/Debug-watchos/COpenCombineHelpers-t.build/Objects-normal/arm64/COpenCombineHelpers.d --serialize-diagnostics /Users/admin/builder/spi-builder-workspace/.derivedData/Build/Intermediates.noindex/OpenCombine.build/Debug-watchos/COpenCombineHelpers-t.build/Objects-normal/arm64/COpenCombineHelpers.dia -c /Users/admin/builder/spi-builder-workspace/.dependencies/checkouts/OpenCombine/Sources/COpenCombineHelpers/COpenCombineHelpers.cpp -o /Users/admin/builder/spi-builder-workspace/.derivedData/Build/Intermediates.noindex/OpenCombine.build/Debug-watchos/COpenCombineHelpers-t.build/Objects-normal/arm64/COpenCombineHelpers.o -index-unit-output-path /OpenCombine.build/Debug-watchos/COpenCombineHelpers-t.build/Objects-normal/arm64/COpenCombineHelpers.o
CompileC /Users/admin/builder/spi-builder-workspace/.derivedData/Build/Intermediates.noindex/OpenCombine.build/Debug-watchos/COpenCombineHelpers-t.build/Objects-normal/arm64_32/COpenCombineHelpers.o /Users/admin/builder/spi-builder-workspace/.dependencies/checkouts/OpenCombine/Sources/COpenCombineHelpers/COpenCombineHelpers.cpp normal arm64_32 c++ com.apple.compilers.llvm.clang.1_0.compiler (in target 'COpenCombineHelpers' from project 'OpenCombine')
cd /Users/admin/builder/spi-builder-workspace/.swiftpm/xcode
Using response file: /Users/admin/builder/spi-builder-workspace/.derivedData/Build/Intermediates.noindex/OpenCombine.build/Debug-watchos/COpenCombineHelpers-t.build/Objects-normal/arm64_32/82b82416624d2658e5098eb0a28c15c5-common-args.resp
/Applications/Xcode-27.0.0-Release.Candidate.app/Contents/Developer/Toolchains/XcodeDefault.xctoolchain/usr/bin/clang -x c++ -ivfsstatcache /Users/admin/builder/spi-builder-workspace/.derivedData/SDKStatCaches.noindex/watchos27.0-24R360-e829b21a6f8c9b70876ba0858053c04477534ef55a1706bf4c1112bbb242f0a2.sdkstatcache -target arm64_32-apple-watchos9.0 -fmessage-length\=0 -fdiagnostics-show-note-include-stack -fmacro-backtrace-limit\=0 -fno-color-diagnostics -fmodules-prune-interval\=86400 -fmodules-prune-after\=345600 -fbuild-session-file\=/Users/admin/builder/spi-builder-workspace/.derivedData/ModuleCache.noindex/Session.modulevalidation -fmodules-validate-once-per-build-session -Wnon-modular-include-in-framework-module -Werror\=non-modular-include-in-framework-module -Wno-trigraphs -Wno-missing-field-initializers -Wno-missing-prototypes -Wno-return-type -Wno-non-virtual-dtor -Wno-overloaded-virtual -Wno-exit-time-destructors -Wno-missing-braces -Wparentheses -Wswitch -Wno-unused-function -Wno-unused-label -Wno-unused-parameter -Wno-unused-variable -Wunused-value -Wno-empty-body -Wno-uninitialized -Wno-unknown-pragmas -w -Wno-shadow -Wno-four-char-constants -Wno-conversion -Wno-constant-conversion -Wno-int-conversion -Wno-bool-conversion -Wno-enum-conversion -Wno-float-conversion -Wno-non-literal-null-conversion -Wno-objc-literal-conversion -Wno-shorten-64-to-32 -Wno-newline-eof -Wno-c++11-extensions -Wno-implicit-fallthrough -isysroot /Applications/Xcode-27.0.0-Release.Candidate.app/Contents/Developer/Platforms/WatchOS.platform/Developer/SDKs/WatchOS27.0.sdk -fstrict-aliasing -Wdeprecated-declarations -Winvalid-offsetof -Wno-sign-conversion -Wno-infinite-recursion -Wno-move -Wno-comma -Wno-block-capture-autoreleasing -Wno-strict-prototypes -Wno-range-loop-analysis -Wno-semicolon-before-method-body -index-store-path /Users/admin/builder/spi-builder-workspace/.derivedData/Index.noindex/DataStore @/Users/admin/builder/spi-builder-workspace/.derivedData/Build/Intermediates.noindex/OpenCombine.build/Debug-watchos/COpenCombineHelpers-t.build/Objects-normal/arm64_32/82b82416624d2658e5098eb0a28c15c5-common-args.resp -MMD -MT dependencies -MF /Users/admin/builder/spi-builder-workspace/.derivedData/Build/Intermediates.noindex/OpenCombine.build/Debug-watchos/COpenCombineHelpers-t.build/Objects-normal/arm64_32/COpenCombineHelpers.d --serialize-diagnostics /Users/admin/builder/spi-builder-workspace/.derivedData/Build/Intermediates.noindex/OpenCombine.build/Debug-watchos/COpenCombineHelpers-t.build/Objects-normal/arm64_32/COpenCombineHelpers.dia -c /Users/admin/builder/spi-builder-workspace/.dependencies/checkouts/OpenCombine/Sources/COpenCombineHelpers/COpenCombineHelpers.cpp -o /Users/admin/builder/spi-builder-workspace/.derivedData/Build/Intermediates.noindex/OpenCombine.build/Debug-watchos/COpenCombineHelpers-t.build/Objects-normal/arm64_32/COpenCombineHelpers.o -index-unit-output-path /OpenCombine.build/Debug-watchos/COpenCombineHelpers-t.build/Objects-normal/arm64_32/COpenCombineHelpers.o
ScanDependencies /Users/admin/builder/spi-builder-workspace/.derivedData/Build/Intermediates.noindex/Tokamak.build/Debug-watchos/TokamakGTKCHelpers-t.build/Objects-normal/arm64_32/type_check.o /Users/admin/builder/spi-builder-workspace/Sources/TokamakGTKCHelpers/type_check.c normal arm64_32 c com.apple.compilers.llvm.clang.1_0.compiler (in target 'TokamakGTKCHelpers' from project 'Tokamak')
cd /Users/admin/builder/spi-builder-workspace/.swiftpm/xcode
Using response file: /Users/admin/builder/spi-builder-workspace/.derivedData/Build/Intermediates.noindex/Tokamak.build/Debug-watchos/TokamakGTKCHelpers-t.build/Objects-normal/arm64_32/7187679823f38a2a940e0043cdf9d637-common-args.resp
builtin-ScanDependencies -o /Users/admin/builder/spi-builder-workspace/.derivedData/Build/Intermediates.noindex/Tokamak.build/Debug-watchos/TokamakGTKCHelpers-t.build/Objects-normal/arm64_32/type_check.o.scan -- /Applications/Xcode-27.0.0-Release.Candidate.app/Contents/Developer/Toolchains/XcodeDefault.xctoolchain/usr/bin/clang -x c -ivfsstatcache /Users/admin/builder/spi-builder-workspace/.derivedData/SDKStatCaches.noindex/watchos27.0-24R360-e829b21a6f8c9b70876ba0858053c04477534ef55a1706bf4c1112bbb242f0a2.sdkstatcache -target arm64_32-apple-watchos9.0 -fmessage-length\=0 -fdiagnostics-show-note-include-stack -fmacro-backtrace-limit\=0 -fno-color-diagnostics -fmodules-prune-interval\=86400 -fmodules-prune-after\=345600 -fbuild-session-file\=/Users/admin/builder/spi-builder-workspace/.derivedData/ModuleCache.noindex/Session.modulevalidation -fmodules-validate-once-per-build-session -Wnon-modular-include-in-framework-module -Werror\=non-modular-include-in-framework-module -Wno-trigraphs -Wno-missing-field-initializers -Wno-missing-prototypes -Wno-return-type -Wno-missing-braces -Wparentheses -Wswitch -Wno-unused-function -Wno-unused-label -Wno-unused-parameter -Wno-unused-variable -Wunused-value -Wno-empty-body -Wno-uninitialized -Wno-unknown-pragmas -Wno-shadow -Wno-four-char-constants -Wno-conversion -Wno-constant-conversion -Wno-int-conversion -Wno-bool-conversion -Wno-enum-conversion -Wno-float-conversion -Wno-non-literal-null-conversion -Wno-objc-literal-conversion -Wno-shorten-64-to-32 -Wpointer-sign -Wno-newline-eof -Wno-implicit-fallthrough -isysroot /Applications/Xcode-27.0.0-Release.Candidate.app/Contents/Developer/Platforms/WatchOS.platform/Developer/SDKs/WatchOS27.0.sdk -fstrict-aliasing -Wdeprecated-declarations -Wno-sign-conversion -Wno-infinite-recursion -Wno-comma -Wno-block-capture-autoreleasing -Wno-strict-prototypes -Wno-semicolon-before-method-body -index-store-path /Users/admin/builder/spi-builder-workspace/.derivedData/Index.noindex/DataStore @/Users/admin/builder/spi-builder-workspace/.derivedData/Build/Intermediates.noindex/Tokamak.build/Debug-watchos/TokamakGTKCHelpers-t.build/Objects-normal/arm64_32/7187679823f38a2a940e0043cdf9d637-common-args.resp -MMD -MT dependencies -MF /Users/admin/builder/spi-builder-workspace/.derivedData/Build/Intermediates.noindex/Tokamak.build/Debug-watchos/TokamakGTKCHelpers-t.build/Objects-normal/arm64_32/type_check.d --serialize-diagnostics /Users/admin/builder/spi-builder-workspace/.derivedData/Build/Intermediates.noindex/Tokamak.build/Debug-watchos/TokamakGTKCHelpers-t.build/Objects-normal/arm64_32/type_check.dia -c /Users/admin/builder/spi-builder-workspace/Sources/TokamakGTKCHelpers/type_check.c -o /Users/admin/builder/spi-builder-workspace/.derivedData/Build/Intermediates.noindex/Tokamak.build/Debug-watchos/TokamakGTKCHelpers-t.build/Objects-normal/arm64_32/type_check.o -index-unit-output-path /Tokamak.build/Debug-watchos/TokamakGTKCHelpers-t.build/Objects-normal/arm64_32/type_check.o
/Users/admin/builder/spi-builder-workspace/Sources/TokamakGTKCHelpers/include/type_check.h:2:10: error: 'gtk/gtk.h' file not found (in target 'TokamakGTKCHelpers' from project 'Tokamak')
/Users/admin/builder/spi-builder-workspace/Sources/TokamakGTKCHelpers/type_check.c:1:10: note: in file included from /Users/admin/builder/spi-builder-workspace/Sources/TokamakGTKCHelpers/type_check.c:1:
ScanDependencies /Users/admin/builder/spi-builder-workspace/.derivedData/Build/Intermediates.noindex/Tokamak.build/Debug-watchos/TokamakGTKCHelpers-t.build/Objects-normal/arm64/type_check.o /Users/admin/builder/spi-builder-workspace/Sources/TokamakGTKCHelpers/type_check.c normal arm64 c com.apple.compilers.llvm.clang.1_0.compiler (in target 'TokamakGTKCHelpers' from project 'Tokamak')
cd /Users/admin/builder/spi-builder-workspace/.swiftpm/xcode
Using response file: /Users/admin/builder/spi-builder-workspace/.derivedData/Build/Intermediates.noindex/Tokamak.build/Debug-watchos/TokamakGTKCHelpers-t.build/Objects-normal/arm64/7187679823f38a2a940e0043cdf9d637-common-args.resp
builtin-ScanDependencies -o /Users/admin/builder/spi-builder-workspace/.derivedData/Build/Intermediates.noindex/Tokamak.build/Debug-watchos/TokamakGTKCHelpers-t.build/Objects-normal/arm64/type_check.o.scan -- /Applications/Xcode-27.0.0-Release.Candidate.app/Contents/Developer/Toolchains/XcodeDefault.xctoolchain/usr/bin/clang -x c -ivfsstatcache /Users/admin/builder/spi-builder-workspace/.derivedData/SDKStatCaches.noindex/watchos27.0-24R360-e829b21a6f8c9b70876ba0858053c04477534ef55a1706bf4c1112bbb242f0a2.sdkstatcache -target arm64-apple-watchos9.0 -fmessage-length\=0 -fdiagnostics-show-note-include-stack -fmacro-backtrace-limit\=0 -fno-color-diagnostics -fmodules-prune-interval\=86400 -fmodules-prune-after\=345600 -fbuild-session-file\=/Users/admin/builder/spi-builder-workspace/.derivedData/ModuleCache.noindex/Session.modulevalidation -fmodules-validate-once-per-build-session -Wnon-modular-include-in-framework-module -Werror\=non-modular-include-in-framework-module -Wno-trigraphs -Wno-missing-field-initializers -Wno-missing-prototypes -Wno-return-type -Wno-missing-braces -Wparentheses -Wswitch -Wno-unused-function -Wno-unused-label -Wno-unused-parameter -Wno-unused-variable -Wunused-value -Wno-empty-body -Wno-uninitialized -Wno-unknown-pragmas -Wno-shadow -Wno-four-char-constants -Wno-conversion -Wno-constant-conversion -Wno-int-conversion -Wno-bool-conversion -Wno-enum-conversion -Wno-float-conversion -Wno-non-literal-null-conversion -Wno-objc-literal-conversion -Wshorten-64-to-32 -Wpointer-sign -Wno-newline-eof -Wno-implicit-fallthrough -isysroot /Applications/Xcode-27.0.0-Release.Candidate.app/Contents/Developer/Platforms/WatchOS.platform/Developer/SDKs/WatchOS27.0.sdk -fstrict-aliasing -Wdeprecated-declarations -Wno-sign-conversion -Wno-infinite-recursion -Wno-comma -Wno-block-capture-autoreleasing -Wno-strict-prototypes -Wno-semicolon-before-method-body -index-store-path /Users/admin/builder/spi-builder-workspace/.derivedData/Index.noindex/DataStore @/Users/admin/builder/spi-builder-workspace/.derivedData/Build/Intermediates.noindex/Tokamak.build/Debug-watchos/TokamakGTKCHelpers-t.build/Objects-normal/arm64/7187679823f38a2a940e0043cdf9d637-common-args.resp -MMD -MT dependencies -MF /Users/admin/builder/spi-builder-workspace/.derivedData/Build/Intermediates.noindex/Tokamak.build/Debug-watchos/TokamakGTKCHelpers-t.build/Objects-normal/arm64/type_check.d --serialize-diagnostics /Users/admin/builder/spi-builder-workspace/.derivedData/Build/Intermediates.noindex/Tokamak.build/Debug-watchos/TokamakGTKCHelpers-t.build/Objects-normal/arm64/type_check.dia -c /Users/admin/builder/spi-builder-workspace/Sources/TokamakGTKCHelpers/type_check.c -o /Users/admin/builder/spi-builder-workspace/.derivedData/Build/Intermediates.noindex/Tokamak.build/Debug-watchos/TokamakGTKCHelpers-t.build/Objects-normal/arm64/type_check.o -index-unit-output-path /Tokamak.build/Debug-watchos/TokamakGTKCHelpers-t.build/Objects-normal/arm64/type_check.o
/Users/admin/builder/spi-builder-workspace/Sources/TokamakGTKCHelpers/include/type_check.h:2:10: error: 'gtk/gtk.h' file not found (in target 'TokamakGTKCHelpers' from project 'Tokamak')
/Users/admin/builder/spi-builder-workspace/Sources/TokamakGTKCHelpers/type_check.c:1:10: note: in file included from /Users/admin/builder/spi-builder-workspace/Sources/TokamakGTKCHelpers/type_check.c:1:
SwiftDriver OpenCombine normal arm64_32 com.apple.xcode.tools.swift.compiler (in target 'OpenCombine' from project 'OpenCombine')
cd /Users/admin/builder/spi-builder-workspace/.swiftpm/xcode
builtin-SwiftDriver -- /Applications/Xcode-27.0.0-Release.Candidate.app/Contents/Developer/Toolchains/XcodeDefault.xctoolchain/usr/bin/swiftc -parse-as-library -module-name OpenCombine -Onone @/Users/admin/builder/spi-builder-workspace/.derivedData/Build/Intermediates.noindex/OpenCombine.build/Debug-watchos/OpenCombine-t.build/Objects-normal/arm64_32/OpenCombine.SwiftFileList -DSWIFT_PACKAGE -DDEBUG -DSWIFT_MODULE_RESOURCE_BUNDLE_UNAVAILABLE -Xcc -fmodule-map-file\=/Users/admin/builder/spi-builder-workspace/.derivedData/Build/Intermediates.noindex/GeneratedModuleMaps-watchos/COpenCombineHelpers.modulemap -DXcode -plugin-path /Applications/Xcode-27.0.0-Release.Candidate.app/Contents/Developer/Toolchains/XcodeDefault.xctoolchain/usr/lib/swift/host/plugins/testing -enable-experimental-feature DebugDescriptionMacro -sdk /Applications/Xcode-27.0.0-Release.Candidate.app/Contents/Developer/Platforms/WatchOS.platform/Developer/SDKs/WatchOS27.0.sdk -target arm64_32-apple-watchos9.0 -g -module-cache-path /Users/admin/builder/spi-builder-workspace/.derivedData/ModuleCache.noindex -Xfrontend -serialize-debugging-options -profile-coverage-mapping -profile-generate -enable-testing -suppress-warnings -index-store-path /Users/admin/builder/spi-builder-workspace/.derivedData/Index.noindex/DataStore -Xcc -D_LIBCPP_HARDENING_MODE\=_LIBCPP_HARDENING_MODE_DEBUG -swift-version 5 -I /Users/admin/builder/spi-builder-workspace/.derivedData/Build/Products/Debug-watchos -Isystem /Applications/Xcode-27.0.0-Release.Candidate.app/Contents/Developer/Platforms/WatchOS.platform/Developer/usr/lib -F /Users/admin/builder/spi-builder-workspace/.derivedData/Build/Products/Debug-watchos/PackageFrameworks -F /Users/admin/builder/spi-builder-workspace/.derivedData/Build/Products/Debug-watchos -F /Applications/Xcode-27.0.0-Release.Candidate.app/Contents/Developer/Platforms/WatchOS.platform/Developer/Library/Frameworks -F /Applications/Xcode-27.0.0-Release.Candidate.app/Contents/Developer/Platforms/WatchOS.platform/Developer/SDKs/WatchOS27.0.sdk/Developer/Library/Frameworks -c -j10 -enable-batch-mode -incremental -Xcc -ivfsstatcache -Xcc /Users/admin/builder/spi-builder-workspace/.derivedData/SDKStatCaches.noindex/watchos27.0-24R360-e829b21a6f8c9b70876ba0858053c04477534ef55a1706bf4c1112bbb242f0a2.sdkstatcache -output-file-map /Users/admin/builder/spi-builder-workspace/.derivedData/Build/Intermediates.noindex/OpenCombine.build/Debug-watchos/OpenCombine-t.build/Objects-normal/arm64_32/OpenCombine-OutputFileMap.json -save-temps -no-color-diagnostics -explicit-module-build -module-cache-path /Users/admin/builder/spi-builder-workspace/.derivedData/Build/Intermediates.noindex/SwiftExplicitPrecompiledModules -clang-scanner-module-cache-path /Users/admin/builder/spi-builder-workspace/.derivedData/ModuleCache.noindex -sdk-module-cache-path /Users/admin/builder/spi-builder-workspace/.derivedData/SDKExplicitPrecompiledModules -emit-dependencies -emit-module -emit-module-path /Users/admin/builder/spi-builder-workspace/.derivedData/Build/Intermediates.noindex/OpenCombine.build/Debug-watchos/OpenCombine-t.build/Objects-normal/arm64_32/OpenCombine.swiftmodule -serialize-diagnostics -dependency-scan-serialize-diagnostics-path /Users/admin/builder/spi-builder-workspace/.derivedData/Build/Intermediates.noindex/OpenCombine.build/Debug-watchos/OpenCombine-t.build/Objects-normal/arm64_32/OpenCombine-dependency-scan.dia -validate-clang-modules-once -clang-build-session-file /Users/admin/builder/spi-builder-workspace/.derivedData/ModuleCache.noindex/Session.modulevalidation -Xcc -fmodules-prune-interval\=86400 -Xcc -fmodules-prune-after\=345600 -emit-const-values -const-gather-protocols-list /Users/admin/builder/spi-builder-workspace/.derivedData/Build/Intermediates.noindex/OpenCombine.build/Debug-watchos/OpenCombine-t.build/Objects-normal/arm64_32/OpenCombine_const_extract_protocols.json -Xcc -I/Users/admin/builder/spi-builder-workspace/.dependencies/checkouts/OpenCombine/Sources/COpenCombineHelpers/include -Xcc -I/Users/admin/builder/spi-builder-workspace/.derivedData/Build/Products/Debug-watchos/include -Xcc -I/Users/admin/builder/spi-builder-workspace/.derivedData/Build/Intermediates.noindex/OpenCombine.build/Debug-watchos/OpenCombine-t.build/DerivedSources-normal/arm64_32 -Xcc -I/Users/admin/builder/spi-builder-workspace/.derivedData/Build/Intermediates.noindex/OpenCombine.build/Debug-watchos/OpenCombine-t.build/DerivedSources/arm64_32 -Xcc -I/Users/admin/builder/spi-builder-workspace/.derivedData/Build/Intermediates.noindex/OpenCombine.build/Debug-watchos/OpenCombine-t.build/DerivedSources -Xcc -DSWIFT_PACKAGE -Xcc -DDEBUG\=1 -emit-objc-header -emit-objc-header-path /Users/admin/builder/spi-builder-workspace/.derivedData/Build/Intermediates.noindex/OpenCombine.build/Debug-watchos/OpenCombine-t.build/Objects-normal/arm64_32/OpenCombine-Swift.h -working-directory /Users/admin/builder/spi-builder-workspace/.swiftpm/xcode -experimental-emit-module-separately -disable-cmo
SwiftDriver OpenCombine normal arm64 com.apple.xcode.tools.swift.compiler (in target 'OpenCombine' from project 'OpenCombine')
cd /Users/admin/builder/spi-builder-workspace/.swiftpm/xcode
builtin-SwiftDriver -- /Applications/Xcode-27.0.0-Release.Candidate.app/Contents/Developer/Toolchains/XcodeDefault.xctoolchain/usr/bin/swiftc -parse-as-library -module-name OpenCombine -Onone @/Users/admin/builder/spi-builder-workspace/.derivedData/Build/Intermediates.noindex/OpenCombine.build/Debug-watchos/OpenCombine-t.build/Objects-normal/arm64/OpenCombine.SwiftFileList -DSWIFT_PACKAGE -DDEBUG -DSWIFT_MODULE_RESOURCE_BUNDLE_UNAVAILABLE -Xcc -fmodule-map-file\=/Users/admin/builder/spi-builder-workspace/.derivedData/Build/Intermediates.noindex/GeneratedModuleMaps-watchos/COpenCombineHelpers.modulemap -DXcode -plugin-path /Applications/Xcode-27.0.0-Release.Candidate.app/Contents/Developer/Toolchains/XcodeDefault.xctoolchain/usr/lib/swift/host/plugins/testing -enable-experimental-feature DebugDescriptionMacro -sdk /Applications/Xcode-27.0.0-Release.Candidate.app/Contents/Developer/Platforms/WatchOS.platform/Developer/SDKs/WatchOS27.0.sdk -target arm64-apple-watchos9.0 -g -module-cache-path /Users/admin/builder/spi-builder-workspace/.derivedData/ModuleCache.noindex -Xfrontend -serialize-debugging-options -profile-coverage-mapping -profile-generate -enable-testing -suppress-warnings -index-store-path /Users/admin/builder/spi-builder-workspace/.derivedData/Index.noindex/DataStore -Xcc -D_LIBCPP_HARDENING_MODE\=_LIBCPP_HARDENING_MODE_DEBUG -swift-version 5 -I /Users/admin/builder/spi-builder-workspace/.derivedData/Build/Products/Debug-watchos -Isystem /Applications/Xcode-27.0.0-Release.Candidate.app/Contents/Developer/Platforms/WatchOS.platform/Developer/usr/lib -F /Users/admin/builder/spi-builder-workspace/.derivedData/Build/Products/Debug-watchos/PackageFrameworks -F /Users/admin/builder/spi-builder-workspace/.derivedData/Build/Products/Debug-watchos -F /Applications/Xcode-27.0.0-Release.Candidate.app/Contents/Developer/Platforms/WatchOS.platform/Developer/Library/Frameworks -F /Applications/Xcode-27.0.0-Release.Candidate.app/Contents/Developer/Platforms/WatchOS.platform/Developer/SDKs/WatchOS27.0.sdk/Developer/Library/Frameworks -c -j10 -enable-batch-mode -incremental -Xcc -ivfsstatcache -Xcc /Users/admin/builder/spi-builder-workspace/.derivedData/SDKStatCaches.noindex/watchos27.0-24R360-e829b21a6f8c9b70876ba0858053c04477534ef55a1706bf4c1112bbb242f0a2.sdkstatcache -output-file-map /Users/admin/builder/spi-builder-workspace/.derivedData/Build/Intermediates.noindex/OpenCombine.build/Debug-watchos/OpenCombine-t.build/Objects-normal/arm64/OpenCombine-OutputFileMap.json -save-temps -no-color-diagnostics -explicit-module-build -module-cache-path /Users/admin/builder/spi-builder-workspace/.derivedData/Build/Intermediates.noindex/SwiftExplicitPrecompiledModules -clang-scanner-module-cache-path /Users/admin/builder/spi-builder-workspace/.derivedData/ModuleCache.noindex -sdk-module-cache-path /Users/admin/builder/spi-builder-workspace/.derivedData/SDKExplicitPrecompiledModules -emit-dependencies -emit-module -emit-module-path /Users/admin/builder/spi-builder-workspace/.derivedData/Build/Intermediates.noindex/OpenCombine.build/Debug-watchos/OpenCombine-t.build/Objects-normal/arm64/OpenCombine.swiftmodule -serialize-diagnostics -dependency-scan-serialize-diagnostics-path /Users/admin/builder/spi-builder-workspace/.derivedData/Build/Intermediates.noindex/OpenCombine.build/Debug-watchos/OpenCombine-t.build/Objects-normal/arm64/OpenCombine-dependency-scan.dia -validate-clang-modules-once -clang-build-session-file /Users/admin/builder/spi-builder-workspace/.derivedData/ModuleCache.noindex/Session.modulevalidation -Xcc -fmodules-prune-interval\=86400 -Xcc -fmodules-prune-after\=345600 -emit-const-values -const-gather-protocols-list /Users/admin/builder/spi-builder-workspace/.derivedData/Build/Intermediates.noindex/OpenCombine.build/Debug-watchos/OpenCombine-t.build/Objects-normal/arm64/OpenCombine_const_extract_protocols.json -Xcc -I/Users/admin/builder/spi-builder-workspace/.dependencies/checkouts/OpenCombine/Sources/COpenCombineHelpers/include -Xcc -I/Users/admin/builder/spi-builder-workspace/.derivedData/Build/Products/Debug-watchos/include -Xcc -I/Users/admin/builder/spi-builder-workspace/.derivedData/Build/Intermediates.noindex/OpenCombine.build/Debug-watchos/OpenCombine-t.build/DerivedSources-normal/arm64 -Xcc -I/Users/admin/builder/spi-builder-workspace/.derivedData/Build/Intermediates.noindex/OpenCombine.build/Debug-watchos/OpenCombine-t.build/DerivedSources/arm64 -Xcc -I/Users/admin/builder/spi-builder-workspace/.derivedData/Build/Intermediates.noindex/OpenCombine.build/Debug-watchos/OpenCombine-t.build/DerivedSources -Xcc -DSWIFT_PACKAGE -Xcc -DDEBUG\=1 -emit-objc-header -emit-objc-header-path /Users/admin/builder/spi-builder-workspace/.derivedData/Build/Intermediates.noindex/OpenCombine.build/Debug-watchos/OpenCombine-t.build/Objects-normal/arm64/OpenCombine-Swift.h -working-directory /Users/admin/builder/spi-builder-workspace/.swiftpm/xcode -experimental-emit-module-separately -disable-cmo
SwiftDriver JavaScriptKit normal arm64_32 com.apple.xcode.tools.swift.compiler (in target 'JavaScriptKit' from project 'JavaScriptKit')
cd /Users/admin/builder/spi-builder-workspace/.swiftpm/xcode
builtin-SwiftDriver -- /Applications/Xcode-27.0.0-Release.Candidate.app/Contents/Developer/Toolchains/XcodeDefault.xctoolchain/usr/bin/swiftc -parse-as-library -module-name JavaScriptKit -Onone @/Users/admin/builder/spi-builder-workspace/.derivedData/Build/Intermediates.noindex/JavaScriptKit.build/Debug-watchos/JavaScriptKit-t.build/Objects-normal/arm64_32/JavaScriptKit.SwiftFileList -DSWIFT_PACKAGE -DDEBUG -DSWIFT_MODULE_RESOURCE_BUNDLE_UNAVAILABLE -Xcc -fmodule-map-file\=/Users/admin/builder/spi-builder-workspace/.dependencies/checkouts/JavaScriptKit/Sources/_CJavaScriptKit/include/module.modulemap -DXcode -plugin-path /Applications/Xcode-27.0.0-Release.Candidate.app/Contents/Developer/Toolchains/XcodeDefault.xctoolchain/usr/lib/swift/host/plugins/testing -enable-experimental-feature DebugDescriptionMacro -sdk /Applications/Xcode-27.0.0-Release.Candidate.app/Contents/Developer/Platforms/WatchOS.platform/Developer/SDKs/WatchOS27.0.sdk -target arm64_32-apple-watchos9.0 -g -module-cache-path /Users/admin/builder/spi-builder-workspace/.derivedData/ModuleCache.noindex -Xfrontend -serialize-debugging-options -profile-coverage-mapping -profile-generate -enable-testing -suppress-warnings -index-store-path /Users/admin/builder/spi-builder-workspace/.derivedData/Index.noindex/DataStore -Xcc -D_LIBCPP_HARDENING_MODE\=_LIBCPP_HARDENING_MODE_DEBUG -swift-version 6 -I /Users/admin/builder/spi-builder-workspace/.derivedData/Build/Products/Debug-watchos -Isystem /Applications/Xcode-27.0.0-Release.Candidate.app/Contents/Developer/Platforms/WatchOS.platform/Developer/usr/lib -F /Users/admin/builder/spi-builder-workspace/.derivedData/Build/Products/Debug-watchos/PackageFrameworks -F /Users/admin/builder/spi-builder-workspace/.derivedData/Build/Products/Debug-watchos -F /Applications/Xcode-27.0.0-Release.Candidate.app/Contents/Developer/Platforms/WatchOS.platform/Developer/Library/Frameworks -F /Applications/Xcode-27.0.0-Release.Candidate.app/Contents/Developer/Platforms/WatchOS.platform/Developer/SDKs/WatchOS27.0.sdk/Developer/Library/Frameworks -c -j10 -enable-batch-mode -incremental -Xcc -ivfsstatcache -Xcc /Users/admin/builder/spi-builder-workspace/.derivedData/SDKStatCaches.noindex/watchos27.0-24R360-e829b21a6f8c9b70876ba0858053c04477534ef55a1706bf4c1112bbb242f0a2.sdkstatcache -output-file-map /Users/admin/builder/spi-builder-workspace/.derivedData/Build/Intermediates.noindex/JavaScriptKit.build/Debug-watchos/JavaScriptKit-t.build/Objects-normal/arm64_32/JavaScriptKit-OutputFileMap.json -save-temps -no-color-diagnostics -explicit-module-build -module-cache-path /Users/admin/builder/spi-builder-workspace/.derivedData/Build/Intermediates.noindex/SwiftExplicitPrecompiledModules -clang-scanner-module-cache-path /Users/admin/builder/spi-builder-workspace/.derivedData/ModuleCache.noindex -sdk-module-cache-path /Users/admin/builder/spi-builder-workspace/.derivedData/SDKExplicitPrecompiledModules -emit-dependencies -emit-module -emit-module-path /Users/admin/builder/spi-builder-workspace/.derivedData/Build/Intermediates.noindex/JavaScriptKit.build/Debug-watchos/JavaScriptKit-t.build/Objects-normal/arm64_32/JavaScriptKit.swiftmodule -serialize-diagnostics -dependency-scan-serialize-diagnostics-path /Users/admin/builder/spi-builder-workspace/.derivedData/Build/Intermediates.noindex/JavaScriptKit.build/Debug-watchos/JavaScriptKit-t.build/Objects-normal/arm64_32/JavaScriptKit-dependency-scan.dia -user-module-version 0.26.2 -validate-clang-modules-once -clang-build-session-file /Users/admin/builder/spi-builder-workspace/.derivedData/ModuleCache.noindex/Session.modulevalidation -Xcc -fmodules-prune-interval\=86400 -Xcc -fmodules-prune-after\=345600 -package-name javascriptkit -emit-const-values -const-gather-protocols-list /Users/admin/builder/spi-builder-workspace/.derivedData/Build/Intermediates.noindex/JavaScriptKit.build/Debug-watchos/JavaScriptKit-t.build/Objects-normal/arm64_32/JavaScriptKit_const_extract_protocols.json -Xcc -I/Users/admin/builder/spi-builder-workspace/.dependencies/checkouts/JavaScriptKit/Sources/_CJavaScriptKit/include -Xcc -I/Users/admin/builder/spi-builder-workspace/.derivedData/Build/Products/Debug-watchos/include -Xcc -I/Users/admin/builder/spi-builder-workspace/.derivedData/Build/Intermediates.noindex/JavaScriptKit.build/Debug-watchos/JavaScriptKit-t.build/DerivedSources-normal/arm64_32 -Xcc -I/Users/admin/builder/spi-builder-workspace/.derivedData/Build/Intermediates.noindex/JavaScriptKit.build/Debug-watchos/JavaScriptKit-t.build/DerivedSources/arm64_32 -Xcc -I/Users/admin/builder/spi-builder-workspace/.derivedData/Build/Intermediates.noindex/JavaScriptKit.build/Debug-watchos/JavaScriptKit-t.build/DerivedSources -Xcc -DSWIFT_PACKAGE -Xcc -DDEBUG\=1 -emit-objc-header -emit-objc-header-path /Users/admin/builder/spi-builder-workspace/.derivedData/Build/Intermediates.noindex/JavaScriptKit.build/Debug-watchos/JavaScriptKit-t.build/Objects-normal/arm64_32/JavaScriptKit-Swift.h -working-directory /Users/admin/builder/spi-builder-workspace/.swiftpm/xcode -experimental-emit-module-separately -disable-cmo
SwiftDriver JavaScriptKit normal arm64 com.apple.xcode.tools.swift.compiler (in target 'JavaScriptKit' from project 'JavaScriptKit')
cd /Users/admin/builder/spi-builder-workspace/.swiftpm/xcode
builtin-SwiftDriver -- /Applications/Xcode-27.0.0-Release.Candidate.app/Contents/Developer/Toolchains/XcodeDefault.xctoolchain/usr/bin/swiftc -parse-as-library -module-name JavaScriptKit -Onone @/Users/admin/builder/spi-builder-workspace/.derivedData/Build/Intermediates.noindex/JavaScriptKit.build/Debug-watchos/JavaScriptKit-t.build/Objects-normal/arm64/JavaScriptKit.SwiftFileList -DSWIFT_PACKAGE -DDEBUG -DSWIFT_MODULE_RESOURCE_BUNDLE_UNAVAILABLE -Xcc -fmodule-map-file\=/Users/admin/builder/spi-builder-workspace/.dependencies/checkouts/JavaScriptKit/Sources/_CJavaScriptKit/include/module.modulemap -DXcode -plugin-path /Applications/Xcode-27.0.0-Release.Candidate.app/Contents/Developer/Toolchains/XcodeDefault.xctoolchain/usr/lib/swift/host/plugins/testing -enable-experimental-feature DebugDescriptionMacro -sdk /Applications/Xcode-27.0.0-Release.Candidate.app/Contents/Developer/Platforms/WatchOS.platform/Developer/SDKs/WatchOS27.0.sdk -target arm64-apple-watchos9.0 -g -module-cache-path /Users/admin/builder/spi-builder-workspace/.derivedData/ModuleCache.noindex -Xfrontend -serialize-debugging-options -profile-coverage-mapping -profile-generate -enable-testing -suppress-warnings -index-store-path /Users/admin/builder/spi-builder-workspace/.derivedData/Index.noindex/DataStore -Xcc -D_LIBCPP_HARDENING_MODE\=_LIBCPP_HARDENING_MODE_DEBUG -swift-version 6 -I /Users/admin/builder/spi-builder-workspace/.derivedData/Build/Products/Debug-watchos -Isystem /Applications/Xcode-27.0.0-Release.Candidate.app/Contents/Developer/Platforms/WatchOS.platform/Developer/usr/lib -F /Users/admin/builder/spi-builder-workspace/.derivedData/Build/Products/Debug-watchos/PackageFrameworks -F /Users/admin/builder/spi-builder-workspace/.derivedData/Build/Products/Debug-watchos -F /Applications/Xcode-27.0.0-Release.Candidate.app/Contents/Developer/Platforms/WatchOS.platform/Developer/Library/Frameworks -F /Applications/Xcode-27.0.0-Release.Candidate.app/Contents/Developer/Platforms/WatchOS.platform/Developer/SDKs/WatchOS27.0.sdk/Developer/Library/Frameworks -c -j10 -enable-batch-mode -incremental -Xcc -ivfsstatcache -Xcc /Users/admin/builder/spi-builder-workspace/.derivedData/SDKStatCaches.noindex/watchos27.0-24R360-e829b21a6f8c9b70876ba0858053c04477534ef55a1706bf4c1112bbb242f0a2.sdkstatcache -output-file-map /Users/admin/builder/spi-builder-workspace/.derivedData/Build/Intermediates.noindex/JavaScriptKit.build/Debug-watchos/JavaScriptKit-t.build/Objects-normal/arm64/JavaScriptKit-OutputFileMap.json -save-temps -no-color-diagnostics -explicit-module-build -module-cache-path /Users/admin/builder/spi-builder-workspace/.derivedData/Build/Intermediates.noindex/SwiftExplicitPrecompiledModules -clang-scanner-module-cache-path /Users/admin/builder/spi-builder-workspace/.derivedData/ModuleCache.noindex -sdk-module-cache-path /Users/admin/builder/spi-builder-workspace/.derivedData/SDKExplicitPrecompiledModules -emit-dependencies -emit-module -emit-module-path /Users/admin/builder/spi-builder-workspace/.derivedData/Build/Intermediates.noindex/JavaScriptKit.build/Debug-watchos/JavaScriptKit-t.build/Objects-normal/arm64/JavaScriptKit.swiftmodule -serialize-diagnostics -dependency-scan-serialize-diagnostics-path /Users/admin/builder/spi-builder-workspace/.derivedData/Build/Intermediates.noindex/JavaScriptKit.build/Debug-watchos/JavaScriptKit-t.build/Objects-normal/arm64/JavaScriptKit-dependency-scan.dia -user-module-version 0.26.2 -validate-clang-modules-once -clang-build-session-file /Users/admin/builder/spi-builder-workspace/.derivedData/ModuleCache.noindex/Session.modulevalidation -Xcc -fmodules-prune-interval\=86400 -Xcc -fmodules-prune-after\=345600 -package-name javascriptkit -emit-const-values -const-gather-protocols-list /Users/admin/builder/spi-builder-workspace/.derivedData/Build/Intermediates.noindex/JavaScriptKit.build/Debug-watchos/JavaScriptKit-t.build/Objects-normal/arm64/JavaScriptKit_const_extract_protocols.json -Xcc -I/Users/admin/builder/spi-builder-workspace/.dependencies/checkouts/JavaScriptKit/Sources/_CJavaScriptKit/include -Xcc -I/Users/admin/builder/spi-builder-workspace/.derivedData/Build/Products/Debug-watchos/include -Xcc -I/Users/admin/builder/spi-builder-workspace/.derivedData/Build/Intermediates.noindex/JavaScriptKit.build/Debug-watchos/JavaScriptKit-t.build/DerivedSources-normal/arm64 -Xcc -I/Users/admin/builder/spi-builder-workspace/.derivedData/Build/Intermediates.noindex/JavaScriptKit.build/Debug-watchos/JavaScriptKit-t.build/DerivedSources/arm64 -Xcc -I/Users/admin/builder/spi-builder-workspace/.derivedData/Build/Intermediates.noindex/JavaScriptKit.build/Debug-watchos/JavaScriptKit-t.build/DerivedSources -Xcc -DSWIFT_PACKAGE -Xcc -DDEBUG\=1 -emit-objc-header -emit-objc-header-path /Users/admin/builder/spi-builder-workspace/.derivedData/Build/Intermediates.noindex/JavaScriptKit.build/Debug-watchos/JavaScriptKit-t.build/Objects-normal/arm64/JavaScriptKit-Swift.h -working-directory /Users/admin/builder/spi-builder-workspace/.swiftpm/xcode -experimental-emit-module-separately -disable-cmo
SwiftDriver ArgumentParserToolInfo normal arm64 com.apple.xcode.tools.swift.compiler (in target 'ArgumentParserToolInfo' from project 'swift-argument-parser')
cd /Users/admin/builder/spi-builder-workspace/.swiftpm/xcode
builtin-SwiftDriver -- /Applications/Xcode-27.0.0-Release.Candidate.app/Contents/Developer/Toolchains/XcodeDefault.xctoolchain/usr/bin/swiftc -parse-as-library -module-name ArgumentParserToolInfo -Onone @/Users/admin/builder/spi-builder-workspace/.derivedData/Build/Intermediates.noindex/swift-argument-parser.build/Debug-watchos/ArgumentParserToolInfo-t.build/Objects-normal/arm64/ArgumentParserToolInfo.SwiftFileList -DSWIFT_PACKAGE -DDEBUG -DSWIFT_MODULE_RESOURCE_BUNDLE_UNAVAILABLE -DXcode -plugin-path /Applications/Xcode-27.0.0-Release.Candidate.app/Contents/Developer/Toolchains/XcodeDefault.xctoolchain/usr/lib/swift/host/plugins/testing -enable-experimental-feature DebugDescriptionMacro -sdk /Applications/Xcode-27.0.0-Release.Candidate.app/Contents/Developer/Platforms/WatchOS.platform/Developer/SDKs/WatchOS27.0.sdk -target arm64-apple-watchos9.0 -g -module-cache-path /Users/admin/builder/spi-builder-workspace/.derivedData/ModuleCache.noindex -Xfrontend -serialize-debugging-options -profile-coverage-mapping -profile-generate -enable-testing -suppress-warnings -index-store-path /Users/admin/builder/spi-builder-workspace/.derivedData/Index.noindex/DataStore -Xcc -D_LIBCPP_HARDENING_MODE\=_LIBCPP_HARDENING_MODE_DEBUG -swift-version 6 -I /Users/admin/builder/spi-builder-workspace/.derivedData/Build/Products/Debug-watchos -Isystem /Applications/Xcode-27.0.0-Release.Candidate.app/Contents/Developer/Platforms/WatchOS.platform/Developer/usr/lib -F /Users/admin/builder/spi-builder-workspace/.derivedData/Build/Products/Debug-watchos -F /Applications/Xcode-27.0.0-Release.Candidate.app/Contents/Developer/Platforms/WatchOS.platform/Developer/Library/Frameworks -F /Applications/Xcode-27.0.0-Release.Candidate.app/Contents/Developer/Platforms/WatchOS.platform/Developer/SDKs/WatchOS27.0.sdk/Developer/Library/Frameworks -c -j10 -enable-batch-mode -incremental -Xcc -ivfsstatcache -Xcc /Users/admin/builder/spi-builder-workspace/.derivedData/SDKStatCaches.noindex/watchos27.0-24R360-e829b21a6f8c9b70876ba0858053c04477534ef55a1706bf4c1112bbb242f0a2.sdkstatcache -output-file-map /Users/admin/builder/spi-builder-workspace/.derivedData/Build/Intermediates.noindex/swift-argument-parser.build/Debug-watchos/ArgumentParserToolInfo-t.build/Objects-normal/arm64/ArgumentParserToolInfo-OutputFileMap.json -save-temps -no-color-diagnostics -explicit-module-build -module-cache-path /Users/admin/builder/spi-builder-workspace/.derivedData/Build/Intermediates.noindex/SwiftExplicitPrecompiledModules -clang-scanner-module-cache-path /Users/admin/builder/spi-builder-workspace/.derivedData/ModuleCache.noindex -sdk-module-cache-path /Users/admin/builder/spi-builder-workspace/.derivedData/SDKExplicitPrecompiledModules -emit-dependencies -emit-module -emit-module-path /Users/admin/builder/spi-builder-workspace/.derivedData/Build/Intermediates.noindex/swift-argument-parser.build/Debug-watchos/ArgumentParserToolInfo-t.build/Objects-normal/arm64/ArgumentParserToolInfo.swiftmodule -serialize-diagnostics -dependency-scan-serialize-diagnostics-path /Users/admin/builder/spi-builder-workspace/.derivedData/Build/Intermediates.noindex/swift-argument-parser.build/Debug-watchos/ArgumentParserToolInfo-t.build/Objects-normal/arm64/ArgumentParserToolInfo-dependency-scan.dia -user-module-version 1.8.2 -validate-clang-modules-once -clang-build-session-file /Users/admin/builder/spi-builder-workspace/.derivedData/ModuleCache.noindex/Session.modulevalidation -Xcc -fmodules-prune-interval\=86400 -Xcc -fmodules-prune-after\=345600 -package-name swift_argument_parser -emit-const-values -const-gather-protocols-list /Users/admin/builder/spi-builder-workspace/.derivedData/Build/Intermediates.noindex/swift-argument-parser.build/Debug-watchos/ArgumentParserToolInfo-t.build/Objects-normal/arm64/ArgumentParserToolInfo_const_extract_protocols.json -Xcc -I/Users/admin/builder/spi-builder-workspace/.derivedData/Build/Products/Debug-watchos/include -Xcc -I/Users/admin/builder/spi-builder-workspace/.derivedData/Build/Intermediates.noindex/swift-argument-parser.build/Debug-watchos/ArgumentParserToolInfo-t.build/DerivedSources-normal/arm64 -Xcc -I/Users/admin/builder/spi-builder-workspace/.derivedData/Build/Intermediates.noindex/swift-argument-parser.build/Debug-watchos/ArgumentParserToolInfo-t.build/DerivedSources/arm64 -Xcc -I/Users/admin/builder/spi-builder-workspace/.derivedData/Build/Intermediates.noindex/swift-argument-parser.build/Debug-watchos/ArgumentParserToolInfo-t.build/DerivedSources -Xcc -DSWIFT_PACKAGE -Xcc -DDEBUG\=1 -emit-objc-header -emit-objc-header-path /Users/admin/builder/spi-builder-workspace/.derivedData/Build/Intermediates.noindex/swift-argument-parser.build/Debug-watchos/ArgumentParserToolInfo-t.build/Objects-normal/arm64/ArgumentParserToolInfo-Swift.h -working-directory /Users/admin/builder/spi-builder-workspace/.swiftpm/xcode -experimental-emit-module-separately -disable-cmo
SwiftDriver ArgumentParserToolInfo normal arm64_32 com.apple.xcode.tools.swift.compiler (in target 'ArgumentParserToolInfo' from project 'swift-argument-parser')
cd /Users/admin/builder/spi-builder-workspace/.swiftpm/xcode
builtin-SwiftDriver -- /Applications/Xcode-27.0.0-Release.Candidate.app/Contents/Developer/Toolchains/XcodeDefault.xctoolchain/usr/bin/swiftc -parse-as-library -module-name ArgumentParserToolInfo -Onone @/Users/admin/builder/spi-builder-workspace/.derivedData/Build/Intermediates.noindex/swift-argument-parser.build/Debug-watchos/ArgumentParserToolInfo-t.build/Objects-normal/arm64_32/ArgumentParserToolInfo.SwiftFileList -DSWIFT_PACKAGE -DDEBUG -DSWIFT_MODULE_RESOURCE_BUNDLE_UNAVAILABLE -DXcode -plugin-path /Applications/Xcode-27.0.0-Release.Candidate.app/Contents/Developer/Toolchains/XcodeDefault.xctoolchain/usr/lib/swift/host/plugins/testing -enable-experimental-feature DebugDescriptionMacro -sdk /Applications/Xcode-27.0.0-Release.Candidate.app/Contents/Developer/Platforms/WatchOS.platform/Developer/SDKs/WatchOS27.0.sdk -target arm64_32-apple-watchos9.0 -g -module-cache-path /Users/admin/builder/spi-builder-workspace/.derivedData/ModuleCache.noindex -Xfrontend -serialize-debugging-options -profile-coverage-mapping -profile-generate -enable-testing -suppress-warnings -index-store-path /Users/admin/builder/spi-builder-workspace/.derivedData/Index.noindex/DataStore -Xcc -D_LIBCPP_HARDENING_MODE\=_LIBCPP_HARDENING_MODE_DEBUG -swift-version 6 -I /Users/admin/builder/spi-builder-workspace/.derivedData/Build/Products/Debug-watchos -Isystem /Applications/Xcode-27.0.0-Release.Candidate.app/Contents/Developer/Platforms/WatchOS.platform/Developer/usr/lib -F /Users/admin/builder/spi-builder-workspace/.derivedData/Build/Products/Debug-watchos -F /Applications/Xcode-27.0.0-Release.Candidate.app/Contents/Developer/Platforms/WatchOS.platform/Developer/Library/Frameworks -F /Applications/Xcode-27.0.0-Release.Candidate.app/Contents/Developer/Platforms/WatchOS.platform/Developer/SDKs/WatchOS27.0.sdk/Developer/Library/Frameworks -c -j10 -enable-batch-mode -incremental -Xcc -ivfsstatcache -Xcc /Users/admin/builder/spi-builder-workspace/.derivedData/SDKStatCaches.noindex/watchos27.0-24R360-e829b21a6f8c9b70876ba0858053c04477534ef55a1706bf4c1112bbb242f0a2.sdkstatcache -output-file-map /Users/admin/builder/spi-builder-workspace/.derivedData/Build/Intermediates.noindex/swift-argument-parser.build/Debug-watchos/ArgumentParserToolInfo-t.build/Objects-normal/arm64_32/ArgumentParserToolInfo-OutputFileMap.json -save-temps -no-color-diagnostics -explicit-module-build -module-cache-path /Users/admin/builder/spi-builder-workspace/.derivedData/Build/Intermediates.noindex/SwiftExplicitPrecompiledModules -clang-scanner-module-cache-path /Users/admin/builder/spi-builder-workspace/.derivedData/ModuleCache.noindex -sdk-module-cache-path /Users/admin/builder/spi-builder-workspace/.derivedData/SDKExplicitPrecompiledModules -emit-dependencies -emit-module -emit-module-path /Users/admin/builder/spi-builder-workspace/.derivedData/Build/Intermediates.noindex/swift-argument-parser.build/Debug-watchos/ArgumentParserToolInfo-t.build/Objects-normal/arm64_32/ArgumentParserToolInfo.swiftmodule -serialize-diagnostics -dependency-scan-serialize-diagnostics-path /Users/admin/builder/spi-builder-workspace/.derivedData/Build/Intermediates.noindex/swift-argument-parser.build/Debug-watchos/ArgumentParserToolInfo-t.build/Objects-normal/arm64_32/ArgumentParserToolInfo-dependency-scan.dia -user-module-version 1.8.2 -validate-clang-modules-once -clang-build-session-file /Users/admin/builder/spi-builder-workspace/.derivedData/ModuleCache.noindex/Session.modulevalidation -Xcc -fmodules-prune-interval\=86400 -Xcc -fmodules-prune-after\=345600 -package-name swift_argument_parser -emit-const-values -const-gather-protocols-list /Users/admin/builder/spi-builder-workspace/.derivedData/Build/Intermediates.noindex/swift-argument-parser.build/Debug-watchos/ArgumentParserToolInfo-t.build/Objects-normal/arm64_32/ArgumentParserToolInfo_const_extract_protocols.json -Xcc -I/Users/admin/builder/spi-builder-workspace/.derivedData/Build/Products/Debug-watchos/include -Xcc -I/Users/admin/builder/spi-builder-workspace/.derivedData/Build/Intermediates.noindex/swift-argument-parser.build/Debug-watchos/ArgumentParserToolInfo-t.build/DerivedSources-normal/arm64_32 -Xcc -I/Users/admin/builder/spi-builder-workspace/.derivedData/Build/Intermediates.noindex/swift-argument-parser.build/Debug-watchos/ArgumentParserToolInfo-t.build/DerivedSources/arm64_32 -Xcc -I/Users/admin/builder/spi-builder-workspace/.derivedData/Build/Intermediates.noindex/swift-argument-parser.build/Debug-watchos/ArgumentParserToolInfo-t.build/DerivedSources -Xcc -DSWIFT_PACKAGE -Xcc -DDEBUG\=1 -emit-objc-header -emit-objc-header-path /Users/admin/builder/spi-builder-workspace/.derivedData/Build/Intermediates.noindex/swift-argument-parser.build/Debug-watchos/ArgumentParserToolInfo-t.build/Objects-normal/arm64_32/ArgumentParserToolInfo-Swift.h -working-directory /Users/admin/builder/spi-builder-workspace/.swiftpm/xcode -experimental-emit-module-separately -disable-cmo
PrecompileModule /Users/admin/builder/spi-builder-workspace/.derivedData/Build/Intermediates.noindex/ExplicitPrecompiledModules/_Builtin_float-EOHQAMFR1MUX8C8DZY4RR74MN.scan
cd /
builtin-precompileModule /Users/admin/builder/spi-builder-workspace/.derivedData/Build/Intermediates.noindex/ExplicitPrecompiledModules/_Builtin_float-EOHQAMFR1MUX8C8DZY4RR74MN.scan
PruneExplicitPrecompiledModules /Users/admin/builder/spi-builder-workspace/.derivedData/Build/Intermediates.noindex/ExplicitPrecompiledModules
PruneExplicitPrecompiledModules /Users/admin/builder/spi-builder-workspace/.derivedData/SDKExplicitPrecompiledModules
PruneExplicitPrecompiledModules /Users/admin/builder/spi-builder-workspace/.derivedData/Build/Intermediates.noindex/SwiftExplicitPrecompiledModules
2026-09-18 16:15:51.711 xcodebuild[1446:8122] [MT] IDERunDestination: Supported platforms for the buildables in the current scheme is empty.
** BUILD FAILED **
The following build commands failed:
ScanDependencies /Users/admin/builder/spi-builder-workspace/.derivedData/Build/Intermediates.noindex/Tokamak.build/Debug-watchos/TokamakGTKCHelpers-t.build/Objects-normal/arm64_32/type_check.o /Users/admin/builder/spi-builder-workspace/Sources/TokamakGTKCHelpers/type_check.c normal arm64_32 c com.apple.compilers.llvm.clang.1_0.compiler (in target 'TokamakGTKCHelpers' from project 'Tokamak')
ScanDependencies /Users/admin/builder/spi-builder-workspace/.derivedData/Build/Intermediates.noindex/Tokamak.build/Debug-watchos/TokamakGTKCHelpers-t.build/Objects-normal/arm64/type_check.o /Users/admin/builder/spi-builder-workspace/Sources/TokamakGTKCHelpers/type_check.c normal arm64 c com.apple.compilers.llvm.clang.1_0.compiler (in target 'TokamakGTKCHelpers' from project 'Tokamak')
Building workspace Tokamak with scheme Tokamak-Package
(3 failures)
BUILD FAILURE 6.4 watchOS