The Swift Package Index logo.Swift Package Index

Build Information

Failed to build OpenAsyncImage, reference 0.1.1 (dc9b32), with Swift 6.4 for Android on 22 Sep 2026 10:10:22 UTC.

Build Command

bash -c docker run --pull=always --rm -v "checkouts-54344843-1":/host -w "$PWD" -e JAVA_HOME="/root/.sdkman/candidates/java/current" -e SPI_BUILD="1" -e SPI_PROCESSING="1" registry.gitlab.com/saguaro1/spi-images:android-6.4-latest swift build --swift-sdk aarch64-unknown-linux-android28 2>&1

Build Log

========================================
RunAll
========================================
Builder version: 5.1.0
Interrupt handler set up.
========================================
Checkout
========================================
Clone URL: https://github.com/OpenSwiftUIProject/OpenAsyncImage.git
Reference: 0.1.1
Initialized empty Git repository in /host/spi-builder-workspace/.git/
hint: Using 'master' as the name for the initial branch. This default branch name
hint: is subject to change. To configure the initial branch name to use in all
hint: of your new repositories, which will suppress this warning, call:
hint:
hint: 	git config --global init.defaultBranch <name>
hint:
hint: Names commonly chosen instead of 'master' are 'main', 'trunk' and
hint: 'development'. The just-created branch can be renamed via this command:
hint:
hint: 	git branch -m <name>
From https://github.com/OpenSwiftUIProject/OpenAsyncImage
 * tag               0.1.1      -> FETCH_HEAD
HEAD is now at dc9b326 Update Image.redacted using SymbolLocator
Cloned https://github.com/OpenSwiftUIProject/OpenAsyncImage.git
Revision (git rev-parse @):
dc9b326b1b557fabbaddfbccf56dcadb473cdfbd
SPI manifest file found: $PWD/.spi.yml
SUCCESS checkout https://github.com/OpenSwiftUIProject/OpenAsyncImage.git at 0.1.1
========================================
Build
========================================
Selected platform:         android
Swift version:             6.4
Building package at path:  $PWD
https://github.com/OpenSwiftUIProject/OpenAsyncImage.git
Running build ...
bash -c docker run --pull=always --rm -v "checkouts-54344843-1":/host -w "$PWD" -e JAVA_HOME="/root/.sdkman/candidates/java/current" -e SPI_BUILD="1" -e SPI_PROCESSING="1" registry.gitlab.com/saguaro1/spi-images:android-6.4-latest swift build --swift-sdk aarch64-unknown-linux-android28 2>&1
android-6.4-latest: Pulling from saguaro1/spi-images
Digest: sha256:abadcff584c273feba50641b454858d377ba30b35ea7287a94f45ebd8afd0ea0
Status: Image is up to date for registry.gitlab.com/saguaro1/spi-images:android-6.4-latest
Fetching https://github.com/OpenSwiftUIProject/SymbolLocator.git
[1/60] Fetching symbollocator
Fetched https://github.com/OpenSwiftUIProject/SymbolLocator.git (0.96s)
Computing version for https://github.com/OpenSwiftUIProject/SymbolLocator.git
Computed https://github.com/OpenSwiftUIProject/SymbolLocator.git at 0.2.1 (1.13s)
Creating working copy for https://github.com/OpenSwiftUIProject/SymbolLocator.git
Working copy of https://github.com/OpenSwiftUIProject/SymbolLocator.git resolved at 0.2.1
Building for debugging...
[Pre-planning 1 / 213]
In file included from /host/spi-builder-workspace/.build/checkouts/SymbolLocator/Sources/SymbolLocator/SymbolLocatorLog.m:5:
/host/spi-builder-workspace/.build/checkouts/SymbolLocator/Sources/SymbolLocator/include/SymbolLocatorLog.h:8:10: fatal error: 'CoreFoundation/CoreFoundation.h' file not found
    8 | #include <CoreFoundation/CoreFoundation.h>
      |          ^~~~~~~~~~~~~~~~~~~~~~~~~~~~~~~~~
1 error generated.
error: CompileC /host/spi-builder-workspace/.build/out/Intermediates.noindex/SymbolLocator.build/Debug-android-aarch64/SymbolLocator-t.build/Objects-normal/aarch64/SymbolLocatorLog.o /host/spi-builder-workspace/.build/checkouts/SymbolLocator/Sources/SymbolLocator/SymbolLocatorLog.m normal aarch64 objective-c com.apple.compilers.llvm.clang.1_0.compiler failed with a nonzero exit code. Command line:     cd /host

    Using response file: /host/spi-builder-workspace/.build/out/Intermediates.noindex/SymbolLocator.build/Debug-android-aarch64/SymbolLocator-t.build/Objects-normal/aarch64/6f95552a3397ee1cec971b90cf334075d5f321c3a3b0689ad55c3d1e24702600-common-args.resp

    /root/.local/share/swiftly/toolchains/6.4.x-snapshot-2026-09-04/usr/bin/clang -x objective-c -target aarch64-unknown-linux-android28 -fmessage-length\=0 -fdiagnostics-show-note-include-stack -fmacro-backtrace-limit\=0 -fcolor-diagnostics -Wno-trigraphs -Wno-missing-field-initializers -Wno-missing-prototypes -Wno-return-type -Wno-implicit-atomic-properties -Wno-objc-interface-ivars -Wno-arc-repeated-use-of-weak -Wno-missing-braces -Wparentheses -Wswitch -Wno-unused-function -Wno-unused-label -Wno-unused-parameter -Wno-unused-variable -Wunused-value -Wno-empty-body -Wno-uninitialized -Wno-unknown-pragmas -w -Wno-shadow -Wno-four-char-constants -Wno-conversion -Wno-constant-conversion -Wno-int-conversion -Wno-bool-conversion -Wno-enum-conversion -Wno-float-conversion -Wno-non-literal-null-conversion -Wno-objc-literal-conversion -Wno-shorten-64-to-32 -Wpointer-sign -Wno-newline-eof -Wno-selector -Wno-strict-selector-match -Wno-undeclared-selector -Wno-deprecated-implementations -Wno-implicit-fallthrough -fstrict-aliasing -Wprotocol -Wdeprecated-declarations -Wno-sign-conversion -Wno-infinite-recursion -Wno-comma -Wno-block-capture-autoreleasing -Wno-strict-prototypes -Wno-semicolon-before-method-body --sysroot /android-ndk/android-ndk-r27d/toolchains/llvm/prebuilt/linux-x86_64/sysroot @/host/spi-builder-workspace/.build/out/Intermediates.noindex/SymbolLocator.build/Debug-android-aarch64/SymbolLocator-t.build/Objects-normal/aarch64/6f95552a3397ee1cec971b90cf334075d5f321c3a3b0689ad55c3d1e24702600-common-args.resp -MMD -MT dependencies -MF /host/spi-builder-workspace/.build/out/Intermediates.noindex/SymbolLocator.build/Debug-android-aarch64/SymbolLocator-t.build/Objects-normal/aarch64/SymbolLocatorLog.d --serialize-diagnostics /host/spi-builder-workspace/.build/out/Intermediates.noindex/SymbolLocator.build/Debug-android-aarch64/SymbolLocator-t.build/Objects-normal/aarch64/SymbolLocatorLog.dia -c /host/spi-builder-workspace/.build/checkouts/SymbolLocator/Sources/SymbolLocator/SymbolLocatorLog.m -o /host/spi-builder-workspace/.build/out/Intermediates.noindex/SymbolLocator.build/Debug-android-aarch64/SymbolLocator-t.build/Objects-normal/aarch64/SymbolLocatorLog.o
<inline asm>:5:45: error: unexpected token in argument list
    5 | adrp x16, _OpenAsyncImage_Image_Redacted_ptr@PAGE
      |                                             ^
<inline asm>:6:51: error: invalid specifier '@PAGEOFF'
    6 | ldr x16, [x16, _OpenAsyncImage_Image_Redacted_ptr@PAGEOFF]
      |                                                   ^
2 errors generated.
error: CompileC /host/spi-builder-workspace/.build/out/Intermediates.noindex/OpenAsyncImage.build/Debug-android-aarch64/COpenAsyncImage-t.build/Objects-normal/aarch64/ImageStub.o /host/spi-builder-workspace/Sources/COpenAsyncImage/ImageStub.c normal aarch64 c com.apple.compilers.llvm.clang.1_0.compiler failed with a nonzero exit code. Command line:     cd /host

    Using response file: /host/spi-builder-workspace/.build/out/Intermediates.noindex/OpenAsyncImage.build/Debug-android-aarch64/COpenAsyncImage-t.build/Objects-normal/aarch64/9f65232cb83f8421e3a495a5062eba382369c975104ee97bafc405ab795bfc5e-common-args.resp

    /root/.local/share/swiftly/toolchains/6.4.x-snapshot-2026-09-04/usr/bin/clang -x c -target aarch64-unknown-linux-android28 -fmessage-length\=0 -fdiagnostics-show-note-include-stack -fmacro-backtrace-limit\=0 -fcolor-diagnostics -Wno-trigraphs -Wno-missing-field-initializers -Wno-missing-prototypes -Wno-return-type -Wno-missing-braces -Wparentheses -Wswitch -Wno-unused-function -Wno-unused-label -Wno-unused-parameter -Wno-unused-variable -Wunused-value -Wno-empty-body -Wno-uninitialized -Wno-unknown-pragmas -Wno-shadow -Wno-four-char-constants -Wno-conversion -Wno-constant-conversion -Wno-int-conversion -Wno-bool-conversion -Wno-enum-conversion -Wno-float-conversion -Wno-non-literal-null-conversion -Wno-objc-literal-conversion -Wno-shorten-64-to-32 -Wpointer-sign -Wno-newline-eof -Wno-implicit-fallthrough -fstrict-aliasing -Wdeprecated-declarations -Wno-sign-conversion -Wno-infinite-recursion -Wno-comma -Wno-block-capture-autoreleasing -Wno-strict-prototypes -Wno-semicolon-before-method-body --sysroot /android-ndk/android-ndk-r27d/toolchains/llvm/prebuilt/linux-x86_64/sysroot @/host/spi-builder-workspace/.build/out/Intermediates.noindex/OpenAsyncImage.build/Debug-android-aarch64/COpenAsyncImage-t.build/Objects-normal/aarch64/9f65232cb83f8421e3a495a5062eba382369c975104ee97bafc405ab795bfc5e-common-args.resp -MMD -MT dependencies -MF /host/spi-builder-workspace/.build/out/Intermediates.noindex/OpenAsyncImage.build/Debug-android-aarch64/COpenAsyncImage-t.build/Objects-normal/aarch64/ImageStub.d --serialize-diagnostics /host/spi-builder-workspace/.build/out/Intermediates.noindex/OpenAsyncImage.build/Debug-android-aarch64/COpenAsyncImage-t.build/Objects-normal/aarch64/ImageStub.dia -c /host/spi-builder-workspace/Sources/COpenAsyncImage/ImageStub.c -o /host/spi-builder-workspace/.build/out/Intermediates.noindex/OpenAsyncImage.build/Debug-android-aarch64/COpenAsyncImage-t.build/Objects-normal/aarch64/ImageStub.o
error: Build failed
BUILD FAILURE 6.4 android