The Swift Package Index logo.Swift Package Index

Build Information

Failed to build NetTime, reference 0.2.3 (0b2423), with Swift 6.4 for watchOS using Xcode 27.0 on 17 Sep 2026 02:55:47 UTC.

Build Command

env DEVELOPER_DIR=/Applications/Xcode-27.0.0-Release.Candidate.app xcrun xcodebuild -IDEClonedSourcePackagesDirPathOverride=$PWD/.dependencies -skipMacroValidation -skipPackagePluginValidation -derivedDataPath $PWD/.derivedData build -scheme NetTime -destination generic/platform=watchOS

Build Log

========================================
RunAll
========================================
Builder version: 5.1.0
Interrupt handler set up.
========================================
Checkout
========================================
Clone URL: https://github.com/dduan/NetTime.git
Reference: 0.2.3
Initialized empty Git repository in /Users/admin/builder/spi-builder-workspace/.git/
From https://github.com/dduan/NetTime
 * tag               0.2.3      -> FETCH_HEAD
HEAD is now at 0b24234 Bume version to 0.2.3
Cloned https://github.com/dduan/NetTime.git
Revision (git rev-parse @):
0b242344ea78e5f9b3eef50ddb9695f580a6d772
SUCCESS checkout https://github.com/dduan/NetTime.git at 0.2.3
========================================
Build
========================================
Selected platform:         watchOS
Swift version:             6.4
Building package at path:  $PWD
https://github.com/dduan/NetTime.git
Command line invocation:
    /Applications/Xcode-27.0.0-Release.Candidate.app/Contents/Developer/usr/bin/xcodebuild -IDEClonedSourcePackagesDirPathOverride=/Users/admin/builder/spi-builder-workspace/.dependencies -resolvePackageDependencies
resolved source packages:
{
  "dependencies" : [
  ],
  "manifest_display_name" : "NetTime",
  "name" : "NetTime",
  "path" : "/Users/admin/builder/spi-builder-workspace",
  "platforms" : [
  ],
  "products" : [
    {
      "name" : "NetTime",
      "targets" : [
        "NetTime"
      ],
      "type" : {
        "library" : [
          "automatic"
        ]
      }
    }
  ],
  "targets" : [
    {
      "c99name" : "NetTimeTests",
      "module_type" : "SwiftTarget",
      "name" : "NetTimeTests",
      "path" : "Tests/NetTimeTests",
      "sources" : [
        "DateTimeTests.swift",
        "LocalDateTests.swift",
        "LocalDateTimeTests.swift",
        "LocalTimeTests.swift",
        "TimeOffsetTests.swift",
        "XCTestManifests.swift"
      ],
      "target_dependencies" : [
        "NetTime"
      ],
      "type" : "test"
    },
    {
      "c99name" : "NetTime",
      "module_type" : "SwiftTarget",
      "name" : "NetTime",
      "path" : "Sources/NetTime",
      "product_memberships" : [
        "NetTime"
      ],
      "sources" : [
        "DateTime.swift",
        "DateTimeRepresentable.swift",
        "LocalDate.swift",
        "LocalDateTime.swift",
        "LocalTime.swift",
        "TimeOffset.swift",
        "constants.swift"
      ],
      "type" : "library"
    }
  ],
  "tools_version" : "5.0"
}
{
  "project" : {
    "configurations" : [
      "Debug",
      "Release"
    ],
    "name" : "NetTime",
    "schemes" : [
      "NetTime"
    ],
    "targets" : [
      "NetTime",
      "NetTimeTests"
    ]
  }
}
Running build ...
env DEVELOPER_DIR=/Applications/Xcode-27.0.0-Release.Candidate.app xcrun xcodebuild -IDEClonedSourcePackagesDirPathOverride=$PWD/.dependencies -skipMacroValidation -skipPackagePluginValidation -derivedDataPath $PWD/.derivedData build -scheme NetTime -destination generic/platform=watchOS
Command line invocation:
    /Applications/Xcode-27.0.0-Release.Candidate.app/Contents/Developer/usr/bin/xcodebuild -IDEClonedSourcePackagesDirPathOverride=/Users/admin/builder/spi-builder-workspace/.dependencies -skipMacroValidation -skipPackagePluginValidation -derivedDataPath /Users/admin/builder/spi-builder-workspace/.derivedData build -scheme NetTime -destination generic/platform=watchOS
ComputePackagePrebuildTargetDependencyGraph
Prepare packages
CreateBuildRequest
SendProjectDescription
CreateBuildOperation
ComputeTargetDependencyGraph
note: Building targets in dependency order
note: Target dependency graph (1 target)
    Target 'NetTime' in project 'NetTime' (no dependencies)
GatherProvisioningInputs
CreateBuildDescription
ExecuteExternalTool /Applications/Xcode-27.0.0-Release.Candidate.app/Contents/Developer/Toolchains/XcodeDefault.xctoolchain/usr/bin/clang -v -E -dM -isysroot /Applications/Xcode-27.0.0-Release.Candidate.app/Contents/Developer/Platforms/WatchOS.platform/Developer/SDKs/WatchOS27.0.sdk -x c -c /dev/null
ExecuteExternalTool /Applications/Xcode-27.0.0-Release.Candidate.app/Contents/Developer/Toolchains/XcodeDefault.xctoolchain/usr/bin/swiftc --version
Build description signature: 87a5998fcef67c6804822eaa145b2d10
Build description path: /Users/admin/builder/spi-builder-workspace/.derivedData/Build/Intermediates.noindex/XCBuildData/87a5998fcef67c6804822eaa145b2d10.xcbuilddata
CreateBuildDirectory /Users/admin/builder/spi-builder-workspace/.derivedData/SDKExplicitPrecompiledModules
    cd /Users/admin/builder/spi-builder-workspace/NetTime.xcodeproj
    builtin-create-build-directory /Users/admin/builder/spi-builder-workspace/.derivedData/SDKExplicitPrecompiledModules
CreateBuildDirectory /Users/admin/builder/spi-builder-workspace/.derivedData/ModuleCache.noindex
    cd /Users/admin/builder/spi-builder-workspace/NetTime.xcodeproj
    builtin-create-build-directory /Users/admin/builder/spi-builder-workspace/.derivedData/ModuleCache.noindex
CreateBuildDirectory /Users/admin/builder/spi-builder-workspace/.derivedData/CompilationCache.noindex
    cd /Users/admin/builder/spi-builder-workspace/NetTime.xcodeproj
    builtin-create-build-directory /Users/admin/builder/spi-builder-workspace/.derivedData/CompilationCache.noindex
CreateBuildDirectory /Users/admin/builder/spi-builder-workspace/.derivedData/Build/Intermediates.noindex
    cd /Users/admin/builder/spi-builder-workspace/NetTime.xcodeproj
    builtin-create-build-directory /Users/admin/builder/spi-builder-workspace/.derivedData/Build/Intermediates.noindex
CreateBuildDirectory /Users/admin/builder/spi-builder-workspace/.derivedData/Build/Products
    cd /Users/admin/builder/spi-builder-workspace/NetTime.xcodeproj
    builtin-create-build-directory /Users/admin/builder/spi-builder-workspace/.derivedData/Build/Products
ClangStatCache /Applications/Xcode-27.0.0-Release.Candidate.app/Contents/Developer/Toolchains/XcodeDefault.xctoolchain/usr/bin/clang-stat-cache /Applications/Xcode-27.0.0-Release.Candidate.app/Contents/Developer/Platforms/WatchOS.platform/Developer/SDKs/WatchOS27.0.sdk /Users/admin/builder/spi-builder-workspace/.derivedData/SDKStatCaches.noindex/watchos27.0-24R360-e829b21a6f8c9b70876ba0858053c04477534ef55a1706bf4c1112bbb242f0a2.sdkstatcache
    cd /Users/admin/builder/spi-builder-workspace/NetTime.xcodeproj
    /Applications/Xcode-27.0.0-Release.Candidate.app/Contents/Developer/Toolchains/XcodeDefault.xctoolchain/usr/bin/clang-stat-cache /Applications/Xcode-27.0.0-Release.Candidate.app/Contents/Developer/Platforms/WatchOS.platform/Developer/SDKs/WatchOS27.0.sdk -o /Users/admin/builder/spi-builder-workspace/.derivedData/SDKStatCaches.noindex/watchos27.0-24R360-e829b21a6f8c9b70876ba0858053c04477534ef55a1706bf4c1112bbb242f0a2.sdkstatcache
CreateBuildDirectory /Users/admin/builder/spi-builder-workspace/.derivedData/Build/Intermediates.noindex/SwiftExplicitPrecompiledModules
    cd /Users/admin/builder/spi-builder-workspace/NetTime.xcodeproj
    builtin-create-build-directory /Users/admin/builder/spi-builder-workspace/.derivedData/Build/Intermediates.noindex/SwiftExplicitPrecompiledModules
CreateBuildDirectory /Users/admin/builder/spi-builder-workspace/.derivedData/Build/Products/Debug-watchos
    cd /Users/admin/builder/spi-builder-workspace/NetTime.xcodeproj
    builtin-create-build-directory /Users/admin/builder/spi-builder-workspace/.derivedData/Build/Products/Debug-watchos
CreateBuildDirectory /Users/admin/builder/spi-builder-workspace/.derivedData/Build/Intermediates.noindex/PrecompiledHeaders
    cd /Users/admin/builder/spi-builder-workspace/NetTime.xcodeproj
    builtin-create-build-directory /Users/admin/builder/spi-builder-workspace/.derivedData/Build/Intermediates.noindex/PrecompiledHeaders
CreateBuildDirectory /Users/admin/builder/spi-builder-workspace/.derivedData/Build/Intermediates.noindex/ExplicitPrecompiledModules
    cd /Users/admin/builder/spi-builder-workspace/NetTime.xcodeproj
    builtin-create-build-directory /Users/admin/builder/spi-builder-workspace/.derivedData/Build/Intermediates.noindex/ExplicitPrecompiledModules
CreateBuildDirectory /Users/admin/builder/spi-builder-workspace/.derivedData/Build/Intermediates.noindex/EagerLinkingTBDs/Debug-watchos
    cd /Users/admin/builder/spi-builder-workspace/NetTime.xcodeproj
    builtin-create-build-directory /Users/admin/builder/spi-builder-workspace/.derivedData/Build/Intermediates.noindex/EagerLinkingTBDs/Debug-watchos
WriteAuxiliaryFile /Users/admin/builder/spi-builder-workspace/.derivedData/Build/Intermediates.noindex/NetTime.build/Debug-watchos/NetTime-cffd13f8a03b3849d2dddf08ad564eab-VFS-watchos/all-product-headers.yaml
    cd /Users/admin/builder/spi-builder-workspace/NetTime.xcodeproj
    write-file /Users/admin/builder/spi-builder-workspace/.derivedData/Build/Intermediates.noindex/NetTime.build/Debug-watchos/NetTime-cffd13f8a03b3849d2dddf08ad564eab-VFS-watchos/all-product-headers.yaml
WriteAuxiliaryFile /Users/admin/builder/spi-builder-workspace/.derivedData/Build/Intermediates.noindex/NetTime.build/Debug-watchos/NetTime.build/NetTime-all-target-headers.hmap (in target 'NetTime' from project 'NetTime')
    cd /Users/admin/builder/spi-builder-workspace
    write-file /Users/admin/builder/spi-builder-workspace/.derivedData/Build/Intermediates.noindex/NetTime.build/Debug-watchos/NetTime.build/NetTime-all-target-headers.hmap
WriteAuxiliaryFile /Users/admin/builder/spi-builder-workspace/.derivedData/Build/Intermediates.noindex/NetTime.build/Debug-watchos/NetTime.build/NetTime-generated-files.hmap (in target 'NetTime' from project 'NetTime')
    cd /Users/admin/builder/spi-builder-workspace
    write-file /Users/admin/builder/spi-builder-workspace/.derivedData/Build/Intermediates.noindex/NetTime.build/Debug-watchos/NetTime.build/NetTime-generated-files.hmap
WriteAuxiliaryFile /Users/admin/builder/spi-builder-workspace/.derivedData/Build/Intermediates.noindex/NetTime.build/Debug-watchos/NetTime.build/NetTime-own-target-headers.hmap (in target 'NetTime' from project 'NetTime')
    cd /Users/admin/builder/spi-builder-workspace
    write-file /Users/admin/builder/spi-builder-workspace/.derivedData/Build/Intermediates.noindex/NetTime.build/Debug-watchos/NetTime.build/NetTime-own-target-headers.hmap
WriteAuxiliaryFile /Users/admin/builder/spi-builder-workspace/.derivedData/Build/Intermediates.noindex/NetTime.build/Debug-watchos/NetTime.build/NetTime.hmap (in target 'NetTime' from project 'NetTime')
    cd /Users/admin/builder/spi-builder-workspace
    write-file /Users/admin/builder/spi-builder-workspace/.derivedData/Build/Intermediates.noindex/NetTime.build/Debug-watchos/NetTime.build/NetTime.hmap
WriteAuxiliaryFile /Users/admin/builder/spi-builder-workspace/.derivedData/Build/Intermediates.noindex/NetTime.build/Debug-watchos/NetTime.build/NetTime-all-non-framework-target-headers.hmap (in target 'NetTime' from project 'NetTime')
    cd /Users/admin/builder/spi-builder-workspace
    write-file /Users/admin/builder/spi-builder-workspace/.derivedData/Build/Intermediates.noindex/NetTime.build/Debug-watchos/NetTime.build/NetTime-all-non-framework-target-headers.hmap
WriteAuxiliaryFile /Users/admin/builder/spi-builder-workspace/.derivedData/Build/Intermediates.noindex/NetTime.build/Debug-watchos/NetTime.build/NetTime-project-headers.hmap (in target 'NetTime' from project 'NetTime')
    cd /Users/admin/builder/spi-builder-workspace
    write-file /Users/admin/builder/spi-builder-workspace/.derivedData/Build/Intermediates.noindex/NetTime.build/Debug-watchos/NetTime.build/NetTime-project-headers.hmap
WriteAuxiliaryFile /Users/admin/builder/spi-builder-workspace/.derivedData/Build/Intermediates.noindex/NetTime.build/Debug-watchos/NetTime.build/NetTime.DependencyStaticMetadataFileList (in target 'NetTime' from project 'NetTime')
    cd /Users/admin/builder/spi-builder-workspace
    write-file /Users/admin/builder/spi-builder-workspace/.derivedData/Build/Intermediates.noindex/NetTime.build/Debug-watchos/NetTime.build/NetTime.DependencyStaticMetadataFileList
WriteAuxiliaryFile /Users/admin/builder/spi-builder-workspace/.derivedData/Build/Intermediates.noindex/NetTime.build/Debug-watchos/NetTime.build/NetTime.DependencyMetadataFileList (in target 'NetTime' from project 'NetTime')
    cd /Users/admin/builder/spi-builder-workspace
    write-file /Users/admin/builder/spi-builder-workspace/.derivedData/Build/Intermediates.noindex/NetTime.build/Debug-watchos/NetTime.build/NetTime.DependencyMetadataFileList
MkDir /Users/admin/builder/spi-builder-workspace/.derivedData/Build/Products/Debug-watchos/NetTime.framework (in target 'NetTime' from project 'NetTime')
    cd /Users/admin/builder/spi-builder-workspace
    /bin/mkdir -p /Users/admin/builder/spi-builder-workspace/.derivedData/Build/Products/Debug-watchos/NetTime.framework
ProcessInfoPlistFile /Users/admin/builder/spi-builder-workspace/.derivedData/Build/Products/Debug-watchos/NetTime.framework/Info.plist /Users/admin/builder/spi-builder-workspace/Resources/Info.plist (in target 'NetTime' from project 'NetTime')
    cd /Users/admin/builder/spi-builder-workspace
    builtin-infoPlistUtility /Users/admin/builder/spi-builder-workspace/Resources/Info.plist -producttype com.apple.product-type.framework -expandbuildsettings -format binary -platform watchos -o /Users/admin/builder/spi-builder-workspace/.derivedData/Build/Products/Debug-watchos/NetTime.framework/Info.plist
ExtractAppIntentsMetadata (in target 'NetTime' from project 'NetTime')
    cd /Users/admin/builder/spi-builder-workspace
    /Applications/Xcode-27.0.0-Release.Candidate.app/Contents/Developer/Toolchains/XcodeDefault.xctoolchain/usr/bin/appintentsmetadataprocessor --toolchain-dir /var/run/com.apple.security.cryptexd/mnt/com.apple.MobileAsset.MetalToolchain-v27.1.266.1.FLUIMv/Metal.xctoolchain --module-name NetTime --sdk-root /Applications/Xcode-27.0.0-Release.Candidate.app/Contents/Developer/Platforms/WatchOS.platform/Developer/SDKs/WatchOS27.0.sdk --xcode-version 27A266a --platform-family watchOS --deployment-target 27.0 --bundle-identifier ca.duan.NetTime --output /Users/admin/builder/spi-builder-workspace/.derivedData/Build/Products/Debug-watchos/NetTime.framework --binary-file /Users/admin/builder/spi-builder-workspace/.derivedData/Build/Products/Debug-watchos/NetTime.framework/NetTime --metadata-file-list /Users/admin/builder/spi-builder-workspace/.derivedData/Build/Intermediates.noindex/NetTime.build/Debug-watchos/NetTime.build/NetTime.DependencyMetadataFileList --static-metadata-file-list /Users/admin/builder/spi-builder-workspace/.derivedData/Build/Intermediates.noindex/NetTime.build/Debug-watchos/NetTime.build/NetTime.DependencyStaticMetadataFileList --compile-time-extraction --deployment-aware-processing --no-app-shortcuts-localization
error: Build input file cannot be found: '/Users/admin/builder/spi-builder-workspace/.derivedData/Build/Products/Debug-watchos/NetTime.framework/NetTime'. Did you forget to declare this file as an output of a script phase or custom build rule which produces it? (in target 'NetTime' from project 'NetTime')
PruneExplicitPrecompiledModules /Users/admin/builder/spi-builder-workspace/.derivedData/SDKExplicitPrecompiledModules
PruneExplicitPrecompiledModules /Users/admin/builder/spi-builder-workspace/.derivedData/Build/Intermediates.noindex/ExplicitPrecompiledModules
PruneExplicitPrecompiledModules /Users/admin/builder/spi-builder-workspace/.derivedData/Build/Intermediates.noindex/SwiftExplicitPrecompiledModules
warning: Traditional headermap style is no longer supported; please migrate to using separate headermaps and set 'ALWAYS_SEARCH_USER_PATHS' to NO. (in target 'NetTime' from project 'NetTime')
warning: None of the architectures in ARCHS (arm64) are valid. Consider setting ARCHS to $(ARCHS_STANDARD) or updating it to include at least one value from VALID_ARCHS (armv7k). (in target 'NetTime' from project 'NetTime')
** BUILD FAILED **
The following build commands failed:
	ExtractAppIntentsMetadata (in target 'NetTime' from project 'NetTime')
	Building project NetTime with scheme NetTime
(2 failures)
Command line invocation:
    /Applications/Xcode-27.0.0-Release.Candidate.app/Contents/Developer/usr/bin/xcodebuild -IDEClonedSourcePackagesDirPathOverride=/Users/admin/builder/spi-builder-workspace/.dependencies -resolvePackageDependencies
resolved source packages:
{
  "dependencies" : [
  ],
  "manifest_display_name" : "NetTime",
  "name" : "NetTime",
  "path" : "/Users/admin/builder/spi-builder-workspace",
  "platforms" : [
  ],
  "products" : [
    {
      "name" : "NetTime",
      "targets" : [
        "NetTime"
      ],
      "type" : {
        "library" : [
          "automatic"
        ]
      }
    }
  ],
  "targets" : [
    {
      "c99name" : "NetTimeTests",
      "module_type" : "SwiftTarget",
      "name" : "NetTimeTests",
      "path" : "Tests/NetTimeTests",
      "sources" : [
        "DateTimeTests.swift",
        "LocalDateTests.swift",
        "LocalDateTimeTests.swift",
        "LocalTimeTests.swift",
        "TimeOffsetTests.swift",
        "XCTestManifests.swift"
      ],
      "target_dependencies" : [
        "NetTime"
      ],
      "type" : "test"
    },
    {
      "c99name" : "NetTime",
      "module_type" : "SwiftTarget",
      "name" : "NetTime",
      "path" : "Sources/NetTime",
      "product_memberships" : [
        "NetTime"
      ],
      "sources" : [
        "DateTime.swift",
        "DateTimeRepresentable.swift",
        "LocalDate.swift",
        "LocalDateTime.swift",
        "LocalTime.swift",
        "TimeOffset.swift",
        "constants.swift"
      ],
      "type" : "library"
    }
  ],
  "tools_version" : "5.0"
}
{
  "project" : {
    "configurations" : [
      "Debug",
      "Release"
    ],
    "name" : "NetTime",
    "schemes" : [
      "NetTime"
    ],
    "targets" : [
      "NetTime",
      "NetTimeTests"
    ]
  }
}
Running build ...
env DEVELOPER_DIR=/Applications/Xcode-27.0.0-Release.Candidate.app xcrun xcodebuild -IDEClonedSourcePackagesDirPathOverride=$PWD/.dependencies -skipMacroValidation -skipPackagePluginValidation -derivedDataPath $PWD/.derivedData build -scheme NetTime -destination generic/platform=watchOS
Command line invocation:
    /Applications/Xcode-27.0.0-Release.Candidate.app/Contents/Developer/usr/bin/xcodebuild -IDEClonedSourcePackagesDirPathOverride=/Users/admin/builder/spi-builder-workspace/.dependencies -skipMacroValidation -skipPackagePluginValidation -derivedDataPath /Users/admin/builder/spi-builder-workspace/.derivedData build -scheme NetTime -destination generic/platform=watchOS
ComputePackagePrebuildTargetDependencyGraph
Prepare packages
CreateBuildRequest
SendProjectDescription
CreateBuildOperation
ComputeTargetDependencyGraph
note: Building targets in dependency order
note: Target dependency graph (1 target)
    Target 'NetTime' in project 'NetTime' (no dependencies)
GatherProvisioningInputs
CreateBuildDescription
ClangStatCache /Applications/Xcode-27.0.0-Release.Candidate.app/Contents/Developer/Toolchains/XcodeDefault.xctoolchain/usr/bin/clang-stat-cache /Applications/Xcode-27.0.0-Release.Candidate.app/Contents/Developer/Platforms/WatchOS.platform/Developer/SDKs/WatchOS27.0.sdk /Users/admin/builder/spi-builder-workspace/.derivedData/SDKStatCaches.noindex/watchos27.0-24R360-e829b21a6f8c9b70876ba0858053c04477534ef55a1706bf4c1112bbb242f0a2.sdkstatcache
    cd /Users/admin/builder/spi-builder-workspace/NetTime.xcodeproj
    /Applications/Xcode-27.0.0-Release.Candidate.app/Contents/Developer/Toolchains/XcodeDefault.xctoolchain/usr/bin/clang-stat-cache /Applications/Xcode-27.0.0-Release.Candidate.app/Contents/Developer/Platforms/WatchOS.platform/Developer/SDKs/WatchOS27.0.sdk -o /Users/admin/builder/spi-builder-workspace/.derivedData/SDKStatCaches.noindex/watchos27.0-24R360-e829b21a6f8c9b70876ba0858053c04477534ef55a1706bf4c1112bbb242f0a2.sdkstatcache
ProcessInfoPlistFile /Users/admin/builder/spi-builder-workspace/.derivedData/Build/Products/Debug-watchos/NetTime.framework/Info.plist /Users/admin/builder/spi-builder-workspace/Resources/Info.plist (in target 'NetTime' from project 'NetTime')
    cd /Users/admin/builder/spi-builder-workspace
    builtin-infoPlistUtility /Users/admin/builder/spi-builder-workspace/Resources/Info.plist -producttype com.apple.product-type.framework -expandbuildsettings -format binary -platform watchos -o /Users/admin/builder/spi-builder-workspace/.derivedData/Build/Products/Debug-watchos/NetTime.framework/Info.plist
ExtractAppIntentsMetadata (in target 'NetTime' from project 'NetTime')
    cd /Users/admin/builder/spi-builder-workspace
    /Applications/Xcode-27.0.0-Release.Candidate.app/Contents/Developer/Toolchains/XcodeDefault.xctoolchain/usr/bin/appintentsmetadataprocessor --toolchain-dir /var/run/com.apple.security.cryptexd/mnt/com.apple.MobileAsset.MetalToolchain-v27.1.266.1.FLUIMv/Metal.xctoolchain --module-name NetTime --sdk-root /Applications/Xcode-27.0.0-Release.Candidate.app/Contents/Developer/Platforms/WatchOS.platform/Developer/SDKs/WatchOS27.0.sdk --xcode-version 27A266a --platform-family watchOS --deployment-target 27.0 --bundle-identifier ca.duan.NetTime --output /Users/admin/builder/spi-builder-workspace/.derivedData/Build/Products/Debug-watchos/NetTime.framework --binary-file /Users/admin/builder/spi-builder-workspace/.derivedData/Build/Products/Debug-watchos/NetTime.framework/NetTime --metadata-file-list /Users/admin/builder/spi-builder-workspace/.derivedData/Build/Intermediates.noindex/NetTime.build/Debug-watchos/NetTime.build/NetTime.DependencyMetadataFileList --static-metadata-file-list /Users/admin/builder/spi-builder-workspace/.derivedData/Build/Intermediates.noindex/NetTime.build/Debug-watchos/NetTime.build/NetTime.DependencyStaticMetadataFileList --compile-time-extraction --deployment-aware-processing --no-app-shortcuts-localization
error: Build input file cannot be found: '/Users/admin/builder/spi-builder-workspace/.derivedData/Build/Products/Debug-watchos/NetTime.framework/NetTime'. Did you forget to declare this file as an output of a script phase or custom build rule which produces it? (in target 'NetTime' from project 'NetTime')
PruneExplicitPrecompiledModules /Users/admin/builder/spi-builder-workspace/.derivedData/Build/Intermediates.noindex/SwiftExplicitPrecompiledModules
PruneExplicitPrecompiledModules /Users/admin/builder/spi-builder-workspace/.derivedData/SDKExplicitPrecompiledModules
PruneExplicitPrecompiledModules /Users/admin/builder/spi-builder-workspace/.derivedData/Build/Intermediates.noindex/ExplicitPrecompiledModules
warning: None of the architectures in ARCHS (arm64) are valid. Consider setting ARCHS to $(ARCHS_STANDARD) or updating it to include at least one value from VALID_ARCHS (armv7k). (in target 'NetTime' from project 'NetTime')
warning: Traditional headermap style is no longer supported; please migrate to using separate headermaps and set 'ALWAYS_SEARCH_USER_PATHS' to NO. (in target 'NetTime' from project 'NetTime')
** BUILD FAILED **
The following build commands failed:
	ExtractAppIntentsMetadata (in target 'NetTime' from project 'NetTime')
	Building project NetTime with scheme NetTime
(2 failures)
BUILD FAILURE 6.4 watchOS