Build Information
Failed to build CodeEditor, reference 1.2.6 (f5c076
), with Swift 6.0 for watchOS using Xcode 16.0 on 5 Nov 2024 08:03:59 UTC.
Build Command
env DEVELOPER_DIR=/Applications/Xcode-16.1.0.app xcrun xcodebuild -IDEClonedSourcePackagesDirPathOverride=$PWD/.dependencies -skipMacroValidation -skipPackagePluginValidation -derivedDataPath $PWD/.derivedData build -scheme CodeEditor -destination generic/platform=watchOS OTHER_SWIFT_FLAGS=-stats-output-dir .stats -strict-concurrency=complete
Build Log
SwiftCompile normal arm64_32 /Users/admin/builder/spi-builder-workspace/.dependencies/checkouts/Highlightr/Pod/Classes/CodeAttributedString.swift (in target 'Highlightr' from project 'Highlightr')
cd /Users/admin/builder/spi-builder-workspace/.swiftpm/xcode
/Applications/Xcode-16.1.0.app/Contents/Developer/Toolchains/XcodeDefault.xctoolchain/usr/bin/swift-frontend -c /Users/admin/builder/spi-builder-workspace/.derivedData/Build/Intermediates.noindex/Highlightr.build/Debug-watchos/Highlightr.build/DerivedSources/resource_bundle_accessor.swift -primary-file /Users/admin/builder/spi-builder-workspace/.dependencies/checkouts/Highlightr/Pod/Classes/CodeAttributedString.swift /Users/admin/builder/spi-builder-workspace/.dependencies/checkouts/Highlightr/Pod/Classes/HTMLUtils.swift /Users/admin/builder/spi-builder-workspace/.dependencies/checkouts/Highlightr/Pod/Classes/Highlightr.swift /Users/admin/builder/spi-builder-workspace/.dependencies/checkouts/Highlightr/Pod/Classes/Shims.swift /Users/admin/builder/spi-builder-workspace/.dependencies/checkouts/Highlightr/Pod/Classes/Theme.swift -emit-dependencies-path /Users/admin/builder/spi-builder-workspace/.derivedData/Build/Intermediates.noindex/Highlightr.build/Debug-watchos/Highlightr.build/Objects-normal/arm64_32/CodeAttributedString.d -emit-const-values-path /Users/admin/builder/spi-builder-workspace/.derivedData/Build/Intermediates.noindex/Highlightr.build/Debug-watchos/Highlightr.build/Objects-normal/arm64_32/CodeAttributedString.swiftconstvalues -emit-reference-dependencies-path /Users/admin/builder/spi-builder-workspace/.derivedData/Build/Intermediates.noindex/Highlightr.build/Debug-watchos/Highlightr.build/Objects-normal/arm64_32/CodeAttributedString.swiftdeps -serialize-diagnostics-path /Users/admin/builder/spi-builder-workspace/.derivedData/Build/Intermediates.noindex/Highlightr.build/Debug-watchos/Highlightr.build/Objects-normal/arm64_32/CodeAttributedString.dia -target arm64_32-apple-watchos7.0 -enable-objc-interop -sdk /Applications/Xcode-16.1.0.app/Contents/Developer/Platforms/WatchOS.platform/Developer/SDKs/WatchOS11.1.sdk -I /Users/admin/builder/spi-builder-workspace/.derivedData/Build/Products/Debug-watchos -I /Applications/Xcode-16.1.0.app/Contents/Developer/Platforms/WatchOS.platform/Developer/usr/lib -F /Users/admin/builder/spi-builder-workspace/.derivedData/Build/Products/Debug-watchos -F /Applications/Xcode-16.1.0.app/Contents/Developer/Platforms/WatchOS.platform/Developer/Library/Frameworks -F /Applications/Xcode-16.1.0.app/Contents/Developer/Platforms/WatchOS.platform/Developer/SDKs/WatchOS11.1.sdk/Developer/Library/Frameworks -no-color-diagnostics -enable-testing -g -debug-info-format\=dwarf -dwarf-version\=4 -module-cache-path /Users/admin/builder/spi-builder-workspace/.derivedData/ModuleCache.noindex -suppress-warnings -swift-version 5 -enforce-exclusivity\=checked -stats-output-dir /Users/admin/builder/spi-builder-workspace/.swiftpm/xcode/.stats -Onone -D SWIFT_PACKAGE -D DEBUG -serialize-debugging-options -const-gather-protocols-file /Users/admin/builder/spi-builder-workspace/.derivedData/Build/Intermediates.noindex/Highlightr.build/Debug-watchos/Highlightr.build/Objects-normal/arm64_32/Highlightr_const_extract_protocols.json -enable-experimental-feature DebugDescriptionMacro -enable-experimental-feature OpaqueTypeErasure -strict-concurrency\=complete -empty-abi-descriptor -plugin-path /Applications/Xcode-16.1.0.app/Contents/Developer/Toolchains/XcodeDefault.xctoolchain/usr/lib/swift/host/plugins/testing -validate-clang-modules-once -clang-build-session-file /Users/admin/builder/spi-builder-workspace/.derivedData/ModuleCache.noindex/Session.modulevalidation -Xcc -working-directory -Xcc /Users/admin/builder/spi-builder-workspace/.swiftpm/xcode -resource-dir /Applications/Xcode-16.1.0.app/Contents/Developer/Toolchains/XcodeDefault.xctoolchain/usr/lib/swift -enable-anonymous-context-mangled-names -file-compilation-dir /Users/admin/builder/spi-builder-workspace/.swiftpm/xcode -Xcc -D_LIBCPP_HARDENING_MODE\=_LIBCPP_HARDENING_MODE_DEBUG -Xcc -ivfsstatcache -Xcc /Users/admin/builder/spi-builder-workspace/.derivedData/SDKStatCaches.noindex/watchos11.1-22R574-7b9df0bda16bb4641b33636c68f04660.sdkstatcache -Xcc -I/Users/admin/builder/spi-builder-workspace/.derivedData/Build/Intermediates.noindex/Highlightr.build/Debug-watchos/Highlightr.build/swift-overrides.hmap -Xcc -I/Users/admin/builder/spi-builder-workspace/.derivedData/Build/Products/Debug-watchos/include -Xcc -I/Users/admin/builder/spi-builder-workspace/.derivedData/Build/Intermediates.noindex/Highlightr.build/Debug-watchos/Highlightr.build/DerivedSources-normal/arm64_32 -Xcc -I/Users/admin/builder/spi-builder-workspace/.derivedData/Build/Intermediates.noindex/Highlightr.build/Debug-watchos/Highlightr.build/DerivedSources/arm64_32 -Xcc -I/Users/admin/builder/spi-builder-workspace/.derivedData/Build/Intermediates.noindex/Highlightr.build/Debug-watchos/Highlightr.build/DerivedSources -Xcc -DSWIFT_PACKAGE -Xcc -DDEBUG\=1 -module-name Highlightr -package-name highlightr -frontend-parseable-output -disable-clang-spi -target-sdk-version 11.1 -target-sdk-name watchos11.1 -external-plugin-path /Applications/Xcode-16.1.0.app/Contents/Developer/Platforms/WatchOS.platform/Developer/usr/lib/swift/host/plugins\#/Applications/Xcode-16.1.0.app/Contents/Developer/Platforms/WatchOS.platform/Developer/usr/bin/swift-plugin-server -external-plugin-path /Applications/Xcode-16.1.0.app/Contents/Developer/Platforms/WatchOS.platform/Developer/usr/local/lib/swift/host/plugins\#/Applications/Xcode-16.1.0.app/Contents/Developer/Platforms/WatchOS.platform/Developer/usr/bin/swift-plugin-server -plugin-path /Applications/Xcode-16.1.0.app/Contents/Developer/Toolchains/XcodeDefault.xctoolchain/usr/lib/swift/host/plugins -plugin-path /Applications/Xcode-16.1.0.app/Contents/Developer/Toolchains/XcodeDefault.xctoolchain/usr/local/lib/swift/host/plugins -o /Users/admin/builder/spi-builder-workspace/.derivedData/Build/Intermediates.noindex/Highlightr.build/Debug-watchos/Highlightr.build/Objects-normal/arm64_32/CodeAttributedString.o -index-unit-output-path /Highlightr.build/Debug-watchos/Highlightr.build/Objects-normal/arm64_32/CodeAttributedString.o -index-store-path /Users/admin/builder/spi-builder-workspace/.derivedData/Index.noindex/DataStore -index-system-modules
SwiftCompile normal arm64_32 Compiling\ resource_bundle_accessor.swift /Users/admin/builder/spi-builder-workspace/.derivedData/Build/Intermediates.noindex/Highlightr.build/Debug-watchos/Highlightr.build/DerivedSources/resource_bundle_accessor.swift (in target 'Highlightr' from project 'Highlightr')
cd /Users/admin/builder/spi-builder-workspace/.swiftpm/xcode
builtin-swiftTaskExecution -- /Applications/Xcode-16.1.0.app/Contents/Developer/Toolchains/XcodeDefault.xctoolchain/usr/bin/swift-frontend -frontend -c -primary-file /Users/admin/builder/spi-builder-workspace/.derivedData/Build/Intermediates.noindex/Highlightr.build/Debug-watchos/Highlightr.build/DerivedSources/resource_bundle_accessor.swift /Users/admin/builder/spi-builder-workspace/.dependencies/checkouts/Highlightr/Pod/Classes/CodeAttributedString.swift /Users/admin/builder/spi-builder-workspace/.dependencies/checkouts/Highlightr/Pod/Classes/HTMLUtils.swift /Users/admin/builder/spi-builder-workspace/.dependencies/checkouts/Highlightr/Pod/Classes/Highlightr.swift /Users/admin/builder/spi-builder-workspace/.dependencies/checkouts/Highlightr/Pod/Classes/Shims.swift /Users/admin/builder/spi-builder-workspace/.dependencies/checkouts/Highlightr/Pod/Classes/Theme.swift -emit-dependencies-path /Users/admin/builder/spi-builder-workspace/.derivedData/Build/Intermediates.noindex/Highlightr.build/Debug-watchos/Highlightr.build/Objects-normal/arm64_32/resource_bundle_accessor.d -emit-const-values-path /Users/admin/builder/spi-builder-workspace/.derivedData/Build/Intermediates.noindex/Highlightr.build/Debug-watchos/Highlightr.build/Objects-normal/arm64_32/resource_bundle_accessor.swiftconstvalues -emit-reference-dependencies-path /Users/admin/builder/spi-builder-workspace/.derivedData/Build/Intermediates.noindex/Highlightr.build/Debug-watchos/Highlightr.build/Objects-normal/arm64_32/resource_bundle_accessor.swiftdeps -serialize-diagnostics-path /Users/admin/builder/spi-builder-workspace/.derivedData/Build/Intermediates.noindex/Highlightr.build/Debug-watchos/Highlightr.build/Objects-normal/arm64_32/resource_bundle_accessor.dia -target arm64_32-apple-watchos7.0 -enable-objc-interop -sdk /Applications/Xcode-16.1.0.app/Contents/Developer/Platforms/WatchOS.platform/Developer/SDKs/WatchOS11.1.sdk -I /Users/admin/builder/spi-builder-workspace/.derivedData/Build/Products/Debug-watchos -I /Applications/Xcode-16.1.0.app/Contents/Developer/Platforms/WatchOS.platform/Developer/usr/lib -F /Users/admin/builder/spi-builder-workspace/.derivedData/Build/Products/Debug-watchos -F /Applications/Xcode-16.1.0.app/Contents/Developer/Platforms/WatchOS.platform/Developer/Library/Frameworks -F /Applications/Xcode-16.1.0.app/Contents/Developer/Platforms/WatchOS.platform/Developer/SDKs/WatchOS11.1.sdk/Developer/Library/Frameworks -no-color-diagnostics -enable-testing -g -debug-info-format\=dwarf -dwarf-version\=4 -module-cache-path /Users/admin/builder/spi-builder-workspace/.derivedData/ModuleCache.noindex -suppress-warnings -swift-version 5 -enforce-exclusivity\=checked -stats-output-dir /Users/admin/builder/spi-builder-workspace/.swiftpm/xcode/.stats -Onone -D SWIFT_PACKAGE -D DEBUG -serialize-debugging-options -const-gather-protocols-file /Users/admin/builder/spi-builder-workspace/.derivedData/Build/Intermediates.noindex/Highlightr.build/Debug-watchos/Highlightr.build/Objects-normal/arm64_32/Highlightr_const_extract_protocols.json -enable-experimental-feature DebugDescriptionMacro -enable-experimental-feature OpaqueTypeErasure -strict-concurrency\=complete -empty-abi-descriptor -plugin-path /Applications/Xcode-16.1.0.app/Contents/Developer/Toolchains/XcodeDefault.xctoolchain/usr/lib/swift/host/plugins/testing -validate-clang-modules-once -clang-build-session-file /Users/admin/builder/spi-builder-workspace/.derivedData/ModuleCache.noindex/Session.modulevalidation -Xcc -working-directory -Xcc /Users/admin/builder/spi-builder-workspace/.swiftpm/xcode -resource-dir /Applications/Xcode-16.1.0.app/Contents/Developer/Toolchains/XcodeDefault.xctoolchain/usr/lib/swift -enable-anonymous-context-mangled-names -file-compilation-dir /Users/admin/builder/spi-builder-workspace/.swiftpm/xcode -Xcc -D_LIBCPP_HARDENING_MODE\=_LIBCPP_HARDENING_MODE_DEBUG -Xcc -ivfsstatcache -Xcc /Users/admin/builder/spi-builder-workspace/.derivedData/SDKStatCaches.noindex/watchos11.1-22R574-7b9df0bda16bb4641b33636c68f04660.sdkstatcache -Xcc -I/Users/admin/builder/spi-builder-workspace/.derivedData/Build/Intermediates.noindex/Highlightr.build/Debug-watchos/Highlightr.build/swift-overrides.hmap -Xcc -I/Users/admin/builder/spi-builder-workspace/.derivedData/Build/Products/Debug-watchos/include -Xcc -I/Users/admin/builder/spi-builder-workspace/.derivedData/Build/Intermediates.noindex/Highlightr.build/Debug-watchos/Highlightr.build/DerivedSources-normal/arm64_32 -Xcc -I/Users/admin/builder/spi-builder-workspace/.derivedData/Build/Intermediates.noindex/Highlightr.build/Debug-watchos/Highlightr.build/DerivedSources/arm64_32 -Xcc -I/Users/admin/builder/spi-builder-workspace/.derivedData/Build/Intermediates.noindex/Highlightr.build/Debug-watchos/Highlightr.build/DerivedSources -Xcc -DSWIFT_PACKAGE -Xcc -DDEBUG\=1 -module-name Highlightr -package-name highlightr -frontend-parseable-output -disable-clang-spi -target-sdk-version 11.1 -target-sdk-name watchos11.1 -external-plugin-path /Applications/Xcode-16.1.0.app/Contents/Developer/Platforms/WatchOS.platform/Developer/usr/lib/swift/host/plugins\#/Applications/Xcode-16.1.0.app/Contents/Developer/Platforms/WatchOS.platform/Developer/usr/bin/swift-plugin-server -external-plugin-path /Applications/Xcode-16.1.0.app/Contents/Developer/Platforms/WatchOS.platform/Developer/usr/local/lib/swift/host/plugins\#/Applications/Xcode-16.1.0.app/Contents/Developer/Platforms/WatchOS.platform/Developer/usr/bin/swift-plugin-server -plugin-path /Applications/Xcode-16.1.0.app/Contents/Developer/Toolchains/XcodeDefault.xctoolchain/usr/lib/swift/host/plugins -plugin-path /Applications/Xcode-16.1.0.app/Contents/Developer/Toolchains/XcodeDefault.xctoolchain/usr/local/lib/swift/host/plugins -o /Users/admin/builder/spi-builder-workspace/.derivedData/Build/Intermediates.noindex/Highlightr.build/Debug-watchos/Highlightr.build/Objects-normal/arm64_32/resource_bundle_accessor.o -index-unit-output-path /Highlightr.build/Debug-watchos/Highlightr.build/Objects-normal/arm64_32/resource_bundle_accessor.o -index-store-path /Users/admin/builder/spi-builder-workspace/.derivedData/Index.noindex/DataStore -index-system-modules
SwiftCompile normal arm64_32 /Users/admin/builder/spi-builder-workspace/.derivedData/Build/Intermediates.noindex/Highlightr.build/Debug-watchos/Highlightr.build/DerivedSources/resource_bundle_accessor.swift (in target 'Highlightr' from project 'Highlightr')
cd /Users/admin/builder/spi-builder-workspace/.swiftpm/xcode
/Applications/Xcode-16.1.0.app/Contents/Developer/Toolchains/XcodeDefault.xctoolchain/usr/bin/swift-frontend -c -primary-file /Users/admin/builder/spi-builder-workspace/.derivedData/Build/Intermediates.noindex/Highlightr.build/Debug-watchos/Highlightr.build/DerivedSources/resource_bundle_accessor.swift /Users/admin/builder/spi-builder-workspace/.dependencies/checkouts/Highlightr/Pod/Classes/CodeAttributedString.swift /Users/admin/builder/spi-builder-workspace/.dependencies/checkouts/Highlightr/Pod/Classes/HTMLUtils.swift /Users/admin/builder/spi-builder-workspace/.dependencies/checkouts/Highlightr/Pod/Classes/Highlightr.swift /Users/admin/builder/spi-builder-workspace/.dependencies/checkouts/Highlightr/Pod/Classes/Shims.swift /Users/admin/builder/spi-builder-workspace/.dependencies/checkouts/Highlightr/Pod/Classes/Theme.swift -emit-dependencies-path /Users/admin/builder/spi-builder-workspace/.derivedData/Build/Intermediates.noindex/Highlightr.build/Debug-watchos/Highlightr.build/Objects-normal/arm64_32/resource_bundle_accessor.d -emit-const-values-path /Users/admin/builder/spi-builder-workspace/.derivedData/Build/Intermediates.noindex/Highlightr.build/Debug-watchos/Highlightr.build/Objects-normal/arm64_32/resource_bundle_accessor.swiftconstvalues -emit-reference-dependencies-path /Users/admin/builder/spi-builder-workspace/.derivedData/Build/Intermediates.noindex/Highlightr.build/Debug-watchos/Highlightr.build/Objects-normal/arm64_32/resource_bundle_accessor.swiftdeps -serialize-diagnostics-path /Users/admin/builder/spi-builder-workspace/.derivedData/Build/Intermediates.noindex/Highlightr.build/Debug-watchos/Highlightr.build/Objects-normal/arm64_32/resource_bundle_accessor.dia -target arm64_32-apple-watchos7.0 -enable-objc-interop -sdk /Applications/Xcode-16.1.0.app/Contents/Developer/Platforms/WatchOS.platform/Developer/SDKs/WatchOS11.1.sdk -I /Users/admin/builder/spi-builder-workspace/.derivedData/Build/Products/Debug-watchos -I /Applications/Xcode-16.1.0.app/Contents/Developer/Platforms/WatchOS.platform/Developer/usr/lib -F /Users/admin/builder/spi-builder-workspace/.derivedData/Build/Products/Debug-watchos -F /Applications/Xcode-16.1.0.app/Contents/Developer/Platforms/WatchOS.platform/Developer/Library/Frameworks -F /Applications/Xcode-16.1.0.app/Contents/Developer/Platforms/WatchOS.platform/Developer/SDKs/WatchOS11.1.sdk/Developer/Library/Frameworks -no-color-diagnostics -enable-testing -g -debug-info-format\=dwarf -dwarf-version\=4 -module-cache-path /Users/admin/builder/spi-builder-workspace/.derivedData/ModuleCache.noindex -suppress-warnings -swift-version 5 -enforce-exclusivity\=checked -stats-output-dir /Users/admin/builder/spi-builder-workspace/.swiftpm/xcode/.stats -Onone -D SWIFT_PACKAGE -D DEBUG -serialize-debugging-options -const-gather-protocols-file /Users/admin/builder/spi-builder-workspace/.derivedData/Build/Intermediates.noindex/Highlightr.build/Debug-watchos/Highlightr.build/Objects-normal/arm64_32/Highlightr_const_extract_protocols.json -enable-experimental-feature DebugDescriptionMacro -enable-experimental-feature OpaqueTypeErasure -strict-concurrency\=complete -empty-abi-descriptor -plugin-path /Applications/Xcode-16.1.0.app/Contents/Developer/Toolchains/XcodeDefault.xctoolchain/usr/lib/swift/host/plugins/testing -validate-clang-modules-once -clang-build-session-file /Users/admin/builder/spi-builder-workspace/.derivedData/ModuleCache.noindex/Session.modulevalidation -Xcc -working-directory -Xcc /Users/admin/builder/spi-builder-workspace/.swiftpm/xcode -resource-dir /Applications/Xcode-16.1.0.app/Contents/Developer/Toolchains/XcodeDefault.xctoolchain/usr/lib/swift -enable-anonymous-context-mangled-names -file-compilation-dir /Users/admin/builder/spi-builder-workspace/.swiftpm/xcode -Xcc -D_LIBCPP_HARDENING_MODE\=_LIBCPP_HARDENING_MODE_DEBUG -Xcc -ivfsstatcache -Xcc /Users/admin/builder/spi-builder-workspace/.derivedData/SDKStatCaches.noindex/watchos11.1-22R574-7b9df0bda16bb4641b33636c68f04660.sdkstatcache -Xcc -I/Users/admin/builder/spi-builder-workspace/.derivedData/Build/Intermediates.noindex/Highlightr.build/Debug-watchos/Highlightr.build/swift-overrides.hmap -Xcc -I/Users/admin/builder/spi-builder-workspace/.derivedData/Build/Products/Debug-watchos/include -Xcc -I/Users/admin/builder/spi-builder-workspace/.derivedData/Build/Intermediates.noindex/Highlightr.build/Debug-watchos/Highlightr.build/DerivedSources-normal/arm64_32 -Xcc -I/Users/admin/builder/spi-builder-workspace/.derivedData/Build/Intermediates.noindex/Highlightr.build/Debug-watchos/Highlightr.build/DerivedSources/arm64_32 -Xcc -I/Users/admin/builder/spi-builder-workspace/.derivedData/Build/Intermediates.noindex/Highlightr.build/Debug-watchos/Highlightr.build/DerivedSources -Xcc -DSWIFT_PACKAGE -Xcc -DDEBUG\=1 -module-name Highlightr -package-name highlightr -frontend-parseable-output -disable-clang-spi -target-sdk-version 11.1 -target-sdk-name watchos11.1 -external-plugin-path /Applications/Xcode-16.1.0.app/Contents/Developer/Platforms/WatchOS.platform/Developer/usr/lib/swift/host/plugins\#/Applications/Xcode-16.1.0.app/Contents/Developer/Platforms/WatchOS.platform/Developer/usr/bin/swift-plugin-server -external-plugin-path /Applications/Xcode-16.1.0.app/Contents/Developer/Platforms/WatchOS.platform/Developer/usr/local/lib/swift/host/plugins\#/Applications/Xcode-16.1.0.app/Contents/Developer/Platforms/WatchOS.platform/Developer/usr/bin/swift-plugin-server -plugin-path /Applications/Xcode-16.1.0.app/Contents/Developer/Toolchains/XcodeDefault.xctoolchain/usr/lib/swift/host/plugins -plugin-path /Applications/Xcode-16.1.0.app/Contents/Developer/Toolchains/XcodeDefault.xctoolchain/usr/local/lib/swift/host/plugins -o /Users/admin/builder/spi-builder-workspace/.derivedData/Build/Intermediates.noindex/Highlightr.build/Debug-watchos/Highlightr.build/Objects-normal/arm64_32/resource_bundle_accessor.o -index-unit-output-path /Highlightr.build/Debug-watchos/Highlightr.build/Objects-normal/arm64_32/resource_bundle_accessor.o -index-store-path /Users/admin/builder/spi-builder-workspace/.derivedData/Index.noindex/DataStore -index-system-modules
SwiftCompile normal armv7k Compiling\ Shims.swift /Users/admin/builder/spi-builder-workspace/.dependencies/checkouts/Highlightr/Pod/Classes/Shims.swift (in target 'Highlightr' from project 'Highlightr')
cd /Users/admin/builder/spi-builder-workspace/.swiftpm/xcode
builtin-swiftTaskExecution -- /Applications/Xcode-16.1.0.app/Contents/Developer/Toolchains/XcodeDefault.xctoolchain/usr/bin/swift-frontend -frontend -c /Users/admin/builder/spi-builder-workspace/.derivedData/Build/Intermediates.noindex/Highlightr.build/Debug-watchos/Highlightr.build/DerivedSources/resource_bundle_accessor.swift /Users/admin/builder/spi-builder-workspace/.dependencies/checkouts/Highlightr/Pod/Classes/CodeAttributedString.swift /Users/admin/builder/spi-builder-workspace/.dependencies/checkouts/Highlightr/Pod/Classes/HTMLUtils.swift /Users/admin/builder/spi-builder-workspace/.dependencies/checkouts/Highlightr/Pod/Classes/Highlightr.swift -primary-file /Users/admin/builder/spi-builder-workspace/.dependencies/checkouts/Highlightr/Pod/Classes/Shims.swift /Users/admin/builder/spi-builder-workspace/.dependencies/checkouts/Highlightr/Pod/Classes/Theme.swift -emit-dependencies-path /Users/admin/builder/spi-builder-workspace/.derivedData/Build/Intermediates.noindex/Highlightr.build/Debug-watchos/Highlightr.build/Objects-normal/armv7k/Shims.d -emit-const-values-path /Users/admin/builder/spi-builder-workspace/.derivedData/Build/Intermediates.noindex/Highlightr.build/Debug-watchos/Highlightr.build/Objects-normal/armv7k/Shims.swiftconstvalues -emit-reference-dependencies-path /Users/admin/builder/spi-builder-workspace/.derivedData/Build/Intermediates.noindex/Highlightr.build/Debug-watchos/Highlightr.build/Objects-normal/armv7k/Shims.swiftdeps -serialize-diagnostics-path /Users/admin/builder/spi-builder-workspace/.derivedData/Build/Intermediates.noindex/Highlightr.build/Debug-watchos/Highlightr.build/Objects-normal/armv7k/Shims.dia -target armv7k-apple-watchos7.0 -enable-objc-interop -stack-check -sdk /Applications/Xcode-16.1.0.app/Contents/Developer/Platforms/WatchOS.platform/Developer/SDKs/WatchOS11.1.sdk -I /Users/admin/builder/spi-builder-workspace/.derivedData/Build/Products/Debug-watchos -I /Applications/Xcode-16.1.0.app/Contents/Developer/Platforms/WatchOS.platform/Developer/usr/lib -F /Users/admin/builder/spi-builder-workspace/.derivedData/Build/Products/Debug-watchos -F /Applications/Xcode-16.1.0.app/Contents/Developer/Platforms/WatchOS.platform/Developer/Library/Frameworks -F /Applications/Xcode-16.1.0.app/Contents/Developer/Platforms/WatchOS.platform/Developer/SDKs/WatchOS11.1.sdk/Developer/Library/Frameworks -no-color-diagnostics -enable-testing -g -debug-info-format\=dwarf -dwarf-version\=4 -module-cache-path /Users/admin/builder/spi-builder-workspace/.derivedData/ModuleCache.noindex -suppress-warnings -swift-version 5 -enforce-exclusivity\=checked -stats-output-dir /Users/admin/builder/spi-builder-workspace/.swiftpm/xcode/.stats -Onone -D SWIFT_PACKAGE -D DEBUG -serialize-debugging-options -const-gather-protocols-file /Users/admin/builder/spi-builder-workspace/.derivedData/Build/Intermediates.noindex/Highlightr.build/Debug-watchos/Highlightr.build/Objects-normal/armv7k/Highlightr_const_extract_protocols.json -enable-experimental-feature DebugDescriptionMacro -enable-experimental-feature OpaqueTypeErasure -strict-concurrency\=complete -empty-abi-descriptor -plugin-path /Applications/Xcode-16.1.0.app/Contents/Developer/Toolchains/XcodeDefault.xctoolchain/usr/lib/swift/host/plugins/testing -validate-clang-modules-once -clang-build-session-file /Users/admin/builder/spi-builder-workspace/.derivedData/ModuleCache.noindex/Session.modulevalidation -Xcc -working-directory -Xcc /Users/admin/builder/spi-builder-workspace/.swiftpm/xcode -resource-dir /Applications/Xcode-16.1.0.app/Contents/Developer/Toolchains/XcodeDefault.xctoolchain/usr/lib/swift -enable-anonymous-context-mangled-names -file-compilation-dir /Users/admin/builder/spi-builder-workspace/.swiftpm/xcode -Xcc -D_LIBCPP_HARDENING_MODE\=_LIBCPP_HARDENING_MODE_DEBUG -Xcc -ivfsstatcache -Xcc /Users/admin/builder/spi-builder-workspace/.derivedData/SDKStatCaches.noindex/watchos11.1-22R574-7b9df0bda16bb4641b33636c68f04660.sdkstatcache -Xcc -I/Users/admin/builder/spi-builder-workspace/.derivedData/Build/Intermediates.noindex/Highlightr.build/Debug-watchos/Highlightr.build/swift-overrides.hmap -Xcc -I/Users/admin/builder/spi-builder-workspace/.derivedData/Build/Products/Debug-watchos/include -Xcc -I/Users/admin/builder/spi-builder-workspace/.derivedData/Build/Intermediates.noindex/Highlightr.build/Debug-watchos/Highlightr.build/DerivedSources-normal/armv7k -Xcc -I/Users/admin/builder/spi-builder-workspace/.derivedData/Build/Intermediates.noindex/Highlightr.build/Debug-watchos/Highlightr.build/DerivedSources/armv7k -Xcc -I/Users/admin/builder/spi-builder-workspace/.derivedData/Build/Intermediates.noindex/Highlightr.build/Debug-watchos/Highlightr.build/DerivedSources -Xcc -DSWIFT_PACKAGE -Xcc -DDEBUG\=1 -module-name Highlightr -package-name highlightr -frontend-parseable-output -disable-clang-spi -target-sdk-version 11.1 -target-sdk-name watchos11.1 -external-plugin-path /Applications/Xcode-16.1.0.app/Contents/Developer/Platforms/WatchOS.platform/Developer/usr/lib/swift/host/plugins\#/Applications/Xcode-16.1.0.app/Contents/Developer/Platforms/WatchOS.platform/Developer/usr/bin/swift-plugin-server -external-plugin-path /Applications/Xcode-16.1.0.app/Contents/Developer/Platforms/WatchOS.platform/Developer/usr/local/lib/swift/host/plugins\#/Applications/Xcode-16.1.0.app/Contents/Developer/Platforms/WatchOS.platform/Developer/usr/bin/swift-plugin-server -plugin-path /Applications/Xcode-16.1.0.app/Contents/Developer/Toolchains/XcodeDefault.xctoolchain/usr/lib/swift/host/plugins -plugin-path /Applications/Xcode-16.1.0.app/Contents/Developer/Toolchains/XcodeDefault.xctoolchain/usr/local/lib/swift/host/plugins -o /Users/admin/builder/spi-builder-workspace/.derivedData/Build/Intermediates.noindex/Highlightr.build/Debug-watchos/Highlightr.build/Objects-normal/armv7k/Shims.o -index-unit-output-path /Highlightr.build/Debug-watchos/Highlightr.build/Objects-normal/armv7k/Shims.o -index-store-path /Users/admin/builder/spi-builder-workspace/.derivedData/Index.noindex/DataStore -index-system-modules
SwiftCompile normal armv7k /Users/admin/builder/spi-builder-workspace/.dependencies/checkouts/Highlightr/Pod/Classes/Shims.swift (in target 'Highlightr' from project 'Highlightr')
cd /Users/admin/builder/spi-builder-workspace/.swiftpm/xcode
/Applications/Xcode-16.1.0.app/Contents/Developer/Toolchains/XcodeDefault.xctoolchain/usr/bin/swift-frontend -c /Users/admin/builder/spi-builder-workspace/.derivedData/Build/Intermediates.noindex/Highlightr.build/Debug-watchos/Highlightr.build/DerivedSources/resource_bundle_accessor.swift /Users/admin/builder/spi-builder-workspace/.dependencies/checkouts/Highlightr/Pod/Classes/CodeAttributedString.swift /Users/admin/builder/spi-builder-workspace/.dependencies/checkouts/Highlightr/Pod/Classes/HTMLUtils.swift /Users/admin/builder/spi-builder-workspace/.dependencies/checkouts/Highlightr/Pod/Classes/Highlightr.swift -primary-file /Users/admin/builder/spi-builder-workspace/.dependencies/checkouts/Highlightr/Pod/Classes/Shims.swift /Users/admin/builder/spi-builder-workspace/.dependencies/checkouts/Highlightr/Pod/Classes/Theme.swift -emit-dependencies-path /Users/admin/builder/spi-builder-workspace/.derivedData/Build/Intermediates.noindex/Highlightr.build/Debug-watchos/Highlightr.build/Objects-normal/armv7k/Shims.d -emit-const-values-path /Users/admin/builder/spi-builder-workspace/.derivedData/Build/Intermediates.noindex/Highlightr.build/Debug-watchos/Highlightr.build/Objects-normal/armv7k/Shims.swiftconstvalues -emit-reference-dependencies-path /Users/admin/builder/spi-builder-workspace/.derivedData/Build/Intermediates.noindex/Highlightr.build/Debug-watchos/Highlightr.build/Objects-normal/armv7k/Shims.swiftdeps -serialize-diagnostics-path /Users/admin/builder/spi-builder-workspace/.derivedData/Build/Intermediates.noindex/Highlightr.build/Debug-watchos/Highlightr.build/Objects-normal/armv7k/Shims.dia -target armv7k-apple-watchos7.0 -enable-objc-interop -stack-check -sdk /Applications/Xcode-16.1.0.app/Contents/Developer/Platforms/WatchOS.platform/Developer/SDKs/WatchOS11.1.sdk -I /Users/admin/builder/spi-builder-workspace/.derivedData/Build/Products/Debug-watchos -I /Applications/Xcode-16.1.0.app/Contents/Developer/Platforms/WatchOS.platform/Developer/usr/lib -F /Users/admin/builder/spi-builder-workspace/.derivedData/Build/Products/Debug-watchos -F /Applications/Xcode-16.1.0.app/Contents/Developer/Platforms/WatchOS.platform/Developer/Library/Frameworks -F /Applications/Xcode-16.1.0.app/Contents/Developer/Platforms/WatchOS.platform/Developer/SDKs/WatchOS11.1.sdk/Developer/Library/Frameworks -no-color-diagnostics -enable-testing -g -debug-info-format\=dwarf -dwarf-version\=4 -module-cache-path /Users/admin/builder/spi-builder-workspace/.derivedData/ModuleCache.noindex -suppress-warnings -swift-version 5 -enforce-exclusivity\=checked -stats-output-dir /Users/admin/builder/spi-builder-workspace/.swiftpm/xcode/.stats -Onone -D SWIFT_PACKAGE -D DEBUG -serialize-debugging-options -const-gather-protocols-file /Users/admin/builder/spi-builder-workspace/.derivedData/Build/Intermediates.noindex/Highlightr.build/Debug-watchos/Highlightr.build/Objects-normal/armv7k/Highlightr_const_extract_protocols.json -enable-experimental-feature DebugDescriptionMacro -enable-experimental-feature OpaqueTypeErasure -strict-concurrency\=complete -empty-abi-descriptor -plugin-path /Applications/Xcode-16.1.0.app/Contents/Developer/Toolchains/XcodeDefault.xctoolchain/usr/lib/swift/host/plugins/testing -validate-clang-modules-once -clang-build-session-file /Users/admin/builder/spi-builder-workspace/.derivedData/ModuleCache.noindex/Session.modulevalidation -Xcc -working-directory -Xcc /Users/admin/builder/spi-builder-workspace/.swiftpm/xcode -resource-dir /Applications/Xcode-16.1.0.app/Contents/Developer/Toolchains/XcodeDefault.xctoolchain/usr/lib/swift -enable-anonymous-context-mangled-names -file-compilation-dir /Users/admin/builder/spi-builder-workspace/.swiftpm/xcode -Xcc -D_LIBCPP_HARDENING_MODE\=_LIBCPP_HARDENING_MODE_DEBUG -Xcc -ivfsstatcache -Xcc /Users/admin/builder/spi-builder-workspace/.derivedData/SDKStatCaches.noindex/watchos11.1-22R574-7b9df0bda16bb4641b33636c68f04660.sdkstatcache -Xcc -I/Users/admin/builder/spi-builder-workspace/.derivedData/Build/Intermediates.noindex/Highlightr.build/Debug-watchos/Highlightr.build/swift-overrides.hmap -Xcc -I/Users/admin/builder/spi-builder-workspace/.derivedData/Build/Products/Debug-watchos/include -Xcc -I/Users/admin/builder/spi-builder-workspace/.derivedData/Build/Intermediates.noindex/Highlightr.build/Debug-watchos/Highlightr.build/DerivedSources-normal/armv7k -Xcc -I/Users/admin/builder/spi-builder-workspace/.derivedData/Build/Intermediates.noindex/Highlightr.build/Debug-watchos/Highlightr.build/DerivedSources/armv7k -Xcc -I/Users/admin/builder/spi-builder-workspace/.derivedData/Build/Intermediates.noindex/Highlightr.build/Debug-watchos/Highlightr.build/DerivedSources -Xcc -DSWIFT_PACKAGE -Xcc -DDEBUG\=1 -module-name Highlightr -package-name highlightr -frontend-parseable-output -disable-clang-spi -target-sdk-version 11.1 -target-sdk-name watchos11.1 -external-plugin-path /Applications/Xcode-16.1.0.app/Contents/Developer/Platforms/WatchOS.platform/Developer/usr/lib/swift/host/plugins\#/Applications/Xcode-16.1.0.app/Contents/Developer/Platforms/WatchOS.platform/Developer/usr/bin/swift-plugin-server -external-plugin-path /Applications/Xcode-16.1.0.app/Contents/Developer/Platforms/WatchOS.platform/Developer/usr/local/lib/swift/host/plugins\#/Applications/Xcode-16.1.0.app/Contents/Developer/Platforms/WatchOS.platform/Developer/usr/bin/swift-plugin-server -plugin-path /Applications/Xcode-16.1.0.app/Contents/Developer/Toolchains/XcodeDefault.xctoolchain/usr/lib/swift/host/plugins -plugin-path /Applications/Xcode-16.1.0.app/Contents/Developer/Toolchains/XcodeDefault.xctoolchain/usr/local/lib/swift/host/plugins -o /Users/admin/builder/spi-builder-workspace/.derivedData/Build/Intermediates.noindex/Highlightr.build/Debug-watchos/Highlightr.build/Objects-normal/armv7k/Shims.o -index-unit-output-path /Highlightr.build/Debug-watchos/Highlightr.build/Objects-normal/armv7k/Shims.o -index-store-path /Users/admin/builder/spi-builder-workspace/.derivedData/Index.noindex/DataStore -index-system-modules
SwiftCompile normal arm64_32 Compiling\ Highlightr.swift /Users/admin/builder/spi-builder-workspace/.dependencies/checkouts/Highlightr/Pod/Classes/Highlightr.swift (in target 'Highlightr' from project 'Highlightr')
cd /Users/admin/builder/spi-builder-workspace/.swiftpm/xcode
builtin-swiftTaskExecution -- /Applications/Xcode-16.1.0.app/Contents/Developer/Toolchains/XcodeDefault.xctoolchain/usr/bin/swift-frontend -frontend -c /Users/admin/builder/spi-builder-workspace/.derivedData/Build/Intermediates.noindex/Highlightr.build/Debug-watchos/Highlightr.build/DerivedSources/resource_bundle_accessor.swift /Users/admin/builder/spi-builder-workspace/.dependencies/checkouts/Highlightr/Pod/Classes/CodeAttributedString.swift /Users/admin/builder/spi-builder-workspace/.dependencies/checkouts/Highlightr/Pod/Classes/HTMLUtils.swift -primary-file /Users/admin/builder/spi-builder-workspace/.dependencies/checkouts/Highlightr/Pod/Classes/Highlightr.swift /Users/admin/builder/spi-builder-workspace/.dependencies/checkouts/Highlightr/Pod/Classes/Shims.swift /Users/admin/builder/spi-builder-workspace/.dependencies/checkouts/Highlightr/Pod/Classes/Theme.swift -emit-dependencies-path /Users/admin/builder/spi-builder-workspace/.derivedData/Build/Intermediates.noindex/Highlightr.build/Debug-watchos/Highlightr.build/Objects-normal/arm64_32/Highlightr.d -emit-const-values-path /Users/admin/builder/spi-builder-workspace/.derivedData/Build/Intermediates.noindex/Highlightr.build/Debug-watchos/Highlightr.build/Objects-normal/arm64_32/Highlightr.swiftconstvalues -emit-reference-dependencies-path /Users/admin/builder/spi-builder-workspace/.derivedData/Build/Intermediates.noindex/Highlightr.build/Debug-watchos/Highlightr.build/Objects-normal/arm64_32/Highlightr.swiftdeps -serialize-diagnostics-path /Users/admin/builder/spi-builder-workspace/.derivedData/Build/Intermediates.noindex/Highlightr.build/Debug-watchos/Highlightr.build/Objects-normal/arm64_32/Highlightr.dia -target arm64_32-apple-watchos7.0 -enable-objc-interop -sdk /Applications/Xcode-16.1.0.app/Contents/Developer/Platforms/WatchOS.platform/Developer/SDKs/WatchOS11.1.sdk -I /Users/admin/builder/spi-builder-workspace/.derivedData/Build/Products/Debug-watchos -I /Applications/Xcode-16.1.0.app/Contents/Developer/Platforms/WatchOS.platform/Developer/usr/lib -F /Users/admin/builder/spi-builder-workspace/.derivedData/Build/Products/Debug-watchos -F /Applications/Xcode-16.1.0.app/Contents/Developer/Platforms/WatchOS.platform/Developer/Library/Frameworks -F /Applications/Xcode-16.1.0.app/Contents/Developer/Platforms/WatchOS.platform/Developer/SDKs/WatchOS11.1.sdk/Developer/Library/Frameworks -no-color-diagnostics -enable-testing -g -debug-info-format\=dwarf -dwarf-version\=4 -module-cache-path /Users/admin/builder/spi-builder-workspace/.derivedData/ModuleCache.noindex -suppress-warnings -swift-version 5 -enforce-exclusivity\=checked -stats-output-dir /Users/admin/builder/spi-builder-workspace/.swiftpm/xcode/.stats -Onone -D SWIFT_PACKAGE -D DEBUG -serialize-debugging-options -const-gather-protocols-file /Users/admin/builder/spi-builder-workspace/.derivedData/Build/Intermediates.noindex/Highlightr.build/Debug-watchos/Highlightr.build/Objects-normal/arm64_32/Highlightr_const_extract_protocols.json -enable-experimental-feature DebugDescriptionMacro -enable-experimental-feature OpaqueTypeErasure -strict-concurrency\=complete -empty-abi-descriptor -plugin-path /Applications/Xcode-16.1.0.app/Contents/Developer/Toolchains/XcodeDefault.xctoolchain/usr/lib/swift/host/plugins/testing -validate-clang-modules-once -clang-build-session-file /Users/admin/builder/spi-builder-workspace/.derivedData/ModuleCache.noindex/Session.modulevalidation -Xcc -working-directory -Xcc /Users/admin/builder/spi-builder-workspace/.swiftpm/xcode -resource-dir /Applications/Xcode-16.1.0.app/Contents/Developer/Toolchains/XcodeDefault.xctoolchain/usr/lib/swift -enable-anonymous-context-mangled-names -file-compilation-dir /Users/admin/builder/spi-builder-workspace/.swiftpm/xcode -Xcc -D_LIBCPP_HARDENING_MODE\=_LIBCPP_HARDENING_MODE_DEBUG -Xcc -ivfsstatcache -Xcc /Users/admin/builder/spi-builder-workspace/.derivedData/SDKStatCaches.noindex/watchos11.1-22R574-7b9df0bda16bb4641b33636c68f04660.sdkstatcache -Xcc -I/Users/admin/builder/spi-builder-workspace/.derivedData/Build/Intermediates.noindex/Highlightr.build/Debug-watchos/Highlightr.build/swift-overrides.hmap -Xcc -I/Users/admin/builder/spi-builder-workspace/.derivedData/Build/Products/Debug-watchos/include -Xcc -I/Users/admin/builder/spi-builder-workspace/.derivedData/Build/Intermediates.noindex/Highlightr.build/Debug-watchos/Highlightr.build/DerivedSources-normal/arm64_32 -Xcc -I/Users/admin/builder/spi-builder-workspace/.derivedData/Build/Intermediates.noindex/Highlightr.build/Debug-watchos/Highlightr.build/DerivedSources/arm64_32 -Xcc -I/Users/admin/builder/spi-builder-workspace/.derivedData/Build/Intermediates.noindex/Highlightr.build/Debug-watchos/Highlightr.build/DerivedSources -Xcc -DSWIFT_PACKAGE -Xcc -DDEBUG\=1 -module-name Highlightr -package-name highlightr -frontend-parseable-output -disable-clang-spi -target-sdk-version 11.1 -target-sdk-name watchos11.1 -external-plugin-path /Applications/Xcode-16.1.0.app/Contents/Developer/Platforms/WatchOS.platform/Developer/usr/lib/swift/host/plugins\#/Applications/Xcode-16.1.0.app/Contents/Developer/Platforms/WatchOS.platform/Developer/usr/bin/swift-plugin-server -external-plugin-path /Applications/Xcode-16.1.0.app/Contents/Developer/Platforms/WatchOS.platform/Developer/usr/local/lib/swift/host/plugins\#/Applications/Xcode-16.1.0.app/Contents/Developer/Platforms/WatchOS.platform/Developer/usr/bin/swift-plugin-server -plugin-path /Applications/Xcode-16.1.0.app/Contents/Developer/Toolchains/XcodeDefault.xctoolchain/usr/lib/swift/host/plugins -plugin-path /Applications/Xcode-16.1.0.app/Contents/Developer/Toolchains/XcodeDefault.xctoolchain/usr/local/lib/swift/host/plugins -o /Users/admin/builder/spi-builder-workspace/.derivedData/Build/Intermediates.noindex/Highlightr.build/Debug-watchos/Highlightr.build/Objects-normal/arm64_32/Highlightr.o -index-unit-output-path /Highlightr.build/Debug-watchos/Highlightr.build/Objects-normal/arm64_32/Highlightr.o -index-store-path /Users/admin/builder/spi-builder-workspace/.derivedData/Index.noindex/DataStore -index-system-modules
SwiftCompile normal arm64_32 /Users/admin/builder/spi-builder-workspace/.dependencies/checkouts/Highlightr/Pod/Classes/Highlightr.swift (in target 'Highlightr' from project 'Highlightr')
cd /Users/admin/builder/spi-builder-workspace/.swiftpm/xcode
/Applications/Xcode-16.1.0.app/Contents/Developer/Toolchains/XcodeDefault.xctoolchain/usr/bin/swift-frontend -c /Users/admin/builder/spi-builder-workspace/.derivedData/Build/Intermediates.noindex/Highlightr.build/Debug-watchos/Highlightr.build/DerivedSources/resource_bundle_accessor.swift /Users/admin/builder/spi-builder-workspace/.dependencies/checkouts/Highlightr/Pod/Classes/CodeAttributedString.swift /Users/admin/builder/spi-builder-workspace/.dependencies/checkouts/Highlightr/Pod/Classes/HTMLUtils.swift -primary-file /Users/admin/builder/spi-builder-workspace/.dependencies/checkouts/Highlightr/Pod/Classes/Highlightr.swift /Users/admin/builder/spi-builder-workspace/.dependencies/checkouts/Highlightr/Pod/Classes/Shims.swift /Users/admin/builder/spi-builder-workspace/.dependencies/checkouts/Highlightr/Pod/Classes/Theme.swift -emit-dependencies-path /Users/admin/builder/spi-builder-workspace/.derivedData/Build/Intermediates.noindex/Highlightr.build/Debug-watchos/Highlightr.build/Objects-normal/arm64_32/Highlightr.d -emit-const-values-path /Users/admin/builder/spi-builder-workspace/.derivedData/Build/Intermediates.noindex/Highlightr.build/Debug-watchos/Highlightr.build/Objects-normal/arm64_32/Highlightr.swiftconstvalues -emit-reference-dependencies-path /Users/admin/builder/spi-builder-workspace/.derivedData/Build/Intermediates.noindex/Highlightr.build/Debug-watchos/Highlightr.build/Objects-normal/arm64_32/Highlightr.swiftdeps -serialize-diagnostics-path /Users/admin/builder/spi-builder-workspace/.derivedData/Build/Intermediates.noindex/Highlightr.build/Debug-watchos/Highlightr.build/Objects-normal/arm64_32/Highlightr.dia -target arm64_32-apple-watchos7.0 -enable-objc-interop -sdk /Applications/Xcode-16.1.0.app/Contents/Developer/Platforms/WatchOS.platform/Developer/SDKs/WatchOS11.1.sdk -I /Users/admin/builder/spi-builder-workspace/.derivedData/Build/Products/Debug-watchos -I /Applications/Xcode-16.1.0.app/Contents/Developer/Platforms/WatchOS.platform/Developer/usr/lib -F /Users/admin/builder/spi-builder-workspace/.derivedData/Build/Products/Debug-watchos -F /Applications/Xcode-16.1.0.app/Contents/Developer/Platforms/WatchOS.platform/Developer/Library/Frameworks -F /Applications/Xcode-16.1.0.app/Contents/Developer/Platforms/WatchOS.platform/Developer/SDKs/WatchOS11.1.sdk/Developer/Library/Frameworks -no-color-diagnostics -enable-testing -g -debug-info-format\=dwarf -dwarf-version\=4 -module-cache-path /Users/admin/builder/spi-builder-workspace/.derivedData/ModuleCache.noindex -suppress-warnings -swift-version 5 -enforce-exclusivity\=checked -stats-output-dir /Users/admin/builder/spi-builder-workspace/.swiftpm/xcode/.stats -Onone -D SWIFT_PACKAGE -D DEBUG -serialize-debugging-options -const-gather-protocols-file /Users/admin/builder/spi-builder-workspace/.derivedData/Build/Intermediates.noindex/Highlightr.build/Debug-watchos/Highlightr.build/Objects-normal/arm64_32/Highlightr_const_extract_protocols.json -enable-experimental-feature DebugDescriptionMacro -enable-experimental-feature OpaqueTypeErasure -strict-concurrency\=complete -empty-abi-descriptor -plugin-path /Applications/Xcode-16.1.0.app/Contents/Developer/Toolchains/XcodeDefault.xctoolchain/usr/lib/swift/host/plugins/testing -validate-clang-modules-once -clang-build-session-file /Users/admin/builder/spi-builder-workspace/.derivedData/ModuleCache.noindex/Session.modulevalidation -Xcc -working-directory -Xcc /Users/admin/builder/spi-builder-workspace/.swiftpm/xcode -resource-dir /Applications/Xcode-16.1.0.app/Contents/Developer/Toolchains/XcodeDefault.xctoolchain/usr/lib/swift -enable-anonymous-context-mangled-names -file-compilation-dir /Users/admin/builder/spi-builder-workspace/.swiftpm/xcode -Xcc -D_LIBCPP_HARDENING_MODE\=_LIBCPP_HARDENING_MODE_DEBUG -Xcc -ivfsstatcache -Xcc /Users/admin/builder/spi-builder-workspace/.derivedData/SDKStatCaches.noindex/watchos11.1-22R574-7b9df0bda16bb4641b33636c68f04660.sdkstatcache -Xcc -I/Users/admin/builder/spi-builder-workspace/.derivedData/Build/Intermediates.noindex/Highlightr.build/Debug-watchos/Highlightr.build/swift-overrides.hmap -Xcc -I/Users/admin/builder/spi-builder-workspace/.derivedData/Build/Products/Debug-watchos/include -Xcc -I/Users/admin/builder/spi-builder-workspace/.derivedData/Build/Intermediates.noindex/Highlightr.build/Debug-watchos/Highlightr.build/DerivedSources-normal/arm64_32 -Xcc -I/Users/admin/builder/spi-builder-workspace/.derivedData/Build/Intermediates.noindex/Highlightr.build/Debug-watchos/Highlightr.build/DerivedSources/arm64_32 -Xcc -I/Users/admin/builder/spi-builder-workspace/.derivedData/Build/Intermediates.noindex/Highlightr.build/Debug-watchos/Highlightr.build/DerivedSources -Xcc -DSWIFT_PACKAGE -Xcc -DDEBUG\=1 -module-name Highlightr -package-name highlightr -frontend-parseable-output -disable-clang-spi -target-sdk-version 11.1 -target-sdk-name watchos11.1 -external-plugin-path /Applications/Xcode-16.1.0.app/Contents/Developer/Platforms/WatchOS.platform/Developer/usr/lib/swift/host/plugins\#/Applications/Xcode-16.1.0.app/Contents/Developer/Platforms/WatchOS.platform/Developer/usr/bin/swift-plugin-server -external-plugin-path /Applications/Xcode-16.1.0.app/Contents/Developer/Platforms/WatchOS.platform/Developer/usr/local/lib/swift/host/plugins\#/Applications/Xcode-16.1.0.app/Contents/Developer/Platforms/WatchOS.platform/Developer/usr/bin/swift-plugin-server -plugin-path /Applications/Xcode-16.1.0.app/Contents/Developer/Toolchains/XcodeDefault.xctoolchain/usr/lib/swift/host/plugins -plugin-path /Applications/Xcode-16.1.0.app/Contents/Developer/Toolchains/XcodeDefault.xctoolchain/usr/local/lib/swift/host/plugins -o /Users/admin/builder/spi-builder-workspace/.derivedData/Build/Intermediates.noindex/Highlightr.build/Debug-watchos/Highlightr.build/Objects-normal/arm64_32/Highlightr.o -index-unit-output-path /Highlightr.build/Debug-watchos/Highlightr.build/Objects-normal/arm64_32/Highlightr.o -index-store-path /Users/admin/builder/spi-builder-workspace/.derivedData/Index.noindex/DataStore -index-system-modules
SwiftEmitModule normal arm64 Emitting\ module\ for\ Highlightr (in target 'Highlightr' from project 'Highlightr')
cd /Users/admin/builder/spi-builder-workspace/.swiftpm/xcode
builtin-swiftTaskExecution -- /Applications/Xcode-16.1.0.app/Contents/Developer/Toolchains/XcodeDefault.xctoolchain/usr/bin/swift-frontend -frontend -emit-module -experimental-skip-non-inlinable-function-bodies-without-types /Users/admin/builder/spi-builder-workspace/.derivedData/Build/Intermediates.noindex/Highlightr.build/Debug-watchos/Highlightr.build/DerivedSources/resource_bundle_accessor.swift /Users/admin/builder/spi-builder-workspace/.dependencies/checkouts/Highlightr/Pod/Classes/CodeAttributedString.swift /Users/admin/builder/spi-builder-workspace/.dependencies/checkouts/Highlightr/Pod/Classes/HTMLUtils.swift /Users/admin/builder/spi-builder-workspace/.dependencies/checkouts/Highlightr/Pod/Classes/Highlightr.swift /Users/admin/builder/spi-builder-workspace/.dependencies/checkouts/Highlightr/Pod/Classes/Shims.swift /Users/admin/builder/spi-builder-workspace/.dependencies/checkouts/Highlightr/Pod/Classes/Theme.swift -target arm64-apple-watchos7.0 -Xllvm -aarch64-use-tbi -enable-objc-interop -stack-check -sdk /Applications/Xcode-16.1.0.app/Contents/Developer/Platforms/WatchOS.platform/Developer/SDKs/WatchOS11.1.sdk -I /Users/admin/builder/spi-builder-workspace/.derivedData/Build/Products/Debug-watchos -I /Applications/Xcode-16.1.0.app/Contents/Developer/Platforms/WatchOS.platform/Developer/usr/lib -F /Users/admin/builder/spi-builder-workspace/.derivedData/Build/Products/Debug-watchos -F /Applications/Xcode-16.1.0.app/Contents/Developer/Platforms/WatchOS.platform/Developer/Library/Frameworks -F /Applications/Xcode-16.1.0.app/Contents/Developer/Platforms/WatchOS.platform/Developer/SDKs/WatchOS11.1.sdk/Developer/Library/Frameworks -no-color-diagnostics -enable-testing -g -debug-info-format\=dwarf -dwarf-version\=4 -module-cache-path /Users/admin/builder/spi-builder-workspace/.derivedData/ModuleCache.noindex -suppress-warnings -swift-version 5 -enforce-exclusivity\=checked -stats-output-dir /Users/admin/builder/spi-builder-workspace/.swiftpm/xcode/.stats -Onone -D SWIFT_PACKAGE -D DEBUG -serialize-debugging-options -const-gather-protocols-file /Users/admin/builder/spi-builder-workspace/.derivedData/Build/Intermediates.noindex/Highlightr.build/Debug-watchos/Highlightr.build/Objects-normal/arm64/Highlightr_const_extract_protocols.json -enable-experimental-feature DebugDescriptionMacro -enable-experimental-feature OpaqueTypeErasure -strict-concurrency\=complete -empty-abi-descriptor -plugin-path /Applications/Xcode-16.1.0.app/Contents/Developer/Toolchains/XcodeDefault.xctoolchain/usr/lib/swift/host/plugins/testing -validate-clang-modules-once -clang-build-session-file /Users/admin/builder/spi-builder-workspace/.derivedData/ModuleCache.noindex/Session.modulevalidation -Xcc -working-directory -Xcc /Users/admin/builder/spi-builder-workspace/.swiftpm/xcode -resource-dir /Applications/Xcode-16.1.0.app/Contents/Developer/Toolchains/XcodeDefault.xctoolchain/usr/lib/swift -enable-anonymous-context-mangled-names -file-compilation-dir /Users/admin/builder/spi-builder-workspace/.swiftpm/xcode -Xcc -D_LIBCPP_HARDENING_MODE\=_LIBCPP_HARDENING_MODE_DEBUG -Xcc -ivfsstatcache -Xcc /Users/admin/builder/spi-builder-workspace/.derivedData/SDKStatCaches.noindex/watchos11.1-22R574-7b9df0bda16bb4641b33636c68f04660.sdkstatcache -Xcc -I/Users/admin/builder/spi-builder-workspace/.derivedData/Build/Intermediates.noindex/Highlightr.build/Debug-watchos/Highlightr.build/swift-overrides.hmap -Xcc -I/Users/admin/builder/spi-builder-workspace/.derivedData/Build/Products/Debug-watchos/include -Xcc -I/Users/admin/builder/spi-builder-workspace/.derivedData/Build/Intermediates.noindex/Highlightr.build/Debug-watchos/Highlightr.build/DerivedSources-normal/arm64 -Xcc -I/Users/admin/builder/spi-builder-workspace/.derivedData/Build/Intermediates.noindex/Highlightr.build/Debug-watchos/Highlightr.build/DerivedSources/arm64 -Xcc -I/Users/admin/builder/spi-builder-workspace/.derivedData/Build/Intermediates.noindex/Highlightr.build/Debug-watchos/Highlightr.build/DerivedSources -Xcc -DSWIFT_PACKAGE -Xcc -DDEBUG\=1 -module-name Highlightr -package-name highlightr -frontend-parseable-output -disable-clang-spi -target-sdk-version 11.1 -target-sdk-name watchos11.1 -external-plugin-path /Applications/Xcode-16.1.0.app/Contents/Developer/Platforms/WatchOS.platform/Developer/usr/lib/swift/host/plugins\#/Applications/Xcode-16.1.0.app/Contents/Developer/Platforms/WatchOS.platform/Developer/usr/bin/swift-plugin-server -external-plugin-path /Applications/Xcode-16.1.0.app/Contents/Developer/Platforms/WatchOS.platform/Developer/usr/local/lib/swift/host/plugins\#/Applications/Xcode-16.1.0.app/Contents/Developer/Platforms/WatchOS.platform/Developer/usr/bin/swift-plugin-server -plugin-path /Applications/Xcode-16.1.0.app/Contents/Developer/Toolchains/XcodeDefault.xctoolchain/usr/lib/swift/host/plugins -plugin-path /Applications/Xcode-16.1.0.app/Contents/Developer/Toolchains/XcodeDefault.xctoolchain/usr/local/lib/swift/host/plugins -emit-module-doc-path /Users/admin/builder/spi-builder-workspace/.derivedData/Build/Intermediates.noindex/Highlightr.build/Debug-watchos/Highlightr.build/Objects-normal/arm64/Highlightr.swiftdoc -emit-module-source-info-path /Users/admin/builder/spi-builder-workspace/.derivedData/Build/Intermediates.noindex/Highlightr.build/Debug-watchos/Highlightr.build/Objects-normal/arm64/Highlightr.swiftsourceinfo -emit-objc-header-path /Users/admin/builder/spi-builder-workspace/.derivedData/Build/Intermediates.noindex/Highlightr.build/Debug-watchos/Highlightr.build/Objects-normal/arm64/Highlightr-Swift.h -serialize-diagnostics-path /Users/admin/builder/spi-builder-workspace/.derivedData/Build/Intermediates.noindex/Highlightr.build/Debug-watchos/Highlightr.build/Objects-normal/arm64/Highlightr-master-emit-module.dia -emit-dependencies-path /Users/admin/builder/spi-builder-workspace/.derivedData/Build/Intermediates.noindex/Highlightr.build/Debug-watchos/Highlightr.build/Objects-normal/arm64/Highlightr-master-emit-module.d -o /Users/admin/builder/spi-builder-workspace/.derivedData/Build/Intermediates.noindex/Highlightr.build/Debug-watchos/Highlightr.build/Objects-normal/arm64/Highlightr.swiftmodule -emit-abi-descriptor-path /Users/admin/builder/spi-builder-workspace/.derivedData/Build/Intermediates.noindex/Highlightr.build/Debug-watchos/Highlightr.build/Objects-normal/arm64/Highlightr.abi.json
Command SwiftEmitModule failed with a nonzero exit code
** BUILD FAILED **
The following build commands failed:
SwiftEmitModule normal armv7k Emitting\ module\ for\ Highlightr (in target 'Highlightr' from project 'Highlightr')
EmitSwiftModule normal armv7k (in target 'Highlightr' from project 'Highlightr')
SwiftEmitModule normal arm64 Emitting\ module\ for\ Highlightr (in target 'Highlightr' from project 'Highlightr')
Building workspace spi-builder-workspace with scheme CodeEditor
(4 failures)
Command line invocation:
/Applications/Xcode-16.1.0.app/Contents/Developer/usr/bin/xcodebuild -IDEClonedSourcePackagesDirPathOverride=/Users/admin/builder/spi-builder-workspace/.dependencies -skipMacroValidation -skipPackagePluginValidation -derivedDataPath /Users/admin/builder/spi-builder-workspace/.derivedData build -scheme CodeEditor -destination generic/platform=watchOS "OTHER_SWIFT_FLAGS=-stats-output-dir .stats -strict-concurrency=complete"
User defaults from command line:
IDEClonedSourcePackagesDirPathOverride = /Users/admin/builder/spi-builder-workspace/.dependencies
IDEDerivedDataPathOverride = /Users/admin/builder/spi-builder-workspace/.derivedData
IDEPackageSupportUseBuiltinSCM = YES
Build settings from command line:
OTHER_SWIFT_FLAGS = -stats-output-dir .stats -strict-concurrency=complete
Resolve Package Graph
Resolved source packages:
Highlightr: https://github.com/helje5/Highlightr @ 3.0.2
CodeEditor: /Users/admin/builder/spi-builder-workspace
Prepare packages
ComputeTargetDependencyGraph
note: Building targets in dependency order
note: Target dependency graph (5 targets)
Target 'CodeEditor' in project 'CodeEditor'
➜ Explicit dependency on target 'CodeEditor' in project 'CodeEditor'
➜ Explicit dependency on target 'Highlightr' in project 'Highlightr'
Target 'CodeEditor' in project 'CodeEditor'
➜ Explicit dependency on target 'Highlightr' in project 'Highlightr'
Target 'Highlightr' in project 'Highlightr'
➜ Explicit dependency on target 'Highlightr' in project 'Highlightr'
➜ Explicit dependency on target 'Highlightr_Highlightr' in project 'Highlightr'
Target 'Highlightr' in project 'Highlightr'
➜ Explicit dependency on target 'Highlightr_Highlightr' in project 'Highlightr'
Target 'Highlightr_Highlightr' in project 'Highlightr' (no dependencies)
GatherProvisioningInputs
CreateBuildDescription
ClangStatCache /Applications/Xcode-16.1.0.app/Contents/Developer/Toolchains/XcodeDefault.xctoolchain/usr/bin/clang-stat-cache /Applications/Xcode-16.1.0.app/Contents/Developer/Platforms/WatchOS.platform/Developer/SDKs/WatchOS11.1.sdk /Users/admin/builder/spi-builder-workspace/.derivedData/SDKStatCaches.noindex/watchos11.1-22R574-7b9df0bda16bb4641b33636c68f04660.sdkstatcache
cd /Users/admin/builder/spi-builder-workspace/.swiftpm/xcode
/Applications/Xcode-16.1.0.app/Contents/Developer/Toolchains/XcodeDefault.xctoolchain/usr/bin/clang-stat-cache /Applications/Xcode-16.1.0.app/Contents/Developer/Platforms/WatchOS.platform/Developer/SDKs/WatchOS11.1.sdk -o /Users/admin/builder/spi-builder-workspace/.derivedData/SDKStatCaches.noindex/watchos11.1-22R574-7b9df0bda16bb4641b33636c68f04660.sdkstatcache
SwiftDriver Highlightr normal armv7k com.apple.xcode.tools.swift.compiler (in target 'Highlightr' from project 'Highlightr')
cd /Users/admin/builder/spi-builder-workspace/.swiftpm/xcode
builtin-SwiftDriver -- /Applications/Xcode-16.1.0.app/Contents/Developer/Toolchains/XcodeDefault.xctoolchain/usr/bin/swiftc -module-name Highlightr -Onone -enforce-exclusivity\=checked @/Users/admin/builder/spi-builder-workspace/.derivedData/Build/Intermediates.noindex/Highlightr.build/Debug-watchos/Highlightr.build/Objects-normal/armv7k/Highlightr.SwiftFileList -DSWIFT_PACKAGE -DDEBUG -stats-output-dir .stats -strict-concurrency\=complete -plugin-path /Applications/Xcode-16.1.0.app/Contents/Developer/Toolchains/XcodeDefault.xctoolchain/usr/lib/swift/host/plugins/testing -enable-experimental-feature DebugDescriptionMacro -sdk /Applications/Xcode-16.1.0.app/Contents/Developer/Platforms/WatchOS.platform/Developer/SDKs/WatchOS11.1.sdk -target armv7k-apple-watchos7.0 -g -module-cache-path /Users/admin/builder/spi-builder-workspace/.derivedData/ModuleCache.noindex -Xfrontend -serialize-debugging-options -enable-testing -suppress-warnings -index-store-path /Users/admin/builder/spi-builder-workspace/.derivedData/Index.noindex/DataStore -enable-experimental-feature OpaqueTypeErasure -Xcc -D_LIBCPP_HARDENING_MODE\=_LIBCPP_HARDENING_MODE_DEBUG -swift-version 5 -I /Users/admin/builder/spi-builder-workspace/.derivedData/Build/Products/Debug-watchos -I /Applications/Xcode-16.1.0.app/Contents/Developer/Platforms/WatchOS.platform/Developer/usr/lib -F /Users/admin/builder/spi-builder-workspace/.derivedData/Build/Products/Debug-watchos -F /Applications/Xcode-16.1.0.app/Contents/Developer/Platforms/WatchOS.platform/Developer/Library/Frameworks -F /Applications/Xcode-16.1.0.app/Contents/Developer/Platforms/WatchOS.platform/Developer/SDKs/WatchOS11.1.sdk/Developer/Library/Frameworks -c -j10 -enable-batch-mode -incremental -Xcc -ivfsstatcache -Xcc /Users/admin/builder/spi-builder-workspace/.derivedData/SDKStatCaches.noindex/watchos11.1-22R574-7b9df0bda16bb4641b33636c68f04660.sdkstatcache -output-file-map /Users/admin/builder/spi-builder-workspace/.derivedData/Build/Intermediates.noindex/Highlightr.build/Debug-watchos/Highlightr.build/Objects-normal/armv7k/Highlightr-OutputFileMap.json -use-frontend-parseable-output -save-temps -no-color-diagnostics -serialize-diagnostics -emit-dependencies -emit-module -emit-module-path /Users/admin/builder/spi-builder-workspace/.derivedData/Build/Intermediates.noindex/Highlightr.build/Debug-watchos/Highlightr.build/Objects-normal/armv7k/Highlightr.swiftmodule -validate-clang-modules-once -clang-build-session-file /Users/admin/builder/spi-builder-workspace/.derivedData/ModuleCache.noindex/Session.modulevalidation -package-name highlightr -Xcc -I/Users/admin/builder/spi-builder-workspace/.derivedData/Build/Intermediates.noindex/Highlightr.build/Debug-watchos/Highlightr.build/swift-overrides.hmap -emit-const-values -Xfrontend -const-gather-protocols-file -Xfrontend /Users/admin/builder/spi-builder-workspace/.derivedData/Build/Intermediates.noindex/Highlightr.build/Debug-watchos/Highlightr.build/Objects-normal/armv7k/Highlightr_const_extract_protocols.json -Xcc -I/Users/admin/builder/spi-builder-workspace/.derivedData/Build/Products/Debug-watchos/include -Xcc -I/Users/admin/builder/spi-builder-workspace/.derivedData/Build/Intermediates.noindex/Highlightr.build/Debug-watchos/Highlightr.build/DerivedSources-normal/armv7k -Xcc -I/Users/admin/builder/spi-builder-workspace/.derivedData/Build/Intermediates.noindex/Highlightr.build/Debug-watchos/Highlightr.build/DerivedSources/armv7k -Xcc -I/Users/admin/builder/spi-builder-workspace/.derivedData/Build/Intermediates.noindex/Highlightr.build/Debug-watchos/Highlightr.build/DerivedSources -Xcc -DSWIFT_PACKAGE -Xcc -DDEBUG\=1 -emit-objc-header -emit-objc-header-path /Users/admin/builder/spi-builder-workspace/.derivedData/Build/Intermediates.noindex/Highlightr.build/Debug-watchos/Highlightr.build/Objects-normal/armv7k/Highlightr-Swift.h -working-directory /Users/admin/builder/spi-builder-workspace/.swiftpm/xcode -experimental-emit-module-separately -disable-cmo
SwiftDriver Highlightr normal arm64 com.apple.xcode.tools.swift.compiler (in target 'Highlightr' from project 'Highlightr')
cd /Users/admin/builder/spi-builder-workspace/.swiftpm/xcode
builtin-SwiftDriver -- /Applications/Xcode-16.1.0.app/Contents/Developer/Toolchains/XcodeDefault.xctoolchain/usr/bin/swiftc -module-name Highlightr -Onone -enforce-exclusivity\=checked @/Users/admin/builder/spi-builder-workspace/.derivedData/Build/Intermediates.noindex/Highlightr.build/Debug-watchos/Highlightr.build/Objects-normal/arm64/Highlightr.SwiftFileList -DSWIFT_PACKAGE -DDEBUG -stats-output-dir .stats -strict-concurrency\=complete -plugin-path /Applications/Xcode-16.1.0.app/Contents/Developer/Toolchains/XcodeDefault.xctoolchain/usr/lib/swift/host/plugins/testing -enable-experimental-feature DebugDescriptionMacro -sdk /Applications/Xcode-16.1.0.app/Contents/Developer/Platforms/WatchOS.platform/Developer/SDKs/WatchOS11.1.sdk -target arm64-apple-watchos7.0 -g -module-cache-path /Users/admin/builder/spi-builder-workspace/.derivedData/ModuleCache.noindex -Xfrontend -serialize-debugging-options -enable-testing -suppress-warnings -index-store-path /Users/admin/builder/spi-builder-workspace/.derivedData/Index.noindex/DataStore -enable-experimental-feature OpaqueTypeErasure -Xcc -D_LIBCPP_HARDENING_MODE\=_LIBCPP_HARDENING_MODE_DEBUG -swift-version 5 -I /Users/admin/builder/spi-builder-workspace/.derivedData/Build/Products/Debug-watchos -I /Applications/Xcode-16.1.0.app/Contents/Developer/Platforms/WatchOS.platform/Developer/usr/lib -F /Users/admin/builder/spi-builder-workspace/.derivedData/Build/Products/Debug-watchos -F /Applications/Xcode-16.1.0.app/Contents/Developer/Platforms/WatchOS.platform/Developer/Library/Frameworks -F /Applications/Xcode-16.1.0.app/Contents/Developer/Platforms/WatchOS.platform/Developer/SDKs/WatchOS11.1.sdk/Developer/Library/Frameworks -c -j10 -enable-batch-mode -incremental -Xcc -ivfsstatcache -Xcc /Users/admin/builder/spi-builder-workspace/.derivedData/SDKStatCaches.noindex/watchos11.1-22R574-7b9df0bda16bb4641b33636c68f04660.sdkstatcache -output-file-map /Users/admin/builder/spi-builder-workspace/.derivedData/Build/Intermediates.noindex/Highlightr.build/Debug-watchos/Highlightr.build/Objects-normal/arm64/Highlightr-OutputFileMap.json -use-frontend-parseable-output -save-temps -no-color-diagnostics -serialize-diagnostics -emit-dependencies -emit-module -emit-module-path /Users/admin/builder/spi-builder-workspace/.derivedData/Build/Intermediates.noindex/Highlightr.build/Debug-watchos/Highlightr.build/Objects-normal/arm64/Highlightr.swiftmodule -validate-clang-modules-once -clang-build-session-file /Users/admin/builder/spi-builder-workspace/.derivedData/ModuleCache.noindex/Session.modulevalidation -package-name highlightr -Xcc -I/Users/admin/builder/spi-builder-workspace/.derivedData/Build/Intermediates.noindex/Highlightr.build/Debug-watchos/Highlightr.build/swift-overrides.hmap -emit-const-values -Xfrontend -const-gather-protocols-file -Xfrontend /Users/admin/builder/spi-builder-workspace/.derivedData/Build/Intermediates.noindex/Highlightr.build/Debug-watchos/Highlightr.build/Objects-normal/arm64/Highlightr_const_extract_protocols.json -Xcc -I/Users/admin/builder/spi-builder-workspace/.derivedData/Build/Products/Debug-watchos/include -Xcc -I/Users/admin/builder/spi-builder-workspace/.derivedData/Build/Intermediates.noindex/Highlightr.build/Debug-watchos/Highlightr.build/DerivedSources-normal/arm64 -Xcc -I/Users/admin/builder/spi-builder-workspace/.derivedData/Build/Intermediates.noindex/Highlightr.build/Debug-watchos/Highlightr.build/DerivedSources/arm64 -Xcc -I/Users/admin/builder/spi-builder-workspace/.derivedData/Build/Intermediates.noindex/Highlightr.build/Debug-watchos/Highlightr.build/DerivedSources -Xcc -DSWIFT_PACKAGE -Xcc -DDEBUG\=1 -emit-objc-header -emit-objc-header-path /Users/admin/builder/spi-builder-workspace/.derivedData/Build/Intermediates.noindex/Highlightr.build/Debug-watchos/Highlightr.build/Objects-normal/arm64/Highlightr-Swift.h -working-directory /Users/admin/builder/spi-builder-workspace/.swiftpm/xcode -experimental-emit-module-separately -disable-cmo
SwiftDriver Highlightr normal arm64_32 com.apple.xcode.tools.swift.compiler (in target 'Highlightr' from project 'Highlightr')
cd /Users/admin/builder/spi-builder-workspace/.swiftpm/xcode
builtin-SwiftDriver -- /Applications/Xcode-16.1.0.app/Contents/Developer/Toolchains/XcodeDefault.xctoolchain/usr/bin/swiftc -module-name Highlightr -Onone -enforce-exclusivity\=checked @/Users/admin/builder/spi-builder-workspace/.derivedData/Build/Intermediates.noindex/Highlightr.build/Debug-watchos/Highlightr.build/Objects-normal/arm64_32/Highlightr.SwiftFileList -DSWIFT_PACKAGE -DDEBUG -stats-output-dir .stats -strict-concurrency\=complete -plugin-path /Applications/Xcode-16.1.0.app/Contents/Developer/Toolchains/XcodeDefault.xctoolchain/usr/lib/swift/host/plugins/testing -enable-experimental-feature DebugDescriptionMacro -sdk /Applications/Xcode-16.1.0.app/Contents/Developer/Platforms/WatchOS.platform/Developer/SDKs/WatchOS11.1.sdk -target arm64_32-apple-watchos7.0 -g -module-cache-path /Users/admin/builder/spi-builder-workspace/.derivedData/ModuleCache.noindex -Xfrontend -serialize-debugging-options -enable-testing -suppress-warnings -index-store-path /Users/admin/builder/spi-builder-workspace/.derivedData/Index.noindex/DataStore -enable-experimental-feature OpaqueTypeErasure -Xcc -D_LIBCPP_HARDENING_MODE\=_LIBCPP_HARDENING_MODE_DEBUG -swift-version 5 -I /Users/admin/builder/spi-builder-workspace/.derivedData/Build/Products/Debug-watchos -I /Applications/Xcode-16.1.0.app/Contents/Developer/Platforms/WatchOS.platform/Developer/usr/lib -F /Users/admin/builder/spi-builder-workspace/.derivedData/Build/Products/Debug-watchos -F /Applications/Xcode-16.1.0.app/Contents/Developer/Platforms/WatchOS.platform/Developer/Library/Frameworks -F /Applications/Xcode-16.1.0.app/Contents/Developer/Platforms/WatchOS.platform/Developer/SDKs/WatchOS11.1.sdk/Developer/Library/Frameworks -c -j10 -enable-batch-mode -incremental -Xcc -ivfsstatcache -Xcc /Users/admin/builder/spi-builder-workspace/.derivedData/SDKStatCaches.noindex/watchos11.1-22R574-7b9df0bda16bb4641b33636c68f04660.sdkstatcache -output-file-map /Users/admin/builder/spi-builder-workspace/.derivedData/Build/Intermediates.noindex/Highlightr.build/Debug-watchos/Highlightr.build/Objects-normal/arm64_32/Highlightr-OutputFileMap.json -use-frontend-parseable-output -save-temps -no-color-diagnostics -serialize-diagnostics -emit-dependencies -emit-module -emit-module-path /Users/admin/builder/spi-builder-workspace/.derivedData/Build/Intermediates.noindex/Highlightr.build/Debug-watchos/Highlightr.build/Objects-normal/arm64_32/Highlightr.swiftmodule -validate-clang-modules-once -clang-build-session-file /Users/admin/builder/spi-builder-workspace/.derivedData/ModuleCache.noindex/Session.modulevalidation -package-name highlightr -Xcc -I/Users/admin/builder/spi-builder-workspace/.derivedData/Build/Intermediates.noindex/Highlightr.build/Debug-watchos/Highlightr.build/swift-overrides.hmap -emit-const-values -Xfrontend -const-gather-protocols-file -Xfrontend /Users/admin/builder/spi-builder-workspace/.derivedData/Build/Intermediates.noindex/Highlightr.build/Debug-watchos/Highlightr.build/Objects-normal/arm64_32/Highlightr_const_extract_protocols.json -Xcc -I/Users/admin/builder/spi-builder-workspace/.derivedData/Build/Products/Debug-watchos/include -Xcc -I/Users/admin/builder/spi-builder-workspace/.derivedData/Build/Intermediates.noindex/Highlightr.build/Debug-watchos/Highlightr.build/DerivedSources-normal/arm64_32 -Xcc -I/Users/admin/builder/spi-builder-workspace/.derivedData/Build/Intermediates.noindex/Highlightr.build/Debug-watchos/Highlightr.build/DerivedSources/arm64_32 -Xcc -I/Users/admin/builder/spi-builder-workspace/.derivedData/Build/Intermediates.noindex/Highlightr.build/Debug-watchos/Highlightr.build/DerivedSources -Xcc -DSWIFT_PACKAGE -Xcc -DDEBUG\=1 -emit-objc-header -emit-objc-header-path /Users/admin/builder/spi-builder-workspace/.derivedData/Build/Intermediates.noindex/Highlightr.build/Debug-watchos/Highlightr.build/Objects-normal/arm64_32/Highlightr-Swift.h -working-directory /Users/admin/builder/spi-builder-workspace/.swiftpm/xcode -experimental-emit-module-separately -disable-cmo
SwiftEmitModule normal arm64 Emitting\ module\ for\ Highlightr (in target 'Highlightr' from project 'Highlightr')
cd /Users/admin/builder/spi-builder-workspace/.swiftpm/xcode
builtin-swiftTaskExecution -- /Applications/Xcode-16.1.0.app/Contents/Developer/Toolchains/XcodeDefault.xctoolchain/usr/bin/swift-frontend -frontend -emit-module -experimental-skip-non-inlinable-function-bodies-without-types /Users/admin/builder/spi-builder-workspace/.derivedData/Build/Intermediates.noindex/Highlightr.build/Debug-watchos/Highlightr.build/DerivedSources/resource_bundle_accessor.swift /Users/admin/builder/spi-builder-workspace/.dependencies/checkouts/Highlightr/Pod/Classes/CodeAttributedString.swift /Users/admin/builder/spi-builder-workspace/.dependencies/checkouts/Highlightr/Pod/Classes/HTMLUtils.swift /Users/admin/builder/spi-builder-workspace/.dependencies/checkouts/Highlightr/Pod/Classes/Highlightr.swift /Users/admin/builder/spi-builder-workspace/.dependencies/checkouts/Highlightr/Pod/Classes/Shims.swift /Users/admin/builder/spi-builder-workspace/.dependencies/checkouts/Highlightr/Pod/Classes/Theme.swift -target arm64-apple-watchos7.0 -Xllvm -aarch64-use-tbi -enable-objc-interop -stack-check -sdk /Applications/Xcode-16.1.0.app/Contents/Developer/Platforms/WatchOS.platform/Developer/SDKs/WatchOS11.1.sdk -I /Users/admin/builder/spi-builder-workspace/.derivedData/Build/Products/Debug-watchos -I /Applications/Xcode-16.1.0.app/Contents/Developer/Platforms/WatchOS.platform/Developer/usr/lib -F /Users/admin/builder/spi-builder-workspace/.derivedData/Build/Products/Debug-watchos -F /Applications/Xcode-16.1.0.app/Contents/Developer/Platforms/WatchOS.platform/Developer/Library/Frameworks -F /Applications/Xcode-16.1.0.app/Contents/Developer/Platforms/WatchOS.platform/Developer/SDKs/WatchOS11.1.sdk/Developer/Library/Frameworks -no-color-diagnostics -enable-testing -g -debug-info-format\=dwarf -dwarf-version\=4 -module-cache-path /Users/admin/builder/spi-builder-workspace/.derivedData/ModuleCache.noindex -suppress-warnings -swift-version 5 -enforce-exclusivity\=checked -stats-output-dir /Users/admin/builder/spi-builder-workspace/.swiftpm/xcode/.stats -Onone -D SWIFT_PACKAGE -D DEBUG -serialize-debugging-options -const-gather-protocols-file /Users/admin/builder/spi-builder-workspace/.derivedData/Build/Intermediates.noindex/Highlightr.build/Debug-watchos/Highlightr.build/Objects-normal/arm64/Highlightr_const_extract_protocols.json -enable-experimental-feature DebugDescriptionMacro -enable-experimental-feature OpaqueTypeErasure -strict-concurrency\=complete -empty-abi-descriptor -plugin-path /Applications/Xcode-16.1.0.app/Contents/Developer/Toolchains/XcodeDefault.xctoolchain/usr/lib/swift/host/plugins/testing -validate-clang-modules-once -clang-build-session-file /Users/admin/builder/spi-builder-workspace/.derivedData/ModuleCache.noindex/Session.modulevalidation -Xcc -working-directory -Xcc /Users/admin/builder/spi-builder-workspace/.swiftpm/xcode -resource-dir /Applications/Xcode-16.1.0.app/Contents/Developer/Toolchains/XcodeDefault.xctoolchain/usr/lib/swift -enable-anonymous-context-mangled-names -file-compilation-dir /Users/admin/builder/spi-builder-workspace/.swiftpm/xcode -Xcc -D_LIBCPP_HARDENING_MODE\=_LIBCPP_HARDENING_MODE_DEBUG -Xcc -ivfsstatcache -Xcc /Users/admin/builder/spi-builder-workspace/.derivedData/SDKStatCaches.noindex/watchos11.1-22R574-7b9df0bda16bb4641b33636c68f04660.sdkstatcache -Xcc -I/Users/admin/builder/spi-builder-workspace/.derivedData/Build/Intermediates.noindex/Highlightr.build/Debug-watchos/Highlightr.build/swift-overrides.hmap -Xcc -I/Users/admin/builder/spi-builder-workspace/.derivedData/Build/Products/Debug-watchos/include -Xcc -I/Users/admin/builder/spi-builder-workspace/.derivedData/Build/Intermediates.noindex/Highlightr.build/Debug-watchos/Highlightr.build/DerivedSources-normal/arm64 -Xcc -I/Users/admin/builder/spi-builder-workspace/.derivedData/Build/Intermediates.noindex/Highlightr.build/Debug-watchos/Highlightr.build/DerivedSources/arm64 -Xcc -I/Users/admin/builder/spi-builder-workspace/.derivedData/Build/Intermediates.noindex/Highlightr.build/Debug-watchos/Highlightr.build/DerivedSources -Xcc -DSWIFT_PACKAGE -Xcc -DDEBUG\=1 -module-name Highlightr -package-name highlightr -frontend-parseable-output -disable-clang-spi -target-sdk-version 11.1 -target-sdk-name watchos11.1 -external-plugin-path /Applications/Xcode-16.1.0.app/Contents/Developer/Platforms/WatchOS.platform/Developer/usr/lib/swift/host/plugins\#/Applications/Xcode-16.1.0.app/Contents/Developer/Platforms/WatchOS.platform/Developer/usr/bin/swift-plugin-server -external-plugin-path /Applications/Xcode-16.1.0.app/Contents/Developer/Platforms/WatchOS.platform/Developer/usr/local/lib/swift/host/plugins\#/Applications/Xcode-16.1.0.app/Contents/Developer/Platforms/WatchOS.platform/Developer/usr/bin/swift-plugin-server -plugin-path /Applications/Xcode-16.1.0.app/Contents/Developer/Toolchains/XcodeDefault.xctoolchain/usr/lib/swift/host/plugins -plugin-path /Applications/Xcode-16.1.0.app/Contents/Developer/Toolchains/XcodeDefault.xctoolchain/usr/local/lib/swift/host/plugins -emit-module-doc-path /Users/admin/builder/spi-builder-workspace/.derivedData/Build/Intermediates.noindex/Highlightr.build/Debug-watchos/Highlightr.build/Objects-normal/arm64/Highlightr.swiftdoc -emit-module-source-info-path /Users/admin/builder/spi-builder-workspace/.derivedData/Build/Intermediates.noindex/Highlightr.build/Debug-watchos/Highlightr.build/Objects-normal/arm64/Highlightr.swiftsourceinfo -emit-objc-header-path /Users/admin/builder/spi-builder-workspace/.derivedData/Build/Intermediates.noindex/Highlightr.build/Debug-watchos/Highlightr.build/Objects-normal/arm64/Highlightr-Swift.h -serialize-diagnostics-path /Users/admin/builder/spi-builder-workspace/.derivedData/Build/Intermediates.noindex/Highlightr.build/Debug-watchos/Highlightr.build/Objects-normal/arm64/Highlightr-master-emit-module.dia -emit-dependencies-path /Users/admin/builder/spi-builder-workspace/.derivedData/Build/Intermediates.noindex/Highlightr.build/Debug-watchos/Highlightr.build/Objects-normal/arm64/Highlightr-master-emit-module.d -o /Users/admin/builder/spi-builder-workspace/.derivedData/Build/Intermediates.noindex/Highlightr.build/Debug-watchos/Highlightr.build/Objects-normal/arm64/Highlightr.swiftmodule -emit-abi-descriptor-path /Users/admin/builder/spi-builder-workspace/.derivedData/Build/Intermediates.noindex/Highlightr.build/Debug-watchos/Highlightr.build/Objects-normal/arm64/Highlightr.abi.json
EmitSwiftModule normal arm64 (in target 'Highlightr' from project 'Highlightr')
cd /Users/admin/builder/spi-builder-workspace/.swiftpm/xcode
/Applications/Xcode-16.1.0.app/Contents/Developer/Toolchains/XcodeDefault.xctoolchain/usr/bin/swift-frontend -emit-module -experimental-skip-non-inlinable-function-bodies-without-types /Users/admin/builder/spi-builder-workspace/.derivedData/Build/Intermediates.noindex/Highlightr.build/Debug-watchos/Highlightr.build/DerivedSources/resource_bundle_accessor.swift /Users/admin/builder/spi-builder-workspace/.dependencies/checkouts/Highlightr/Pod/Classes/CodeAttributedString.swift /Users/admin/builder/spi-builder-workspace/.dependencies/checkouts/Highlightr/Pod/Classes/HTMLUtils.swift /Users/admin/builder/spi-builder-workspace/.dependencies/checkouts/Highlightr/Pod/Classes/Highlightr.swift /Users/admin/builder/spi-builder-workspace/.dependencies/checkouts/Highlightr/Pod/Classes/Shims.swift /Users/admin/builder/spi-builder-workspace/.dependencies/checkouts/Highlightr/Pod/Classes/Theme.swift -target arm64-apple-watchos7.0 -Xllvm -aarch64-use-tbi -enable-objc-interop -stack-check -sdk /Applications/Xcode-16.1.0.app/Contents/Developer/Platforms/WatchOS.platform/Developer/SDKs/WatchOS11.1.sdk -I /Users/admin/builder/spi-builder-workspace/.derivedData/Build/Products/Debug-watchos -I /Applications/Xcode-16.1.0.app/Contents/Developer/Platforms/WatchOS.platform/Developer/usr/lib -F /Users/admin/builder/spi-builder-workspace/.derivedData/Build/Products/Debug-watchos -F /Applications/Xcode-16.1.0.app/Contents/Developer/Platforms/WatchOS.platform/Developer/Library/Frameworks -F /Applications/Xcode-16.1.0.app/Contents/Developer/Platforms/WatchOS.platform/Developer/SDKs/WatchOS11.1.sdk/Developer/Library/Frameworks -no-color-diagnostics -enable-testing -g -debug-info-format\=dwarf -dwarf-version\=4 -module-cache-path /Users/admin/builder/spi-builder-workspace/.derivedData/ModuleCache.noindex -suppress-warnings -swift-version 5 -enforce-exclusivity\=checked -stats-output-dir /Users/admin/builder/spi-builder-workspace/.swiftpm/xcode/.stats -Onone -D SWIFT_PACKAGE -D DEBUG -serialize-debugging-options -const-gather-protocols-file /Users/admin/builder/spi-builder-workspace/.derivedData/Build/Intermediates.noindex/Highlightr.build/Debug-watchos/Highlightr.build/Objects-normal/arm64/Highlightr_const_extract_protocols.json -enable-experimental-feature DebugDescriptionMacro -enable-experimental-feature OpaqueTypeErasure -strict-concurrency\=complete -empty-abi-descriptor -plugin-path /Applications/Xcode-16.1.0.app/Contents/Developer/Toolchains/XcodeDefault.xctoolchain/usr/lib/swift/host/plugins/testing -validate-clang-modules-once -clang-build-session-file /Users/admin/builder/spi-builder-workspace/.derivedData/ModuleCache.noindex/Session.modulevalidation -Xcc -working-directory -Xcc /Users/admin/builder/spi-builder-workspace/.swiftpm/xcode -resource-dir /Applications/Xcode-16.1.0.app/Contents/Developer/Toolchains/XcodeDefault.xctoolchain/usr/lib/swift -enable-anonymous-context-mangled-names -file-compilation-dir /Users/admin/builder/spi-builder-workspace/.swiftpm/xcode -Xcc -D_LIBCPP_HARDENING_MODE\=_LIBCPP_HARDENING_MODE_DEBUG -Xcc -ivfsstatcache -Xcc /Users/admin/builder/spi-builder-workspace/.derivedData/SDKStatCaches.noindex/watchos11.1-22R574-7b9df0bda16bb4641b33636c68f04660.sdkstatcache -Xcc -I/Users/admin/builder/spi-builder-workspace/.derivedData/Build/Intermediates.noindex/Highlightr.build/Debug-watchos/Highlightr.build/swift-overrides.hmap -Xcc -I/Users/admin/builder/spi-builder-workspace/.derivedData/Build/Products/Debug-watchos/include -Xcc -I/Users/admin/builder/spi-builder-workspace/.derivedData/Build/Intermediates.noindex/Highlightr.build/Debug-watchos/Highlightr.build/DerivedSources-normal/arm64 -Xcc -I/Users/admin/builder/spi-builder-workspace/.derivedData/Build/Intermediates.noindex/Highlightr.build/Debug-watchos/Highlightr.build/DerivedSources/arm64 -Xcc -I/Users/admin/builder/spi-builder-workspace/.derivedData/Build/Intermediates.noindex/Highlightr.build/Debug-watchos/Highlightr.build/DerivedSources -Xcc -DSWIFT_PACKAGE -Xcc -DDEBUG\=1 -module-name Highlightr -package-name highlightr -frontend-parseable-output -disable-clang-spi -target-sdk-version 11.1 -target-sdk-name watchos11.1 -external-plugin-path /Applications/Xcode-16.1.0.app/Contents/Developer/Platforms/WatchOS.platform/Developer/usr/lib/swift/host/plugins\#/Applications/Xcode-16.1.0.app/Contents/Developer/Platforms/WatchOS.platform/Developer/usr/bin/swift-plugin-server -external-plugin-path /Applications/Xcode-16.1.0.app/Contents/Developer/Platforms/WatchOS.platform/Developer/usr/local/lib/swift/host/plugins\#/Applications/Xcode-16.1.0.app/Contents/Developer/Platforms/WatchOS.platform/Developer/usr/bin/swift-plugin-server -plugin-path /Applications/Xcode-16.1.0.app/Contents/Developer/Toolchains/XcodeDefault.xctoolchain/usr/lib/swift/host/plugins -plugin-path /Applications/Xcode-16.1.0.app/Contents/Developer/Toolchains/XcodeDefault.xctoolchain/usr/local/lib/swift/host/plugins -emit-module-doc-path /Users/admin/builder/spi-builder-workspace/.derivedData/Build/Intermediates.noindex/Highlightr.build/Debug-watchos/Highlightr.build/Objects-normal/arm64/Highlightr.swiftdoc -emit-module-source-info-path /Users/admin/builder/spi-builder-workspace/.derivedData/Build/Intermediates.noindex/Highlightr.build/Debug-watchos/Highlightr.build/Objects-normal/arm64/Highlightr.swiftsourceinfo -emit-objc-header-path /Users/admin/builder/spi-builder-workspace/.derivedData/Build/Intermediates.noindex/Highlightr.build/Debug-watchos/Highlightr.build/Objects-normal/arm64/Highlightr-Swift.h -serialize-diagnostics-path /Users/admin/builder/spi-builder-workspace/.derivedData/Build/Intermediates.noindex/Highlightr.build/Debug-watchos/Highlightr.build/Objects-normal/arm64/Highlightr-master-emit-module.dia -emit-dependencies-path /Users/admin/builder/spi-builder-workspace/.derivedData/Build/Intermediates.noindex/Highlightr.build/Debug-watchos/Highlightr.build/Objects-normal/arm64/Highlightr-master-emit-module.d -o /Users/admin/builder/spi-builder-workspace/.derivedData/Build/Intermediates.noindex/Highlightr.build/Debug-watchos/Highlightr.build/Objects-normal/arm64/Highlightr.swiftmodule -emit-abi-descriptor-path /Users/admin/builder/spi-builder-workspace/.derivedData/Build/Intermediates.noindex/Highlightr.build/Debug-watchos/Highlightr.build/Objects-normal/arm64/Highlightr.abi.json
SwiftCompile normal arm64 Compiling\ HTMLUtils.swift /Users/admin/builder/spi-builder-workspace/.dependencies/checkouts/Highlightr/Pod/Classes/HTMLUtils.swift (in target 'Highlightr' from project 'Highlightr')
cd /Users/admin/builder/spi-builder-workspace/.swiftpm/xcode
builtin-swiftTaskExecution -- /Applications/Xcode-16.1.0.app/Contents/Developer/Toolchains/XcodeDefault.xctoolchain/usr/bin/swift-frontend -frontend -c /Users/admin/builder/spi-builder-workspace/.derivedData/Build/Intermediates.noindex/Highlightr.build/Debug-watchos/Highlightr.build/DerivedSources/resource_bundle_accessor.swift /Users/admin/builder/spi-builder-workspace/.dependencies/checkouts/Highlightr/Pod/Classes/CodeAttributedString.swift -primary-file /Users/admin/builder/spi-builder-workspace/.dependencies/checkouts/Highlightr/Pod/Classes/HTMLUtils.swift /Users/admin/builder/spi-builder-workspace/.dependencies/checkouts/Highlightr/Pod/Classes/Highlightr.swift /Users/admin/builder/spi-builder-workspace/.dependencies/checkouts/Highlightr/Pod/Classes/Shims.swift /Users/admin/builder/spi-builder-workspace/.dependencies/checkouts/Highlightr/Pod/Classes/Theme.swift -emit-dependencies-path /Users/admin/builder/spi-builder-workspace/.derivedData/Build/Intermediates.noindex/Highlightr.build/Debug-watchos/Highlightr.build/Objects-normal/arm64/HTMLUtils.d -emit-const-values-path /Users/admin/builder/spi-builder-workspace/.derivedData/Build/Intermediates.noindex/Highlightr.build/Debug-watchos/Highlightr.build/Objects-normal/arm64/HTMLUtils.swiftconstvalues -emit-reference-dependencies-path /Users/admin/builder/spi-builder-workspace/.derivedData/Build/Intermediates.noindex/Highlightr.build/Debug-watchos/Highlightr.build/Objects-normal/arm64/HTMLUtils.swiftdeps -serialize-diagnostics-path /Users/admin/builder/spi-builder-workspace/.derivedData/Build/Intermediates.noindex/Highlightr.build/Debug-watchos/Highlightr.build/Objects-normal/arm64/HTMLUtils.dia -target arm64-apple-watchos7.0 -Xllvm -aarch64-use-tbi -enable-objc-interop -stack-check -sdk /Applications/Xcode-16.1.0.app/Contents/Developer/Platforms/WatchOS.platform/Developer/SDKs/WatchOS11.1.sdk -I /Users/admin/builder/spi-builder-workspace/.derivedData/Build/Products/Debug-watchos -I /Applications/Xcode-16.1.0.app/Contents/Developer/Platforms/WatchOS.platform/Developer/usr/lib -F /Users/admin/builder/spi-builder-workspace/.derivedData/Build/Products/Debug-watchos -F /Applications/Xcode-16.1.0.app/Contents/Developer/Platforms/WatchOS.platform/Developer/Library/Frameworks -F /Applications/Xcode-16.1.0.app/Contents/Developer/Platforms/WatchOS.platform/Developer/SDKs/WatchOS11.1.sdk/Developer/Library/Frameworks -no-color-diagnostics -enable-testing -g -debug-info-format\=dwarf -dwarf-version\=4 -module-cache-path /Users/admin/builder/spi-builder-workspace/.derivedData/ModuleCache.noindex -suppress-warnings -swift-version 5 -enforce-exclusivity\=checked -stats-output-dir /Users/admin/builder/spi-builder-workspace/.swiftpm/xcode/.stats -Onone -D SWIFT_PACKAGE -D DEBUG -serialize-debugging-options -const-gather-protocols-file /Users/admin/builder/spi-builder-workspace/.derivedData/Build/Intermediates.noindex/Highlightr.build/Debug-watchos/Highlightr.build/Objects-normal/arm64/Highlightr_const_extract_protocols.json -enable-experimental-feature DebugDescriptionMacro -enable-experimental-feature OpaqueTypeErasure -strict-concurrency\=complete -empty-abi-descriptor -plugin-path /Applications/Xcode-16.1.0.app/Contents/Developer/Toolchains/XcodeDefault.xctoolchain/usr/lib/swift/host/plugins/testing -validate-clang-modules-once -clang-build-session-file /Users/admin/builder/spi-builder-workspace/.derivedData/ModuleCache.noindex/Session.modulevalidation -Xcc -working-directory -Xcc /Users/admin/builder/spi-builder-workspace/.swiftpm/xcode -resource-dir /Applications/Xcode-16.1.0.app/Contents/Developer/Toolchains/XcodeDefault.xctoolchain/usr/lib/swift -enable-anonymous-context-mangled-names -file-compilation-dir /Users/admin/builder/spi-builder-workspace/.swiftpm/xcode -Xcc -D_LIBCPP_HARDENING_MODE\=_LIBCPP_HARDENING_MODE_DEBUG -Xcc -ivfsstatcache -Xcc /Users/admin/builder/spi-builder-workspace/.derivedData/SDKStatCaches.noindex/watchos11.1-22R574-7b9df0bda16bb4641b33636c68f04660.sdkstatcache -Xcc -I/Users/admin/builder/spi-builder-workspace/.derivedData/Build/Intermediates.noindex/Highlightr.build/Debug-watchos/Highlightr.build/swift-overrides.hmap -Xcc -I/Users/admin/builder/spi-builder-workspace/.derivedData/Build/Products/Debug-watchos/include -Xcc -I/Users/admin/builder/spi-builder-workspace/.derivedData/Build/Intermediates.noindex/Highlightr.build/Debug-watchos/Highlightr.build/DerivedSources-normal/arm64 -Xcc -I/Users/admin/builder/spi-builder-workspace/.derivedData/Build/Intermediates.noindex/Highlightr.build/Debug-watchos/Highlightr.build/DerivedSources/arm64 -Xcc -I/Users/admin/builder/spi-builder-workspace/.derivedData/Build/Intermediates.noindex/Highlightr.build/Debug-watchos/Highlightr.build/DerivedSources -Xcc -DSWIFT_PACKAGE -Xcc -DDEBUG\=1 -module-name Highlightr -package-name highlightr -frontend-parseable-output -disable-clang-spi -target-sdk-version 11.1 -target-sdk-name watchos11.1 -external-plugin-path /Applications/Xcode-16.1.0.app/Contents/Developer/Platforms/WatchOS.platform/Developer/usr/lib/swift/host/plugins\#/Applications/Xcode-16.1.0.app/Contents/Developer/Platforms/WatchOS.platform/Developer/usr/bin/swift-plugin-server -external-plugin-path /Applications/Xcode-16.1.0.app/Contents/Developer/Platforms/WatchOS.platform/Developer/usr/local/lib/swift/host/plugins\#/Applications/Xcode-16.1.0.app/Contents/Developer/Platforms/WatchOS.platform/Developer/usr/bin/swift-plugin-server -plugin-path /Applications/Xcode-16.1.0.app/Contents/Developer/Toolchains/XcodeDefault.xctoolchain/usr/lib/swift/host/plugins -plugin-path /Applications/Xcode-16.1.0.app/Contents/Developer/Toolchains/XcodeDefault.xctoolchain/usr/local/lib/swift/host/plugins -o /Users/admin/builder/spi-builder-workspace/.derivedData/Build/Intermediates.noindex/Highlightr.build/Debug-watchos/Highlightr.build/Objects-normal/arm64/HTMLUtils.o -index-unit-output-path /Highlightr.build/Debug-watchos/Highlightr.build/Objects-normal/arm64/HTMLUtils.o -index-store-path /Users/admin/builder/spi-builder-workspace/.derivedData/Index.noindex/DataStore -index-system-modules
SwiftCompile normal arm64 /Users/admin/builder/spi-builder-workspace/.dependencies/checkouts/Highlightr/Pod/Classes/HTMLUtils.swift (in target 'Highlightr' from project 'Highlightr')
cd /Users/admin/builder/spi-builder-workspace/.swiftpm/xcode
/Applications/Xcode-16.1.0.app/Contents/Developer/Toolchains/XcodeDefault.xctoolchain/usr/bin/swift-frontend -c /Users/admin/builder/spi-builder-workspace/.derivedData/Build/Intermediates.noindex/Highlightr.build/Debug-watchos/Highlightr.build/DerivedSources/resource_bundle_accessor.swift /Users/admin/builder/spi-builder-workspace/.dependencies/checkouts/Highlightr/Pod/Classes/CodeAttributedString.swift -primary-file /Users/admin/builder/spi-builder-workspace/.dependencies/checkouts/Highlightr/Pod/Classes/HTMLUtils.swift /Users/admin/builder/spi-builder-workspace/.dependencies/checkouts/Highlightr/Pod/Classes/Highlightr.swift /Users/admin/builder/spi-builder-workspace/.dependencies/checkouts/Highlightr/Pod/Classes/Shims.swift /Users/admin/builder/spi-builder-workspace/.dependencies/checkouts/Highlightr/Pod/Classes/Theme.swift -emit-dependencies-path /Users/admin/builder/spi-builder-workspace/.derivedData/Build/Intermediates.noindex/Highlightr.build/Debug-watchos/Highlightr.build/Objects-normal/arm64/HTMLUtils.d -emit-const-values-path /Users/admin/builder/spi-builder-workspace/.derivedData/Build/Intermediates.noindex/Highlightr.build/Debug-watchos/Highlightr.build/Objects-normal/arm64/HTMLUtils.swiftconstvalues -emit-reference-dependencies-path /Users/admin/builder/spi-builder-workspace/.derivedData/Build/Intermediates.noindex/Highlightr.build/Debug-watchos/Highlightr.build/Objects-normal/arm64/HTMLUtils.swiftdeps -serialize-diagnostics-path /Users/admin/builder/spi-builder-workspace/.derivedData/Build/Intermediates.noindex/Highlightr.build/Debug-watchos/Highlightr.build/Objects-normal/arm64/HTMLUtils.dia -target arm64-apple-watchos7.0 -Xllvm -aarch64-use-tbi -enable-objc-interop -stack-check -sdk /Applications/Xcode-16.1.0.app/Contents/Developer/Platforms/WatchOS.platform/Developer/SDKs/WatchOS11.1.sdk -I /Users/admin/builder/spi-builder-workspace/.derivedData/Build/Products/Debug-watchos -I /Applications/Xcode-16.1.0.app/Contents/Developer/Platforms/WatchOS.platform/Developer/usr/lib -F /Users/admin/builder/spi-builder-workspace/.derivedData/Build/Products/Debug-watchos -F /Applications/Xcode-16.1.0.app/Contents/Developer/Platforms/WatchOS.platform/Developer/Library/Frameworks -F /Applications/Xcode-16.1.0.app/Contents/Developer/Platforms/WatchOS.platform/Developer/SDKs/WatchOS11.1.sdk/Developer/Library/Frameworks -no-color-diagnostics -enable-testing -g -debug-info-format\=dwarf -dwarf-version\=4 -module-cache-path /Users/admin/builder/spi-builder-workspace/.derivedData/ModuleCache.noindex -suppress-warnings -swift-version 5 -enforce-exclusivity\=checked -stats-output-dir /Users/admin/builder/spi-builder-workspace/.swiftpm/xcode/.stats -Onone -D SWIFT_PACKAGE -D DEBUG -serialize-debugging-options -const-gather-protocols-file /Users/admin/builder/spi-builder-workspace/.derivedData/Build/Intermediates.noindex/Highlightr.build/Debug-watchos/Highlightr.build/Objects-normal/arm64/Highlightr_const_extract_protocols.json -enable-experimental-feature DebugDescriptionMacro -enable-experimental-feature OpaqueTypeErasure -strict-concurrency\=complete -empty-abi-descriptor -plugin-path /Applications/Xcode-16.1.0.app/Contents/Developer/Toolchains/XcodeDefault.xctoolchain/usr/lib/swift/host/plugins/testing -validate-clang-modules-once -clang-build-session-file /Users/admin/builder/spi-builder-workspace/.derivedData/ModuleCache.noindex/Session.modulevalidation -Xcc -working-directory -Xcc /Users/admin/builder/spi-builder-workspace/.swiftpm/xcode -resource-dir /Applications/Xcode-16.1.0.app/Contents/Developer/Toolchains/XcodeDefault.xctoolchain/usr/lib/swift -enable-anonymous-context-mangled-names -file-compilation-dir /Users/admin/builder/spi-builder-workspace/.swiftpm/xcode -Xcc -D_LIBCPP_HARDENING_MODE\=_LIBCPP_HARDENING_MODE_DEBUG -Xcc -ivfsstatcache -Xcc /Users/admin/builder/spi-builder-workspace/.derivedData/SDKStatCaches.noindex/watchos11.1-22R574-7b9df0bda16bb4641b33636c68f04660.sdkstatcache -Xcc -I/Users/admin/builder/spi-builder-workspace/.derivedData/Build/Intermediates.noindex/Highlightr.build/Debug-watchos/Highlightr.build/swift-overrides.hmap -Xcc -I/Users/admin/builder/spi-builder-workspace/.derivedData/Build/Products/Debug-watchos/include -Xcc -I/Users/admin/builder/spi-builder-workspace/.derivedData/Build/Intermediates.noindex/Highlightr.build/Debug-watchos/Highlightr.build/DerivedSources-normal/arm64 -Xcc -I/Users/admin/builder/spi-builder-workspace/.derivedData/Build/Intermediates.noindex/Highlightr.build/Debug-watchos/Highlightr.build/DerivedSources/arm64 -Xcc -I/Users/admin/builder/spi-builder-workspace/.derivedData/Build/Intermediates.noindex/Highlightr.build/Debug-watchos/Highlightr.build/DerivedSources -Xcc -DSWIFT_PACKAGE -Xcc -DDEBUG\=1 -module-name Highlightr -package-name highlightr -frontend-parseable-output -disable-clang-spi -target-sdk-version 11.1 -target-sdk-name watchos11.1 -external-plugin-path /Applications/Xcode-16.1.0.app/Contents/Developer/Platforms/WatchOS.platform/Developer/usr/lib/swift/host/plugins\#/Applications/Xcode-16.1.0.app/Contents/Developer/Platforms/WatchOS.platform/Developer/usr/bin/swift-plugin-server -external-plugin-path /Applications/Xcode-16.1.0.app/Contents/Developer/Platforms/WatchOS.platform/Developer/usr/local/lib/swift/host/plugins\#/Applications/Xcode-16.1.0.app/Contents/Developer/Platforms/WatchOS.platform/Developer/usr/bin/swift-plugin-server -plugin-path /Applications/Xcode-16.1.0.app/Contents/Developer/Toolchains/XcodeDefault.xctoolchain/usr/lib/swift/host/plugins -plugin-path /Applications/Xcode-16.1.0.app/Contents/Developer/Toolchains/XcodeDefault.xctoolchain/usr/local/lib/swift/host/plugins -o /Users/admin/builder/spi-builder-workspace/.derivedData/Build/Intermediates.noindex/Highlightr.build/Debug-watchos/Highlightr.build/Objects-normal/arm64/HTMLUtils.o -index-unit-output-path /Highlightr.build/Debug-watchos/Highlightr.build/Objects-normal/arm64/HTMLUtils.o -index-store-path /Users/admin/builder/spi-builder-workspace/.derivedData/Index.noindex/DataStore -index-system-modules
SwiftCompile normal arm64 Compiling\ Highlightr.swift /Users/admin/builder/spi-builder-workspace/.dependencies/checkouts/Highlightr/Pod/Classes/Highlightr.swift (in target 'Highlightr' from project 'Highlightr')
cd /Users/admin/builder/spi-builder-workspace/.swiftpm/xcode
builtin-swiftTaskExecution -- /Applications/Xcode-16.1.0.app/Contents/Developer/Toolchains/XcodeDefault.xctoolchain/usr/bin/swift-frontend -frontend -c /Users/admin/builder/spi-builder-workspace/.derivedData/Build/Intermediates.noindex/Highlightr.build/Debug-watchos/Highlightr.build/DerivedSources/resource_bundle_accessor.swift /Users/admin/builder/spi-builder-workspace/.dependencies/checkouts/Highlightr/Pod/Classes/CodeAttributedString.swift /Users/admin/builder/spi-builder-workspace/.dependencies/checkouts/Highlightr/Pod/Classes/HTMLUtils.swift -primary-file /Users/admin/builder/spi-builder-workspace/.dependencies/checkouts/Highlightr/Pod/Classes/Highlightr.swift /Users/admin/builder/spi-builder-workspace/.dependencies/checkouts/Highlightr/Pod/Classes/Shims.swift /Users/admin/builder/spi-builder-workspace/.dependencies/checkouts/Highlightr/Pod/Classes/Theme.swift -emit-dependencies-path /Users/admin/builder/spi-builder-workspace/.derivedData/Build/Intermediates.noindex/Highlightr.build/Debug-watchos/Highlightr.build/Objects-normal/arm64/Highlightr.d -emit-const-values-path /Users/admin/builder/spi-builder-workspace/.derivedData/Build/Intermediates.noindex/Highlightr.build/Debug-watchos/Highlightr.build/Objects-normal/arm64/Highlightr.swiftconstvalues -emit-reference-dependencies-path /Users/admin/builder/spi-builder-workspace/.derivedData/Build/Intermediates.noindex/Highlightr.build/Debug-watchos/Highlightr.build/Objects-normal/arm64/Highlightr.swiftdeps -serialize-diagnostics-path /Users/admin/builder/spi-builder-workspace/.derivedData/Build/Intermediates.noindex/Highlightr.build/Debug-watchos/Highlightr.build/Objects-normal/arm64/Highlightr.dia -target arm64-apple-watchos7.0 -Xllvm -aarch64-use-tbi -enable-objc-interop -stack-check -sdk /Applications/Xcode-16.1.0.app/Contents/Developer/Platforms/WatchOS.platform/Developer/SDKs/WatchOS11.1.sdk -I /Users/admin/builder/spi-builder-workspace/.derivedData/Build/Products/Debug-watchos -I /Applications/Xcode-16.1.0.app/Contents/Developer/Platforms/WatchOS.platform/Developer/usr/lib -F /Users/admin/builder/spi-builder-workspace/.derivedData/Build/Products/Debug-watchos -F /Applications/Xcode-16.1.0.app/Contents/Developer/Platforms/WatchOS.platform/Developer/Library/Frameworks -F /Applications/Xcode-16.1.0.app/Contents/Developer/Platforms/WatchOS.platform/Developer/SDKs/WatchOS11.1.sdk/Developer/Library/Frameworks -no-color-diagnostics -enable-testing -g -debug-info-format\=dwarf -dwarf-version\=4 -module-cache-path /Users/admin/builder/spi-builder-workspace/.derivedData/ModuleCache.noindex -suppress-warnings -swift-version 5 -enforce-exclusivity\=checked -stats-output-dir /Users/admin/builder/spi-builder-workspace/.swiftpm/xcode/.stats -Onone -D SWIFT_PACKAGE -D DEBUG -serialize-debugging-options -const-gather-protocols-file /Users/admin/builder/spi-builder-workspace/.derivedData/Build/Intermediates.noindex/Highlightr.build/Debug-watchos/Highlightr.build/Objects-normal/arm64/Highlightr_const_extract_protocols.json -enable-experimental-feature DebugDescriptionMacro -enable-experimental-feature OpaqueTypeErasure -strict-concurrency\=complete -empty-abi-descriptor -plugin-path /Applications/Xcode-16.1.0.app/Contents/Developer/Toolchains/XcodeDefault.xctoolchain/usr/lib/swift/host/plugins/testing -validate-clang-modules-once -clang-build-session-file /Users/admin/builder/spi-builder-workspace/.derivedData/ModuleCache.noindex/Session.modulevalidation -Xcc -working-directory -Xcc /Users/admin/builder/spi-builder-workspace/.swiftpm/xcode -resource-dir /Applications/Xcode-16.1.0.app/Contents/Developer/Toolchains/XcodeDefault.xctoolchain/usr/lib/swift -enable-anonymous-context-mangled-names -file-compilation-dir /Users/admin/builder/spi-builder-workspace/.swiftpm/xcode -Xcc -D_LIBCPP_HARDENING_MODE\=_LIBCPP_HARDENING_MODE_DEBUG -Xcc -ivfsstatcache -Xcc /Users/admin/builder/spi-builder-workspace/.derivedData/SDKStatCaches.noindex/watchos11.1-22R574-7b9df0bda16bb4641b33636c68f04660.sdkstatcache -Xcc -I/Users/admin/builder/spi-builder-workspace/.derivedData/Build/Intermediates.noindex/Highlightr.build/Debug-watchos/Highlightr.build/swift-overrides.hmap -Xcc -I/Users/admin/builder/spi-builder-workspace/.derivedData/Build/Products/Debug-watchos/include -Xcc -I/Users/admin/builder/spi-builder-workspace/.derivedData/Build/Intermediates.noindex/Highlightr.build/Debug-watchos/Highlightr.build/DerivedSources-normal/arm64 -Xcc -I/Users/admin/builder/spi-builder-workspace/.derivedData/Build/Intermediates.noindex/Highlightr.build/Debug-watchos/Highlightr.build/DerivedSources/arm64 -Xcc -I/Users/admin/builder/spi-builder-workspace/.derivedData/Build/Intermediates.noindex/Highlightr.build/Debug-watchos/Highlightr.build/DerivedSources -Xcc -DSWIFT_PACKAGE -Xcc -DDEBUG\=1 -module-name Highlightr -package-name highlightr -frontend-parseable-output -disable-clang-spi -target-sdk-version 11.1 -target-sdk-name watchos11.1 -external-plugin-path /Applications/Xcode-16.1.0.app/Contents/Developer/Platforms/WatchOS.platform/Developer/usr/lib/swift/host/plugins\#/Applications/Xcode-16.1.0.app/Contents/Developer/Platforms/WatchOS.platform/Developer/usr/bin/swift-plugin-server -external-plugin-path /Applications/Xcode-16.1.0.app/Contents/Developer/Platforms/WatchOS.platform/Developer/usr/local/lib/swift/host/plugins\#/Applications/Xcode-16.1.0.app/Contents/Developer/Platforms/WatchOS.platform/Developer/usr/bin/swift-plugin-server -plugin-path /Applications/Xcode-16.1.0.app/Contents/Developer/Toolchains/XcodeDefault.xctoolchain/usr/lib/swift/host/plugins -plugin-path /Applications/Xcode-16.1.0.app/Contents/Developer/Toolchains/XcodeDefault.xctoolchain/usr/local/lib/swift/host/plugins -o /Users/admin/builder/spi-builder-workspace/.derivedData/Build/Intermediates.noindex/Highlightr.build/Debug-watchos/Highlightr.build/Objects-normal/arm64/Highlightr.o -index-unit-output-path /Highlightr.build/Debug-watchos/Highlightr.build/Objects-normal/arm64/Highlightr.o -index-store-path /Users/admin/builder/spi-builder-workspace/.derivedData/Index.noindex/DataStore -index-system-modules
SwiftCompile normal arm64 /Users/admin/builder/spi-builder-workspace/.dependencies/checkouts/Highlightr/Pod/Classes/Highlightr.swift (in target 'Highlightr' from project 'Highlightr')
cd /Users/admin/builder/spi-builder-workspace/.swiftpm/xcode
/Applications/Xcode-16.1.0.app/Contents/Developer/Toolchains/XcodeDefault.xctoolchain/usr/bin/swift-frontend -c /Users/admin/builder/spi-builder-workspace/.derivedData/Build/Intermediates.noindex/Highlightr.build/Debug-watchos/Highlightr.build/DerivedSources/resource_bundle_accessor.swift /Users/admin/builder/spi-builder-workspace/.dependencies/checkouts/Highlightr/Pod/Classes/CodeAttributedString.swift /Users/admin/builder/spi-builder-workspace/.dependencies/checkouts/Highlightr/Pod/Classes/HTMLUtils.swift -primary-file /Users/admin/builder/spi-builder-workspace/.dependencies/checkouts/Highlightr/Pod/Classes/Highlightr.swift /Users/admin/builder/spi-builder-workspace/.dependencies/checkouts/Highlightr/Pod/Classes/Shims.swift /Users/admin/builder/spi-builder-workspace/.dependencies/checkouts/Highlightr/Pod/Classes/Theme.swift -emit-dependencies-path /Users/admin/builder/spi-builder-workspace/.derivedData/Build/Intermediates.noindex/Highlightr.build/Debug-watchos/Highlightr.build/Objects-normal/arm64/Highlightr.d -emit-const-values-path /Users/admin/builder/spi-builder-workspace/.derivedData/Build/Intermediates.noindex/Highlightr.build/Debug-watchos/Highlightr.build/Objects-normal/arm64/Highlightr.swiftconstvalues -emit-reference-dependencies-path /Users/admin/builder/spi-builder-workspace/.derivedData/Build/Intermediates.noindex/Highlightr.build/Debug-watchos/Highlightr.build/Objects-normal/arm64/Highlightr.swiftdeps -serialize-diagnostics-path /Users/admin/builder/spi-builder-workspace/.derivedData/Build/Intermediates.noindex/Highlightr.build/Debug-watchos/Highlightr.build/Objects-normal/arm64/Highlightr.dia -target arm64-apple-watchos7.0 -Xllvm -aarch64-use-tbi -enable-objc-interop -stack-check -sdk /Applications/Xcode-16.1.0.app/Contents/Developer/Platforms/WatchOS.platform/Developer/SDKs/WatchOS11.1.sdk -I /Users/admin/builder/spi-builder-workspace/.derivedData/Build/Products/Debug-watchos -I /Applications/Xcode-16.1.0.app/Contents/Developer/Platforms/WatchOS.platform/Developer/usr/lib -F /Users/admin/builder/spi-builder-workspace/.derivedData/Build/Products/Debug-watchos -F /Applications/Xcode-16.1.0.app/Contents/Developer/Platforms/WatchOS.platform/Developer/Library/Frameworks -F /Applications/Xcode-16.1.0.app/Contents/Developer/Platforms/WatchOS.platform/Developer/SDKs/WatchOS11.1.sdk/Developer/Library/Frameworks -no-color-diagnostics -enable-testing -g -debug-info-format\=dwarf -dwarf-version\=4 -module-cache-path /Users/admin/builder/spi-builder-workspace/.derivedData/ModuleCache.noindex -suppress-warnings -swift-version 5 -enforce-exclusivity\=checked -stats-output-dir /Users/admin/builder/spi-builder-workspace/.swiftpm/xcode/.stats -Onone -D SWIFT_PACKAGE -D DEBUG -serialize-debugging-options -const-gather-protocols-file /Users/admin/builder/spi-builder-workspace/.derivedData/Build/Intermediates.noindex/Highlightr.build/Debug-watchos/Highlightr.build/Objects-normal/arm64/Highlightr_const_extract_protocols.json -enable-experimental-feature DebugDescriptionMacro -enable-experimental-feature OpaqueTypeErasure -strict-concurrency\=complete -empty-abi-descriptor -plugin-path /Applications/Xcode-16.1.0.app/Contents/Developer/Toolchains/XcodeDefault.xctoolchain/usr/lib/swift/host/plugins/testing -validate-clang-modules-once -clang-build-session-file /Users/admin/builder/spi-builder-workspace/.derivedData/ModuleCache.noindex/Session.modulevalidation -Xcc -working-directory -Xcc /Users/admin/builder/spi-builder-workspace/.swiftpm/xcode -resource-dir /Applications/Xcode-16.1.0.app/Contents/Developer/Toolchains/XcodeDefault.xctoolchain/usr/lib/swift -enable-anonymous-context-mangled-names -file-compilation-dir /Users/admin/builder/spi-builder-workspace/.swiftpm/xcode -Xcc -D_LIBCPP_HARDENING_MODE\=_LIBCPP_HARDENING_MODE_DEBUG -Xcc -ivfsstatcache -Xcc /Users/admin/builder/spi-builder-workspace/.derivedData/SDKStatCaches.noindex/watchos11.1-22R574-7b9df0bda16bb4641b33636c68f04660.sdkstatcache -Xcc -I/Users/admin/builder/spi-builder-workspace/.derivedData/Build/Intermediates.noindex/Highlightr.build/Debug-watchos/Highlightr.build/swift-overrides.hmap -Xcc -I/Users/admin/builder/spi-builder-workspace/.derivedData/Build/Products/Debug-watchos/include -Xcc -I/Users/admin/builder/spi-builder-workspace/.derivedData/Build/Intermediates.noindex/Highlightr.build/Debug-watchos/Highlightr.build/DerivedSources-normal/arm64 -Xcc -I/Users/admin/builder/spi-builder-workspace/.derivedData/Build/Intermediates.noindex/Highlightr.build/Debug-watchos/Highlightr.build/DerivedSources/arm64 -Xcc -I/Users/admin/builder/spi-builder-workspace/.derivedData/Build/Intermediates.noindex/Highlightr.build/Debug-watchos/Highlightr.build/DerivedSources -Xcc -DSWIFT_PACKAGE -Xcc -DDEBUG\=1 -module-name Highlightr -package-name highlightr -frontend-parseable-output -disable-clang-spi -target-sdk-version 11.1 -target-sdk-name watchos11.1 -external-plugin-path /Applications/Xcode-16.1.0.app/Contents/Developer/Platforms/WatchOS.platform/Developer/usr/lib/swift/host/plugins\#/Applications/Xcode-16.1.0.app/Contents/Developer/Platforms/WatchOS.platform/Developer/usr/bin/swift-plugin-server -external-plugin-path /Applications/Xcode-16.1.0.app/Contents/Developer/Platforms/WatchOS.platform/Developer/usr/local/lib/swift/host/plugins\#/Applications/Xcode-16.1.0.app/Contents/Developer/Platforms/WatchOS.platform/Developer/usr/bin/swift-plugin-server -plugin-path /Applications/Xcode-16.1.0.app/Contents/Developer/Toolchains/XcodeDefault.xctoolchain/usr/lib/swift/host/plugins -plugin-path /Applications/Xcode-16.1.0.app/Contents/Developer/Toolchains/XcodeDefault.xctoolchain/usr/local/lib/swift/host/plugins -o /Users/admin/builder/spi-builder-workspace/.derivedData/Build/Intermediates.noindex/Highlightr.build/Debug-watchos/Highlightr.build/Objects-normal/arm64/Highlightr.o -index-unit-output-path /Highlightr.build/Debug-watchos/Highlightr.build/Objects-normal/arm64/Highlightr.o -index-store-path /Users/admin/builder/spi-builder-workspace/.derivedData/Index.noindex/DataStore -index-system-modules
SwiftCompile normal arm64_32 Compiling\ Theme.swift /Users/admin/builder/spi-builder-workspace/.dependencies/checkouts/Highlightr/Pod/Classes/Theme.swift (in target 'Highlightr' from project 'Highlightr')
cd /Users/admin/builder/spi-builder-workspace/.swiftpm/xcode
builtin-swiftTaskExecution -- /Applications/Xcode-16.1.0.app/Contents/Developer/Toolchains/XcodeDefault.xctoolchain/usr/bin/swift-frontend -frontend -c /Users/admin/builder/spi-builder-workspace/.derivedData/Build/Intermediates.noindex/Highlightr.build/Debug-watchos/Highlightr.build/DerivedSources/resource_bundle_accessor.swift /Users/admin/builder/spi-builder-workspace/.dependencies/checkouts/Highlightr/Pod/Classes/CodeAttributedString.swift /Users/admin/builder/spi-builder-workspace/.dependencies/checkouts/Highlightr/Pod/Classes/HTMLUtils.swift /Users/admin/builder/spi-builder-workspace/.dependencies/checkouts/Highlightr/Pod/Classes/Highlightr.swift /Users/admin/builder/spi-builder-workspace/.dependencies/checkouts/Highlightr/Pod/Classes/Shims.swift -primary-file /Users/admin/builder/spi-builder-workspace/.dependencies/checkouts/Highlightr/Pod/Classes/Theme.swift -emit-dependencies-path /Users/admin/builder/spi-builder-workspace/.derivedData/Build/Intermediates.noindex/Highlightr.build/Debug-watchos/Highlightr.build/Objects-normal/arm64_32/Theme.d -emit-const-values-path /Users/admin/builder/spi-builder-workspace/.derivedData/Build/Intermediates.noindex/Highlightr.build/Debug-watchos/Highlightr.build/Objects-normal/arm64_32/Theme.swiftconstvalues -emit-reference-dependencies-path /Users/admin/builder/spi-builder-workspace/.derivedData/Build/Intermediates.noindex/Highlightr.build/Debug-watchos/Highlightr.build/Objects-normal/arm64_32/Theme.swiftdeps -serialize-diagnostics-path /Users/admin/builder/spi-builder-workspace/.derivedData/Build/Intermediates.noindex/Highlightr.build/Debug-watchos/Highlightr.build/Objects-normal/arm64_32/Theme.dia -target arm64_32-apple-watchos7.0 -enable-objc-interop -sdk /Applications/Xcode-16.1.0.app/Contents/Developer/Platforms/WatchOS.platform/Developer/SDKs/WatchOS11.1.sdk -I /Users/admin/builder/spi-builder-workspace/.derivedData/Build/Products/Debug-watchos -I /Applications/Xcode-16.1.0.app/Contents/Developer/Platforms/WatchOS.platform/Developer/usr/lib -F /Users/admin/builder/spi-builder-workspace/.derivedData/Build/Products/Debug-watchos -F /Applications/Xcode-16.1.0.app/Contents/Developer/Platforms/WatchOS.platform/Developer/Library/Frameworks -F /Applications/Xcode-16.1.0.app/Contents/Developer/Platforms/WatchOS.platform/Developer/SDKs/WatchOS11.1.sdk/Developer/Library/Frameworks -no-color-diagnostics -enable-testing -g -debug-info-format\=dwarf -dwarf-version\=4 -module-cache-path /Users/admin/builder/spi-builder-workspace/.derivedData/ModuleCache.noindex -suppress-warnings -swift-version 5 -enforce-exclusivity\=checked -stats-output-dir /Users/admin/builder/spi-builder-workspace/.swiftpm/xcode/.stats -Onone -D SWIFT_PACKAGE -D DEBUG -serialize-debugging-options -const-gather-protocols-file /Users/admin/builder/spi-builder-workspace/.derivedData/Build/Intermediates.noindex/Highlightr.build/Debug-watchos/Highlightr.build/Objects-normal/arm64_32/Highlightr_const_extract_protocols.json -enable-experimental-feature DebugDescriptionMacro -enable-experimental-feature OpaqueTypeErasure -strict-concurrency\=complete -empty-abi-descriptor -plugin-path /Applications/Xcode-16.1.0.app/Contents/Developer/Toolchains/XcodeDefault.xctoolchain/usr/lib/swift/host/plugins/testing -validate-clang-modules-once -clang-build-session-file /Users/admin/builder/spi-builder-workspace/.derivedData/ModuleCache.noindex/Session.modulevalidation -Xcc -working-directory -Xcc /Users/admin/builder/spi-builder-workspace/.swiftpm/xcode -resource-dir /Applications/Xcode-16.1.0.app/Contents/Developer/Toolchains/XcodeDefault.xctoolchain/usr/lib/swift -enable-anonymous-context-mangled-names -file-compilation-dir /Users/admin/builder/spi-builder-workspace/.swiftpm/xcode -Xcc -D_LIBCPP_HARDENING_MODE\=_LIBCPP_HARDENING_MODE_DEBUG -Xcc -ivfsstatcache -Xcc /Users/admin/builder/spi-builder-workspace/.derivedData/SDKStatCaches.noindex/watchos11.1-22R574-7b9df0bda16bb4641b33636c68f04660.sdkstatcache -Xcc -I/Users/admin/builder/spi-builder-workspace/.derivedData/Build/Intermediates.noindex/Highlightr.build/Debug-watchos/Highlightr.build/swift-overrides.hmap -Xcc -I/Users/admin/builder/spi-builder-workspace/.derivedData/Build/Products/Debug-watchos/include -Xcc -I/Users/admin/builder/spi-builder-workspace/.derivedData/Build/Intermediates.noindex/Highlightr.build/Debug-watchos/Highlightr.build/DerivedSources-normal/arm64_32 -Xcc -I/Users/admin/builder/spi-builder-workspace/.derivedData/Build/Intermediates.noindex/Highlightr.build/Debug-watchos/Highlightr.build/DerivedSources/arm64_32 -Xcc -I/Users/admin/builder/spi-builder-workspace/.derivedData/Build/Intermediates.noindex/Highlightr.build/Debug-watchos/Highlightr.build/DerivedSources -Xcc -DSWIFT_PACKAGE -Xcc -DDEBUG\=1 -module-name Highlightr -package-name highlightr -frontend-parseable-output -disable-clang-spi -target-sdk-version 11.1 -target-sdk-name watchos11.1 -external-plugin-path /Applications/Xcode-16.1.0.app/Contents/Developer/Platforms/WatchOS.platform/Developer/usr/lib/swift/host/plugins\#/Applications/Xcode-16.1.0.app/Contents/Developer/Platforms/WatchOS.platform/Developer/usr/bin/swift-plugin-server -external-plugin-path /Applications/Xcode-16.1.0.app/Contents/Developer/Platforms/WatchOS.platform/Developer/usr/local/lib/swift/host/plugins\#/Applications/Xcode-16.1.0.app/Contents/Developer/Platforms/WatchOS.platform/Developer/usr/bin/swift-plugin-server -plugin-path /Applications/Xcode-16.1.0.app/Contents/Developer/Toolchains/XcodeDefault.xctoolchain/usr/lib/swift/host/plugins -plugin-path /Applications/Xcode-16.1.0.app/Contents/Developer/Toolchains/XcodeDefault.xctoolchain/usr/local/lib/swift/host/plugins -o /Users/admin/builder/spi-builder-workspace/.derivedData/Build/Intermediates.noindex/Highlightr.build/Debug-watchos/Highlightr.build/Objects-normal/arm64_32/Theme.o -index-unit-output-path /Highlightr.build/Debug-watchos/Highlightr.build/Objects-normal/arm64_32/Theme.o -index-store-path /Users/admin/builder/spi-builder-workspace/.derivedData/Index.noindex/DataStore -index-system-modules
SwiftCompile normal arm64_32 /Users/admin/builder/spi-builder-workspace/.dependencies/checkouts/Highlightr/Pod/Classes/Theme.swift (in target 'Highlightr' from project 'Highlightr')
cd /Users/admin/builder/spi-builder-workspace/.swiftpm/xcode
/Applications/Xcode-16.1.0.app/Contents/Developer/Toolchains/XcodeDefault.xctoolchain/usr/bin/swift-frontend -c /Users/admin/builder/spi-builder-workspace/.derivedData/Build/Intermediates.noindex/Highlightr.build/Debug-watchos/Highlightr.build/DerivedSources/resource_bundle_accessor.swift /Users/admin/builder/spi-builder-workspace/.dependencies/checkouts/Highlightr/Pod/Classes/CodeAttributedString.swift /Users/admin/builder/spi-builder-workspace/.dependencies/checkouts/Highlightr/Pod/Classes/HTMLUtils.swift /Users/admin/builder/spi-builder-workspace/.dependencies/checkouts/Highlightr/Pod/Classes/Highlightr.swift /Users/admin/builder/spi-builder-workspace/.dependencies/checkouts/Highlightr/Pod/Classes/Shims.swift -primary-file /Users/admin/builder/spi-builder-workspace/.dependencies/checkouts/Highlightr/Pod/Classes/Theme.swift -emit-dependencies-path /Users/admin/builder/spi-builder-workspace/.derivedData/Build/Intermediates.noindex/Highlightr.build/Debug-watchos/Highlightr.build/Objects-normal/arm64_32/Theme.d -emit-const-values-path /Users/admin/builder/spi-builder-workspace/.derivedData/Build/Intermediates.noindex/Highlightr.build/Debug-watchos/Highlightr.build/Objects-normal/arm64_32/Theme.swiftconstvalues -emit-reference-dependencies-path /Users/admin/builder/spi-builder-workspace/.derivedData/Build/Intermediates.noindex/Highlightr.build/Debug-watchos/Highlightr.build/Objects-normal/arm64_32/Theme.swiftdeps -serialize-diagnostics-path /Users/admin/builder/spi-builder-workspace/.derivedData/Build/Intermediates.noindex/Highlightr.build/Debug-watchos/Highlightr.build/Objects-normal/arm64_32/Theme.dia -target arm64_32-apple-watchos7.0 -enable-objc-interop -sdk /Applications/Xcode-16.1.0.app/Contents/Developer/Platforms/WatchOS.platform/Developer/SDKs/WatchOS11.1.sdk -I /Users/admin/builder/spi-builder-workspace/.derivedData/Build/Products/Debug-watchos -I /Applications/Xcode-16.1.0.app/Contents/Developer/Platforms/WatchOS.platform/Developer/usr/lib -F /Users/admin/builder/spi-builder-workspace/.derivedData/Build/Products/Debug-watchos -F /Applications/Xcode-16.1.0.app/Contents/Developer/Platforms/WatchOS.platform/Developer/Library/Frameworks -F /Applications/Xcode-16.1.0.app/Contents/Developer/Platforms/WatchOS.platform/Developer/SDKs/WatchOS11.1.sdk/Developer/Library/Frameworks -no-color-diagnostics -enable-testing -g -debug-info-format\=dwarf -dwarf-version\=4 -module-cache-path /Users/admin/builder/spi-builder-workspace/.derivedData/ModuleCache.noindex -suppress-warnings -swift-version 5 -enforce-exclusivity\=checked -stats-output-dir /Users/admin/builder/spi-builder-workspace/.swiftpm/xcode/.stats -Onone -D SWIFT_PACKAGE -D DEBUG -serialize-debugging-options -const-gather-protocols-file /Users/admin/builder/spi-builder-workspace/.derivedData/Build/Intermediates.noindex/Highlightr.build/Debug-watchos/Highlightr.build/Objects-normal/arm64_32/Highlightr_const_extract_protocols.json -enable-experimental-feature DebugDescriptionMacro -enable-experimental-feature OpaqueTypeErasure -strict-concurrency\=complete -empty-abi-descriptor -plugin-path /Applications/Xcode-16.1.0.app/Contents/Developer/Toolchains/XcodeDefault.xctoolchain/usr/lib/swift/host/plugins/testing -validate-clang-modules-once -clang-build-session-file /Users/admin/builder/spi-builder-workspace/.derivedData/ModuleCache.noindex/Session.modulevalidation -Xcc -working-directory -Xcc /Users/admin/builder/spi-builder-workspace/.swiftpm/xcode -resource-dir /Applications/Xcode-16.1.0.app/Contents/Developer/Toolchains/XcodeDefault.xctoolchain/usr/lib/swift -enable-anonymous-context-mangled-names -file-compilation-dir /Users/admin/builder/spi-builder-workspace/.swiftpm/xcode -Xcc -D_LIBCPP_HARDENING_MODE\=_LIBCPP_HARDENING_MODE_DEBUG -Xcc -ivfsstatcache -Xcc /Users/admin/builder/spi-builder-workspace/.derivedData/SDKStatCaches.noindex/watchos11.1-22R574-7b9df0bda16bb4641b33636c68f04660.sdkstatcache -Xcc -I/Users/admin/builder/spi-builder-workspace/.derivedData/Build/Intermediates.noindex/Highlightr.build/Debug-watchos/Highlightr.build/swift-overrides.hmap -Xcc -I/Users/admin/builder/spi-builder-workspace/.derivedData/Build/Products/Debug-watchos/include -Xcc -I/Users/admin/builder/spi-builder-workspace/.derivedData/Build/Intermediates.noindex/Highlightr.build/Debug-watchos/Highlightr.build/DerivedSources-normal/arm64_32 -Xcc -I/Users/admin/builder/spi-builder-workspace/.derivedData/Build/Intermediates.noindex/Highlightr.build/Debug-watchos/Highlightr.build/DerivedSources/arm64_32 -Xcc -I/Users/admin/builder/spi-builder-workspace/.derivedData/Build/Intermediates.noindex/Highlightr.build/Debug-watchos/Highlightr.build/DerivedSources -Xcc -DSWIFT_PACKAGE -Xcc -DDEBUG\=1 -module-name Highlightr -package-name highlightr -frontend-parseable-output -disable-clang-spi -target-sdk-version 11.1 -target-sdk-name watchos11.1 -external-plugin-path /Applications/Xcode-16.1.0.app/Contents/Developer/Platforms/WatchOS.platform/Developer/usr/lib/swift/host/plugins\#/Applications/Xcode-16.1.0.app/Contents/Developer/Platforms/WatchOS.platform/Developer/usr/bin/swift-plugin-server -external-plugin-path /Applications/Xcode-16.1.0.app/Contents/Developer/Platforms/WatchOS.platform/Developer/usr/local/lib/swift/host/plugins\#/Applications/Xcode-16.1.0.app/Contents/Developer/Platforms/WatchOS.platform/Developer/usr/bin/swift-plugin-server -plugin-path /Applications/Xcode-16.1.0.app/Contents/Developer/Toolchains/XcodeDefault.xctoolchain/usr/lib/swift/host/plugins -plugin-path /Applications/Xcode-16.1.0.app/Contents/Developer/Toolchains/XcodeDefault.xctoolchain/usr/local/lib/swift/host/plugins -o /Users/admin/builder/spi-builder-workspace/.derivedData/Build/Intermediates.noindex/Highlightr.build/Debug-watchos/Highlightr.build/Objects-normal/arm64_32/Theme.o -index-unit-output-path /Highlightr.build/Debug-watchos/Highlightr.build/Objects-normal/arm64_32/Theme.o -index-store-path /Users/admin/builder/spi-builder-workspace/.derivedData/Index.noindex/DataStore -index-system-modules
SwiftCompile normal arm64_32 Compiling\ Shims.swift /Users/admin/builder/spi-builder-workspace/.dependencies/checkouts/Highlightr/Pod/Classes/Shims.swift (in target 'Highlightr' from project 'Highlightr')
cd /Users/admin/builder/spi-builder-workspace/.swiftpm/xcode
builtin-swiftTaskExecution -- /Applications/Xcode-16.1.0.app/Contents/Developer/Toolchains/XcodeDefault.xctoolchain/usr/bin/swift-frontend -frontend -c /Users/admin/builder/spi-builder-workspace/.derivedData/Build/Intermediates.noindex/Highlightr.build/Debug-watchos/Highlightr.build/DerivedSources/resource_bundle_accessor.swift /Users/admin/builder/spi-builder-workspace/.dependencies/checkouts/Highlightr/Pod/Classes/CodeAttributedString.swift /Users/admin/builder/spi-builder-workspace/.dependencies/checkouts/Highlightr/Pod/Classes/HTMLUtils.swift /Users/admin/builder/spi-builder-workspace/.dependencies/checkouts/Highlightr/Pod/Classes/Highlightr.swift -primary-file /Users/admin/builder/spi-builder-workspace/.dependencies/checkouts/Highlightr/Pod/Classes/Shims.swift /Users/admin/builder/spi-builder-workspace/.dependencies/checkouts/Highlightr/Pod/Classes/Theme.swift -emit-dependencies-path /Users/admin/builder/spi-builder-workspace/.derivedData/Build/Intermediates.noindex/Highlightr.build/Debug-watchos/Highlightr.build/Objects-normal/arm64_32/Shims.d -emit-const-values-path /Users/admin/builder/spi-builder-workspace/.derivedData/Build/Intermediates.noindex/Highlightr.build/Debug-watchos/Highlightr.build/Objects-normal/arm64_32/Shims.swiftconstvalues -emit-reference-dependencies-path /Users/admin/builder/spi-builder-workspace/.derivedData/Build/Intermediates.noindex/Highlightr.build/Debug-watchos/Highlightr.build/Objects-normal/arm64_32/Shims.swiftdeps -serialize-diagnostics-path /Users/admin/builder/spi-builder-workspace/.derivedData/Build/Intermediates.noindex/Highlightr.build/Debug-watchos/Highlightr.build/Objects-normal/arm64_32/Shims.dia -target arm64_32-apple-watchos7.0 -enable-objc-interop -sdk /Applications/Xcode-16.1.0.app/Contents/Developer/Platforms/WatchOS.platform/Developer/SDKs/WatchOS11.1.sdk -I /Users/admin/builder/spi-builder-workspace/.derivedData/Build/Products/Debug-watchos -I /Applications/Xcode-16.1.0.app/Contents/Developer/Platforms/WatchOS.platform/Developer/usr/lib -F /Users/admin/builder/spi-builder-workspace/.derivedData/Build/Products/Debug-watchos -F /Applications/Xcode-16.1.0.app/Contents/Developer/Platforms/WatchOS.platform/Developer/Library/Frameworks -F /Applications/Xcode-16.1.0.app/Contents/Developer/Platforms/WatchOS.platform/Developer/SDKs/WatchOS11.1.sdk/Developer/Library/Frameworks -no-color-diagnostics -enable-testing -g -debug-info-format\=dwarf -dwarf-version\=4 -module-cache-path /Users/admin/builder/spi-builder-workspace/.derivedData/ModuleCache.noindex -suppress-warnings -swift-version 5 -enforce-exclusivity\=checked -stats-output-dir /Users/admin/builder/spi-builder-workspace/.swiftpm/xcode/.stats -Onone -D SWIFT_PACKAGE -D DEBUG -serialize-debugging-options -const-gather-protocols-file /Users/admin/builder/spi-builder-workspace/.derivedData/Build/Intermediates.noindex/Highlightr.build/Debug-watchos/Highlightr.build/Objects-normal/arm64_32/Highlightr_const_extract_protocols.json -enable-experimental-feature DebugDescriptionMacro -enable-experimental-feature OpaqueTypeErasure -strict-concurrency\=complete -empty-abi-descriptor -plugin-path /Applications/Xcode-16.1.0.app/Contents/Developer/Toolchains/XcodeDefault.xctoolchain/usr/lib/swift/host/plugins/testing -validate-clang-modules-once -clang-build-session-file /Users/admin/builder/spi-builder-workspace/.derivedData/ModuleCache.noindex/Session.modulevalidation -Xcc -working-directory -Xcc /Users/admin/builder/spi-builder-workspace/.swiftpm/xcode -resource-dir /Applications/Xcode-16.1.0.app/Contents/Developer/Toolchains/XcodeDefault.xctoolchain/usr/lib/swift -enable-anonymous-context-mangled-names -file-compilation-dir /Users/admin/builder/spi-builder-workspace/.swiftpm/xcode -Xcc -D_LIBCPP_HARDENING_MODE\=_LIBCPP_HARDENING_MODE_DEBUG -Xcc -ivfsstatcache -Xcc /Users/admin/builder/spi-builder-workspace/.derivedData/SDKStatCaches.noindex/watchos11.1-22R574-7b9df0bda16bb4641b33636c68f04660.sdkstatcache -Xcc -I/Users/admin/builder/spi-builder-workspace/.derivedData/Build/Intermediates.noindex/Highlightr.build/Debug-watchos/Highlightr.build/swift-overrides.hmap -Xcc -I/Users/admin/builder/spi-builder-workspace/.derivedData/Build/Products/Debug-watchos/include -Xcc -I/Users/admin/builder/spi-builder-workspace/.derivedData/Build/Intermediates.noindex/Highlightr.build/Debug-watchos/Highlightr.build/DerivedSources-normal/arm64_32 -Xcc -I/Users/admin/builder/spi-builder-workspace/.derivedData/Build/Intermediates.noindex/Highlightr.build/Debug-watchos/Highlightr.build/DerivedSources/arm64_32 -Xcc -I/Users/admin/builder/spi-builder-workspace/.derivedData/Build/Intermediates.noindex/Highlightr.build/Debug-watchos/Highlightr.build/DerivedSources -Xcc -DSWIFT_PACKAGE -Xcc -DDEBUG\=1 -module-name Highlightr -package-name highlightr -frontend-parseable-output -disable-clang-spi -target-sdk-version 11.1 -target-sdk-name watchos11.1 -external-plugin-path /Applications/Xcode-16.1.0.app/Contents/Developer/Platforms/WatchOS.platform/Developer/usr/lib/swift/host/plugins\#/Applications/Xcode-16.1.0.app/Contents/Developer/Platforms/WatchOS.platform/Developer/usr/bin/swift-plugin-server -external-plugin-path /Applications/Xcode-16.1.0.app/Contents/Developer/Platforms/WatchOS.platform/Developer/usr/local/lib/swift/host/plugins\#/Applications/Xcode-16.1.0.app/Contents/Developer/Platforms/WatchOS.platform/Developer/usr/bin/swift-plugin-server -plugin-path /Applications/Xcode-16.1.0.app/Contents/Developer/Toolchains/XcodeDefault.xctoolchain/usr/lib/swift/host/plugins -plugin-path /Applications/Xcode-16.1.0.app/Contents/Developer/Toolchains/XcodeDefault.xctoolchain/usr/local/lib/swift/host/plugins -o /Users/admin/builder/spi-builder-workspace/.derivedData/Build/Intermediates.noindex/Highlightr.build/Debug-watchos/Highlightr.build/Objects-normal/arm64_32/Shims.o -index-unit-output-path /Highlightr.build/Debug-watchos/Highlightr.build/Objects-normal/arm64_32/Shims.o -index-store-path /Users/admin/builder/spi-builder-workspace/.derivedData/Index.noindex/DataStore -index-system-modules
SwiftCompile normal arm64_32 /Users/admin/builder/spi-builder-workspace/.dependencies/checkouts/Highlightr/Pod/Classes/Shims.swift (in target 'Highlightr' from project 'Highlightr')
cd /Users/admin/builder/spi-builder-workspace/.swiftpm/xcode
/Applications/Xcode-16.1.0.app/Contents/Developer/Toolchains/XcodeDefault.xctoolchain/usr/bin/swift-frontend -c /Users/admin/builder/spi-builder-workspace/.derivedData/Build/Intermediates.noindex/Highlightr.build/Debug-watchos/Highlightr.build/DerivedSources/resource_bundle_accessor.swift /Users/admin/builder/spi-builder-workspace/.dependencies/checkouts/Highlightr/Pod/Classes/CodeAttributedString.swift /Users/admin/builder/spi-builder-workspace/.dependencies/checkouts/Highlightr/Pod/Classes/HTMLUtils.swift /Users/admin/builder/spi-builder-workspace/.dependencies/checkouts/Highlightr/Pod/Classes/Highlightr.swift -primary-file /Users/admin/builder/spi-builder-workspace/.dependencies/checkouts/Highlightr/Pod/Classes/Shims.swift /Users/admin/builder/spi-builder-workspace/.dependencies/checkouts/Highlightr/Pod/Classes/Theme.swift -emit-dependencies-path /Users/admin/builder/spi-builder-workspace/.derivedData/Build/Intermediates.noindex/Highlightr.build/Debug-watchos/Highlightr.build/Objects-normal/arm64_32/Shims.d -emit-const-values-path /Users/admin/builder/spi-builder-workspace/.derivedData/Build/Intermediates.noindex/Highlightr.build/Debug-watchos/Highlightr.build/Objects-normal/arm64_32/Shims.swiftconstvalues -emit-reference-dependencies-path /Users/admin/builder/spi-builder-workspace/.derivedData/Build/Intermediates.noindex/Highlightr.build/Debug-watchos/Highlightr.build/Objects-normal/arm64_32/Shims.swiftdeps -serialize-diagnostics-path /Users/admin/builder/spi-builder-workspace/.derivedData/Build/Intermediates.noindex/Highlightr.build/Debug-watchos/Highlightr.build/Objects-normal/arm64_32/Shims.dia -target arm64_32-apple-watchos7.0 -enable-objc-interop -sdk /Applications/Xcode-16.1.0.app/Contents/Developer/Platforms/WatchOS.platform/Developer/SDKs/WatchOS11.1.sdk -I /Users/admin/builder/spi-builder-workspace/.derivedData/Build/Products/Debug-watchos -I /Applications/Xcode-16.1.0.app/Contents/Developer/Platforms/WatchOS.platform/Developer/usr/lib -F /Users/admin/builder/spi-builder-workspace/.derivedData/Build/Products/Debug-watchos -F /Applications/Xcode-16.1.0.app/Contents/Developer/Platforms/WatchOS.platform/Developer/Library/Frameworks -F /Applications/Xcode-16.1.0.app/Contents/Developer/Platforms/WatchOS.platform/Developer/SDKs/WatchOS11.1.sdk/Developer/Library/Frameworks -no-color-diagnostics -enable-testing -g -debug-info-format\=dwarf -dwarf-version\=4 -module-cache-path /Users/admin/builder/spi-builder-workspace/.derivedData/ModuleCache.noindex -suppress-warnings -swift-version 5 -enforce-exclusivity\=checked -stats-output-dir /Users/admin/builder/spi-builder-workspace/.swiftpm/xcode/.stats -Onone -D SWIFT_PACKAGE -D DEBUG -serialize-debugging-options -const-gather-protocols-file /Users/admin/builder/spi-builder-workspace/.derivedData/Build/Intermediates.noindex/Highlightr.build/Debug-watchos/Highlightr.build/Objects-normal/arm64_32/Highlightr_const_extract_protocols.json -enable-experimental-feature DebugDescriptionMacro -enable-experimental-feature OpaqueTypeErasure -strict-concurrency\=complete -empty-abi-descriptor -plugin-path /Applications/Xcode-16.1.0.app/Contents/Developer/Toolchains/XcodeDefault.xctoolchain/usr/lib/swift/host/plugins/testing -validate-clang-modules-once -clang-build-session-file /Users/admin/builder/spi-builder-workspace/.derivedData/ModuleCache.noindex/Session.modulevalidation -Xcc -working-directory -Xcc /Users/admin/builder/spi-builder-workspace/.swiftpm/xcode -resource-dir /Applications/Xcode-16.1.0.app/Contents/Developer/Toolchains/XcodeDefault.xctoolchain/usr/lib/swift -enable-anonymous-context-mangled-names -file-compilation-dir /Users/admin/builder/spi-builder-workspace/.swiftpm/xcode -Xcc -D_LIBCPP_HARDENING_MODE\=_LIBCPP_HARDENING_MODE_DEBUG -Xcc -ivfsstatcache -Xcc /Users/admin/builder/spi-builder-workspace/.derivedData/SDKStatCaches.noindex/watchos11.1-22R574-7b9df0bda16bb4641b33636c68f04660.sdkstatcache -Xcc -I/Users/admin/builder/spi-builder-workspace/.derivedData/Build/Intermediates.noindex/Highlightr.build/Debug-watchos/Highlightr.build/swift-overrides.hmap -Xcc -I/Users/admin/builder/spi-builder-workspace/.derivedData/Build/Products/Debug-watchos/include -Xcc -I/Users/admin/builder/spi-builder-workspace/.derivedData/Build/Intermediates.noindex/Highlightr.build/Debug-watchos/Highlightr.build/DerivedSources-normal/arm64_32 -Xcc -I/Users/admin/builder/spi-builder-workspace/.derivedData/Build/Intermediates.noindex/Highlightr.build/Debug-watchos/Highlightr.build/DerivedSources/arm64_32 -Xcc -I/Users/admin/builder/spi-builder-workspace/.derivedData/Build/Intermediates.noindex/Highlightr.build/Debug-watchos/Highlightr.build/DerivedSources -Xcc -DSWIFT_PACKAGE -Xcc -DDEBUG\=1 -module-name Highlightr -package-name highlightr -frontend-parseable-output -disable-clang-spi -target-sdk-version 11.1 -target-sdk-name watchos11.1 -external-plugin-path /Applications/Xcode-16.1.0.app/Contents/Developer/Platforms/WatchOS.platform/Developer/usr/lib/swift/host/plugins\#/Applications/Xcode-16.1.0.app/Contents/Developer/Platforms/WatchOS.platform/Developer/usr/bin/swift-plugin-server -external-plugin-path /Applications/Xcode-16.1.0.app/Contents/Developer/Platforms/WatchOS.platform/Developer/usr/local/lib/swift/host/plugins\#/Applications/Xcode-16.1.0.app/Contents/Developer/Platforms/WatchOS.platform/Developer/usr/bin/swift-plugin-server -plugin-path /Applications/Xcode-16.1.0.app/Contents/Developer/Toolchains/XcodeDefault.xctoolchain/usr/lib/swift/host/plugins -plugin-path /Applications/Xcode-16.1.0.app/Contents/Developer/Toolchains/XcodeDefault.xctoolchain/usr/local/lib/swift/host/plugins -o /Users/admin/builder/spi-builder-workspace/.derivedData/Build/Intermediates.noindex/Highlightr.build/Debug-watchos/Highlightr.build/Objects-normal/arm64_32/Shims.o -index-unit-output-path /Highlightr.build/Debug-watchos/Highlightr.build/Objects-normal/arm64_32/Shims.o -index-store-path /Users/admin/builder/spi-builder-workspace/.derivedData/Index.noindex/DataStore -index-system-modules
SwiftCompile normal arm64 Compiling\ Shims.swift /Users/admin/builder/spi-builder-workspace/.dependencies/checkouts/Highlightr/Pod/Classes/Shims.swift (in target 'Highlightr' from project 'Highlightr')
cd /Users/admin/builder/spi-builder-workspace/.swiftpm/xcode
builtin-swiftTaskExecution -- /Applications/Xcode-16.1.0.app/Contents/Developer/Toolchains/XcodeDefault.xctoolchain/usr/bin/swift-frontend -frontend -c /Users/admin/builder/spi-builder-workspace/.derivedData/Build/Intermediates.noindex/Highlightr.build/Debug-watchos/Highlightr.build/DerivedSources/resource_bundle_accessor.swift /Users/admin/builder/spi-builder-workspace/.dependencies/checkouts/Highlightr/Pod/Classes/CodeAttributedString.swift /Users/admin/builder/spi-builder-workspace/.dependencies/checkouts/Highlightr/Pod/Classes/HTMLUtils.swift /Users/admin/builder/spi-builder-workspace/.dependencies/checkouts/Highlightr/Pod/Classes/Highlightr.swift -primary-file /Users/admin/builder/spi-builder-workspace/.dependencies/checkouts/Highlightr/Pod/Classes/Shims.swift /Users/admin/builder/spi-builder-workspace/.dependencies/checkouts/Highlightr/Pod/Classes/Theme.swift -emit-dependencies-path /Users/admin/builder/spi-builder-workspace/.derivedData/Build/Intermediates.noindex/Highlightr.build/Debug-watchos/Highlightr.build/Objects-normal/arm64/Shims.d -emit-const-values-path /Users/admin/builder/spi-builder-workspace/.derivedData/Build/Intermediates.noindex/Highlightr.build/Debug-watchos/Highlightr.build/Objects-normal/arm64/Shims.swiftconstvalues -emit-reference-dependencies-path /Users/admin/builder/spi-builder-workspace/.derivedData/Build/Intermediates.noindex/Highlightr.build/Debug-watchos/Highlightr.build/Objects-normal/arm64/Shims.swiftdeps -serialize-diagnostics-path /Users/admin/builder/spi-builder-workspace/.derivedData/Build/Intermediates.noindex/Highlightr.build/Debug-watchos/Highlightr.build/Objects-normal/arm64/Shims.dia -target arm64-apple-watchos7.0 -Xllvm -aarch64-use-tbi -enable-objc-interop -stack-check -sdk /Applications/Xcode-16.1.0.app/Contents/Developer/Platforms/WatchOS.platform/Developer/SDKs/WatchOS11.1.sdk -I /Users/admin/builder/spi-builder-workspace/.derivedData/Build/Products/Debug-watchos -I /Applications/Xcode-16.1.0.app/Contents/Developer/Platforms/WatchOS.platform/Developer/usr/lib -F /Users/admin/builder/spi-builder-workspace/.derivedData/Build/Products/Debug-watchos -F /Applications/Xcode-16.1.0.app/Contents/Developer/Platforms/WatchOS.platform/Developer/Library/Frameworks -F /Applications/Xcode-16.1.0.app/Contents/Developer/Platforms/WatchOS.platform/Developer/SDKs/WatchOS11.1.sdk/Developer/Library/Frameworks -no-color-diagnostics -enable-testing -g -debug-info-format\=dwarf -dwarf-version\=4 -module-cache-path /Users/admin/builder/spi-builder-workspace/.derivedData/ModuleCache.noindex -suppress-warnings -swift-version 5 -enforce-exclusivity\=checked -stats-output-dir /Users/admin/builder/spi-builder-workspace/.swiftpm/xcode/.stats -Onone -D SWIFT_PACKAGE -D DEBUG -serialize-debugging-options -const-gather-protocols-file /Users/admin/builder/spi-builder-workspace/.derivedData/Build/Intermediates.noindex/Highlightr.build/Debug-watchos/Highlightr.build/Objects-normal/arm64/Highlightr_const_extract_protocols.json -enable-experimental-feature DebugDescriptionMacro -enable-experimental-feature OpaqueTypeErasure -strict-concurrency\=complete -empty-abi-descriptor -plugin-path /Applications/Xcode-16.1.0.app/Contents/Developer/Toolchains/XcodeDefault.xctoolchain/usr/lib/swift/host/plugins/testing -validate-clang-modules-once -clang-build-session-file /Users/admin/builder/spi-builder-workspace/.derivedData/ModuleCache.noindex/Session.modulevalidation -Xcc -working-directory -Xcc /Users/admin/builder/spi-builder-workspace/.swiftpm/xcode -resource-dir /Applications/Xcode-16.1.0.app/Contents/Developer/Toolchains/XcodeDefault.xctoolchain/usr/lib/swift -enable-anonymous-context-mangled-names -file-compilation-dir /Users/admin/builder/spi-builder-workspace/.swiftpm/xcode -Xcc -D_LIBCPP_HARDENING_MODE\=_LIBCPP_HARDENING_MODE_DEBUG -Xcc -ivfsstatcache -Xcc /Users/admin/builder/spi-builder-workspace/.derivedData/SDKStatCaches.noindex/watchos11.1-22R574-7b9df0bda16bb4641b33636c68f04660.sdkstatcache -Xcc -I/Users/admin/builder/spi-builder-workspace/.derivedData/Build/Intermediates.noindex/Highlightr.build/Debug-watchos/Highlightr.build/swift-overrides.hmap -Xcc -I/Users/admin/builder/spi-builder-workspace/.derivedData/Build/Products/Debug-watchos/include -Xcc -I/Users/admin/builder/spi-builder-workspace/.derivedData/Build/Intermediates.noindex/Highlightr.build/Debug-watchos/Highlightr.build/DerivedSources-normal/arm64 -Xcc -I/Users/admin/builder/spi-builder-workspace/.derivedData/Build/Intermediates.noindex/Highlightr.build/Debug-watchos/Highlightr.build/DerivedSources/arm64 -Xcc -I/Users/admin/builder/spi-builder-workspace/.derivedData/Build/Intermediates.noindex/Highlightr.build/Debug-watchos/Highlightr.build/DerivedSources -Xcc -DSWIFT_PACKAGE -Xcc -DDEBUG\=1 -module-name Highlightr -package-name highlightr -frontend-parseable-output -disable-clang-spi -target-sdk-version 11.1 -target-sdk-name watchos11.1 -external-plugin-path /Applications/Xcode-16.1.0.app/Contents/Developer/Platforms/WatchOS.platform/Developer/usr/lib/swift/host/plugins\#/Applications/Xcode-16.1.0.app/Contents/Developer/Platforms/WatchOS.platform/Developer/usr/bin/swift-plugin-server -external-plugin-path /Applications/Xcode-16.1.0.app/Contents/Developer/Platforms/WatchOS.platform/Developer/usr/local/lib/swift/host/plugins\#/Applications/Xcode-16.1.0.app/Contents/Developer/Platforms/WatchOS.platform/Developer/usr/bin/swift-plugin-server -plugin-path /Applications/Xcode-16.1.0.app/Contents/Developer/Toolchains/XcodeDefault.xctoolchain/usr/lib/swift/host/plugins -plugin-path /Applications/Xcode-16.1.0.app/Contents/Developer/Toolchains/XcodeDefault.xctoolchain/usr/local/lib/swift/host/plugins -o /Users/admin/builder/spi-builder-workspace/.derivedData/Build/Intermediates.noindex/Highlightr.build/Debug-watchos/Highlightr.build/Objects-normal/arm64/Shims.o -index-unit-output-path /Highlightr.build/Debug-watchos/Highlightr.build/Objects-normal/arm64/Shims.o -index-store-path /Users/admin/builder/spi-builder-workspace/.derivedData/Index.noindex/DataStore -index-system-modules
SwiftCompile normal arm64 /Users/admin/builder/spi-builder-workspace/.dependencies/checkouts/Highlightr/Pod/Classes/Shims.swift (in target 'Highlightr' from project 'Highlightr')
cd /Users/admin/builder/spi-builder-workspace/.swiftpm/xcode
/Applications/Xcode-16.1.0.app/Contents/Developer/Toolchains/XcodeDefault.xctoolchain/usr/bin/swift-frontend -c /Users/admin/builder/spi-builder-workspace/.derivedData/Build/Intermediates.noindex/Highlightr.build/Debug-watchos/Highlightr.build/DerivedSources/resource_bundle_accessor.swift /Users/admin/builder/spi-builder-workspace/.dependencies/checkouts/Highlightr/Pod/Classes/CodeAttributedString.swift /Users/admin/builder/spi-builder-workspace/.dependencies/checkouts/Highlightr/Pod/Classes/HTMLUtils.swift /Users/admin/builder/spi-builder-workspace/.dependencies/checkouts/Highlightr/Pod/Classes/Highlightr.swift -primary-file /Users/admin/builder/spi-builder-workspace/.dependencies/checkouts/Highlightr/Pod/Classes/Shims.swift /Users/admin/builder/spi-builder-workspace/.dependencies/checkouts/Highlightr/Pod/Classes/Theme.swift -emit-dependencies-path /Users/admin/builder/spi-builder-workspace/.derivedData/Build/Intermediates.noindex/Highlightr.build/Debug-watchos/Highlightr.build/Objects-normal/arm64/Shims.d -emit-const-values-path /Users/admin/builder/spi-builder-workspace/.derivedData/Build/Intermediates.noindex/Highlightr.build/Debug-watchos/Highlightr.build/Objects-normal/arm64/Shims.swiftconstvalues -emit-reference-dependencies-path /Users/admin/builder/spi-builder-workspace/.derivedData/Build/Intermediates.noindex/Highlightr.build/Debug-watchos/Highlightr.build/Objects-normal/arm64/Shims.swiftdeps -serialize-diagnostics-path /Users/admin/builder/spi-builder-workspace/.derivedData/Build/Intermediates.noindex/Highlightr.build/Debug-watchos/Highlightr.build/Objects-normal/arm64/Shims.dia -target arm64-apple-watchos7.0 -Xllvm -aarch64-use-tbi -enable-objc-interop -stack-check -sdk /Applications/Xcode-16.1.0.app/Contents/Developer/Platforms/WatchOS.platform/Developer/SDKs/WatchOS11.1.sdk -I /Users/admin/builder/spi-builder-workspace/.derivedData/Build/Products/Debug-watchos -I /Applications/Xcode-16.1.0.app/Contents/Developer/Platforms/WatchOS.platform/Developer/usr/lib -F /Users/admin/builder/spi-builder-workspace/.derivedData/Build/Products/Debug-watchos -F /Applications/Xcode-16.1.0.app/Contents/Developer/Platforms/WatchOS.platform/Developer/Library/Frameworks -F /Applications/Xcode-16.1.0.app/Contents/Developer/Platforms/WatchOS.platform/Developer/SDKs/WatchOS11.1.sdk/Developer/Library/Frameworks -no-color-diagnostics -enable-testing -g -debug-info-format\=dwarf -dwarf-version\=4 -module-cache-path /Users/admin/builder/spi-builder-workspace/.derivedData/ModuleCache.noindex -suppress-warnings -swift-version 5 -enforce-exclusivity\=checked -stats-output-dir /Users/admin/builder/spi-builder-workspace/.swiftpm/xcode/.stats -Onone -D SWIFT_PACKAGE -D DEBUG -serialize-debugging-options -const-gather-protocols-file /Users/admin/builder/spi-builder-workspace/.derivedData/Build/Intermediates.noindex/Highlightr.build/Debug-watchos/Highlightr.build/Objects-normal/arm64/Highlightr_const_extract_protocols.json -enable-experimental-feature DebugDescriptionMacro -enable-experimental-feature OpaqueTypeErasure -strict-concurrency\=complete -empty-abi-descriptor -plugin-path /Applications/Xcode-16.1.0.app/Contents/Developer/Toolchains/XcodeDefault.xctoolchain/usr/lib/swift/host/plugins/testing -validate-clang-modules-once -clang-build-session-file /Users/admin/builder/spi-builder-workspace/.derivedData/ModuleCache.noindex/Session.modulevalidation -Xcc -working-directory -Xcc /Users/admin/builder/spi-builder-workspace/.swiftpm/xcode -resource-dir /Applications/Xcode-16.1.0.app/Contents/Developer/Toolchains/XcodeDefault.xctoolchain/usr/lib/swift -enable-anonymous-context-mangled-names -file-compilation-dir /Users/admin/builder/spi-builder-workspace/.swiftpm/xcode -Xcc -D_LIBCPP_HARDENING_MODE\=_LIBCPP_HARDENING_MODE_DEBUG -Xcc -ivfsstatcache -Xcc /Users/admin/builder/spi-builder-workspace/.derivedData/SDKStatCaches.noindex/watchos11.1-22R574-7b9df0bda16bb4641b33636c68f04660.sdkstatcache -Xcc -I/Users/admin/builder/spi-builder-workspace/.derivedData/Build/Intermediates.noindex/Highlightr.build/Debug-watchos/Highlightr.build/swift-overrides.hmap -Xcc -I/Users/admin/builder/spi-builder-workspace/.derivedData/Build/Products/Debug-watchos/include -Xcc -I/Users/admin/builder/spi-builder-workspace/.derivedData/Build/Intermediates.noindex/Highlightr.build/Debug-watchos/Highlightr.build/DerivedSources-normal/arm64 -Xcc -I/Users/admin/builder/spi-builder-workspace/.derivedData/Build/Intermediates.noindex/Highlightr.build/Debug-watchos/Highlightr.build/DerivedSources/arm64 -Xcc -I/Users/admin/builder/spi-builder-workspace/.derivedData/Build/Intermediates.noindex/Highlightr.build/Debug-watchos/Highlightr.build/DerivedSources -Xcc -DSWIFT_PACKAGE -Xcc -DDEBUG\=1 -module-name Highlightr -package-name highlightr -frontend-parseable-output -disable-clang-spi -target-sdk-version 11.1 -target-sdk-name watchos11.1 -external-plugin-path /Applications/Xcode-16.1.0.app/Contents/Developer/Platforms/WatchOS.platform/Developer/usr/lib/swift/host/plugins\#/Applications/Xcode-16.1.0.app/Contents/Developer/Platforms/WatchOS.platform/Developer/usr/bin/swift-plugin-server -external-plugin-path /Applications/Xcode-16.1.0.app/Contents/Developer/Platforms/WatchOS.platform/Developer/usr/local/lib/swift/host/plugins\#/Applications/Xcode-16.1.0.app/Contents/Developer/Platforms/WatchOS.platform/Developer/usr/bin/swift-plugin-server -plugin-path /Applications/Xcode-16.1.0.app/Contents/Developer/Toolchains/XcodeDefault.xctoolchain/usr/lib/swift/host/plugins -plugin-path /Applications/Xcode-16.1.0.app/Contents/Developer/Toolchains/XcodeDefault.xctoolchain/usr/local/lib/swift/host/plugins -o /Users/admin/builder/spi-builder-workspace/.derivedData/Build/Intermediates.noindex/Highlightr.build/Debug-watchos/Highlightr.build/Objects-normal/arm64/Shims.o -index-unit-output-path /Highlightr.build/Debug-watchos/Highlightr.build/Objects-normal/arm64/Shims.o -index-store-path /Users/admin/builder/spi-builder-workspace/.derivedData/Index.noindex/DataStore -index-system-modules
SwiftCompile normal arm64 Compiling\ CodeAttributedString.swift /Users/admin/builder/spi-builder-workspace/.dependencies/checkouts/Highlightr/Pod/Classes/CodeAttributedString.swift (in target 'Highlightr' from project 'Highlightr')
cd /Users/admin/builder/spi-builder-workspace/.swiftpm/xcode
builtin-swiftTaskExecution -- /Applications/Xcode-16.1.0.app/Contents/Developer/Toolchains/XcodeDefault.xctoolchain/usr/bin/swift-frontend -frontend -c /Users/admin/builder/spi-builder-workspace/.derivedData/Build/Intermediates.noindex/Highlightr.build/Debug-watchos/Highlightr.build/DerivedSources/resource_bundle_accessor.swift -primary-file /Users/admin/builder/spi-builder-workspace/.dependencies/checkouts/Highlightr/Pod/Classes/CodeAttributedString.swift /Users/admin/builder/spi-builder-workspace/.dependencies/checkouts/Highlightr/Pod/Classes/HTMLUtils.swift /Users/admin/builder/spi-builder-workspace/.dependencies/checkouts/Highlightr/Pod/Classes/Highlightr.swift /Users/admin/builder/spi-builder-workspace/.dependencies/checkouts/Highlightr/Pod/Classes/Shims.swift /Users/admin/builder/spi-builder-workspace/.dependencies/checkouts/Highlightr/Pod/Classes/Theme.swift -emit-dependencies-path /Users/admin/builder/spi-builder-workspace/.derivedData/Build/Intermediates.noindex/Highlightr.build/Debug-watchos/Highlightr.build/Objects-normal/arm64/CodeAttributedString.d -emit-const-values-path /Users/admin/builder/spi-builder-workspace/.derivedData/Build/Intermediates.noindex/Highlightr.build/Debug-watchos/Highlightr.build/Objects-normal/arm64/CodeAttributedString.swiftconstvalues -emit-reference-dependencies-path /Users/admin/builder/spi-builder-workspace/.derivedData/Build/Intermediates.noindex/Highlightr.build/Debug-watchos/Highlightr.build/Objects-normal/arm64/CodeAttributedString.swiftdeps -serialize-diagnostics-path /Users/admin/builder/spi-builder-workspace/.derivedData/Build/Intermediates.noindex/Highlightr.build/Debug-watchos/Highlightr.build/Objects-normal/arm64/CodeAttributedString.dia -target arm64-apple-watchos7.0 -Xllvm -aarch64-use-tbi -enable-objc-interop -stack-check -sdk /Applications/Xcode-16.1.0.app/Contents/Developer/Platforms/WatchOS.platform/Developer/SDKs/WatchOS11.1.sdk -I /Users/admin/builder/spi-builder-workspace/.derivedData/Build/Products/Debug-watchos -I /Applications/Xcode-16.1.0.app/Contents/Developer/Platforms/WatchOS.platform/Developer/usr/lib -F /Users/admin/builder/spi-builder-workspace/.derivedData/Build/Products/Debug-watchos -F /Applications/Xcode-16.1.0.app/Contents/Developer/Platforms/WatchOS.platform/Developer/Library/Frameworks -F /Applications/Xcode-16.1.0.app/Contents/Developer/Platforms/WatchOS.platform/Developer/SDKs/WatchOS11.1.sdk/Developer/Library/Frameworks -no-color-diagnostics -enable-testing -g -debug-info-format\=dwarf -dwarf-version\=4 -module-cache-path /Users/admin/builder/spi-builder-workspace/.derivedData/ModuleCache.noindex -suppress-warnings -swift-version 5 -enforce-exclusivity\=checked -stats-output-dir /Users/admin/builder/spi-builder-workspace/.swiftpm/xcode/.stats -Onone -D SWIFT_PACKAGE -D DEBUG -serialize-debugging-options -const-gather-protocols-file /Users/admin/builder/spi-builder-workspace/.derivedData/Build/Intermediates.noindex/Highlightr.build/Debug-watchos/Highlightr.build/Objects-normal/arm64/Highlightr_const_extract_protocols.json -enable-experimental-feature DebugDescriptionMacro -enable-experimental-feature OpaqueTypeErasure -strict-concurrency\=complete -empty-abi-descriptor -plugin-path /Applications/Xcode-16.1.0.app/Contents/Developer/Toolchains/XcodeDefault.xctoolchain/usr/lib/swift/host/plugins/testing -validate-clang-modules-once -clang-build-session-file /Users/admin/builder/spi-builder-workspace/.derivedData/ModuleCache.noindex/Session.modulevalidation -Xcc -working-directory -Xcc /Users/admin/builder/spi-builder-workspace/.swiftpm/xcode -resource-dir /Applications/Xcode-16.1.0.app/Contents/Developer/Toolchains/XcodeDefault.xctoolchain/usr/lib/swift -enable-anonymous-context-mangled-names -file-compilation-dir /Users/admin/builder/spi-builder-workspace/.swiftpm/xcode -Xcc -D_LIBCPP_HARDENING_MODE\=_LIBCPP_HARDENING_MODE_DEBUG -Xcc -ivfsstatcache -Xcc /Users/admin/builder/spi-builder-workspace/.derivedData/SDKStatCaches.noindex/watchos11.1-22R574-7b9df0bda16bb4641b33636c68f04660.sdkstatcache -Xcc -I/Users/admin/builder/spi-builder-workspace/.derivedData/Build/Intermediates.noindex/Highlightr.build/Debug-watchos/Highlightr.build/swift-overrides.hmap -Xcc -I/Users/admin/builder/spi-builder-workspace/.derivedData/Build/Products/Debug-watchos/include -Xcc -I/Users/admin/builder/spi-builder-workspace/.derivedData/Build/Intermediates.noindex/Highlightr.build/Debug-watchos/Highlightr.build/DerivedSources-normal/arm64 -Xcc -I/Users/admin/builder/spi-builder-workspace/.derivedData/Build/Intermediates.noindex/Highlightr.build/Debug-watchos/Highlightr.build/DerivedSources/arm64 -Xcc -I/Users/admin/builder/spi-builder-workspace/.derivedData/Build/Intermediates.noindex/Highlightr.build/Debug-watchos/Highlightr.build/DerivedSources -Xcc -DSWIFT_PACKAGE -Xcc -DDEBUG\=1 -module-name Highlightr -package-name highlightr -frontend-parseable-output -disable-clang-spi -target-sdk-version 11.1 -target-sdk-name watchos11.1 -external-plugin-path /Applications/Xcode-16.1.0.app/Contents/Developer/Platforms/WatchOS.platform/Developer/usr/lib/swift/host/plugins\#/Applications/Xcode-16.1.0.app/Contents/Developer/Platforms/WatchOS.platform/Developer/usr/bin/swift-plugin-server -external-plugin-path /Applications/Xcode-16.1.0.app/Contents/Developer/Platforms/WatchOS.platform/Developer/usr/local/lib/swift/host/plugins\#/Applications/Xcode-16.1.0.app/Contents/Developer/Platforms/WatchOS.platform/Developer/usr/bin/swift-plugin-server -plugin-path /Applications/Xcode-16.1.0.app/Contents/Developer/Toolchains/XcodeDefault.xctoolchain/usr/lib/swift/host/plugins -plugin-path /Applications/Xcode-16.1.0.app/Contents/Developer/Toolchains/XcodeDefault.xctoolchain/usr/local/lib/swift/host/plugins -o /Users/admin/builder/spi-builder-workspace/.derivedData/Build/Intermediates.noindex/Highlightr.build/Debug-watchos/Highlightr.build/Objects-normal/arm64/CodeAttributedString.o -index-unit-output-path /Highlightr.build/Debug-watchos/Highlightr.build/Objects-normal/arm64/CodeAttributedString.o -index-store-path /Users/admin/builder/spi-builder-workspace/.derivedData/Index.noindex/DataStore -index-system-modules
SwiftCompile normal arm64 /Users/admin/builder/spi-builder-workspace/.dependencies/checkouts/Highlightr/Pod/Classes/CodeAttributedString.swift (in target 'Highlightr' from project 'Highlightr')
cd /Users/admin/builder/spi-builder-workspace/.swiftpm/xcode
/Applications/Xcode-16.1.0.app/Contents/Developer/Toolchains/XcodeDefault.xctoolchain/usr/bin/swift-frontend -c /Users/admin/builder/spi-builder-workspace/.derivedData/Build/Intermediates.noindex/Highlightr.build/Debug-watchos/Highlightr.build/DerivedSources/resource_bundle_accessor.swift -primary-file /Users/admin/builder/spi-builder-workspace/.dependencies/checkouts/Highlightr/Pod/Classes/CodeAttributedString.swift /Users/admin/builder/spi-builder-workspace/.dependencies/checkouts/Highlightr/Pod/Classes/HTMLUtils.swift /Users/admin/builder/spi-builder-workspace/.dependencies/checkouts/Highlightr/Pod/Classes/Highlightr.swift /Users/admin/builder/spi-builder-workspace/.dependencies/checkouts/Highlightr/Pod/Classes/Shims.swift /Users/admin/builder/spi-builder-workspace/.dependencies/checkouts/Highlightr/Pod/Classes/Theme.swift -emit-dependencies-path /Users/admin/builder/spi-builder-workspace/.derivedData/Build/Intermediates.noindex/Highlightr.build/Debug-watchos/Highlightr.build/Objects-normal/arm64/CodeAttributedString.d -emit-const-values-path /Users/admin/builder/spi-builder-workspace/.derivedData/Build/Intermediates.noindex/Highlightr.build/Debug-watchos/Highlightr.build/Objects-normal/arm64/CodeAttributedString.swiftconstvalues -emit-reference-dependencies-path /Users/admin/builder/spi-builder-workspace/.derivedData/Build/Intermediates.noindex/Highlightr.build/Debug-watchos/Highlightr.build/Objects-normal/arm64/CodeAttributedString.swiftdeps -serialize-diagnostics-path /Users/admin/builder/spi-builder-workspace/.derivedData/Build/Intermediates.noindex/Highlightr.build/Debug-watchos/Highlightr.build/Objects-normal/arm64/CodeAttributedString.dia -target arm64-apple-watchos7.0 -Xllvm -aarch64-use-tbi -enable-objc-interop -stack-check -sdk /Applications/Xcode-16.1.0.app/Contents/Developer/Platforms/WatchOS.platform/Developer/SDKs/WatchOS11.1.sdk -I /Users/admin/builder/spi-builder-workspace/.derivedData/Build/Products/Debug-watchos -I /Applications/Xcode-16.1.0.app/Contents/Developer/Platforms/WatchOS.platform/Developer/usr/lib -F /Users/admin/builder/spi-builder-workspace/.derivedData/Build/Products/Debug-watchos -F /Applications/Xcode-16.1.0.app/Contents/Developer/Platforms/WatchOS.platform/Developer/Library/Frameworks -F /Applications/Xcode-16.1.0.app/Contents/Developer/Platforms/WatchOS.platform/Developer/SDKs/WatchOS11.1.sdk/Developer/Library/Frameworks -no-color-diagnostics -enable-testing -g -debug-info-format\=dwarf -dwarf-version\=4 -module-cache-path /Users/admin/builder/spi-builder-workspace/.derivedData/ModuleCache.noindex -suppress-warnings -swift-version 5 -enforce-exclusivity\=checked -stats-output-dir /Users/admin/builder/spi-builder-workspace/.swiftpm/xcode/.stats -Onone -D SWIFT_PACKAGE -D DEBUG -serialize-debugging-options -const-gather-protocols-file /Users/admin/builder/spi-builder-workspace/.derivedData/Build/Intermediates.noindex/Highlightr.build/Debug-watchos/Highlightr.build/Objects-normal/arm64/Highlightr_const_extract_protocols.json -enable-experimental-feature DebugDescriptionMacro -enable-experimental-feature OpaqueTypeErasure -strict-concurrency\=complete -empty-abi-descriptor -plugin-path /Applications/Xcode-16.1.0.app/Contents/Developer/Toolchains/XcodeDefault.xctoolchain/usr/lib/swift/host/plugins/testing -validate-clang-modules-once -clang-build-session-file /Users/admin/builder/spi-builder-workspace/.derivedData/ModuleCache.noindex/Session.modulevalidation -Xcc -working-directory -Xcc /Users/admin/builder/spi-builder-workspace/.swiftpm/xcode -resource-dir /Applications/Xcode-16.1.0.app/Contents/Developer/Toolchains/XcodeDefault.xctoolchain/usr/lib/swift -enable-anonymous-context-mangled-names -file-compilation-dir /Users/admin/builder/spi-builder-workspace/.swiftpm/xcode -Xcc -D_LIBCPP_HARDENING_MODE\=_LIBCPP_HARDENING_MODE_DEBUG -Xcc -ivfsstatcache -Xcc /Users/admin/builder/spi-builder-workspace/.derivedData/SDKStatCaches.noindex/watchos11.1-22R574-7b9df0bda16bb4641b33636c68f04660.sdkstatcache -Xcc -I/Users/admin/builder/spi-builder-workspace/.derivedData/Build/Intermediates.noindex/Highlightr.build/Debug-watchos/Highlightr.build/swift-overrides.hmap -Xcc -I/Users/admin/builder/spi-builder-workspace/.derivedData/Build/Products/Debug-watchos/include -Xcc -I/Users/admin/builder/spi-builder-workspace/.derivedData/Build/Intermediates.noindex/Highlightr.build/Debug-watchos/Highlightr.build/DerivedSources-normal/arm64 -Xcc -I/Users/admin/builder/spi-builder-workspace/.derivedData/Build/Intermediates.noindex/Highlightr.build/Debug-watchos/Highlightr.build/DerivedSources/arm64 -Xcc -I/Users/admin/builder/spi-builder-workspace/.derivedData/Build/Intermediates.noindex/Highlightr.build/Debug-watchos/Highlightr.build/DerivedSources -Xcc -DSWIFT_PACKAGE -Xcc -DDEBUG\=1 -module-name Highlightr -package-name highlightr -frontend-parseable-output -disable-clang-spi -target-sdk-version 11.1 -target-sdk-name watchos11.1 -external-plugin-path /Applications/Xcode-16.1.0.app/Contents/Developer/Platforms/WatchOS.platform/Developer/usr/lib/swift/host/plugins\#/Applications/Xcode-16.1.0.app/Contents/Developer/Platforms/WatchOS.platform/Developer/usr/bin/swift-plugin-server -external-plugin-path /Applications/Xcode-16.1.0.app/Contents/Developer/Platforms/WatchOS.platform/Developer/usr/local/lib/swift/host/plugins\#/Applications/Xcode-16.1.0.app/Contents/Developer/Platforms/WatchOS.platform/Developer/usr/bin/swift-plugin-server -plugin-path /Applications/Xcode-16.1.0.app/Contents/Developer/Toolchains/XcodeDefault.xctoolchain/usr/lib/swift/host/plugins -plugin-path /Applications/Xcode-16.1.0.app/Contents/Developer/Toolchains/XcodeDefault.xctoolchain/usr/local/lib/swift/host/plugins -o /Users/admin/builder/spi-builder-workspace/.derivedData/Build/Intermediates.noindex/Highlightr.build/Debug-watchos/Highlightr.build/Objects-normal/arm64/CodeAttributedString.o -index-unit-output-path /Highlightr.build/Debug-watchos/Highlightr.build/Objects-normal/arm64/CodeAttributedString.o -index-store-path /Users/admin/builder/spi-builder-workspace/.derivedData/Index.noindex/DataStore -index-system-modules
SwiftCompile normal arm64 Compiling\ resource_bundle_accessor.swift /Users/admin/builder/spi-builder-workspace/.derivedData/Build/Intermediates.noindex/Highlightr.build/Debug-watchos/Highlightr.build/DerivedSources/resource_bundle_accessor.swift (in target 'Highlightr' from project 'Highlightr')
cd /Users/admin/builder/spi-builder-workspace/.swiftpm/xcode
builtin-swiftTaskExecution -- /Applications/Xcode-16.1.0.app/Contents/Developer/Toolchains/XcodeDefault.xctoolchain/usr/bin/swift-frontend -frontend -c -primary-file /Users/admin/builder/spi-builder-workspace/.derivedData/Build/Intermediates.noindex/Highlightr.build/Debug-watchos/Highlightr.build/DerivedSources/resource_bundle_accessor.swift /Users/admin/builder/spi-builder-workspace/.dependencies/checkouts/Highlightr/Pod/Classes/CodeAttributedString.swift /Users/admin/builder/spi-builder-workspace/.dependencies/checkouts/Highlightr/Pod/Classes/HTMLUtils.swift /Users/admin/builder/spi-builder-workspace/.dependencies/checkouts/Highlightr/Pod/Classes/Highlightr.swift /Users/admin/builder/spi-builder-workspace/.dependencies/checkouts/Highlightr/Pod/Classes/Shims.swift /Users/admin/builder/spi-builder-workspace/.dependencies/checkouts/Highlightr/Pod/Classes/Theme.swift -emit-dependencies-path /Users/admin/builder/spi-builder-workspace/.derivedData/Build/Intermediates.noindex/Highlightr.build/Debug-watchos/Highlightr.build/Objects-normal/arm64/resource_bundle_accessor.d -emit-const-values-path /Users/admin/builder/spi-builder-workspace/.derivedData/Build/Intermediates.noindex/Highlightr.build/Debug-watchos/Highlightr.build/Objects-normal/arm64/resource_bundle_accessor.swiftconstvalues -emit-reference-dependencies-path /Users/admin/builder/spi-builder-workspace/.derivedData/Build/Intermediates.noindex/Highlightr.build/Debug-watchos/Highlightr.build/Objects-normal/arm64/resource_bundle_accessor.swiftdeps -serialize-diagnostics-path /Users/admin/builder/spi-builder-workspace/.derivedData/Build/Intermediates.noindex/Highlightr.build/Debug-watchos/Highlightr.build/Objects-normal/arm64/resource_bundle_accessor.dia -target arm64-apple-watchos7.0 -Xllvm -aarch64-use-tbi -enable-objc-interop -stack-check -sdk /Applications/Xcode-16.1.0.app/Contents/Developer/Platforms/WatchOS.platform/Developer/SDKs/WatchOS11.1.sdk -I /Users/admin/builder/spi-builder-workspace/.derivedData/Build/Products/Debug-watchos -I /Applications/Xcode-16.1.0.app/Contents/Developer/Platforms/WatchOS.platform/Developer/usr/lib -F /Users/admin/builder/spi-builder-workspace/.derivedData/Build/Products/Debug-watchos -F /Applications/Xcode-16.1.0.app/Contents/Developer/Platforms/WatchOS.platform/Developer/Library/Frameworks -F /Applications/Xcode-16.1.0.app/Contents/Developer/Platforms/WatchOS.platform/Developer/SDKs/WatchOS11.1.sdk/Developer/Library/Frameworks -no-color-diagnostics -enable-testing -g -debug-info-format\=dwarf -dwarf-version\=4 -module-cache-path /Users/admin/builder/spi-builder-workspace/.derivedData/ModuleCache.noindex -suppress-warnings -swift-version 5 -enforce-exclusivity\=checked -stats-output-dir /Users/admin/builder/spi-builder-workspace/.swiftpm/xcode/.stats -Onone -D SWIFT_PACKAGE -D DEBUG -serialize-debugging-options -const-gather-protocols-file /Users/admin/builder/spi-builder-workspace/.derivedData/Build/Intermediates.noindex/Highlightr.build/Debug-watchos/Highlightr.build/Objects-normal/arm64/Highlightr_const_extract_protocols.json -enable-experimental-feature DebugDescriptionMacro -enable-experimental-feature OpaqueTypeErasure -strict-concurrency\=complete -empty-abi-descriptor -plugin-path /Applications/Xcode-16.1.0.app/Contents/Developer/Toolchains/XcodeDefault.xctoolchain/usr/lib/swift/host/plugins/testing -validate-clang-modules-once -clang-build-session-file /Users/admin/builder/spi-builder-workspace/.derivedData/ModuleCache.noindex/Session.modulevalidation -Xcc -working-directory -Xcc /Users/admin/builder/spi-builder-workspace/.swiftpm/xcode -resource-dir /Applications/Xcode-16.1.0.app/Contents/Developer/Toolchains/XcodeDefault.xctoolchain/usr/lib/swift -enable-anonymous-context-mangled-names -file-compilation-dir /Users/admin/builder/spi-builder-workspace/.swiftpm/xcode -Xcc -D_LIBCPP_HARDENING_MODE\=_LIBCPP_HARDENING_MODE_DEBUG -Xcc -ivfsstatcache -Xcc /Users/admin/builder/spi-builder-workspace/.derivedData/SDKStatCaches.noindex/watchos11.1-22R574-7b9df0bda16bb4641b33636c68f04660.sdkstatcache -Xcc -I/Users/admin/builder/spi-builder-workspace/.derivedData/Build/Intermediates.noindex/Highlightr.build/Debug-watchos/Highlightr.build/swift-overrides.hmap -Xcc -I/Users/admin/builder/spi-builder-workspace/.derivedData/Build/Products/Debug-watchos/include -Xcc -I/Users/admin/builder/spi-builder-workspace/.derivedData/Build/Intermediates.noindex/Highlightr.build/Debug-watchos/Highlightr.build/DerivedSources-normal/arm64 -Xcc -I/Users/admin/builder/spi-builder-workspace/.derivedData/Build/Intermediates.noindex/Highlightr.build/Debug-watchos/Highlightr.build/DerivedSources/arm64 -Xcc -I/Users/admin/builder/spi-builder-workspace/.derivedData/Build/Intermediates.noindex/Highlightr.build/Debug-watchos/Highlightr.build/DerivedSources -Xcc -DSWIFT_PACKAGE -Xcc -DDEBUG\=1 -module-name Highlightr -package-name highlightr -frontend-parseable-output -disable-clang-spi -target-sdk-version 11.1 -target-sdk-name watchos11.1 -external-plugin-path /Applications/Xcode-16.1.0.app/Contents/Developer/Platforms/WatchOS.platform/Developer/usr/lib/swift/host/plugins\#/Applications/Xcode-16.1.0.app/Contents/Developer/Platforms/WatchOS.platform/Developer/usr/bin/swift-plugin-server -external-plugin-path /Applications/Xcode-16.1.0.app/Contents/Developer/Platforms/WatchOS.platform/Developer/usr/local/lib/swift/host/plugins\#/Applications/Xcode-16.1.0.app/Contents/Developer/Platforms/WatchOS.platform/Developer/usr/bin/swift-plugin-server -plugin-path /Applications/Xcode-16.1.0.app/Contents/Developer/Toolchains/XcodeDefault.xctoolchain/usr/lib/swift/host/plugins -plugin-path /Applications/Xcode-16.1.0.app/Contents/Developer/Toolchains/XcodeDefault.xctoolchain/usr/local/lib/swift/host/plugins -o /Users/admin/builder/spi-builder-workspace/.derivedData/Build/Intermediates.noindex/Highlightr.build/Debug-watchos/Highlightr.build/Objects-normal/arm64/resource_bundle_accessor.o -index-unit-output-path /Highlightr.build/Debug-watchos/Highlightr.build/Objects-normal/arm64/resource_bundle_accessor.o -index-store-path /Users/admin/builder/spi-builder-workspace/.derivedData/Index.noindex/DataStore -index-system-modules
SwiftCompile normal arm64 /Users/admin/builder/spi-builder-workspace/.derivedData/Build/Intermediates.noindex/Highlightr.build/Debug-watchos/Highlightr.build/DerivedSources/resource_bundle_accessor.swift (in target 'Highlightr' from project 'Highlightr')
cd /Users/admin/builder/spi-builder-workspace/.swiftpm/xcode
/Applications/Xcode-16.1.0.app/Contents/Developer/Toolchains/XcodeDefault.xctoolchain/usr/bin/swift-frontend -c -primary-file /Users/admin/builder/spi-builder-workspace/.derivedData/Build/Intermediates.noindex/Highlightr.build/Debug-watchos/Highlightr.build/DerivedSources/resource_bundle_accessor.swift /Users/admin/builder/spi-builder-workspace/.dependencies/checkouts/Highlightr/Pod/Classes/CodeAttributedString.swift /Users/admin/builder/spi-builder-workspace/.dependencies/checkouts/Highlightr/Pod/Classes/HTMLUtils.swift /Users/admin/builder/spi-builder-workspace/.dependencies/checkouts/Highlightr/Pod/Classes/Highlightr.swift /Users/admin/builder/spi-builder-workspace/.dependencies/checkouts/Highlightr/Pod/Classes/Shims.swift /Users/admin/builder/spi-builder-workspace/.dependencies/checkouts/Highlightr/Pod/Classes/Theme.swift -emit-dependencies-path /Users/admin/builder/spi-builder-workspace/.derivedData/Build/Intermediates.noindex/Highlightr.build/Debug-watchos/Highlightr.build/Objects-normal/arm64/resource_bundle_accessor.d -emit-const-values-path /Users/admin/builder/spi-builder-workspace/.derivedData/Build/Intermediates.noindex/Highlightr.build/Debug-watchos/Highlightr.build/Objects-normal/arm64/resource_bundle_accessor.swiftconstvalues -emit-reference-dependencies-path /Users/admin/builder/spi-builder-workspace/.derivedData/Build/Intermediates.noindex/Highlightr.build/Debug-watchos/Highlightr.build/Objects-normal/arm64/resource_bundle_accessor.swiftdeps -serialize-diagnostics-path /Users/admin/builder/spi-builder-workspace/.derivedData/Build/Intermediates.noindex/Highlightr.build/Debug-watchos/Highlightr.build/Objects-normal/arm64/resource_bundle_accessor.dia -target arm64-apple-watchos7.0 -Xllvm -aarch64-use-tbi -enable-objc-interop -stack-check -sdk /Applications/Xcode-16.1.0.app/Contents/Developer/Platforms/WatchOS.platform/Developer/SDKs/WatchOS11.1.sdk -I /Users/admin/builder/spi-builder-workspace/.derivedData/Build/Products/Debug-watchos -I /Applications/Xcode-16.1.0.app/Contents/Developer/Platforms/WatchOS.platform/Developer/usr/lib -F /Users/admin/builder/spi-builder-workspace/.derivedData/Build/Products/Debug-watchos -F /Applications/Xcode-16.1.0.app/Contents/Developer/Platforms/WatchOS.platform/Developer/Library/Frameworks -F /Applications/Xcode-16.1.0.app/Contents/Developer/Platforms/WatchOS.platform/Developer/SDKs/WatchOS11.1.sdk/Developer/Library/Frameworks -no-color-diagnostics -enable-testing -g -debug-info-format\=dwarf -dwarf-version\=4 -module-cache-path /Users/admin/builder/spi-builder-workspace/.derivedData/ModuleCache.noindex -suppress-warnings -swift-version 5 -enforce-exclusivity\=checked -stats-output-dir /Users/admin/builder/spi-builder-workspace/.swiftpm/xcode/.stats -Onone -D SWIFT_PACKAGE -D DEBUG -serialize-debugging-options -const-gather-protocols-file /Users/admin/builder/spi-builder-workspace/.derivedData/Build/Intermediates.noindex/Highlightr.build/Debug-watchos/Highlightr.build/Objects-normal/arm64/Highlightr_const_extract_protocols.json -enable-experimental-feature DebugDescriptionMacro -enable-experimental-feature OpaqueTypeErasure -strict-concurrency\=complete -empty-abi-descriptor -plugin-path /Applications/Xcode-16.1.0.app/Contents/Developer/Toolchains/XcodeDefault.xctoolchain/usr/lib/swift/host/plugins/testing -validate-clang-modules-once -clang-build-session-file /Users/admin/builder/spi-builder-workspace/.derivedData/ModuleCache.noindex/Session.modulevalidation -Xcc -working-directory -Xcc /Users/admin/builder/spi-builder-workspace/.swiftpm/xcode -resource-dir /Applications/Xcode-16.1.0.app/Contents/Developer/Toolchains/XcodeDefault.xctoolchain/usr/lib/swift -enable-anonymous-context-mangled-names -file-compilation-dir /Users/admin/builder/spi-builder-workspace/.swiftpm/xcode -Xcc -D_LIBCPP_HARDENING_MODE\=_LIBCPP_HARDENING_MODE_DEBUG -Xcc -ivfsstatcache -Xcc /Users/admin/builder/spi-builder-workspace/.derivedData/SDKStatCaches.noindex/watchos11.1-22R574-7b9df0bda16bb4641b33636c68f04660.sdkstatcache -Xcc -I/Users/admin/builder/spi-builder-workspace/.derivedData/Build/Intermediates.noindex/Highlightr.build/Debug-watchos/Highlightr.build/swift-overrides.hmap -Xcc -I/Users/admin/builder/spi-builder-workspace/.derivedData/Build/Products/Debug-watchos/include -Xcc -I/Users/admin/builder/spi-builder-workspace/.derivedData/Build/Intermediates.noindex/Highlightr.build/Debug-watchos/Highlightr.build/DerivedSources-normal/arm64 -Xcc -I/Users/admin/builder/spi-builder-workspace/.derivedData/Build/Intermediates.noindex/Highlightr.build/Debug-watchos/Highlightr.build/DerivedSources/arm64 -Xcc -I/Users/admin/builder/spi-builder-workspace/.derivedData/Build/Intermediates.noindex/Highlightr.build/Debug-watchos/Highlightr.build/DerivedSources -Xcc -DSWIFT_PACKAGE -Xcc -DDEBUG\=1 -module-name Highlightr -package-name highlightr -frontend-parseable-output -disable-clang-spi -target-sdk-version 11.1 -target-sdk-name watchos11.1 -external-plugin-path /Applications/Xcode-16.1.0.app/Contents/Developer/Platforms/WatchOS.platform/Developer/usr/lib/swift/host/plugins\#/Applications/Xcode-16.1.0.app/Contents/Developer/Platforms/WatchOS.platform/Developer/usr/bin/swift-plugin-server -external-plugin-path /Applications/Xcode-16.1.0.app/Contents/Developer/Platforms/WatchOS.platform/Developer/usr/local/lib/swift/host/plugins\#/Applications/Xcode-16.1.0.app/Contents/Developer/Platforms/WatchOS.platform/Developer/usr/bin/swift-plugin-server -plugin-path /Applications/Xcode-16.1.0.app/Contents/Developer/Toolchains/XcodeDefault.xctoolchain/usr/lib/swift/host/plugins -plugin-path /Applications/Xcode-16.1.0.app/Contents/Developer/Toolchains/XcodeDefault.xctoolchain/usr/local/lib/swift/host/plugins -o /Users/admin/builder/spi-builder-workspace/.derivedData/Build/Intermediates.noindex/Highlightr.build/Debug-watchos/Highlightr.build/Objects-normal/arm64/resource_bundle_accessor.o -index-unit-output-path /Highlightr.build/Debug-watchos/Highlightr.build/Objects-normal/arm64/resource_bundle_accessor.o -index-store-path /Users/admin/builder/spi-builder-workspace/.derivedData/Index.noindex/DataStore -index-system-modules
SwiftCompile normal arm64 Compiling\ Theme.swift /Users/admin/builder/spi-builder-workspace/.dependencies/checkouts/Highlightr/Pod/Classes/Theme.swift (in target 'Highlightr' from project 'Highlightr')
cd /Users/admin/builder/spi-builder-workspace/.swiftpm/xcode
builtin-swiftTaskExecution -- /Applications/Xcode-16.1.0.app/Contents/Developer/Toolchains/XcodeDefault.xctoolchain/usr/bin/swift-frontend -frontend -c /Users/admin/builder/spi-builder-workspace/.derivedData/Build/Intermediates.noindex/Highlightr.build/Debug-watchos/Highlightr.build/DerivedSources/resource_bundle_accessor.swift /Users/admin/builder/spi-builder-workspace/.dependencies/checkouts/Highlightr/Pod/Classes/CodeAttributedString.swift /Users/admin/builder/spi-builder-workspace/.dependencies/checkouts/Highlightr/Pod/Classes/HTMLUtils.swift /Users/admin/builder/spi-builder-workspace/.dependencies/checkouts/Highlightr/Pod/Classes/Highlightr.swift /Users/admin/builder/spi-builder-workspace/.dependencies/checkouts/Highlightr/Pod/Classes/Shims.swift -primary-file /Users/admin/builder/spi-builder-workspace/.dependencies/checkouts/Highlightr/Pod/Classes/Theme.swift -emit-dependencies-path /Users/admin/builder/spi-builder-workspace/.derivedData/Build/Intermediates.noindex/Highlightr.build/Debug-watchos/Highlightr.build/Objects-normal/arm64/Theme.d -emit-const-values-path /Users/admin/builder/spi-builder-workspace/.derivedData/Build/Intermediates.noindex/Highlightr.build/Debug-watchos/Highlightr.build/Objects-normal/arm64/Theme.swiftconstvalues -emit-reference-dependencies-path /Users/admin/builder/spi-builder-workspace/.derivedData/Build/Intermediates.noindex/Highlightr.build/Debug-watchos/Highlightr.build/Objects-normal/arm64/Theme.swiftdeps -serialize-diagnostics-path /Users/admin/builder/spi-builder-workspace/.derivedData/Build/Intermediates.noindex/Highlightr.build/Debug-watchos/Highlightr.build/Objects-normal/arm64/Theme.dia -target arm64-apple-watchos7.0 -Xllvm -aarch64-use-tbi -enable-objc-interop -stack-check -sdk /Applications/Xcode-16.1.0.app/Contents/Developer/Platforms/WatchOS.platform/Developer/SDKs/WatchOS11.1.sdk -I /Users/admin/builder/spi-builder-workspace/.derivedData/Build/Products/Debug-watchos -I /Applications/Xcode-16.1.0.app/Contents/Developer/Platforms/WatchOS.platform/Developer/usr/lib -F /Users/admin/builder/spi-builder-workspace/.derivedData/Build/Products/Debug-watchos -F /Applications/Xcode-16.1.0.app/Contents/Developer/Platforms/WatchOS.platform/Developer/Library/Frameworks -F /Applications/Xcode-16.1.0.app/Contents/Developer/Platforms/WatchOS.platform/Developer/SDKs/WatchOS11.1.sdk/Developer/Library/Frameworks -no-color-diagnostics -enable-testing -g -debug-info-format\=dwarf -dwarf-version\=4 -module-cache-path /Users/admin/builder/spi-builder-workspace/.derivedData/ModuleCache.noindex -suppress-warnings -swift-version 5 -enforce-exclusivity\=checked -stats-output-dir /Users/admin/builder/spi-builder-workspace/.swiftpm/xcode/.stats -Onone -D SWIFT_PACKAGE -D DEBUG -serialize-debugging-options -const-gather-protocols-file /Users/admin/builder/spi-builder-workspace/.derivedData/Build/Intermediates.noindex/Highlightr.build/Debug-watchos/Highlightr.build/Objects-normal/arm64/Highlightr_const_extract_protocols.json -enable-experimental-feature DebugDescriptionMacro -enable-experimental-feature OpaqueTypeErasure -strict-concurrency\=complete -empty-abi-descriptor -plugin-path /Applications/Xcode-16.1.0.app/Contents/Developer/Toolchains/XcodeDefault.xctoolchain/usr/lib/swift/host/plugins/testing -validate-clang-modules-once -clang-build-session-file /Users/admin/builder/spi-builder-workspace/.derivedData/ModuleCache.noindex/Session.modulevalidation -Xcc -working-directory -Xcc /Users/admin/builder/spi-builder-workspace/.swiftpm/xcode -resource-dir /Applications/Xcode-16.1.0.app/Contents/Developer/Toolchains/XcodeDefault.xctoolchain/usr/lib/swift -enable-anonymous-context-mangled-names -file-compilation-dir /Users/admin/builder/spi-builder-workspace/.swiftpm/xcode -Xcc -D_LIBCPP_HARDENING_MODE\=_LIBCPP_HARDENING_MODE_DEBUG -Xcc -ivfsstatcache -Xcc /Users/admin/builder/spi-builder-workspace/.derivedData/SDKStatCaches.noindex/watchos11.1-22R574-7b9df0bda16bb4641b33636c68f04660.sdkstatcache -Xcc -I/Users/admin/builder/spi-builder-workspace/.derivedData/Build/Intermediates.noindex/Highlightr.build/Debug-watchos/Highlightr.build/swift-overrides.hmap -Xcc -I/Users/admin/builder/spi-builder-workspace/.derivedData/Build/Products/Debug-watchos/include -Xcc -I/Users/admin/builder/spi-builder-workspace/.derivedData/Build/Intermediates.noindex/Highlightr.build/Debug-watchos/Highlightr.build/DerivedSources-normal/arm64 -Xcc -I/Users/admin/builder/spi-builder-workspace/.derivedData/Build/Intermediates.noindex/Highlightr.build/Debug-watchos/Highlightr.build/DerivedSources/arm64 -Xcc -I/Users/admin/builder/spi-builder-workspace/.derivedData/Build/Intermediates.noindex/Highlightr.build/Debug-watchos/Highlightr.build/DerivedSources -Xcc -DSWIFT_PACKAGE -Xcc -DDEBUG\=1 -module-name Highlightr -package-name highlightr -frontend-parseable-output -disable-clang-spi -target-sdk-version 11.1 -target-sdk-name watchos11.1 -external-plugin-path /Applications/Xcode-16.1.0.app/Contents/Developer/Platforms/WatchOS.platform/Developer/usr/lib/swift/host/plugins\#/Applications/Xcode-16.1.0.app/Contents/Developer/Platforms/WatchOS.platform/Developer/usr/bin/swift-plugin-server -external-plugin-path /Applications/Xcode-16.1.0.app/Contents/Developer/Platforms/WatchOS.platform/Developer/usr/local/lib/swift/host/plugins\#/Applications/Xcode-16.1.0.app/Contents/Developer/Platforms/WatchOS.platform/Developer/usr/bin/swift-plugin-server -plugin-path /Applications/Xcode-16.1.0.app/Contents/Developer/Toolchains/XcodeDefault.xctoolchain/usr/lib/swift/host/plugins -plugin-path /Applications/Xcode-16.1.0.app/Contents/Developer/Toolchains/XcodeDefault.xctoolchain/usr/local/lib/swift/host/plugins -o /Users/admin/builder/spi-builder-workspace/.derivedData/Build/Intermediates.noindex/Highlightr.build/Debug-watchos/Highlightr.build/Objects-normal/arm64/Theme.o -index-unit-output-path /Highlightr.build/Debug-watchos/Highlightr.build/Objects-normal/arm64/Theme.o -index-store-path /Users/admin/builder/spi-builder-workspace/.derivedData/Index.noindex/DataStore -index-system-modules
SwiftCompile normal arm64 /Users/admin/builder/spi-builder-workspace/.dependencies/checkouts/Highlightr/Pod/Classes/Theme.swift (in target 'Highlightr' from project 'Highlightr')
cd /Users/admin/builder/spi-builder-workspace/.swiftpm/xcode
/Applications/Xcode-16.1.0.app/Contents/Developer/Toolchains/XcodeDefault.xctoolchain/usr/bin/swift-frontend -c /Users/admin/builder/spi-builder-workspace/.derivedData/Build/Intermediates.noindex/Highlightr.build/Debug-watchos/Highlightr.build/DerivedSources/resource_bundle_accessor.swift /Users/admin/builder/spi-builder-workspace/.dependencies/checkouts/Highlightr/Pod/Classes/CodeAttributedString.swift /Users/admin/builder/spi-builder-workspace/.dependencies/checkouts/Highlightr/Pod/Classes/HTMLUtils.swift /Users/admin/builder/spi-builder-workspace/.dependencies/checkouts/Highlightr/Pod/Classes/Highlightr.swift /Users/admin/builder/spi-builder-workspace/.dependencies/checkouts/Highlightr/Pod/Classes/Shims.swift -primary-file /Users/admin/builder/spi-builder-workspace/.dependencies/checkouts/Highlightr/Pod/Classes/Theme.swift -emit-dependencies-path /Users/admin/builder/spi-builder-workspace/.derivedData/Build/Intermediates.noindex/Highlightr.build/Debug-watchos/Highlightr.build/Objects-normal/arm64/Theme.d -emit-const-values-path /Users/admin/builder/spi-builder-workspace/.derivedData/Build/Intermediates.noindex/Highlightr.build/Debug-watchos/Highlightr.build/Objects-normal/arm64/Theme.swiftconstvalues -emit-reference-dependencies-path /Users/admin/builder/spi-builder-workspace/.derivedData/Build/Intermediates.noindex/Highlightr.build/Debug-watchos/Highlightr.build/Objects-normal/arm64/Theme.swiftdeps -serialize-diagnostics-path /Users/admin/builder/spi-builder-workspace/.derivedData/Build/Intermediates.noindex/Highlightr.build/Debug-watchos/Highlightr.build/Objects-normal/arm64/Theme.dia -target arm64-apple-watchos7.0 -Xllvm -aarch64-use-tbi -enable-objc-interop -stack-check -sdk /Applications/Xcode-16.1.0.app/Contents/Developer/Platforms/WatchOS.platform/Developer/SDKs/WatchOS11.1.sdk -I /Users/admin/builder/spi-builder-workspace/.derivedData/Build/Products/Debug-watchos -I /Applications/Xcode-16.1.0.app/Contents/Developer/Platforms/WatchOS.platform/Developer/usr/lib -F /Users/admin/builder/spi-builder-workspace/.derivedData/Build/Products/Debug-watchos -F /Applications/Xcode-16.1.0.app/Contents/Developer/Platforms/WatchOS.platform/Developer/Library/Frameworks -F /Applications/Xcode-16.1.0.app/Contents/Developer/Platforms/WatchOS.platform/Developer/SDKs/WatchOS11.1.sdk/Developer/Library/Frameworks -no-color-diagnostics -enable-testing -g -debug-info-format\=dwarf -dwarf-version\=4 -module-cache-path /Users/admin/builder/spi-builder-workspace/.derivedData/ModuleCache.noindex -suppress-warnings -swift-version 5 -enforce-exclusivity\=checked -stats-output-dir /Users/admin/builder/spi-builder-workspace/.swiftpm/xcode/.stats -Onone -D SWIFT_PACKAGE -D DEBUG -serialize-debugging-options -const-gather-protocols-file /Users/admin/builder/spi-builder-workspace/.derivedData/Build/Intermediates.noindex/Highlightr.build/Debug-watchos/Highlightr.build/Objects-normal/arm64/Highlightr_const_extract_protocols.json -enable-experimental-feature DebugDescriptionMacro -enable-experimental-feature OpaqueTypeErasure -strict-concurrency\=complete -empty-abi-descriptor -plugin-path /Applications/Xcode-16.1.0.app/Contents/Developer/Toolchains/XcodeDefault.xctoolchain/usr/lib/swift/host/plugins/testing -validate-clang-modules-once -clang-build-session-file /Users/admin/builder/spi-builder-workspace/.derivedData/ModuleCache.noindex/Session.modulevalidation -Xcc -working-directory -Xcc /Users/admin/builder/spi-builder-workspace/.swiftpm/xcode -resource-dir /Applications/Xcode-16.1.0.app/Contents/Developer/Toolchains/XcodeDefault.xctoolchain/usr/lib/swift -enable-anonymous-context-mangled-names -file-compilation-dir /Users/admin/builder/spi-builder-workspace/.swiftpm/xcode -Xcc -D_LIBCPP_HARDENING_MODE\=_LIBCPP_HARDENING_MODE_DEBUG -Xcc -ivfsstatcache -Xcc /Users/admin/builder/spi-builder-workspace/.derivedData/SDKStatCaches.noindex/watchos11.1-22R574-7b9df0bda16bb4641b33636c68f04660.sdkstatcache -Xcc -I/Users/admin/builder/spi-builder-workspace/.derivedData/Build/Intermediates.noindex/Highlightr.build/Debug-watchos/Highlightr.build/swift-overrides.hmap -Xcc -I/Users/admin/builder/spi-builder-workspace/.derivedData/Build/Products/Debug-watchos/include -Xcc -I/Users/admin/builder/spi-builder-workspace/.derivedData/Build/Intermediates.noindex/Highlightr.build/Debug-watchos/Highlightr.build/DerivedSources-normal/arm64 -Xcc -I/Users/admin/builder/spi-builder-workspace/.derivedData/Build/Intermediates.noindex/Highlightr.build/Debug-watchos/Highlightr.build/DerivedSources/arm64 -Xcc -I/Users/admin/builder/spi-builder-workspace/.derivedData/Build/Intermediates.noindex/Highlightr.build/Debug-watchos/Highlightr.build/DerivedSources -Xcc -DSWIFT_PACKAGE -Xcc -DDEBUG\=1 -module-name Highlightr -package-name highlightr -frontend-parseable-output -disable-clang-spi -target-sdk-version 11.1 -target-sdk-name watchos11.1 -external-plugin-path /Applications/Xcode-16.1.0.app/Contents/Developer/Platforms/WatchOS.platform/Developer/usr/lib/swift/host/plugins\#/Applications/Xcode-16.1.0.app/Contents/Developer/Platforms/WatchOS.platform/Developer/usr/bin/swift-plugin-server -external-plugin-path /Applications/Xcode-16.1.0.app/Contents/Developer/Platforms/WatchOS.platform/Developer/usr/local/lib/swift/host/plugins\#/Applications/Xcode-16.1.0.app/Contents/Developer/Platforms/WatchOS.platform/Developer/usr/bin/swift-plugin-server -plugin-path /Applications/Xcode-16.1.0.app/Contents/Developer/Toolchains/XcodeDefault.xctoolchain/usr/lib/swift/host/plugins -plugin-path /Applications/Xcode-16.1.0.app/Contents/Developer/Toolchains/XcodeDefault.xctoolchain/usr/local/lib/swift/host/plugins -o /Users/admin/builder/spi-builder-workspace/.derivedData/Build/Intermediates.noindex/Highlightr.build/Debug-watchos/Highlightr.build/Objects-normal/arm64/Theme.o -index-unit-output-path /Highlightr.build/Debug-watchos/Highlightr.build/Objects-normal/arm64/Theme.o -index-store-path /Users/admin/builder/spi-builder-workspace/.derivedData/Index.noindex/DataStore -index-system-modules
SwiftEmitModule normal armv7k Emitting\ module\ for\ Highlightr (in target 'Highlightr' from project 'Highlightr')
cd /Users/admin/builder/spi-builder-workspace/.swiftpm/xcode
builtin-swiftTaskExecution -- /Applications/Xcode-16.1.0.app/Contents/Developer/Toolchains/XcodeDefault.xctoolchain/usr/bin/swift-frontend -frontend -emit-module -experimental-skip-non-inlinable-function-bodies-without-types /Users/admin/builder/spi-builder-workspace/.derivedData/Build/Intermediates.noindex/Highlightr.build/Debug-watchos/Highlightr.build/DerivedSources/resource_bundle_accessor.swift /Users/admin/builder/spi-builder-workspace/.dependencies/checkouts/Highlightr/Pod/Classes/CodeAttributedString.swift /Users/admin/builder/spi-builder-workspace/.dependencies/checkouts/Highlightr/Pod/Classes/HTMLUtils.swift /Users/admin/builder/spi-builder-workspace/.dependencies/checkouts/Highlightr/Pod/Classes/Highlightr.swift /Users/admin/builder/spi-builder-workspace/.dependencies/checkouts/Highlightr/Pod/Classes/Shims.swift /Users/admin/builder/spi-builder-workspace/.dependencies/checkouts/Highlightr/Pod/Classes/Theme.swift -target armv7k-apple-watchos7.0 -enable-objc-interop -stack-check -sdk /Applications/Xcode-16.1.0.app/Contents/Developer/Platforms/WatchOS.platform/Developer/SDKs/WatchOS11.1.sdk -I /Users/admin/builder/spi-builder-workspace/.derivedData/Build/Products/Debug-watchos -I /Applications/Xcode-16.1.0.app/Contents/Developer/Platforms/WatchOS.platform/Developer/usr/lib -F /Users/admin/builder/spi-builder-workspace/.derivedData/Build/Products/Debug-watchos -F /Applications/Xcode-16.1.0.app/Contents/Developer/Platforms/WatchOS.platform/Developer/Library/Frameworks -F /Applications/Xcode-16.1.0.app/Contents/Developer/Platforms/WatchOS.platform/Developer/SDKs/WatchOS11.1.sdk/Developer/Library/Frameworks -no-color-diagnostics -enable-testing -g -debug-info-format\=dwarf -dwarf-version\=4 -module-cache-path /Users/admin/builder/spi-builder-workspace/.derivedData/ModuleCache.noindex -suppress-warnings -swift-version 5 -enforce-exclusivity\=checked -stats-output-dir /Users/admin/builder/spi-builder-workspace/.swiftpm/xcode/.stats -Onone -D SWIFT_PACKAGE -D DEBUG -serialize-debugging-options -const-gather-protocols-file /Users/admin/builder/spi-builder-workspace/.derivedData/Build/Intermediates.noindex/Highlightr.build/Debug-watchos/Highlightr.build/Objects-normal/armv7k/Highlightr_const_extract_protocols.json -enable-experimental-feature DebugDescriptionMacro -enable-experimental-feature OpaqueTypeErasure -strict-concurrency\=complete -empty-abi-descriptor -plugin-path /Applications/Xcode-16.1.0.app/Contents/Developer/Toolchains/XcodeDefault.xctoolchain/usr/lib/swift/host/plugins/testing -validate-clang-modules-once -clang-build-session-file /Users/admin/builder/spi-builder-workspace/.derivedData/ModuleCache.noindex/Session.modulevalidation -Xcc -working-directory -Xcc /Users/admin/builder/spi-builder-workspace/.swiftpm/xcode -resource-dir /Applications/Xcode-16.1.0.app/Contents/Developer/Toolchains/XcodeDefault.xctoolchain/usr/lib/swift -enable-anonymous-context-mangled-names -file-compilation-dir /Users/admin/builder/spi-builder-workspace/.swiftpm/xcode -Xcc -D_LIBCPP_HARDENING_MODE\=_LIBCPP_HARDENING_MODE_DEBUG -Xcc -ivfsstatcache -Xcc /Users/admin/builder/spi-builder-workspace/.derivedData/SDKStatCaches.noindex/watchos11.1-22R574-7b9df0bda16bb4641b33636c68f04660.sdkstatcache -Xcc -I/Users/admin/builder/spi-builder-workspace/.derivedData/Build/Intermediates.noindex/Highlightr.build/Debug-watchos/Highlightr.build/swift-overrides.hmap -Xcc -I/Users/admin/builder/spi-builder-workspace/.derivedData/Build/Products/Debug-watchos/include -Xcc -I/Users/admin/builder/spi-builder-workspace/.derivedData/Build/Intermediates.noindex/Highlightr.build/Debug-watchos/Highlightr.build/DerivedSources-normal/armv7k -Xcc -I/Users/admin/builder/spi-builder-workspace/.derivedData/Build/Intermediates.noindex/Highlightr.build/Debug-watchos/Highlightr.build/DerivedSources/armv7k -Xcc -I/Users/admin/builder/spi-builder-workspace/.derivedData/Build/Intermediates.noindex/Highlightr.build/Debug-watchos/Highlightr.build/DerivedSources -Xcc -DSWIFT_PACKAGE -Xcc -DDEBUG\=1 -module-name Highlightr -package-name highlightr -frontend-parseable-output -disable-clang-spi -target-sdk-version 11.1 -target-sdk-name watchos11.1 -external-plugin-path /Applications/Xcode-16.1.0.app/Contents/Developer/Platforms/WatchOS.platform/Developer/usr/lib/swift/host/plugins\#/Applications/Xcode-16.1.0.app/Contents/Developer/Platforms/WatchOS.platform/Developer/usr/bin/swift-plugin-server -external-plugin-path /Applications/Xcode-16.1.0.app/Contents/Developer/Platforms/WatchOS.platform/Developer/usr/local/lib/swift/host/plugins\#/Applications/Xcode-16.1.0.app/Contents/Developer/Platforms/WatchOS.platform/Developer/usr/bin/swift-plugin-server -plugin-path /Applications/Xcode-16.1.0.app/Contents/Developer/Toolchains/XcodeDefault.xctoolchain/usr/lib/swift/host/plugins -plugin-path /Applications/Xcode-16.1.0.app/Contents/Developer/Toolchains/XcodeDefault.xctoolchain/usr/local/lib/swift/host/plugins -emit-module-doc-path /Users/admin/builder/spi-builder-workspace/.derivedData/Build/Intermediates.noindex/Highlightr.build/Debug-watchos/Highlightr.build/Objects-normal/armv7k/Highlightr.swiftdoc -emit-module-source-info-path /Users/admin/builder/spi-builder-workspace/.derivedData/Build/Intermediates.noindex/Highlightr.build/Debug-watchos/Highlightr.build/Objects-normal/armv7k/Highlightr.swiftsourceinfo -emit-objc-header-path /Users/admin/builder/spi-builder-workspace/.derivedData/Build/Intermediates.noindex/Highlightr.build/Debug-watchos/Highlightr.build/Objects-normal/armv7k/Highlightr-Swift.h -serialize-diagnostics-path /Users/admin/builder/spi-builder-workspace/.derivedData/Build/Intermediates.noindex/Highlightr.build/Debug-watchos/Highlightr.build/Objects-normal/armv7k/Highlightr-master-emit-module.dia -emit-dependencies-path /Users/admin/builder/spi-builder-workspace/.derivedData/Build/Intermediates.noindex/Highlightr.build/Debug-watchos/Highlightr.build/Objects-normal/armv7k/Highlightr-master-emit-module.d -o /Users/admin/builder/spi-builder-workspace/.derivedData/Build/Intermediates.noindex/Highlightr.build/Debug-watchos/Highlightr.build/Objects-normal/armv7k/Highlightr.swiftmodule -emit-abi-descriptor-path /Users/admin/builder/spi-builder-workspace/.derivedData/Build/Intermediates.noindex/Highlightr.build/Debug-watchos/Highlightr.build/Objects-normal/armv7k/Highlightr.abi.json
EmitSwiftModule normal armv7k (in target 'Highlightr' from project 'Highlightr')
cd /Users/admin/builder/spi-builder-workspace/.swiftpm/xcode
/Applications/Xcode-16.1.0.app/Contents/Developer/Toolchains/XcodeDefault.xctoolchain/usr/bin/swift-frontend -emit-module -experimental-skip-non-inlinable-function-bodies-without-types /Users/admin/builder/spi-builder-workspace/.derivedData/Build/Intermediates.noindex/Highlightr.build/Debug-watchos/Highlightr.build/DerivedSources/resource_bundle_accessor.swift /Users/admin/builder/spi-builder-workspace/.dependencies/checkouts/Highlightr/Pod/Classes/CodeAttributedString.swift /Users/admin/builder/spi-builder-workspace/.dependencies/checkouts/Highlightr/Pod/Classes/HTMLUtils.swift /Users/admin/builder/spi-builder-workspace/.dependencies/checkouts/Highlightr/Pod/Classes/Highlightr.swift /Users/admin/builder/spi-builder-workspace/.dependencies/checkouts/Highlightr/Pod/Classes/Shims.swift /Users/admin/builder/spi-builder-workspace/.dependencies/checkouts/Highlightr/Pod/Classes/Theme.swift -target armv7k-apple-watchos7.0 -enable-objc-interop -stack-check -sdk /Applications/Xcode-16.1.0.app/Contents/Developer/Platforms/WatchOS.platform/Developer/SDKs/WatchOS11.1.sdk -I /Users/admin/builder/spi-builder-workspace/.derivedData/Build/Products/Debug-watchos -I /Applications/Xcode-16.1.0.app/Contents/Developer/Platforms/WatchOS.platform/Developer/usr/lib -F /Users/admin/builder/spi-builder-workspace/.derivedData/Build/Products/Debug-watchos -F /Applications/Xcode-16.1.0.app/Contents/Developer/Platforms/WatchOS.platform/Developer/Library/Frameworks -F /Applications/Xcode-16.1.0.app/Contents/Developer/Platforms/WatchOS.platform/Developer/SDKs/WatchOS11.1.sdk/Developer/Library/Frameworks -no-color-diagnostics -enable-testing -g -debug-info-format\=dwarf -dwarf-version\=4 -module-cache-path /Users/admin/builder/spi-builder-workspace/.derivedData/ModuleCache.noindex -suppress-warnings -swift-version 5 -enforce-exclusivity\=checked -stats-output-dir /Users/admin/builder/spi-builder-workspace/.swiftpm/xcode/.stats -Onone -D SWIFT_PACKAGE -D DEBUG -serialize-debugging-options -const-gather-protocols-file /Users/admin/builder/spi-builder-workspace/.derivedData/Build/Intermediates.noindex/Highlightr.build/Debug-watchos/Highlightr.build/Objects-normal/armv7k/Highlightr_const_extract_protocols.json -enable-experimental-feature DebugDescriptionMacro -enable-experimental-feature OpaqueTypeErasure -strict-concurrency\=complete -empty-abi-descriptor -plugin-path /Applications/Xcode-16.1.0.app/Contents/Developer/Toolchains/XcodeDefault.xctoolchain/usr/lib/swift/host/plugins/testing -validate-clang-modules-once -clang-build-session-file /Users/admin/builder/spi-builder-workspace/.derivedData/ModuleCache.noindex/Session.modulevalidation -Xcc -working-directory -Xcc /Users/admin/builder/spi-builder-workspace/.swiftpm/xcode -resource-dir /Applications/Xcode-16.1.0.app/Contents/Developer/Toolchains/XcodeDefault.xctoolchain/usr/lib/swift -enable-anonymous-context-mangled-names -file-compilation-dir /Users/admin/builder/spi-builder-workspace/.swiftpm/xcode -Xcc -D_LIBCPP_HARDENING_MODE\=_LIBCPP_HARDENING_MODE_DEBUG -Xcc -ivfsstatcache -Xcc /Users/admin/builder/spi-builder-workspace/.derivedData/SDKStatCaches.noindex/watchos11.1-22R574-7b9df0bda16bb4641b33636c68f04660.sdkstatcache -Xcc -I/Users/admin/builder/spi-builder-workspace/.derivedData/Build/Intermediates.noindex/Highlightr.build/Debug-watchos/Highlightr.build/swift-overrides.hmap -Xcc -I/Users/admin/builder/spi-builder-workspace/.derivedData/Build/Products/Debug-watchos/include -Xcc -I/Users/admin/builder/spi-builder-workspace/.derivedData/Build/Intermediates.noindex/Highlightr.build/Debug-watchos/Highlightr.build/DerivedSources-normal/armv7k -Xcc -I/Users/admin/builder/spi-builder-workspace/.derivedData/Build/Intermediates.noindex/Highlightr.build/Debug-watchos/Highlightr.build/DerivedSources/armv7k -Xcc -I/Users/admin/builder/spi-builder-workspace/.derivedData/Build/Intermediates.noindex/Highlightr.build/Debug-watchos/Highlightr.build/DerivedSources -Xcc -DSWIFT_PACKAGE -Xcc -DDEBUG\=1 -module-name Highlightr -package-name highlightr -frontend-parseable-output -disable-clang-spi -target-sdk-version 11.1 -target-sdk-name watchos11.1 -external-plugin-path /Applications/Xcode-16.1.0.app/Contents/Developer/Platforms/WatchOS.platform/Developer/usr/lib/swift/host/plugins\#/Applications/Xcode-16.1.0.app/Contents/Developer/Platforms/WatchOS.platform/Developer/usr/bin/swift-plugin-server -external-plugin-path /Applications/Xcode-16.1.0.app/Contents/Developer/Platforms/WatchOS.platform/Developer/usr/local/lib/swift/host/plugins\#/Applications/Xcode-16.1.0.app/Contents/Developer/Platforms/WatchOS.platform/Developer/usr/bin/swift-plugin-server -plugin-path /Applications/Xcode-16.1.0.app/Contents/Developer/Toolchains/XcodeDefault.xctoolchain/usr/lib/swift/host/plugins -plugin-path /Applications/Xcode-16.1.0.app/Contents/Developer/Toolchains/XcodeDefault.xctoolchain/usr/local/lib/swift/host/plugins -emit-module-doc-path /Users/admin/builder/spi-builder-workspace/.derivedData/Build/Intermediates.noindex/Highlightr.build/Debug-watchos/Highlightr.build/Objects-normal/armv7k/Highlightr.swiftdoc -emit-module-source-info-path /Users/admin/builder/spi-builder-workspace/.derivedData/Build/Intermediates.noindex/Highlightr.build/Debug-watchos/Highlightr.build/Objects-normal/armv7k/Highlightr.swiftsourceinfo -emit-objc-header-path /Users/admin/builder/spi-builder-workspace/.derivedData/Build/Intermediates.noindex/Highlightr.build/Debug-watchos/Highlightr.build/Objects-normal/armv7k/Highlightr-Swift.h -serialize-diagnostics-path /Users/admin/builder/spi-builder-workspace/.derivedData/Build/Intermediates.noindex/Highlightr.build/Debug-watchos/Highlightr.build/Objects-normal/armv7k/Highlightr-master-emit-module.dia -emit-dependencies-path /Users/admin/builder/spi-builder-workspace/.derivedData/Build/Intermediates.noindex/Highlightr.build/Debug-watchos/Highlightr.build/Objects-normal/armv7k/Highlightr-master-emit-module.d -o /Users/admin/builder/spi-builder-workspace/.derivedData/Build/Intermediates.noindex/Highlightr.build/Debug-watchos/Highlightr.build/Objects-normal/armv7k/Highlightr.swiftmodule -emit-abi-descriptor-path /Users/admin/builder/spi-builder-workspace/.derivedData/Build/Intermediates.noindex/Highlightr.build/Debug-watchos/Highlightr.build/Objects-normal/armv7k/Highlightr.abi.json
/Users/admin/builder/spi-builder-workspace/.dependencies/checkouts/Highlightr/Pod/Classes/Highlightr.swift:10:8: error: no such module 'JavaScriptCore'
import JavaScriptCore
^
** BUILD FAILED **
The following build commands failed:
SwiftEmitModule normal armv7k Emitting\ module\ for\ Highlightr (in target 'Highlightr' from project 'Highlightr')
EmitSwiftModule normal armv7k (in target 'Highlightr' from project 'Highlightr')
Building workspace spi-builder-workspace with scheme CodeEditor
(3 failures)
BUILD FAILURE 6.0 watchOS