The Swift Package Index logo.Swift Package Index

Build Information

Failed to build PillboxView, reference main (971e78), with Swift 6.4 for watchOS using Xcode 27.0 on 18 Sep 2026 10:10:52 UTC.

Build Command

env DEVELOPER_DIR=/Applications/Xcode-27.0.0-Release.Candidate.app xcrun xcodebuild -IDEClonedSourcePackagesDirPathOverride=$PWD/.dependencies -skipMacroValidation -skipPackagePluginValidation -derivedDataPath $PWD/.derivedData build -scheme PillboxView -destination generic/platform=watchOS

Build Log

SwiftCompile normal arm64_32 /Users/admin/builder/spi-builder-workspace/.dependencies/checkouts/nsui/Sources/NSUI/Font.swift (in target 'NSUI' from project 'NSUI')
    cd /Users/admin/builder/spi-builder-workspace/.swiftpm/xcode
    builtin-SwiftPerFileCompile Font.swift
SwiftCompile normal arm64_32 /Users/admin/builder/spi-builder-workspace/.dependencies/checkouts/nsui/Sources/NSUI/Image.swift (in target 'NSUI' from project 'NSUI')
    cd /Users/admin/builder/spi-builder-workspace/.swiftpm/xcode
    builtin-SwiftPerFileCompile Image.swift
SwiftCompile normal arm64_32 Compiling\ Label.swift,\ PlatformKit.swift /Users/admin/builder/spi-builder-workspace/.dependencies/checkouts/nsui/Sources/NSUI/Label.swift /Users/admin/builder/spi-builder-workspace/.dependencies/checkouts/nsui/Sources/NSUI/PlatformKit.swift (in target 'NSUI' from project 'NSUI')
SwiftCompile normal arm64_32 /Users/admin/builder/spi-builder-workspace/.dependencies/checkouts/nsui/Sources/NSUI/Label.swift (in target 'NSUI' from project 'NSUI')
    cd /Users/admin/builder/spi-builder-workspace/.swiftpm/xcode
    builtin-SwiftPerFileCompile Label.swift
SwiftCompile normal arm64_32 /Users/admin/builder/spi-builder-workspace/.dependencies/checkouts/nsui/Sources/NSUI/PlatformKit.swift (in target 'NSUI' from project 'NSUI')
    cd /Users/admin/builder/spi-builder-workspace/.swiftpm/xcode
    builtin-SwiftPerFileCompile PlatformKit.swift
SwiftCompile normal arm64_32 Compiling\ Color.swift,\ ControlActiveState.swift /Users/admin/builder/spi-builder-workspace/.dependencies/checkouts/nsui/Sources/NSUI/Color.swift /Users/admin/builder/spi-builder-workspace/.dependencies/checkouts/nsui/Sources/NSUI/ControlActiveState.swift (in target 'NSUI' from project 'NSUI')
SwiftCompile normal arm64_32 /Users/admin/builder/spi-builder-workspace/.dependencies/checkouts/nsui/Sources/NSUI/Color.swift (in target 'NSUI' from project 'NSUI')
    cd /Users/admin/builder/spi-builder-workspace/.swiftpm/xcode
    builtin-SwiftPerFileCompile Color.swift
SwiftCompile normal arm64_32 /Users/admin/builder/spi-builder-workspace/.dependencies/checkouts/nsui/Sources/NSUI/ControlActiveState.swift (in target 'NSUI' from project 'NSUI')
    cd /Users/admin/builder/spi-builder-workspace/.swiftpm/xcode
    builtin-SwiftPerFileCompile ControlActiveState.swift
SwiftEmitModule normal arm64_32 Emitting\ module\ for\ NSUI (in target 'NSUI' from project 'NSUI')
SwiftCompile normal arm64_32 (in target 'NSUI' from project 'NSUI')
    cd /Users/admin/builder/spi-builder-workspace/.swiftpm/xcode

SwiftExplicitDependencyGeneratePcm arm64 /Users/admin/builder/spi-builder-workspace/.derivedData/SDKExplicitPrecompiledModules/SwiftUI-E6XJI4PF1Q2HPTXKL91GWARU6.pcm
SwiftDriverJobDiscovery normal arm64_32 Emitting module for NSUI (in target 'NSUI' from project 'NSUI')
SwiftDriver\ Compilation\ Requirements NSUI normal arm64_32 com.apple.xcode.tools.swift.compiler (in target 'NSUI' from project 'NSUI')
    cd /Users/admin/builder/spi-builder-workspace/.swiftpm/xcode
    builtin-Swift-Compilation-Requirements -- /Applications/Xcode-27.0.0-Release.Candidate.app/Contents/Developer/Toolchains/XcodeDefault.xctoolchain/usr/bin/swiftc -parse-as-library -module-name NSUI -Onone @/Users/admin/builder/spi-builder-workspace/.derivedData/Build/Intermediates.noindex/NSUI.build/Debug-watchos/NSUI-t.build/Objects-normal/arm64_32/NSUI.SwiftFileList -DSWIFT_PACKAGE -DDEBUG -DSWIFT_MODULE_RESOURCE_BUNDLE_UNAVAILABLE -DXcode -plugin-path /Applications/Xcode-27.0.0-Release.Candidate.app/Contents/Developer/Toolchains/XcodeDefault.xctoolchain/usr/lib/swift/host/plugins/testing -enable-experimental-feature DebugDescriptionMacro -sdk /Applications/Xcode-27.0.0-Release.Candidate.app/Contents/Developer/Platforms/WatchOS.platform/Developer/SDKs/WatchOS27.0.sdk -target arm64_32-apple-watchos9.0 -g -module-cache-path /Users/admin/builder/spi-builder-workspace/.derivedData/ModuleCache.noindex -Xfrontend -serialize-debugging-options -profile-coverage-mapping -profile-generate -enable-testing -suppress-warnings -index-store-path /Users/admin/builder/spi-builder-workspace/.derivedData/Index.noindex/DataStore -Xcc -D_LIBCPP_HARDENING_MODE\=_LIBCPP_HARDENING_MODE_DEBUG -swift-version 6 -I /Users/admin/builder/spi-builder-workspace/.derivedData/Build/Products/Debug-watchos -Isystem /Applications/Xcode-27.0.0-Release.Candidate.app/Contents/Developer/Platforms/WatchOS.platform/Developer/usr/lib -F /Users/admin/builder/spi-builder-workspace/.derivedData/Build/Products/Debug-watchos -F /Applications/Xcode-27.0.0-Release.Candidate.app/Contents/Developer/Platforms/WatchOS.platform/Developer/Library/Frameworks -F /Applications/Xcode-27.0.0-Release.Candidate.app/Contents/Developer/Platforms/WatchOS.platform/Developer/SDKs/WatchOS27.0.sdk/Developer/Library/Frameworks -c -j10 -enable-batch-mode -incremental -Xcc -ivfsstatcache -Xcc /Users/admin/builder/spi-builder-workspace/.derivedData/SDKStatCaches.noindex/watchos27.0-24R360-e829b21a6f8c9b70876ba0858053c04477534ef55a1706bf4c1112bbb242f0a2.sdkstatcache -output-file-map /Users/admin/builder/spi-builder-workspace/.derivedData/Build/Intermediates.noindex/NSUI.build/Debug-watchos/NSUI-t.build/Objects-normal/arm64_32/NSUI-OutputFileMap.json -save-temps -no-color-diagnostics -explicit-module-build -module-cache-path /Users/admin/builder/spi-builder-workspace/.derivedData/Build/Intermediates.noindex/SwiftExplicitPrecompiledModules -clang-scanner-module-cache-path /Users/admin/builder/spi-builder-workspace/.derivedData/ModuleCache.noindex -sdk-module-cache-path /Users/admin/builder/spi-builder-workspace/.derivedData/SDKExplicitPrecompiledModules -emit-dependencies -emit-module -emit-module-path /Users/admin/builder/spi-builder-workspace/.derivedData/Build/Intermediates.noindex/NSUI.build/Debug-watchos/NSUI-t.build/Objects-normal/arm64_32/NSUI.swiftmodule -serialize-diagnostics -dependency-scan-serialize-diagnostics-path /Users/admin/builder/spi-builder-workspace/.derivedData/Build/Intermediates.noindex/NSUI.build/Debug-watchos/NSUI-t.build/Objects-normal/arm64_32/NSUI-dependency-scan.dia -validate-clang-modules-once -clang-build-session-file /Users/admin/builder/spi-builder-workspace/.derivedData/ModuleCache.noindex/Session.modulevalidation -Xcc -fmodules-prune-interval\=86400 -Xcc -fmodules-prune-after\=345600 -package-name nsui -emit-const-values -const-gather-protocols-list /Users/admin/builder/spi-builder-workspace/.derivedData/Build/Intermediates.noindex/NSUI.build/Debug-watchos/NSUI-t.build/Objects-normal/arm64_32/NSUI_const_extract_protocols.json -Xcc -I/Users/admin/builder/spi-builder-workspace/.derivedData/Build/Products/Debug-watchos/include -Xcc -I/Users/admin/builder/spi-builder-workspace/.derivedData/Build/Intermediates.noindex/NSUI.build/Debug-watchos/NSUI-t.build/DerivedSources-normal/arm64_32 -Xcc -I/Users/admin/builder/spi-builder-workspace/.derivedData/Build/Intermediates.noindex/NSUI.build/Debug-watchos/NSUI-t.build/DerivedSources/arm64_32 -Xcc -I/Users/admin/builder/spi-builder-workspace/.derivedData/Build/Intermediates.noindex/NSUI.build/Debug-watchos/NSUI-t.build/DerivedSources -Xcc -DSWIFT_PACKAGE -Xcc -DDEBUG\=1 -emit-objc-header -emit-objc-header-path /Users/admin/builder/spi-builder-workspace/.derivedData/Build/Intermediates.noindex/NSUI.build/Debug-watchos/NSUI-t.build/Objects-normal/arm64_32/NSUI-Swift.h -working-directory /Users/admin/builder/spi-builder-workspace/.swiftpm/xcode -experimental-emit-module-separately -disable-cmo
SwiftEmitModule normal arm64 Emitting\ module\ for\ NSUI (in target 'NSUI' from project 'NSUI')
SwiftCompile normal arm64 (in target 'NSUI' from project 'NSUI')
    cd /Users/admin/builder/spi-builder-workspace/.swiftpm/xcode

Copy /Users/admin/builder/spi-builder-workspace/.derivedData/Build/Products/Debug-watchos/NSUI.swiftmodule/arm64_32-apple-watchos.swiftmodule /Users/admin/builder/spi-builder-workspace/.derivedData/Build/Intermediates.noindex/NSUI.build/Debug-watchos/NSUI-t.build/Objects-normal/arm64_32/NSUI.swiftmodule (in target 'NSUI' from project 'NSUI')
    cd /Users/admin/builder/spi-builder-workspace/.dependencies/checkouts/nsui
    builtin-copy -exclude .DS_Store -exclude CVS -exclude .svn -exclude .git -exclude .hg -resolve-src-symlinks -rename /Users/admin/builder/spi-builder-workspace/.derivedData/Build/Intermediates.noindex/NSUI.build/Debug-watchos/NSUI-t.build/Objects-normal/arm64_32/NSUI.swiftmodule /Users/admin/builder/spi-builder-workspace/.derivedData/Build/Products/Debug-watchos/NSUI.swiftmodule/arm64_32-apple-watchos.swiftmodule
SwiftDriverJobDiscovery normal arm64 Emitting module for NSUI (in target 'NSUI' from project 'NSUI')
SwiftDriver\ Compilation\ Requirements NSUI normal arm64 com.apple.xcode.tools.swift.compiler (in target 'NSUI' from project 'NSUI')
    cd /Users/admin/builder/spi-builder-workspace/.swiftpm/xcode
    builtin-Swift-Compilation-Requirements -- /Applications/Xcode-27.0.0-Release.Candidate.app/Contents/Developer/Toolchains/XcodeDefault.xctoolchain/usr/bin/swiftc -parse-as-library -module-name NSUI -Onone @/Users/admin/builder/spi-builder-workspace/.derivedData/Build/Intermediates.noindex/NSUI.build/Debug-watchos/NSUI-t.build/Objects-normal/arm64/NSUI.SwiftFileList -DSWIFT_PACKAGE -DDEBUG -DSWIFT_MODULE_RESOURCE_BUNDLE_UNAVAILABLE -DXcode -plugin-path /Applications/Xcode-27.0.0-Release.Candidate.app/Contents/Developer/Toolchains/XcodeDefault.xctoolchain/usr/lib/swift/host/plugins/testing -enable-experimental-feature DebugDescriptionMacro -sdk /Applications/Xcode-27.0.0-Release.Candidate.app/Contents/Developer/Platforms/WatchOS.platform/Developer/SDKs/WatchOS27.0.sdk -target arm64-apple-watchos9.0 -g -module-cache-path /Users/admin/builder/spi-builder-workspace/.derivedData/ModuleCache.noindex -Xfrontend -serialize-debugging-options -profile-coverage-mapping -profile-generate -enable-testing -suppress-warnings -index-store-path /Users/admin/builder/spi-builder-workspace/.derivedData/Index.noindex/DataStore -Xcc -D_LIBCPP_HARDENING_MODE\=_LIBCPP_HARDENING_MODE_DEBUG -swift-version 6 -I /Users/admin/builder/spi-builder-workspace/.derivedData/Build/Products/Debug-watchos -Isystem /Applications/Xcode-27.0.0-Release.Candidate.app/Contents/Developer/Platforms/WatchOS.platform/Developer/usr/lib -F /Users/admin/builder/spi-builder-workspace/.derivedData/Build/Products/Debug-watchos -F /Applications/Xcode-27.0.0-Release.Candidate.app/Contents/Developer/Platforms/WatchOS.platform/Developer/Library/Frameworks -F /Applications/Xcode-27.0.0-Release.Candidate.app/Contents/Developer/Platforms/WatchOS.platform/Developer/SDKs/WatchOS27.0.sdk/Developer/Library/Frameworks -c -j10 -enable-batch-mode -incremental -Xcc -ivfsstatcache -Xcc /Users/admin/builder/spi-builder-workspace/.derivedData/SDKStatCaches.noindex/watchos27.0-24R360-e829b21a6f8c9b70876ba0858053c04477534ef55a1706bf4c1112bbb242f0a2.sdkstatcache -output-file-map /Users/admin/builder/spi-builder-workspace/.derivedData/Build/Intermediates.noindex/NSUI.build/Debug-watchos/NSUI-t.build/Objects-normal/arm64/NSUI-OutputFileMap.json -save-temps -no-color-diagnostics -explicit-module-build -module-cache-path /Users/admin/builder/spi-builder-workspace/.derivedData/Build/Intermediates.noindex/SwiftExplicitPrecompiledModules -clang-scanner-module-cache-path /Users/admin/builder/spi-builder-workspace/.derivedData/ModuleCache.noindex -sdk-module-cache-path /Users/admin/builder/spi-builder-workspace/.derivedData/SDKExplicitPrecompiledModules -emit-dependencies -emit-module -emit-module-path /Users/admin/builder/spi-builder-workspace/.derivedData/Build/Intermediates.noindex/NSUI.build/Debug-watchos/NSUI-t.build/Objects-normal/arm64/NSUI.swiftmodule -serialize-diagnostics -dependency-scan-serialize-diagnostics-path /Users/admin/builder/spi-builder-workspace/.derivedData/Build/Intermediates.noindex/NSUI.build/Debug-watchos/NSUI-t.build/Objects-normal/arm64/NSUI-dependency-scan.dia -validate-clang-modules-once -clang-build-session-file /Users/admin/builder/spi-builder-workspace/.derivedData/ModuleCache.noindex/Session.modulevalidation -Xcc -fmodules-prune-interval\=86400 -Xcc -fmodules-prune-after\=345600 -package-name nsui -emit-const-values -const-gather-protocols-list /Users/admin/builder/spi-builder-workspace/.derivedData/Build/Intermediates.noindex/NSUI.build/Debug-watchos/NSUI-t.build/Objects-normal/arm64/NSUI_const_extract_protocols.json -Xcc -I/Users/admin/builder/spi-builder-workspace/.derivedData/Build/Products/Debug-watchos/include -Xcc -I/Users/admin/builder/spi-builder-workspace/.derivedData/Build/Intermediates.noindex/NSUI.build/Debug-watchos/NSUI-t.build/DerivedSources-normal/arm64 -Xcc -I/Users/admin/builder/spi-builder-workspace/.derivedData/Build/Intermediates.noindex/NSUI.build/Debug-watchos/NSUI-t.build/DerivedSources/arm64 -Xcc -I/Users/admin/builder/spi-builder-workspace/.derivedData/Build/Intermediates.noindex/NSUI.build/Debug-watchos/NSUI-t.build/DerivedSources -Xcc -DSWIFT_PACKAGE -Xcc -DDEBUG\=1 -emit-objc-header -emit-objc-header-path /Users/admin/builder/spi-builder-workspace/.derivedData/Build/Intermediates.noindex/NSUI.build/Debug-watchos/NSUI-t.build/Objects-normal/arm64/NSUI-Swift.h -working-directory /Users/admin/builder/spi-builder-workspace/.swiftpm/xcode -experimental-emit-module-separately -disable-cmo
Copy /Users/admin/builder/spi-builder-workspace/.derivedData/Build/Products/Debug-watchos/NSUI.swiftmodule/arm64_32-apple-watchos.swiftdoc /Users/admin/builder/spi-builder-workspace/.derivedData/Build/Intermediates.noindex/NSUI.build/Debug-watchos/NSUI-t.build/Objects-normal/arm64_32/NSUI.swiftdoc (in target 'NSUI' from project 'NSUI')
    cd /Users/admin/builder/spi-builder-workspace/.dependencies/checkouts/nsui
    builtin-copy -exclude .DS_Store -exclude CVS -exclude .svn -exclude .git -exclude .hg -resolve-src-symlinks -rename /Users/admin/builder/spi-builder-workspace/.derivedData/Build/Intermediates.noindex/NSUI.build/Debug-watchos/NSUI-t.build/Objects-normal/arm64_32/NSUI.swiftdoc /Users/admin/builder/spi-builder-workspace/.derivedData/Build/Products/Debug-watchos/NSUI.swiftmodule/arm64_32-apple-watchos.swiftdoc
SwiftMergeGeneratedHeaders /Users/admin/builder/spi-builder-workspace/.derivedData/Build/Intermediates.noindex/GeneratedModuleMaps-watchos/NSUI-Swift.h /Users/admin/builder/spi-builder-workspace/.derivedData/Build/Intermediates.noindex/NSUI.build/Debug-watchos/NSUI-t.build/Objects-normal/arm64/NSUI-Swift.h /Users/admin/builder/spi-builder-workspace/.derivedData/Build/Intermediates.noindex/NSUI.build/Debug-watchos/NSUI-t.build/Objects-normal/arm64_32/NSUI-Swift.h (in target 'NSUI' from project 'NSUI')
    cd /Users/admin/builder/spi-builder-workspace/.dependencies/checkouts/nsui
    builtin-swiftHeaderTool -arch arm64 /Users/admin/builder/spi-builder-workspace/.derivedData/Build/Intermediates.noindex/NSUI.build/Debug-watchos/NSUI-t.build/Objects-normal/arm64/NSUI-Swift.h -arch arm64_32 /Users/admin/builder/spi-builder-workspace/.derivedData/Build/Intermediates.noindex/NSUI.build/Debug-watchos/NSUI-t.build/Objects-normal/arm64_32/NSUI-Swift.h -o /Users/admin/builder/spi-builder-workspace/.derivedData/Build/Intermediates.noindex/GeneratedModuleMaps-watchos/NSUI-Swift.h
Copy /Users/admin/builder/spi-builder-workspace/.derivedData/Build/Products/Debug-watchos/NSUI.swiftmodule/arm64_32-apple-watchos.abi.json /Users/admin/builder/spi-builder-workspace/.derivedData/Build/Intermediates.noindex/NSUI.build/Debug-watchos/NSUI-t.build/Objects-normal/arm64_32/NSUI.abi.json (in target 'NSUI' from project 'NSUI')
    cd /Users/admin/builder/spi-builder-workspace/.dependencies/checkouts/nsui
    builtin-copy -exclude .DS_Store -exclude CVS -exclude .svn -exclude .git -exclude .hg -resolve-src-symlinks -rename /Users/admin/builder/spi-builder-workspace/.derivedData/Build/Intermediates.noindex/NSUI.build/Debug-watchos/NSUI-t.build/Objects-normal/arm64_32/NSUI.abi.json /Users/admin/builder/spi-builder-workspace/.derivedData/Build/Products/Debug-watchos/NSUI.swiftmodule/arm64_32-apple-watchos.abi.json
Copy /Users/admin/builder/spi-builder-workspace/.derivedData/Build/Products/Debug-watchos/NSUI.swiftmodule/arm64-apple-watchos.swiftmodule /Users/admin/builder/spi-builder-workspace/.derivedData/Build/Intermediates.noindex/NSUI.build/Debug-watchos/NSUI-t.build/Objects-normal/arm64/NSUI.swiftmodule (in target 'NSUI' from project 'NSUI')
    cd /Users/admin/builder/spi-builder-workspace/.dependencies/checkouts/nsui
    builtin-copy -exclude .DS_Store -exclude CVS -exclude .svn -exclude .git -exclude .hg -resolve-src-symlinks -rename /Users/admin/builder/spi-builder-workspace/.derivedData/Build/Intermediates.noindex/NSUI.build/Debug-watchos/NSUI-t.build/Objects-normal/arm64/NSUI.swiftmodule /Users/admin/builder/spi-builder-workspace/.derivedData/Build/Products/Debug-watchos/NSUI.swiftmodule/arm64-apple-watchos.swiftmodule
Copy /Users/admin/builder/spi-builder-workspace/.derivedData/Build/Products/Debug-watchos/NSUI.swiftmodule/arm64-apple-watchos.swiftdoc /Users/admin/builder/spi-builder-workspace/.derivedData/Build/Intermediates.noindex/NSUI.build/Debug-watchos/NSUI-t.build/Objects-normal/arm64/NSUI.swiftdoc (in target 'NSUI' from project 'NSUI')
    cd /Users/admin/builder/spi-builder-workspace/.dependencies/checkouts/nsui
    builtin-copy -exclude .DS_Store -exclude CVS -exclude .svn -exclude .git -exclude .hg -resolve-src-symlinks -rename /Users/admin/builder/spi-builder-workspace/.derivedData/Build/Intermediates.noindex/NSUI.build/Debug-watchos/NSUI-t.build/Objects-normal/arm64/NSUI.swiftdoc /Users/admin/builder/spi-builder-workspace/.derivedData/Build/Products/Debug-watchos/NSUI.swiftmodule/arm64-apple-watchos.swiftdoc
Copy /Users/admin/builder/spi-builder-workspace/.derivedData/Build/Products/Debug-watchos/NSUI.swiftmodule/arm64-apple-watchos.abi.json /Users/admin/builder/spi-builder-workspace/.derivedData/Build/Intermediates.noindex/NSUI.build/Debug-watchos/NSUI-t.build/Objects-normal/arm64/NSUI.abi.json (in target 'NSUI' from project 'NSUI')
    cd /Users/admin/builder/spi-builder-workspace/.dependencies/checkouts/nsui
    builtin-copy -exclude .DS_Store -exclude CVS -exclude .svn -exclude .git -exclude .hg -resolve-src-symlinks -rename /Users/admin/builder/spi-builder-workspace/.derivedData/Build/Intermediates.noindex/NSUI.build/Debug-watchos/NSUI-t.build/Objects-normal/arm64/NSUI.abi.json /Users/admin/builder/spi-builder-workspace/.derivedData/Build/Products/Debug-watchos/NSUI.swiftmodule/arm64-apple-watchos.abi.json
Copy /Users/admin/builder/spi-builder-workspace/.derivedData/Build/Products/Debug-watchos/NSUI.swiftmodule/Project/arm64_32-apple-watchos.swiftsourceinfo /Users/admin/builder/spi-builder-workspace/.derivedData/Build/Intermediates.noindex/NSUI.build/Debug-watchos/NSUI-t.build/Objects-normal/arm64_32/NSUI.swiftsourceinfo (in target 'NSUI' from project 'NSUI')
    cd /Users/admin/builder/spi-builder-workspace/.dependencies/checkouts/nsui
    builtin-copy -exclude .DS_Store -exclude CVS -exclude .svn -exclude .git -exclude .hg -resolve-src-symlinks -rename /Users/admin/builder/spi-builder-workspace/.derivedData/Build/Intermediates.noindex/NSUI.build/Debug-watchos/NSUI-t.build/Objects-normal/arm64_32/NSUI.swiftsourceinfo /Users/admin/builder/spi-builder-workspace/.derivedData/Build/Products/Debug-watchos/NSUI.swiftmodule/Project/arm64_32-apple-watchos.swiftsourceinfo
Copy /Users/admin/builder/spi-builder-workspace/.derivedData/Build/Products/Debug-watchos/NSUI.swiftmodule/Project/arm64-apple-watchos.swiftsourceinfo /Users/admin/builder/spi-builder-workspace/.derivedData/Build/Intermediates.noindex/NSUI.build/Debug-watchos/NSUI-t.build/Objects-normal/arm64/NSUI.swiftsourceinfo (in target 'NSUI' from project 'NSUI')
    cd /Users/admin/builder/spi-builder-workspace/.dependencies/checkouts/nsui
    builtin-copy -exclude .DS_Store -exclude CVS -exclude .svn -exclude .git -exclude .hg -resolve-src-symlinks -rename /Users/admin/builder/spi-builder-workspace/.derivedData/Build/Intermediates.noindex/NSUI.build/Debug-watchos/NSUI-t.build/Objects-normal/arm64/NSUI.swiftsourceinfo /Users/admin/builder/spi-builder-workspace/.derivedData/Build/Products/Debug-watchos/NSUI.swiftmodule/Project/arm64-apple-watchos.swiftsourceinfo
SwiftCompile normal arm64_32 Compiling\ Aliases.swift,\ BezierPath.swift /Users/admin/builder/spi-builder-workspace/.dependencies/checkouts/nsui/Sources/NSUI/Aliases.swift /Users/admin/builder/spi-builder-workspace/.dependencies/checkouts/nsui/Sources/NSUI/BezierPath.swift (in target 'NSUI' from project 'NSUI')
SwiftCompile normal arm64_32 /Users/admin/builder/spi-builder-workspace/.dependencies/checkouts/nsui/Sources/NSUI/Aliases.swift (in target 'NSUI' from project 'NSUI')
    cd /Users/admin/builder/spi-builder-workspace/.swiftpm/xcode
    builtin-SwiftPerFileCompile Aliases.swift
SwiftCompile normal arm64_32 /Users/admin/builder/spi-builder-workspace/.dependencies/checkouts/nsui/Sources/NSUI/BezierPath.swift (in target 'NSUI' from project 'NSUI')
    cd /Users/admin/builder/spi-builder-workspace/.swiftpm/xcode
    builtin-SwiftPerFileCompile BezierPath.swift
SwiftDriverJobDiscovery normal arm64_32 Compiling TableViewDiffableDataSource.swift, TextView.swift (in target 'NSUI' from project 'NSUI')
SwiftCompile normal arm64 Compiling\ Font.swift,\ Image.swift /Users/admin/builder/spi-builder-workspace/.dependencies/checkouts/nsui/Sources/NSUI/Font.swift /Users/admin/builder/spi-builder-workspace/.dependencies/checkouts/nsui/Sources/NSUI/Image.swift (in target 'NSUI' from project 'NSUI')
SwiftCompile normal arm64 /Users/admin/builder/spi-builder-workspace/.dependencies/checkouts/nsui/Sources/NSUI/Font.swift (in target 'NSUI' from project 'NSUI')
    cd /Users/admin/builder/spi-builder-workspace/.swiftpm/xcode
    builtin-SwiftPerFileCompile Font.swift
SwiftCompile normal arm64 /Users/admin/builder/spi-builder-workspace/.dependencies/checkouts/nsui/Sources/NSUI/Image.swift (in target 'NSUI' from project 'NSUI')
    cd /Users/admin/builder/spi-builder-workspace/.swiftpm/xcode
    builtin-SwiftPerFileCompile Image.swift
SwiftCompile normal arm64 Compiling\ ScrollView.swift,\ TableView.swift /Users/admin/builder/spi-builder-workspace/.dependencies/checkouts/nsui/Sources/NSUI/ScrollView.swift /Users/admin/builder/spi-builder-workspace/.dependencies/checkouts/nsui/Sources/NSUI/TableView.swift (in target 'NSUI' from project 'NSUI')
SwiftCompile normal arm64 /Users/admin/builder/spi-builder-workspace/.dependencies/checkouts/nsui/Sources/NSUI/ScrollView.swift (in target 'NSUI' from project 'NSUI')
    cd /Users/admin/builder/spi-builder-workspace/.swiftpm/xcode
    builtin-SwiftPerFileCompile ScrollView.swift
SwiftCompile normal arm64 /Users/admin/builder/spi-builder-workspace/.dependencies/checkouts/nsui/Sources/NSUI/TableView.swift (in target 'NSUI' from project 'NSUI')
    cd /Users/admin/builder/spi-builder-workspace/.swiftpm/xcode
    builtin-SwiftPerFileCompile TableView.swift
SwiftDriverJobDiscovery normal arm64_32 Compiling ScrollView.swift, TableView.swift (in target 'NSUI' from project 'NSUI')
SwiftCompile normal arm64 Compiling\ Aliases.swift,\ BezierPath.swift /Users/admin/builder/spi-builder-workspace/.dependencies/checkouts/nsui/Sources/NSUI/Aliases.swift /Users/admin/builder/spi-builder-workspace/.dependencies/checkouts/nsui/Sources/NSUI/BezierPath.swift (in target 'NSUI' from project 'NSUI')
SwiftCompile normal arm64 /Users/admin/builder/spi-builder-workspace/.dependencies/checkouts/nsui/Sources/NSUI/Aliases.swift (in target 'NSUI' from project 'NSUI')
    cd /Users/admin/builder/spi-builder-workspace/.swiftpm/xcode
    builtin-SwiftPerFileCompile Aliases.swift
SwiftCompile normal arm64 /Users/admin/builder/spi-builder-workspace/.dependencies/checkouts/nsui/Sources/NSUI/BezierPath.swift (in target 'NSUI' from project 'NSUI')
    cd /Users/admin/builder/spi-builder-workspace/.swiftpm/xcode
    builtin-SwiftPerFileCompile BezierPath.swift
SwiftDriverJobDiscovery normal arm64 Compiling ScrollView.swift, TableView.swift (in target 'NSUI' from project 'NSUI')
SwiftCompile normal arm64 Compiling\ Label.swift,\ PlatformKit.swift /Users/admin/builder/spi-builder-workspace/.dependencies/checkouts/nsui/Sources/NSUI/Label.swift /Users/admin/builder/spi-builder-workspace/.dependencies/checkouts/nsui/Sources/NSUI/PlatformKit.swift (in target 'NSUI' from project 'NSUI')
SwiftCompile normal arm64 /Users/admin/builder/spi-builder-workspace/.dependencies/checkouts/nsui/Sources/NSUI/Label.swift (in target 'NSUI' from project 'NSUI')
    cd /Users/admin/builder/spi-builder-workspace/.swiftpm/xcode
    builtin-SwiftPerFileCompile Label.swift
SwiftCompile normal arm64 /Users/admin/builder/spi-builder-workspace/.dependencies/checkouts/nsui/Sources/NSUI/PlatformKit.swift (in target 'NSUI' from project 'NSUI')
    cd /Users/admin/builder/spi-builder-workspace/.swiftpm/xcode
    builtin-SwiftPerFileCompile PlatformKit.swift
SwiftDriverJobDiscovery normal arm64_32 Compiling Label.swift, PlatformKit.swift (in target 'NSUI' from project 'NSUI')
SwiftDriverJobDiscovery normal arm64_32 Compiling Aliases.swift, BezierPath.swift (in target 'NSUI' from project 'NSUI')
SwiftCompile normal arm64 Compiling\ Views.swift /Users/admin/builder/spi-builder-workspace/.dependencies/checkouts/nsui/Sources/NSUI/Views.swift (in target 'NSUI' from project 'NSUI')
SwiftCompile normal arm64 /Users/admin/builder/spi-builder-workspace/.dependencies/checkouts/nsui/Sources/NSUI/Views.swift (in target 'NSUI' from project 'NSUI')
    cd /Users/admin/builder/spi-builder-workspace/.swiftpm/xcode
    builtin-SwiftPerFileCompile Views.swift
SwiftDriverJobDiscovery normal arm64_32 Compiling ViewRepresentable.swift (in target 'NSUI' from project 'NSUI')
SwiftCompile normal arm64 Compiling\ Color.swift,\ ControlActiveState.swift /Users/admin/builder/spi-builder-workspace/.dependencies/checkouts/nsui/Sources/NSUI/Color.swift /Users/admin/builder/spi-builder-workspace/.dependencies/checkouts/nsui/Sources/NSUI/ControlActiveState.swift (in target 'NSUI' from project 'NSUI')
SwiftCompile normal arm64 /Users/admin/builder/spi-builder-workspace/.dependencies/checkouts/nsui/Sources/NSUI/Color.swift (in target 'NSUI' from project 'NSUI')
    cd /Users/admin/builder/spi-builder-workspace/.swiftpm/xcode
    builtin-SwiftPerFileCompile Color.swift
SwiftCompile normal arm64 /Users/admin/builder/spi-builder-workspace/.dependencies/checkouts/nsui/Sources/NSUI/ControlActiveState.swift (in target 'NSUI' from project 'NSUI')
    cd /Users/admin/builder/spi-builder-workspace/.swiftpm/xcode
    builtin-SwiftPerFileCompile ControlActiveState.swift
SwiftDriverJobDiscovery normal arm64_32 Compiling Font.swift, Image.swift (in target 'NSUI' from project 'NSUI')
SwiftCompile normal arm64 Compiling\ ViewRepresentable.swift /Users/admin/builder/spi-builder-workspace/.dependencies/checkouts/nsui/Sources/NSUI/ViewRepresentable.swift (in target 'NSUI' from project 'NSUI')
SwiftCompile normal arm64 /Users/admin/builder/spi-builder-workspace/.dependencies/checkouts/nsui/Sources/NSUI/ViewRepresentable.swift (in target 'NSUI' from project 'NSUI')
    cd /Users/admin/builder/spi-builder-workspace/.swiftpm/xcode
    builtin-SwiftPerFileCompile ViewRepresentable.swift
SwiftCompile normal arm64 Compiling\ ImageView.swift,\ IndexPath.swift /Users/admin/builder/spi-builder-workspace/.dependencies/checkouts/nsui/Sources/NSUI/ImageView.swift /Users/admin/builder/spi-builder-workspace/.dependencies/checkouts/nsui/Sources/NSUI/IndexPath.swift (in target 'NSUI' from project 'NSUI')
SwiftCompile normal arm64 /Users/admin/builder/spi-builder-workspace/.dependencies/checkouts/nsui/Sources/NSUI/ImageView.swift (in target 'NSUI' from project 'NSUI')
    cd /Users/admin/builder/spi-builder-workspace/.swiftpm/xcode
    builtin-SwiftPerFileCompile ImageView.swift
SwiftCompile normal arm64 /Users/admin/builder/spi-builder-workspace/.dependencies/checkouts/nsui/Sources/NSUI/IndexPath.swift (in target 'NSUI' from project 'NSUI')
    cd /Users/admin/builder/spi-builder-workspace/.swiftpm/xcode
    builtin-SwiftPerFileCompile IndexPath.swift
SwiftCompile normal arm64 Compiling\ ViewControllerRepresentable.swift /Users/admin/builder/spi-builder-workspace/.dependencies/checkouts/nsui/Sources/NSUI/ViewControllerRepresentable.swift (in target 'NSUI' from project 'NSUI')
SwiftCompile normal arm64 /Users/admin/builder/spi-builder-workspace/.dependencies/checkouts/nsui/Sources/NSUI/ViewControllerRepresentable.swift (in target 'NSUI' from project 'NSUI')
    cd /Users/admin/builder/spi-builder-workspace/.swiftpm/xcode
    builtin-SwiftPerFileCompile ViewControllerRepresentable.swift
SwiftDriverJobDiscovery normal arm64_32 Compiling ImageView.swift, IndexPath.swift (in target 'NSUI' from project 'NSUI')
SwiftCompile normal arm64 Compiling\ TableViewDiffableDataSource.swift,\ TextView.swift /Users/admin/builder/spi-builder-workspace/.dependencies/checkouts/nsui/Sources/NSUI/TableViewDiffableDataSource.swift /Users/admin/builder/spi-builder-workspace/.dependencies/checkouts/nsui/Sources/NSUI/TextView.swift (in target 'NSUI' from project 'NSUI')
SwiftCompile normal arm64 /Users/admin/builder/spi-builder-workspace/.dependencies/checkouts/nsui/Sources/NSUI/TableViewDiffableDataSource.swift (in target 'NSUI' from project 'NSUI')
    cd /Users/admin/builder/spi-builder-workspace/.swiftpm/xcode
    builtin-SwiftPerFileCompile TableViewDiffableDataSource.swift
SwiftCompile normal arm64 /Users/admin/builder/spi-builder-workspace/.dependencies/checkouts/nsui/Sources/NSUI/TextView.swift (in target 'NSUI' from project 'NSUI')
    cd /Users/admin/builder/spi-builder-workspace/.swiftpm/xcode
    builtin-SwiftPerFileCompile TextView.swift
SwiftDriverJobDiscovery normal arm64_32 Compiling ViewControllerRepresentable.swift (in target 'NSUI' from project 'NSUI')
SwiftDriverJobDiscovery normal arm64_32 Compiling Color.swift, ControlActiveState.swift (in target 'NSUI' from project 'NSUI')
SwiftDriverJobDiscovery normal arm64_32 Compiling Views.swift (in target 'NSUI' from project 'NSUI')
SwiftDriver\ Compilation NSUI normal arm64_32 com.apple.xcode.tools.swift.compiler (in target 'NSUI' from project 'NSUI')
    cd /Users/admin/builder/spi-builder-workspace/.swiftpm/xcode
    builtin-Swift-Compilation -- /Applications/Xcode-27.0.0-Release.Candidate.app/Contents/Developer/Toolchains/XcodeDefault.xctoolchain/usr/bin/swiftc -parse-as-library -module-name NSUI -Onone @/Users/admin/builder/spi-builder-workspace/.derivedData/Build/Intermediates.noindex/NSUI.build/Debug-watchos/NSUI-t.build/Objects-normal/arm64_32/NSUI.SwiftFileList -DSWIFT_PACKAGE -DDEBUG -DSWIFT_MODULE_RESOURCE_BUNDLE_UNAVAILABLE -DXcode -plugin-path /Applications/Xcode-27.0.0-Release.Candidate.app/Contents/Developer/Toolchains/XcodeDefault.xctoolchain/usr/lib/swift/host/plugins/testing -enable-experimental-feature DebugDescriptionMacro -sdk /Applications/Xcode-27.0.0-Release.Candidate.app/Contents/Developer/Platforms/WatchOS.platform/Developer/SDKs/WatchOS27.0.sdk -target arm64_32-apple-watchos9.0 -g -module-cache-path /Users/admin/builder/spi-builder-workspace/.derivedData/ModuleCache.noindex -Xfrontend -serialize-debugging-options -profile-coverage-mapping -profile-generate -enable-testing -suppress-warnings -index-store-path /Users/admin/builder/spi-builder-workspace/.derivedData/Index.noindex/DataStore -Xcc -D_LIBCPP_HARDENING_MODE\=_LIBCPP_HARDENING_MODE_DEBUG -swift-version 6 -I /Users/admin/builder/spi-builder-workspace/.derivedData/Build/Products/Debug-watchos -Isystem /Applications/Xcode-27.0.0-Release.Candidate.app/Contents/Developer/Platforms/WatchOS.platform/Developer/usr/lib -F /Users/admin/builder/spi-builder-workspace/.derivedData/Build/Products/Debug-watchos -F /Applications/Xcode-27.0.0-Release.Candidate.app/Contents/Developer/Platforms/WatchOS.platform/Developer/Library/Frameworks -F /Applications/Xcode-27.0.0-Release.Candidate.app/Contents/Developer/Platforms/WatchOS.platform/Developer/SDKs/WatchOS27.0.sdk/Developer/Library/Frameworks -c -j10 -enable-batch-mode -incremental -Xcc -ivfsstatcache -Xcc /Users/admin/builder/spi-builder-workspace/.derivedData/SDKStatCaches.noindex/watchos27.0-24R360-e829b21a6f8c9b70876ba0858053c04477534ef55a1706bf4c1112bbb242f0a2.sdkstatcache -output-file-map /Users/admin/builder/spi-builder-workspace/.derivedData/Build/Intermediates.noindex/NSUI.build/Debug-watchos/NSUI-t.build/Objects-normal/arm64_32/NSUI-OutputFileMap.json -save-temps -no-color-diagnostics -explicit-module-build -module-cache-path /Users/admin/builder/spi-builder-workspace/.derivedData/Build/Intermediates.noindex/SwiftExplicitPrecompiledModules -clang-scanner-module-cache-path /Users/admin/builder/spi-builder-workspace/.derivedData/ModuleCache.noindex -sdk-module-cache-path /Users/admin/builder/spi-builder-workspace/.derivedData/SDKExplicitPrecompiledModules -emit-dependencies -emit-module -emit-module-path /Users/admin/builder/spi-builder-workspace/.derivedData/Build/Intermediates.noindex/NSUI.build/Debug-watchos/NSUI-t.build/Objects-normal/arm64_32/NSUI.swiftmodule -serialize-diagnostics -dependency-scan-serialize-diagnostics-path /Users/admin/builder/spi-builder-workspace/.derivedData/Build/Intermediates.noindex/NSUI.build/Debug-watchos/NSUI-t.build/Objects-normal/arm64_32/NSUI-dependency-scan.dia -validate-clang-modules-once -clang-build-session-file /Users/admin/builder/spi-builder-workspace/.derivedData/ModuleCache.noindex/Session.modulevalidation -Xcc -fmodules-prune-interval\=86400 -Xcc -fmodules-prune-after\=345600 -package-name nsui -emit-const-values -const-gather-protocols-list /Users/admin/builder/spi-builder-workspace/.derivedData/Build/Intermediates.noindex/NSUI.build/Debug-watchos/NSUI-t.build/Objects-normal/arm64_32/NSUI_const_extract_protocols.json -Xcc -I/Users/admin/builder/spi-builder-workspace/.derivedData/Build/Products/Debug-watchos/include -Xcc -I/Users/admin/builder/spi-builder-workspace/.derivedData/Build/Intermediates.noindex/NSUI.build/Debug-watchos/NSUI-t.build/DerivedSources-normal/arm64_32 -Xcc -I/Users/admin/builder/spi-builder-workspace/.derivedData/Build/Intermediates.noindex/NSUI.build/Debug-watchos/NSUI-t.build/DerivedSources/arm64_32 -Xcc -I/Users/admin/builder/spi-builder-workspace/.derivedData/Build/Intermediates.noindex/NSUI.build/Debug-watchos/NSUI-t.build/DerivedSources -Xcc -DSWIFT_PACKAGE -Xcc -DDEBUG\=1 -emit-objc-header -emit-objc-header-path /Users/admin/builder/spi-builder-workspace/.derivedData/Build/Intermediates.noindex/NSUI.build/Debug-watchos/NSUI-t.build/Objects-normal/arm64_32/NSUI-Swift.h -working-directory /Users/admin/builder/spi-builder-workspace/.swiftpm/xcode -experimental-emit-module-separately -disable-cmo
Ld /Users/admin/builder/spi-builder-workspace/.derivedData/Build/Intermediates.noindex/NSUI.build/Debug-watchos/NSUI-t.build/Objects-normal/arm64_32/Binary/NSUI.o normal arm64_32 (in target 'NSUI' from project 'NSUI')
    cd /Users/admin/builder/spi-builder-workspace/.dependencies/checkouts/nsui
    /Applications/Xcode-27.0.0-Release.Candidate.app/Contents/Developer/Toolchains/XcodeDefault.xctoolchain/usr/bin/clang -Xlinker -reproducible -target arm64_32-apple-watchos9.0 -r -isysroot /Applications/Xcode-27.0.0-Release.Candidate.app/Contents/Developer/Platforms/WatchOS.platform/Developer/SDKs/WatchOS27.0.sdk -O0 -w -Xlinker -no_warn_duplicate_libraries -F/Users/admin/builder/spi-builder-workspace/.derivedData/Build/Intermediates.noindex/EagerLinkingTBDs/Debug-watchos -F/Users/admin/builder/spi-builder-workspace/.derivedData/Build/Products/Debug-watchos -iframework /Applications/Xcode-27.0.0-Release.Candidate.app/Contents/Developer/Platforms/WatchOS.platform/Developer/Library/Frameworks -iframework /Applications/Xcode-27.0.0-Release.Candidate.app/Contents/Developer/Platforms/WatchOS.platform/Developer/SDKs/WatchOS27.0.sdk/Developer/Library/Frameworks -filelist /Users/admin/builder/spi-builder-workspace/.derivedData/Build/Intermediates.noindex/NSUI.build/Debug-watchos/NSUI-t.build/Objects-normal/arm64_32/NSUI.LinkFileList -nostdlib -Xlinker -object_path_lto -Xlinker /Users/admin/builder/spi-builder-workspace/.derivedData/Build/Intermediates.noindex/NSUI.build/Debug-watchos/NSUI-t.build/Objects-normal/arm64_32/NSUI_lto.o -Xlinker -no_deduplicate -Xlinker -debug_variant -Xlinker -dependency_info -Xlinker /Users/admin/builder/spi-builder-workspace/.derivedData/Build/Intermediates.noindex/NSUI.build/Debug-watchos/NSUI-t.build/Objects-normal/arm64_32/NSUI_dependency_info.dat -fobjc-link-runtime -L/Applications/Xcode-27.0.0-Release.Candidate.app/Contents/Developer/Toolchains/XcodeDefault.xctoolchain/usr/lib/swift/watchos -L/usr/lib/swift -Xlinker -add_ast_path -Xlinker /Users/admin/builder/spi-builder-workspace/.derivedData/Build/Intermediates.noindex/NSUI.build/Debug-watchos/NSUI-t.build/Objects-normal/arm64_32/NSUI.swiftmodule -o /Users/admin/builder/spi-builder-workspace/.derivedData/Build/Intermediates.noindex/NSUI.build/Debug-watchos/NSUI-t.build/Objects-normal/arm64_32/Binary/NSUI.o
SwiftDriver PillboxView normal arm64_32 com.apple.xcode.tools.swift.compiler (in target 'PillboxView' from project 'PillboxView')
    cd /Users/admin/builder/spi-builder-workspace/.swiftpm/xcode
    builtin-SwiftDriver -- /Applications/Xcode-27.0.0-Release.Candidate.app/Contents/Developer/Toolchains/XcodeDefault.xctoolchain/usr/bin/swiftc -parse-as-library -module-name PillboxView -Onone @/Users/admin/builder/spi-builder-workspace/.derivedData/Build/Intermediates.noindex/PillboxView.build/Debug-watchos/PillboxView-t.build/Objects-normal/arm64_32/PillboxView.SwiftFileList -DSWIFT_PACKAGE -DDEBUG -DSWIFT_MODULE_RESOURCE_BUNDLE_UNAVAILABLE -DXcode -plugin-path /Applications/Xcode-27.0.0-Release.Candidate.app/Contents/Developer/Toolchains/XcodeDefault.xctoolchain/usr/lib/swift/host/plugins/testing -enable-experimental-feature DebugDescriptionMacro -sdk /Applications/Xcode-27.0.0-Release.Candidate.app/Contents/Developer/Platforms/WatchOS.platform/Developer/SDKs/WatchOS27.0.sdk -target arm64_32-apple-watchos9.0 -g -module-cache-path /Users/admin/builder/spi-builder-workspace/.derivedData/ModuleCache.noindex -Xfrontend -serialize-debugging-options -profile-coverage-mapping -profile-generate -enable-testing -index-store-path /Users/admin/builder/spi-builder-workspace/.derivedData/Index.noindex/DataStore -Xcc -D_LIBCPP_HARDENING_MODE\=_LIBCPP_HARDENING_MODE_DEBUG -swift-version 5 -I /Users/admin/builder/spi-builder-workspace/.derivedData/Build/Products/Debug-watchos -Isystem /Applications/Xcode-27.0.0-Release.Candidate.app/Contents/Developer/Platforms/WatchOS.platform/Developer/usr/lib -F /Users/admin/builder/spi-builder-workspace/.derivedData/Build/Products/Debug-watchos/PackageFrameworks -F /Users/admin/builder/spi-builder-workspace/.derivedData/Build/Products/Debug-watchos -F /Applications/Xcode-27.0.0-Release.Candidate.app/Contents/Developer/Platforms/WatchOS.platform/Developer/Library/Frameworks -F /Applications/Xcode-27.0.0-Release.Candidate.app/Contents/Developer/Platforms/WatchOS.platform/Developer/SDKs/WatchOS27.0.sdk/Developer/Library/Frameworks -c -j10 -enable-batch-mode -incremental -Xcc -ivfsstatcache -Xcc /Users/admin/builder/spi-builder-workspace/.derivedData/SDKStatCaches.noindex/watchos27.0-24R360-e829b21a6f8c9b70876ba0858053c04477534ef55a1706bf4c1112bbb242f0a2.sdkstatcache -output-file-map /Users/admin/builder/spi-builder-workspace/.derivedData/Build/Intermediates.noindex/PillboxView.build/Debug-watchos/PillboxView-t.build/Objects-normal/arm64_32/PillboxView-OutputFileMap.json -save-temps -no-color-diagnostics -explicit-module-build -module-cache-path /Users/admin/builder/spi-builder-workspace/.derivedData/Build/Intermediates.noindex/SwiftExplicitPrecompiledModules -clang-scanner-module-cache-path /Users/admin/builder/spi-builder-workspace/.derivedData/ModuleCache.noindex -sdk-module-cache-path /Users/admin/builder/spi-builder-workspace/.derivedData/SDKExplicitPrecompiledModules -emit-dependencies -emit-module -emit-module-path /Users/admin/builder/spi-builder-workspace/.derivedData/Build/Intermediates.noindex/PillboxView.build/Debug-watchos/PillboxView-t.build/Objects-normal/arm64_32/PillboxView.swiftmodule -serialize-diagnostics -dependency-scan-serialize-diagnostics-path /Users/admin/builder/spi-builder-workspace/.derivedData/Build/Intermediates.noindex/PillboxView.build/Debug-watchos/PillboxView-t.build/Objects-normal/arm64_32/PillboxView-dependency-scan.dia -validate-clang-modules-once -clang-build-session-file /Users/admin/builder/spi-builder-workspace/.derivedData/ModuleCache.noindex/Session.modulevalidation -Xcc -fmodules-prune-interval\=86400 -Xcc -fmodules-prune-after\=345600 -emit-const-values -const-gather-protocols-list /Users/admin/builder/spi-builder-workspace/.derivedData/Build/Intermediates.noindex/PillboxView.build/Debug-watchos/PillboxView-t.build/Objects-normal/arm64_32/PillboxView_const_extract_protocols.json -Xcc -I/Users/admin/builder/spi-builder-workspace/.derivedData/Build/Products/Debug-watchos/include -Xcc -I/Users/admin/builder/spi-builder-workspace/.derivedData/Build/Intermediates.noindex/PillboxView.build/Debug-watchos/PillboxView-t.build/DerivedSources-normal/arm64_32 -Xcc -I/Users/admin/builder/spi-builder-workspace/.derivedData/Build/Intermediates.noindex/PillboxView.build/Debug-watchos/PillboxView-t.build/DerivedSources/arm64_32 -Xcc -I/Users/admin/builder/spi-builder-workspace/.derivedData/Build/Intermediates.noindex/PillboxView.build/Debug-watchos/PillboxView-t.build/DerivedSources -Xcc -DSWIFT_PACKAGE -Xcc -DDEBUG\=1 -emit-objc-header -emit-objc-header-path /Users/admin/builder/spi-builder-workspace/.derivedData/Build/Intermediates.noindex/PillboxView.build/Debug-watchos/PillboxView-t.build/Objects-normal/arm64_32/PillboxView-Swift.h -working-directory /Users/admin/builder/spi-builder-workspace/.swiftpm/xcode -experimental-emit-module-separately -disable-cmo
SwiftDriver PillboxView normal arm64 com.apple.xcode.tools.swift.compiler (in target 'PillboxView' from project 'PillboxView')
    cd /Users/admin/builder/spi-builder-workspace/.swiftpm/xcode
    builtin-SwiftDriver -- /Applications/Xcode-27.0.0-Release.Candidate.app/Contents/Developer/Toolchains/XcodeDefault.xctoolchain/usr/bin/swiftc -parse-as-library -module-name PillboxView -Onone @/Users/admin/builder/spi-builder-workspace/.derivedData/Build/Intermediates.noindex/PillboxView.build/Debug-watchos/PillboxView-t.build/Objects-normal/arm64/PillboxView.SwiftFileList -DSWIFT_PACKAGE -DDEBUG -DSWIFT_MODULE_RESOURCE_BUNDLE_UNAVAILABLE -DXcode -plugin-path /Applications/Xcode-27.0.0-Release.Candidate.app/Contents/Developer/Toolchains/XcodeDefault.xctoolchain/usr/lib/swift/host/plugins/testing -enable-experimental-feature DebugDescriptionMacro -sdk /Applications/Xcode-27.0.0-Release.Candidate.app/Contents/Developer/Platforms/WatchOS.platform/Developer/SDKs/WatchOS27.0.sdk -target arm64-apple-watchos9.0 -g -module-cache-path /Users/admin/builder/spi-builder-workspace/.derivedData/ModuleCache.noindex -Xfrontend -serialize-debugging-options -profile-coverage-mapping -profile-generate -enable-testing -index-store-path /Users/admin/builder/spi-builder-workspace/.derivedData/Index.noindex/DataStore -Xcc -D_LIBCPP_HARDENING_MODE\=_LIBCPP_HARDENING_MODE_DEBUG -swift-version 5 -I /Users/admin/builder/spi-builder-workspace/.derivedData/Build/Products/Debug-watchos -Isystem /Applications/Xcode-27.0.0-Release.Candidate.app/Contents/Developer/Platforms/WatchOS.platform/Developer/usr/lib -F /Users/admin/builder/spi-builder-workspace/.derivedData/Build/Products/Debug-watchos/PackageFrameworks -F /Users/admin/builder/spi-builder-workspace/.derivedData/Build/Products/Debug-watchos -F /Applications/Xcode-27.0.0-Release.Candidate.app/Contents/Developer/Platforms/WatchOS.platform/Developer/Library/Frameworks -F /Applications/Xcode-27.0.0-Release.Candidate.app/Contents/Developer/Platforms/WatchOS.platform/Developer/SDKs/WatchOS27.0.sdk/Developer/Library/Frameworks -c -j10 -enable-batch-mode -incremental -Xcc -ivfsstatcache -Xcc /Users/admin/builder/spi-builder-workspace/.derivedData/SDKStatCaches.noindex/watchos27.0-24R360-e829b21a6f8c9b70876ba0858053c04477534ef55a1706bf4c1112bbb242f0a2.sdkstatcache -output-file-map /Users/admin/builder/spi-builder-workspace/.derivedData/Build/Intermediates.noindex/PillboxView.build/Debug-watchos/PillboxView-t.build/Objects-normal/arm64/PillboxView-OutputFileMap.json -save-temps -no-color-diagnostics -explicit-module-build -module-cache-path /Users/admin/builder/spi-builder-workspace/.derivedData/Build/Intermediates.noindex/SwiftExplicitPrecompiledModules -clang-scanner-module-cache-path /Users/admin/builder/spi-builder-workspace/.derivedData/ModuleCache.noindex -sdk-module-cache-path /Users/admin/builder/spi-builder-workspace/.derivedData/SDKExplicitPrecompiledModules -emit-dependencies -emit-module -emit-module-path /Users/admin/builder/spi-builder-workspace/.derivedData/Build/Intermediates.noindex/PillboxView.build/Debug-watchos/PillboxView-t.build/Objects-normal/arm64/PillboxView.swiftmodule -serialize-diagnostics -dependency-scan-serialize-diagnostics-path /Users/admin/builder/spi-builder-workspace/.derivedData/Build/Intermediates.noindex/PillboxView.build/Debug-watchos/PillboxView-t.build/Objects-normal/arm64/PillboxView-dependency-scan.dia -validate-clang-modules-once -clang-build-session-file /Users/admin/builder/spi-builder-workspace/.derivedData/ModuleCache.noindex/Session.modulevalidation -Xcc -fmodules-prune-interval\=86400 -Xcc -fmodules-prune-after\=345600 -emit-const-values -const-gather-protocols-list /Users/admin/builder/spi-builder-workspace/.derivedData/Build/Intermediates.noindex/PillboxView.build/Debug-watchos/PillboxView-t.build/Objects-normal/arm64/PillboxView_const_extract_protocols.json -Xcc -I/Users/admin/builder/spi-builder-workspace/.derivedData/Build/Products/Debug-watchos/include -Xcc -I/Users/admin/builder/spi-builder-workspace/.derivedData/Build/Intermediates.noindex/PillboxView.build/Debug-watchos/PillboxView-t.build/DerivedSources-normal/arm64 -Xcc -I/Users/admin/builder/spi-builder-workspace/.derivedData/Build/Intermediates.noindex/PillboxView.build/Debug-watchos/PillboxView-t.build/DerivedSources/arm64 -Xcc -I/Users/admin/builder/spi-builder-workspace/.derivedData/Build/Intermediates.noindex/PillboxView.build/Debug-watchos/PillboxView-t.build/DerivedSources -Xcc -DSWIFT_PACKAGE -Xcc -DDEBUG\=1 -emit-objc-header -emit-objc-header-path /Users/admin/builder/spi-builder-workspace/.derivedData/Build/Intermediates.noindex/PillboxView.build/Debug-watchos/PillboxView-t.build/Objects-normal/arm64/PillboxView-Swift.h -working-directory /Users/admin/builder/spi-builder-workspace/.swiftpm/xcode -experimental-emit-module-separately -disable-cmo
SwiftDriverJobDiscovery normal arm64 Compiling TableViewDiffableDataSource.swift, TextView.swift (in target 'NSUI' from project 'NSUI')
SwiftDriverJobDiscovery normal arm64 Compiling Aliases.swift, BezierPath.swift (in target 'NSUI' from project 'NSUI')
SwiftDriverJobDiscovery normal arm64 Compiling Font.swift, Image.swift (in target 'NSUI' from project 'NSUI')
SwiftDriverJobDiscovery normal arm64 Compiling Color.swift, ControlActiveState.swift (in target 'NSUI' from project 'NSUI')
SwiftDriverJobDiscovery normal arm64 Compiling Label.swift, PlatformKit.swift (in target 'NSUI' from project 'NSUI')
SwiftExplicitDependencyGeneratePcm arm64_32 /Users/admin/builder/spi-builder-workspace/.derivedData/SDKExplicitPrecompiledModules/_Builtin_stdarg-D305JG44A2WPI6CJY37X3QJE8.pcm
SwiftExplicitDependencyGeneratePcm arm64_32 /Users/admin/builder/spi-builder-workspace/.derivedData/SDKExplicitPrecompiledModules/ptrauth-BFXF358ME5AK535N5A9Z766WU.pcm
SwiftExplicitDependencyGeneratePcm arm64_32 /Users/admin/builder/spi-builder-workspace/.derivedData/SDKExplicitPrecompiledModules/_Builtin_float-6KO8O3PEWRCA4WC6PPLOYO6WJ.pcm
SwiftExplicitDependencyGeneratePcm arm64_32 /Users/admin/builder/spi-builder-workspace/.derivedData/SDKExplicitPrecompiledModules/SwiftShims-9CQQGWTSNTN9EB5NSHDWUJICH.pcm
SwiftExplicitDependencyGeneratePcm arm64_32 /Users/admin/builder/spi-builder-workspace/.derivedData/SDKExplicitPrecompiledModules/_Builtin_stdbool-A967K8W8YUYEC9SN52KJ7OO88.pcm
SwiftExplicitDependencyGeneratePcm arm64_32 /Users/admin/builder/spi-builder-workspace/.derivedData/SDKExplicitPrecompiledModules/_SwiftConcurrencyShims-6RTBPQ03V7BM9SPRK8SUE055H.pcm
SwiftDriverJobDiscovery normal arm64 Compiling Views.swift (in target 'NSUI' from project 'NSUI')
SwiftExplicitDependencyGeneratePcm arm64_32 /Users/admin/builder/spi-builder-workspace/.derivedData/SDKExplicitPrecompiledModules/ptrcheck-7ELIH9BTIGVKX3UBITM9N72WD.pcm
SwiftDriverJobDiscovery normal arm64 Compiling ViewRepresentable.swift (in target 'NSUI' from project 'NSUI')
SwiftExplicitDependencyGeneratePcm arm64_32 /Users/admin/builder/spi-builder-workspace/.derivedData/SDKExplicitPrecompiledModules/_AvailabilityInternal-244WAN3Z1QBT7PIA64EZEFY1R.pcm
SwiftDriverJobDiscovery normal arm64 Compiling ViewControllerRepresentable.swift (in target 'NSUI' from project 'NSUI')
SwiftExplicitDependencyGeneratePcm arm64_32 /Users/admin/builder/spi-builder-workspace/.derivedData/SDKExplicitPrecompiledModules/_Builtin_stddef-H44EFHQX6XSS5MZ7QP6YJZ76.pcm
SwiftDriverJobDiscovery normal arm64 Compiling ImageView.swift, IndexPath.swift (in target 'NSUI' from project 'NSUI')
SwiftExplicitDependencyGeneratePcm arm64_32 /Users/admin/builder/spi-builder-workspace/.derivedData/SDKExplicitPrecompiledModules/DeveloperToolsSupport-DZU5G1OCMNWU0AQRULIFHUJ1Z.pcm
SwiftDriver\ Compilation NSUI normal arm64 com.apple.xcode.tools.swift.compiler (in target 'NSUI' from project 'NSUI')
    cd /Users/admin/builder/spi-builder-workspace/.swiftpm/xcode
    builtin-Swift-Compilation -- /Applications/Xcode-27.0.0-Release.Candidate.app/Contents/Developer/Toolchains/XcodeDefault.xctoolchain/usr/bin/swiftc -parse-as-library -module-name NSUI -Onone @/Users/admin/builder/spi-builder-workspace/.derivedData/Build/Intermediates.noindex/NSUI.build/Debug-watchos/NSUI-t.build/Objects-normal/arm64/NSUI.SwiftFileList -DSWIFT_PACKAGE -DDEBUG -DSWIFT_MODULE_RESOURCE_BUNDLE_UNAVAILABLE -DXcode -plugin-path /Applications/Xcode-27.0.0-Release.Candidate.app/Contents/Developer/Toolchains/XcodeDefault.xctoolchain/usr/lib/swift/host/plugins/testing -enable-experimental-feature DebugDescriptionMacro -sdk /Applications/Xcode-27.0.0-Release.Candidate.app/Contents/Developer/Platforms/WatchOS.platform/Developer/SDKs/WatchOS27.0.sdk -target arm64-apple-watchos9.0 -g -module-cache-path /Users/admin/builder/spi-builder-workspace/.derivedData/ModuleCache.noindex -Xfrontend -serialize-debugging-options -profile-coverage-mapping -profile-generate -enable-testing -suppress-warnings -index-store-path /Users/admin/builder/spi-builder-workspace/.derivedData/Index.noindex/DataStore -Xcc -D_LIBCPP_HARDENING_MODE\=_LIBCPP_HARDENING_MODE_DEBUG -swift-version 6 -I /Users/admin/builder/spi-builder-workspace/.derivedData/Build/Products/Debug-watchos -Isystem /Applications/Xcode-27.0.0-Release.Candidate.app/Contents/Developer/Platforms/WatchOS.platform/Developer/usr/lib -F /Users/admin/builder/spi-builder-workspace/.derivedData/Build/Products/Debug-watchos -F /Applications/Xcode-27.0.0-Release.Candidate.app/Contents/Developer/Platforms/WatchOS.platform/Developer/Library/Frameworks -F /Applications/Xcode-27.0.0-Release.Candidate.app/Contents/Developer/Platforms/WatchOS.platform/Developer/SDKs/WatchOS27.0.sdk/Developer/Library/Frameworks -c -j10 -enable-batch-mode -incremental -Xcc -ivfsstatcache -Xcc /Users/admin/builder/spi-builder-workspace/.derivedData/SDKStatCaches.noindex/watchos27.0-24R360-e829b21a6f8c9b70876ba0858053c04477534ef55a1706bf4c1112bbb242f0a2.sdkstatcache -output-file-map /Users/admin/builder/spi-builder-workspace/.derivedData/Build/Intermediates.noindex/NSUI.build/Debug-watchos/NSUI-t.build/Objects-normal/arm64/NSUI-OutputFileMap.json -save-temps -no-color-diagnostics -explicit-module-build -module-cache-path /Users/admin/builder/spi-builder-workspace/.derivedData/Build/Intermediates.noindex/SwiftExplicitPrecompiledModules -clang-scanner-module-cache-path /Users/admin/builder/spi-builder-workspace/.derivedData/ModuleCache.noindex -sdk-module-cache-path /Users/admin/builder/spi-builder-workspace/.derivedData/SDKExplicitPrecompiledModules -emit-dependencies -emit-module -emit-module-path /Users/admin/builder/spi-builder-workspace/.derivedData/Build/Intermediates.noindex/NSUI.build/Debug-watchos/NSUI-t.build/Objects-normal/arm64/NSUI.swiftmodule -serialize-diagnostics -dependency-scan-serialize-diagnostics-path /Users/admin/builder/spi-builder-workspace/.derivedData/Build/Intermediates.noindex/NSUI.build/Debug-watchos/NSUI-t.build/Objects-normal/arm64/NSUI-dependency-scan.dia -validate-clang-modules-once -clang-build-session-file /Users/admin/builder/spi-builder-workspace/.derivedData/ModuleCache.noindex/Session.modulevalidation -Xcc -fmodules-prune-interval\=86400 -Xcc -fmodules-prune-after\=345600 -package-name nsui -emit-const-values -const-gather-protocols-list /Users/admin/builder/spi-builder-workspace/.derivedData/Build/Intermediates.noindex/NSUI.build/Debug-watchos/NSUI-t.build/Objects-normal/arm64/NSUI_const_extract_protocols.json -Xcc -I/Users/admin/builder/spi-builder-workspace/.derivedData/Build/Products/Debug-watchos/include -Xcc -I/Users/admin/builder/spi-builder-workspace/.derivedData/Build/Intermediates.noindex/NSUI.build/Debug-watchos/NSUI-t.build/DerivedSources-normal/arm64 -Xcc -I/Users/admin/builder/spi-builder-workspace/.derivedData/Build/Intermediates.noindex/NSUI.build/Debug-watchos/NSUI-t.build/DerivedSources/arm64 -Xcc -I/Users/admin/builder/spi-builder-workspace/.derivedData/Build/Intermediates.noindex/NSUI.build/Debug-watchos/NSUI-t.build/DerivedSources -Xcc -DSWIFT_PACKAGE -Xcc -DDEBUG\=1 -emit-objc-header -emit-objc-header-path /Users/admin/builder/spi-builder-workspace/.derivedData/Build/Intermediates.noindex/NSUI.build/Debug-watchos/NSUI-t.build/Objects-normal/arm64/NSUI-Swift.h -working-directory /Users/admin/builder/spi-builder-workspace/.swiftpm/xcode -experimental-emit-module-separately -disable-cmo
SwiftExplicitDependencyGeneratePcm arm64 /Users/admin/builder/spi-builder-workspace/.derivedData/SDKExplicitPrecompiledModules/_Builtin_float-C0CW5Q4HGBQYKE77TC42IAFB5.pcm
SwiftExplicitDependencyGeneratePcm arm64 /Users/admin/builder/spi-builder-workspace/.derivedData/SDKExplicitPrecompiledModules/SwiftShims-4MXFZPV6FEB0XBYXCGPWAMQGL.pcm
SwiftExplicitDependencyGeneratePcm arm64 /Users/admin/builder/spi-builder-workspace/.derivedData/SDKExplicitPrecompiledModules/_Builtin_stdbool-83J96QSOFE9VX04AAS6310UAE.pcm
SwiftExplicitDependencyGeneratePcm arm64 /Users/admin/builder/spi-builder-workspace/.derivedData/SDKExplicitPrecompiledModules/_Builtin_stdarg-A7UU8LE6MP85SM26YO7PBZNUQ.pcm
SwiftExplicitDependencyGeneratePcm arm64 /Users/admin/builder/spi-builder-workspace/.derivedData/SDKExplicitPrecompiledModules/ptrcheck-AIF0NDOYZ8ORBNHQAQR5NNB8M.pcm
SwiftExplicitDependencyGeneratePcm arm64 /Users/admin/builder/spi-builder-workspace/.derivedData/SDKExplicitPrecompiledModules/_SwiftConcurrencyShims-659N52XSKR5F0QSB880BH2FJR.pcm
SwiftExplicitDependencyGeneratePcm arm64 /Users/admin/builder/spi-builder-workspace/.derivedData/SDKExplicitPrecompiledModules/ptrauth-3TZ9WJCGLYD25HQPWH4968ONX.pcm
SwiftExplicitDependencyGeneratePcm arm64 /Users/admin/builder/spi-builder-workspace/.derivedData/SDKExplicitPrecompiledModules/DeveloperToolsSupport-E7CNISCB36UE8XQ9IOHK9XDX1.pcm
SwiftExplicitDependencyGeneratePcm arm64 /Users/admin/builder/spi-builder-workspace/.derivedData/SDKExplicitPrecompiledModules/_AvailabilityInternal-BUNV3UXM65NT37THI4W1AM0SF.pcm
Ld /Users/admin/builder/spi-builder-workspace/.derivedData/Build/Intermediates.noindex/NSUI.build/Debug-watchos/NSUI-t.build/Objects-normal/arm64/Binary/NSUI.o normal arm64 (in target 'NSUI' from project 'NSUI')
    cd /Users/admin/builder/spi-builder-workspace/.dependencies/checkouts/nsui
    /Applications/Xcode-27.0.0-Release.Candidate.app/Contents/Developer/Toolchains/XcodeDefault.xctoolchain/usr/bin/clang -Xlinker -reproducible -target arm64-apple-watchos9.0 -r -isysroot /Applications/Xcode-27.0.0-Release.Candidate.app/Contents/Developer/Platforms/WatchOS.platform/Developer/SDKs/WatchOS27.0.sdk -O0 -w -Xlinker -no_warn_duplicate_libraries -F/Users/admin/builder/spi-builder-workspace/.derivedData/Build/Intermediates.noindex/EagerLinkingTBDs/Debug-watchos -F/Users/admin/builder/spi-builder-workspace/.derivedData/Build/Products/Debug-watchos -iframework /Applications/Xcode-27.0.0-Release.Candidate.app/Contents/Developer/Platforms/WatchOS.platform/Developer/Library/Frameworks -iframework /Applications/Xcode-27.0.0-Release.Candidate.app/Contents/Developer/Platforms/WatchOS.platform/Developer/SDKs/WatchOS27.0.sdk/Developer/Library/Frameworks -filelist /Users/admin/builder/spi-builder-workspace/.derivedData/Build/Intermediates.noindex/NSUI.build/Debug-watchos/NSUI-t.build/Objects-normal/arm64/NSUI.LinkFileList -nostdlib -Xlinker -object_path_lto -Xlinker /Users/admin/builder/spi-builder-workspace/.derivedData/Build/Intermediates.noindex/NSUI.build/Debug-watchos/NSUI-t.build/Objects-normal/arm64/NSUI_lto.o -Xlinker -no_deduplicate -Xlinker -debug_variant -Xlinker -dependency_info -Xlinker /Users/admin/builder/spi-builder-workspace/.derivedData/Build/Intermediates.noindex/NSUI.build/Debug-watchos/NSUI-t.build/Objects-normal/arm64/NSUI_dependency_info.dat -fobjc-link-runtime -L/Applications/Xcode-27.0.0-Release.Candidate.app/Contents/Developer/Toolchains/XcodeDefault.xctoolchain/usr/lib/swift/watchos -L/usr/lib/swift -Xlinker -add_ast_path -Xlinker /Users/admin/builder/spi-builder-workspace/.derivedData/Build/Intermediates.noindex/NSUI.build/Debug-watchos/NSUI-t.build/Objects-normal/arm64/NSUI.swiftmodule -o /Users/admin/builder/spi-builder-workspace/.derivedData/Build/Intermediates.noindex/NSUI.build/Debug-watchos/NSUI-t.build/Objects-normal/arm64/Binary/NSUI.o
SwiftExplicitDependencyGeneratePcm arm64_32 /Users/admin/builder/spi-builder-workspace/.derivedData/SDKExplicitPrecompiledModules/_DarwinFoundation1-2GWF9RFMPLQW4PDHS3NARVI3G.pcm
CreateUniversalBinary /Users/admin/builder/spi-builder-workspace/.derivedData/Build/Products/Debug-watchos/NSUI.o normal arm64\ arm64_32 (in target 'NSUI' from project 'NSUI')
    cd /Users/admin/builder/spi-builder-workspace/.dependencies/checkouts/nsui
    /Applications/Xcode-27.0.0-Release.Candidate.app/Contents/Developer/Toolchains/XcodeDefault.xctoolchain/usr/bin/lipo -create /Users/admin/builder/spi-builder-workspace/.derivedData/Build/Intermediates.noindex/NSUI.build/Debug-watchos/NSUI-t.build/Objects-normal/arm64/Binary/NSUI.o /Users/admin/builder/spi-builder-workspace/.derivedData/Build/Intermediates.noindex/NSUI.build/Debug-watchos/NSUI-t.build/Objects-normal/arm64_32/Binary/NSUI.o -output /Users/admin/builder/spi-builder-workspace/.derivedData/Build/Products/Debug-watchos/NSUI.o
SwiftExplicitDependencyGeneratePcm arm64 /Users/admin/builder/spi-builder-workspace/.derivedData/SDKExplicitPrecompiledModules/_Builtin_stddef-1FU30Y8SWFB7OUUHMJQH5J6FM.pcm
ExtractAppIntentsMetadata (in target 'NSUI' from project 'NSUI')
    cd /Users/admin/builder/spi-builder-workspace/.dependencies/checkouts/nsui
    /Applications/Xcode-27.0.0-Release.Candidate.app/Contents/Developer/Toolchains/XcodeDefault.xctoolchain/usr/bin/appintentsmetadataprocessor --toolchain-dir /var/run/com.apple.security.cryptexd/mnt/com.apple.MobileAsset.MetalToolchain-v27.1.266.1.xwlyXF/Metal.xctoolchain --module-name NSUI --sdk-root /Applications/Xcode-27.0.0-Release.Candidate.app/Contents/Developer/Platforms/WatchOS.platform/Developer/SDKs/WatchOS27.0.sdk --xcode-version 27A266a --platform-family watchOS --deployment-target 9.0 --bundle-identifier nsui.NSUI --output /Users/admin/builder/spi-builder-workspace/.derivedData/Build/Products/Debug-watchos/NSUI.appintents --target-triple arm64-apple-watchos9.0 --target-triple arm64_32-apple-watchos9.0 --binary-file /Users/admin/builder/spi-builder-workspace/.derivedData/Build/Products/Debug-watchos/NSUI.o --dependency-file /Users/admin/builder/spi-builder-workspace/.derivedData/Build/Intermediates.noindex/NSUI.build/Debug-watchos/NSUI-t.build/Objects-normal/arm64/NSUI_dependency_info.dat --dependency-file /Users/admin/builder/spi-builder-workspace/.derivedData/Build/Intermediates.noindex/NSUI.build/Debug-watchos/NSUI-t.build/Objects-normal/arm64_32/NSUI_dependency_info.dat --stringsdata-file /Users/admin/builder/spi-builder-workspace/.derivedData/Build/Intermediates.noindex/NSUI.build/Debug-watchos/NSUI-t.build/Objects-normal/arm64/ExtractedAppShortcutsMetadata.stringsdata --stringsdata-file /Users/admin/builder/spi-builder-workspace/.derivedData/Build/Intermediates.noindex/NSUI.build/Debug-watchos/NSUI-t.build/Objects-normal/arm64_32/ExtractedAppShortcutsMetadata.stringsdata --source-file-list /Users/admin/builder/spi-builder-workspace/.derivedData/Build/Intermediates.noindex/NSUI.build/Debug-watchos/NSUI-t.build/Objects-normal/arm64/NSUI.SwiftFileList --source-file-list /Users/admin/builder/spi-builder-workspace/.derivedData/Build/Intermediates.noindex/NSUI.build/Debug-watchos/NSUI-t.build/Objects-normal/arm64_32/NSUI.SwiftFileList --metadata-file-list /Users/admin/builder/spi-builder-workspace/.derivedData/Build/Intermediates.noindex/NSUI.build/Debug-watchos/NSUI-t.build/NSUI.DependencyMetadataFileList --static-metadata-file-list /Users/admin/builder/spi-builder-workspace/.derivedData/Build/Intermediates.noindex/NSUI.build/Debug-watchos/NSUI-t.build/NSUI.DependencyStaticMetadataFileList --swift-const-vals-list /Users/admin/builder/spi-builder-workspace/.derivedData/Build/Intermediates.noindex/NSUI.build/Debug-watchos/NSUI-t.build/Objects-normal/arm64/NSUI.SwiftConstValuesFileList --swift-const-vals-list /Users/admin/builder/spi-builder-workspace/.derivedData/Build/Intermediates.noindex/NSUI.build/Debug-watchos/NSUI-t.build/Objects-normal/arm64_32/NSUI.SwiftConstValuesFileList --force --compile-time-extraction --deployment-aware-processing --no-app-shortcuts-localization
2026-09-18 06:10:45.116 appintentsmetadataprocessor[873:5146] Starting appintentsmetadataprocessor export
2026-09-18 06:10:45.218 appintentsmetadataprocessor[873:5146] Extracted no relevant App Intents symbols, skipping writing output
SwiftExplicitDependencyGeneratePcm arm64 /Users/admin/builder/spi-builder-workspace/.derivedData/SDKExplicitPrecompiledModules/_DarwinFoundation1-7SPX3MD0HMP55E4OLNCPNDQ53.pcm
SwiftExplicitDependencyGeneratePcm arm64_32 /Users/admin/builder/spi-builder-workspace/.derivedData/SDKExplicitPrecompiledModules/_Builtin_limits-3VKBU2AFTD65PAJZ5CJ3LHFM2.pcm
SwiftExplicitDependencyGeneratePcm arm64_32 /Users/admin/builder/spi-builder-workspace/.derivedData/SDKExplicitPrecompiledModules/_DarwinFoundation2-9MY8GOSYRO0M9MKNXF6D3MBNK.pcm
SwiftExplicitDependencyGeneratePcm arm64 /Users/admin/builder/spi-builder-workspace/.derivedData/SDKExplicitPrecompiledModules/_Builtin_limits-9GWPA2B0H20DYUNYHYCWKABJG.pcm
SwiftExplicitDependencyGeneratePcm arm64 /Users/admin/builder/spi-builder-workspace/.derivedData/SDKExplicitPrecompiledModules/_DarwinFoundation2-D0XAPJU49S5E9XMKYOFGSTB1Q.pcm
SwiftExplicitDependencyGeneratePcm arm64_32 /Users/admin/builder/spi-builder-workspace/.derivedData/SDKExplicitPrecompiledModules/_Builtin_tgmath-23PGCKURCQILXMK0MYZRYDCOU.pcm
SwiftExplicitDependencyGeneratePcm arm64_32 /Users/admin/builder/spi-builder-workspace/.derivedData/SDKExplicitPrecompiledModules/sys_types-8TLLMW08ZJWDGIIPKOYFGHHZW.pcm
SwiftExplicitDependencyGeneratePcm arm64_32 /Users/admin/builder/spi-builder-workspace/.derivedData/SDKExplicitPrecompiledModules/string_h-BFVLUQUSBZWYMLCU9QI7VZALW.pcm
SwiftExplicitDependencyGeneratePcm arm64_32 /Users/admin/builder/spi-builder-workspace/.derivedData/SDKExplicitPrecompiledModules/_Builtin_stdint-1HMXWI3V0V4TXHRWZOMZGZ80Y.pcm
SwiftExplicitDependencyGeneratePcm arm64 /Users/admin/builder/spi-builder-workspace/.derivedData/SDKExplicitPrecompiledModules/_Builtin_stdint-8XMILLJZEGRN2XG7XZUXZ5RLX.pcm
SwiftExplicitDependencyGeneratePcm arm64 /Users/admin/builder/spi-builder-workspace/.derivedData/SDKExplicitPrecompiledModules/_Builtin_tgmath-8NQ96OZ0YHXEC24JI95P01UF8.pcm
SwiftExplicitDependencyGeneratePcm arm64 /Users/admin/builder/spi-builder-workspace/.derivedData/SDKExplicitPrecompiledModules/sys_types-2KXQLI78OUCDP779AE68GZJ2.pcm
SwiftExplicitDependencyGeneratePcm arm64 /Users/admin/builder/spi-builder-workspace/.derivedData/SDKExplicitPrecompiledModules/string_h-E6PRXK75PHIPCZFWOFCQ3QBMK.pcm
SwiftExplicitDependencyGeneratePcm arm64_32 /Users/admin/builder/spi-builder-workspace/.derivedData/SDKExplicitPrecompiledModules/_Builtin_intrinsics-196IIAKDQVU42DLOZP9OQCV76.pcm
SwiftExplicitDependencyGeneratePcm arm64_32 /Users/admin/builder/spi-builder-workspace/.derivedData/SDKExplicitPrecompiledModules/_DarwinFoundation3-3DUTYQDQSD9HUAAVY947NMWOI.pcm
SwiftExplicitDependencyGeneratePcm arm64_32 /Users/admin/builder/spi-builder-workspace/.derivedData/SDKExplicitPrecompiledModules/_Builtin_stdatomic-1TY035TURL76BF2U98PZPPZRX.pcm
SwiftExplicitDependencyGeneratePcm arm64 /Users/admin/builder/spi-builder-workspace/.derivedData/SDKExplicitPrecompiledModules/_DarwinFoundation3-B97LRG0E9GON2NUE65TVG81HU.pcm
SwiftExplicitDependencyGeneratePcm arm64 /Users/admin/builder/spi-builder-workspace/.derivedData/SDKExplicitPrecompiledModules/_Builtin_intrinsics-75960HIPCIYA06IUW8FIIPQT.pcm
SwiftExplicitDependencyGeneratePcm arm64 /Users/admin/builder/spi-builder-workspace/.derivedData/SDKExplicitPrecompiledModules/_Builtin_stdatomic-7JEFA3KBJJJN6TKJWY3OG1VG5.pcm
SwiftExplicitDependencyGeneratePcm arm64_32 /Users/admin/builder/spi-builder-workspace/.derivedData/SDKExplicitPrecompiledModules/_Builtin_inttypes-D2KPCR4PEX9AQA33NGLUT5SBR.pcm
SwiftExplicitDependencyGeneratePcm arm64 /Users/admin/builder/spi-builder-workspace/.derivedData/SDKExplicitPrecompiledModules/_Builtin_inttypes-3UQSCM7WNM9EK4HZML8TY5J3D.pcm
SwiftExplicitDependencyGeneratePcm arm64_32 /Users/admin/builder/spi-builder-workspace/.derivedData/SDKExplicitPrecompiledModules/Darwin-3FVT1SKLN2ZQ5RVOABMTQBB34.pcm
SwiftExplicitDependencyGeneratePcm arm64 /Users/admin/builder/spi-builder-workspace/.derivedData/SDKExplicitPrecompiledModules/Darwin-3984OXKFNSPE77NT743WK8SEX.pcm
SwiftExplicitDependencyGeneratePcm arm64_32 /Users/admin/builder/spi-builder-workspace/.derivedData/SDKExplicitPrecompiledModules/simd-21UNWYOBUZI1LVSQ99S1XBLMO.pcm
SwiftExplicitDependencyGeneratePcm arm64 /Users/admin/builder/spi-builder-workspace/.derivedData/SDKExplicitPrecompiledModules/simd-EH08NODU6574T74ZKU61VP9BW.pcm
SwiftExplicitDependencyGeneratePcm arm64_32 /Users/admin/builder/spi-builder-workspace/.derivedData/SDKExplicitPrecompiledModules/ObjectiveC-6IJNELR2E80E7LUKESVCP2KET.pcm
SwiftExplicitDependencyGeneratePcm arm64_32 /Users/admin/builder/spi-builder-workspace/.derivedData/SDKExplicitPrecompiledModules/MachO-56838ZJ0NC1EBAJ0O6O8QMPDX.pcm
SwiftExplicitDependencyGeneratePcm arm64 /Users/admin/builder/spi-builder-workspace/.derivedData/SDKExplicitPrecompiledModules/ObjectiveC-72IVD3VS2RS8Q28D9PIMY0KQP.pcm
SwiftExplicitDependencyGeneratePcm arm64 /Users/admin/builder/spi-builder-workspace/.derivedData/SDKExplicitPrecompiledModules/MachO-2U90NNSAQILBNBPS1SA4F8TYP.pcm
SwiftExplicitDependencyGeneratePcm arm64_32 /Users/admin/builder/spi-builder-workspace/.derivedData/SDKExplicitPrecompiledModules/os_object-5YWTC6L4756IWSTPGXS5NM0D0.pcm
SwiftExplicitDependencyGeneratePcm arm64 /Users/admin/builder/spi-builder-workspace/.derivedData/SDKExplicitPrecompiledModules/os_object-3SDKD7F87FTZ26OON37DRYT6O.pcm
SwiftExplicitDependencyGeneratePcm arm64_32 /Users/admin/builder/spi-builder-workspace/.derivedData/SDKExplicitPrecompiledModules/os_workgroup-5JHTPDMNBUNHLJI8LPHKQK1JK.pcm
SwiftExplicitDependencyGeneratePcm arm64 /Users/admin/builder/spi-builder-workspace/.derivedData/SDKExplicitPrecompiledModules/os_workgroup-89GG5G7YC2D0ZTK6AZXXQ20DH.pcm
SwiftExplicitDependencyGeneratePcm arm64_32 /Users/admin/builder/spi-builder-workspace/.derivedData/SDKExplicitPrecompiledModules/Spatial-CWVWNML3T0NXVHZDKVLD3X1YZ.pcm
SwiftExplicitDependencyGeneratePcm arm64_32 /Users/admin/builder/spi-builder-workspace/.derivedData/SDKExplicitPrecompiledModules/Dispatch-2P62F1T4XV63S4P99TUDTOK2Q.pcm
SwiftExplicitDependencyGeneratePcm arm64 /Users/admin/builder/spi-builder-workspace/.derivedData/SDKExplicitPrecompiledModules/Spatial-44FJGYXFAT2AQAW9Z6T7YS02U.pcm
SwiftExplicitDependencyGeneratePcm arm64 /Users/admin/builder/spi-builder-workspace/.derivedData/SDKExplicitPrecompiledModules/Dispatch-1NLJOVAK60XP0DUB05XA59EIM.pcm
SwiftExplicitDependencyGeneratePcm arm64_32 /Users/admin/builder/spi-builder-workspace/.derivedData/SDKExplicitPrecompiledModules/CoreFoundation-8E6Y4BA3EXYKUGJ24GT9LGV3N.pcm
SwiftExplicitDependencyGeneratePcm arm64_32 /Users/admin/builder/spi-builder-workspace/.derivedData/SDKExplicitPrecompiledModules/XPC-81Y45QFY96XYYFCW2GT6FY8S4.pcm
SwiftExplicitDependencyGeneratePcm arm64 /Users/admin/builder/spi-builder-workspace/.derivedData/SDKExplicitPrecompiledModules/CoreFoundation-8T2L24YC5NU7WO6WQJWRY7W08.pcm
SwiftExplicitDependencyGeneratePcm arm64 /Users/admin/builder/spi-builder-workspace/.derivedData/SDKExplicitPrecompiledModules/XPC-40DR0X1DHKGCV4J1IOLFS8MOU.pcm
SwiftExplicitDependencyGeneratePcm arm64_32 /Users/admin/builder/spi-builder-workspace/.derivedData/SDKExplicitPrecompiledModules/os-E5IGB442IA6SBB25TTCOLK2OC.pcm
SwiftExplicitDependencyGeneratePcm arm64 /Users/admin/builder/spi-builder-workspace/.derivedData/SDKExplicitPrecompiledModules/os-5DIL6Z9LFIGLMZAHM7X2T5435.pcm
SwiftExplicitDependencyGeneratePcm arm64_32 /Users/admin/builder/spi-builder-workspace/.derivedData/SDKExplicitPrecompiledModules/CoreGraphics-9FDXYX6BKBUT6TJ2VF819E7T5.pcm
SwiftExplicitDependencyGeneratePcm arm64_32 /Users/admin/builder/spi-builder-workspace/.derivedData/SDKExplicitPrecompiledModules/Security-D7TOWF88VWF67TB9HAFP5UWB1.pcm
SwiftExplicitDependencyGeneratePcm arm64_32 /Users/admin/builder/spi-builder-workspace/.derivedData/SDKExplicitPrecompiledModules/CoreAudioTypes-9GVB1DHA32M46R4A9NWSI3I2K.pcm
SwiftExplicitDependencyGeneratePcm arm64 /Users/admin/builder/spi-builder-workspace/.derivedData/SDKExplicitPrecompiledModules/Security-6RZ6YBRU8WCUHRFFRVUK5WKMM.pcm
SwiftExplicitDependencyGeneratePcm arm64 /Users/admin/builder/spi-builder-workspace/.derivedData/SDKExplicitPrecompiledModules/CoreAudioTypes-A9MF7N5LT63G21HNFVM6BT14B.pcm
SwiftExplicitDependencyGeneratePcm arm64 /Users/admin/builder/spi-builder-workspace/.derivedData/SDKExplicitPrecompiledModules/CoreGraphics-DWNZ73GEH98SBJXZ7DEXB420K.pcm
SwiftExplicitDependencyGeneratePcm arm64_32 /Users/admin/builder/spi-builder-workspace/.derivedData/SDKExplicitPrecompiledModules/CoreAudio-5W6MX6OUPWBMUR8VD5LHT1PZF.pcm
SwiftExplicitDependencyGeneratePcm arm64_32 /Users/admin/builder/spi-builder-workspace/.derivedData/SDKExplicitPrecompiledModules/Foundation-BJ2VQGI3OGR34500MEQ1VKHPH.pcm
SwiftExplicitDependencyGeneratePcm arm64_32 /Users/admin/builder/spi-builder-workspace/.derivedData/SDKExplicitPrecompiledModules/CoreText-C9X2REPZN2V5BSU4G80FCETDR.pcm
SwiftExplicitDependencyGeneratePcm arm64_32 /Users/admin/builder/spi-builder-workspace/.derivedData/SDKExplicitPrecompiledModules/CoreVideo-2P8HI0403J99LBDPKNFJ5D4DL.pcm
SwiftExplicitDependencyGeneratePcm arm64 /Users/admin/builder/spi-builder-workspace/.derivedData/SDKExplicitPrecompiledModules/CoreAudio-1B79RJJTP71GE6UY9WLESAN3C.pcm
SwiftExplicitDependencyGeneratePcm arm64 /Users/admin/builder/spi-builder-workspace/.derivedData/SDKExplicitPrecompiledModules/Foundation-DLBKUSGXN8QHAT8W0OARR9S8A.pcm
SwiftExplicitDependencyGeneratePcm arm64 /Users/admin/builder/spi-builder-workspace/.derivedData/SDKExplicitPrecompiledModules/CoreText-970YJN6NIYGK1316L35Z0O8QT.pcm
SwiftExplicitDependencyGeneratePcm arm64 /Users/admin/builder/spi-builder-workspace/.derivedData/SDKExplicitPrecompiledModules/CoreVideo-8MRR5MNWUOAW2DBPGUQ8FKK4.pcm
SwiftExplicitDependencyGeneratePcm arm64_32 /Users/admin/builder/spi-builder-workspace/.derivedData/SDKExplicitPrecompiledModules/CoreMedia-AO387T8CHWTTZODD1DGT0UAFA.pcm
SwiftExplicitDependencyGeneratePcm arm64 /Users/admin/builder/spi-builder-workspace/.derivedData/SDKExplicitPrecompiledModules/CoreMedia-1AJVCUZNAO74KIKMFVFUUHWDI.pcm
SwiftExplicitDependencyGeneratePcm arm64_32 /Users/admin/builder/spi-builder-workspace/.derivedData/SDKExplicitPrecompiledModules/Symbols-1H97WMG76HU94F5VGJR19PXFY.pcm
SwiftExplicitDependencyGeneratePcm arm64_32 /Users/admin/builder/spi-builder-workspace/.derivedData/SDKExplicitPrecompiledModules/CoreTransferable-5D4IR6X37682FPHJ5CBPTKQV6.pcm
SwiftExplicitDependencyGeneratePcm arm64_32 /Users/admin/builder/spi-builder-workspace/.derivedData/SDKExplicitPrecompiledModules/UserNotifications-6TBN8TEAKO014N1T2QD926XED.pcm
SwiftExplicitDependencyGeneratePcm arm64_32 /Users/admin/builder/spi-builder-workspace/.derivedData/SDKExplicitPrecompiledModules/Accessibility-F385OMZ5GYBUY5O4QAJB4NRII.pcm
SwiftExplicitDependencyGeneratePcm arm64_32 /Users/admin/builder/spi-builder-workspace/.derivedData/SDKExplicitPrecompiledModules/OSLog-D9AVFY0KWO7RVBIQ73CBIJVCN.pcm
SwiftExplicitDependencyGeneratePcm arm64_32 /Users/admin/builder/spi-builder-workspace/.derivedData/SDKExplicitPrecompiledModules/_LocationEssentials-AQ1OL9QKC3LQLY5CNSRM1HB53.pcm
SwiftExplicitDependencyGeneratePcm arm64_32 /Users/admin/builder/spi-builder-workspace/.derivedData/SDKExplicitPrecompiledModules/QuartzCore-6375NPYACK5NYVHPMC1QQ8MC2.pcm
SwiftExplicitDependencyGeneratePcm arm64_32 /Users/admin/builder/spi-builder-workspace/.derivedData/SDKExplicitPrecompiledModules/DataDetection-U9BF7WHFVA6BZGFXXXP272PS.pcm
SwiftExplicitDependencyGeneratePcm arm64_32 /Users/admin/builder/spi-builder-workspace/.derivedData/SDKExplicitPrecompiledModules/SceneKit-DKNLHKM5FJBQ79LSNMSSMBUBR.pcm
SwiftExplicitDependencyGeneratePcm arm64_32 /Users/admin/builder/spi-builder-workspace/.derivedData/SDKExplicitPrecompiledModules/UniformTypeIdentifiers-CJZ3NTHPSBH4XWX5EVOG56UZS.pcm
SwiftExplicitDependencyGeneratePcm arm64 /Users/admin/builder/spi-builder-workspace/.derivedData/SDKExplicitPrecompiledModules/OSLog-B7VGO357Y3GJG35TST7DKDSI3.pcm
SwiftExplicitDependencyGeneratePcm arm64 /Users/admin/builder/spi-builder-workspace/.derivedData/SDKExplicitPrecompiledModules/CoreData-9JFJC4UET8BAO5IPV2JU6W9V8.pcm
SwiftExplicitDependencyGeneratePcm arm64 /Users/admin/builder/spi-builder-workspace/.derivedData/SDKExplicitPrecompiledModules/_LocationEssentials-5ZZDGDXB6HLQUC72SJW7YJ7MK.pcm
SwiftExplicitDependencyGeneratePcm arm64 /Users/admin/builder/spi-builder-workspace/.derivedData/SDKExplicitPrecompiledModules/CoreTransferable-9PPG3SLJ55T4LITIFYX2M0NOZ.pcm
SwiftExplicitDependencyGeneratePcm arm64_32 /Users/admin/builder/spi-builder-workspace/.derivedData/SDKExplicitPrecompiledModules/CoreLocation-8XU5YMYM4P11RQMYCQAG65ITK.pcm
SwiftExplicitDependencyGeneratePcm arm64 /Users/admin/builder/spi-builder-workspace/.derivedData/SDKExplicitPrecompiledModules/DataDetection-7BNVI1SZW5ISQL5SX4WL2X7I5.pcm
SwiftExplicitDependencyGeneratePcm arm64_32 /Users/admin/builder/spi-builder-workspace/.derivedData/SDKExplicitPrecompiledModules/UIUtilities-9YFVNIMRC5HRVOIARNWHP1E3H.pcm
SwiftExplicitDependencyGeneratePcm arm64 /Users/admin/builder/spi-builder-workspace/.derivedData/SDKExplicitPrecompiledModules/QuartzCore-94KFMWNOU7ZLUZNB4T5DLZC9D.pcm
SwiftExplicitDependencyGeneratePcm arm64_32 /Users/admin/builder/spi-builder-workspace/.derivedData/SDKExplicitPrecompiledModules/SwiftUICore-3Q7WLRD8MR9R3NGIPUBQCP6F6.pcm
SwiftExplicitDependencyGeneratePcm arm64 /Users/admin/builder/spi-builder-workspace/.derivedData/SDKExplicitPrecompiledModules/UserNotifications-ARAH8MEQ0C2L0FBO39HITJMAO.pcm
SwiftExplicitDependencyGeneratePcm arm64_32 /Users/admin/builder/spi-builder-workspace/.derivedData/SDKExplicitPrecompiledModules/CoreData-7AU1AFQWUH88EAPDKVMLJPKVD.pcm
SwiftExplicitDependencyGeneratePcm arm64 /Users/admin/builder/spi-builder-workspace/.derivedData/SDKExplicitPrecompiledModules/Accessibility-27QMG6ZQ1NKYTNBYFPM1XKNFC.pcm
SwiftExplicitDependencyGeneratePcm arm64 /Users/admin/builder/spi-builder-workspace/.derivedData/SDKExplicitPrecompiledModules/UniformTypeIdentifiers-8L08Q8DQJV8C4AW84YVGFGTRN.pcm
SwiftExplicitDependencyGeneratePcm arm64 /Users/admin/builder/spi-builder-workspace/.derivedData/SDKExplicitPrecompiledModules/CoreLocation-ACKJ9K7ABI14F97Y46Y6SRR17.pcm
SwiftExplicitDependencyGeneratePcm arm64 /Users/admin/builder/spi-builder-workspace/.derivedData/SDKExplicitPrecompiledModules/Symbols-3EFABTJ9L5PQDJ7RQCYQWEJMM.pcm
SwiftExplicitDependencyGeneratePcm arm64 /Users/admin/builder/spi-builder-workspace/.derivedData/SDKExplicitPrecompiledModules/UIUtilities-IR7RNW23VAUKYI9MLCS9NL9A.pcm
SwiftExplicitDependencyGeneratePcm arm64_32 /Users/admin/builder/spi-builder-workspace/.derivedData/SDKExplicitPrecompiledModules/CoreMotion-1XGTVTE5PP32UHME8AC63TL6.pcm
SwiftExplicitDependencyGeneratePcm arm64 /Users/admin/builder/spi-builder-workspace/.derivedData/SDKExplicitPrecompiledModules/SceneKit-5HZKIL7XETTTD8TOHYPN8JKRJ.pcm
SwiftExplicitDependencyGeneratePcm arm64 /Users/admin/builder/spi-builder-workspace/.derivedData/SDKExplicitPrecompiledModules/SwiftUICore-C1DST1IX2Z0PTH5SJJZ1IULRB.pcm
SwiftExplicitDependencyGeneratePcm arm64 /Users/admin/builder/spi-builder-workspace/.derivedData/SDKExplicitPrecompiledModules/CoreMotion-6RD5K48QT1F4L9CATNFD2O7YB.pcm
SwiftExplicitDependencyGeneratePcm arm64_32 /Users/admin/builder/spi-builder-workspace/.derivedData/SDKExplicitPrecompiledModules/UIKit-6PPV7YPZ89CZPHYAP072QH8B6.pcm
SwiftExplicitDependencyGeneratePcm arm64 /Users/admin/builder/spi-builder-workspace/.derivedData/SDKExplicitPrecompiledModules/UIKit-27R3P1YMV4C6JLDT661G3MRIA.pcm
SwiftExplicitDependencyGeneratePcm arm64_32 /Users/admin/builder/spi-builder-workspace/.derivedData/SDKExplicitPrecompiledModules/HomeKit-DUDZOMSN3UK8GNTNBNMPIWJRN.pcm
SwiftExplicitDependencyGeneratePcm arm64_32 /Users/admin/builder/spi-builder-workspace/.derivedData/SDKExplicitPrecompiledModules/MapKit-CWGB4YMP1VX1NYQN5FULFD5DR.pcm
SwiftExplicitDependencyGeneratePcm arm64 /Users/admin/builder/spi-builder-workspace/.derivedData/SDKExplicitPrecompiledModules/MapKit-EJJWC7IL56MPLQMI93GJRE5OG.pcm
SwiftExplicitDependencyGeneratePcm arm64 /Users/admin/builder/spi-builder-workspace/.derivedData/SDKExplicitPrecompiledModules/HomeKit-DTS1N4AWILAL1URZ5IOXV5221.pcm
SwiftExplicitDependencyGeneratePcm arm64_32 /Users/admin/builder/spi-builder-workspace/.derivedData/SDKExplicitPrecompiledModules/WatchKit-FHF6WTKLC2APGK3LA2XJ6516.pcm
SwiftExplicitDependencyGeneratePcm arm64 /Users/admin/builder/spi-builder-workspace/.derivedData/SDKExplicitPrecompiledModules/WatchKit-3VT3K8YON6FJ6OWSUFJMFMP8J.pcm
SwiftExplicitDependencyGeneratePcm arm64_32 /Users/admin/builder/spi-builder-workspace/.derivedData/SDKExplicitPrecompiledModules/SwiftUI-9AYG9OCT5VOJK7V4MX1WYR86T.pcm
SwiftExplicitDependencyGeneratePcm arm64 /Users/admin/builder/spi-builder-workspace/.derivedData/SDKExplicitPrecompiledModules/SwiftUI-APXDH8ULYLM6FD17YRA73TULO.pcm
SwiftCompile normal arm64_32 Compiling\ PillShowType.swift /Users/admin/builder/spi-builder-workspace/Sources/PillboxView/PillShowType.swift (in target 'PillboxView' from project 'PillboxView')
SwiftCompile normal arm64_32 /Users/admin/builder/spi-builder-workspace/Sources/PillboxView/PillShowType.swift (in target 'PillboxView' from project 'PillboxView')
    cd /Users/admin/builder/spi-builder-workspace/.swiftpm/xcode
    builtin-SwiftPerFileCompile PillShowType.swift
SwiftCompile normal arm64_32 Compiling\ PillView.swift /Users/admin/builder/spi-builder-workspace/Sources/PillboxView/PillView.swift (in target 'PillboxView' from project 'PillboxView')
/Users/admin/builder/spi-builder-workspace/Sources/PillboxView/PillView.swift:22:24: error: cannot find type 'NSUIView' in scope
 20 |
 21 | /// A `NSUIView` to display two forms of dynamic content based on the conditions or needs of a developer.
 22 | public class PillView: NSUIView {
    |                        `- error: cannot find type 'NSUIView' in scope
 23 |     /// The `NSUIView` itself that holds the content of the ``PillboxView/PillView``, such as a title and imageView.
 24 |     ///
/Users/admin/builder/spi-builder-workspace/Sources/PillboxView/PillView.swift:48:49: error: cannot find 'NSUIActivityIndicatorView' in scope
 46 |     ///
 47 |     /// This should not be used if using ``PillboxView/PillShowType/error``
 48 |     public private(set) var activityIndicator = NSUIActivityIndicatorView()
    |                                                 `- error: cannot find 'NSUIActivityIndicatorView' in scope
 49 |
 50 |     /// A `NSUILabel` align on the ``PillboxView/PillView/pillView``'s center-left to display a message.
/Users/admin/builder/spi-builder-workspace/Sources/PillboxView/PillView.swift:53:42: error: cannot find 'NSUILabel' in scope
 51 |     ///
 52 |     /// The message should not be set through accessing the properties of this label, but rather ``PillboxView/PillView/completedTask(state:completionHandler:)`` or ``PillboxView/PillView/showError(message:vcView:)``.
 53 |     public private(set) var titleLabel = NSUILabel()
    |                                          `- error: cannot find 'NSUILabel' in scope
 54 |
 55 |     /// A Boolean value indicating whether the current ``PillboxView/PillView`` is waiting for a task to complete.
/Users/admin/builder/spi-builder-workspace/Sources/PillboxView/PillView.swift:85:42: error: cannot find type 'NSUIView' in scope
 83 |     ///
 84 |     /// Note: ``PillboxView/PillView`` does not need to be placed on a `NSUIViewController`, but could be placed on any such `NSUIView`.
 85 |     public private(set) weak var vcView: NSUIView!
    |                                          `- error: cannot find type 'NSUIView' in scope
 86 |
 87 |     /// This helps developers determine which type the ``PillboxView/PillShowType``.
/Users/admin/builder/spi-builder-workspace/Sources/PillboxView/PillView.swift:125:21: error: initializer does not override a designated initializer from its superclass
123 |     }
124 |
125 |     public override init(frame frameRect: CGRect) {
    |                     `- error: initializer does not override a designated initializer from its superclass
126 |         super.init(frame: frameRect)
127 |         self._internalInit()
/Users/admin/builder/spi-builder-workspace/Sources/PillboxView/PillView.swift:194:48: error: cannot find type 'NSUIActivityIndicatorView' in scope
192 |     /// This can open a wide range of possibilities, including style, color, and animation preferences.
193 |     /// - Parameter activityIndicator: A `NSUIActivityIndicatorView` for the asynchronous task of the ``PillboxView/PillShowType/ongoingTask``.
194 |     public convenience init(activityIndicator: NSUIActivityIndicatorView) {
    |                                                `- error: cannot find type 'NSUIActivityIndicatorView' in scope
195 |         self.init()
196 |
/Users/admin/builder/spi-builder-workspace/Sources/PillboxView/PillView.swift:281:49: error: cannot find type 'NSUIView' in scope
279 |     ///   - tintColor: A tint color for the `NSUIImageView` of the ``PillboxView/PillView/pillView/`` displayed on.
280 |     ///   - completionHandler: A completion handler indicating when the animation has finished.
281 |     open func showTask(message: String, vcView: NSUIView, tintColor: NSUIColor = NSUIColor.systemBlue, completionHandler: (() -> Void)? = nil) {
    |                                                 `- error: cannot find type 'NSUIView' in scope
282 |         // Now configure against the view hierarchy. Mostly centering the pill initial position
283 |         self.configurePill(parentView: vcView)
/Users/admin/builder/spi-builder-workspace/Sources/PillboxView/PillView.swift:281:92: error: 'systemBlue' is unavailable in watchOS
279 |     ///   - tintColor: A tint color for the `NSUIImageView` of the ``PillboxView/PillView/pillView/`` displayed on.
280 |     ///   - completionHandler: A completion handler indicating when the animation has finished.
281 |     open func showTask(message: String, vcView: NSUIView, tintColor: NSUIColor = NSUIColor.systemBlue, completionHandler: (() -> Void)? = nil) {
    |                                                                                            `- error: 'systemBlue' is unavailable in watchOS
282 |         // Now configure against the view hierarchy. Mostly centering the pill initial position
283 |         self.configurePill(parentView: vcView)
/Applications/Xcode-27.0.0-Release.Candidate.app/Contents/Developer/Platforms/WatchOS.platform/Developer/SDKs/WatchOS27.0.sdk/System/Library/Frameworks/UIKit.framework/Headers/UIInterface.h:123:49: note: 'systemBlue' has been explicitly marked unavailable here
121 | @property (class, nonatomic, readonly) UIColor *systemRedColor          API_AVAILABLE(ios(7.0), tvos(9.0)) API_UNAVAILABLE(watchos);
122 | @property (class, nonatomic, readonly) UIColor *systemGreenColor        API_AVAILABLE(ios(7.0), tvos(9.0)) API_UNAVAILABLE(watchos);
123 | @property (class, nonatomic, readonly) UIColor *systemBlueColor         API_AVAILABLE(ios(7.0), tvos(9.0)) API_UNAVAILABLE(watchos);
    |                                                 `- note: 'systemBlue' has been explicitly marked unavailable here
124 | @property (class, nonatomic, readonly) UIColor *systemOrangeColor       API_AVAILABLE(ios(7.0), tvos(9.0)) API_UNAVAILABLE(watchos);
125 | @property (class, nonatomic, readonly) UIColor *systemYellowColor       API_AVAILABLE(ios(7.0), tvos(9.0)) API_UNAVAILABLE(watchos);
/Users/admin/builder/spi-builder-workspace/Sources/PillboxView/PillView.swift:369:52: error: cannot find type 'NSUIView' in scope
367 |     ///   - timeToShow: Length of time to show in seconds/double (`TimeInterval`). Note that this should be at least `2` seconds and that this does not include the animation times. See source code for animation timings
368 |     ///   - completionHandler: A completion handler indicating when the animation has finished.
369 |     public func showError(message: String, vcView: NSUIView, tintColor: NSUIColor? = .systemRed, timeToShow: TimeInterval = 2, completionHandler: (() -> Void)? = nil) {
    |                                                    `- error: cannot find type 'NSUIView' in scope
370 |         self.configurePill(parentView: vcView)
371 |
/Users/admin/builder/spi-builder-workspace/Sources/PillboxView/PillView.swift:369:87: error: 'systemRed' is unavailable in watchOS
367 |     ///   - timeToShow: Length of time to show in seconds/double (`TimeInterval`). Note that this should be at least `2` seconds and that this does not include the animation times. See source code for animation timings
368 |     ///   - completionHandler: A completion handler indicating when the animation has finished.
369 |     public func showError(message: String, vcView: NSUIView, tintColor: NSUIColor? = .systemRed, timeToShow: TimeInterval = 2, completionHandler: (() -> Void)? = nil) {
    |                                                                                       `- error: 'systemRed' is unavailable in watchOS
370 |         self.configurePill(parentView: vcView)
371 |
/Applications/Xcode-27.0.0-Release.Candidate.app/Contents/Developer/Platforms/WatchOS.platform/Developer/SDKs/WatchOS27.0.sdk/System/Library/Frameworks/UIKit.framework/Headers/UIInterface.h:121:49: note: 'systemRed' has been explicitly marked unavailable here
119 |  * Do not make assumptions about the color spaces or actual colors used.
120 |  */
121 | @property (class, nonatomic, readonly) UIColor *systemRedColor          API_AVAILABLE(ios(7.0), tvos(9.0)) API_UNAVAILABLE(watchos);
    |                                                 `- note: 'systemRed' has been explicitly marked unavailable here
122 | @property (class, nonatomic, readonly) UIColor *systemGreenColor        API_AVAILABLE(ios(7.0), tvos(9.0)) API_UNAVAILABLE(watchos);
123 | @property (class, nonatomic, readonly) UIColor *systemBlueColor         API_AVAILABLE(ios(7.0), tvos(9.0)) API_UNAVAILABLE(watchos);
/Users/admin/builder/spi-builder-workspace/Sources/PillboxView/PillView.swift:438:44: error: cannot find type 'NSUIView' in scope
436 |     /// If the PillView label message assigned font height is larger than the PillView height, a `fatal` will
437 |     /// be issued.
438 |     private func configurePill(parentView: NSUIView) {
    |                                            `- error: cannot find type 'NSUIView' in scope
439 |         #if os(macOS)
440 |         let originX = self.originForCenter(inRelationTo: parentView).x
/Users/admin/builder/spi-builder-workspace/Sources/PillboxView/PillView.swift:487:63: error: cannot find type 'NSUILabel' in scope
485 |     }
486 |
487 |     private func configureLabel(message: String, tag: Int) -> NSUILabel {
    |                                                               `- error: cannot find type 'NSUILabel' in scope
488 |         // titleLabel
489 |         let titleLabel = NSUILabel()
/Users/admin/builder/spi-builder-workspace/Sources/PillboxView/PillView.swift:34:21: error: value of type 'PillView' has no member 'frame'
 32 |     private static let defaultWidth: CGFloat = 400
 33 |     public var width: CGFloat {
 34 |         return self.frame.width
    |                     `- error: value of type 'PillView' has no member 'frame'
 35 |     }
 36 |
/Users/admin/builder/spi-builder-workspace/Sources/PillboxView/PillView.swift:42:21: error: value of type 'PillView' has no member 'frame'
 40 |     private static let defaultHeight: CGFloat = 40
 41 |     public var height: CGFloat {
 42 |
SwiftCompile normal arm64_32 /Users/admin/builder/spi-builder-workspace/Sources/PillboxView/PillView.swift (in target 'PillboxView' from project 'PillboxView')
    cd /Users/admin/builder/spi-builder-workspace/.swiftpm/xcode
    builtin-SwiftPerFileCompile PillView.swift
     return self.frame.height
    |                     `- error: value of type 'PillView' has no member 'frame'
 43 |     }
 44 |
/Users/admin/builder/spi-builder-workspace/Sources/PillboxView/PillView.swift:121:9: error: 'super' cannot be used in class 'PillView' because it has no superclass
119 |     /// Use the other initializers to set fields/values of the ``PillboxView/PillView``. While you could modify some of the fields/properties with default values, some of them cannot be mutated.
120 |     public init() {
121 |         super.init(frame: CGRect(origin: CGPoint.zero, size: CGSize(width: Self.defaultWidth, height: Self.defaultHeight)))
    |         `- error: 'super' cannot be used in class 'PillView' because it has no superclass
122 |         self._internalInit()
123 |     }
/Users/admin/builder/spi-builder-workspace/Sources/PillboxView/PillView.swift:126:9: error: 'super' cannot be used in class 'PillView' because it has no superclass
124 |
125 |     public override init(frame frameRect: CGRect) {
126 |         super.init(frame: frameRect)
    |         `- error: 'super' cannot be used in class 'PillView' because it has no superclass
127 |         self._internalInit()
128 |     }
/Users/admin/builder/spi-builder-workspace/Sources/PillboxView/PillView.swift:131:9: error: 'super' cannot be used in class 'PillView' because it has no superclass
129 |
130 |     public required init?(coder: NSCoder) {
131 |         super.init(coder: coder)
    |         `- error: 'super' cannot be used in class 'PillView' because it has no superclass
132 |         self._internalInit()
133 |     }
/Users/admin/builder/spi-builder-workspace/Sources/PillboxView/PillView.swift:167:14: error: value of type 'Self' has no member 'isNavigationControllerPresent'
165 |         self.font = font
166 |
167 |         self.isNavigationControllerPresent = isNavigationControllerPresent
    |              `- error: value of type 'Self' has no member 'isNavigationControllerPresent'
168 |     }
169 |     #endif
/Users/admin/builder/spi-builder-workspace/Sources/PillboxView/PillView.swift:222:58: error: cannot find type 'NSUILabel' in scope
220 |             guard let self = self else { return }
221 |             guard
222 |                 let titleLabel = self.viewWithTag(1) as? NSUILabel,
    |                                                          `- error: cannot find type 'NSUILabel' in scope
223 |                 let imageView  = self.viewWithTag(2) as? NSUIImageView
224 |             else { return }
/Users/admin/builder/spi-builder-workspace/Sources/PillboxView/PillView.swift:222:39: error: value of type 'PillView' has no member 'viewWithTag'
220 |             guard let self = self else { return }
221 |             guard
222 |                 let titleLabel = self.viewWithTag(1) as? NSUILabel,
    |                                       `- error: value of type 'PillView' has no member 'viewWithTag'
223 |                 let imageView  = self.viewWithTag(2) as? NSUIImageView
224 |             else { return }
SwiftCompile normal arm64_32 Compiling\ PillPosition.swift /Users/admin/builder/spi-builder-workspace/Sources/PillboxView/PillPosition.swift (in target 'PillboxView' from project 'PillboxView')
SwiftCompile normal arm64_32 /Users/admin/builder/spi-builder-workspace/Sources/PillboxView/PillPosition.swift (in target 'PillboxView' from project 'PillboxView')
    cd /Users/admin/builder/spi-builder-workspace/.swiftpm/xcode
    builtin-SwiftPerFileCompile PillPosition.swift
SwiftCompile normal arm64_32 Compiling\ PillColors.swift /Users/admin/builder/spi-builder-workspace/Sources/PillboxView/PillColors.swift (in target 'PillboxView' from project 'PillboxView')
/Users/admin/builder/spi-builder-workspace/Sources/PillboxView/PillColors.swift:30:16: error: 'init(dynamicProvider:)' is unavailable in watchOS
28 |         }
29 |         #else
30 |         return NSUIColor { (traits) -> NSUIColor in
   |                `- error: 'init(dynamicProvider:)' is unavailable in watchOS
31 |             // Return one of two colors depending on light or dark mode
32 |
/Applications/Xcode-27.0.0-Release.Candidate.app/Contents/Developer/Platforms/WatchOS.platform/Developer/SDKs/WatchOS27.0.sdk/System/Library/Frameworks/UIKit.framework/Headers/UIColor.h:144:1: note: 'init(dynamicProvider:)' has been explicitly marked unavailable here
142 |
143 | + (UIColor *)colorWithDynamicProvider:(UIColor * (^)(UITraitCollection *traitCollection))dynamicProvider API_AVAILABLE(ios(13.0), tvos(13.0)) API_UNAVAILABLE(watchos);
144 | - (UIColor *)initWithDynamicProvider:(UIColor * (^)(UITraitCollection *traitCollection))dynamicProvider API_AVAILABLE(ios(13.0), tvos(13.0)) API_UNAVAILABLE(watchos);
    | `- note: 'init(dynamicProvider:)' has been explicitly marked unavailable here
145 |
146 | /* Resolve any color to its most fundamental form (a non-dynamic color) for a specific trait collection.
SwiftCompile normal arm64_32 /Users/admin/builder/spi-builder-workspace/Sources/PillboxView/PillColors.swift (in target 'PillboxView' from project 'PillboxView')
    cd /Users/admin/builder/spi-builder-workspace/.swiftpm/xcode
    builtin-SwiftPerFileCompile PillColors.swift
SwiftCompile normal arm64_32 Compiling\ PillTransitions.swift /Users/admin/builder/spi-builder-workspace/Sources/PillboxView/PillTransitions.swift (in target 'PillboxView' from project 'PillboxView')
SwiftCompile normal arm64_32 /Users/admin/builder/spi-builder-workspace/Sources/PillboxView/PillTransitions.swift (in target 'PillboxView' from project 'PillboxView')
    cd /Users/admin/builder/spi-builder-workspace/.swiftpm/xcode
    builtin-SwiftPerFileCompile PillTransitions.swift
SwiftCompile normal arm64_32 Compiling\ NSUI+Extensions.swift /Users/admin/builder/spi-builder-workspace/Sources/PillboxView/NSUI+Extensions.swift (in target 'PillboxView' from project 'PillboxView')
SwiftCompile normal arm64_32 /Users/admin/builder/spi-builder-workspace/Sources/PillboxView/NSUI+Extensions.swift (in target 'PillboxView' from project 'PillboxView')
    cd /Users/admin/builder/spi-builder-workspace/.swiftpm/xcode
    builtin-SwiftPerFileCompile NSUI+Extensions.swift
SwiftEmitModule normal arm64_32 Emitting\ module\ for\ PillboxView (in target 'PillboxView' from project 'PillboxView')
/Users/admin/builder/spi-builder-workspace/Sources/PillboxView/NSUI+Extensions.swift:12:20: error: cannot find type 'NSUIView' in scope
10 | import NSUI
11 |
12 | internal extension NSUIView {
   |                    `- error: cannot find type 'NSUIView' in scope
13 |
14 |     /// Return the origin `UXPoint` for a view which needs to be centered horizontally within its superview
/Users/admin/builder/spi-builder-workspace/Sources/PillboxView/PillView.swift:22:24: error: cannot find type 'NSUIView' in scope
 20 |
 21 | /// A `NSUIView` to display two forms of dynamic content based on the conditions or needs of a developer.
 22 | public class PillView: NSUIView {
    |                        `- error: cannot find type 'NSUIView' in scope
 23 |     /// The `NSUIView` itself that holds the content of the ``PillboxView/PillView``, such as a title and imageView.
 24 |     ///
/Users/admin/builder/spi-builder-workspace/Sources/PillboxView/PillView.swift:48:49: error: cannot find 'NSUIActivityIndicatorView' in scope
 46 |     ///
 47 |     /// This should not be used if using ``PillboxView/PillShowType/error``
 48 |     public private(set) var activityIndicator = NSUIActivityIndicatorView()
    |                                                 `- error: cannot find 'NSUIActivityIndicatorView' in scope
 49 |
 50 |     /// A `NSUILabel` align on the ``PillboxView/PillView/pillView``'s center-left to display a message.
/Users/admin/builder/spi-builder-workspace/Sources/PillboxView/PillView.swift:53:42: error: cannot find 'NSUILabel' in scope
 51 |     ///
 52 |     /// The message should not be set through accessing the properties of this label, but rather ``PillboxView/PillView/completedTask(state:completionHandler:)`` or ``PillboxView/PillView/showError(message:vcView:)``.
 53 |     public private(set) var titleLabel = NSUILabel()
    |                                          `- error: cannot find 'NSUILabel' in scope
 54 |
 55 |     /// A Boolean value indicating whether the current ``PillboxView/PillView`` is waiting for a task to complete.
/Users/admin/builder/spi-builder-workspace/Sources/PillboxView/PillView.swift:85:42: error: cannot find type 'NSUIView' in scope
 83 |     ///
 84 |     /// Note: ``PillboxView/PillView`` does not need to be placed on a `NSUIViewController`, but could be placed on any such `NSUIView`.
 85 |     public private(set) weak var vcView: NSUIView!
    |                                          `- error: cannot find type 'NSUIView' in scope
 86 |
 87 |     /// This helps developers determine which type the ``PillboxView/PillShowType``.
/Users/admin/builder/spi-builder-workspace/Sources/PillboxView/PillView.swift:125:21: error: initializer does not override a designated initializer from its superclass
123 |     }
124 |
125 |     public override init(frame frameRect: CGRect) {
    |                     `- error: initializer does not override a designated initializer from its superclass
126 |         super.init(frame: frameRect)
127 |         self._internalInit()
/Users/admin/builder/spi-builder-workspace/Sources/PillboxView/PillView.swift:194:48: error: cannot find type 'NSUIActivityIndicatorView' in scope
192 |     /// This can open a wide range of possibilities, including style, color, and animation preferences.
193 |     /// - Parameter activityIndicator: A `NSUIActivityIndicatorView` for the asynchronous task of the ``PillboxView/PillShowType/ongoingTask``.
194 |     public convenience init(activityIndicator: NSUIActivityIndicatorView) {
    |                                                `- error: cannot find type 'NSUIActivityIndicatorView' in scope
195 |         self.init()
196 |
/Users/admin/builder/spi-builder-workspace/Sources/PillboxView/PillView.swift:281:49: error: cannot find type 'NSUIView' in scope
279 |     ///   - tintColor: A tint color for the `NSUIImageView` of the ``PillboxView/PillView/pillView/`` displayed on.
280 |     ///   - completionHandler: A completion handler indicating when the animation has finished.
281 |     open func showTask(message: String, vcView: NSUIView, tintColor: NSUIColor = NSUIColor.systemBlue, completionHandler: (() -> Void)? = nil) {
    |                                                 `- error: cannot find type 'NSUIView' in scope
282 |         // Now configure against the view hierarchy. Mostly centering the pill initial position
283 |         self.configurePill(parentView: vcView)
/Users/admin/builder/spi-builder-workspace/Sources/PillboxView/PillView.swift:281:92: error: 'systemBlue' is unavailable in watchOS
279 |     ///   - tintColor: A tint color for the `NSUIImageView` of the ``PillboxView/PillView/pillView/`` displayed on.
280 |     ///   - completionHandler: A completion handler indicating when the animation has finished.
281 |     open func showTask(message: String, vcView: NSUIView, tintColor: NSUIColor = NSUIColor.systemBlue, completionHandler: (() -> Void)? = nil) {
    |                                                                                            `- error: 'systemBlue' is unavailable in watchOS
282 |         // Now configure against the view hierarchy. Mostly centering the pill initial position
283 |         self.configurePill(parentView: vcView)
/Applications/Xcode-27.0.0-Release.Candidate.app/Contents/Developer/Platforms/WatchOS.platform/Developer/SDKs/WatchOS27.0.sdk/System/Library/Frameworks/UIKit.framework/Headers/UIInterface.h:123:49: note: 'systemBlue' has been explicitly marked unavailable here
121 | @property (class, nonatomic, readonly) UIColor *systemRedColor          API_AVAILABLE(ios(7.0), tvos(9.0)) API_UNAVAILABLE(watchos);
122 | @property (class, nonatomic, readonly) UIColor *systemGreenColor        API_AVAILABLE(ios(7.0), tvos(9.0)) API_UNAVAILABLE(watchos);
123 | @property (class, nonatomic, readonly) UIColor *systemBlueColor         API_AVAILABLE(ios(7.0), tvos(9.0)) API_UNAVAILABLE(watchos);
    |                                                 `- note: 'systemBlue' has been explicitly marked unavailable here
124 | @property (class, nonatomic, readonly) UIColor *systemOrangeColor       API_AVAILABLE(ios(7.0), tvos(9.0)) API_UNAVAILABLE(watchos);
125 | @property (class, nonatomic, readonly) UIColor *systemYellowColor       API_AVAILABLE(ios(7.0), tvos(9.0)) API_UNAVAILABLE(watchos);
/Users/admin/builder/spi-builder-workspace/Sources/PillboxView/PillView.swift:369:52: error: cannot find type 'NSUIView' in scope
367 |     ///   - timeToShow: Length of time to show in seconds/double (`TimeInterval`). Note that this should be at least `2` seconds and that this does not include the animation times. See source code for animation timings
368 |     ///   - completionHandler: A completion handler indicating when the animation has finished.
369 |     public func showError(message: String, vcView: NSUIView, tintColor: NSUIColor? = .systemRed, timeToShow: TimeInterval = 2, completionHandler: (() -> Void)? = nil) {
    |                                                    `- error: cannot find type 'NSUIView' in scope
370 |         self.configurePill(parentView: vcView)
371 |
/Users/admin/builder/spi-builder-workspace/Sources/PillboxView/PillView.swift:369:87: error: 'systemRed' is unavailable in watchOS
367 |     ///   - timeToShow: Length of time to show in seconds/double (`TimeInterval`). Note that this should be at least `2` seconds and that this does not include the animation times. See source code for animation timings
368 |     ///   - completionHandler: A completion handler indicating when the animation has finished.
369 |     public func showError(message: String, vcView: NSUIView, tintColor: NSUIColor? = .systemRed, timeToShow: TimeInterval = 2, completionHandler: (() -> Void)? = nil) {
    |                                                                                       `- error: 'systemRed' is unavailable in watchOS
370 |         self.configurePill(parentView: vcView)
371 |
/Applications/Xcode-27.0.0-Release.Candidate.app/Contents/Developer/Platforms/WatchOS.platform/Developer/SDKs/WatchOS27.0.sdk/System/Library/Frameworks/UIKit.framework/Headers/UIInterface.h:121:49: note: 'systemRed' has been explicitly marked unavailable here
119 |  * Do not make assumptions about the color spaces or actual colors used.
120 |  */
121 | @property (class, nonatomic, readonly) UIColor *systemRedColor          API_AVAILABLE(ios(7.0), tvos(9.0)) API_UNAVAILABLE(watchos);
    |                                                 `- note: 'systemRed' has been explicitly marked unavailable here
122 | @property (class, nonatomic, readonly) UIColor *systemGreenColor        API_AVAILABLE(ios(7.0), tvos(9.0)) API_UNAVAILABLE(watchos);
123 | @property (class, nonatomic, readonly) UIColor *systemBlueColor         API_AVAILABLE(ios(7.0), tvos(9.0)) API_UNAVAILABLE(watchos);
/Users/admin/builder/spi-builder-workspace/Sources/PillboxView/PillView.swift:438:44: error: cannot find type 'NSUIView' in scope
436 |     /// If the PillView label message assigned font height is larger than the PillView height, a `fatal` will
437 |     /// be issued.
438 |     private func configurePill(parentView: NSUIView) {
    |                                            `- error: cannot find type 'NSUIView' in scope
439 |         #if os(macOS)
440 |         let originX = self.originForCenter(inRelationTo: parentView).x
/Users/admin/builder/spi-builder-workspace/Sources/PillboxView/PillView.swift:487:63: error: cannot find type 'NSUILabel' in scope
485 |     }
486 |
487 |     private func configureLabel(message: String, tag: Int) -> NSUILabel {
    |                                                               `- error: cannot find type 'NSUILabel' in scope
488 |         // titleLabel
489 |         let titleLabel = NSUILabel()
Failed frontend command:
/Applications/Xcode-27.0.0-Release.Candidate.app/Contents/Developer/Toolchains/XcodeDefault.xctoolchain/usr/bin/swift-frontend -frontend -emit-module -experimental-skip-non-inlinable-function-bodies-without-types /Users/admin/builder/spi-builder-workspace/Sources/PillboxView/Conformance.swift /Users/admin/builder/spi-builder-workspace/Sources/PillboxView/NSUI+Extensions.swift /Users/admin/builder/spi-builder-workspace/Sources/PillboxView/PillColors.swift /Users/admin/builder/spi-builder-workspace/Sources/PillboxView/PillPosition.swift /Users/admin/builder/spi-builder-workspace/Sources/PillboxView/PillShowType.swift /Users/admin/builder/spi-builder-workspace/Sources/PillboxView/PillTransitions.swift /Users/admin/builder/spi-builder-workspace/Sources/PillboxView/PillView.swift -target arm64_32-apple-watchos9.0 -module-can-import-version UIKit 9127.0.84.1 9127.0.84 -disable-cross-import-overlay-search -load-resolved-plugin /Applications/Xcode-27.0.0-Release.Candidate.app/Contents/Developer/Platforms/WatchOS.platform/Developer/usr/lib/swift/host/plugins/libFoundationMacros.dylib\#/Applications/Xcode-27.0.0-Release.Candidate.app/Contents/Developer/Platforms/WatchOS.platform/Developer/usr/bin/swift-plugin-server\#FoundationMacros -load-resolved-plugin /Applications/Xcode-27.0.0-Release.Candidate.app/Contents/Developer/Platforms/WatchOS.platform/Developer/usr/lib/swift/host/plugins/libObservationMacros.dylib\#/Applications/Xcode-27.0.0-Release.Candidate.app/Contents/Developer/Platforms/WatchOS.platform/Developer/usr/bin/swift-plugin-server\#ObservationMacros -load-resolved-plugin /Applications/Xcode-27.0.0-Release.Candidate.app/Contents/Developer/Platforms/WatchOS.platform/Developer/usr/lib/swift/host/plugins/libPreviewsMacros.dylib\#/Applications/Xcode-27.0.0-Release.Candidate.app/Contents/Developer/Platforms/WatchOS.platform/Developer/usr/bin/swift-plugin-server\#PreviewsMacros -load-resolved-plugin /Applications/Xcode-27.0.0-Release.Candidate.app/Contents/Developer/Platforms/WatchOS.platform/Developer/usr/lib/swift/host/plugins/libSwiftMacros.dylib\#/Applications/Xcode-27.0.0-Release.Candidate.app/Contents/Developer/Platforms/WatchOS.platform/Developer/usr/bin/swift-plugin-server\#SwiftMacros -load-resolved-plugin /Applications/Xcode-27.0.0-Release.Candidate.app/Contents/Developer/Platforms/WatchOS.platform/Developer/usr/lib/swift/host/plugins/libSwiftUIMacros.dylib\#/Applications/Xcode-27.0.0-Release.Candidate.app/Contents/Developer/Platforms/WatchOS.platform/Developer/usr/bin/swift-plugin-server\#SwiftUIMacros -disable-implicit-swift-modules -Xcc -fno-implicit-modules -Xcc -fno-implicit-module-maps -explicit-swift-module-map-file /Users/admin/builder/spi-builder-workspace/.derivedData/Build/Intermediates.noindex/PillboxView.build/Debug-watchos/PillboxView-t.build/Objects-normal/arm64_32/PillboxView-dependencies-1.json -enable-objc-interop -sdk /Applications/Xcode-27.0.0-Release.Candidate.app/Contents/Developer/Platforms/WatchOS.platform/Developer/SDKs/WatchOS27.0.sdk -I /Users/admin/builder/spi-builder-workspace/.derivedData/Build/Products/Debug-watchos -Isystem /Applications/Xcode-27.0.0-Release.Candidate.app/Contents/Developer/Platforms/WatchOS.platform/Developer/usr/lib -F /Users/admin/builder/spi-builder-workspace/.derivedData/Build/Products/Debug-watchos/PackageFrameworks -F /Users/admin/builder/spi-builder-workspace/.derivedData/Build/Products/Debug-watchos -F /Applications/Xcode-27.0.0-Release.Candidate.app/Contents/Developer/Platforms/WatchOS.platform/Developer/Library/Frameworks -F /Applications/Xcode-27.0.0-Release.Candidate.app/Contents/Developer/Platforms/WatchOS.platform/Developer/SDKs/WatchOS27.0.sdk/Developer/Library/Frameworks -module-cache-path /Users/admin/builder/spi-builder-workspace/.derivedData/Build/Intermediates.noindex/SwiftExplicitPrecompiledModules -no-color-diagnostics -Xcc -fno-color-diagnostics -enable-testing -g -debug-info-format\=dwarf -dwarf-version\=4 -profile-generate -profile-coverage-mapping -swift-version 5 -Onone -D SWIFT_PACKAGE -D DEBUG -D SWIFT_MODULE_RESOURCE_BUNDLE_UNAVAILABLE -D Xcode -serialize-debugging-options -enable-experimental-feature DebugDescriptionMacro -empty-abi-descriptor -validate-clang-modules-once -clang-build-session-file /Users/admin/builder/spi-builder-workspace/.derivedData/ModuleCache.noindex/Session.modulevalidation -Xcc -working-directory -Xcc /Users/admin/builder/spi-builder-workspace/.swiftpm/xcode -enable-anonymous-context-mangled-names -file-compilation-dir /Users/admin/builder/spi-builder-workspace/.swiftpm/xcode -Xcc -D_LIBCPP_HARDENING_MODE\=_LIBCPP_HARDENING_MODE_DEBUG -Xcc -ivfsstatcache -Xcc /Users/admin/builder/spi-builder-workspace/.derivedData/SDKStatCaches.noindex/watchos27.0-24R360-e829b21a6f8c9b70876ba0858053c04477534ef55a1706bf4c1112bbb242f0a2.sdkstatcache -Xcc -fmodules-prune-interval\=86400 -Xcc -fmodules-prune-after\=345600 -Xcc -I/Users/admin/builder/spi-builder-workspace/.derivedData/Build/Products/Debug-watchos/include -Xcc -I/Users/admin/builder/spi-builder-workspace/.derivedData/Build/Intermediates.noindex/PillboxView.build/Debug-watchos/PillboxView-t.build/DerivedSources-normal/arm64_32 -Xcc -I/Users/admin/builder/spi-builder-workspace/.derivedData/Build/Intermediates.noindex/PillboxView.build/Debug-watchos/PillboxView-t.build/DerivedSources/arm64_32 -Xcc -I/Users/admin/builder/spi-builder-workspace/.derivedData/Build/Intermediates.noindex/PillboxView.build/Debug-watchos/PillboxView-t.build/DerivedSources -Xcc -DSWIFT_PACKAGE -Xcc -DDEBUG\=1 -no-auto-bridging-header-chaining -module-name PillboxView -const-gather-protocols-file /Users/admin/builder/spi-builder-workspace/.derivedData/Build/Intermediates.noindex/PillboxView.build/Debug-watchos/PillboxView-t.build/Objects-normal/arm64_32/PillboxView_const_extract_protocols.json -disable-clang-spi -clang-target arm64_32-apple-watchos27.0 -target-sdk-version 27.0 -target-sdk-name watchos27.0 -in-process-plugin-server-path /Applications/Xcode-27.0.0-Release.Candidate.app/Contents/Developer/Toolchains/XcodeDefault.xctoolchain/usr/lib/swift/host/libSwiftInProcPluginServer.dylib -emit-module-doc-path /Users/admin/builder/spi-builder-workspace/.derivedData/Build/Intermediates.noindex/PillboxView.build/Debug-watchos/PillboxView-t.build/Objects-normal/arm64_32/PillboxView.swiftdoc -emit-module-source-info-path /Users/admin/builder/spi-builder-workspace/.derivedData/Build/Intermediates.noindex/PillboxView.build/Debug-watchos/PillboxView-t.build/Objects-normal/arm64_32/PillboxView.swiftsourceinfo -emit-objc-header-path /Users/admin/builder/spi-builder-workspace/.derivedData/Build/Intermediates.noindex/PillboxView.build/Debug-watchos/PillboxView-t.build/Objects-normal/arm64_32/PillboxView-Swift.h -serialize-diagnostics-path /Users/admin/builder/spi-builder-workspace/.derivedData/Build/Intermediates.noindex/PillboxView.build/Debug-watchos/PillboxView-t.build/Objects-normal/arm64_32/PillboxView-primary-emit-module.dia -emit-dependencies-path /Users/admin/builder/spi-builder-workspace/.derivedData/Build/Intermediates.noindex/PillboxView.build/Debug-watchos/PillboxView-t.build/Objects-normal/arm64_32/PillboxView-primary-emit-module.d -parse-as-library -o /Users/admin/builder/spi-builder-workspace/.derivedData/Build/Intermediates.noindex/PillboxView.build/Debug-watchos/PillboxView-t.build/Objects-normal/arm64_32/PillboxView.swiftmodule -emit-abi-descriptor-path /Users/admin/builder/spi-builder-workspace/.derivedData/Build/Intermediates.noindex/PillboxView.build/Debug-watchos/PillboxView-t.build/Objects-normal/arm64_32/PillboxView.abi.json
SwiftCompile normal arm64_32 (in target 'PillboxView' from project 'PillboxView')
    cd /Users/admin/builder/spi-builder-workspace/.swiftpm/xcode

SwiftCompile normal arm64_32 Compiling\ Conformance.swift /Users/admin/builder/spi-builder-workspace/Sources/PillboxView/Conformance.swift (in target 'PillboxView' from project 'PillboxView')
SwiftCompile normal arm64_32 /Users/admin/builder/spi-builder-workspace/Sources/PillboxView/Conformance.swift (in target 'PillboxView' from project 'PillboxView')
    cd /Users/admin/builder/spi-builder-workspace/.swiftpm/xcode
    builtin-SwiftPerFileCompile Conformance.swift
SwiftEmitModule normal arm64 Emitting\ module\ for\ PillboxView (in target 'PillboxView' from project 'PillboxView')
/Users/admin/builder/spi-builder-workspace/Sources/PillboxView/NSUI+Extensions.swift:12:20: error: cannot find type 'NSUIView' in scope
10 | import NSUI
11 |
12 | internal extension NSUIView {
   |                    `- error: cannot find type 'NSUIView' in scope
13 |
14 |     /// Return the origin `UXPoint` for a view which needs to be centered horizontally within its superview
/Users/admin/builder/spi-builder-workspace/Sources/PillboxView/PillView.swift:22:24: error: cannot find type 'NSUIView' in scope
 20 |
 21 | /// A `NSUIView` to display two forms of dynamic content based on the conditions or needs of a developer.
 22 | public class PillView: NSUIView {
    |                        `- error: cannot find type 'NSUIView' in scope
 23 |     /// The `NSUIView` itself that holds the content of the ``PillboxView/PillView``, such as a title and imageView.
 24 |     ///
/Users/admin/builder/spi-builder-workspace/Sources/PillboxView/PillView.swift:48:49: error: cannot find 'NSUIActivityIndicatorView' in scope
 46 |     ///
 47 |     /// This should not be used if using ``PillboxView/PillShowType/error``
 48 |     public private(set) var activityIndicator = NSUIActivityIndicatorView()
    |                                                 `- error: cannot find 'NSUIActivityIndicatorView' in scope
 49 |
 50 |     /// A `NSUILabel` align on the ``PillboxView/PillView/pillView``'s center-left to display a message.
SwiftCompile normal arm64 (in target 'PillboxView' from project 'PillboxView')
    cd /Users/admin/builder/spi-builder-workspace/.swiftpm/xcode

SwiftCompile normal arm64 Compiling\ Conformance.swift /Users/admin/builder/spi-builder-workspace/Sources/PillboxView/Conformance.swift (in target 'PillboxView' from project 'PillboxView')
SwiftCompile normal arm64 /Users/admin/builder/spi-builder-workspace/Sources/PillboxView/Conformance.swift (in target 'PillboxView' from project 'PillboxView')
    cd /Users/admin/builder/spi-builder-workspace/.swiftpm/xcode
    builtin-SwiftPerFileCompile Conformance.swift
SwiftCompile normal arm64 Compiling\ PillView.swift /Users/admin/builder/spi-builder-workspace/Sources/PillboxView/PillView.swift (in target 'PillboxView' from project 'PillboxView')
SwiftCompile normal arm64 /Users/admin/builder/spi-builder-workspace/Sources/PillboxView/PillView.swift (in target 'PillboxView' from project 'PillboxView')
    cd /Users/admin/builder/spi-builder-workspace/.swiftpm/xcode
    builtin-SwiftPerFileCompile PillView.swift
PruneExplicitPrecompiledModules /Users/admin/builder/spi-builder-workspace/.derivedData/Build/Intermediates.noindex/ExplicitPrecompiledModules
PruneExplicitPrecompiledModules /Users/admin/builder/spi-builder-workspace/.derivedData/Build/Intermediates.noindex/SwiftExplicitPrecompiledModules
PruneExplicitPrecompiledModules /Users/admin/builder/spi-builder-workspace/.derivedData/SDKExplicitPrecompiledModules
2026-09-18 06:10:35.110 xcodebuild[657:4114] [MT] IDERunDestination: Supported platforms for the buildables in the current scheme is empty.
** BUILD FAILED **
The following build commands failed:
	SwiftEmitModule normal arm64_32 Emitting\ module\ for\ PillboxView (in target 'PillboxView' from project 'PillboxView')
	SwiftCompile normal arm64_32 (in target 'PillboxView' from project 'PillboxView')
	Building workspace PillboxView with scheme PillboxView
(3 failures)
Command line invocation:
    /Applications/Xcode-27.0.0-Release.Candidate.app/Contents/Developer/usr/bin/xcodebuild -IDEClonedSourcePackagesDirPathOverride=/Users/admin/builder/spi-builder-workspace/.dependencies -resolvePackageDependencies
Resolve Package Graph
Resolved source packages:
  NSUI: https://github.com/mattmassicotte/nsui @ main (d1ce061)
  PillboxView: /Users/admin/builder/spi-builder-workspace
resolved source packages: NSUI, PillboxView
2026-09-18 06:10:49.060 xcodebuild[983:5420] [MT] IDERunDestination: Supported platforms for the buildables in the current scheme is empty.
{
  "dependencies" : [
    {
      "identity" : "nsui",
      "requirement" : {
        "branch" : [
          "main"
        ]
      },
      "type" : "sourceControl",
      "url" : "https://github.com/mattmassicotte/nsui"
    }
  ],
  "manifest_display_name" : "PillboxView",
  "name" : "PillboxView",
  "path" : "/Users/admin/builder/spi-builder-workspace",
  "platforms" : [
    {
      "name" : "ios",
      "version" : "13.0"
    },
    {
      "name" : "maccatalyst",
      "version" : "13.0"
    },
    {
      "name" : "tvos",
      "version" : "13.0"
    },
    {
      "name" : "macos",
      "version" : "11.0"
    }
  ],
  "products" : [
    {
      "name" : "PillboxView",
      "targets" : [
        "PillboxView"
      ],
      "type" : {
        "library" : [
          "automatic"
        ]
      }
    }
  ],
  "targets" : [
    {
      "c99name" : "PillboxViewTests",
      "module_type" : "SwiftTarget",
      "name" : "PillboxViewTests",
      "path" : "Tests/PillboxViewTests",
      "sources" : [
        "PillboxViewTests.swift"
      ],
      "target_dependencies" : [
        "PillboxView"
      ],
      "type" : "test"
    },
    {
      "c99name" : "PillboxView",
      "module_type" : "SwiftTarget",
      "name" : "PillboxView",
      "path" : "Sources",
      "product_dependencies" : [
        "NSUI"
      ],
      "product_memberships" : [
        "PillboxView"
      ],
      "sources" : [
        "PillboxView/Conformance.swift",
        "PillboxView/NSUI+Extensions.swift",
        "PillboxView/PillColors.swift",
        "PillboxView/PillPosition.swift",
        "PillboxView/PillShowType.swift",
        "PillboxView/PillTransitions.swift",
        "PillboxView/PillView.swift"
      ],
      "type" : "library"
    }
  ],
  "tools_version" : "5.5"
}
{
  "workspace" : {
    "name" : "PillboxView",
    "schemes" : [
      "PillboxView"
    ]
  }
}
2026-09-18 06:10:50.339 xcodebuild[991:5494] [MT] IDERunDestination: Supported platforms for the buildables in the current scheme is empty.
Running build ...
env DEVELOPER_DIR=/Applications/Xcode-27.0.0-Release.Candidate.app xcrun xcodebuild -IDEClonedSourcePackagesDirPathOverride=$PWD/.dependencies -skipMacroValidation -skipPackagePluginValidation -derivedDataPath $PWD/.derivedData build -scheme PillboxView -destination generic/platform=watchOS
Command line invocation:
    /Applications/Xcode-27.0.0-Release.Candidate.app/Contents/Developer/usr/bin/xcodebuild -IDEClonedSourcePackagesDirPathOverride=/Users/admin/builder/spi-builder-workspace/.dependencies -skipMacroValidation -skipPackagePluginValidation -derivedDataPath /Users/admin/builder/spi-builder-workspace/.derivedData build -scheme PillboxView -destination generic/platform=watchOS
Resolve Package Graph
Resolved source packages:
  NSUI: https://github.com/mattmassicotte/nsui @ main (d1ce061)
  PillboxView: /Users/admin/builder/spi-builder-workspace
ComputePackagePrebuildTargetDependencyGraph
Prepare packages
CreateBuildRequest
SendProjectDescription
CreateBuildOperation
ComputeTargetDependencyGraph
note: Building targets in dependency order
note: Target dependency graph (4 targets)
    Target 'PillboxView-product' in project 'PillboxView'
        ➜ Explicit dependency on target 'PillboxView' in project 'PillboxView'
        ➜ Explicit dependency on target 'NSUI-product' in project 'NSUI'
    Target 'PillboxView' in project 'PillboxView'
        ➜ Explicit dependency on target 'NSUI-product' in project 'NSUI'
    Target 'NSUI-product' in project 'NSUI'
        ➜ Explicit dependency on target 'NSUI' in project 'NSUI'
    Target 'NSUI' in project 'NSUI' (no dependencies)
GatherProvisioningInputs
CreateBuildDescription
ClangStatCache /Applications/Xcode-27.0.0-Release.Candidate.app/Contents/Developer/Toolchains/XcodeDefault.xctoolchain/usr/bin/clang-stat-cache /Applications/Xcode-27.0.0-Release.Candidate.app/Contents/Developer/Platforms/WatchOS.platform/Developer/SDKs/WatchOS27.0.sdk /Users/admin/builder/spi-builder-workspace/.derivedData/SDKStatCaches.noindex/watchos27.0-24R360-e829b21a6f8c9b70876ba0858053c04477534ef55a1706bf4c1112bbb242f0a2.sdkstatcache
    cd /Users/admin/builder/spi-builder-workspace/.swiftpm/xcode
    /Applications/Xcode-27.0.0-Release.Candidate.app/Contents/Developer/Toolchains/XcodeDefault.xctoolchain/usr/bin/clang-stat-cache /Applications/Xcode-27.0.0-Release.Candidate.app/Contents/Developer/Platforms/WatchOS.platform/Developer/SDKs/WatchOS27.0.sdk -o /Users/admin/builder/spi-builder-workspace/.derivedData/SDKStatCaches.noindex/watchos27.0-24R360-e829b21a6f8c9b70876ba0858053c04477534ef55a1706bf4c1112bbb242f0a2.sdkstatcache
SwiftDriver PillboxView normal arm64_32 com.apple.xcode.tools.swift.compiler (in target 'PillboxView' from project 'PillboxView')
    cd /Users/admin/builder/spi-builder-workspace/.swiftpm/xcode
    builtin-SwiftDriver -- /Applications/Xcode-27.0.0-Release.Candidate.app/Contents/Developer/Toolchains/XcodeDefault.xctoolchain/usr/bin/swiftc -parse-as-library -module-name PillboxView -Onone @/Users/admin/builder/spi-builder-workspace/.derivedData/Build/Intermediates.noindex/PillboxView.build/Debug-watchos/PillboxView-t.build/Objects-normal/arm64_32/PillboxView.SwiftFileList -DSWIFT_PACKAGE -DDEBUG -DSWIFT_MODULE_RESOURCE_BUNDLE_UNAVAILABLE -DXcode -plugin-path /Applications/Xcode-27.0.0-Release.Candidate.app/Contents/Developer/Toolchains/XcodeDefault.xctoolchain/usr/lib/swift/host/plugins/testing -enable-experimental-feature DebugDescriptionMacro -sdk /Applications/Xcode-27.0.0-Release.Candidate.app/Contents/Developer/Platforms/WatchOS.platform/Developer/SDKs/WatchOS27.0.sdk -target arm64_32-apple-watchos9.0 -g -module-cache-path /Users/admin/builder/spi-builder-workspace/.derivedData/ModuleCache.noindex -Xfrontend -serialize-debugging-options -profile-coverage-mapping -profile-generate -enable-testing -index-store-path /Users/admin/builder/spi-builder-workspace/.derivedData/Index.noindex/DataStore -Xcc -D_LIBCPP_HARDENING_MODE\=_LIBCPP_HARDENING_MODE_DEBUG -swift-version 5 -I /Users/admin/builder/spi-builder-workspace/.derivedData/Build/Products/Debug-watchos -Isystem /Applications/Xcode-27.0.0-Release.Candidate.app/Contents/Developer/Platforms/WatchOS.platform/Developer/usr/lib -F /Users/admin/builder/spi-builder-workspace/.derivedData/Build/Products/Debug-watchos/PackageFrameworks -F /Users/admin/builder/spi-builder-workspace/.derivedData/Build/Products/Debug-watchos -F /Applications/Xcode-27.0.0-Release.Candidate.app/Contents/Developer/Platforms/WatchOS.platform/Developer/Library/Frameworks -F /Applications/Xcode-27.0.0-Release.Candidate.app/Contents/Developer/Platforms/WatchOS.platform/Developer/SDKs/WatchOS27.0.sdk/Developer/Library/Frameworks -c -j10 -enable-batch-mode -incremental -Xcc -ivfsstatcache -Xcc /Users/admin/builder/spi-builder-workspace/.derivedData/SDKStatCaches.noindex/watchos27.0-24R360-e829b21a6f8c9b70876ba0858053c04477534ef55a1706bf4c1112bbb242f0a2.sdkstatcache -output-file-map /Users/admin/builder/spi-builder-workspace/.derivedData/Build/Intermediates.noindex/PillboxView.build/Debug-watchos/PillboxView-t.build/Objects-normal/arm64_32/PillboxView-OutputFileMap.json -save-temps -no-color-diagnostics -explicit-module-build -module-cache-path /Users/admin/builder/spi-builder-workspace/.derivedData/Build/Intermediates.noindex/SwiftExplicitPrecompiledModules -clang-scanner-module-cache-path /Users/admin/builder/spi-builder-workspace/.derivedData/ModuleCache.noindex -sdk-module-cache-path /Users/admin/builder/spi-builder-workspace/.derivedData/SDKExplicitPrecompiledModules -emit-dependencies -emit-module -emit-module-path /Users/admin/builder/spi-builder-workspace/.derivedData/Build/Intermediates.noindex/PillboxView.build/Debug-watchos/PillboxView-t.build/Objects-normal/arm64_32/PillboxView.swiftmodule -serialize-diagnostics -dependency-scan-serialize-diagnostics-path /Users/admin/builder/spi-builder-workspace/.derivedData/Build/Intermediates.noindex/PillboxView.build/Debug-watchos/PillboxView-t.build/Objects-normal/arm64_32/PillboxView-dependency-scan.dia -validate-clang-modules-once -clang-build-session-file /Users/admin/builder/spi-builder-workspace/.derivedData/ModuleCache.noindex/Session.modulevalidation -Xcc -fmodules-prune-interval\=86400 -Xcc -fmodules-prune-after\=345600 -emit-const-values -const-gather-protocols-list /Users/admin/builder/spi-builder-workspace/.derivedData/Build/Intermediates.noindex/PillboxView.build/Debug-watchos/PillboxView-t.build/Objects-normal/arm64_32/PillboxView_const_extract_protocols.json -Xcc -I/Users/admin/builder/spi-builder-workspace/.derivedData/Build/Products/Debug-watchos/include -Xcc -I/Users/admin/builder/spi-builder-workspace/.derivedData/Build/Intermediates.noindex/PillboxView.build/Debug-watchos/PillboxView-t.build/DerivedSources-normal/arm64_32 -Xcc -I/Users/admin/builder/spi-builder-workspace/.derivedData/Build/Intermediates.noindex/PillboxView.build/Debug-watchos/PillboxView-t.build/DerivedSources/arm64_32 -Xcc -I/Users/admin/builder/spi-builder-workspace/.derivedData/Build/Intermediates.noindex/PillboxView.build/Debug-watchos/PillboxView-t.build/DerivedSources -Xcc -DSWIFT_PACKAGE -Xcc -DDEBUG\=1 -emit-objc-header -emit-objc-header-path /Users/admin/builder/spi-builder-workspace/.derivedData/Build/Intermediates.noindex/PillboxView.build/Debug-watchos/PillboxView-t.build/Objects-normal/arm64_32/PillboxView-Swift.h -working-directory /Users/admin/builder/spi-builder-workspace/.swiftpm/xcode -experimental-emit-module-separately -disable-cmo
SwiftDriver PillboxView normal arm64 com.apple.xcode.tools.swift.compiler (in target 'PillboxView' from project 'PillboxView')
    cd /Users/admin/builder/spi-builder-workspace/.swiftpm/xcode
    builtin-SwiftDriver -- /Applications/Xcode-27.0.0-Release.Candidate.app/Contents/Developer/Toolchains/XcodeDefault.xctoolchain/usr/bin/swiftc -parse-as-library -module-name PillboxView -Onone @/Users/admin/builder/spi-builder-workspace/.derivedData/Build/Intermediates.noindex/PillboxView.build/Debug-watchos/PillboxView-t.build/Objects-normal/arm64/PillboxView.SwiftFileList -DSWIFT_PACKAGE -DDEBUG -DSWIFT_MODULE_RESOURCE_BUNDLE_UNAVAILABLE -DXcode -plugin-path /Applications/Xcode-27.0.0-Release.Candidate.app/Contents/Developer/Toolchains/XcodeDefault.xctoolchain/usr/lib/swift/host/plugins/testing -enable-experimental-feature DebugDescriptionMacro -sdk /Applications/Xcode-27.0.0-Release.Candidate.app/Contents/Developer/Platforms/WatchOS.platform/Developer/SDKs/WatchOS27.0.sdk -target arm64-apple-watchos9.0 -g -module-cache-path /Users/admin/builder/spi-builder-workspace/.derivedData/ModuleCache.noindex -Xfrontend -serialize-debugging-options -profile-coverage-mapping -profile-generate -enable-testing -index-store-path /Users/admin/builder/spi-builder-workspace/.derivedData/Index.noindex/DataStore -Xcc -D_LIBCPP_HARDENING_MODE\=_LIBCPP_HARDENING_MODE_DEBUG -swift-version 5 -I /Users/admin/builder/spi-builder-workspace/.derivedData/Build/Products/Debug-watchos -Isystem /Applications/Xcode-27.0.0-Release.Candidate.app/Contents/Developer/Platforms/WatchOS.platform/Developer/usr/lib -F /Users/admin/builder/spi-builder-workspace/.derivedData/Build/Products/Debug-watchos/PackageFrameworks -F /Users/admin/builder/spi-builder-workspace/.derivedData/Build/Products/Debug-watchos -F /Applications/Xcode-27.0.0-Release.Candidate.app/Contents/Developer/Platforms/WatchOS.platform/Developer/Library/Frameworks -F /Applications/Xcode-27.0.0-Release.Candidate.app/Contents/Developer/Platforms/WatchOS.platform/Developer/SDKs/WatchOS27.0.sdk/Developer/Library/Frameworks -c -j10 -enable-batch-mode -incremental -Xcc -ivfsstatcache -Xcc /Users/admin/builder/spi-builder-workspace/.derivedData/SDKStatCaches.noindex/watchos27.0-24R360-e829b21a6f8c9b70876ba0858053c04477534ef55a1706bf4c1112bbb242f0a2.sdkstatcache -output-file-map /Users/admin/builder/spi-builder-workspace/.derivedData/Build/Intermediates.noindex/PillboxView.build/Debug-watchos/PillboxView-t.build/Objects-normal/arm64/PillboxView-OutputFileMap.json -save-temps -no-color-diagnostics -explicit-module-build -module-cache-path /Users/admin/builder/spi-builder-workspace/.derivedData/Build/Intermediates.noindex/SwiftExplicitPrecompiledModules -clang-scanner-module-cache-path /Users/admin/builder/spi-builder-workspace/.derivedData/ModuleCache.noindex -sdk-module-cache-path /Users/admin/builder/spi-builder-workspace/.derivedData/SDKExplicitPrecompiledModules -emit-dependencies -emit-module -emit-module-path /Users/admin/builder/spi-builder-workspace/.derivedData/Build/Intermediates.noindex/PillboxView.build/Debug-watchos/PillboxView-t.build/Objects-normal/arm64/PillboxView.swiftmodule -serialize-diagnostics -dependency-scan-serialize-diagnostics-path /Users/admin/builder/spi-builder-workspace/.derivedData/Build/Intermediates.noindex/PillboxView.build/Debug-watchos/PillboxView-t.build/Objects-normal/arm64/PillboxView-dependency-scan.dia -validate-clang-modules-once -clang-build-session-file /Users/admin/builder/spi-builder-workspace/.derivedData/ModuleCache.noindex/Session.modulevalidation -Xcc -fmodules-prune-interval\=86400 -Xcc -fmodules-prune-after\=345600 -emit-const-values -const-gather-protocols-list /Users/admin/builder/spi-builder-workspace/.derivedData/Build/Intermediates.noindex/PillboxView.build/Debug-watchos/PillboxView-t.build/Objects-normal/arm64/PillboxView_const_extract_protocols.json -Xcc -I/Users/admin/builder/spi-builder-workspace/.derivedData/Build/Products/Debug-watchos/include -Xcc -I/Users/admin/builder/spi-builder-workspace/.derivedData/Build/Intermediates.noindex/PillboxView.build/Debug-watchos/PillboxView-t.build/DerivedSources-normal/arm64 -Xcc -I/Users/admin/builder/spi-builder-workspace/.derivedData/Build/Intermediates.noindex/PillboxView.build/Debug-watchos/PillboxView-t.build/DerivedSources/arm64 -Xcc -I/Users/admin/builder/spi-builder-workspace/.derivedData/Build/Intermediates.noindex/PillboxView.build/Debug-watchos/PillboxView-t.build/DerivedSources -Xcc -DSWIFT_PACKAGE -Xcc -DDEBUG\=1 -emit-objc-header -emit-objc-header-path /Users/admin/builder/spi-builder-workspace/.derivedData/Build/Intermediates.noindex/PillboxView.build/Debug-watchos/PillboxView-t.build/Objects-normal/arm64/PillboxView-Swift.h -working-directory /Users/admin/builder/spi-builder-workspace/.swiftpm/xcode -experimental-emit-module-separately -disable-cmo
SwiftEmitModule normal arm64_32 Emitting\ module\ for\ PillboxView (in target 'PillboxView' from project 'PillboxView')
/Users/admin/builder/spi-builder-workspace/Sources/PillboxView/NSUI+Extensions.swift:12:20: error: cannot find type 'NSUIView' in scope
10 | import NSUI
11 |
12 | internal extension NSUIView {
   |                    `- error: cannot find type 'NSUIView' in scope
13 |
14 |     /// Return the origin `UXPoint` for a view which needs to be centered horizontally within its superview
/Users/admin/builder/spi-builder-workspace/Sources/PillboxView/PillView.swift:22:24: error: cannot find type 'NSUIView' in scope
 20 |
 21 | /// A `NSUIView` to display two forms of dynamic content based on the conditions or needs of a developer.
 22 | public class PillView: NSUIView {
    |                        `- error: cannot find type 'NSUIView' in scope
 23 |     /// The `NSUIView` itself that holds the content of the ``PillboxView/PillView``, such as a title and imageView.
 24 |     ///
/Users/admin/builder/spi-builder-workspace/Sources/PillboxView/PillView.swift:48:49: error: cannot find 'NSUIActivityIndicatorView' in scope
 46 |     ///
 47 |     /// This should not be used if using ``PillboxView/PillShowType/error``
 48 |     public private(set) var activityIndicator = NSUIActivityIndicatorView()
    |                                                 `- error: cannot find 'NSUIActivityIndicatorView' in scope
 49 |
 50 |     /// A `NSUILabel` align on the ``PillboxView/PillView/pillView``'s center-left to display a message.
/Users/admin/builder/spi-builder-workspace/Sources/PillboxView/PillView.swift:53:42: error: cannot find 'NSUILabel' in scope
 51 |     ///
 52 |     /// The message should not be set through accessing the properties of this label, but rather ``PillboxView/PillView/completedTask(state:completionHandler:)`` or ``PillboxView/PillView/showError(message:vcView:)``.
 53 |     public private(set) var titleLabel = NSUILabel()
    |                                          `- error: cannot find 'NSUILabel' in scope
 54 |
 55 |     /// A Boolean value indicating whether the current ``PillboxView/PillView`` is waiting for a task to complete.
/Users/admin/builder/spi-builder-workspace/Sources/PillboxView/PillView.swift:85:42: error: cannot find type 'NSUIView' in scope
 83 |     ///
 84 |     /// Note: ``PillboxView/PillView`` does not need to be placed on a `NSUIViewController`, but could be placed on any such `NSUIView`.
 85 |     public private(set) weak var vcView: NSUIView!
    |                                          `- error: cannot find type 'NSUIView' in scope
 86 |
 87 |     /// This helps developers determine which type the ``PillboxView/PillShowType``.
/Users/admin/builder/spi-builder-workspace/Sources/PillboxView/PillView.swift:125:21: error: initializer does not override a designated initializer from its superclass
123 |     }
124 |
125 |     public override init(frame frameRect: CGRect) {
    |                     `- error: initializer does not override a designated initializer from its superclass
126 |         super.init(frame: frameRect)
127 |         self._internalInit()
/Users/admin/builder/spi-builder-workspace/Sources/PillboxView/PillView.swift:194:48: error: cannot find type 'NSUIActivityIndicatorView' in scope
192 |     /// This can open a wide range of possibilities, including style, color, and animation preferences.
193 |     /// - Parameter activityIndicator: A `NSUIActivityIndicatorView` for the asynchronous task of the ``PillboxView/PillShowType/ongoingTask``.
194 |     public convenience init(activityIndicator: NSUIActivityIndicatorView) {
    |                                                `- error: cannot find type 'NSUIActivityIndicatorView' in scope
195 |         self.init()
196 |
/Users/admin/builder/spi-builder-workspace/Sources/PillboxView/PillView.swift:281:49: error: cannot find type 'NSUIView' in scope
279 |     ///   - tintColor: A tint color for the `NSUIImageView` of the ``PillboxView/PillView/pillView/`` displayed on.
280 |     ///   - completionHandler: A completion handler indicating when the animation has finished.
281 |     open func showTask(message: String, vcView: NSUIView, tintColor: NSUIColor = NSUIColor.systemBlue, completionHandler: (() -> Void)? = nil) {
    |                                                 `- error: cannot find type 'NSUIView' in scope
282 |         // Now configure against the view hierarchy. Mostly centering the pill initial position
283 |         self.configurePill(parentView: vcView)
/Users/admin/builder/spi-builder-workspace/Sources/PillboxView/PillView.swift:281:92: error: 'systemBlue' is unavailable in watchOS
279 |     ///   - tintColor: A tint color for the `NSUIImageView` of the ``PillboxView/PillView/pillView/`` displayed on.
280 |     ///   - completionHandler: A completion handler indicating when the animation has finished.
281 |     open func showTask(message: String, vcView: NSUIView, tintColor: NSUIColor = NSUIColor.systemBlue, completionHandler: (() -> Void)? = nil) {
    |                                                                                            `- error: 'systemBlue' is unavailable in watchOS
282 |         // Now configure against the view hierarchy. Mostly centering the pill initial position
283 |         self.configurePill(parentView: vcView)
/Applications/Xcode-27.0.0-Release.Candidate.app/Contents/Developer/Platforms/WatchOS.platform/Developer/SDKs/WatchOS27.0.sdk/System/Library/Frameworks/UIKit.framework/Headers/UIInterface.h:123:49: note: 'systemBlue' has been explicitly marked unavailable here
121 | @property (class, nonatomic, readonly) UIColor *systemRedColor          API_AVAILABLE(ios(7.0), tvos(9.0)) API_UNAVAILABLE(watchos);
122 | @property (class, nonatomic, readonly) UIColor *systemGreenColor        API_AVAILABLE(ios(7.0), tvos(9.0)) API_UNAVAILABLE(watchos);
123 | @property (class, nonatomic, readonly) UIColor *systemBlueColor         API_AVAILABLE(ios(7.0), tvos(9.0)) API_UNAVAILABLE(watchos);
    |                                                 `- note: 'systemBlue' has been explicitly marked unavailable here
124 | @property (class, nonatomic, readonly) UIColor *systemOrangeColor       API_AVAILABLE(ios(7.0), tvos(9.0)) API_UNAVAILABLE(watchos);
125 | @property (class, nonatomic, readonly) UIColor *systemYellowColor       API_AVAILABLE(ios(7.0), tvos(9.0)) API_UNAVAILABLE(watchos);
/Users/admin/builder/spi-builder-workspace/Sources/PillboxView/PillView.swift:369:52: error: cannot find type 'NSUIView' in scope
367 |     ///   - timeToShow: Length of time to show in seconds/double (`TimeInterval`). Note that this should be at least `2` seconds and that this does not include the animation times. See source code for animation timings
368 |     ///   - completionHandler: A completion handler indicating when the animation has finished.
369 |     public func showError(message: String, vcView: NSUIView, tintColor: NSUIColor? = .systemRed, timeToShow: TimeInterval = 2, completionHandler: (() -> Void)? = nil) {
    |                                                    `- error: cannot find type 'NSUIView' in scope
370 |         self.configurePill(parentView: vcView)
371 |
/Users/admin/builder/spi-builder-workspace/Sources/PillboxView/PillView.swift:369:87: error: 'systemRed' is unavailable in watchOS
367 |     ///   - timeToShow: Length of time to show in seconds/double (`TimeInterval`). Note that this should be at least `2` seconds and that this does not include the animation times. See source code for animation timings
368 |     ///   - completionHandler: A completion handler indicating when the animation has finished.
369 |     public func showError(message: String, vcView: NSUIView, tintColor: NSUIColor? = .systemRed, timeToShow: TimeInterval = 2, completionHandler: (() -> Void)? = nil) {
    |                                                                                       `- error: 'systemRed' is unavailable in watchOS
370 |         self.configurePill(parentView: vcView)
371 |
/Applications/Xcode-27.0.0-Release.Candidate.app/Contents/Developer/Platforms/WatchOS.platform/Developer/SDKs/WatchOS27.0.sdk/System/Library/Frameworks/UIKit.framework/Headers/UIInterface.h:121:49: note: 'systemRed' has been explicitly marked unavailable here
119 |  * Do not make assumptions about the color spaces or actual colors used.
120 |  */
121 | @property (class, nonatomic, readonly) UIColor *systemRedColor          API_AVAILABLE(ios(7.0), tvos(9.0)) API_UNAVAILABLE(watchos);
    |                                                 `- note: 'systemRed' has been explicitly marked unavailable here
122 | @property (class, nonatomic, readonly) UIColor *systemGreenColor        API_AVAILABLE(ios(7.0), tvos(9.0)) API_UNAVAILABLE(watchos);
123 | @property (class, nonatomic, readonly) UIColor *systemBlueColor         API_AVAILABLE(ios(7.0), tvos(9.0)) API_UNAVAILABLE(watchos);
/Users/admin/builder/spi-builder-workspace/Sources/PillboxView/PillView.swift:438:44: error: cannot find type 'NSUIView' in scope
436 |     /// If the PillView label message assigned font height is larger than the PillView height, a `fatal` will
437 |     /// be issued.
438 |     private func configurePill(parentView: NSUIView) {
    |                                            `- error: cannot find type 'NSUIView' in scope
439 |         #if os(macOS)
440 |         let originX = self.originForCenter(inRelationTo: parentView).x
/Users/admin/builder/spi-builder-workspace/Sources/PillboxView/PillView.swift:487:63: error: cannot find type 'NSUILabel' in scope
485 |     }
486 |
487 |     private func configureLabel(message: String, tag: Int) -> NSUILabel {
    |                                                               `- error: cannot find type 'NSUILabel' in scope
488 |         // titleLabel
489 |         let titleLabel = NSUILabel()
Failed frontend command:
SwiftCompile normal arm64_32 (in target 'PillboxView' from project 'PillboxView')
    cd /Users/admin/builder/spi-builder-workspace/.swiftpm/xcode

/Applications/Xcode-27.0.0-Release.Candidate.app/Contents/Developer/Toolchains/XcodeDefault.xctoolchain/usr/bin/swift-frontend -frontend -emit-module -experimental-skip-non-inlinable-function-bodies-without-types /Users/admin/builder/spi-builder-workspace/Sources/PillboxView/Conformance.swift /Users/admin/builder/spi-builder-workspace/Sources/PillboxView/NSUI+Extensions.swift /Users/admin/builder/spi-builder-workspace/Sources/PillboxView/PillColors.swift /Users/admin/builder/spi-builder-workspace/Sources/PillboxView/PillPosition.swift /Users/admin/builder/spi-builder-workspace/Sources/PillboxView/PillShowType.swift /Users/admin/builder/spi-builder-workspace/Sources/PillboxView/PillTransitions.swift /Users/admin/builder/spi-builder-workspace/Sources/PillboxView/PillView.swift -target arm64_32-apple-watchos9.0 -module-can-import-version UIKit 9127.0.84.1 9127.0.84 -disable-cross-import-overlay-search -load-resolved-plugin /Applications/Xcode-27.0.0-Release.Candidate.app/Contents/Developer/Platforms/WatchOS.platform/Developer/usr/lib/swift/host/plugins/libFoundationMacros.dylib\#/Applications/Xcode-27.0.0-Release.Candidate.app/Contents/Developer/Platforms/WatchOS.platform/Developer/usr/bin/swift-plugin-server\#FoundationMacros -load-resolved-plugin /Applications/Xcode-27.0.0-Release.Candidate.app/Contents/Developer/Platforms/WatchOS.platform/Developer/usr/lib/swift/host/plugins/libObservationMacros.dylib\#/Applications/Xcode-27.0.0-Release.Candidate.app/Contents/Developer/Platforms/WatchOS.platform/Developer/usr/bin/swift-plugin-server\#ObservationMacros -load-resolved-plugin /Applications/Xcode-27.0.0-Release.Candidate.app/Contents/Developer/Platforms/WatchOS.platform/Developer/usr/lib/swift/host/plugins/libPreviewsMacros.dylib\#/Applications/Xcode-27.0.0-Release.Candidate.app/Contents/Developer/Platforms/WatchOS.platform/Developer/usr/bin/swift-plugin-server\#PreviewsMacros -load-resolved-plugin /Applications/Xcode-27.0.0-Release.Candidate.app/Contents/Developer/Platforms/WatchOS.platform/Developer/usr/lib/swift/host/plugins/libSwiftMacros.dylib\#/Applications/Xcode-27.0.0-Release.Candidate.app/Contents/Developer/Platforms/WatchOS.platform/Developer/usr/bin/swift-plugin-server\#SwiftMacros -load-resolved-plugin /Applications/Xcode-27.0.0-Release.Candidate.app/Contents/Developer/Platforms/WatchOS.platform/Developer/usr/lib/swift/host/plugins/libSwiftUIMacros.dylib\#/Applications/Xcode-27.0.0-Release.Candidate.app/Contents/Developer/Platforms/WatchOS.platform/Developer/usr/bin/swift-plugin-server\#SwiftUIMacros -disable-implicit-swift-modules -Xcc -fno-implicit-modules -Xcc -fno-implicit-module-maps -explicit-swift-module-map-file /Users/admin/builder/spi-builder-workspace/.derivedData/Build/Intermediates.noindex/PillboxView.build/Debug-watchos/PillboxView-t.build/Objects-normal/arm64_32/PillboxView-dependencies-2.json -enable-objc-interop -sdk /Applications/Xcode-27.0.0-Release.Candidate.app/Contents/Developer/Platforms/WatchOS.platform/Developer/SDKs/WatchOS27.0.sdk -I /Users/admin/builder/spi-builder-workspace/.derivedData/Build/Products/Debug-watchos -Isystem /Applications/Xcode-27.0.0-Release.Candidate.app/Contents/Developer/Platforms/WatchOS.platform/Developer/usr/lib -F /Users/admin/builder/spi-builder-workspace/.derivedData/Build/Products/Debug-watchos/PackageFrameworks -F /Users/admin/builder/spi-builder-workspace/.derivedData/Build/Products/Debug-watchos -F /Applications/Xcode-27.0.0-Release.Candidate.app/Contents/Developer/Platforms/WatchOS.platform/Developer/Library/Frameworks -F /Applications/Xcode-27.0.0-Release.Candidate.app/Contents/Developer/Platforms/WatchOS.platform/Developer/SDKs/WatchOS27.0.sdk/Developer/Library/Frameworks -module-cache-path /Users/admin/builder/spi-builder-workspace/.derivedData/Build/Intermediates.noindex/SwiftExplicitPrecompiledModules -no-color-diagnostics -Xcc -fno-color-diagnostics -enable-testing -g -debug-info-format\=dwarf -dwarf-version\=4 -profile-generate -profile-coverage-mapping -swift-version 5 -Onone -D SWIFT_PACKAGE -D DEBUG -D SWIFT_MODULE_RESOURCE_BUNDLE_UNAVAILABLE -D Xcode -serialize-debugging-options -enable-experimental-feature DebugDescriptionMacro -empty-abi-descriptor -validate-clang-modules-once -clang-build-session-file /Users/admin/builder/spi-builder-workspace/.derivedData/ModuleCache.noindex/Session.modulevalidation -Xcc -working-directory -Xcc /Users/admin/builder/spi-builder-workspace/.swiftpm/xcode -enable-anonymous-context-mangled-names -file-compilation-dir /Users/admin/builder/spi-builder-workspace/.swiftpm/xcode -Xcc -D_LIBCPP_HARDENING_MODE\=_LIBCPP_HARDENING_MODE_DEBUG -Xcc -ivfsstatcache -Xcc /Users/admin/builder/spi-builder-workspace/.derivedData/SDKStatCaches.noindex/watchos27.0-24R360-e829b21a6f8c9b70876ba0858053c04477534ef55a1706bf4c1112bbb242f0a2.sdkstatcache -Xcc -fmodules-prune-interval\=86400 -Xcc -fmodules-prune-after\=345600 -Xcc -I/Users/admin/builder/spi-builder-workspace/.derivedData/Build/Products/Debug-watchos/include -Xcc -I/Users/admin/builder/spi-builder-workspace/.derivedData/Build/Intermediates.noindex/PillboxView.build/Debug-watchos/PillboxView-t.build/DerivedSources-normal/arm64_32 -Xcc -I/Users/admin/builder/spi-builder-workspace/.derivedData/Build/Intermediates.noindex/PillboxView.build/Debug-watchos/PillboxView-t.build/DerivedSources/arm64_32 -Xcc -I/Users/admin/builder/spi-builder-workspace/.derivedData/Build/Intermediates.noindex/PillboxView.build/Debug-watchos/PillboxView-t.build/DerivedSources -Xcc -DSWIFT_PACKAGE -Xcc -DDEBUG\=1 -no-auto-bridging-header-chaining -module-name PillboxView -const-gather-protocols-file /Users/admin/builder/spi-builder-workspace/.derivedData/Build/Intermediates.noindex/PillboxView.build/Debug-watchos/PillboxView-t.build/Objects-normal/arm64_32/PillboxView_const_extract_protocols.json -disable-clang-spi -clang-target arm64_32-apple-watchos27.0 -target-sdk-version 27.0 -target-sdk-name watchos27.0 -in-process-plugin-server-path /Applications/Xcode-27.0.0-Release.Candidate.app/Contents/Developer/Toolchains/XcodeDefault.xctoolchain/usr/lib/swift/host/libSwiftInProcPluginServer.dylib -emit-module-doc-path /Users/admin/builder/spi-builder-workspace/.derivedData/Build/Intermediates.noindex/PillboxView.build/Debug-watchos/PillboxView-t.build/Objects-normal/arm64_32/PillboxView.swiftdoc -emit-module-source-info-path /Users/admin/builder/spi-builder-workspace/.derivedData/Build/Intermediates.noindex/PillboxView.build/Debug-watchos/PillboxView-t.build/Objects-normal/arm64_32/PillboxView.swiftsourceinfo -emit-objc-header-path /Users/admin/builder/spi-builder-workspace/.derivedData/Build/Intermediates.noindex/PillboxView.build/Debug-watchos/PillboxView-t.build/Objects-normal/arm64_32/PillboxView-Swift.h -serialize-diagnostics-path /Users/admin/builder/spi-builder-workspace/.derivedData/Build/Intermediates.noindex/PillboxView.build/Debug-watchos/PillboxView-t.build/Objects-normal/arm64_32/PillboxView-primary-emit-module.dia -emit-dependencies-path /Users/admin/builder/spi-builder-workspace/.derivedData/Build/Intermediates.noindex/PillboxView.build/Debug-watchos/PillboxView-t.build/Objects-normal/arm64_32/PillboxView-primary-emit-module.d -parse-as-library -o /Users/admin/builder/spi-builder-workspace/.derivedData/Build/Intermediates.noindex/PillboxView.build/Debug-watchos/PillboxView-t.build/Objects-normal/arm64_32/PillboxView.swiftmodule -emit-abi-descriptor-path /Users/admin/builder/spi-builder-workspace/.derivedData/Build/Intermediates.noindex/PillboxView.build/Debug-watchos/PillboxView-t.build/Objects-normal/arm64_32/PillboxView.abi.json
SwiftEmitModule normal arm64 Emitting\ module\ for\ PillboxView (in target 'PillboxView' from project 'PillboxView')
/Users/admin/builder/spi-builder-workspace/Sources/PillboxView/NSUI+Extensions.swift:12:20: error: cannot find type 'NSUIView' in scope
10 | import NSUI
11 |
12 | internal extension NSUIView {
   |                    `- error: cannot find type 'NSUIView' in scope
13 |
14 |     /// Return the origin `UXPoint` for a view which needs to be centered horizontally within its superview
/Users/admin/builder/spi-builder-workspace/Sources/PillboxView/PillView.swift:22:24: error: cannot find type 'NSUIView' in scope
 20 |
 21 | /// A `NSUIView` to display two forms of dynamic content based on the conditions or needs of a developer.
 22 | public class PillView: NSUIView {
    |                        `- error: cannot find type 'NSUIView' in scope
 23 |     /// The `NSUIView` itself that holds the content of the ``PillboxView/PillView``, such as a title and imageView.
 24 |     ///
/Users/admin/builder/spi-builder-workspace/Sources/PillboxView/PillView.swift:48:49: error: cannot find 'NSUIActivityIndicatorView' in scope
 46 |     ///
 47 |     /// This should not be used if using ``PillboxView/PillShowType/error``
 48 |     public private(set) var activityIndicator = NSUIActivityIndicatorView()
    |                                                 `- error: cannot find 'NSUIActivityIndicatorView' in scope
 49 |
 50 |     /// A `NSUILabel` align on the ``PillboxView/PillView/pillView``'s center-left to display a message.
/Users/admin/builder/spi-builder-workspace/Sources/PillboxView/PillView.swift:53:42: error: cannot find 'NSUILabel' in scope
 51 |     ///
 52 |     /// The message should not be set through accessing the properties of this label, but rather ``PillboxView/PillView/completedTask(state:completionHandler:)`` or ``PillboxView/PillView/showError(message:vcView:)``.
 53 |     public private(set) var titleLabel = NSUILabel()
    |                                          `- error: cannot find 'NSUILabel' in scope
 54 |
 55 |     /// A Boolean value indicating whether the current ``PillboxView/PillView`` is waiting for a task to complete.
/Users/admin/builder/spi-builder-workspace/Sources/PillboxView/PillView.swift:85:42: error: cannot find type 'NSUIView' in scope
 83 |     ///
 84 |     /// Note: ``PillboxView/PillView`` does not need to be placed on a `NSUIViewController`, but could be placed on any such `NSUIView`.
 85 |     public private(set) weak var vcView: NSUIView!
    |                                          `- error: cannot find type 'NSUIView' in scope
 86 |
 87 |     /// This helps developers determine which type the ``PillboxView/PillShowType``.
/Users/admin/builder/spi-builder-workspace/Sources/PillboxView/PillView.swift:125:21: error: initializer does not override a designated initializer from its superclass
123 |     }
124 |
125 |     public override init(frame frameRect: CGRect) {
    |                     `- error: initializer does not override a designated initializer from its superclass
126 |         super.init(frame: frameRect)
127 |         self._internalInit()
/Users/admin/builder/spi-builder-workspace/Sources/PillboxView/PillView.swift:194:48: error: cannot find type 'NSUIActivityIndicatorView' in scope
192 |     /// This can open a wide range of possibilities, including style, color, and animation preferences.
193 |     /// - Parameter activityIndicator: A `NSUIActivityIndicatorView` for the asynchronous task of the ``PillboxView/PillShowType/ongoingTask``.
194 |     public convenience init(activityIndicator: NSUIActivityIndicatorView) {
    |                                                `- error: cannot find type 'NSUIActivityIndicatorView' in scope
195 |         self.init()
196 |
/Users/admin/builder/spi-builder-workspace/Sources/PillboxView/PillView.swift:281:49: error: cannot find type 'NSUIView' in scope
279 |     ///   - tintColor: A tint color for the `NSUIImageView` of the ``PillboxView/PillView/pillView/`` displayed on.
280 |     ///   - completionHandler: A completion handler indicating when the animation has finished.
281 |     open func showTask(message: String, vcView: NSUIView, tintColor: NSUIColor = NSUIColor.systemBlue, completionHandler: (() -> Void)? = nil) {
    |                                                 `- error: cannot find type 'NSUIView' in scope
282 |         // Now configure against the view hierarchy. Mostly centering the pill initial position
283 |         self.configurePill(parentView: vcView)
/Users/admin/builder/spi-builder-workspace/Sources/PillboxView/PillView.swift:281:92: error: 'systemBlue' is unavailable in watchOS
279 |     ///   - tintColor: A tint color for the `NSUIImageView` of the ``PillboxView/PillView/pillView/`` displayed on.
280 |     ///   - completionHandler: A completion handler indicating when the animation has finished.
281 |     open func showTask(message: String, vcView: NSUIView, tintColor: NSUIColor = NSUIColor.systemBlue, completionHandler: (() -> Void)? = nil) {
    |                                                                                            `- error: 'systemBlue' is unavailable in watchOS
282 |         // Now configure against the view hierarchy. Mostly centering the pill initial position
283 |         self.configurePill(parentView: vcView)
/Applications/Xcode-27.0.0-Release.Candidate.app/Contents/Developer/Platforms/WatchOS.platform/Developer/SDKs/WatchOS27.0.sdk/System/Library/Frameworks/UIKit.framework/Headers/UIInterface.h:123:49: note: 'systemBlue' has been explicitly marked unavailable here
121 | @property (class, nonatomic, readonly) UIColor *systemRedColor          API_AVAILABLE(ios(7.0), tvos(9.0)) API_UNAVAILABLE(watchos);
122 | @property (class, nonatomic, readonly) UIColor *systemGreenColor        API_AVAILABLE(ios(7.0), tvos(9.0)) API_UNAVAILABLE(watchos);
123 | @property (class, nonatomic, readonly) UIColor *systemBlueColor         API_AVAILABLE(ios(7.0), tvos(9.0)) API_UNAVAILABLE(watchos);
    |                                                 `- note: 'systemBlue' has been explicitly marked unavailable here
124 | @property (class, nonatomic, readonly) UIColor *systemOrangeColor       API_AVAILABLE(ios(7.0), tvos(9.0)) API_UNAVAILABLE(watchos);
125 | @property (class, nonatomic, readonly) UIColor *systemYellowColor       API_AVAILABLE(ios(7.0), tvos(9.0)) API_UNAVAILABLE(watchos);
/Users/admin/builder/spi-builder-workspace/Sources/PillboxView/PillView.swift:369:52: error: cannot find type 'NSUIView' in scope
367 |     ///   - timeToShow: Length of time to show in seconds/double (`TimeInterval`). Note that this should be at least `2` seconds and that this does not include the animation times. See source code for animation timings
368 |     ///   - completionHandler: A completion handler indicating when the animation has finished.
369 |     public func showError(message: String, vcView: NSUIView, tintColor: NSUIColor? = .systemRed, timeToShow: TimeInterval = 2, completionHandler: (() -> Void)? = nil) {
    |                                                    `- error: cannot find type 'NSUIView' in scope
370 |         self.configurePill(parentView: vcView)
371 |
/Users/admin/builder/spi-builder-workspace/Sources/PillboxView/PillView.swift:369:87: error: 'systemRed' is unavailable in watchOS
367 |     ///   - timeToShow: Length of time to show in seconds/double (`TimeInterval`). Note that this should be at least `2` seconds and that this does not include the animation times. See source code for animation timings
368 |     ///   - completionHandler: A completion handler indicating when the animation has finished.
369 |     public func showError(message: String, vcView: NSUIView, tintColor: NSUIColor? = .systemRed, timeToShow: TimeInterval = 2, completionHandler: (() -> Void)? = nil) {
    |                                                                                       `- error: 'systemRed' is unavailable in watchOS
370 |         self.configurePill(parentView: vcView)
371 |
/Applications/Xcode-27.0.0-Release.Candidate.app/Contents/Developer/Platforms/WatchOS.platform/Developer/SDKs/WatchOS27.0.sdk/System/Library/Frameworks/UIKit.framework/Headers/UIInterface.h:121:49: note: 'systemRed' has been explicitly marked unavailable here
119 |  * Do not make assumptions about the color spaces or actual colors used.
120 |  */
121 | @property (class, nonatomic, readonly) UIColor *systemRedColor          API_AVAILABLE(ios(7.0), tvos(9.0)) API_UNAVAILABLE(watchos);
    |                                                 `- note: 'systemRed' has been explicitly marked unavailable here
122 | @property (class, nonatomic, readonly) UIColor *systemGreenColor        API_AVAILABLE(ios(7.0), tvos(9.0)) API_UNAVAILABLE(watchos);
123 | @property (class, nonatomic, readonly) UIColor *systemBlueColor         API_AVAILABLE(ios(7.0), tvos(9.0)) API_UNAVAILABLE(watchos);
/Users/admin/builder/spi-builder-workspace/Sources/PillboxView/PillView.swift:438:44: error: cannot find type 'NSUIView' in scope
436 |     /// If the PillView label message assigned font height is larger than the PillView height, a `fatal` will
437 |     /// be issued.
438 |     private func configurePill(parentView: NSUIView) {
    |                                            `- error: cannot find type 'NSUIView' in scope
439 |         #if os(macOS)
440 |         let originX = self.originForCenter(inRelationTo: parentView).x
/Users/admin/builder/spi-builder-workspace/Sources/PillboxView/PillView.swift:487:63: error: cannot find type 'NSUILabel' in scope
485 |     }
486 |
487 |     private func configureLabel(message: String, tag: Int) -> NSUILabel {
    |                                                               `- error: cannot find type 'NSUILabel' in scope
488 |         // titleLabel
489 |         let titleLabel = NSUILabel()
Failed frontend command:
/Applications/Xcode-27.0.0-Release.Candidate.app/Contents/Developer/Toolchains/XcodeDefault.xctoolchain/usr/bin/swift-frontend -frontend -emit-module -experimental-skip-non-inlinable-function-bodies-without-types /Users/admin/builder/spi-builder-workspace/Sources/PillboxView/Conformance.swift /Users/admin/builder/spi-builder-workspace/Sources/PillboxView/NSUI+Extensions.swift /Users/admin/builder/spi-builder-workspace/Sources/PillboxView/PillColors.swift /Users/admin/builder/spi-builder-workspace/Sources/PillboxView/PillPosition.swift /Users/admin/builder/spi-builder-workspace/Sources/PillboxView/PillShowType.swift /Users/admin/builder/spi-builder-workspace/Sources/PillboxView/PillTransitions.swift /Users/admin/builder/spi-builder-workspace/Sources/PillboxView/PillView.swift -target arm64-apple-watchos9.0 -module-can-import-version UIKit 9127.0.84.1 9127.0.84 -disable-cross-import-overlay-search -load-resolved-plugin /Applications/Xcode-27.0.0-Release.Candidate.app/Contents/Developer/Platforms/WatchOS.platform/Developer/usr/lib/swift/host/plugins/libFoundationMacros.dylib\#/Applications/Xcode-27.0.0-Release.Candidate.app/Contents/Developer/Platforms/WatchOS.platform/Developer/usr/bin/swift-plugin-server\#FoundationMacros -load-resolved-plugin /Applications/Xcode-27.0.0-Release.Candidate.app/Contents/Developer/Platforms/WatchOS.platform/Developer/usr/lib/swift/host/plugins/libObservationMacros.dylib\#/Applications/Xcode-27.0.0-Release.Candidate.app/Contents/Developer/Platforms/WatchOS.platform/Developer/usr/bin/swift-plugin-server\#ObservationMacros -load-resolved-plugin /Applications/Xcode-27.0.0-Release.Candidate.app/Contents/Developer/Platforms/WatchOS.platform/Developer/usr/lib/swift/host/plugins/libPreviewsMacros.dylib\#/Applications/Xcode-27.0.0-Release.Candidate.app/Contents/Developer/Platforms/WatchOS.platform/Developer/usr/bin/swift-plugin-server\#PreviewsMacros -load-resolved-plugin /Applications/Xcode-27.0.0-Release.Candidate.app/Contents/Developer/Platforms/WatchOS.platform/Developer/usr/lib/swift/host/plugins/libSwiftMacros.dylib\#/Applications/Xcode-27.0.0-Release.Candidate.app/Contents/Developer/Platforms/WatchOS.platform/Developer/usr/bin/swift-plugin-server\#SwiftMacros -load-resolved-plugin /Applications/Xcode-27.0.0-Release.Candidate.app/Contents/Developer/Platforms/WatchOS.platform/Developer/usr/lib/swift/host/plugins/libSwiftUIMacros.dylib\#/Applications/Xcode-27.0.0-Release.Candidate.app/Contents/Developer/Platforms/WatchOS.platform/Developer/usr/bin/swift-plugin-server\#SwiftUIMacros -disable-implicit-swift-modules -Xcc -fno-implicit-modules -Xcc -fno-implicit-module-maps -explicit-swift-module-map-file /Users/admin/builder/spi-builder-workspace/.derivedData/Build/Intermediates.noindex/PillboxView.build/Debug-watchos/PillboxView-t.build/Objects-normal/arm64/PillboxView-dependencies-1.json -Xllvm -aarch64-use-tbi -enable-objc-interop -stack-check -sdk /Applications/Xcode-27.0.0-Release.Candidate.app/Contents/Developer/Platforms/WatchOS.platform/Developer/SDKs/WatchOS27.0.sdk -I /Users/admin/builder/spi-builder-workspace/.derivedData/Build/Products/Debug-watchos -Isystem /Applications/Xcode-27.0.0-Release.Candidate.app/Contents/Developer/Platforms/WatchOS.platform/Developer/usr/lib -F /Users/admin/builder/spi-builder-workspace/.derivedData/Build/Products/Debug-watchos/PackageFrameworks -F /Users/admin/builder/spi-builder-workspace/.derivedData/Build/Products/Debug-watchos -F /Applications/Xcode-27.0.0-Release.Candidate.app/Contents/Developer/Platforms/WatchOS.platform/Developer/Library/Frameworks -F /Applications/Xcode-27.0.0-Release.Candidate.app/Contents/Developer/Platforms/WatchOS.platform/Developer/SDKs/WatchOS27.0.sdk/Developer/Library/Frameworks -module-cache-path /Users/admin/builder/spi-builder-workspace/.derivedData/Build/Intermediates.noindex/SwiftExplicitPrecompiledModules -no-color-diagnostics -Xcc -fno-color-diagnostics -enable-testing -g -debug-info-format\=dwarf -dwarf-version\=4 -profile-generate -profile-coverage-mapping -swift-version 5 -Onone -D SWIFT_PACKAGE -D DEBUG -D SWIFT_MODULE_RESOURCE_BUNDLE_UNAVAILABLE -D Xcode -serialize-debugging-options -enable-experimental-feature DebugDescriptionMacro -empty-abi-descriptor -validate-clang-modules-once -clang-build-session-file /Users/admin/builder/spi-builder-workspace/.derivedData/ModuleCache.noindex/Session.modulevalidation -Xcc -working-directory -Xcc /Users/admin/builder/spi-builder-workspace/.swiftpm/xcode -enable-anonymous-context-mangled-names -file-compilation-dir /Users/admin/builder/spi-builder-workspace/.swiftpm/xcode -Xcc -D_LIBCPP_HARDENING_MODE\=_LIBCPP_HARDENING_MODE_DEBUG -Xcc -ivfsstatcache -Xcc /Users/admin/builder/spi-builder-workspace/.derivedData/SDKStatCaches.noindex/watchos27.0-24R360-e829b21a6f8c9b70876ba0858053c04477534ef55a1706bf4c1112bbb242f0a2.sdkstatcache -Xcc -fmodules-prune-interval\=86400 -Xcc -fmodules-prune-after\=345600 -Xcc -I/Users/admin/builder/spi-builder-workspace/.derivedData/Build/Products/Debug-watchos/include -Xcc -I/Users/admin/builder/spi-builder-workspace/.derivedData/Build/Intermediates.noindex/PillboxView.build/Debug-watchos/PillboxView-t.build/DerivedSources-normal/arm64 -Xcc -I/Users/admin/builder/spi-builder-workspace/.derivedData/Build/Intermediates.noindex/PillboxView.build/Debug-watchos/PillboxView-t.build/DerivedSources/arm64 -Xcc -I/Users/admin/builder/spi-builder-workspace/.derivedData/Build/Intermediates.noindex/PillboxView.build/Debug-watchos/PillboxView-t.build/DerivedSources -Xcc -DSWIFT_PACKAGE -Xcc -DDEBUG\=1 -no-auto-bridging-header-chaining -module-name PillboxView -const-gather-protocols-file /Users/admin/builder/spi-builder-workspace/.derivedData/Build/Intermediates.noindex/PillboxView.build/Debug-watchos/PillboxView-t.build/Objects-normal/arm64/PillboxView_const_extract_protocols.json -disable-clang-spi -clang-target arm64-apple-watchos27.0 -target-sdk-version 27.0 -target-sdk-name watchos27.0 -in-process-plugin-server-path /Applications/Xcode-27.0.0-Release.Candidate.app/Contents/Developer/Toolchains/XcodeDefault.xctoolchain/usr/lib/swift/host/libSwiftInProcPluginServer.dylib -emit-module-doc-path /Users/admin/builder/spi-builder-workspace/.derivedData/Build/Intermediates.noindex/PillboxView.build/Debug-watchos/PillboxView-t.build/Objects-normal/arm64/PillboxView.swiftdoc -emit-module-source-info-path /Users/admin/builder/spi-builder-workspace/.derivedData/Build/Intermediates.noindex/PillboxView.build/Debug-watchos/PillboxView-t.build/Objects-normal/arm64/PillboxView.swiftsourceinfo -emit-objc-header-path /Users/admin/builder/spi-builder-workspace/.derivedData/Build/Intermediates.noindex/PillboxView.build/Debug-watchos/PillboxView-t.build/Objects-normal/arm64/PillboxView-Swift.h -serialize-diagnostics-path /Users/admin/builder/spi-builder-workspace/.derivedData/Build/Intermediates.noindex/PillboxView.build/Debug-watchos/PillboxView-t.build/Objects-normal/arm64/PillboxView-primary-emit-module.dia -emit-dependencies-path /Users/admin/builder/spi-builder-workspace/.derivedData/Build/Intermediates.noindex/PillboxView.build/Debug-watchos/PillboxView-t.build/Objects-normal/arm64/PillboxView-primary-emit-module.d -parse-as-library -o /Users/admin/builder/spi-builder-workspace/.derivedData/Build/Intermediates.noindex/PillboxView.build/Debug-watchos/PillboxView-t.build/Objects-normal/arm64/PillboxView.swiftmodule -emit-abi-descriptor-path /Users/admin/builder/spi-builder-workspace/.derivedData/Build/Intermediates.noindex/PillboxView.build/Debug-watchos/PillboxView-t.build/Objects-normal/arm64/PillboxView.abi.json
SwiftCompile normal arm64 (in target 'PillboxView' from project 'PillboxView')
    cd /Users/admin/builder/spi-builder-workspace/.swiftpm/xcode

SwiftCompile normal arm64_32 Compiling\ Conformance.swift /Users/admin/builder/spi-builder-workspace/Sources/PillboxView/Conformance.swift (in target 'PillboxView' from project 'PillboxView')
SwiftCompile normal arm64_32 /Users/admin/builder/spi-builder-workspace/Sources/PillboxView/Conformance.swift (in target 'PillboxView' from project 'PillboxView')
    cd /Users/admin/builder/spi-builder-workspace/.swiftpm/xcode
    builtin-SwiftPerFileCompile Conformance.swift
SwiftCompile normal arm64 Compiling\ PillShowType.swift /Users/admin/builder/spi-builder-workspace/Sources/PillboxView/PillShowType.swift (in target 'PillboxView' from project 'PillboxView')
SwiftCompile normal arm64 /Users/admin/builder/spi-builder-workspace/Sources/PillboxView/PillShowType.swift (in target 'PillboxView' from project 'PillboxView')
    cd /Users/admin/builder/spi-builder-workspace/.swiftpm/xcode
    builtin-SwiftPerFileCompile PillShowType.swift
SwiftCompile normal arm64 Compiling\ NSUI+Extensions.swift /Users/admin/builder/spi-builder-workspace/Sources/PillboxView/NSUI+Extensions.swift (in target 'PillboxView' from project 'PillboxView')
SwiftCompile normal arm64 /Users/admin/builder/spi-builder-workspace/Sources/PillboxView/NSUI+Extensions.swift (in target 'PillboxView' from project 'PillboxView')
    cd /Users/admin/builder/spi-builder-workspace/.swiftpm/xcode
    builtin-SwiftPerFileCompile NSUI+Extensions.swift
SwiftCompile normal arm64 Compiling\ Conformance.swift /Users/admin/builder/spi-builder-workspace/Sources/PillboxView/Conformance.swift (in target 'PillboxView' from project 'PillboxView')
SwiftCompile normal arm64 /Users/admin/builder/spi-builder-workspace/Sources/PillboxView/Conformance.swift (in target 'PillboxView' from project 'PillboxView')
    cd /Users/admin/builder/spi-builder-workspace/.swiftpm/xcode
    builtin-SwiftPerFileCompile Conformance.swift
SwiftCompile normal arm64_32 Compiling\ NSUI+Extensions.swift /Users/admin/builder/spi-builder-workspace/Sources/PillboxView/NSUI+Extensions.swift (in target 'PillboxView' from project 'PillboxView')
SwiftCompile normal arm64_32 /Users/admin/builder/spi-builder-workspace/Sources/PillboxView/NSUI+Extensions.swift (in target 'PillboxView' from project 'PillboxView')
    cd /Users/admin/builder/spi-builder-workspace/.swiftpm/xcode
    builtin-SwiftPerFileCompile NSUI+Extensions.swift
SwiftCompile normal arm64 Compiling\ PillView.swift /Users/admin/builder/spi-builder-workspace/Sources/PillboxView/PillView.swift (in target 'PillboxView' from project 'PillboxView')
/Users/admin/builder/spi-builder-workspace/Sources/PillboxView/PillView.swift:22:24: error: cannot find type 'NSUIView' in scope
 20 |
 21 | /// A `NSUIView` to display two forms of dynamic content based on the conditions or needs of a developer.
 22 | public class PillView: NSUIView {
    |                        `- error: cannot find type 'NSUIView' in scope
 23 |     /// The `NSUIView` itself that holds the content of the ``PillboxView/PillView``, such as a title and imageView.
 24 |     ///
/Users/admin/builder/spi-builder-workspace/Sources/PillboxView/PillView.swift:48:49: error: cannot find 'NSUIActivityIndicatorView' in scope
 46 |     ///
 47 |     /// This should not be used if using ``PillboxView/PillShowType/error``
 48 |     public private(set) var activityIndicator = NSUIActivityIndicatorView()
    |                                                 `- error: cannot find 'NSUIActivityIndicatorView' in scope
 49 |
 50 |     /// A `NSUILabel` align on the ``PillboxView/PillView/pillView``'s center-left to display a message.
/Users/admin/builder/spi-builder-workspace/Sources/PillboxView/PillView.swift:53:42: error: cannot find 'NSUILabel' in scope
 51 |     ///
 52 |     /// The message should not be set through accessing the properties of this label, but rather ``PillboxView/PillView/completedTask(state:completionHandler:)`` or ``PillboxView/PillView/showError(message:vcView:)``.
 53 |     public private(set) var titleLabel = NSUILabel()
    |                                          `- error: cannot find 'NSUILabel' in scope
 54 |
 55 |     /// A Boolean value indicating whether the current ``PillboxView/PillView`` is waiting for a task to complete.
/Users/admin/builder/spi-builder-workspace/Sources/PillboxView/PillView.swift:85:42: error: cannot find type 'NSUIView' in scope
 83 |     ///
 84 |     /// Note: ``PillboxView/PillView`` does not need to be placed on a `NSUIViewController`, but could be placed on any such `NSUIView`.
 85 |     public private(set) weak var vcView: NSUIView!
    |                                          `- error: cannot find type 'NSUIView' in scope
 86 |
 87 |     /// This helps developers determine which type the ``PillboxView/PillShowType``.
/Users/admin/builder/spi-builder-workspace/Sources/PillboxView/PillView.swift:125:21: error: initializer does not override a designated initializer from its superclass
123 |     }
124 |
125 |     public override init(frame frameRect: CGRect) {
    |                     `- error: initializer does not override a designated initializer from its superclass
126 |         super.init(frame: frameRect)
127 |         self._internalInit()
/Users/admin/builder/spi-builder-workspace/Sources/PillboxView/PillView.swift:194:48: error: cannot find type 'NSUIActivityIndicatorView' in scope
192 |     /// This can open a wide range of possibilities, including style, color, and animation preferences.
193 |     /// - Parameter activityIndicator: A `NSUIActivityIndicatorView` for the asynchronous task of the ``PillboxView/PillShowType/ongoingTask``.
194 |     public convenience init(activityIndicator: NSUIActivityIndicatorView) {
    |                                                `- error: cannot find type 'NSUIActivityIndicatorView' in scope
195 |         self.init()
196 |
/Users/admin/builder/spi-builder-workspace/Sources/PillboxView/PillView.swift:281:49: error: cannot find type 'NSUIView' in scope
279 |     ///   - tintColor: A tint color for the `NSUIImageView` of the ``PillboxView/PillView/pillView/`` displayed on.
280 |     ///   - completionHandler: A completion handler indicating when the animation has finished.
281 |     open func showTask(message: String, vcView: NSUIView, tintColor: NSUIColor = NSUIColor.systemBlue, completionHandler: (() -> Void)? = nil) {
    |                                                 `- error: cannot find type 'NSUIView' in scope
282 |         // Now configure against the view hierarchy. Mostly centering the pill initial position
283 |         self.configurePill(parentView: vcView)
/Users/admin/builder/spi-builder-workspace/Sources/PillboxView/PillView.swift:281:92: error: 'systemBlue' is unavailable in watchOS
279 |     ///   - tintColor: A tint color for the `NSUIImageView` of the ``PillboxView/PillView/pillView/`` displayed on.
280 |     ///   - completionHandler: A completion handler indicating when the animation has finished.
281 |     open func showTask(message: String, vcView: NSUIView, tintColor: NSUIColor = NSUIColor.systemBlue, completionHandler: (() -> Void)? = nil) {
    |                                                                                            `- error: 'systemBlue' is unavailable in watchOS
282 |         // Now configure against the view hierarchy. Mostly centering the pill initial position
283 |         self.configurePill(parentView: vcView)
/Applications/Xcode-27.0.0-Release.Candidate.app/Contents/Developer/Platforms/WatchOS.platform/Developer/SDKs/WatchOS27.0.sdk/System/Library/Frameworks/UIKit.framework/Headers/UIInterface.h:123:49: note: 'systemBlue' has been explicitly marked unavailable here
121 | @property (class, nonatomic, readonly) UIColor *systemRedColor          API_AVAILABLE(ios(7.0), tvos(9.0)) API_UNAVAILABLE(watchos);
122 | @property (class, nonatomic, readonly) UIColor *systemGreenColor        API_AVAILABLE(ios(7.0), tvos(9.0)) API_UNAVAILABLE(watchos);
123 | @property (class, nonatomic, readonly) UIColor *systemBlueColor         API_AVAILABLE(ios(7.0), tvos(9.0)) API_UNAVAILABLE(watchos);
    |                                                 `- note: 'systemBlue' has been explicitly marked unavailable here
124 | @property (class, nonatomic, readonly) UIColor *systemOrangeColor       API_AVAILABLE(ios(7.0), tvos(9.0)) API_UNAVAILABLE(watchos);
125 | @property (class, nonatomic, readonly) UIColor *systemYellowColor       API_AVAILABLE(ios(7.0), tvos(9.0)) API_UNAVAILABLE(watchos);
/Users/admin/builder/spi-builder-workspace/Sources/PillboxView/PillView.swift:369:52: error: cannot find type 'NSUIView' in scope
367 |     ///   - timeToShow: Length of time to show in seconds/double (`TimeInterval`). Note that this should be at least `2` seconds and that this does not include the animation times. See source code for animation timings
368 |     ///   - completionHandler: A completion handler indicating when the animation has finished.
369 |     public func showError(message: String, vcView: NSUIView, tintColor: NSUIColor? = .systemRed, timeToShow: TimeInterval = 2, completionHandler: (() -> Void)? = nil) {
    |                                                    `- error: cannot find type 'NSUIView' in scope
370 |         self.configurePill(parentView: vcView)
371 |
/Users/admin/builder/spi-builder-workspace/Sources/PillboxView/PillView.swift:369:87: error: 'systemRed' is unavailable in watchOS
367 |     ///   - timeToShow: Length of time to show in seconds/double (`TimeInterval`). Note that this should be at least `2` seconds and that this does not include the animation times. See source code for animation timings
368 |     ///   - completionHandler: A completion handler indicating when the animation has finished.
369 |     public func showError(message: String, vcView: NSUIView, tintColor: NSUIColor? = .systemRed, timeToShow: TimeInterval = 2, completionHandler: (() -> Void)? = nil) {
    |                                                                                       `- error: 'systemRed' is unavailable in watchOS
370 |         self.configurePill(parentView: vcView)
371 |
/Applications/Xcode-27.0.0-Release.Candidate.app/Contents/Developer/Platforms/WatchOS.platform/Developer/SDKs/WatchOS27.0.sdk/System/Library/Frameworks/UIKit.framework/Headers/UIInterface.h:121:49: note: 'systemRed' has been explicitly marked unavailable here
119 |  * Do not make assumptions about the color spaces or actual colors used.
120 |  */
121 | @property (class, nonatomic, readonly) UIColor *systemRedColor          API_AVAILABLE(ios(7.0), tvos(9.0)) API_UNAVAILABLE(watchos);
    |                                                 `- note: 'systemRed' has been explicitly marked unavailable here
122 | @property (class, nonatomic, readonly) UIColor *systemGreenColor        API_AVAILABLE(ios(7.0), tvos(9.0)) API_UNAVAILABLE(watchos);
123 | @property (class, nonatomic, readonly) UIColor *systemBlueColor         API_AVAILABLE(ios(7.0), tvos(9.0)) API_UNAVAILABLE(watchos);
/Users/admin/builder/spi-builder-workspace/Sources/PillboxView/PillView.swift:438:44: error: cannot find type 'NSUIView' in scope
436 |     /// If the PillView label message assigned font height is larger than the PillView height, a `fatal` will
437 |     /// be issued.
438 |     private func configurePill(parentView: NSUIView) {
    |                                            `- error: cannot find type 'NSUIView' in scope
439 |         #if os(macOS)
440 |         let originX = self.originForCenter(inRelationTo: parentView).x
/Users/admin/builder/spi-builder-workspace/Sources/PillboxView/PillView.swift:487:63: error: cannot find type 'NSUILabel' in scope
485 |     }
486 |
487 |     private func configureLabel(message: String, tag: Int) -> NSUILabel {
    |                                                               `- error: cannot find type 'NSUILabel' in scope
488 |         // titleLabel
489 |         let titleLabel = NSUILabel()
/Users/admin/builder/spi-builder-workspace/Sources/PillboxView/PillView.swift:34:21: error: value of type 'PillView' has no member 'frame'
 32 |     private static let defaultWidth: CGFloat = 400
 33 |     public var width: CGFloat {
 34 |         return self.frame.width
    |                     `- error: value of type 'PillView' has no member 'frame'
 35 |     }
 36 |
/Users/admin/builder/spi-builder-workspace/Sources/PillboxView/PillView.swift:42:21: error: value of type 'PillView' has no member 'frame'
 40 |     private static let defaultHeight: CGFloat = 40
 41 |     public var height: CGFloat {
 42 |         return self.frame.height
    |                     `- error: value of type 'PillView' has no member 'frame'
 43 |     }
 44 |
/Users/admin/builder/spi-builder-workspace/Sources/PillboxView/PillView.swift:121:9: error: 'super' cannot be used in class 'PillView' because it has no superclass
119 |     /// Use the other initializers to set fields/values of the ``PillboxView/PillView``. While you could modify some of the fields/properties with default values, some of them cannot be mutated.
120 |     public init() {
121 |         super.init(frame: CGRect(origin: CGPoint.zero, size: CGSize(width: Self.defaultWidth, height: Self.defaultHeight)))
    |         `- error: 'super' cannot be used in class 'PillView' because it has no superclass
122 |         self._internalInit()
123 |     }
/Users/admin/builder/spi-builder-workspace/Sources/PillboxView/PillView.swift:126:9: error: 'super' cannot be used in class 'PillView' because it has no superclass
124 |
125 |     public override init(frame frameRect: CGRect) {
126 |         super.init(frame: frameRect)
    |         `- error: 'super' cannot be used in class 'PillView' because it has no superclass
127 |         self._internalInit()
128 |     }
/Users/admin/builder/spi-builder-workspace/Sources/PillboxView/PillView.swift:131:9: error: 'super' cannot be used in class 'PillView' because it has no superclass
129 |
130 |     public required init?(coder: NSCoder) {
131 |         super.init(coder: coder)
    |         `- error: 'super' cannot be used in class 'PillView' because it has no superclass
132 |         self._internalInit()
133 |     }
/Users/admin/builder/spi-builder-workspace/Sources/PillboxView/PillView.swift:167:14: error: value of type 'Self' has no member 'isNavigationControllerPresent'
165 |         self.font = font
166 |
167 |         self.isNavigationControllerPresent = isNavigationControllerPresent
    |              `- error: value of type 'Self' has no member 'isNavigationControllerPresent'
168 |     }
169 |     #endif
/Users/admin/builder/spi-builder-workspace/Sources/PillboxView/PillView.swift:222:58: error: cannot find type 'NSUILabel' in scope
220 |             guard let self = self else { return }
221 |             guard
222 |                 let titleLabel = self.viewWithTag(1) as? NSUILabel,
    |                                                          `- error: cannot find type 'NSUILabel' in scope
223 |                 let imageView  = self.viewWithTag(2) as? NSUIImageView
224 |             else { return }
/Users/admin/builder/spi-builder-workspace/Sources/PillboxView/PillView.swift:222:39: error: value of type 'PillView' has no member 'viewWithTag'
220 |             guard let self = self else { return }
221 |             guard
222 |                 let titleLabel = self.viewWithTag(1) as? NSUILabel,
    |                                       `- error: value of type 'PillView' has no member 'viewWithTag'
223 |                 let imageView  = self.viewWithTag(2) as? NSUIImageView
224 |             else { return }
SwiftCompile normal arm64 /Users/admin/builder/spi-builder-workspace/Sources/PillboxView/PillView.swift (in target 'PillboxView' from project 'PillboxView')
    cd /Users/admin/builder/spi-builder-workspace/.swiftpm/xcode
    builtin-SwiftPerFileCompile PillView.swift
SwiftCompile normal arm64_32 Compiling\ PillShowType.swift /Users/admin/builder/spi-builder-workspace/Sources/PillboxView/PillShowType.swift (in target 'PillboxView' from project 'PillboxView')
SwiftCompile normal arm64_32 /Users/admin/builder/spi-builder-workspace/Sources/PillboxView/PillShowType.swift (in target 'PillboxView' from project 'PillboxView')
    cd /Users/admin/builder/spi-builder-workspace/.swiftpm/xcode
    builtin-SwiftPerFileCompile PillShowType.swift
SwiftCompile normal arm64_32 Compiling\ PillView.swift /Users/admin/builder/spi-builder-workspace/Sources/PillboxView/PillView.swift (in target 'PillboxView' from project 'PillboxView')
/Users/admin/builder/spi-builder-workspace/Sources/PillboxView/PillView.swift:22:24: error: cannot find type 'NSUIView' in scope
 20 |
 21 | /// A `NSUIView` to display two forms of dynamic content based on the conditions or needs of a developer.
 22 | public class PillView: NSUIView {
    |                        `- error: cannot find type 'NSUIView' in scope
 23 |     /// The `NSUIView` itself that holds the content of the ``PillboxView/PillView``, such as a title and imageView.
 24 |     ///
/Users/admin/builder/spi-builder-workspace/Sources/PillboxView/PillView.swift:48:49: error: cannot find 'NSUIActivityIndicatorView' in scope
 46 |     ///
 47 |     /// This should not be used if using ``PillboxView/PillShowType/error``
 48 |     public private(set) var activityIndicator = NSUIActivityIndicatorView()
    |                                                 `- error: cannot find 'NSUIActivityIndicatorView' in scope
 49 |
 50 |     /// A `NSUILabel` align on the ``PillboxView/PillView/pillView``'s center-left to display a message.
/Users/admin/builder/spi-builder-workspace/Sources/PillboxView/PillView.swift:53:42: error: cannot find 'NSUILabel' in scope
 51 |     ///
 52 |     /// The message should not be set through accessing the properties of this label, but rather ``PillboxView/PillView/completedTask(state:completionHandler:)`` or ``PillboxView/PillView/showError(message:vcView:)``.
 53 |     public private(set) var titleLabel = NSUILabel()
    |                                          `- error: cannot find 'NSUILabel' in scope
 54 |
 55 |     /// A Boolean value indicating whether the current ``PillboxView/PillView`` is waiting for a task to complete.
/Users/admin/builder/spi-builder-workspace/Sources/PillboxView/PillView.swift:85:42: error: cannot find type 'NSUIView' in scope
 83 |     ///
 84 |     /// Note: ``PillboxView/PillView`` does not need to be placed on a `NSUIViewController`, but could be placed on any such `NSUIView`.
 85 |     public private(set) weak var vcView: NSUIView!
    |                                          `- error: cannot find type 'NSUIView' in scope
 86 |
 87 |     /// This helps developers determine which type the ``PillboxView/PillShowType``.
/Users/admin/builder/spi-builder-workspace/Sources/PillboxView/PillView.swift:125:21: error: initializer does not override a designated initializer from its superclass
123 |     }
124 |
125 |     public override init(frame frameRect: CGRect) {
    |                     `- error: initializer does not override a designated initializer from its superclass
126 |         super.init(frame: frameRect)
127 |         self._internalInit()
/Users/admin/builder/spi-builder-workspace/Sources/PillboxView/PillView.swift:194:48: error: cannot find type 'NSUIActivityIndicatorView' in scope
192 |     /// This can open a wide range of possibilities, including style, color, and animation preferences.
193 |     /// - Parameter activityIndicator: A `NSUIActivityIndicatorView` for the asynchronous task of the ``PillboxView/PillShowType/ongoingTask``.
194 |     public convenience init(activityIndicator: NSUIActivityIndicatorView) {
    |                                                `- error: cannot find type 'NSUIActivityIndicatorView' in scope
195 |         self.init()
196 |
/Users/admin/builder/spi-builder-workspace/Sources/PillboxView/PillView.swift:281:49: error: cannot find type 'NSUIView' in scope
279 |     ///   - tintColor: A tint color for the `NSUIImageView` of the ``PillboxView/PillView/pillView/`` displayed on.
280 |     ///   - completionHandler: A completion handler indicating when the animation has finished.
281 |     open func showTask(message: String, vcView: NSUIView, tintColor: NSUIColor = NSUIColor.systemBlue, completionHandler: (() -> Void)? = nil) {
    |                                                 `- error: cannot find type 'NSUIView' in scope
282 |         // Now configure against the view hierarchy. Mostly centering the pill initial position
283 |         self.configurePill(parentView: vcView)
/Users/admin/builder/spi-builder-workspace/Sources/PillboxView/PillView.swift:281:92: error: 'systemBlue' is unavailable in watchOS
279 |     ///   - tintColor: A tint color for the `NSUIImageView` of the ``PillboxView/PillView/pillView/`` displayed on.
280 |     ///   - completionHandler: A completion handler indicating when the animation has finished.
281 |     open func showTask(message: String, vcView: NSUIView, tintColor: NSUIColor = NSUIColor.systemBlue, completionHandler: (() -> Void)? = nil) {
    |                                                                                            `- error: 'systemBlue' is unavailable in watchOS
282 |         // Now configure against the view hierarchy. Mostly centering the pill initial position
283 |         self.configurePill(parentView: vcView)
/Applications/Xcode-27.0.0-Release.Candidate.app/Contents/Developer/Platforms/WatchOS.platform/Developer/SDKs/WatchOS27.0.sdk/System/Library/Frameworks/UIKit.framework/Headers/UIInterface.h:123:49: note: 'systemBlue' has been explicitly marked unavailable here
121 | @property (class, nonatomic, readonly) UIColor *systemRedColor          API_AVAILABLE(ios(7.0), tvos(9.0)) API_UNAVAILABLE(watchos);
122 | @property (class, nonatomic, readonly) UIColor *systemGreenColor        API_AVAILABLE(ios(7.0), tvos(9.0)) API_UNAVAILABLE(watchos);
123 | @property (class, nonatomic, readonly) UIColor *systemBlueColor         API_AVAILABLE(ios(7.0), tvos(9.0)) API_UNAVAILABLE(watchos);
    |                                                 `- note: 'systemBlue' has been explicitly marked unavailable here
124 | @property (class, nonatomic, readonly) UIColor *systemOrangeColor       API_AVAILABLE(ios(7.0), tvos(9.0)) API_UNAVAILABLE(watchos);
125 | @property (class, nonatomic, readonly) UIColor *systemYellowColor       API_AVAILABLE(ios(7.0), tvos(9.0)) API_UNAVAILABLE(watchos);
/Users/admin/builder/spi-builder-workspace/Sources/PillboxView/PillView.swift:369:52: error: cannot find type 'NSUIView' in scope
367 |     ///   - timeToShow: Length of time to show in seconds/double (`TimeInterval`). Note that this should be at least `2` seconds and that this does not include the animation times. See source code for animation timings
368 |     ///   - completionHandler: A completion handler indicating when the animation has finished.
369 |     public func showError(message: String, vcView: NSUIView, tintColor: NSUIColor? = .systemRed, timeToShow: TimeInterval = 2, completionHandler: (() -> Void)? = nil) {
    |                                                    `- error: cannot find type 'NSUIView' in scope
370 |         self.configurePill(parentView: vcView)
371 |
/Users/admin/builder/spi-builder-workspace/Sources/PillboxView/PillView.swift:369:87: error: 'systemRed' is unavailable in watchOS
367 |     ///   - timeToShow: Length of time to show in seconds/double (`TimeInterval`). Note that this should be at least `2` seconds and that this does not include the animation times. See source code for animation timings
368 |     ///   - completionHandler: A completion handler indicating when the animation has finished.
369 |     public func showError(message: String, vcView: NSUIView, tintColor: NSUIColor? = .systemRed, timeToShow: TimeInterval = 2, completionHandler: (() -> Void)? = nil) {
    |                                                                                       `- error: 'systemRed' is unavailable in watchOS
370 |         self.configurePill(parentView: vcView)
371 |
/Applications/Xcode-27.0.0-Release.Candidate.app/Contents/Developer/Platforms/WatchOS.platform/Developer/SDKs/WatchOS27.0.sdk/System/Library/Frameworks/UIKit.framework/Headers/UIInterface.h:121:49: note: 'systemRed' has been explicitly marked unavailable here
119 |  * Do not make assumptions about the color spaces or actual colors used.
120 |  */
121 | @property (class, nonatomic, readonly) UIColor *systemRedColor          API_AVAILABLE(ios(7.0), tvos(9.0)) API_UNAVAILABLE(watchos);
    |                                                 `- note: 'systemRed' has been explicitly marked unavailable here
122 | @property (class, nonatomic, readonly) UIColor *systemGreenColor        API_AVAILABLE(ios(7.0), tvos(9.0)) API_UNAVAILABLE(watchos);
123 | @property (class, nonatomic, readonly) UIColor *systemBlueColor         API_AVAILABLE(ios(7.0), tvos(9.0)) API_UNAVAILABLE(watchos);
/Users/admin/builder/spi-builder-workspace/Sources/PillboxView/PillView.swift:438:44: error: cannot find type 'NSUIView' in scope
436 |     /// If the PillView label message assigned font height is larger than the PillView height, a `fatal` will
437 |     /// be issued.
438 |     private func configurePill(parentView: NSUIView) {
    |                                            `- error: cannot find type 'NSUIView' in scope
439 |         #if os(macOS)
440 |         let originX = self.originForCenter(inRelationTo: parentView).x
/Users/admin/builder/spi-builder-workspace/Sources/PillboxView/PillView.swift:487:63: error: cannot find type 'NSUILabel' in scope
485 |     }
486 |
487 |     private func configureLabel(message: String, tag: Int) -> NSUILabel {
    |                                                               `- error: cannot find type 'NSUILabel' in scope
488 |         // titleLabel
489 |         let titleLabel = NSUILabel()
/Users/admin/builder/spi-builder-workspace/Sources/PillboxView/PillView.swift:34:21: error: value of type 'PillView' has no member 'frame'
 32 |     private static let defaultWidth: CGFloat = 400
 33 |     public var width: CGFloat {
 34 |         return self.frame.width
    |                     `- error: value of type 'PillView' has no member 'frame'
 35 |     }
 36 |
/Users/admin/builder/spi-builder-workspace/Sources/PillboxView/PillView.swift:42:21: error: value of type 'PillView' has no member 'frame'
 40 |     private static let defaultHeight: CGFloat = 40
 41 |     public var height: CGFloat {
 42 |         return self.frame.height
    |                     `- error: value of type 'PillView' has no member 'frame'
 43 |     }
 44 |
/Users/admin/builder/spi-builder-workspace/Sources/PillboxView/PillView.swift:121:9: error: 'super' cannot be used in class 'PillView' because it has no superclass
119 |     /// Use the other initializers to set fields/values of the ``PillboxView/PillView``. While you could modify some of the fields/properties with default values, some of them cannot be mutated.
120 |     public init() {
121 |         super.init(frame: CGRect(origin: CGPoint.zero, size: CGSize(width: Self.defaultWidth, height: Self.defaultHeight)))
    |         `- error: 'super' cannot be used in class 'PillView' because it has no superclass
122 |         self._internalInit()
123 |     }
/Users/admin/builder/spi-builder-workspace/Sources/PillboxView/PillView.swift:126:9: error: 'super' cannot be used in class 'PillView' because it has no superclass
124 |
125 |     public override init(frame frameRect: CGRect) {
126 |         super.init(frame: frameRect)
    |         `- error: 'super' cannot be used in class 'PillView' because it has no superclass
127 |         self._internalInit()
128 |     }
/Users/admin/builder/spi-builder-workspace/Sources/PillboxView/PillView.swift:131:9: error: 'super' cannot be used in class 'PillView' because it has no superclass
129 |
130 |     public required init?(coder: NSCoder) {
131 |         super.init(coder: coder)
    |         `- error: 'super' cannot be used in class 'PillView' because it has no superclass
132 |         self._internalInit()
133 |     }
/Users/admin/builder/spi-builder-workspace/Sources/PillboxView/PillView.swift:167:14: error: value of type 'Self' has no member 'isNavigationControllerPresent'
165 |         self.font = font
166 |
167 |         self.isNavigationControllerPresent = isNavigationControllerPresent
    |              `- error: value of type 'Self' has no member 'isNavigationControllerPresent'
168 |     }
169 |     #endif
/Users/admin/builder/spi-builder-workspace/Sources/PillboxView/PillView.swift:222:58: error: cannot find type 'NSUILabel' in scope
220 |             guard let self = self else { return }
221 |             guard
222 |                 let titleLabel = self.viewWithTag(1) as? NSUILabel,
    |                                                          `- error: cannot find type 'NSUILabel' in scope
223 |                 let imageView  = self.viewWithTag(2) as? NSUIImageView
224 |             else { return }
/Users/admin/builder/spi-builder-workspace/Sources/PillboxView/PillView.swift:222:39: error: value of type 'PillView' has no member 'viewWithTag'
220 |             guard let self = self else { return }
221 |             guard
222 |                 let titleLabel = self.viewWithTag(1) as? NSUILabel,
    |                                       `- error: value of type 'PillView' has no member 'viewWithTag'
223 |                 let imageView  = self.viewWithTag(2) as? NSUIImageView
224 |             else { return }
SwiftCompile normal arm64_32 /Users/admin/builder/spi-builder-workspace/Sources/PillboxView/PillView.swift (in target 'PillboxView' from project 'PillboxView')
    cd /Users/admin/builder/spi-builder-workspace/.swiftpm/xcode
    builtin-SwiftPerFileCompile PillView.swift
SwiftCompile normal arm64 Compiling\ PillColors.swift /Users/admin/builder/spi-builder-workspace/Sources/PillboxView/PillColors.swift (in target 'PillboxView' from project 'PillboxView')
SwiftCompile normal arm64 /Users/admin/builder/spi-builder-workspace/Sources/PillboxView/PillColors.swift (in target 'PillboxView' from project 'PillboxView')
    cd /Users/admin/builder/spi-builder-workspace/.swiftpm/xcode
    builtin-SwiftPerFileCompile PillColors.swift
PruneExplicitPrecompiledModules /Users/admin/builder/spi-builder-workspace/.derivedData/Build/Intermediates.noindex/ExplicitPrecompiledModules
PruneExplicitPrecompiledModules /Users/admin/builder/spi-builder-workspace/.derivedData/Build/Intermediates.noindex/SwiftExplicitPrecompiledModules
PruneExplicitPrecompiledModules /Users/admin/builder/spi-builder-workspace/.derivedData/SDKExplicitPrecompiledModules
2026-09-18 06:10:51.323 xcodebuild[992:5517] [MT] IDERunDestination: Supported platforms for the buildables in the current scheme is empty.
** BUILD FAILED **
The following build commands failed:
	SwiftCompile normal arm64_32 (in target 'PillboxView' from project 'PillboxView')
	SwiftEmitModule normal arm64_32 Emitting\ module\ for\ PillboxView (in target 'PillboxView' from project 'PillboxView')
	SwiftEmitModule normal arm64 Emitting\ module\ for\ PillboxView (in target 'PillboxView' from project 'PillboxView')
	SwiftCompile normal arm64 (in target 'PillboxView' from project 'PillboxView')
	Building workspace PillboxView with scheme PillboxView
(5 failures)
BUILD FAILURE 6.4 watchOS