Build Information
Failed to build SwiftLocalStorage, reference v1.1.2 (d6e5d3), with Swift 6.2 for Wasm on 30 Sep 2026 17:14:10 UTC.
Build Command
bash -c docker run --pull=always --rm -v "checkouts-54344843-0":/host -w "$PWD" -e JAVA_HOME="/root/.sdkman/candidates/java/current" -e SPI_BUILD="1" -e SPI_PROCESSING="1" registry.gitlab.com/saguaro1/spi-images:wasm-6.2-latest swift build --swift-sdk swift-6.2-RELEASE_wasm 2>&1Build Log
========================================
RunAll
========================================
Builder version: 5.1.1
Interrupt handler set up.
========================================
Checkout
========================================
Clone URL: https://github.com/ihusnainalii/SwiftLocalStorage.git
Reference: v1.1.2
Initialized empty Git repository in /host/spi-builder-workspace/.git/
hint: Using 'master' as the name for the initial branch. This default branch name
hint: is subject to change. To configure the initial branch name to use in all
hint: of your new repositories, which will suppress this warning, call:
hint:
hint: git config --global init.defaultBranch <name>
hint:
hint: Names commonly chosen instead of 'master' are 'main', 'trunk' and
hint: 'development'. The just-created branch can be renamed via this command:
hint:
hint: git branch -m <name>
From https://github.com/ihusnainalii/SwiftLocalStorage
* tag v1.1.2 -> FETCH_HEAD
HEAD is now at d6e5d31 Merge pull request #15 from ihusnainalii/chore/release-1.1.2
Cloned https://github.com/ihusnainalii/SwiftLocalStorage.git
Revision (git rev-parse @):
d6e5d3174fa60f00142ce7eac2add582545385c9
SPI manifest file found: $PWD/.spi.yml
SUCCESS checkout https://github.com/ihusnainalii/SwiftLocalStorage.git at v1.1.2
========================================
Build
========================================
Selected platform: wasm
Swift version: 6.2
Building package at path: $PWD
https://github.com/ihusnainalii/SwiftLocalStorage.git
Running build ...
bash -c docker run --pull=always --rm -v "checkouts-54344843-0":/host -w "$PWD" -e JAVA_HOME="/root/.sdkman/candidates/java/current" -e SPI_BUILD="1" -e SPI_PROCESSING="1" registry.gitlab.com/saguaro1/spi-images:wasm-6.2-latest swift build --swift-sdk swift-6.2-RELEASE_wasm 2>&1
wasm-6.2-latest: Pulling from saguaro1/spi-images
Digest: sha256:ff44196b45f83e5a0a99a627b185f548850d9bc1242e3dee2178fb1570812fe8
Status: Image is up to date for registry.gitlab.com/saguaro1/spi-images:wasm-6.2-latest
Building for debugging...
[0/7] Write sources
[2/7] Write swift-version-24593BA9C3E375BF.txt
error: emit-module command failed with exit code 1 (use -v to see invocation)
[4/26] Emitting module SwiftLocalStorage
/host/spi-builder-workspace/Sources/SwiftLocalStorage/Logging/StorageLogger.swift:1:8: error: no such module 'os'
1 | import os
| `- error: no such module 'os'
2 |
3 | /// Verbosity of storage logging. Ordered from quietest to loudest.
[5/28] Compiling SwiftLocalStorage FetchOptions.swift
/host/spi-builder-workspace/Sources/SwiftLocalStorage/Logging/StorageLogger.swift:1:8: error: no such module 'os'
1 | import os
| `- error: no such module 'os'
2 |
3 | /// Verbosity of storage logging. Ordered from quietest to loudest.
[6/28] Compiling SwiftLocalStorage StorageKey.swift
/host/spi-builder-workspace/Sources/SwiftLocalStorage/Logging/StorageLogger.swift:1:8: error: no such module 'os'
1 | import os
| `- error: no such module 'os'
2 |
3 | /// Verbosity of storage logging. Ordered from quietest to loudest.
[7/28] Compiling SwiftLocalStorage StorageMigration.swift
/host/spi-builder-workspace/Sources/SwiftLocalStorage/Logging/StorageLogger.swift:1:8: error: no such module 'os'
1 | import os
| `- error: no such module 'os'
2 |
3 | /// Verbosity of storage logging. Ordered from quietest to loudest.
[8/28] Compiling SwiftLocalStorage LocalStorage+Observation.swift
/host/spi-builder-workspace/Sources/SwiftLocalStorage/Logging/StorageLogger.swift:1:8: error: no such module 'os'
1 | import os
| `- error: no such module 'os'
2 |
3 | /// Verbosity of storage logging. Ordered from quietest to loudest.
[9/28] Compiling SwiftLocalStorage StorageChange.swift
/host/spi-builder-workspace/Sources/SwiftLocalStorage/Logging/StorageLogger.swift:1:8: error: no such module 'os'
1 | import os
| `- error: no such module 'os'
2 |
3 | /// Verbosity of storage logging. Ordered from quietest to loudest.
[10/28] Compiling SwiftLocalStorage StoredRecord.swift
/host/spi-builder-workspace/Sources/SwiftLocalStorage/Logging/StorageLogger.swift:1:8: error: no such module 'os'
1 | import os
| `- error: no such module 'os'
2 |
3 | /// Verbosity of storage logging. Ordered from quietest to loudest.
[11/28] Compiling SwiftLocalStorage SwiftDataEngine.swift
/host/spi-builder-workspace/Sources/SwiftLocalStorage/Logging/StorageLogger.swift:1:8: error: no such module 'os'
1 | import os
| `- error: no such module 'os'
2 |
3 | /// Verbosity of storage logging. Ordered from quietest to loudest.
[12/28] Compiling SwiftLocalStorage InMemoryStorageEngine.swift
/host/spi-builder-workspace/Sources/SwiftLocalStorage/Logging/StorageLogger.swift:1:8: error: no such module 'os'
1 | import os
| `- error: no such module 'os'
2 |
3 | /// Verbosity of storage logging. Ordered from quietest to loudest.
[13/28] Compiling SwiftLocalStorage LocalStorage+Testing.swift
/host/spi-builder-workspace/Sources/SwiftLocalStorage/Logging/StorageLogger.swift:1:8: error: no such module 'os'
1 | import os
| `- error: no such module 'os'
2 |
3 | /// Verbosity of storage logging. Ordered from quietest to loudest.
[14/28] Compiling SwiftLocalStorage StorageSequence.swift
/host/spi-builder-workspace/Sources/SwiftLocalStorage/Logging/StorageLogger.swift:1:8: error: no such module 'os'
1 | import os
| `- error: no such module 'os'
2 |
3 | /// Verbosity of storage logging. Ordered from quietest to loudest.
[15/28] Compiling SwiftLocalStorage StorageEngine.swift
/host/spi-builder-workspace/Sources/SwiftLocalStorage/Logging/StorageLogger.swift:1:8: error: no such module 'os'
1 | import os
| `- error: no such module 'os'
2 |
3 | /// Verbosity of storage logging. Ordered from quietest to loudest.
[16/28] Compiling SwiftLocalStorage StorageCoding.swift
/host/spi-builder-workspace/Sources/SwiftLocalStorage/Logging/StorageLogger.swift:1:8: error: no such module 'os'
1 | import os
| `- error: no such module 'os'
2 |
3 | /// Verbosity of storage logging. Ordered from quietest to loudest.
[17/28] Compiling SwiftLocalStorage StorageIndex.swift
/host/spi-builder-workspace/Sources/SwiftLocalStorage/Logging/StorageLogger.swift:1:8: error: no such module 'os'
1 | import os
| `- error: no such module 'os'
2 |
3 | /// Verbosity of storage logging. Ordered from quietest to loudest.
[18/28] Compiling SwiftLocalStorage StorageLogger.swift
/host/spi-builder-workspace/Sources/SwiftLocalStorage/Logging/StorageLogger.swift:1:8: error: no such module 'os'
1 | import os
| `- error: no such module 'os'
2 |
3 | /// Verbosity of storage logging. Ordered from quietest to loudest.
[19/28] Compiling SwiftLocalStorage LocalStorage.swift
/host/spi-builder-workspace/Sources/SwiftLocalStorage/Logging/StorageLogger.swift:1:8: error: no such module 'os'
1 | import os
| `- error: no such module 'os'
2 |
3 | /// Verbosity of storage logging. Ordered from quietest to loudest.
[20/28] Compiling SwiftLocalStorage LocalStorageConfiguration.swift
/host/spi-builder-workspace/Sources/SwiftLocalStorage/Logging/StorageLogger.swift:1:8: error: no such module 'os'
1 | import os
| `- error: no such module 'os'
2 |
3 | /// Verbosity of storage logging. Ordered from quietest to loudest.
[21/28] Compiling SwiftLocalStorage LocalStorageError.swift
/host/spi-builder-workspace/Sources/SwiftLocalStorage/Logging/StorageLogger.swift:1:8: error: no such module 'os'
1 | import os
| `- error: no such module 'os'
2 |
3 | /// Verbosity of storage logging. Ordered from quietest to loudest.
[22/28] Compiling SwiftLocalStorage CacheExpiration.swift
/host/spi-builder-workspace/Sources/SwiftLocalStorage/Logging/StorageLogger.swift:1:8: error: no such module 'os'
1 | import os
| `- error: no such module 'os'
2 |
3 | /// Verbosity of storage logging. Ordered from quietest to loudest.
[23/28] Compiling SwiftLocalStorage StorageMetadata.swift
/host/spi-builder-workspace/Sources/SwiftLocalStorage/Logging/StorageLogger.swift:1:8: error: no such module 'os'
1 | import os
| `- error: no such module 'os'
2 |
3 | /// Verbosity of storage logging. Ordered from quietest to loudest.
[24/28] Compiling SwiftLocalStorage LocalRepository.swift
/host/spi-builder-workspace/Sources/SwiftLocalStorage/Logging/StorageLogger.swift:1:8: error: no such module 'os'
1 | import os
| `- error: no such module 'os'
2 |
3 | /// Verbosity of storage logging. Ordered from quietest to loudest.
BUILD FAILURE 6.2 wasm