The Swift Package Index logo.Swift Package Index

Build Information

Failed to build tds-nio, reference main (2c92ba), with Swift 6.4 for macOS (Xcode) using Xcode 27.0 on 25 Sep 2026 13:51:36 UTC.

Build Command

env DEVELOPER_DIR=/Applications/Xcode-27.0.0-Release.Candidate.app xcrun xcodebuild -IDEClonedSourcePackagesDirPathOverride=$PWD/.dependencies -skipMacroValidation -skipPackagePluginValidation -derivedDataPath $PWD/.derivedData build -scheme tds-nio -destination platform=macOS,arch=arm64

Build Log

SwiftDriverJobDiscovery normal arm64 Compiling NIOSSLHandler+Configuration.swift, NIOSSLHandler.swift, NIOSSLServerHandler.swift, ObjectIdentifier.swift (in target 'NIOSSL' from project 'swift-nio-ssl')
Ld /Users/admin/builder/spi-builder-workspace/.derivedData/Build/Products/Debug/NIO.o normal (in target 'NIO' from project 'swift-nio')
    cd /Users/admin/builder/spi-builder-workspace/.dependencies/checkouts/swift-nio
    /Applications/Xcode-27.0.0-Release.Candidate.app/Contents/Developer/Toolchains/XcodeDefault.xctoolchain/usr/bin/clang -Xlinker -reproducible -target arm64-apple-macos12.0 -r -isysroot /Applications/Xcode-27.0.0-Release.Candidate.app/Contents/Developer/Platforms/MacOSX.platform/Developer/SDKs/MacOSX27.0.sdk -O0 -w -Xlinker -no_warn_duplicate_libraries -F/Users/admin/builder/spi-builder-workspace/.derivedData/Build/Intermediates.noindex/EagerLinkingTBDs/Debug -F/Users/admin/builder/spi-builder-workspace/.derivedData/Build/Products/Debug/PackageFrameworks -F/Users/admin/builder/spi-builder-workspace/.derivedData/Build/Products/Debug -iframework /Applications/Xcode-27.0.0-Release.Candidate.app/Contents/Developer/Platforms/MacOSX.platform/Developer/Library/Frameworks -filelist /Users/admin/builder/spi-builder-workspace/.derivedData/Build/Intermediates.noindex/swift-nio.build/Debug/NIO-t.build/Objects-normal/arm64/NIO.LinkFileList -nostdlib -Xlinker -object_path_lto -Xlinker /Users/admin/builder/spi-builder-workspace/.derivedData/Build/Intermediates.noindex/swift-nio.build/Debug/NIO-t.build/Objects-normal/arm64/NIO_lto.o -Xlinker -no_deduplicate -Xlinker -debug_variant -Xlinker -dependency_info -Xlinker /Users/admin/builder/spi-builder-workspace/.derivedData/Build/Intermediates.noindex/swift-nio.build/Debug/NIO-t.build/Objects-normal/arm64/NIO_dependency_info.dat -fobjc-link-runtime -L/Applications/Xcode-27.0.0-Release.Candidate.app/Contents/Developer/Toolchains/XcodeDefault.xctoolchain/usr/lib/swift/macosx -L/usr/lib/swift -Xlinker -add_ast_path -Xlinker /Users/admin/builder/spi-builder-workspace/.derivedData/Build/Intermediates.noindex/swift-nio.build/Debug/NIO-t.build/Objects-normal/arm64/NIO.swiftmodule -o /Users/admin/builder/spi-builder-workspace/.derivedData/Build/Products/Debug/NIO.o
ExtractAppIntentsMetadata (in target 'NIO' from project 'swift-nio')
    cd /Users/admin/builder/spi-builder-workspace/.dependencies/checkouts/swift-nio
    /Applications/Xcode-27.0.0-Release.Candidate.app/Contents/Developer/Toolchains/XcodeDefault.xctoolchain/usr/bin/appintentsmetadataprocessor --toolchain-dir /var/run/com.apple.security.cryptexd/mnt/com.apple.MobileAsset.MetalToolchain-v27.1.266.1.LPgnVi/Metal.xctoolchain --module-name NIO --sdk-root /Applications/Xcode-27.0.0-Release.Candidate.app/Contents/Developer/Platforms/MacOSX.platform/Developer/SDKs/MacOSX27.0.sdk --xcode-version 27A266a --platform-family macOS --deployment-target 12.0 --bundle-identifier swift-nio.NIO --output /Users/admin/builder/spi-builder-workspace/.derivedData/Build/Products/Debug/NIO.appintents --target-triple arm64-apple-macos12.0 --binary-file /Users/admin/builder/spi-builder-workspace/.derivedData/Build/Products/Debug/NIO.o --dependency-file /Users/admin/builder/spi-builder-workspace/.derivedData/Build/Intermediates.noindex/swift-nio.build/Debug/NIO-t.build/Objects-normal/arm64/NIO_dependency_info.dat --stringsdata-file /Users/admin/builder/spi-builder-workspace/.derivedData/Build/Intermediates.noindex/swift-nio.build/Debug/NIO-t.build/Objects-normal/arm64/ExtractedAppShortcutsMetadata.stringsdata --source-file-list /Users/admin/builder/spi-builder-workspace/.derivedData/Build/Intermediates.noindex/swift-nio.build/Debug/NIO-t.build/Objects-normal/arm64/NIO.SwiftFileList --metadata-file-list /Users/admin/builder/spi-builder-workspace/.derivedData/Build/Intermediates.noindex/swift-nio.build/Debug/NIO-t.build/NIO.DependencyMetadataFileList --static-metadata-file-list /Users/admin/builder/spi-builder-workspace/.derivedData/Build/Intermediates.noindex/swift-nio.build/Debug/NIO-t.build/NIO.DependencyStaticMetadataFileList --swift-const-vals-list /Users/admin/builder/spi-builder-workspace/.derivedData/Build/Intermediates.noindex/swift-nio.build/Debug/NIO-t.build/Objects-normal/arm64/NIO.SwiftConstValuesFileList --force --compile-time-extraction --deployment-aware-processing --no-app-shortcuts-localization
2026-09-25 09:51:25.329 appintentsmetadataprocessor[3627:12101] Starting appintentsmetadataprocessor export
2026-09-25 09:51:25.392 appintentsmetadataprocessor[3627:12101] Extracted no relevant App Intents symbols, skipping writing output
SwiftDriverJobDiscovery normal arm64 Compiling resource_bundle_accessor.swift, AndroidCABundle.swift, ByteBufferBIO.swift, CustomPrivateKey.swift (in target 'NIOSSL' from project 'swift-nio-ssl')
Ld /Users/admin/builder/spi-builder-workspace/.derivedData/Build/Products/Debug/NIOFoundationCompat.o normal (in target 'NIOFoundationCompat' from project 'swift-nio')
    cd /Users/admin/builder/spi-builder-workspace/.dependencies/checkouts/swift-nio
    /Applications/Xcode-27.0.0-Release.Candidate.app/Contents/Developer/Toolchains/XcodeDefault.xctoolchain/usr/bin/clang -Xlinker -reproducible -target arm64-apple-macos12.0 -r -isysroot /Applications/Xcode-27.0.0-Release.Candidate.app/Contents/Developer/Platforms/MacOSX.platform/Developer/SDKs/MacOSX27.0.sdk -O0 -w -Xlinker -no_warn_duplicate_libraries -F/Users/admin/builder/spi-builder-workspace/.derivedData/Build/Intermediates.noindex/EagerLinkingTBDs/Debug -F/Users/admin/builder/spi-builder-workspace/.derivedData/Build/Products/Debug/PackageFrameworks -F/Users/admin/builder/spi-builder-workspace/.derivedData/Build/Products/Debug -iframework /Applications/Xcode-27.0.0-Release.Candidate.app/Contents/Developer/Platforms/MacOSX.platform/Developer/Library/Frameworks -filelist /Users/admin/builder/spi-builder-workspace/.derivedData/Build/Intermediates.noindex/swift-nio.build/Debug/NIOFoundationCompat-t.build/Objects-normal/arm64/NIOFoundationCompat.LinkFileList -nostdlib -Xlinker -object_path_lto -Xlinker /Users/admin/builder/spi-builder-workspace/.derivedData/Build/Intermediates.noindex/swift-nio.build/Debug/NIOFoundationCompat-t.build/Objects-normal/arm64/NIOFoundationCompat_lto.o -Xlinker -no_deduplicate -Xlinker -debug_variant -Xlinker -dependency_info -Xlinker /Users/admin/builder/spi-builder-workspace/.derivedData/Build/Intermediates.noindex/swift-nio.build/Debug/NIOFoundationCompat-t.build/Objects-normal/arm64/NIOFoundationCompat_dependency_info.dat -fobjc-link-runtime -L/Applications/Xcode-27.0.0-Release.Candidate.app/Contents/Developer/Toolchains/XcodeDefault.xctoolchain/usr/lib/swift/macosx -L/usr/lib/swift -Xlinker -add_ast_path -Xlinker /Users/admin/builder/spi-builder-workspace/.derivedData/Build/Intermediates.noindex/swift-nio.build/Debug/NIOFoundationCompat-t.build/Objects-normal/arm64/NIOFoundationCompat.swiftmodule -o /Users/admin/builder/spi-builder-workspace/.derivedData/Build/Products/Debug/NIOFoundationCompat.o
Ld /Users/admin/builder/spi-builder-workspace/.derivedData/Build/Products/Debug/NIOTLS.o normal (in target 'NIOTLS' from project 'swift-nio')
    cd /Users/admin/builder/spi-builder-workspace/.dependencies/checkouts/swift-nio
    /Applications/Xcode-27.0.0-Release.Candidate.app/Contents/Developer/Toolchains/XcodeDefault.xctoolchain/usr/bin/clang -Xlinker -reproducible -target arm64-apple-macos12.0 -r -isysroot /Applications/Xcode-27.0.0-Release.Candidate.app/Contents/Developer/Platforms/MacOSX.platform/Developer/SDKs/MacOSX27.0.sdk -O0 -w -Xlinker -no_warn_duplicate_libraries -F/Users/admin/builder/spi-builder-workspace/.derivedData/Build/Intermediates.noindex/EagerLinkingTBDs/Debug -F/Users/admin/builder/spi-builder-workspace/.derivedData/Build/Products/Debug/PackageFrameworks -F/Users/admin/builder/spi-builder-workspace/.derivedData/Build/Products/Debug -iframework /Applications/Xcode-27.0.0-Release.Candidate.app/Contents/Developer/Platforms/MacOSX.platform/Developer/Library/Frameworks -filelist /Users/admin/builder/spi-builder-workspace/.derivedData/Build/Intermediates.noindex/swift-nio.build/Debug/NIOTLS-t.build/Objects-normal/arm64/NIOTLS.LinkFileList -nostdlib -Xlinker -object_path_lto -Xlinker /Users/admin/builder/spi-builder-workspace/.derivedData/Build/Intermediates.noindex/swift-nio.build/Debug/NIOTLS-t.build/Objects-normal/arm64/NIOTLS_lto.o -Xlinker -no_deduplicate -Xlinker -debug_variant -Xlinker -dependency_info -Xlinker /Users/admin/builder/spi-builder-workspace/.derivedData/Build/Intermediates.noindex/swift-nio.build/Debug/NIOTLS-t.build/Objects-normal/arm64/NIOTLS_dependency_info.dat -fobjc-link-runtime -L/Applications/Xcode-27.0.0-Release.Candidate.app/Contents/Developer/Toolchains/XcodeDefault.xctoolchain/usr/lib/swift/macosx -L/usr/lib/swift -Xlinker -add_ast_path -Xlinker /Users/admin/builder/spi-builder-workspace/.derivedData/Build/Intermediates.noindex/swift-nio.build/Debug/NIOTLS-t.build/Objects-normal/arm64/NIOTLS.swiftmodule -o /Users/admin/builder/spi-builder-workspace/.derivedData/Build/Products/Debug/NIOTLS.o
ExtractAppIntentsMetadata (in target 'NIOTLS' from project 'swift-nio')
    cd /Users/admin/builder/spi-builder-workspace/.dependencies/checkouts/swift-nio
    /Applications/Xcode-27.0.0-Release.Candidate.app/Contents/Developer/Toolchains/XcodeDefault.xctoolchain/usr/bin/appintentsmetadataprocessor --toolchain-dir /var/run/com.apple.security.cryptexd/mnt/com.apple.MobileAsset.MetalToolchain-v27.1.266.1.LPgnVi/Metal.xctoolchain --module-name NIOTLS --sdk-root /Applications/Xcode-27.0.0-Release.Candidate.app/Contents/Developer/Platforms/MacOSX.platform/Developer/SDKs/MacOSX27.0.sdk --xcode-version 27A266a --platform-family macOS --deployment-target 12.0 --bundle-identifier swift-nio.NIOTLS --output /Users/admin/builder/spi-builder-workspace/.derivedData/Build/Products/Debug/NIOTLS.appintents --target-triple arm64-apple-macos12.0 --binary-file /Users/admin/builder/spi-builder-workspace/.derivedData/Build/Products/Debug/NIOTLS.o --dependency-file /Users/admin/builder/spi-builder-workspace/.derivedData/Build/Intermediates.noindex/swift-nio.build/Debug/NIOTLS-t.build/Objects-normal/arm64/NIOTLS_dependency_info.dat --stringsdata-file /Users/admin/builder/spi-builder-workspace/.derivedData/Build/Intermediates.noindex/swift-nio.build/Debug/NIOTLS-t.build/Objects-normal/arm64/ExtractedAppShortcutsMetadata.stringsdata --source-file-list /Users/admin/builder/spi-builder-workspace/.derivedData/Build/Intermediates.noindex/swift-nio.build/Debug/NIOTLS-t.build/Objects-normal/arm64/NIOTLS.SwiftFileList --metadata-file-list /Users/admin/builder/spi-builder-workspace/.derivedData/Build/Intermediates.noindex/swift-nio.build/Debug/NIOTLS-t.build/NIOTLS.DependencyMetadataFileList --static-metadata-file-list /Users/admin/builder/spi-builder-workspace/.derivedData/Build/Intermediates.noindex/swift-nio.build/Debug/NIOTLS-t.build/NIOTLS.DependencyStaticMetadataFileList --swift-const-vals-list /Users/admin/builder/spi-builder-workspace/.derivedData/Build/Intermediates.noindex/swift-nio.build/Debug/NIOTLS-t.build/Objects-normal/arm64/NIOTLS.SwiftConstValuesFileList --force --compile-time-extraction --deployment-aware-processing --no-app-shortcuts-localization
2026-09-25 09:51:25.439 appintentsmetadataprocessor[3632:12142] Starting appintentsmetadataprocessor export
2026-09-25 09:51:25.503 appintentsmetadataprocessor[3632:12142] Extracted no relevant App Intents symbols, skipping writing output
ExtractAppIntentsMetadata (in target 'NIOFoundationCompat' from project 'swift-nio')
    cd /Users/admin/builder/spi-builder-workspace/.dependencies/checkouts/swift-nio
    /Applications/Xcode-27.0.0-Release.Candidate.app/Contents/Developer/Toolchains/XcodeDefault.xctoolchain/usr/bin/appintentsmetadataprocessor --toolchain-dir /var/run/com.apple.security.cryptexd/mnt/com.apple.MobileAsset.MetalToolchain-v27.1.266.1.LPgnVi/Metal.xctoolchain --module-name NIOFoundationCompat --sdk-root /Applications/Xcode-27.0.0-Release.Candidate.app/Contents/Developer/Platforms/MacOSX.platform/Developer/SDKs/MacOSX27.0.sdk --xcode-version 27A266a --platform-family macOS --deployment-target 12.0 --bundle-identifier swift-nio.NIOFoundationCompat --output /Users/admin/builder/spi-builder-workspace/.derivedData/Build/Products/Debug/NIOFoundationCompat.appintents --target-triple arm64-apple-macos12.0 --binary-file /Users/admin/builder/spi-builder-workspace/.derivedData/Build/Products/Debug/NIOFoundationCompat.o --dependency-file /Users/admin/builder/spi-builder-workspace/.derivedData/Build/Intermediates.noindex/swift-nio.build/Debug/NIOFoundationCompat-t.build/Objects-normal/arm64/NIOFoundationCompat_dependency_info.dat --stringsdata-file /Users/admin/builder/spi-builder-workspace/.derivedData/Build/Intermediates.noindex/swift-nio.build/Debug/NIOFoundationCompat-t.build/Objects-normal/arm64/ExtractedAppShortcutsMetadata.stringsdata --source-file-list /Users/admin/builder/spi-builder-workspace/.derivedData/Build/Intermediates.noindex/swift-nio.build/Debug/NIOFoundationCompat-t.build/Objects-normal/arm64/NIOFoundationCompat.SwiftFileList --metadata-file-list /Users/admin/builder/spi-builder-workspace/.derivedData/Build/Intermediates.noindex/swift-nio.build/Debug/NIOFoundationCompat-t.build/NIOFoundationCompat.DependencyMetadataFileList --static-metadata-file-list /Users/admin/builder/spi-builder-workspace/.derivedData/Build/Intermediates.noindex/swift-nio.build/Debug/NIOFoundationCompat-t.build/NIOFoundationCompat.DependencyStaticMetadataFileList --swift-const-vals-list /Users/admin/builder/spi-builder-workspace/.derivedData/Build/Intermediates.noindex/swift-nio.build/Debug/NIOFoundationCompat-t.build/Objects-normal/arm64/NIOFoundationCompat.SwiftConstValuesFileList --force --compile-time-extraction --deployment-aware-processing --no-app-shortcuts-localization
2026-09-25 09:51:25.439 appintentsmetadataprocessor[3633:12143] Starting appintentsmetadataprocessor export
2026-09-25 09:51:25.503 appintentsmetadataprocessor[3633:12143] Extracted no relevant App Intents symbols, skipping writing output
SwiftDriverJobDiscovery normal arm64 Compiling TLSConfiguration.swift, UniversalBootstrapSupport.swift, UnsafeKeyAndChainTarget.swift (in target 'NIOSSL' from project 'swift-nio-ssl')
Ld /Users/admin/builder/spi-builder-workspace/.derivedData/Build/Products/Debug/NIOTransportServices.o normal (in target 'NIOTransportServices' from project 'swift-nio-transport-services')
    cd /Users/admin/builder/spi-builder-workspace/.dependencies/checkouts/swift-nio-transport-services
    /Applications/Xcode-27.0.0-Release.Candidate.app/Contents/Developer/Toolchains/XcodeDefault.xctoolchain/usr/bin/clang -Xlinker -reproducible -target arm64-apple-macos12.0 -r -isysroot /Applications/Xcode-27.0.0-Release.Candidate.app/Contents/Developer/Platforms/MacOSX.platform/Developer/SDKs/MacOSX27.0.sdk -O0 -w -Xlinker -no_warn_duplicate_libraries -F/Users/admin/builder/spi-builder-workspace/.derivedData/Build/Intermediates.noindex/EagerLinkingTBDs/Debug -F/Users/admin/builder/spi-builder-workspace/.derivedData/Build/Products/Debug/PackageFrameworks -F/Users/admin/builder/spi-builder-workspace/.derivedData/Build/Products/Debug -iframework /Applications/Xcode-27.0.0-Release.Candidate.app/Contents/Developer/Platforms/MacOSX.platform/Developer/Library/Frameworks -filelist /Users/admin/builder/spi-builder-workspace/.derivedData/Build/Intermediates.noindex/swift-nio-transport-services.build/Debug/NIOTransportServices-t.build/Objects-normal/arm64/NIOTransportServices.LinkFileList -nostdlib -Xlinker -object_path_lto -Xlinker /Users/admin/builder/spi-builder-workspace/.derivedData/Build/Intermediates.noindex/swift-nio-transport-services.build/Debug/NIOTransportServices-t.build/Objects-normal/arm64/NIOTransportServices_lto.o -Xlinker -no_deduplicate -Xlinker -debug_variant -Xlinker -dependency_info -Xlinker /Users/admin/builder/spi-builder-workspace/.derivedData/Build/Intermediates.noindex/swift-nio-transport-services.build/Debug/NIOTransportServices-t.build/Objects-normal/arm64/NIOTransportServices_dependency_info.dat -fobjc-link-runtime -L/Applications/Xcode-27.0.0-Release.Candidate.app/Contents/Developer/Toolchains/XcodeDefault.xctoolchain/usr/lib/swift/macosx -L/usr/lib/swift -Xlinker -add_ast_path -Xlinker /Users/admin/builder/spi-builder-workspace/.derivedData/Build/Intermediates.noindex/swift-nio-transport-services.build/Debug/NIOTransportServices-t.build/Objects-normal/arm64/NIOTransportServices.swiftmodule -o /Users/admin/builder/spi-builder-workspace/.derivedData/Build/Products/Debug/NIOTransportServices.o
ExtractAppIntentsMetadata (in target 'NIOTransportServices' from project 'swift-nio-transport-services')
    cd /Users/admin/builder/spi-builder-workspace/.dependencies/checkouts/swift-nio-transport-services
    /Applications/Xcode-27.0.0-Release.Candidate.app/Contents/Developer/Toolchains/XcodeDefault.xctoolchain/usr/bin/appintentsmetadataprocessor --toolchain-dir /var/run/com.apple.security.cryptexd/mnt/com.apple.MobileAsset.MetalToolchain-v27.1.266.1.LPgnVi/Metal.xctoolchain --module-name NIOTransportServices --sdk-root /Applications/Xcode-27.0.0-Release.Candidate.app/Contents/Developer/Platforms/MacOSX.platform/Developer/SDKs/MacOSX27.0.sdk --xcode-version 27A266a --platform-family macOS --deployment-target 12.0 --bundle-identifier swift-nio-transport-services.NIOTransportServices --output /Users/admin/builder/spi-builder-workspace/.derivedData/Build/Products/Debug/NIOTransportServices.appintents --target-triple arm64-apple-macos12.0 --binary-file /Users/admin/builder/spi-builder-workspace/.derivedData/Build/Products/Debug/NIOTransportServices.o --dependency-file /Users/admin/builder/spi-builder-workspace/.derivedData/Build/Intermediates.noindex/swift-nio-transport-services.build/Debug/NIOTransportServices-t.build/Objects-normal/arm64/NIOTransportServices_dependency_info.dat --stringsdata-file /Users/admin/builder/spi-builder-workspace/.derivedData/Build/Intermediates.noindex/swift-nio-transport-services.build/Debug/NIOTransportServices-t.build/Objects-normal/arm64/ExtractedAppShortcutsMetadata.stringsdata --source-file-list /Users/admin/builder/spi-builder-workspace/.derivedData/Build/Intermediates.noindex/swift-nio-transport-services.build/Debug/NIOTransportServices-t.build/Objects-normal/arm64/NIOTransportServices.SwiftFileList --metadata-file-list /Users/admin/builder/spi-builder-workspace/.derivedData/Build/Intermediates.noindex/swift-nio-transport-services.build/Debug/NIOTransportServices-t.build/NIOTransportServices.DependencyMetadataFileList --static-metadata-file-list /Users/admin/builder/spi-builder-workspace/.derivedData/Build/Intermediates.noindex/swift-nio-transport-services.build/Debug/NIOTransportServices-t.build/NIOTransportServices.DependencyStaticMetadataFileList --swift-const-vals-list /Users/admin/builder/spi-builder-workspace/.derivedData/Build/Intermediates.noindex/swift-nio-transport-services.build/Debug/NIOTransportServices-t.build/Objects-normal/arm64/NIOTransportServices.SwiftConstValuesFileList --force --compile-time-extraction --deployment-aware-processing --no-app-shortcuts-localization
2026-09-25 09:51:25.549 appintentsmetadataprocessor[3636:12167] Starting appintentsmetadataprocessor export
2026-09-25 09:51:25.613 appintentsmetadataprocessor[3636:12167] Extracted no relevant App Intents symbols, skipping writing output
SwiftCompile normal arm64 Compiling\ TDSBackendMessageDecoder.swift,\ TDSFrontendMessageEncoder.swift,\ TDSFrontendMessagePostProcessor.swift,\ TDSMessageDecodingError.swift,\ TDSPartialDecodingError.swift /Users/admin/builder/spi-builder-workspace/Sources/TDSNIO/Messages/Coding/TDSBackendMessageDecoder.swift /Users/admin/builder/spi-builder-workspace/Sources/TDSNIO/Messages/Coding/TDSFrontendMessageEncoder.swift /Users/admin/builder/spi-builder-workspace/Sources/TDSNIO/Messages/Coding/TDSFrontendMessagePostProcessor.swift /Users/admin/builder/spi-builder-workspace/Sources/TDSNIO/Messages/Coding/TDSMessageDecodingError.swift /Users/admin/builder/spi-builder-workspace/Sources/TDSNIO/Messages/Coding/TDSPartialDecodingError.swift (in target 'TDSNIO' from project 'tds-nio')
SwiftCompile normal arm64 /Users/admin/builder/spi-builder-workspace/Sources/TDSNIO/Messages/Coding/TDSBackendMessageDecoder.swift (in target 'TDSNIO' from project 'tds-nio')
    cd /Users/admin/builder/spi-builder-workspace/.swiftpm/xcode
    builtin-SwiftPerFileCompile TDSBackendMessageDecoder.swift
SwiftCompile normal arm64 /Users/admin/builder/spi-builder-workspace/Sources/TDSNIO/Messages/Coding/TDSFrontendMessageEncoder.swift (in target 'TDSNIO' from project 'tds-nio')
    cd /Users/admin/builder/spi-builder-workspace/.swiftpm/xcode
    builtin-SwiftPerFileCompile TDSFrontendMessageEncoder.swift
SwiftCompile normal arm64 /Users/admin/builder/spi-builder-workspace/Sources/TDSNIO/Messages/Coding/TDSFrontendMessagePostProcessor.swift (in target 'TDSNIO' from project 'tds-nio')
    cd /Users/admin/builder/spi-builder-workspace/.swiftpm/xcode
    builtin-SwiftPerFileCompile TDSFrontendMessagePostProcessor.swift
SwiftCompile normal arm64 /Users/admin/builder/spi-builder-workspace/Sources/TDSNIO/Messages/Coding/TDSMessageDecodingError.swift (in target 'TDSNIO' from project 'tds-nio')
    cd /Users/admin/builder/spi-builder-workspace/.swiftpm/xcode
    builtin-SwiftPerFileCompile TDSMessageDecodingError.swift
SwiftCompile normal arm64 /Users/admin/builder/spi-builder-workspace/Sources/TDSNIO/Messages/Coding/TDSPartialDecodingError.swift (in target 'TDSNIO' from project 'tds-nio')
    cd /Users/admin/builder/spi-builder-workspace/.swiftpm/xcode
    builtin-SwiftPerFileCompile TDSPartialDecodingError.swift
SwiftCompile normal arm64 Compiling\ Capabilities.swift,\ TDSConnection+BulkLoad.swift,\ TDSConnection+Configuration.swift,\ TDSConnection+Query.swift,\ TDSConnection+Transaction.swift /Users/admin/builder/spi-builder-workspace/Sources/TDSNIO/Capabilities.swift /Users/admin/builder/spi-builder-workspace/Sources/TDSNIO/Connection/TDSConnection+BulkLoad.swift /Users/admin/builder/spi-builder-workspace/Sources/TDSNIO/Connection/TDSConnection+Configuration.swift /Users/admin/builder/spi-builder-workspace/Sources/TDSNIO/Connection/TDSConnection+Query.swift /Users/admin/builder/spi-builder-workspace/Sources/TDSNIO/Connection/TDSConnection+Transaction.swift (in target 'TDSNIO' from project 'tds-nio')
SwiftCompile normal arm64 /Users/admin/builder/spi-builder-workspace/Sources/TDSNIO/Capabilities.swift (in target 'TDSNIO' from project 'tds-nio')
    cd /Users/admin/builder/spi-builder-workspace/.swiftpm/xcode
    builtin-SwiftPerFileCompile Capabilities.swift
SwiftCompile normal arm64 /Users/admin/builder/spi-builder-workspace/Sources/TDSNIO/Connection/TDSConnection+BulkLoad.swift (in target 'TDSNIO' from project 'tds-nio')
    cd /Users/admin/builder/spi-builder-workspace/.swiftpm/xcode
    builtin-SwiftPerFileCompile TDSConnection+BulkLoad.swift
SwiftCompile normal arm64 /Users/admin/builder/spi-builder-workspace/Sources/TDSNIO/Connection/TDSConnection+Configuration.swift (in target 'TDSNIO' from project 'tds-nio')
    cd /Users/admin/builder/spi-builder-workspace/.swiftpm/xcode
    builtin-SwiftPerFileCompile TDSConnection+Configuration.swift
SwiftCompile normal arm64 /Users/admin/builder/spi-builder-workspace/Sources/TDSNIO/Connection/TDSConnection+Query.swift (in target 'TDSNIO' from project 'tds-nio')
    cd /Users/admin/builder/spi-builder-workspace/.swiftpm/xcode
    builtin-SwiftPerFileCompile TDSConnection+Query.swift
SwiftCompile normal arm64 /Users/admin/builder/spi-builder-workspace/Sources/TDSNIO/Connection/TDSConnection+Transaction.swift (in target 'TDSNIO' from project 'tds-nio')
    cd /Users/admin/builder/spi-builder-workspace/.swiftpm/xcode
    builtin-SwiftPerFileCompile TDSConnection+Transaction.swift
SwiftCompile normal arm64 Compiling\ TDSRowDecodable.swift,\ TDSTableValuedParameter.swift,\ ByteBuffer+PrepareSend.swift,\ Logging+TDS.swift,\ TinySequence.swift /Users/admin/builder/spi-builder-workspace/Sources/TDSNIO/Data/TDSRowDecodable.swift /Users/admin/builder/spi-builder-workspace/Sources/TDSNIO/Data/TDSTableValuedParameter.swift /Users/admin/builder/spi-builder-workspace/Sources/TDSNIO/Extensions/ByteBuffer/ByteBuffer+PrepareSend.swift /Users/admin/builder/spi-builder-workspace/Sources/TDSNIO/Extensions/Logging+TDS.swift /Users/admin/builder/spi-builder-workspace/Sources/TDSNIO/Helper/TinySequence.swift (in target 'TDSNIO' from project 'tds-nio')
/Users/admin/builder/spi-builder-workspace/Sources/TDSNIO/Helper/TinySequence.swift:31:9: warning: setter for property 'base' is private and cannot be referenced from an '@inlinable' function; this will be an error in a future Swift language mode
 25 |
 26 |     @usableFromInline
 27 |     private(set) var base: Base
    |                      `- note: setter for property 'base' is not '@usableFromInline' or public
 28 |
 29 |     @inlinable
 30 |     init() {
 31 |         self.base = .none(reserveCapacity: 0)
    |         `- warning: setter for property 'base' is private and cannot be referenced from an '@inlinable' function; this will be an error in a future Swift language mode
 32 |     }
 33 |
/Users/admin/builder/spi-builder-workspace/Sources/TDSNIO/Helper/TinySequence.swift:36:9: warning: setter for property 'base' is private and cannot be referenced from an '@inlinable' function; this will be an error in a future Swift language mode
 25 |
 26 |     @usableFromInline
 27 |     private(set) var base: Base
    |                      `- note: setter for property 'base' is not '@usableFromInline' or public
 28 |
 29 |     @inlinable
    :
 34 |     @inlinable
 35 |     init(element: Element) {
 36 |         self.base = .one(element, reserveCapacity: 1)
    |         `- warning: setter for property 'base' is private and cannot be referenced from an '@inlinable' function; this will be an error in a future Swift language mode
 37 |     }
 38 |
/Users/admin/builder/spi-builder-workspace/Sources/TDSNIO/Helper/TinySequence.swift:43:13: warning: setter for property 'base' is private and cannot be referenced from an '@inlinable' function; this will be an error in a future Swift language mode
 25 |
 26 |     @usableFromInline
 27 |     private(set) var base: Base
    |                      `- note: setter for property 'base' is not '@usableFromInline' or public
 28 |
 29 |     @inlinable
    :
 41 |         switch collection.count {
 42 |         case 0:
 43 |             self.base = .none(reserveCapacity: 0)
    |             `- warning: setter for property 'base' is private and cannot be referenced from an '@inlinable' function; this will be an error in a future Swift language mode
 44 |         case 1:
 45 |             self.base = .one(collection.first!, reserveCapacity: 0)
/Users/admin/builder/spi-builder-workspace/Sources/TDSNIO/Helper/TinySequence.swift:45:13: warning: setter for property 'base' is private and cannot be referenced from an '@inlinable' function; this will be an error in a future Swift language mode
 25 |
 26 |     @usableFromInline
 27 |     private(set) var base: Base
    |                      `- note: setter for property 'base' is not '@usableFromInline' or public
 28 |
 29 |     @inlinable
    :
 43 |             self.base = .none(reserveCapacity: 0)
 44 |         case 1:
 45 |             self.base = .one(collection.first!, reserveCapacity: 0)
    |             `- warning: setter for property 'base' is private and cannot be referenced from an '@inlinable' function; this will be an error in a future Swift language mode
 46 |         case 2:
 47 |             self.base = .two(
/Users/admin/builder/spi-builder-workspace/Sources/TDSNIO/Helper/TinySequence.swift:47:13: warning: setter for property 'base' is private and cannot be referenced from an '@inlinable' function; this will be an error in a future Swift language mode
 25 |
 26 |     @usableFromInline
 27 |     private(set) var base: Base
    |                      `- note: setter for property 'base' is not '@usableFromInline' or public
 28 |
 29 |     @inlinable
    :
 45 |             self.base = .one(collection.first!, reserveCapacity: 0)
 46 |         case 2:
 47 |             self.base = .two(
    |             `- warning: setter for property 'base' is private and cannot be referenced from an '@inlinable' function; this will be an error in a future Swift language mode
 48 |                 collection.first!,
 49 |                 collection[collection.index(after: collection.startIndex)],
/Users/admin/builder/spi-builder-workspace/Sources/TDSNIO/Helper/TinySequence.swift:54:17: warning: setter for property 'base' is private and cannot be referenced from an '@inlinable' function; this will be an error in a future Swift language mode
 25 |
 26 |     @usableFromInline
 27 |     private(set) var base: Base
    |                      `- note: setter for property 'base' is not '@usableFromInline' or public
 28 |
 29 |     @inlinable
    :
 52 |         default:
 53 |             if let collection = collection as? [Element] {
 54 |                 self.base = .n(collection)
    |                 `- warning: setter for property 'base' is private and cannot be referenced from an '@inlinable' function; this will be an error in a future Swift language mode
 55 |             } else {
 56 |                 self.base = .n(Array(collection))
/Users/admin/builder/spi-builder-workspace/Sources/TDSNIO/Helper/TinySequence.swift:56:17: warning: setter for property 'base' is private and cannot be referenced from an '@inlinable' function; this will be an error in a future Swift language mode
 25 |
 26 |     @usableFromInline
 27 |     private(set) var base: Base
    |                      `- note: setter for property 'base' is not '@usableFromInline' or public
 28 |
 29 |     @inlinable
    :
 54 |                 self.base = .n(collection)
 55 |             } else {
 56 |                 self.base = .n(Array(collection))
    |                 `- warning: setter for property 'base' is private and cannot be referenced from an '@inlinable' function; this will be an error in a future Swift language mode
 57 |             }
 58 |         }
/Users/admin/builder/spi-builder-workspace/Sources/TDSNIO/Helper/TinySequence.swift:153:13: warning: setter for property 'base' is private and cannot be referenced from an '@inlinable' function; this will be an error in a future Swift language mode
 25 |
 26 |     @usableFromInline
 27 |     private(set) var base: Base
    |                      `- note: setter for property 'base' is not '@usableFromInline' or public
 28 |
 29 |     @inlinable
    :
151 |         switch self.base {
152 |         case .none(let reservedCapacity):
153 |             self.base = .none(reserveCapacity: Swift.max(reservedCapacity, minimumCapacity))
    |             `- warning: setter for property 'base' is private and cannot be referenced from an '@inlinable' function; this will be an error in a future Swift language mode
154 |         case .one(let element, let reservedCapacity):
155 |             self.base = .one(element, reserveCapacity: Swift.max(reservedCapacity, minimumCapacity))
/Users/admin/builder/spi-builder-workspace/Sources/TDSNIO/Helper/TinySequence.swift:155:13: warning: setter for property 'base' is private and cannot be referenced from an '@inlinable' function; this will be an error in a future Swift language mode
 25 |
 26 |     @usableFromInline
 27 |     private(set) var base: Base
    |                      `- note: setter for property 'base' is not '@usableFromInline' or public
 28 |
 29 |     @inlinable
    :
153 |             self.base = .none(reserveCapacity: Swift.max(reservedCapacity, minimumCapacity))
154 |         case .one(let element, let reservedCapacity):
155 |             self.base = .one(element, reserveCapacity: Swift.max(reservedCapacity, minimumCapacity))
    |             `- warning: setter for property 'base' is private and cannot be referenced from an '@inlinable' function; this will be an error in a future Swift language mode
156 |         case .two(let first, let second, let reservedCapacity):
157 |             self.base = .two(
/Users/admin/builder/spi-builder-workspace/Sources/TDSNIO/Helper/TinySequence.swift:157:13: warning: setter for property 'base' is private and cannot be referenced from an '@inlinable' function; this will be an error in a future Swift language mode
 25 |
 26 |     @usableFromInline
 27 |     private(set) var base: Base
    |                      `- note: setter for property 'base' is not '@usableFromInline' or public
 28 |
 29 |     @inlinable
    :
155 |             self.base = .one(element, reserveCapacity: Swift.max(reservedCapacity, minimumCapacity))
156 |         case .two(let first, let second, let reservedCapacity):
157 |             self.base = .two(
    |             `- warning: setter for property 'base' is private and cannot be referenced from an '@inlinable' function; this will be an error in a future Swift language mode
158 |                 first, second, reserveCapacity: Swift.max(reservedCapacity, minimumCapacity))
159 |         case .n(var array):
/Users/admin/builder/spi-builder-workspace/Sources/TDSNIO/Helper/TinySequence.swift:160:13: warning: setter for property 'base' is private and cannot be referenced from an '@inlinable' function; this will be an error in a future Swift language mode
 25 |
 26 |     @usableFromInline
 27 |     private(set) var base: Base
    |                      `- note: setter for property 'base' is not '@usableFromInline' or public
 28 |
 29 |     @inlinable
    :
158 |                 first, second, reserveCapacity: Swift.max(reservedCapacity, minimumCapacity))
159 |         case .n(var array):
160 |             self.base = .none(reserveCapacity: 0)  // prevent CoW
    |             `- warning: setter for property 'base' is private and cannot be referenced from an '@inlinable' function; this will be an error in a future Swift language mode
161 |             array.reserveCapacity(minimumCapacity)
162 |             self.base = .n(array)
/Users/admin/builder/spi-builder-workspace/Sources/TDSNIO/Helper/TinySequence.swift:162:13: warning: setter for property 'base' is private and cannot be referenced from an '@inlinable' function; this will be an error in a future Swift language mode
 25 |
 26 |     @usableFromInline
 27 |     private(set) var base: Base
    |                      `- note: setter for property 'base' is not '@usableFromInline' or public
 28 |
 29 |     @inlinable
    :
160 |             self.base = .none(reserveCapacity: 0)  // prevent CoW
161 |             array.reserveCapacity(minimumCapacity)
162 |             self.base = .n(array)
    |             `- warning: setter for property 'base' is private and cannot be referenced from an '@inlinable' function; this will be an error in a future Swift language mode
163 |         }
164 |     }
/Users/admin/builder/spi-builder-workspace/Sources/TDSNIO/Helper/TinySequence.swift:170:13: warning: setter for property 'base' is private and cannot be referenced from an '@inlinable' function; this will be an error in a future Swift language mode
 25 |
 26 |     @usableFromInline
 27 |     private(set) var base: Base
    |                      `- note: setter for property 'base' is not '@usableFromInline' or public
 28 |
 29 |     @inlinable
    :
168 |         switch self.base {
169 |         case .none(let reserveCapacity):
170 |             self.base = .one(element, reserveCapacity: reserveCapacity)
    |             `- warning: setter for property 'base' is private and cannot be referenced from an '@inlinable' function; this will be an error in a future Swift language mode
171 |         case .one(let first, let reserveCapacity):
172 |             self.base = .two(first, element, reserveCapacity: reserveCapacity)
/Users/admin/builder/spi-builder-workspace/Sources/TDSNIO/Helper/TinySequence.swift:172:13: warning: setter for property 'base' is private and cannot be referenced from an '@inlinable' function; this will be an error in a future Swift language mode
 25 |
 26 |     @usableFromInline
 27 |     private(set) var base: Base
    |                      `- note: setter for property 'base' is not '@usableFromInline' or public
 28 |
 29 |     @inlinable
    :
170 |             self.base = .one(element, reserveCapacity: reserveCapacity)
171 |         case .one(let first, let reserveCapacity):
172 |             self.base = .two(first, element, reserveCapacity: reserveCapacity)
    |             `- warning: setter for property 'base' is private and cannot be referenced from an '@inlinable' function; this will be an error in a future Swift language mode
173 |
174 |         case .two(let first, let second, let reserveCapacity):
/Users/admin/builder/spi-builder-workspace/Sources/TDSNIO/Helper/TinySequence.swift:180:13: warning: setter for property 'base' is private and cannot be referenced from an '@inlinable' function; this will be an error in a future Swift language mode
 25 |
 26 |     @usableFromInline
 27 |     private(set) var base: Base
    |                      `- note: setter for property 'base' is not '@usableFromInline' or public
 28 |
 29 |     @inlinable
    :
178 |             new.append(second)
179 |             new.append(element)
180 |             self.base = .n(new)
    |             `- warning: setter for property 'base' is private and cannot be referenced from an '@inlinable' function; this will be an error in a future Swift language mode
181 |
182 |         case .n(var existing):
/Users/admin/builder/spi-builder-workspace/Sources/TDSNIO/Helper/TinySequence.swift:183:13: warning: setter for property 'base' is private and cannot be referenced from an '@inlinable' function; this will be an error in a future Swift language mode
 25 |
 26 |     @usableFromInline
 27 |     private(set) var base: Base
    |                      `- note: setter for property 'base' is not '@usableFromInline' or public
 28 |
 29 |     @inlinable
    :
181 |
182 |         case .n(var existing):
183 |             self.base = .none(reserveCapacity: 0)  // prevent CoW
    |             `- warning: setter for property 'base' is private and cannot be referenced from an '@inlinable' function; this will be an error in a future Swift language mode
184 |             existing.append(element)
185 |             self.base = .n(existing)
/Users/admin/builder/spi-builder-workspace/Sources/TDSNIO/Helper/TinySequence.swift:185:13: warning: setter for property 'base' is private and cannot be referenced from an '@inlinable' function; this will be an error in a future Swift language mode
 25 |
 26 |     @usableFromInline
 27 |     private(set) var base: Base
    |                      `- note: setter for property 'base' is not '@usableFromInline' or public
 28 |
 29 |     @inlinable
    :
183 |             self.base = .none(reserveCapacity: 0)  // prevent CoW
184 |             existing.append(element)
185 |             self.base = .n(existing)
    |             `- warning: setter for property 'base' is private and cannot be referenced from an '@inlinable' function; this will be an error in a future Swift language mode
186 |         }
187 |     }
/Users/admin/builder/spi-builder-workspace/Sources/TDSNIO/Helper/TinySequence.swift:201:13: warning: setter for property 'backing' is private and cannot be referenced from an '@inlinable' function; this will be an error in a future Swift language mode
195 |     struct Iterator: IteratorProtocol {
196 |         @usableFromInline private(set) var index: Int = 0
197 |         @usableFromInline private(set) var backing: TinySequence<Element>
    |                                            `- note: setter for property 'backing' is not '@usableFromInline' or public
198 |
199 |         @inlinable
200 |         init(_ backing: TinySequence<Element>) {
201 |             self.backing = backing
    |             `- warning: setter for property 'backing' is private and cannot be referenced from an '@inlinable' function; this will be an error in a future Swift language mode
202 |         }
203 |
/Users/admin/builder/spi-builder-workspace/Sources/TDSNIO/Helper/TinySequence.swift:211:21: warning: setter for property 'index' is private and cannot be referenced from an '@inlinable' function; this will be an error in a future Swift language mode
194 |     @usableFromInline
195 |     struct Iterator: IteratorProtocol {
196 |         @usableFromInline private(set) var index: Int = 0
    |                                            `- note: setter for property 'index' is not '@usableFromInline' or public
197 |         @usableFromInline private(set) var backing: TinySequence<Element>
198 |
    :
209 |             case .one(let element, _):
210 |                 if self.index == 0 {
211 |                     self.index += 1
    |                     `- warning: setter for property 'index' is private and cannot be referenced from an '@inlinable' function; this will be an error in a future Swift language mode
212 |                     return element
213 |                 }
/Users/admin/builder/spi-builder-workspace/Sources/TDSNIO/Helper/TinySequence.swift:217:25: warning: setter for property 'index' is private and cannot be referenced from an '@inlinable' function; this will be an error in a future Swift language mode
194 |     @usableFromInline
195 |     struct Iterator: IteratorProtocol {
196 |         @usableFromInline private(set) var index: Int = 0
    |                                            `- note: setter for property 'index' is not '@usableFromInline' or public
197 |         @usableFromInline private(set) var backing: TinySequence<Element>
198 |
    :
215 |
216 |             case .two(let first, let second, _):
217 |                 defer { self.index += 1 }
    |                         `- warning: setter for property 'index' is private and cannot be referenced from an '@inlinable' function; this will be an error in a future Swift language mode
218 |                 switch self.index {
219 |                 case 0:
/Users/admin/builder/spi-builder-workspace/Sources/TDSNIO/Helper/TinySequence.swift:229:29: warning: setter for property 'index' is private and cannot be referenced from an '@inlinable' function; this will be an error in a future Swift language mode
194 |     @usableFromInline
195 |     struct Iterator: IteratorProtocol {
196 |         @usableFromInline private(set) var index: Int = 0
    |                                            `- note: setter for property 'index' is not '@usableFromInline' or public
197 |         @usableFromInline private(set) var backing: TinySequence<Element>
198 |
    :
227 |             case .n(let array):
228 |                 if self.index < array.endIndex {
229 |                     defer { self.index += 1 }
    |                             `- warning: setter for property 'index' is private and cannot be referenced from an '@inlinable' function; this will be an error in a future Swift language mode
230 |                     return array[self.index]
231 |                 }
/Users/admin/builder/spi-builder-workspace/Sources/TDSNIO/Helper/TinySequence.swift:283:13: warning: setter for property 'base' is private and cannot be referenced from an '@inlinable' function; this will be an error in a future Swift language mode
 25 |
 26 |     @usableFromInline
 27 |     private(set) var base: Base
    |                      `- note: setter for property 'base' is not '@usableFromInline' or public
 28 |
 29 |     @inlinable
    :
281 |         switch elements.count {
282 |         case 0:
283 |             self.base = .none(reserveCapacity: 0)
    |             `- warning: setter for property 'base' is private and cannot be referenced from an '@inlinable' function; this will be an error in a future Swift language mode
284 |         case 1:
285 |             self.base = .one(iterator.next()!, reserveCapacity: 0)
/Users/admin/builder/spi-builder-workspace/Sources/TDSNIO/Helper/TinySequence.swift:285:13: warning: setter for property 'base' is private and cannot be referenced from an '@inlinable' function; this will be an error in a future Swift language mode
 25 |
 26 |     @usableFromInline
 27 |     private(set) var base: Base
    |                      `- note: setter for property 'base' is not '@usableFromInline' or public
 28 |
 29 |     @inlinable
    :
283 |             self.base = .none(reserveCapacity: 0)
284 |         case 1:
285 |             self.base = .one(iterator.next()!, reserveCapacity: 0)
    |             `- warning: setter for property 'base' is private and cannot be referenced from an '@inlinable' function; this will be an error in a future Swift language mode
286 |         case 2:
287 |             self.base = .two(iterator.next()!, iterator.next()!, reserveCapacity: 0)
/Users/admin/builder/spi-builder-workspace/Sources/TDSNIO/Helper/TinySequence.swift:287:13: warning: setter for property 'base' is private and cannot be referenced from an '@inlinable' function; this will be an error in a future Swift language mode
 25 |
 26 |     @usableFromInline
 27 |     private(set) var base: Base
    |                      `- note: setter for property 'base' is not '@usableFromInline' or public
 28 |
 29 |     @inlinable
    :
285 |             self.base = .one(iterator.next()!, reserveCapacity: 0)
286 |         case 2:
287 |             self.base = .two(iterator.next()!, iterator.next()!, reserveCapacity: 0)
    |             `- warning: setter for property 'base' is private and cannot be referenced from an '@inlinable' function; this will be an error in a future Swift language mode
288 |         default:
289 |             self.base = .n(elements)
/Users/admin/builder/spi-builder-workspace/Sources/TDSNIO/Helper/TinySequence.swift:289:13: warning: setter for property 'base' is private and cannot be referenced from an '@inlinable' function; this will be an error in a future Swift language mode
 25 |
 26 |     @usableFromInline
 27 |     private(set) var base: Base
    |                      `- note: setter for property 'base' is not '@usableFromInline' or public
 28 |
 29 |     @inlinable
    :
287 |             self.base = .two(iterator.next()!, iterator.next()!, reserveCapacity: 0)
288 |         default:
289 |             self.base = .n(elements)
    |             `- warning: setter for property 'base' is private and cannot be referenced from an '@inlinable' function; this will be an error in a future Swift language mode
290 |         }
291 |     }
SwiftCompile normal arm64 /Users/admin/builder/spi-builder-workspace/Sources/TDSNIO/Data/TDSRowDecodable.swift (in target 'TDSNIO' from project 'tds-nio')
    cd /Users/admin/builder/spi-builder-workspace/.swiftpm/xcode
    builtin-SwiftPerFileCompile TDSRowDecodable.swift
SwiftCompile normal arm64 /Users/admin/builder/spi-builder-workspace/Sources/TDSNIO/Data/TDSTableValuedParameter.swift (in target 'TDSNIO' from project 'tds-nio')
    cd /Users/admin/builder/spi-builder-workspace/.swiftpm/xcode
    builtin-SwiftPerFileCompile TDSTableValuedParameter.swift
SwiftCompile normal arm64 /Users/admin/builder/spi-builder-workspace/Sources/TDSNIO/Extensions/ByteBuffer/ByteBuffer+PrepareSend.swift (in target 'TDSNIO' from project 'tds-nio')
    cd /Users/admin/builder/spi-builder-workspace/.swiftpm/xcode
    builtin-SwiftPerFileCompile ByteBuffer+PrepareSend.swift
SwiftCompile normal arm64 /Users/admin/builder/spi-builder-workspace/Sources/TDSNIO/Extensions/Logging+TDS.swift (in target 'TDSNIO' from project 'tds-nio')
    cd /Users/admin/builder/spi-builder-workspace/.swiftpm/xcode
    builtin-SwiftPerFileCompile Logging+TDS.swift
SwiftCompile normal arm64 /Users/admin/builder/spi-builder-workspace/Sources/TDSNIO/Helper/TinySequence.swift (in target 'TDSNIO' from project 'tds-nio')
    cd /Users/admin/builder/spi-builder-workspace/.swiftpm/xcode
    builtin-SwiftPerFileCompile TinySequence.swift
SwiftCompile normal arm64 Compiling\ TDSBackendMessage.swift,\ TDSPacket+MessageType.swift,\ TDSPacket+Status.swift,\ TDSPacket.swift,\ TDSClient.swift /Users/admin/builder/spi-builder-workspace/Sources/TDSNIO/Messages/TDSBackendMessage.swift /Users/admin/builder/spi-builder-workspace/Sources/TDSNIO/Messages/TDSPacket+MessageType.swift /Users/admin/builder/spi-builder-workspace/Sources/TDSNIO/Messages/TDSPacket+Status.swift /Users/admin/builder/spi-builder-workspace/Sources/TDSNIO/Messages/TDSPacket.swift /Users/admin/builder/spi-builder-workspace/Sources/TDSNIO/Pool/TDSClient.swift (in target 'TDSNIO' from project 'tds-nio')
/Users/admin/builder/spi-builder-workspace/Sources/TDSNIO/Pool/TDSClient.swift:140:20: error: cannot convert return expression of type 'ConnectionLease<TDSConnection>' to return type 'TDSConnection'
138 |             )
139 |         }
140 |         return try await self.pool.leaseConnection()
    |                    `- error: cannot convert return expression of type 'ConnectionLease<TDSConnection>' to return type 'TDSConnection'
141 |     }
142 |
Failed frontend command:
/Applications/Xcode-27.0.0-Release.Candidate.app/Contents/Developer/Toolchains/XcodeDefault.xctoolchain/usr/bin/swift-frontend -frontend -c /Users/admin/builder/spi-builder-workspace/Sources/TDSNIO/Capabilities.swift /Users/admin/builder/spi-builder-workspace/Sources/TDSNIO/Connection/TDSConnection+BulkLoad.swift /Users/admin/builder/spi-builder-workspace/Sources/TDSNIO/Connection/TDSConnection+Configuration.swift /Users/admin/builder/spi-builder-workspace/Sources/TDSNIO/Connection/TDSConnection+Query.swift /Users/admin/builder/spi-builder-workspace/Sources/TDSNIO/Connection/TDSConnection+Transaction.swift /Users/admin/builder/spi-builder-workspace/Sources/TDSNIO/Connection/TDSConnection.swift /Users/admin/builder/spi-builder-workspace/Sources/TDSNIO/Connection/TDSPreloginTLSHandler.swift /Users/admin/builder/spi-builder-workspace/Sources/TDSNIO/ConnectionStateMachine/AuthenticationStateMachine.swift /Users/admin/builder/spi-builder-workspace/Sources/TDSNIO/ConnectionStateMachine/ConnectionStateMachine.swift /Users/admin/builder/spi-builder-workspace/Sources/TDSNIO/ConnectionStateMachine/RowStreamStateMachine.swift /Users/admin/builder/spi-builder-workspace/Sources/TDSNIO/ConnectionStateMachine/StatementStateMachine.swift /Users/admin/builder/spi-builder-workspace/Sources/TDSNIO/Data/TDSCodable.swift /Users/admin/builder/spi-builder-workspace/Sources/TDSNIO/Data/TDSData.swift /Users/admin/builder/spi-builder-workspace/Sources/TDSNIO/Data/TDSDecodable.swift /Users/admin/builder/spi-builder-workspace/Sources/TDSNIO/Data/TDSJSON.swift /Users/admin/builder/spi-builder-workspace/Sources/TDSNIO/Data/TDSRowDecodable.swift /Users/admin/builder/spi-builder-workspace/Sources/TDSNIO/Data/TDSTableValuedParameter.swift /Users/admin/builder/spi-builder-workspace/Sources/TDSNIO/Extensions/ByteBuffer/ByteBuffer+PrepareSend.swift /Users/admin/builder/spi-builder-workspace/Sources/TDSNIO/Extensions/Logging+TDS.swift /Users/admin/builder/spi-builder-workspace/Sources/TDSNIO/Helper/TinySequence.swift /Users/admin/builder/spi-builder-workspace/Sources/TDSNIO/Messages/Coding/TDSBackendMessageDecoder.swift /Users/admin/builder/spi-builder-workspace/Sources/TDSNIO/Messages/Coding/TDSFrontendMessageEncoder.swift /Users/admin/builder/spi-builder-workspace/Sources/TDSNIO/Messages/Coding/TDSFrontendMessagePostProcessor.swift /Users/admin/builder/spi-builder-workspace/Sources/TDSNIO/Messages/Coding/TDSMessageDecodingError.swift /Users/admin/builder/spi-builder-workspace/Sources/TDSNIO/Messages/Coding/TDSPartialDecodingError.swift -primary-file /Users/admin/builder/spi-builder-workspace/Sources/TDSNIO/Messages/TDSBackendMessage.swift -primary-file /Users/admin/builder/spi-builder-workspace/Sources/TDSNIO/Messages/TDSPacket+MessageType.swift -primary-file /Users/admin/builder/spi-builder-workspace/Sources/TDSNIO/Messages/TDSPacket+Status.swift -primary-file /Users/admin/builder/spi-builder-workspace/Sources/TDSNIO/Messages/TDSPacket.swift -primary-file /Users/admin/builder/spi-builder-workspace/Sources/TDSNIO/Pool/TDSClient.swift /Users/admin/builder/spi-builder-workspace/Sources/TDSNIO/Pool/TDSClientMetrics.swift /Users/admin/builder/spi-builder-workspace/Sources/TDSNIO/Pool/TDSConnectionFactory.swift /Users/admin/builder/spi-builder-workspace/Sources/TDSNIO/Statements/TDSBulkLoadRequest.swift /Users/admin/builder/spi-builder-workspace/Sources/TDSNIO/Statements/TDSQuery.swift /Users/admin/builder/spi-builder-workspace/Sources/TDSNIO/Statements/TDSRequestContext.swift /Users/admin/builder/spi-builder-workspace/Sources/TDSNIO/Statements/TDSTask.swift /Users/admin/builder/spi-builder-workspace/Sources/TDSNIO/Statements/TDSTransactionManagerRequest.swift /Users/admin/builder/spi-builder-workspace/Sources/TDSNIO/TDSAuthenticationChallenge.swift /Users/admin/builder/spi-builder-workspace/Sources/TDSNIO/TDSAuthenticationToken.swift /Users/admin/builder/spi-builder-workspace/Sources/TDSNIO/TDSChannelHandler.swift /Users/admin/builder/spi-builder-workspace/Sources/TDSNIO/TDSEnvChangeMessage.swift /Users/admin/builder/spi-builder-workspace/Sources/TDSNIO/TDSEventsHandler.swift /Users/admin/builder/spi-builder-workspace/Sources/TDSNIO/TDSInfoMessage.swift /Users/admin/builder/spi-builder-workspace/Sources/TDSNIO/TDSRowSequence.swift /Users/admin/builder/spi-builder-workspace/Sources/TDSNIO/TDSRowStream.swift /Users/admin/builder/spi-builder-workspace/Sources/TDSNIO/TDSSQLError.swift /Users/admin/builder/spi-builder-workspace/Sources/TDSNIO/TDSSessionContext.swift /Users/admin/builder/spi-builder-workspace/Sources/TDSNIO/TDSSessionStateMessage.swift /Users/admin/builder/spi-builder-workspace/Sources/TDSNIO/TDSVersion.swift /Users/admin/builder/spi-builder-workspace/Sources/TDSNIO/Utilities/TDSNIO+GeneralRules.swift -supplementary-output-file-map /Users/admin/builder/spi-builder-workspace/.derivedData/Build/Intermediates.noindex/tds-nio.build/Debug/TDSNIO-t.build/Objects-normal/arm64/supplementaryOutputs-99 -target arm64-apple-macos13.0 -module-can-import-version Network 5000.0.33 6681.1.1 -disable-cross-import-overlay-search -swift-module-cross-import Darwin /Applications/Xcode-27.0.0-Release.Candidate.app/Contents/Developer/Platforms/MacOSX.platform/Developer/SDKs/MacOSX.sdk/usr/include/Darwin.swiftcrossimport/xlocale.swiftoverlay -load-resolved-plugin /Applications/Xcode-27.0.0-Release.Candidate.app/Contents/Developer/Platforms/MacOSX.platform/Developer/usr/lib/swift/host/plugins/libFoundationMacros.dylib\#/Applications/Xcode-27.0.0-Release.Candidate.app/Contents/Developer/Platforms/MacOSX.platform/Developer/usr/bin/swift-plugin-server\#FoundationMacros -load-resolved-plugin /Applications/Xcode-27.0.0-Release.Candidate.app/Contents/Developer/Platforms/MacOSX.platform/Developer/usr/lib/swift/host/plugins/libObservationMacros.dylib\#/Applications/Xcode-27.0.0-Release.Candidate.app/Contents/Developer/Platforms/MacOSX.platform/Developer/usr/bin/swift-plugin-server\#ObservationMacros -load-resolved-plugin /Applications/Xcode-27.0.0-Release.Candidate.app/Contents/Developer/Platforms/MacOSX.platform/Developer/usr/lib/swift/host/plugins/libSwiftMacros.dylib\#/Applications/Xcode-27.0.0-Release.Candidate.app/Contents/Developer/Platforms/MacOSX.platform/Developer/usr/bin/swift-plugin-server\#SwiftMacros -disable-implicit-swift-modules -Xcc -fno-implicit-modules -Xcc -fno-implicit-module-maps -explicit-swift-module-map-file /Users/admin/builder/spi-builder-workspace/.derivedData/Build/Intermediates.noindex/tds-nio.build/Debug/TDSNIO-t.build/Objects-normal/arm64/TDSNIO-dependencies-1.json -Xllvm -aarch64-use-tbi -enable-objc-interop -stack-check -sdk /Applications/Xcode-27.0.0-Release.Candidate.app/Contents/Developer/Platforms/MacOSX.platform/Developer/SDKs/MacOSX27.0.sdk -I /Users/admin/builder/spi-builder-workspace/.derivedData/Build/Products/Debug -Isystem /Applications/Xcode-27.0.0-Release.Candidate.app/Contents/Developer/Platforms/MacOSX.platform/Developer/usr/lib -F /Users/admin/builder/spi-builder-workspace/.derivedData/Build/Products/Debug/PackageFrameworks -F /Users/admin/builder/spi-builder-workspace/.derivedData/Build/Products/Debug -F /Applications/Xcode-27.0.0-Release.Candidate.app/Contents/Developer/Platforms/MacOSX.platform/Developer/Library/Frameworks -module-cache-path /Users/admin/builder/spi-builder-workspace/.derivedData/Build/Intermediates.noindex/SwiftExplicitPrecompiledModules -no-color-diagnostics -Xcc -fno-color-diagnostics -enable-testing -g -debug-info-format\=dwarf -dwarf-version\=4 -profile-generate -profile-coverage-mapping -swift-version 6 -Onone -D SWIFT_PACKAGE -D DEBUG -D SWIFT_MODULE_RESOURCE_BUNDLE_UNAVAILABLE -D DistributedTracingSupport -D Xcode -serialize-debugging-options -enable-upcoming-feature MemberImportVisibility -enable-upcoming-feature InternalImportsByDefault -enable-experimental-feature DebugDescriptionMacro -empty-abi-descriptor -validate-clang-modules-once -clang-build-session-file /Users/admin/builder/spi-builder-workspace/.derivedData/ModuleCache.noindex/Session.modulevalidation -Xcc -working-directory -Xcc /Users/admin/builder/spi-builder-workspace/.swiftpm/xcode -enable-anonymous-context-mangled-names -file-compilation-dir /Users/admin/builder/spi-builder-workspace/.swiftpm/xcode -Xcc -fmodule-map-file\=/Users/admin/builder/spi-builder-workspace/.derivedData/Build/Intermediates.noindex/GeneratedModuleMaps/CNIOBoringSSLShims.modulemap -Xcc -fmodule-map-file\=/Users/admin/builder/spi-builder-workspace/.dependencies/checkouts/swift-nio-ssl/Sources/CNIOBoringSSL/include/module.modulemap -Xcc -fmodule-map-file\=/Users/admin/builder/spi-builder-workspace/.derivedData/Build/Intermediates.noindex/GeneratedModuleMaps/CNIOPosix.modulemap -Xcc -fmodule-map-file\=/Users/admin/builder/spi-builder-workspace/.derivedData/Build/Intermediates.noindex/GeneratedModuleMaps/CNIOWASI.modulemap -Xcc -fmodule-map-file\=/Users/admin/builder/spi-builder-workspace/.dependencies/checkouts/swift-nio/Sources/CNIOWindows/include/module.modulemap -Xcc -fmodule-map-file\=/Users/admin/builder/spi-builder-workspace/.derivedData/Build/Intermediates.noindex/GeneratedModuleMaps/CNIOLinux.modulemap -Xcc -fmodule-map-file\=/Users/admin/builder/spi-builder-workspace/.derivedData/Build/Intermediates.noindex/GeneratedModuleMaps/CNIODarwin.modulemap -Xcc -fmodule-map-file\=/Users/admin/builder/spi-builder-workspace/.derivedData/Build/Intermediates.noindex/GeneratedModuleMaps/CNIOFreeBSD.modulemap -Xcc -fmodule-map-file\=/Users/admin/builder/spi-builder-workspace/.derivedData/Build/Intermediates.noindex/GeneratedModuleMaps/CNIOOpenBSD.modulemap -Xcc -fmodule-map-file\=/Users/admin/builder/spi-builder-workspace/.derivedData/Build/Intermediates.noindex/GeneratedModuleMaps/CNIOAtomics.modulemap -Xcc -fmodule-map-file\=/Users/admin/builder/spi-builder-workspace/.dependencies/checkouts/swift-crypto/Sources/CCryptoBoringSSLShims/include/module.modulemap -Xcc -fmodule-map-file\=/Users/admin/builder/spi-builder-workspace/.dependencies/checkouts/swift-crypto/Sources/CCryptoBoringSSL/include/module.modulemap -Xcc -fmodule-map-file\=/Users/admin/builder/spi-builder-workspace/.dependencies/checkouts/swift-atomics/Sources/_AtomicsShims/include/module.modulemap -Xcc -D_LIBCPP_HARDENING_MODE\=_LIBCPP_HARDENING_MODE_DEBUG -Xcc -ivfsstatcache -Xcc /Users/admin/builder/spi-builder-workspace/.derivedData/SDKStatCaches.noindex/macosx27.0-26A425-e829b21a6f8c9b70876ba0858053c0446a22442a12e9d48fe1a705f55a1adfc4.sdkstatcache -Xcc -fmodules-prune-interval\=86400 -Xcc -fmodules-prune-after\=345600 -Xcc -I/Users/admin/builder/spi-builder-workspace/.dependencies/checkouts/swift-nio-ssl/Sources/CNIOBoringSSLShims/include -Xcc -I/Users/admin/builder/spi-builder-workspace/.dependencies/checkouts/swift-nio-ssl/Sources/CNIOBoringSSL/include -Xcc -I/Users/admin/builder/spi-builder-workspace/.dependencies/checkouts/swift-nio/Sources/CNIOPosix/include -Xcc -I/Users/admin/builder/spi-builder-workspace/.dependencies/checkouts/swift-nio/Sources/CNIOWASI/include -Xcc -I/Users/admin/builder/spi-builder-workspace/.dependencies/checkouts/swift-nio/Sources/CNIOWindows/include -Xcc -I/Users/admin/builder/spi-builder-workspace/.dependencies/checkouts/swift-nio/Sources/CNIOLinux/include -Xcc -I/Users/admin/builder/spi-builder-workspace/.dependencies/checkouts/swift-nio/Sources/CNIODarwin/include -Xcc -I/Users/admin/builder/spi-builder-workspace/.dependencies/checkouts/swift-nio/Sources/CNIOFreeBSD/include -Xcc -I/Users/admin/builder/spi-builder-workspace/.dependencies/checkouts/swift-nio/Sources/CNIOOpenBSD/include -Xcc -I/Users/admin/builder/spi-builder-workspace/.dependencies/checkouts/swift-nio/Sources/CNIOAtomics/include -Xcc -I/Users/admin/builder/spi-builder-workspace/.dependencies/checkouts/swift-crypto/Sources/CCryptoBoringSSLShims/include -Xcc -I/Users/admin/builder/spi-builder-workspace/.dependencies/checkouts/swift-crypto/Sources/CCryptoBoringSSL/include -Xcc -I/Users/admin/builder/spi-builder-workspace/.dependencies/checkouts/swift-atomics/Sources/_AtomicsShims/include -Xcc -I/Users/admin/builder/spi-builder-workspace/.derivedData/Build/Products/Debug/include -Xcc -I/Users/admin/builder/spi-builder-workspace/.derivedData/Build/Intermediates.noindex/tds-nio.build/Debug/TDSNIO-t.build/DerivedSources-normal/arm64 -Xcc -I/Users/admin/builder/spi-builder-workspace/.derivedData/Build/Intermediates.noindex/tds-nio.build/Debug/TDSNIO-t.build/DerivedSources/arm64 -Xcc -I/Users/admin/builder/spi-builder-workspace/.derivedData/Build/Intermediates.noindex/tds-nio.build/Debug/TDSNIO-t.build/DerivedSources -Xcc -DSWIFT_PACKAGE -Xcc -DDEBUG\=1 -no-auto-bridging-header-chaining -module-name TDSNIO -package-name spi_builder_workspace -const-gather-protocols-file /Users/admin/builder/spi-builder-workspace/.derivedData/Build/Intermediates.noindex/tds-nio.build/Debug/TDSNIO-t.build/Objects-normal/arm64/TDSNIO_const_extract_protocols.json -disable-clang-spi -clang-target arm64-apple-macos27.0 -target-sdk-version 27.0 -target-sdk-name macosx27.0 -in-process-plugin-server-path /Applications/Xcode-27.0.0-Release.Candidate.app/Contents/Developer/Toolchains/XcodeDefault.xctoolchain/usr/lib/swift/host/libSwiftInProcPluginServer.dylib -parse-as-library -o /Users/admin/builder/spi-builder-workspace/.derivedData/Build/Intermediates.noindex/tds-nio.build/Debug/TDSNIO-t.build/Objects-normal/arm64/TDSBackendMessage.o -o /Users/admin/builder/spi-builder-workspace/.derivedData/Build/Intermediates.noindex/tds-nio.build/Debug/TDSNIO-t.build/Objects-normal/arm64/TDSPacket+MessageType.o -o /Users/admin/builder/spi-builder-workspace/.derivedData/Build/Intermediates.noindex/tds-nio.build/Debug/TDSNIO-t.build/Objects-normal/arm64/TDSPacket+Status.o -o /Users/admin/builder/spi-builder-workspace/.derivedData/Build/Intermediates.noindex/tds-nio.build/Debug/TDSNIO-t.build/Objects-normal/arm64/TDSPacket.o -o /Users/admin/builder/spi-builder-workspace/.derivedData/Build/Intermediates.noindex/tds-nio.build/Debug/TDSNIO-t.build/Objects-normal/arm64/TDSClient.o -debug-module-path /Users/admin/builder/spi-builder-workspace/.derivedData/Build/Intermediates.noindex/tds-nio.build/Debug/TDSNIO-t.build/Objects-normal/arm64/TDSNIO.swiftmodule -index-unit-output-path /tds-nio.build/Debug/TDSNIO-t.build/Objects-normal/arm64/TDSBackendMessage.o -index-unit-output-path /tds-nio.build/Debug/TDSNIO-t.build/Objects-normal/arm64/TDSPacket+MessageType.o -index-unit-output-path /tds-nio.build/Debug/TDSNIO-t.build/Objects-normal/arm64/TDSPacket+Status.o -index-unit-output-path /tds-nio.build/Debug/TDSNIO-t.build/Objects-normal/arm64/TDSPacket.o -index-unit-output-path /tds-nio.build/Debug/TDSNIO-t.build/Objects-normal/arm64/TDSClient.o -index-store-path /Users/admin/builder/spi-builder-workspace/.derivedData/Index.noindex/DataStore -index-system-modules
SwiftCompile normal arm64 /Users/admin/builder/spi-builder-workspace/Sources/TDSNIO/Messages/TDSBackendMessage.swift (in target 'TDSNIO' from project 'tds-nio')
    cd /Users/admin/builder/spi-builder-workspace/.swiftpm/xcode
    builtin-SwiftPerFileCompile TDSBackendMessage.swift
SwiftCompile normal arm64 /Users/admin/builder/spi-builder-workspace/Sources/TDSNIO/Messages/TDSPacket+MessageType.swift (in target 'TDSNIO' from project 'tds-nio')
    cd /Users/admin/builder/spi-builder-workspace/.swiftpm/xcode
    builtin-SwiftPerFileCompile TDSPacket+MessageType.swift
SwiftCompile normal arm64 /Users/admin/builder/spi-builder-workspace/Sources/TDSNIO/Messages/TDSPacket+Status.swift (in target 'TDSNIO' from project 'tds-nio')
    cd /Users/admin/builder/spi-builder-workspace/.swiftpm/xcode
    builtin-SwiftPerFileCompile TDSPacket+Status.swift
SwiftCompile normal arm64 /Users/admin/builder/spi-builder-workspace/Sources/TDSNIO/Messages/TDSPacket.swift (in target 'TDSNIO' from project 'tds-nio')
    cd /Users/admin/builder/spi-builder-workspace/.swiftpm/xcode
    builtin-SwiftPerFileCompile TDSPacket.swift
SwiftCompile normal arm64 /Users/admin/builder/spi-builder-workspace/Sources/TDSNIO/Pool/TDSClient.swift (in target 'TDSNIO' from project 'tds-nio')
    cd /Users/admin/builder/spi-builder-workspace/.swiftpm/xcode
    builtin-SwiftPerFileCompile TDSClient.swift
SwiftCompile normal arm64 Compiling\ TDSConnection.swift,\ TDSPreloginTLSHandler.swift,\ AuthenticationStateMachine.swift,\ ConnectionStateMachine.swift,\ RowStreamStateMachine.swift /Users/admin/builder/spi-builder-workspace/Sources/TDSNIO/Connection/TDSConnection.swift /Users/admin/builder/spi-builder-workspace/Sources/TDSNIO/Connection/TDSPreloginTLSHandler.swift /Users/admin/builder/spi-builder-workspace/Sources/TDSNIO/ConnectionStateMachine/AuthenticationStateMachine.swift /Users/admin/builder/spi-builder-workspace/Sources/TDSNIO/ConnectionStateMachine/ConnectionStateMachine.swift /Users/admin/builder/spi-builder-workspace/Sources/TDSNIO/ConnectionStateMachine/RowStreamStateMachine.swift (in target 'TDSNIO' from project 'tds-nio')
SwiftCompile normal arm64 /Users/admin/builder/spi-builder-workspace/Sources/TDSNIO/Connection/TDSConnection.swift (in target 'TDSNIO' from project 'tds-nio')
    cd /Users/admin/builder/spi-builder-workspace/.swiftpm/xcode
    builtin-SwiftPerFileCompile TDSConnection.swift
SwiftCompile normal arm64 /Users/admin/builder/spi-builder-workspace/Sources/TDSNIO/Connection/TDSPreloginTLSHandler.swift (in target 'TDSNIO' from project 'tds-nio')
    cd /Users/admin/builder/spi-builder-workspace/.swiftpm/xcode
    builtin-SwiftPerFileCompile TDSPreloginTLSHandler.swift
SwiftCompile normal arm64 /Users/admin/builder/spi-builder-workspace/Sources/TDSNIO/ConnectionStateMachine/AuthenticationStateMachine.swift (in target 'TDSNIO' from project 'tds-nio')
    cd /Users/admin/builder/spi-builder-workspace/.swiftpm/xcode
    builtin-SwiftPerFileCompile AuthenticationStateMachine.swift
SwiftCompile normal arm64 /Users/admin/builder/spi-builder-workspace/Sources/TDSNIO/ConnectionStateMachine/ConnectionStateMachine.swift (in target 'TDSNIO' from project 'tds-nio')
    cd /Users/admin/builder/spi-builder-workspace/.swiftpm/xcode
    builtin-SwiftPerFileCompile ConnectionStateMachine.swift
SwiftCompile normal arm64 /Users/admin/builder/spi-builder-workspace/Sources/TDSNIO/ConnectionStateMachine/RowStreamStateMachine.swift (in target 'TDSNIO' from project 'tds-nio')
    cd /Users/admin/builder/spi-builder-workspace/.swiftpm/xcode
    builtin-SwiftPerFileCompile RowStreamStateMachine.swift
SwiftCompile normal arm64 Compiling\ StatementStateMachine.swift,\ TDSCodable.swift,\ TDSData.swift,\ TDSDecodable.swift,\ TDSJSON.swift /Users/admin/builder/spi-builder-workspace/Sources/TDSNIO/ConnectionStateMachine/StatementStateMachine.swift /Users/admin/builder/spi-builder-workspace/Sources/TDSNIO/Data/TDSCodable.swift /Users/admin/builder/spi-builder-workspace/Sources/TDSNIO/Data/TDSData.swift /Users/admin/builder/spi-builder-workspace/Sources/TDSNIO/Data/TDSDecodable.swift /Users/admin/builder/spi-builder-workspace/Sources/TDSNIO/Data/TDSJSON.swift (in target 'TDSNIO' from project 'tds-nio')
SwiftCompile normal arm64 /Users/admin/builder/spi-builder-workspace/Sources/TDSNIO/ConnectionStateMachine/StatementStateMachine.swift (in target 'TDSNIO' from project 'tds-nio')
    cd /Users/admin/builder/spi-builder-workspace/.swiftpm/xcode
    builtin-SwiftPerFileCompile StatementStateMachine.swift
SwiftCompile normal arm64 /Users/admin/builder/spi-builder-workspace/Sources/TDSNIO/Data/TDSCodable.swift (in target 'TDSNIO' from project 'tds-nio')
    cd /Users/admin/builder/spi-builder-workspace/.swiftpm/xcode
    builtin-SwiftPerFileCompile TDSCodable.swift
SwiftCompile normal arm64 /Users/admin/builder/spi-builder-workspace/Sources/TDSNIO/Data/TDSData.swift (in target 'TDSNIO' from project 'tds-nio')
    cd /Users/admin/builder/spi-builder-workspace/.swiftpm/xcode
    builtin-SwiftPerFileCompile TDSData.swift
SwiftCompile normal arm64 /Users/admin/builder/spi-builder-workspace/Sources/TDSNIO/Data/TDSDecodable.swift (in target 'TDSNIO' from project 'tds-nio')
    cd /Users/admin/builder/spi-builder-workspace/.swiftpm/xcode
    builtin-SwiftPerFileCompile TDSDecodable.swift
SwiftCompile normal arm64 /Users/admin/builder/spi-builder-workspace/Sources/TDSNIO/Data/TDSJSON.swift (in target 'TDSNIO' from project 'tds-nio')
    cd /Users/admin/builder/spi-builder-workspace/.swiftpm/xcode
    builtin-SwiftPerFileCompile TDSJSON.swift
SwiftCompile normal arm64 Compiling\ TDSEnvChangeMessage.swift,\ TDSEventsHandler.swift,\ TDSInfoMessage.swift,\ TDSRowSequence.swift,\ TDSRowStream.swift /Users/admin/builder/spi-builder-workspace/Sources/TDSNIO/TDSEnvChangeMessage.swift /Users/admin/builder/spi-builder-workspace/Sources/TDSNIO/TDSEventsHandler.swift /Users/admin/builder/spi-builder-workspace/Sources/TDSNIO/TDSInfoMessage.swift /Users/admin/builder/spi-builder-workspace/Sources/TDSNIO/TDSRowSequence.swift /Users/admin/builder/spi-builder-workspace/Sources/TDSNIO/TDSRowStream.swift (in target 'TDSNIO' from project 'tds-nio')
SwiftCompile normal arm64 /Users/admin/builder/spi-builder-workspace/Sources/TDSNIO/TDSEnvChangeMessage.swift (in target 'TDSNIO' from project 'tds-nio')
    cd /Users/admin/builder/spi-builder-workspace/.swiftpm/xcode
    builtin-SwiftPerFileCompile TDSEnvChangeMessage.swift
SwiftCompile normal arm64 /Users/admin/builder/spi-builder-workspace/Sources/TDSNIO/TDSEventsHandler.swift (in target 'TDSNIO' from project 'tds-nio')
    cd /Users/admin/builder/spi-builder-workspace/.swiftpm/xcode
    builtin-SwiftPerFileCompile TDSEventsHandler.swift
SwiftCompile normal arm64 /Users/admin/builder/spi-builder-workspace/Sources/TDSNIO/TDSInfoMessage.swift (in target 'TDSNIO' from project 'tds-nio')
    cd /Users/admin/builder/spi-builder-workspace/.swiftpm/xcode
    builtin-SwiftPerFileCompile TDSInfoMessage.swift
SwiftCompile normal arm64 /Users/admin/builder/spi-builder-workspace/Sources/TDSNIO/TDSRowSequence.swift (in target 'TDSNIO' from project 'tds-nio')
    cd /Users/admin/builder/spi-builder-workspace/.swiftpm/xcode
    builtin-SwiftPerFileCompile TDSRowSequence.swift
SwiftCompile normal arm64 /Users/admin/builder/spi-builder-workspace/Sources/TDSNIO/TDSRowStream.swift (in target 'TDSNIO' from project 'tds-nio')
    cd /Users/admin/builder/spi-builder-workspace/.swiftpm/xcode
    builtin-SwiftPerFileCompile TDSRowStream.swift
SwiftEmitModule normal arm64 Emitting\ module\ for\ TDSNIO (in target 'TDSNIO' from project 'tds-nio')
/Users/admin/builder/spi-builder-workspace/Sources/TDSNIO/Helper/TinySequence.swift:31:9: warning: setter for property 'base' is private and cannot be referenced from an '@inlinable' function; this will be an error in a future Swift language mode
 25 |
 26 |     @usableFromInline
 27 |     private(set) var base: Base
    |                      `- note: setter for property 'base' is not '@usableFromInline' or public
 28 |
 29 |     @inlinable
 30 |     init() {
 31 |         self.base = .none(reserveCapacity: 0)
    |         `- warning: setter for property 'base' is private and cannot be referenced from an '@inlinable' function; this will be an error in a future Swift language mode
 32 |     }
 33 |
/Users/admin/builder/spi-builder-workspace/Sources/TDSNIO/Helper/TinySequence.swift:36:9: warning: setter for property 'base' is private and cannot be referenced from an '@inlinable' function; this will be an error in a future Swift language mode
 25 |
 26 |     @usableFromInline
 27 |     private(set) var base: Base
    |                      `- note: setter for property 'base' is not '@usableFromInline' or public
 28 |
 29 |     @inlinable
    :
 34 |     @inlinable
 35 |     init(element: Element) {
 36 |         self.base = .one(element, reserveCapacity: 1)
    |         `- warning: setter for property 'base' is private and cannot be referenced from an '@inlinable' function; this will be an error in a future Swift language mode
 37 |     }
 38 |
/Users/admin/builder/spi-builder-workspace/Sources/TDSNIO/Helper/TinySequence.swift:43:13: warning: setter for property 'base' is private and cannot be referenced from an '@inlinable' function; this will be an error in a future Swift language mode
 25 |
 26 |     @usableFromInline
 27 |     private(set) var base: Base
    |                      `- note: setter for property 'base' is not '@usableFromInline' or public
 28 |
 29 |     @inlinable
    :
 41 |         switch collection.count {
 42 |         case 0:
 43 |             self.base = .none(reserveCapacity: 0)
    |             `- warning: setter for property 'base' is private and cannot be referenced from an '@inlinable' function; this will be an error in a future Swift language mode
 44 |         case 1:
 45 |             self.base = .one(collection.first!, reserveCapacity: 0)
/Users/admin/builder/spi-builder-workspace/Sources/TDSNIO/Helper/TinySequence.swift:45:13: warning: setter for property 'base' is private and cannot be referenced from an '@inlinable' function; this will be an error in a future Swift language mode
 25 |
 26 |     @usableFromInline
 27 |     private(set) var base: Base
    |                      `- note: setter for property 'base' is not '@usableFromInline' or public
 28 |
 29 |     @inlinable
    :
 43 |             self.base = .none(reserveCapacity: 0)
 44 |         case 1:
 45 |             self.base = .one(collection.first!, reserveCapacity: 0)
    |             `- warning: setter for property 'base' is private and cannot be referenced from an '@inlinable' function; this will be an error in a future Swift language mode
 46 |         case 2:
 47 |             self.base = .two(
/Users/admin/builder/spi-builder-workspace/Sources/TDSNIO/Helper/TinySequence.swift:47:13: warning: setter for property 'base' is private and cannot be referenced from an '@inlinable' function; this will be an error in a future Swift language mode
 25 |
 26 |     @usableFromInline
 27 |     private(set) var base: Base
    |                      `- note: setter for property 'base' is not '@usableFromInline' or public
 28 |
 29 |     @inlinable
    :
 45 |             self.base = .one(collection.first!, reserveCapacity: 0)
 46 |         case 2:
 47 |             self.base = .two(
    |             `- warning: setter for property 'base' is private and cannot be referenced from an '@inlinable' function; this will be an error in a future Swift language mode
 48 |                 collection.first!,
 49 |                 collection[collection.index(after: collection.startIndex)],
/Users/admin/builder/spi-builder-workspace/Sources/TDSNIO/Helper/TinySequence.swift:54:17: warning: setter for property 'base' is private and cannot be referenced from an '@inlinable' function; this will be an error in a future Swift language mode
 25 |
 26 |     @usableFromInline
 27 |     private(set) var base: Base
    |                      `- note: setter for property 'base' is not '@usableFromInline' or public
 28 |
 29 |     @inlinable
    :
 52 |         default:
 53 |             if let collection = collection as? [Element] {
 54 |                 self.base = .n(collection)
    |                 `- warning: setter for property 'base' is private and cannot be referenced from an '@inlinable' function; this will be an error in a future Swift language mode
 55 |             } else {
 56 |                 self.base = .n(Array(collection))
/Users/admin/builder/spi-builder-workspace/Sources/TDSNIO/Helper/TinySequence.swift:56:17: warning: setter for property 'base' is private and cannot be referenced from an '@inlinable' function; this will be an error in a future Swift language mode
 25 |
 26 |     @usableFromInline
 27 |     private(set) var base: Base
    |                      `- note: setter for property 'base' is not '@usableFromInline' or public
 28 |
 29 |     @inlinable
    :
 54 |                 self.base = .n(collection)
 55 |             } else {
 56 |                 self.base = .n(Array(collection))
    |                 `- warning: setter for property 'base' is private and cannot be referenced from an '@inlinable' function; this will be an error in a future Swift language mode
 57 |             }
 58 |         }
/Users/admin/builder/spi-builder-workspace/Sources/TDSNIO/Helper/TinySequence.swift:153:13: warning: setter for property 'base' is private and cannot be referenced from an '@inlinable' function; this will be an error in a future Swift language mode
 25 |
 26 |     @usableFromInline
 27 |     private(set) var base: Base
    |                      `- note: setter for property 'base' is not '@usableFromInline' or public
 28 |
 29 |     @inlinable
    :
151 |         switch self.base {
152 |         case .none(let reservedCapacity):
153 |             self.base = .none(reserveCapacity: Swift.max(reservedCapacity, minimumCapacity))
    |             `- warning: setter for property 'base' is private and cannot be referenced from an '@inlinable' function; this will be an error in a future Swift language mode
154 |         case .one(let element, let reservedCapacity):
155 |             self.base = .one(element, reserveCapacity: Swift.max(reservedCapacity, minimumCapacity))
/Users/admin/builder/spi-builder-workspace/Sources/TDSNIO/Helper/TinySequence.swift:155:13: warning: setter for property 'base' is private and cannot be referenced from an '@inlinable' function; this will be an error in a future Swift language mode
 25 |
 26 |     @usableFromInline
 27 |     private(set) var base: Base
    |                      `- note: setter for property 'base' is not '@usableFromInline' or public
 28 |
 29 |     @inlinable
    :
153 |             self.base = .none(reserveCapacity: Swift.max(reservedCapacity, minimumCapacity))
154 |         case .one(let element, let reservedCapacity):
155 |             self.base = .one(element, reserveCapacity: Swift.max(reservedCapacity, minimumCapacity))
    |             `- warning: setter for property 'base' is private and cannot be referenced from an '@inlinable' function; this will be an error in a future Swift language mode
156 |         case .two(let first, let second, let reservedCapacity):
157 |             self.base = .two(
/Users/admin/builder/spi-builder-workspace/Sources/TDSNIO/Helper/TinySequence.swift:157:13: warning: setter for property 'base' is private and cannot be referenced from an '@inlinable' function; this will be an error in a future Swift language mode
 25 |
 26 |     @usableFromInline
 27 |     private(set) var base: Base
    |                      `- note: setter for property 'base' is not '@usableFromInline' or public
 28 |
 29 |     @inlinable
    :
155 |             self.base = .one(element, reserveCapacity: Swift.max(reservedCapacity, minimumCapacity))
156 |         case .two(let first, let second, let reservedCapacity):
157 |             self.base = .two(
    |             `- warning: setter for property 'base' is private and cannot be referenced from an '@inlinable' function; this will be an error in a future Swift language mode
158 |                 first, second, reserveCapacity: Swift.max(reservedCapacity, minimumCapacity))
159 |         case .n(var array):
/Users/admin/builder/spi-builder-workspace/Sources/TDSNIO/Helper/TinySequence.swift:160:13: warning: setter for property 'base' is private and cannot be referenced from an '@inlinable' function; this will be an error in a future Swift language mode
 25 |
 26 |     @usableFromInline
 27 |     private(set) var base: Base
    |                      `- note: setter for property 'base' is not '@usableFromInline' or public
 28 |
 29 |     @inlinable
    :
158 |                 first, second, reserveCapacity: Swift.max(reservedCapacity, minimumCapacity))
159 |         case .n(var array):
160 |             self.base = .none(reserveCapacity: 0)  // prevent CoW
    |             `- warning: setter for property 'base' is private and cannot be referenced from an '@inlinable' function; this will be an error in a future Swift language mode
161 |             array.reserveCapacity(minimumCapacity)
162 |             self.base = .n(array)
/Users/admin/builder/spi-builder-workspace/Sources/TDSNIO/Helper/TinySequence.swift:162:13: warning: setter for property 'base' is private and cannot be referenced from an '@inlinable' function; this will be an error in a future Swift language mode
 25 |
 26 |     @usableFromInline
 27 |     private(set) var base: Base
    |                      `- note: setter for property 'base' is not '@usableFromInline' or public
 28 |
 29 |     @inlinable
    :
160 |             self.base = .none(reserveCapacity: 0)  // prevent CoW
161 |             array.reserveCapacity(minimumCapacity)
162 |             self.base = .n(array)
    |             `- warning: setter for property 'base' is private and cannot be referenced from an '@inlinable' function; this will be an error in a future Swift language mode
163 |         }
164 |     }
/Users/admin/builder/spi-builder-workspace/Sources/TDSNIO/Helper/TinySequence.swift:170:13: warning: setter for property 'base' is private and cannot be referenced from an '@inlinable' function; this will be an error in a future Swift language mode
 25 |
 26 |     @usableFromInline
 27 |     private(set) var base: Base
    |                      `- note: setter for property 'base' is not '@usableFromInline' or public
 28 |
 29 |     @inlinable
    :
168 |         switch self.base {
169 |         case .none(let reserveCapacity):
170 |             self.base = .one(element, reserveCapacity: reserveCapacity)
    |             `- warning: setter for property 'base' is private and cannot be referenced from an '@inlinable' function; this will be an error in a future Swift language mode
171 |         case .one(let first, let reserveCapacity):
172 |             self.base = .two(first, element, reserveCapacity: reserveCapacity)
/Users/admin/builder/spi-builder-workspace/Sources/TDSNIO/Helper/TinySequence.swift:172:13: warning: setter for property 'base' is private and cannot be referenced from an '@inlinable' function; this will be an error in a future Swift language mode
 25 |
 26 |     @usableFromInline
 27 |     private(set) var base: Base
    |                      `- note: setter for property 'base' is not '@usableFromInline' or public
 28 |
 29 |     @inlinable
    :
170 |             self.base = .one(element, reserveCapacity: reserveCapacity)
171 |         case .one(let first, let reserveCapacity):
172 |             self.base = .two(first, element, reserveCapacity: reserveCapacity)
    |             `- warning: setter for property 'base' is private and cannot be referenced from an '@inlinable' function; this will be an error in a future Swift language mode
173 |
174 |         case .two(let first, let second, let reserveCapacity):
/Users/admin/builder/spi-builder-workspace/Sources/TDSNIO/Helper/TinySequence.swift:180:13: warning: setter for property 'base' is private and cannot be referenced from an '@inlinable' function; this will be an error in a future Swift language mode
 25 |
 26 |     @usableFromInline
 27 |     private(set) var base: Base
    |                      `- note: setter for property 'base' is not '@usableFromInline' or public
 28 |
 29 |     @inlinable
    :
178 |             new.append(second)
179 |             new.append(element)
180 |             self.base = .n(new)
    |             `- warning: setter for property 'base' is private and cannot be referenced from an '@inlinable' function; this will be an error in a future Swift language mode
181 |
182 |         case .n(var existing):
/Users/admin/builder/spi-builder-workspace/Sources/TDSNIO/Helper/TinySequence.swift:183:13: warning: setter for property 'base' is private and cannot be referenced from an '@inlinable' function; this will be an error in a future Swift language mode
 25 |
 26 |     @usableFromInline
 27 |     private(set) var base: Base
    |                      `- note: setter for property 'base' is not '@usableFromInline' or public
 28 |
 29 |     @inlinable
    :
181 |
182 |         case .n(var existing):
183 |             self.base = .none(reserveCapacity: 0)  // prevent CoW
    |             `- warning: setter for property 'base' is private and cannot be referenced from an '@inlinable' function; this will be an error in a future Swift language mode
184 |             existing.append(element)
185 |             self.base = .n(existing)
/Users/admin/builder/spi-builder-workspace/Sources/TDSNIO/Helper/TinySequence.swift:185:13: warning: setter for property 'base' is private and cannot be referenced from an '@inlinable' function; this will be an error in a future Swift language mode
 25 |
 26 |     @usableFromInline
 27 |     private(set) var base: Base
    |                      `- note: setter for property 'base' is not '@usableFromInline' or public
 28 |
 29 |     @inlinable
    :
183 |             self.base = .none(reserveCapacity: 0)  // prevent CoW
184 |             existing.append(element)
185 |             self.base = .n(existing)
    |             `- warning: setter for property 'base' is private and cannot be referenced from an '@inlinable' function; this will be an error in a future Swift language mode
186 |         }
187 |     }
/Users/admin/builder/spi-builder-workspace/Sources/TDSNIO/Helper/TinySequence.swift:201:13: warning: setter for property 'backing' is private and cannot be referenced from an '@inlinable' function; this will be an error in a future Swift language mode
195 |     struct Iterator: IteratorProtocol {
196 |         @usableFromInline private(set) var index: Int = 0
197 |         @usableFromInline private(set) var backing: TinySequence<Element>
    |                                            `- note: setter for property 'backing' is not '@usableFromInline' or public
198 |
199 |         @inlinable
200 |         init(_ backing: TinySequence<Element>) {
201 |             self.backing = backing
    |             `- warning: setter for property 'backing' is private and cannot be referenced from an '@inlinable' function; this will be an error in a future Swift language mode
202 |         }
203 |
/Users/admin/builder/spi-builder-workspace/Sources/TDSNIO/Helper/TinySequence.swift:211:21: warning: setter for property 'index' is private and cannot be referenced from an '@inlinable' function; this will be an error in a future Swift language mode
194 |     @usableFromInline
195 |     struct Iterator: IteratorProtocol {
196 |         @usableFromInline private(set) var index: Int = 0
    |                                            `- note: setter for property 'index' is not '@usableFromInline' or public
197 |         @usableFromInline private(set) var backing: TinySequence<Element>
198 |
    :
209 |             case .one(let element, _):
210 |                 if self.index == 0 {
211 |                     self.index += 1
    |                     `- warning: setter for property 'index' is private and cannot be referenced from an '@inlinable' function; this will be an error in a future Swift language mode
212 |                     return element
213 |                 }
/Users/admin/builder/spi-builder-workspace/Sources/TDSNIO/Helper/TinySequence.swift:217:25: warning: setter for property 'index' is private and cannot be referenced from an '@inlinable' function; this will be an error in a future Swift language mode
194 |     @usableFromInline
195 |     struct Iterator: IteratorProtocol {
196 |         @usableFromInline private(set) var index: Int = 0
    |                                            `- note: setter for property 'index' is not '@usableFromInline' or public
197 |         @usableFromInline private(set) var backing: TinySequence<Element>
198 |
    :
215 |
216 |             case .two(let first, let second, _):
217 |                 defer { self.index += 1 }
    |                         `- warning: setter for property 'index' is private and cannot be referenced from an '@inlinable' function; this will be an error in a future Swift language mode
218 |                 switch self.index {
219 |                 case 0:
/Users/admin/builder/spi-builder-workspace/Sources/TDSNIO/Helper/TinySequence.swift:229:29: warning: setter for property 'index' is private and cannot be referenced from an '@inlinable' function; this will be an error in a future Swift language mode
194 |     @usableFromInline
195 |     struct Iterator: IteratorProtocol {
196 |         @usableFromInline private(set) var index: Int = 0
    |                                            `- note: setter for property 'index' is not '@usableFromInline' or public
197 |         @usableFromInline private(set) var backing: TinySequence<Element>
198 |
    :
227 |             case .n(let array):
228 |                 if self.index < array.endIndex {
229 |                     defer { self.index += 1 }
    |                             `- warning: setter for property 'index' is private and cannot be referenced from an '@inlinable' function; this will be an error in a future Swift language mode
230 |                     return array[self.index]
231 |                 }
/Users/admin/builder/spi-builder-workspace/Sources/TDSNIO/Helper/TinySequence.swift:283:13: warning: setter for property 'base' is private and cannot be referenced from an '@inlinable' function; this will be an error in a future Swift language mode
 25 |
 26 |     @usableFromInline
 27 |     private(set) var base: Base
    |                      `- note: setter for property 'base' is not '@usableFromInline' or public
 28 |
 29 |     @inlinable
    :
281 |         switch elements.count {
282 |         case 0:
283 |             self.base = .none(reserveCapacity: 0)
    |             `- warning: setter for property 'base' is private and cannot be referenced from an '@inlinable' function; this will be an error in a future Swift language mode
284 |         case 1:
285 |             self.base = .one(iterator.next()!, reserveCapacity: 0)
/Users/admin/builder/spi-builder-workspace/Sources/TDSNIO/Helper/TinySequence.swift:285:13: warning: setter for property 'base' is private and cannot be referenced from an '@inlinable' function; this will be an error in a future Swift language mode
 25 |
 26 |     @usableFromInline
 27 |     private(set) var base: Base
    |                      `- note: setter for property 'base' is not '@usableFromInline' or public
 28 |
 29 |     @inlinable
    :
283 |             self.base = .none(reserveCapacity: 0)
284 |         case 1:
285 |             self.base = .one(iterator.next()!, reserveCapacity: 0)
    |             `- warning: setter for property 'base' is private and cannot be referenced from an '@inlinable' function; this will be an error in a future Swift language mode
286 |         case 2:
287 |             self.base = .two(iterator.next()!, iterator.next()!, reserveCapacity: 0)
/Users/admin/builder/spi-builder-workspace/Sources/TDSNIO/Helper/TinySequence.swift:287:13: warning: setter for property 'base' is private and cannot be referenced from an '@inlinable' function; this will be an error in a future Swift language mode
 25 |
 26 |     @usableFromInline
 27 |     private(set) var base: Base
    |                      `- note: setter for property 'base' is not '@usableFromInline' or public
 28 |
 29 |     @inlinable
    :
285 |             self.base = .one(iterator.next()!, reserveCapacity: 0)
286 |         case 2:
287 |             self.base = .two(iterator.next()!, iterator.next()!, reserveCapacity: 0)
    |             `- warning: setter for property 'base' is private and cannot be referenced from an '@inlinable' function; this will be an error in a future Swift language mode
288 |         default:
289 |             self.base = .n(elements)
SwiftCompile normal arm64 (in target 'TDSNIO' from project 'tds-nio')
    cd /Users/admin/builder/spi-builder-workspace/.swiftpm/xcode

SwiftCompile normal arm64 Compiling\ TDSSQLError.swift,\ TDSSessionContext.swift,\ TDSSessionStateMessage.swift,\ TDSVersion.swift,\ TDSNIO+GeneralRules.swift /Users/admin/builder/spi-builder-workspace/Sources/TDSNIO/TDSSQLError.swift /Users/admin/builder/spi-builder-workspace/Sources/TDSNIO/TDSSessionContext.swift /Users/admin/builder/spi-builder-workspace/Sources/TDSNIO/TDSSessionStateMessage.swift /Users/admin/builder/spi-builder-workspace/Sources/TDSNIO/TDSVersion.swift /Users/admin/builder/spi-builder-workspace/Sources/TDSNIO/Utilities/TDSNIO+GeneralRules.swift (in target 'TDSNIO' from project 'tds-nio')
SwiftCompile normal arm64 /Users/admin/builder/spi-builder-workspace/Sources/TDSNIO/TDSSQLError.swift (in target 'TDSNIO' from project 'tds-nio')
    cd /Users/admin/builder/spi-builder-workspace/.swiftpm/xcode
    builtin-SwiftPerFileCompile TDSSQLError.swift
SwiftCompile normal arm64 /Users/admin/builder/spi-builder-workspace/Sources/TDSNIO/TDSSessionContext.swift (in target 'TDSNIO' from project 'tds-nio')
    cd /Users/admin/builder/spi-builder-workspace/.swiftpm/xcode
    builtin-SwiftPerFileCompile TDSSessionContext.swift
SwiftCompile normal arm64 /Users/admin/builder/spi-builder-workspace/Sources/TDSNIO/TDSSessionStateMessage.swift (in target 'TDSNIO' from project 'tds-nio')
    cd /Users/admin/builder/spi-builder-workspace/.swiftpm/xcode
    builtin-SwiftPerFileCompile TDSSessionStateMessage.swift
SwiftCompile normal arm64 /Users/admin/builder/spi-builder-workspace/Sources/TDSNIO/TDSVersion.swift (in target 'TDSNIO' from project 'tds-nio')
    cd /Users/admin/builder/spi-builder-workspace/.swiftpm/xcode
    builtin-SwiftPerFileCompile TDSVersion.swift
SwiftCompile normal arm64 /Users/admin/builder/spi-builder-workspace/Sources/TDSNIO/Utilities/TDSNIO+GeneralRules.swift (in target 'TDSNIO' from project 'tds-nio')
    cd /Users/admin/builder/spi-builder-workspace/.swiftpm/xcode
    builtin-SwiftPerFileCompile TDSNIO+GeneralRules.swift
SwiftCompile normal arm64 Compiling\ TDSTask.swift,\ TDSTransactionManagerRequest.swift,\ TDSAuthenticationChallenge.swift,\ TDSAuthenticationToken.swift,\ TDSChannelHandler.swift /Users/admin/builder/spi-builder-workspace/Sources/TDSNIO/Statements/TDSTask.swift /Users/admin/builder/spi-builder-workspace/Sources/TDSNIO/Statements/TDSTransactionManagerRequest.swift /Users/admin/builder/spi-builder-workspace/Sources/TDSNIO/TDSAuthenticationChallenge.swift /Users/admin/builder/spi-builder-workspace/Sources/TDSNIO/TDSAuthenticationToken.swift /Users/admin/builder/spi-builder-workspace/Sources/TDSNIO/TDSChannelHandler.swift (in target 'TDSNIO' from project 'tds-nio')
SwiftCompile normal arm64 /Users/admin/builder/spi-builder-workspace/Sources/TDSNIO/Statements/TDSTask.swift (in target 'TDSNIO' from project 'tds-nio')
    cd /Users/admin/builder/spi-builder-workspace/.swiftpm/xcode
    builtin-SwiftPerFileCompile TDSTask.swift
SwiftCompile normal arm64 /Users/admin/builder/spi-builder-workspace/Sources/TDSNIO/Statements/TDSTransactionManagerRequest.swift (in target 'TDSNIO' from project 'tds-nio')
    cd /Users/admin/builder/spi-builder-workspace/.swiftpm/xcode
    builtin-SwiftPerFileCompile TDSTransactionManagerRequest.swift
SwiftCompile normal arm64 /Users/admin/builder/spi-builder-workspace/Sources/TDSNIO/TDSAuthenticationChallenge.swift (in target 'TDSNIO' from project 'tds-nio')
    cd /Users/admin/builder/spi-builder-workspace/.swiftpm/xcode
    builtin-SwiftPerFileCompile TDSAuthenticationChallenge.swift
SwiftCompile normal arm64 /Users/admin/builder/spi-builder-workspace/Sources/TDSNIO/TDSAuthenticationToken.swift (in target 'TDSNIO' from project 'tds-nio')
    cd /Users/admin/builder/spi-builder-workspace/.swiftpm/xcode
    builtin-SwiftPerFileCompile TDSAuthenticationToken.swift
SwiftCompile normal arm64 /Users/admin/builder/spi-builder-workspace/Sources/TDSNIO/TDSChannelHandler.swift (in target 'TDSNIO' from project 'tds-nio')
    cd /Users/admin/builder/spi-builder-workspace/.swiftpm/xcode
    builtin-SwiftPerFileCompile TDSChannelHandler.swift
SwiftDriverJobDiscovery normal arm64 Compiling SSLCertificateName.swift, SSLConnection.swift, SSLContext.swift (in target 'NIOSSL' from project 'swift-nio-ssl')
SwiftCompile normal arm64 Compiling\ TDSClientMetrics.swift,\ TDSConnectionFactory.swift,\ TDSBulkLoadRequest.swift,\ TDSQuery.swift,\ TDSRequestContext.swift /Users/admin/builder/spi-builder-workspace/Sources/TDSNIO/Pool/TDSClientMetrics.swift /Users/admin/builder/spi-builder-workspace/Sources/TDSNIO/Pool/TDSConnectionFactory.swift /Users/admin/builder/spi-builder-workspace/Sources/TDSNIO/Statements/TDSBulkLoadRequest.swift /Users/admin/builder/spi-builder-workspace/Sources/TDSNIO/Statements/TDSQuery.swift /Users/admin/builder/spi-builder-workspace/Sources/TDSNIO/Statements/TDSRequestContext.swift (in target 'TDSNIO' from project 'tds-nio')
SwiftCompile normal arm64 /Users/admin/builder/spi-builder-workspace/Sources/TDSNIO/Pool/TDSClientMetrics.swift (in target 'TDSNIO' from project 'tds-nio')
    cd /Users/admin/builder/spi-builder-workspace/.swiftpm/xcode
    builtin-SwiftPerFileCompile TDSClientMetrics.swift
SwiftCompile normal arm64 /Users/admin/builder/spi-builder-workspace/Sources/TDSNIO/Pool/TDSConnectionFactory.swift (in target 'TDSNIO' from project 'tds-nio')
    cd /Users/admin/builder/spi-builder-workspace/.swiftpm/xcode
    builtin-SwiftPerFileCompile TDSConnectionFactory.swift
SwiftCompile normal arm64 /Users/admin/builder/spi-builder-workspace/Sources/TDSNIO/Statements/TDSBulkLoadRequest.swift (in target 'TDSNIO' from project 'tds-nio')
    cd /Users/admin/builder/spi-builder-workspace/.swiftpm/xcode
    builtin-SwiftPerFileCompile TDSBulkLoadRequest.swift
SwiftCompile normal arm64 /Users/admin/builder/spi-builder-workspace/Sources/TDSNIO/Statements/TDSQuery.swift (in target 'TDSNIO' from project 'tds-nio')
    cd /Users/admin/builder/spi-builder-workspace/.swiftpm/xcode
    builtin-SwiftPerFileCompile TDSQuery.swift
SwiftCompile normal arm64 /Users/admin/builder/spi-builder-workspace/Sources/TDSNIO/Statements/TDSRequestContext.swift (in target 'TDSNIO' from project 'tds-nio')
    cd /Users/admin/builder/spi-builder-workspace/.swiftpm/xcode
    builtin-SwiftPerFileCompile TDSRequestContext.swift
SwiftDriverJobDiscovery normal arm64 Compiling TDSSQLError.swift, TDSSessionContext.swift, TDSSessionStateMessage.swift, TDSVersion.swift, TDSNIO+GeneralRules.swift (in target 'TDSNIO' from project 'tds-nio')
SwiftDriver\ Compilation NIOSSL normal arm64 com.apple.xcode.tools.swift.compiler (in target 'NIOSSL' from project 'swift-nio-ssl')
    cd /Users/admin/builder/spi-builder-workspace/.swiftpm/xcode
    builtin-Swift-Compilation -- /Applications/Xcode-27.0.0-Release.Candidate.app/Contents/Developer/Toolchains/XcodeDefault.xctoolchain/usr/bin/swiftc -parse-as-library -module-name NIOSSL -Onone @/Users/admin/builder/spi-builder-workspace/.derivedData/Build/Intermediates.noindex/swift-nio-ssl.build/Debug/NIOSSL-t.build/Objects-normal/arm64/NIOSSL.SwiftFileList -DSWIFT_PACKAGE -DDEBUG -DSWIFT_MODULE_RESOURCE_BUNDLE_AVAILABLE -Xcc -fmodule-map-file\=/Users/admin/builder/spi-builder-workspace/.dependencies/checkouts/swift-atomics/Sources/_AtomicsShims/include/module.modulemap -Xcc -fmodule-map-file\=/Users/admin/builder/spi-builder-workspace/.derivedData/Build/Intermediates.noindex/GeneratedModuleMaps/CNIOPosix.modulemap -Xcc -fmodule-map-file\=/Users/admin/builder/spi-builder-workspace/.derivedData/Build/Intermediates.noindex/GeneratedModuleMaps/CNIOWASI.modulemap -Xcc -fmodule-map-file\=/Users/admin/builder/spi-builder-workspace/.dependencies/checkouts/swift-nio/Sources/CNIOWindows/include/module.modulemap -Xcc -fmodule-map-file\=/Users/admin/builder/spi-builder-workspace/.derivedData/Build/Intermediates.noindex/GeneratedModuleMaps/CNIOLinux.modulemap -Xcc -fmodule-map-file\=/Users/admin/builder/spi-builder-workspace/.derivedData/Build/Intermediates.noindex/GeneratedModuleMaps/CNIODarwin.modulemap -Xcc -fmodule-map-file\=/Users/admin/builder/spi-builder-workspace/.derivedData/Build/Intermediates.noindex/GeneratedModuleMaps/CNIOFreeBSD.modulemap -Xcc -fmodule-map-file\=/Users/admin/builder/spi-builder-workspace/.derivedData/Build/Intermediates.noindex/GeneratedModuleMaps/CNIOOpenBSD.modulemap -Xcc -fmodule-map-file\=/Users/admin/builder/spi-builder-workspace/.derivedData/Build/Intermediates.noindex/GeneratedModuleMaps/CNIOAtomics.modulemap -Xcc -fmodule-map-file\=/Users/admin/builder/spi-builder-workspace/.derivedData/Build/Intermediates.noindex/GeneratedModuleMaps/CNIOBoringSSLShims.modulemap -Xcc -fmodule-map-file\=/Users/admin/builder/spi-builder-workspace/.dependencies/checkouts/swift-nio-ssl/Sources/CNIOBoringSSL/include/module.modulemap -DXcode -enable-upcoming-feature MemberImportVisibility -plugin-path /Applications/Xcode-27.0.0-Release.Candidate.app/Contents/Developer/Toolchains/XcodeDefault.xctoolchain/usr/lib/swift/host/plugins/testing -enable-experimental-feature DebugDescriptionMacro -sdk /Applications/Xcode-27.0.0-Release.Candidate.app/Contents/Developer/Platforms/MacOSX.platform/Developer/SDKs/MacOSX27.0.sdk -target arm64-apple-macos12.0 -g -module-cache-path /Users/admin/builder/spi-builder-workspace/.derivedData/ModuleCache.noindex -Xfrontend -serialize-debugging-options -profile-coverage-mapping -profile-generate -enable-testing -suppress-warnings -index-store-path /Users/admin/builder/spi-builder-workspace/.derivedData/Index.noindex/DataStore -Xcc -D_LIBCPP_HARDENING_MODE\=_LIBCPP_HARDENING_MODE_DEBUG -swift-version 6 -I /Users/admin/builder/spi-builder-workspace/.derivedData/Build/Products/Debug -Isystem /Applications/Xcode-27.0.0-Release.Candidate.app/Contents/Developer/Platforms/MacOSX.platform/Developer/usr/lib -F /Users/admin/builder/spi-builder-workspace/.derivedData/Build/Products/Debug/PackageFrameworks -F /Users/admin/builder/spi-builder-workspace/.derivedData/Build/Products/Debug -F /Applications/Xcode-27.0.0-Release.Candidate.app/Contents/Developer/Platforms/MacOSX.platform/Developer/Library/Frameworks -c -j10 -enable-batch-mode -incremental -Xcc -ivfsstatcache -Xcc /Users/admin/builder/spi-builder-workspace/.derivedData/SDKStatCaches.noindex/macosx27.0-26A425-e829b21a6f8c9b70876ba0858053c0446a22442a12e9d48fe1a705f55a1adfc4.sdkstatcache -output-file-map /Users/admin/builder/spi-builder-workspace/.derivedData/Build/Intermediates.noindex/swift-nio-ssl.build/Debug/NIOSSL-t.build/Objects-normal/arm64/NIOSSL-OutputFileMap.json -save-temps -no-color-diagnostics -explicit-module-build -module-cache-path /Users/admin/builder/spi-builder-workspace/.derivedData/Build/Intermediates.noindex/SwiftExplicitPrecompiledModules -clang-scanner-module-cache-path /Users/admin/builder/spi-builder-workspace/.derivedData/ModuleCache.noindex -sdk-module-cache-path /Users/admin/builder/spi-builder-workspace/.derivedData/SDKExplicitPrecompiledModules -emit-dependencies -emit-module -emit-module-path /Users/admin/builder/spi-builder-workspace/.derivedData/Build/Intermediates.noindex/swift-nio-ssl.build/Debug/NIOSSL-t.build/Objects-normal/arm64/NIOSSL.swiftmodule -serialize-diagnostics -dependency-scan-serialize-diagnostics-path /Users/admin/builder/spi-builder-workspace/.derivedData/Build/Intermediates.noindex/swift-nio-ssl.build/Debug/NIOSSL-t.build/Objects-normal/arm64/NIOSSL-dependency-scan.dia -user-module-version 2.37.5 -validate-clang-modules-once -clang-build-session-file /Users/admin/builder/spi-builder-workspace/.derivedData/ModuleCache.noindex/Session.modulevalidation -Xcc -fmodules-prune-interval\=86400 -Xcc -fmodules-prune-after\=345600 -package-name swift_nio_ssl -emit-const-values -const-gather-protocols-list /Users/admin/builder/spi-builder-workspace/.derivedData/Build/Intermediates.noindex/swift-nio-ssl.build/Debug/NIOSSL-t.build/Objects-normal/arm64/NIOSSL_const_extract_protocols.json -Xcc -I/Users/admin/builder/spi-builder-workspace/.dependencies/checkouts/swift-atomics/Sources/_AtomicsShims/include -Xcc -I/Users/admin/builder/spi-builder-workspace/.dependencies/checkouts/swift-nio/Sources/CNIOPosix/include -Xcc -I/Users/admin/builder/spi-builder-workspace/.dependencies/checkouts/swift-nio/Sources/CNIOWASI/include -Xcc -I/Users/admin/builder/spi-builder-workspace/.dependencies/checkouts/swift-nio/Sources/CNIOWindows/include -Xcc -I/Users/admin/builder/spi-builder-workspace/.dependencies/checkouts/swift-nio/Sources/CNIOLinux/include -Xcc -I/Users/admin/builder/spi-builder-workspace/.dependencies/checkouts/swift-nio/Sources/CNIODarwin/include -Xcc -I/Users/admin/builder/spi-builder-workspace/.dependencies/checkouts/swift-nio/Sources/CNIOFreeBSD/include -Xcc -I/Users/admin/builder/spi-builder-workspace/.dependencies/checkouts/swift-nio/Sources/CNIOOpenBSD/include -Xcc -I/Users/admin/builder/spi-builder-workspace/.dependencies/checkouts/swift-nio/Sources/CNIOAtomics/include -Xcc -I/Users/admin/builder/spi-builder-workspace/.dependencies/checkouts/swift-nio-ssl/Sources/CNIOBoringSSLShims/include -Xcc -I/Users/admin/builder/spi-builder-workspace/.dependencies/checkouts/swift-nio-ssl/Sources/CNIOBoringSSL/include -Xcc -I/Users/admin/builder/spi-builder-workspace/.derivedData/Build/Products/Debug/include -Xcc -I/Users/admin/builder/spi-builder-workspace/.derivedData/Build/Intermediates.noindex/swift-nio-ssl.build/Debug/NIOSSL-t.build/DerivedSources-normal/arm64 -Xcc -I/Users/admin/builder/spi-builder-workspace/.derivedData/Build/Intermediates.noindex/swift-nio-ssl.build/Debug/NIOSSL-t.build/DerivedSources/arm64 -Xcc -I/Users/admin/builder/spi-builder-workspace/.derivedData/Build/Intermediates.noindex/swift-nio-ssl.build/Debug/NIOSSL-t.build/DerivedSources -Xcc -DSWIFT_PACKAGE -Xcc -DDEBUG\=1 -emit-objc-header -emit-objc-header-path /Users/admin/builder/spi-builder-workspace/.derivedData/Build/Intermediates.noindex/swift-nio-ssl.build/Debug/NIOSSL-t.build/Objects-normal/arm64/NIOSSL-Swift.h -working-directory /Users/admin/builder/spi-builder-workspace/.swiftpm/xcode -experimental-emit-module-separately -disable-cmo
SwiftDriverJobDiscovery normal arm64 Compiling TDSRowDecodable.swift, TDSTableValuedParameter.swift, ByteBuffer+PrepareSend.swift, Logging+TDS.swift, TinySequence.swift (in target 'TDSNIO' from project 'tds-nio')
Ld /Users/admin/builder/spi-builder-workspace/.derivedData/Build/Products/Debug/NIOSSL.o normal (in target 'NIOSSL' from project 'swift-nio-ssl')
    cd /Users/admin/builder/spi-builder-workspace/.dependencies/checkouts/swift-nio-ssl
    /Applications/Xcode-27.0.0-Release.Candidate.app/Contents/Developer/Toolchains/XcodeDefault.xctoolchain/usr/bin/clang -Xlinker -reproducible -target arm64-apple-macos12.0 -r -isysroot /Applications/Xcode-27.0.0-Release.Candidate.app/Contents/Developer/Platforms/MacOSX.platform/Developer/SDKs/MacOSX27.0.sdk -O0 -w -Xlinker -no_warn_duplicate_libraries -F/Users/admin/builder/spi-builder-workspace/.derivedData/Build/Intermediates.noindex/EagerLinkingTBDs/Debug -F/Users/admin/builder/spi-builder-workspace/.derivedData/Build/Products/Debug/PackageFrameworks -F/Users/admin/builder/spi-builder-workspace/.derivedData/Build/Products/Debug -iframework /Applications/Xcode-27.0.0-Release.Candidate.app/Contents/Developer/Platforms/MacOSX.platform/Developer/Library/Frameworks -filelist /Users/admin/builder/spi-builder-workspace/.derivedData/Build/Intermediates.noindex/swift-nio-ssl.build/Debug/NIOSSL-t.build/Objects-normal/arm64/NIOSSL.LinkFileList -nostdlib -Xlinker -object_path_lto -Xlinker /Users/admin/builder/spi-builder-workspace/.derivedData/Build/Intermediates.noindex/swift-nio-ssl.build/Debug/NIOSSL-t.build/Objects-normal/arm64/NIOSSL_lto.o -Xlinker -no_deduplicate -Xlinker -debug_variant -Xlinker -dependency_info -Xlinker /Users/admin/builder/spi-builder-workspace/.derivedData/Build/Intermediates.noindex/swift-nio-ssl.build/Debug/NIOSSL-t.build/Objects-normal/arm64/NIOSSL_dependency_info.dat -fobjc-link-runtime -L/Applications/Xcode-27.0.0-Release.Candidate.app/Contents/Developer/Toolchains/XcodeDefault.xctoolchain/usr/lib/swift/macosx -L/usr/lib/swift -Xlinker -add_ast_path -Xlinker /Users/admin/builder/spi-builder-workspace/.derivedData/Build/Intermediates.noindex/swift-nio-ssl.build/Debug/NIOSSL-t.build/Objects-normal/arm64/NIOSSL.swiftmodule -o /Users/admin/builder/spi-builder-workspace/.derivedData/Build/Products/Debug/NIOSSL.o
ExtractAppIntentsMetadata (in target 'NIOSSL' from project 'swift-nio-ssl')
    cd /Users/admin/builder/spi-builder-workspace/.dependencies/checkouts/swift-nio-ssl
    /Applications/Xcode-27.0.0-Release.Candidate.app/Contents/Developer/Toolchains/XcodeDefault.xctoolchain/usr/bin/appintentsmetadataprocessor --toolchain-dir /var/run/com.apple.security.cryptexd/mnt/com.apple.MobileAsset.MetalToolchain-v27.1.266.1.LPgnVi/Metal.xctoolchain --module-name NIOSSL --sdk-root /Applications/Xcode-27.0.0-Release.Candidate.app/Contents/Developer/Platforms/MacOSX.platform/Developer/SDKs/MacOSX27.0.sdk --xcode-version 27A266a --platform-family macOS --deployment-target 12.0 --bundle-identifier swift-nio-ssl.NIOSSL --output /Users/admin/builder/spi-builder-workspace/.derivedData/Build/Products/Debug/NIOSSL.appintents --target-triple arm64-apple-macos12.0 --binary-file /Users/admin/builder/spi-builder-workspace/.derivedData/Build/Products/Debug/NIOSSL.o --dependency-file /Users/admin/builder/spi-builder-workspace/.derivedData/Build/Intermediates.noindex/swift-nio-ssl.build/Debug/NIOSSL-t.build/Objects-normal/arm64/NIOSSL_dependency_info.dat --stringsdata-file /Users/admin/builder/spi-builder-workspace/.derivedData/Build/Intermediates.noindex/swift-nio-ssl.build/Debug/NIOSSL-t.build/Objects-normal/arm64/ExtractedAppShortcutsMetadata.stringsdata --source-file-list /Users/admin/builder/spi-builder-workspace/.derivedData/Build/Intermediates.noindex/swift-nio-ssl.build/Debug/NIOSSL-t.build/Objects-normal/arm64/NIOSSL.SwiftFileList --metadata-file-list /Users/admin/builder/spi-builder-workspace/.derivedData/Build/Intermediates.noindex/swift-nio-ssl.build/Debug/NIOSSL-t.build/NIOSSL.DependencyMetadataFileList --static-metadata-file-list /Users/admin/builder/spi-builder-workspace/.derivedData/Build/Intermediates.noindex/swift-nio-ssl.build/Debug/NIOSSL-t.build/NIOSSL.DependencyStaticMetadataFileList --swift-const-vals-list /Users/admin/builder/spi-builder-workspace/.derivedData/Build/Intermediates.noindex/swift-nio-ssl.build/Debug/NIOSSL-t.build/Objects-normal/arm64/NIOSSL.SwiftConstValuesFileList --force --compile-time-extraction --deployment-aware-processing --no-app-shortcuts-localization
2026-09-25 09:51:26.205 appintentsmetadataprocessor[3650:12228] Starting appintentsmetadataprocessor export
SwiftDriverJobDiscovery normal arm64 Compiling TDSEnvChangeMessage.swift, TDSEventsHandler.swift, TDSInfoMessage.swift, TDSRowSequence.swift, TDSRowStream.swift (in target 'TDSNIO' from project 'tds-nio')
PruneExplicitPrecompiledModules /Users/admin/builder/spi-builder-workspace/.derivedData/SDKExplicitPrecompiledModules
PruneExplicitPrecompiledModules /Users/admin/builder/spi-builder-workspace/.derivedData/Build/Intermediates.noindex/ExplicitPrecompiledModules
PruneExplicitPrecompiledModules /Users/admin/builder/spi-builder-workspace/.derivedData/Build/Intermediates.noindex/SwiftExplicitPrecompiledModules
2026-09-25 09:50:29.787 xcodebuild[1236:6502] [MT] IDERunDestination: Supported platforms for the buildables in the current scheme is empty.
--- xcodebuild: WARNING: Using the first of multiple matching destinations:
{ platform:macOS, arch:arm64, id:5e659816ae5e2fffdd02e2af09c181db20c6f847, name:My Mac }
{ platform:macOS, arch:arm64, variant:Mac Catalyst, id:5e659816ae5e2fffdd02e2af09c181db20c6f847, name:My Mac }
{ platform:macOS, arch:arm64, variant:DriverKit, id:5e659816ae5e2fffdd02e2af09c181db20c6f847, name:My Mac }
{ platform:macOS, arch:arm64, variant:Designed for [iPad,iPhone], id:5e659816ae5e2fffdd02e2af09c181db20c6f847, name:My Mac }
** BUILD FAILED **
The following build commands failed:
	SwiftCompile normal arm64 Compiling\ TDSBackendMessage.swift,\ TDSPacket+MessageType.swift,\ TDSPacket+Status.swift,\ TDSPacket.swift,\ TDSClient.swift /Users/admin/builder/spi-builder-workspace/Sources/TDSNIO/Messages/TDSBackendMessage.swift /Users/admin/builder/spi-builder-workspace/Sources/TDSNIO/Messages/TDSPacket+MessageType.swift /Users/admin/builder/spi-builder-workspace/Sources/TDSNIO/Messages/TDSPacket+Status.swift /Users/admin/builder/spi-builder-workspace/Sources/TDSNIO/Messages/TDSPacket.swift /Users/admin/builder/spi-builder-workspace/Sources/TDSNIO/Pool/TDSClient.swift (in target 'TDSNIO' from project 'tds-nio')
	SwiftCompile normal arm64 /Users/admin/builder/spi-builder-workspace/Sources/TDSNIO/Pool/TDSClient.swift (in target 'TDSNIO' from project 'tds-nio')
	Building workspace tds-nio with scheme tds-nio
(3 failures)
Command line invocation:
    /Applications/Xcode-27.0.0-Release.Candidate.app/Contents/Developer/usr/bin/xcodebuild -IDEClonedSourcePackagesDirPathOverride=/Users/admin/builder/spi-builder-workspace/.dependencies -resolvePackageDependencies
Resolve Package Graph
Resolved source packages:
  swift-nio-ssl: https://github.com/apple/swift-nio-ssl.git @ 2.37.5
  swift-nio: https://github.com/apple/swift-nio.git @ 2.103.0
  tds-nio: /Users/admin/builder/spi-builder-workspace
  swift-system: https://github.com/apple/swift-system.git @ 1.8.1
  swift-service-context: https://github.com/apple/swift-service-context.git @ 1.3.0
  swift-log: https://github.com/apple/swift-log.git @ 1.15.1
  swift-crypto: https://github.com/apple/swift-crypto.git @ 4.5.2
  swift-distributed-tracing: https://github.com/apple/swift-distributed-tracing.git @ 1.5.0
  swift-collections: https://github.com/apple/swift-collections.git @ 1.7.0
  swift-service-lifecycle: https://github.com/swift-server/swift-service-lifecycle.git @ 2.12.0
  swift-async-algorithms: https://github.com/apple/swift-async-algorithms.git @ 1.1.6
  postgres-nio: https://github.com/vapor/postgres-nio.git @ 1.33.1
  swift-metrics: https://github.com/apple/swift-metrics.git @ 2.11.0
  swift-atomics: https://github.com/apple/swift-atomics.git @ 1.3.1
  swift-asn1: https://github.com/apple/swift-asn1.git @ 1.7.3
  swift-nio-transport-services: https://github.com/apple/swift-nio-transport-services.git @ 1.28.0
resolved source packages: swift-nio-ssl, swift-nio, tds-nio, swift-system, swift-service-context, swift-log, swift-crypto, swift-distributed-tracing, swift-collections, swift-service-lifecycle, swift-async-algorithms, postgres-nio, swift-metrics, swift-atomics, swift-asn1, swift-nio-transport-services
2026-09-25 09:51:28.577 xcodebuild[3651:12270] [MT] IDERunDestination: Supported platforms for the buildables in the current scheme is empty.
{
  "dependencies" : [
    {
      "identity" : "swift-log",
      "requirement" : {
        "range" : [
          {
            "lower_bound" : "1.5.4",
            "upper_bound" : "2.0.0"
          }
        ]
      },
      "type" : "sourceControl",
      "url" : "https://github.com/apple/swift-log.git"
    },
    {
      "identity" : "swift-nio",
      "requirement" : {
        "range" : [
          {
            "lower_bound" : "2.81.0",
            "upper_bound" : "3.0.0"
          }
        ]
      },
      "type" : "sourceControl",
      "url" : "https://github.com/apple/swift-nio.git"
    },
    {
      "identity" : "swift-nio-transport-services",
      "requirement" : {
        "range" : [
          {
            "lower_bound" : "1.23.0",
            "upper_bound" : "2.0.0"
          }
        ]
      },
      "type" : "sourceControl",
      "url" : "https://github.com/apple/swift-nio-transport-services.git"
    },
    {
      "identity" : "swift-nio-ssl",
      "requirement" : {
        "range" : [
          {
            "lower_bound" : "2.29.0",
            "upper_bound" : "3.0.0"
          }
        ]
      },
      "type" : "sourceControl",
      "url" : "https://github.com/apple/swift-nio-ssl.git"
    },
    {
      "identity" : "swift-crypto",
      "requirement" : {
        "range" : [
          {
            "lower_bound" : "3.9.0",
            "upper_bound" : "5.0.0"
          }
        ]
      },
      "type" : "sourceControl",
      "url" : "https://github.com/apple/swift-crypto.git"
    },
    {
      "identity" : "swift-distributed-tracing",
      "requirement" : {
        "range" : [
          {
            "lower_bound" : "1.3.0",
            "upper_bound" : "2.0.0"
          }
        ]
      },
      "type" : "sourceControl",
      "url" : "https://github.com/apple/swift-distributed-tracing.git"
    },
    {
      "identity" : "swift-service-lifecycle",
      "requirement" : {
        "range" : [
          {
            "lower_bound" : "2.6.0",
            "upper_bound" : "3.0.0"
          }
        ]
      },
      "type" : "sourceControl",
      "url" : "https://github.com/swift-server/swift-service-lifecycle.git"
    },
    {
      "identity" : "postgres-nio",
      "requirement" : {
        "range" : [
          {
            "lower_bound" : "1.21.4",
            "upper_bound" : "2.0.0"
          }
        ]
      },
      "type" : "sourceControl",
      "url" : "https://github.com/vapor/postgres-nio.git"
    }
  ],
  "manifest_display_name" : "tds-nio",
  "name" : "tds-nio",
  "path" : "/Users/admin/builder/spi-builder-workspace",
  "platforms" : [
    {
      "name" : "macos",
      "version" : "13.0"
    },
    {
      "name" : "ios",
      "version" : "16.0"
    },
    {
      "name" : "tvos",
      "version" : "16.0"
    },
    {
      "name" : "watchos",
      "version" : "9.0"
    },
    {
      "name" : "visionos",
      "version" : "1.0"
    }
  ],
  "products" : [
    {
      "name" : "TDSNIO",
      "targets" : [
        "TDSNIO"
      ],
      "type" : {
        "library" : [
          "automatic"
        ]
      }
    },
    {
      "name" : "TDSClient",
      "targets" : [
        "TDSClient"
      ],
      "type" : {
        "snippet" : null
      }
    },
    {
      "name" : "TDSConnection",
      "targets" : [
        "TDSConnection"
      ],
      "type" : {
        "snippet" : null
      }
    }
  ],
  "targets" : [
    {
      "c99name" : "TDSNIOTests",
      "module_type" : "SwiftTarget",
      "name" : "TDSNIOTests",
      "path" : "Tests/TDSNIOTests",
      "product_dependencies" : [
        "InMemoryTracing",
        "NIOTestUtils"
      ],
      "sources" : [
        "ConfigurationTests.swift",
        "ConnectionStateMachine/ConnectionStateMachineTests.swift",
        "Data/TDSDataTests.swift",
        "DistributedTracingTests.swift",
        "Messages/TDSMessageTests.swift",
        "Pool/TDSClientTests.swift",
        "Statements/TDSStatementTests.swift",
        "TDSConnectionTests.swift",
        "TDSRowStreamTests.swift",
        "TDSTests.swift",
        "TestUtils/TDSNIOTestSupport.swift",
        "TestUtils/TestingAssertions.swift"
      ],
      "target_dependencies" : [
        "TDSNIO"
      ],
      "type" : "test"
    },
    {
      "c99name" : "TDSNIO",
      "module_type" : "SwiftTarget",
      "name" : "TDSNIO",
      "path" : "Sources/TDSNIO",
      "product_dependencies" : [
        "Logging",
        "NIO",
        "NIOCore",
        "NIOPosix",
        "NIOTransportServices",
        "NIOSSL",
        "NIOTLS",
        "Crypto",
        "_CryptoExtras",
        "Tracing",
        "ServiceLifecycle",
        "_ConnectionPoolModule"
      ],
      "product_memberships" : [
        "TDSNIO",
        "TDSClient",
        "TDSConnection"
      ],
      "sources" : [
        "Capabilities.swift",
        "Connection/TDSConnection+BulkLoad.swift",
        "Connection/TDSConnection+Configuration.swift",
        "Connection/TDSConnection+Query.swift",
        "Connection/TDSConnection+Transaction.swift",
        "Connection/TDSConnection.swift",
        "Connection/TDSPreloginTLSHandler.swift",
        "ConnectionStateMachine/AuthenticationStateMachine.swift",
        "ConnectionStateMachine/ConnectionStateMachine.swift",
        "ConnectionStateMachine/RowStreamStateMachine.swift",
        "ConnectionStateMachine/StatementStateMachine.swift",
        "Data/TDSCodable.swift",
        "Data/TDSData.swift",
        "Data/TDSDecodable.swift",
        "Data/TDSJSON.swift",
        "Data/TDSRowDecodable.swift",
        "Data/TDSTableValuedParameter.swift",
        "Extensions/ByteBuffer/ByteBuffer+PrepareSend.swift",
        "Extensions/Logging+TDS.swift",
        "Helper/TinySequence.swift",
        "Messages/Coding/TDSBackendMessageDecoder.swift",
        "Messages/Coding/TDSFrontendMessageEncoder.swift",
        "Messages/Coding/TDSFrontendMessagePostProcessor.swift",
        "Messages/Coding/TDSMessageDecodingError.swift",
        "Messages/Coding/TDSPartialDecodingError.swift",
        "Messages/TDSBackendMessage.swift",
        "Messages/TDSPacket+MessageType.swift",
        "Messages/TDSPacket+Status.swift",
        "Messages/TDSPacket.swift",
        "Pool/TDSClient.swift",
        "Pool/TDSClientMetrics.swift",
        "Pool/TDSConnectionFactory.swift",
        "Statements/TDSBulkLoadRequest.swift",
        "Statements/TDSQuery.swift",
        "Statements/TDSRequestContext.swift",
        "Statements/TDSTask.swift",
        "Statements/TDSTransactionManagerRequest.swift",
        "TDSAuthenticationChallenge.swift",
        "TDSAuthenticationToken.swift",
        "TDSChannelHandler.swift",
        "TDSEnvChangeMessage.swift",
        "TDSEventsHandler.swift",
        "TDSInfoMessage.swift",
        "TDSRowSequence.swift",
        "TDSRowStream.swift",
        "TDSSQLError.swift",
        "TDSSessionContext.swift",
        "TDSSessionStateMessage.swift",
        "TDSVersion.swift",
        "Utilities/TDSNIO+GeneralRules.swift"
      ],
      "type" : "library"
    },
    {
      "c99name" : "IntegrationTests",
      "module_type" : "SwiftTarget",
      "name" : "IntegrationTests",
      "path" : "Tests/IntegrationTests",
      "product_dependencies" : [
        "Logging",
        "NIOConcurrencyHelpers",
        "NIOCore",
        "NIOPosix",
        "NIOSSL"
      ],
      "sources" : [
        "TDSClientIntegrationTests.swift",
        "TDSNIOIntegrationTests.swift",
        "TestingAssertions.swift",
        "Utility.swift"
      ],
      "target_dependencies" : [
        "TDSNIO"
      ],
      "type" : "test"
    },
    {
      "c99name" : "TDSClient",
      "module_type" : "SwiftTarget",
      "name" : "TDSClient",
      "path" : "Snippets",
      "product_memberships" : [
        "TDSClient"
      ],
      "sources" : [
        "TDSClient.swift"
      ],
      "target_dependencies" : [
        "TDSNIO"
      ],
      "type" : "snippet"
    },
    {
      "c99name" : "TDSConnection",
      "module_type" : "SwiftTarget",
      "name" : "TDSConnection",
      "path" : "Snippets",
      "product_memberships" : [
        "TDSConnection"
      ],
      "sources" : [
        "TDSConnection.swift"
      ],
      "target_dependencies" : [
        "TDSNIO"
      ],
      "type" : "snippet"
    }
  ],
  "tools_version" : "6.1"
}
{
  "workspace" : {
    "name" : "tds-nio",
    "schemes" : [
      "tds-nio"
    ]
  }
}
2026-09-25 09:51:30.755 xcodebuild[3659:12336] [MT] IDERunDestination: Supported platforms for the buildables in the current scheme is empty.
Running build ...
env DEVELOPER_DIR=/Applications/Xcode-27.0.0-Release.Candidate.app xcrun xcodebuild -IDEClonedSourcePackagesDirPathOverride=$PWD/.dependencies -skipMacroValidation -skipPackagePluginValidation -derivedDataPath $PWD/.derivedData build -scheme tds-nio -destination platform=macOS,arch=arm64
Command line invocation:
    /Applications/Xcode-27.0.0-Release.Candidate.app/Contents/Developer/usr/bin/xcodebuild -IDEClonedSourcePackagesDirPathOverride=/Users/admin/builder/spi-builder-workspace/.dependencies -skipMacroValidation -skipPackagePluginValidation -derivedDataPath /Users/admin/builder/spi-builder-workspace/.derivedData build -scheme tds-nio -destination platform=macOS,arch=arm64
Resolve Package Graph
Resolved source packages:
  swift-system: https://github.com/apple/swift-system.git @ 1.8.1
  swift-metrics: https://github.com/apple/swift-metrics.git @ 2.11.0
  swift-log: https://github.com/apple/swift-log.git @ 1.15.1
  swift-atomics: https://github.com/apple/swift-atomics.git @ 1.3.1
  swift-distributed-tracing: https://github.com/apple/swift-distributed-tracing.git @ 1.5.0
  tds-nio: /Users/admin/builder/spi-builder-workspace
  swift-nio: https://github.com/apple/swift-nio.git @ 2.103.0
  swift-async-algorithms: https://github.com/apple/swift-async-algorithms.git @ 1.1.6
  swift-nio-transport-services: https://github.com/apple/swift-nio-transport-services.git @ 1.28.0
  swift-service-context: https://github.com/apple/swift-service-context.git @ 1.3.0
  swift-service-lifecycle: https://github.com/swift-server/swift-service-lifecycle.git @ 2.12.0
  postgres-nio: https://github.com/vapor/postgres-nio.git @ 1.33.1
  swift-collections: https://github.com/apple/swift-collections.git @ 1.7.0
  swift-nio-ssl: https://github.com/apple/swift-nio-ssl.git @ 2.37.5
  swift-crypto: https://github.com/apple/swift-crypto.git @ 4.5.2
  swift-asn1: https://github.com/apple/swift-asn1.git @ 1.7.3
ComputePackagePrebuildTargetDependencyGraph
Prepare packages
CreateBuildRequest
SendProjectDescription
CreateBuildOperation
ComputeTargetDependencyGraph
note: Building targets in dependency order
note: Target dependency graph (73 targets)
    Target 'TDSNIO-product' in project 'tds-nio'
        ➜ Explicit dependency on target 'TDSNIO' in project 'tds-nio'
        ➜ Explicit dependency on target 'Logging-product' in project 'swift-log'
        ➜ Explicit dependency on target 'NIO-product' in project 'swift-nio'
        ➜ Explicit dependency on target 'NIOCore-product' in project 'swift-nio'
        ➜ Explicit dependency on target 'NIOPosix-product' in project 'swift-nio'
        ➜ Explicit dependency on target 'NIOTransportServices-product' in project 'swift-nio-transport-services'
        ➜ Explicit dependency on target 'NIOSSL-product' in project 'swift-nio-ssl'
        ➜ Explicit dependency on target 'NIOTLS-product' in project 'swift-nio'
        ➜ Explicit dependency on target 'Crypto-product' in project 'swift-crypto'
        ➜ Explicit dependency on target '_CryptoExtras-product' in project 'swift-crypto'
        ➜ Explicit dependency on target 'Tracing-product' in project 'swift-distributed-tracing'
        ➜ Explicit dependency on target 'ServiceLifecycle-product' in project 'swift-service-lifecycle'
        ➜ Explicit dependency on target '_ConnectionPoolModule-product' in project 'postgres-nio'
    Target 'TDSNIO' in project 'tds-nio'
        ➜ Explicit dependency on target 'Logging-product' in project 'swift-log'
        ➜ Explicit dependency on target 'NIO-product' in project 'swift-nio'
        ➜ Explicit dependency on target 'NIOCore-product' in project 'swift-nio'
        ➜ Explicit dependency on target 'NIOPosix-product' in project 'swift-nio'
        ➜ Explicit dependency on target 'NIOTransportServices-product' in project 'swift-nio-transport-services'
        ➜ Explicit dependency on target 'NIOSSL-product' in project 'swift-nio-ssl'
        ➜ Explicit dependency on target 'NIOTLS-product' in project 'swift-nio'
        ➜ Explicit dependency on target 'Crypto-product' in project 'swift-crypto'
        ➜ Explicit dependency on target '_CryptoExtras-product' in project 'swift-crypto'
        ➜ Explicit dependency on target 'Tracing-product' in project 'swift-distributed-tracing'
        ➜ Explicit dependency on target 'ServiceLifecycle-product' in project 'swift-service-lifecycle'
        ➜ Explicit dependency on target '_ConnectionPoolModule-product' in project 'postgres-nio'
    Target '_ConnectionPoolModule-product' in project 'postgres-nio'
        ➜ Explicit dependency on target '_ConnectionPoolModule' in project 'postgres-nio'
        ➜ Explicit dependency on target 'Atomics-product' in project 'swift-atomics'
        ➜ Explicit dependency on target 'DequeModule-product' in project 'swift-collections'
    Target '_ConnectionPoolModule' in project 'postgres-nio'
        ➜ Explicit dependency on target 'Atomics-product' in project 'swift-atomics'
        ➜ Explicit dependency on target 'DequeModule-product' in project 'swift-collections'
    Target 'ServiceLifecycle-product' in project 'swift-service-lifecycle'
        ➜ Explicit dependency on target 'ServiceLifecycle' in project 'swift-service-lifecycle'
        ➜ Explicit dependency on target 'ConcurrencyHelpers' in project 'swift-service-lifecycle'
        ➜ Explicit dependency on target 'UnixSignals' in project 'swift-service-lifecycle'
        ➜ Explicit dependency on target 'Logging-product' in project 'swift-log'
        ➜ Explicit dependency on target 'AsyncAlgorithms-product' in project 'swift-async-algorithms'
    Target 'ServiceLifecycle' in project 'swift-service-lifecycle'
        ➜ Explicit dependency on target 'ConcurrencyHelpers' in project 'swift-service-lifecycle'
        ➜ Explicit dependency on target 'UnixSignals' in project 'swift-service-lifecycle'
        ➜ Explicit dependency on target 'Logging-product' in project 'swift-log'
        ➜ Explicit dependency on target 'AsyncAlgorithms-product' in project 'swift-async-algorithms'
    Target 'AsyncAlgorithms-product' in project 'swift-async-algorithms'
        ➜ Explicit dependency on target 'AsyncAlgorithms' in project 'swift-async-algorithms'
        ➜ Explicit dependency on target 'OrderedCollections-product' in project 'swift-collections'
        ➜ Explicit dependency on target 'DequeModule-product' in project 'swift-collections'
    Target 'AsyncAlgorithms' in project 'swift-async-algorithms'
        ➜ Explicit dependency on target 'OrderedCollections-product' in project 'swift-collections'
        ➜ Explicit dependency on target 'DequeModule-product' in project 'swift-collections'
    Target 'OrderedCollections-product' in project 'swift-collections'
        ➜ Explicit dependency on target 'OrderedCollections' in project 'swift-collections'
        ➜ Explicit dependency on target 'InternalCollectionsUtilities' in project 'swift-collections'
    Target 'OrderedCollections' in project 'swift-collections'
        ➜ Explicit dependency on target 'InternalCollectionsUtilities' in project 'swift-collections'
    Target 'UnixSignals' in project 'swift-service-lifecycle'
        ➜ Explicit dependency on target 'ConcurrencyHelpers' in project 'swift-service-lifecycle'
    Target 'ConcurrencyHelpers' in project 'swift-service-lifecycle' (no dependencies)
    Target 'Tracing-product' in project 'swift-distributed-tracing'
        ➜ Explicit dependency on target 'Tracing' in project 'swift-distributed-tracing'
        ➜ Explicit dependency on target 'Instrumentation' in project 'swift-distributed-tracing'
        ➜ Explicit dependency on target 'ServiceContextModule-product' in project 'swift-service-context'
    Target 'Tracing' in project 'swift-distributed-tracing'
        ➜ Explicit dependency on target 'Instrumentation' in project 'swift-distributed-tracing'
        ➜ Explicit dependency on target 'ServiceContextModule-product' in project 'swift-service-context'
    Target 'Instrumentation' in project 'swift-distributed-tracing'
        ➜ Explicit dependency on target 'ServiceContextModule-product' in project 'swift-service-context'
    Target 'ServiceContextModule-product' in project 'swift-service-context'
        ➜ Explicit dependency on target 'ServiceContextModule' in project 'swift-service-context'
    Target 'ServiceContextModule' in project 'swift-service-context' (no dependencies)
    Target '_CryptoExtras-product' in project 'swift-crypto'
        ➜ Explicit dependency on target '_CryptoExtras' in project 'swift-crypto'
        ➜ Explicit dependency on target 'CCryptoBoringSSL' in project 'swift-crypto'
        ➜ Explicit dependency on target 'CCryptoBoringSSLShims' in project 'swift-crypto'
        ➜ Explicit dependency on target 'CryptoBoringWrapper' in project 'swift-crypto'
        ➜ Explicit dependency on target 'Crypto' in project 'swift-crypto'
        ➜ Explicit dependency on target 'CryptoExtras' in project 'swift-crypto'
        ➜ Explicit dependency on target 'SwiftASN1-product' in project 'swift-asn1'
    Target '_CryptoExtras' in project 'swift-crypto'
        ➜ Explicit dependency on target 'CCryptoBoringSSL' in project 'swift-crypto'
        ➜ Explicit dependency on target 'CCryptoBoringSSLShims' in project 'swift-crypto'
        ➜ Explicit dependency on target 'CryptoBoringWrapper' in project 'swift-crypto'
        ➜ Explicit dependency on target 'Crypto' in project 'swift-crypto'
        ➜ Explicit dependency on target 'CryptoExtras' in project 'swift-crypto'
        ➜ Explicit dependency on target 'SwiftASN1-product' in project 'swift-asn1'
    Target 'CryptoExtras' in project 'swift-crypto'
        ➜ Explicit dependency on target 'swift-crypto_CryptoExtras' in project 'swift-crypto'
        ➜ Explicit dependency on target 'CCryptoBoringSSL' in project 'swift-crypto'
        ➜ Explicit dependency on target 'CCryptoBoringSSLShims' in project 'swift-crypto'
        ➜ Explicit dependency on target 'CryptoBoringWrapper' in project 'swift-crypto'
        ➜ Explicit dependency on target 'Crypto' in project 'swift-crypto'
        ➜ Explicit dependency on target 'SwiftASN1-product' in project 'swift-asn1'
    Target 'SwiftASN1-product' in project 'swift-asn1'
        ➜ Explicit dependency on target 'SwiftASN1' in project 'swift-asn1'
    Target 'SwiftASN1' in project 'swift-asn1' (no dependencies)
    Target 'swift-crypto_CryptoExtras' in project 'swift-crypto' (no dependencies)
    Target 'CryptoBoringWrapper' in project 'swift-crypto'
        ➜ Explicit dependency on target 'swift-crypto_CryptoBoringWrapper' in project 'swift-crypto'
        ➜ Explicit dependency on target 'CCryptoBoringSSL' in project 'swift-crypto'
        ➜ Explicit dependency on target 'CCryptoBoringSSLShims' in project 'swift-crypto'
    Target 'swift-crypto_CryptoBoringWrapper' in project 'swift-crypto' (no dependencies)
    Target 'CCryptoBoringSSLShims' in project 'swift-crypto'
        ➜ Explicit dependency on target 'swift-crypto_CCryptoBoringSSLShims' in project 'swift-crypto'
        ➜ Explicit dependency on target 'CCryptoBoringSSL' in project 'swift-crypto'
    Target 'swift-crypto_CCryptoBoringSSLShims' in project 'swift-crypto' (no dependencies)
    Target 'CCryptoBoringSSL' in project 'swift-crypto'
        ➜ Explicit dependency on target 'swift-crypto_CCryptoBoringSSL' in project 'swift-crypto'
    Target 'swift-crypto_CCryptoBoringSSL' in project 'swift-crypto' (no dependencies)
    Target 'Crypto-product' in project 'swift-crypto'
        ➜ Explicit dependency on target 'Crypto' in project 'swift-crypto'
        ➜ Explicit dependency on target 'swift-crypto_Crypto' in project 'swift-crypto'
    Target 'Crypto' in project 'swift-crypto'
        ➜ Explicit dependency on target 'swift-crypto_Crypto' in project 'swift-crypto'
    Target 'swift-crypto_Crypto' in project 'swift-crypto' (no dependencies)
    Target 'NIOSSL-product' in project 'swift-nio-ssl'
        ➜ Explicit dependency on target 'NIOSSL' in project 'swift-nio-ssl'
        ➜ Explicit dependency on target 'swift-nio-ssl_NIOSSL' in project 'swift-nio-ssl'
        ➜ Explicit dependency on target 'CNIOBoringSSL' in project 'swift-nio-ssl'
        ➜ Explicit dependency on target 'CNIOBoringSSLShims' in project 'swift-nio-ssl'
        ➜ Explicit dependency on target 'NIO-product' in project 'swift-nio'
        ➜ Explicit dependency on target 'NIOCore-product' in project 'swift-nio'
        ➜ Explicit dependency on target 'NIOConcurrencyHelpers-product' in project 'swift-nio'
        ➜ Explicit dependency on target 'NIOTLS-product' in project 'swift-nio'
    Target 'NIOSSL' in project 'swift-nio-ssl'
        ➜ Explicit dependency on target 'swift-nio-ssl_NIOSSL' in project 'swift-nio-ssl'
        ➜ Explicit dependency on target 'CNIOBoringSSL' in project 'swift-nio-ssl'
        ➜ Explicit dependency on target 'CNIOBoringSSLShims' in project 'swift-nio-ssl'
        ➜ Explicit dependency on target 'NIO-product' in project 'swift-nio'
        ➜ Explicit dependency on target 'NIOCore-product' in project 'swift-nio'
        ➜ Explicit dependency on target 'NIOConcurrencyHelpers-product' in project 'swift-nio'
        ➜ Explicit dependency on target 'NIOTLS-product' in project 'swift-nio'
    Target 'NIOConcurrencyHelpers-product' in project 'swift-nio'
        ➜ Explicit dependency on target 'NIOConcurrencyHelpers' in project 'swift-nio'
        ➜ Explicit dependency on target 'CNIOAtomics' in project 'swift-nio'
    Target 'CNIOBoringSSLShims' in project 'swift-nio-ssl'
        ➜ Explicit dependency on target 'CNIOBoringSSL' in project 'swift-nio-ssl'
    Target 'CNIOBoringSSL' in project 'swift-nio-ssl' (no dependencies)
    Target 'swift-nio-ssl_NIOSSL' in project 'swift-nio-ssl' (no dependencies)
    Target 'NIOTransportServices-product' in project 'swift-nio-transport-services'
        ➜ Explicit dependency on target 'NIOTransportServices' in project 'swift-nio-transport-services'
        ➜ Explicit dependency on target 'NIO-product' in project 'swift-nio'
        ➜ Explicit dependency on target 'NIOCore-product' in project 'swift-nio'
        ➜ Explicit dependency on target 'NIOFoundationCompat-product' in project 'swift-nio'
        ➜ Explicit dependency on target 'NIOTLS-product' in project 'swift-nio'
        ➜ Explicit dependency on target 'Atomics-product' in project 'swift-atomics'
    Target 'NIOTransportServices' in project 'swift-nio-transport-services'
        ➜ Explicit dependency on target 'NIO-product' in project 'swift-nio'
        ➜ Explicit dependency on target 'NIOCore-product' in project 'swift-nio'
        ➜ Explicit dependency on target 'NIOFoundationCompat-product' in project 'swift-nio'
        ➜ Explicit dependency on target 'NIOTLS-product' in project 'swift-nio'
        ➜ Explicit dependency on target 'Atomics-product' in project 'swift-atomics'
    Target 'NIOTLS-product' in project 'swift-nio'
        ➜ Explicit dependency on target 'NIOTLS' in project 'swift-nio'
        ➜ Explicit dependency on target 'CNIOAtomics' in project 'swift-nio'
        ➜ Explicit dependency on target 'NIOConcurrencyHelpers' in project 'swift-nio'
        ➜ Explicit dependency on target '_NIOBase64' in project 'swift-nio'
        ➜ Explicit dependency on target 'CNIOOpenBSD' in project 'swift-nio'
        ➜ Explicit dependency on target 'CNIOFreeBSD' in project 'swift-nio'
        ➜ Explicit dependency on target 'CNIODarwin' in project 'swift-nio'
        ➜ Explicit dependency on target 'CNIOLinux' in project 'swift-nio'
        ➜ Explicit dependency on target 'CNIOWindows' in project 'swift-nio'
        ➜ Explicit dependency on target 'CNIOWASI' in project 'swift-nio'
        ➜ Explicit dependency on target '_NIODataStructures' in project 'swift-nio'
        ➜ Explicit dependency on target 'NIOCore' in project 'swift-nio'
        ➜ Explicit dependency on target 'NIOEmbedded' in project 'swift-nio'
        ➜ Explicit dependency on target 'CNIOPosix' in project 'swift-nio'
        ➜ Explicit dependency on target 'NIOPosix' in project 'swift-nio'
        ➜ Explicit dependency on target 'NIO' in project 'swift-nio'
        ➜ Explicit dependency on target 'DequeModule-product' in project 'swift-collections'
        ➜ Explicit dependency on target 'Atomics-product' in project 'swift-atomics'
    Target 'NIOTLS' in project 'swift-nio'
        ➜ Explicit dependency on target 'CNIOAtomics' in project 'swift-nio'
        ➜ Explicit dependency on target 'NIOConcurrencyHelpers' in project 'swift-nio'
        ➜ Explicit dependency on target '_NIOBase64' in project 'swift-nio'
        ➜ Explicit dependency on target 'CNIOOpenBSD' in project 'swift-nio'
        ➜ Explicit dependency on target 'CNIOFreeBSD' in project 'swift-nio'
        ➜ Explicit dependency on target 'CNIODarwin' in project 'swift-nio'
        ➜ Explicit dependency on target 'CNIOLinux' in project 'swift-nio'
        ➜ Explicit dependency on target 'CNIOWindows' in project 'swift-nio'
        ➜ Explicit dependency on target 'CNIOWASI' in project 'swift-nio'
        ➜ Explicit dependency on target '_NIODataStructures' in project 'swift-nio'
        ➜ Explicit dependency on target 'NIOCore' in project 'swift-nio'
        ➜ Explicit dependency on target 'NIOEmbedded' in project 'swift-nio'
        ➜ Explicit dependency on target 'CNIOPosix' in project 'swift-nio'
        ➜ Explicit dependency on target 'NIOPosix' in project 'swift-nio'
        ➜ Explicit dependency on target 'NIO' in project 'swift-nio'
        ➜ Explicit dependency on target 'DequeModule-product' in project 'swift-collections'
        ➜ Explicit dependency on target 'Atomics-product' in project 'swift-atomics'
    Target 'NIOFoundationCompat-product' in project 'swift-nio'
        ➜ Explicit dependency on target 'NIOFoundationCompat' in project 'swift-nio'
        ➜ Explicit dependency on target 'CNIOAtomics' in project 'swift-nio'
        ➜ Explicit dependency on target 'NIOConcurrencyHelpers' in project 'swift-nio'
        ➜ Explicit dependency on target '_NIOBase64' in project 'swift-nio'
        ➜ Explicit dependency on target 'CNIOOpenBSD' in project 'swift-nio'
        ➜ Explicit dependency on target 'CNIOFreeBSD' in project 'swift-nio'
        ➜ Explicit dependency on target 'CNIODarwin' in project 'swift-nio'
        ➜ Explicit dependency on target 'CNIOLinux' in project 'swift-nio'
        ➜ Explicit dependency on target 'CNIOWindows' in project 'swift-nio'
        ➜ Explicit dependency on target 'CNIOWASI' in project 'swift-nio'
        ➜ Explicit dependency on target '_NIODataStructures' in project 'swift-nio'
        ➜ Explicit dependency on target 'NIOCore' in project 'swift-nio'
        ➜ Explicit dependency on target 'NIOEmbedded' in project 'swift-nio'
        ➜ Explicit dependency on target 'CNIOPosix' in project 'swift-nio'
        ➜ Explicit dependency on target 'NIOPosix' in project 'swift-nio'
        ➜ Explicit dependency on target 'NIO' in project 'swift-nio'
        ➜ Explicit dependency on target 'NIOFoundationEssentialsCompat' in project 'swift-nio'
        ➜ Explicit dependency on target 'DequeModule-product' in project 'swift-collections'
        ➜ Explicit dependency on target 'Atomics-product' in project 'swift-atomics'
    Target 'NIOFoundationCompat' in project 'swift-nio'
        ➜ Explicit dependency on target 'CNIOAtomics' in project 'swift-nio'
        ➜ Explicit dependency on target 'NIOConcurrencyHelpers' in project 'swift-nio'
        ➜ Explicit dependency on target '_NIOBase64' in project 'swift-nio'
        ➜ Explicit dependency on target 'CNIOOpenBSD' in project 'swift-nio'
        ➜ Explicit dependency on target 'CNIOFreeBSD' in project 'swift-nio'
        ➜ Explicit dependency on target 'CNIODarwin' in project 'swift-nio'
        ➜ Explicit dependency on target 'CNIOLinux' in project 'swift-nio'
        ➜ Explicit dependency on target 'CNIOWindows' in project 'swift-nio'
        ➜ Explicit dependency on target 'CNIOWASI' in project 'swift-nio'
        ➜ Explicit dependency on target '_NIODataStructures' in project 'swift-nio'
        ➜ Explicit dependency on target 'NIOCore' in project 'swift-nio'
        ➜ Explicit dependency on target 'NIOEmbedded' in project 'swift-nio'
        ➜ Explicit dependency on target 'CNIOPosix' in project 'swift-nio'
        ➜ Explicit dependency on target 'NIOPosix' in project 'swift-nio'
        ➜ Explicit dependency on target 'NIO' in project 'swift-nio'
        ➜ Explicit dependency on target 'NIOFoundationEssentialsCompat' in project 'swift-nio'
        ➜ Explicit dependency on target 'DequeModule-product' in project 'swift-collections'
        ➜ Explicit dependency on target 'Atomics-product' in project 'swift-atomics'
    Target 'NIOFoundationEssentialsCompat' in project 'swift-nio'
        ➜ Explicit dependency on target 'CNIOAtomics' in project 'swift-nio'
        ➜ Explicit dependency on target 'NIOConcurrencyHelpers' in project 'swift-nio'
        ➜ Explicit dependency on target '_NIOBase64' in project 'swift-nio'
        ➜ Explicit dependency on target 'CNIOOpenBSD' in project 'swift-nio'
        ➜ Explicit dependency on target 'CNIOFreeBSD' in project 'swift-nio'
        ➜ Explicit dependency on target 'CNIODarwin' in project 'swift-nio'
        ➜ Explicit dependency on target 'CNIOLinux' in project 'swift-nio'
        ➜ Explicit dependency on target 'CNIOWindows' in project 'swift-nio'
        ➜ Explicit dependency on target 'CNIOWASI' in project 'swift-nio'
        ➜ Explicit dependency on target '_NIODataStructures' in project 'swift-nio'
        ➜ Explicit dependency on target 'NIOCore' in project 'swift-nio'
        ➜ Explicit dependency on target 'DequeModule-product' in project 'swift-collections'
        ➜ Explicit dependency on target 'Atomics-product' in project 'swift-atomics'
    Target 'NIOPosix-product' in project 'swift-nio'
        ➜ Explicit dependency on target 'NIOPosix' in project 'swift-nio'
        ➜ Explicit dependency on target 'swift-nio_NIOPosix' in project 'swift-nio'
        ➜ Explicit dependency on target 'CNIOOpenBSD' in project 'swift-nio'
        ➜ Explicit dependency on target 'CNIOLinux' in project 'swift-nio'
        ➜ Explicit dependency on target 'CNIODarwin' in project 'swift-nio'
        ➜ Explicit dependency on target 'CNIOWindows' in project 'swift-nio'
        ➜ Explicit dependency on target 'CNIOAtomics' in project 'swift-nio'
        ➜ Explicit dependency on target 'NIOConcurrencyHelpers' in project 'swift-nio'
        ➜ Explicit dependency on target '_NIOBase64' in project 'swift-nio'
        ➜ Explicit dependency on target 'CNIOFreeBSD' in project 'swift-nio'
        ➜ Explicit dependency on target 'CNIOWASI' in project 'swift-nio'
        ➜ Explicit dependency on target '_NIODataStructures' in project 'swift-nio'
        ➜ Explicit dependency on target 'NIOCore' in project 'swift-nio'
        ➜ Explicit dependency on target 'CNIOPosix' in project 'swift-nio'
        ➜ Explicit dependency on target 'DequeModule-product' in project 'swift-collections'
        ➜ Explicit dependency on target 'Atomics-product' in project 'swift-atomics'
    Target 'NIOCore-product' in project 'swift-nio'
        ➜ Explicit dependency on target 'NIOCore' in project 'swift-nio'
        ➜ Explicit dependency on target 'CNIOAtomics' in project 'swift-nio'
        ➜ Explicit dependency on target 'NIOConcurrencyHelpers' in project 'swift-nio'
        ➜ Explicit dependency on target '_NIOBase64' in project 'swift-nio'
        ➜ Explicit dependency on target 'CNIOOpenBSD' in project 'swift-nio'
        ➜ Explicit dependency on target 'CNIOFreeBSD' in project 'swift-nio'
        ➜ Explicit dependency on target 'CNIODarwin' in project 'swift-nio'
        ➜ Explicit dependency on target 'CNIOLinux' in project 'swift-nio'
        ➜ Explicit dependency on target 'CNIOWindows' in project 'swift-nio'
        ➜ Explicit dependency on target 'CNIOWASI' in project 'swift-nio'
        ➜ Explicit dependency on target '_NIODataStructures' in project 'swift-nio'
        ➜ Explicit dependency on target 'DequeModule-product' in project 'swift-collections'
        ➜ Explicit dependency on target 'Atomics-product' in project 'swift-atomics'
    Target 'NIO-product' in project 'swift-nio'
        ➜ Explicit dependency on target 'NIO' in project 'swift-nio'
        ➜ Explicit dependency on target 'CNIOAtomics' in project 'swift-nio'
        ➜ Explicit dependency on target 'NIOConcurrencyHelpers' in project 'swift-nio'
        ➜ Explicit dependency on target '_NIOBase64' in project 'swift-nio'
        ➜ Explicit dependency on target 'CNIOOpenBSD' in project 'swift-nio'
        ➜ Explicit dependency on target 'CNIOFreeBSD' in project 'swift-nio'
        ➜ Explicit dependency on target 'CNIODarwin' in project 'swift-nio'
        ➜ Explicit dependency on target 'CNIOLinux' in project 'swift-nio'
        ➜ Explicit dependency on target 'CNIOWindows' in project 'swift-nio'
        ➜ Explicit dependency on target 'CNIOWASI' in project 'swift-nio'
        ➜ Explicit dependency on target '_NIODataStructures' in project 'swift-nio'
        ➜ Explicit dependency on target 'NIOCore' in project 'swift-nio'
        ➜ Explicit dependency on target 'NIOEmbedded' in project 'swift-nio'
        ➜ Explicit dependency on target 'CNIOPosix' in project 'swift-nio'
        ➜ Explicit dependency on target 'NIOPosix' in project 'swift-nio'
        ➜ Explicit dependency on target 'DequeModule-product' in project 'swift-collections'
        ➜ Explicit dependency on target 'Atomics-product' in project 'swift-atomics'
    Target 'NIO' in project 'swift-nio'
        ➜ Explicit dependency on target 'CNIOAtomics' in project 'swift-nio'
        ➜ Explicit dependency on target 'NIOConcurrencyHelpers' in project 'swift-nio'
        ➜ Explicit dependency on target '_NIOBase64' in project 'swift-nio'
        ➜ Explicit dependency on target 'CNIOOpenBSD' in project 'swift-nio'
        ➜ Explicit dependency on target 'CNIOFreeBSD' in project 'swift-nio'
        ➜ Explicit dependency on target 'CNIODarwin' in project 'swift-nio'
        ➜ Explicit dependency on target 'CNIOLinux' in project 'swift-nio'
        ➜ Explicit dependency on target 'CNIOWindows' in project 'swift-nio'
        ➜ Explicit dependency on target 'CNIOWASI' in project 'swift-nio'
        ➜ Explicit dependency on target '_NIODataStructures' in project 'swift-nio'
        ➜ Explicit dependency on target 'NIOCore' in project 'swift-nio'
        ➜ Explicit dependency on target 'NIOEmbedded' in project 'swift-nio'
        ➜ Explicit dependency on target 'CNIOPosix' in project 'swift-nio'
        ➜ Explicit dependency on target 'NIOPosix' in project 'swift-nio'
        ➜ Explicit dependency on target 'DequeModule-product' in project 'swift-collections'
        ➜ Explicit dependency on target 'Atomics-product' in project 'swift-atomics'
    Target 'NIOPosix' in project 'swift-nio'
        ➜ Explicit dependency on target 'swift-nio_NIOPosix' in project 'swift-nio'
        ➜ Explicit dependency on target 'CNIOOpenBSD' in project 'swift-nio'
        ➜ Explicit dependency on target 'CNIOLinux' in project 'swift-nio'
        ➜ Explicit dependency on target 'CNIODarwin' in project 'swift-nio'
        ➜ Explicit dependency on target 'CNIOWindows' in project 'swift-nio'
        ➜ Explicit dependency on target 'CNIOAtomics' in project 'swift-nio'
        ➜ Explicit dependency on target 'NIOConcurrencyHelpers' in project 'swift-nio'
        ➜ Explicit dependency on target '_NIOBase64' in project 'swift-nio'
        ➜ Explicit dependency on target 'CNIOFreeBSD' in project 'swift-nio'
        ➜ Explicit dependency on target 'CNIOWASI' in project 'swift-nio'
        ➜ Explicit dependency on target '_NIODataStructures' in project 'swift-nio'
        ➜ Explicit dependency on target 'NIOCore' in project 'swift-nio'
        ➜ Explicit dependency on target 'CNIOPosix' in project 'swift-nio'
        ➜ Explicit dependency on target 'DequeModule-product' in project 'swift-collections'
        ➜ Explicit dependency on target 'Atomics-product' in project 'swift-atomics'
    Target 'swift-nio_NIOPosix' in project 'swift-nio' (no dependencies)
    Target 'CNIOPosix' in project 'swift-nio' (no dependencies)
    Target 'NIOEmbedded' in project 'swift-nio'
        ➜ Explicit dependency on target 'CNIOAtomics' in project 'swift-nio'
        ➜ Explicit dependency on target 'NIOConcurrencyHelpers' in project 'swift-nio'
        ➜ Explicit dependency on target '_NIOBase64' in project 'swift-nio'
        ➜ Explicit dependency on target 'CNIOOpenBSD' in project 'swift-nio'
        ➜ Explicit dependency on target 'CNIOFreeBSD' in project 'swift-nio'
        ➜ Explicit dependency on target 'CNIODarwin' in project 'swift-nio'
        ➜ Explicit dependency on target 'CNIOLinux' in project 'swift-nio'
        ➜ Explicit dependency on target 'CNIOWindows' in project 'swift-nio'
        ➜ Explicit dependency on target 'CNIOWASI' in project 'swift-nio'
        ➜ Explicit dependency on target '_NIODataStructures' in project 'swift-nio'
        ➜ Explicit dependency on target 'NIOCore' in project 'swift-nio'
        ➜ Explicit dependency on target 'DequeModule-product' in project 'swift-collections'
        ➜ Explicit dependency on target 'Atomics-product' in project 'swift-atomics'
    Target 'NIOCore' in project 'swift-nio'
        ➜ Explicit dependency on target 'CNIOAtomics' in project 'swift-nio'
        ➜ Explicit dependency on target 'NIOConcurrencyHelpers' in project 'swift-nio'
        ➜ Explicit dependency on target '_NIOBase64' in project 'swift-nio'
        ➜ Explicit dependency on target 'CNIOOpenBSD' in project 'swift-nio'
        ➜ Explicit dependency on target 'CNIOFreeBSD' in project 'swift-nio'
        ➜ Explicit dependency on target 'CNIODarwin' in project 'swift-nio'
        ➜ Explicit dependency on target 'CNIOLinux' in project 'swift-nio'
        ➜ Explicit dependency on target 'CNIOWindows' in project 'swift-nio'
        ➜ Explicit dependency on target 'CNIOWASI' in project 'swift-nio'
        ➜ Explicit dependency on target '_NIODataStructures' in project 'swift-nio'
        ➜ Explicit dependency on target 'DequeModule-product' in project 'swift-collections'
        ➜ Explicit dependency on target 'Atomics-product' in project 'swift-atomics'
    Target 'Atomics-product' in project 'swift-atomics'
        ➜ Explicit dependency on target 'Atomics' in project 'swift-atomics'
        ➜ Explicit dependency on target '_AtomicsShims' in project 'swift-atomics'
    Target 'Atomics' in project 'swift-atomics'
        ➜ Explicit dependency on target '_AtomicsShims' in project 'swift-atomics'
    Target '_AtomicsShims' in project 'swift-atomics' (no dependencies)
    Target 'DequeModule-product' in project 'swift-collections'
        ➜ Explicit dependency on target 'DequeModule' in project 'swift-collections'
        ➜ Explicit dependency on target 'InternalCollectionsUtilities' in project 'swift-collections'
        ➜ Explicit dependency on target 'SpanPreview' in project 'swift-collections'
    Target 'DequeModule' in project 'swift-collections'
        ➜ Explicit dependency on target 'InternalCollectionsUtilities' in project 'swift-collections'
        ➜ Explicit dependency on target 'SpanPreview' in project 'swift-collections'
    Target 'SpanPreview' in project 'swift-collections'
        ➜ Explicit dependency on target 'InternalCollectionsUtilities' in project 'swift-collections'
    Target 'InternalCollectionsUtilities' in project 'swift-collections' (no dependencies)
    Target '_NIODataStructures' in project 'swift-nio' (no dependencies)
    Target 'CNIOWASI' in project 'swift-nio' (no dependencies)
    Target 'CNIOWindows' in project 'swift-nio' (no dependencies)
    Target 'CNIOLinux' in project 'swift-nio' (no dependencies)
    Target 'CNIODarwin' in project 'swift-nio' (no dependencies)
    Target 'CNIOFreeBSD' in project 'swift-nio' (no dependencies)
    Target 'CNIOOpenBSD' in project 'swift-nio' (no dependencies)
    Target '_NIOBase64' in project 'swift-nio' (no dependencies)
    Target 'NIOConcurrencyHelpers' in project 'swift-nio'
        ➜ Explicit dependency on target 'CNIOAtomics' in project 'swift-nio'
    Target 'CNIOAtomics' in project 'swift-nio' (no dependencies)
    Target 'Logging-product' in project 'swift-log'
        ➜ Explicit dependency on target 'Logging' in project 'swift-log'
    Target 'Logging' in project 'swift-log' (no dependencies)
GatherProvisioningInputs
CreateBuildDescription
ClangStatCache /Applications/Xcode-27.0.0-Release.Candidate.app/Contents/Developer/Toolchains/XcodeDefault.xctoolchain/usr/bin/clang-stat-cache /Applications/Xcode-27.0.0-Release.Candidate.app/Contents/Developer/Platforms/MacOSX.platform/Developer/SDKs/MacOSX27.0.sdk /Users/admin/builder/spi-builder-workspace/.derivedData/SDKStatCaches.noindex/macosx27.0-26A425-e829b21a6f8c9b70876ba0858053c0446a22442a12e9d48fe1a705f55a1adfc4.sdkstatcache
    cd /Users/admin/builder/spi-builder-workspace/.swiftpm/xcode
    /Applications/Xcode-27.0.0-Release.Candidate.app/Contents/Developer/Toolchains/XcodeDefault.xctoolchain/usr/bin/clang-stat-cache /Applications/Xcode-27.0.0-Release.Candidate.app/Contents/Developer/Platforms/MacOSX.platform/Developer/SDKs/MacOSX27.0.sdk -o /Users/admin/builder/spi-builder-workspace/.derivedData/SDKStatCaches.noindex/macosx27.0-26A425-e829b21a6f8c9b70876ba0858053c0446a22442a12e9d48fe1a705f55a1adfc4.sdkstatcache
SwiftDriver TDSNIO normal arm64 com.apple.xcode.tools.swift.compiler (in target 'TDSNIO' from project 'tds-nio')
    cd /Users/admin/builder/spi-builder-workspace/.swiftpm/xcode
    builtin-SwiftDriver -- /Applications/Xcode-27.0.0-Release.Candidate.app/Contents/Developer/Toolchains/XcodeDefault.xctoolchain/usr/bin/swiftc -parse-as-library -module-name TDSNIO -Onone @/Users/admin/builder/spi-builder-workspace/.derivedData/Build/Intermediates.noindex/tds-nio.build/Debug/TDSNIO-t.build/Objects-normal/arm64/TDSNIO.SwiftFileList -DSWIFT_PACKAGE -DDEBUG -DSWIFT_MODULE_RESOURCE_BUNDLE_UNAVAILABLE -DDistributedTracingSupport -Xcc -fmodule-map-file\=/Users/admin/builder/spi-builder-workspace/.derivedData/Build/Intermediates.noindex/GeneratedModuleMaps/CNIOBoringSSLShims.modulemap -Xcc -fmodule-map-file\=/Users/admin/builder/spi-builder-workspace/.dependencies/checkouts/swift-nio-ssl/Sources/CNIOBoringSSL/include/module.modulemap -Xcc -fmodule-map-file\=/Users/admin/builder/spi-builder-workspace/.derivedData/Build/Intermediates.noindex/GeneratedModuleMaps/CNIOPosix.modulemap -Xcc -fmodule-map-file\=/Users/admin/builder/spi-builder-workspace/.derivedData/Build/Intermediates.noindex/GeneratedModuleMaps/CNIOWASI.modulemap -Xcc -fmodule-map-file\=/Users/admin/builder/spi-builder-workspace/.dependencies/checkouts/swift-nio/Sources/CNIOWindows/include/module.modulemap -Xcc -fmodule-map-file\=/Users/admin/builder/spi-builder-workspace/.derivedData/Build/Intermediates.noindex/GeneratedModuleMaps/CNIOLinux.modulemap -Xcc -fmodule-map-file\=/Users/admin/builder/spi-builder-workspace/.derivedData/Build/Intermediates.noindex/GeneratedModuleMaps/CNIODarwin.modulemap -Xcc -fmodule-map-file\=/Users/admin/builder/spi-builder-workspace/.derivedData/Build/Intermediates.noindex/GeneratedModuleMaps/CNIOFreeBSD.modulemap -Xcc -fmodule-map-file\=/Users/admin/builder/spi-builder-workspace/.derivedData/Build/Intermediates.noindex/GeneratedModuleMaps/CNIOOpenBSD.modulemap -Xcc -fmodule-map-file\=/Users/admin/builder/spi-builder-workspace/.derivedData/Build/Intermediates.noindex/GeneratedModuleMaps/CNIOAtomics.modulemap -Xcc -fmodule-map-file\=/Users/admin/builder/spi-builder-workspace/.dependencies/checkouts/swift-crypto/Sources/CCryptoBoringSSLShims/include/module.modulemap -Xcc -fmodule-map-file\=/Users/admin/builder/spi-builder-workspace/.dependencies/checkouts/swift-crypto/Sources/CCryptoBoringSSL/include/module.modulemap -Xcc -fmodule-map-file\=/Users/admin/builder/spi-builder-workspace/.dependencies/checkouts/swift-atomics/Sources/_AtomicsShims/include/module.modulemap -DXcode -enable-upcoming-feature MemberImportVisibility -enable-upcoming-feature InternalImportsByDefault -plugin-path /Applications/Xcode-27.0.0-Release.Candidate.app/Contents/Developer/Toolchains/XcodeDefault.xctoolchain/usr/lib/swift/host/plugins/testing -enable-experimental-feature DebugDescriptionMacro -sdk /Applications/Xcode-27.0.0-Release.Candidate.app/Contents/Developer/Platforms/MacOSX.platform/Developer/SDKs/MacOSX27.0.sdk -target arm64-apple-macos13.0 -g -module-cache-path /Users/admin/builder/spi-builder-workspace/.derivedData/ModuleCache.noindex -Xfrontend -serialize-debugging-options -profile-coverage-mapping -profile-generate -enable-testing -index-store-path /Users/admin/builder/spi-builder-workspace/.derivedData/Index.noindex/DataStore -Xcc -D_LIBCPP_HARDENING_MODE\=_LIBCPP_HARDENING_MODE_DEBUG -swift-version 6 -I /Users/admin/builder/spi-builder-workspace/.derivedData/Build/Products/Debug -Isystem /Applications/Xcode-27.0.0-Release.Candidate.app/Contents/Developer/Platforms/MacOSX.platform/Developer/usr/lib -F /Users/admin/builder/spi-builder-workspace/.derivedData/Build/Products/Debug/PackageFrameworks -F /Users/admin/builder/spi-builder-workspace/.derivedData/Build/Products/Debug -F /Applications/Xcode-27.0.0-Release.Candidate.app/Contents/Developer/Platforms/MacOSX.platform/Developer/Library/Frameworks -c -j10 -enable-batch-mode -incremental -Xcc -ivfsstatcache -Xcc /Users/admin/builder/spi-builder-workspace/.derivedData/SDKStatCaches.noindex/macosx27.0-26A425-e829b21a6f8c9b70876ba0858053c0446a22442a12e9d48fe1a705f55a1adfc4.sdkstatcache -output-file-map /Users/admin/builder/spi-builder-workspace/.derivedData/Build/Intermediates.noindex/tds-nio.build/Debug/TDSNIO-t.build/Objects-normal/arm64/TDSNIO-OutputFileMap.json -save-temps -no-color-diagnostics -explicit-module-build -module-cache-path /Users/admin/builder/spi-builder-workspace/.derivedData/Build/Intermediates.noindex/SwiftExplicitPrecompiledModules -clang-scanner-module-cache-path /Users/admin/builder/spi-builder-workspace/.derivedData/ModuleCache.noindex -sdk-module-cache-path /Users/admin/builder/spi-builder-workspace/.derivedData/SDKExplicitPrecompiledModules -emit-dependencies -emit-module -emit-module-path /Users/admin/builder/spi-builder-workspace/.derivedData/Build/Intermediates.noindex/tds-nio.build/Debug/TDSNIO-t.build/Objects-normal/arm64/TDSNIO.swiftmodule -serialize-diagnostics -dependency-scan-serialize-diagnostics-path /Users/admin/builder/spi-builder-workspace/.derivedData/Build/Intermediates.noindex/tds-nio.build/Debug/TDSNIO-t.build/Objects-normal/arm64/TDSNIO-dependency-scan.dia -validate-clang-modules-once -clang-build-session-file /Users/admin/builder/spi-builder-workspace/.derivedData/ModuleCache.noindex/Session.modulevalidation -Xcc -fmodules-prune-interval\=86400 -Xcc -fmodules-prune-after\=345600 -package-name spi_builder_workspace -emit-const-values -const-gather-protocols-list /Users/admin/builder/spi-builder-workspace/.derivedData/Build/Intermediates.noindex/tds-nio.build/Debug/TDSNIO-t.build/Objects-normal/arm64/TDSNIO_const_extract_protocols.json -Xcc -I/Users/admin/builder/spi-builder-workspace/.dependencies/checkouts/swift-nio-ssl/Sources/CNIOBoringSSLShims/include -Xcc -I/Users/admin/builder/spi-builder-workspace/.dependencies/checkouts/swift-nio-ssl/Sources/CNIOBoringSSL/include -Xcc -I/Users/admin/builder/spi-builder-workspace/.dependencies/checkouts/swift-nio/Sources/CNIOPosix/include -Xcc -I/Users/admin/builder/spi-builder-workspace/.dependencies/checkouts/swift-nio/Sources/CNIOWASI/include -Xcc -I/Users/admin/builder/spi-builder-workspace/.dependencies/checkouts/swift-nio/Sources/CNIOWindows/include -Xcc -I/Users/admin/builder/spi-builder-workspace/.dependencies/checkouts/swift-nio/Sources/CNIOLinux/include -Xcc -I/Users/admin/builder/spi-builder-workspace/.dependencies/checkouts/swift-nio/Sources/CNIODarwin/include -Xcc -I/Users/admin/builder/spi-builder-workspace/.dependencies/checkouts/swift-nio/Sources/CNIOFreeBSD/include -Xcc -I/Users/admin/builder/spi-builder-workspace/.dependencies/checkouts/swift-nio/Sources/CNIOOpenBSD/include -Xcc -I/Users/admin/builder/spi-builder-workspace/.dependencies/checkouts/swift-nio/Sources/CNIOAtomics/include -Xcc -I/Users/admin/builder/spi-builder-workspace/.dependencies/checkouts/swift-crypto/Sources/CCryptoBoringSSLShims/include -Xcc -I/Users/admin/builder/spi-builder-workspace/.dependencies/checkouts/swift-crypto/Sources/CCryptoBoringSSL/include -Xcc -I/Users/admin/builder/spi-builder-workspace/.dependencies/checkouts/swift-atomics/Sources/_AtomicsShims/include -Xcc -I/Users/admin/builder/spi-builder-workspace/.derivedData/Build/Products/Debug/include -Xcc -I/Users/admin/builder/spi-builder-workspace/.derivedData/Build/Intermediates.noindex/tds-nio.build/Debug/TDSNIO-t.build/DerivedSources-normal/arm64 -Xcc -I/Users/admin/builder/spi-builder-workspace/.derivedData/Build/Intermediates.noindex/tds-nio.build/Debug/TDSNIO-t.build/DerivedSources/arm64 -Xcc -I/Users/admin/builder/spi-builder-workspace/.derivedData/Build/Intermediates.noindex/tds-nio.build/Debug/TDSNIO-t.build/DerivedSources -Xcc -DSWIFT_PACKAGE -Xcc -DDEBUG\=1 -emit-objc-header -emit-objc-header-path /Users/admin/builder/spi-builder-workspace/.derivedData/Build/Intermediates.noindex/tds-nio.build/Debug/TDSNIO-t.build/Objects-normal/arm64/TDSNIO-Swift.h -working-directory /Users/admin/builder/spi-builder-workspace/.swiftpm/xcode -experimental-emit-module-separately -disable-cmo
ExtractAppIntentsMetadata (in target 'NIOSSL' from project 'swift-nio-ssl')
    cd /Users/admin/builder/spi-builder-workspace/.dependencies/checkouts/swift-nio-ssl
    /Applications/Xcode-27.0.0-Release.Candidate.app/Contents/Developer/Toolchains/XcodeDefault.xctoolchain/usr/bin/appintentsmetadataprocessor --toolchain-dir /var/run/com.apple.security.cryptexd/mnt/com.apple.MobileAsset.MetalToolchain-v27.1.266.1.LPgnVi/Metal.xctoolchain --module-name NIOSSL --sdk-root /Applications/Xcode-27.0.0-Release.Candidate.app/Contents/Developer/Platforms/MacOSX.platform/Developer/SDKs/MacOSX27.0.sdk --xcode-version 27A266a --platform-family macOS --deployment-target 12.0 --bundle-identifier swift-nio-ssl.NIOSSL --output /Users/admin/builder/spi-builder-workspace/.derivedData/Build/Products/Debug/NIOSSL.appintents --target-triple arm64-apple-macos12.0 --binary-file /Users/admin/builder/spi-builder-workspace/.derivedData/Build/Products/Debug/NIOSSL.o --dependency-file /Users/admin/builder/spi-builder-workspace/.derivedData/Build/Intermediates.noindex/swift-nio-ssl.build/Debug/NIOSSL-t.build/Objects-normal/arm64/NIOSSL_dependency_info.dat --stringsdata-file /Users/admin/builder/spi-builder-workspace/.derivedData/Build/Intermediates.noindex/swift-nio-ssl.build/Debug/NIOSSL-t.build/Objects-normal/arm64/ExtractedAppShortcutsMetadata.stringsdata --source-file-list /Users/admin/builder/spi-builder-workspace/.derivedData/Build/Intermediates.noindex/swift-nio-ssl.build/Debug/NIOSSL-t.build/Objects-normal/arm64/NIOSSL.SwiftFileList --metadata-file-list /Users/admin/builder/spi-builder-workspace/.derivedData/Build/Intermediates.noindex/swift-nio-ssl.build/Debug/NIOSSL-t.build/NIOSSL.DependencyMetadataFileList --static-metadata-file-list /Users/admin/builder/spi-builder-workspace/.derivedData/Build/Intermediates.noindex/swift-nio-ssl.build/Debug/NIOSSL-t.build/NIOSSL.DependencyStaticMetadataFileList --swift-const-vals-list /Users/admin/builder/spi-builder-workspace/.derivedData/Build/Intermediates.noindex/swift-nio-ssl.build/Debug/NIOSSL-t.build/Objects-normal/arm64/NIOSSL.SwiftConstValuesFileList --force --compile-time-extraction --deployment-aware-processing --no-app-shortcuts-localization
2026-09-25 09:51:36.068 appintentsmetadataprocessor[3663:12416] Starting appintentsmetadataprocessor export
2026-09-25 09:51:36.136 appintentsmetadataprocessor[3663:12416] Extracted no relevant App Intents symbols, skipping writing output
SwiftCompile normal arm64 Compiling\ Capabilities.swift,\ TDSConnection+BulkLoad.swift,\ TDSConnection+Configuration.swift,\ TDSConnection+Query.swift /Users/admin/builder/spi-builder-workspace/Sources/TDSNIO/Capabilities.swift /Users/admin/builder/spi-builder-workspace/Sources/TDSNIO/Connection/TDSConnection+BulkLoad.swift /Users/admin/builder/spi-builder-workspace/Sources/TDSNIO/Connection/TDSConnection+Configuration.swift /Users/admin/builder/spi-builder-workspace/Sources/TDSNIO/Connection/TDSConnection+Query.swift (in target 'TDSNIO' from project 'tds-nio')
SwiftCompile normal arm64 /Users/admin/builder/spi-builder-workspace/Sources/TDSNIO/Capabilities.swift (in target 'TDSNIO' from project 'tds-nio')
    cd /Users/admin/builder/spi-builder-workspace/.swiftpm/xcode
    builtin-SwiftPerFileCompile Capabilities.swift
SwiftCompile normal arm64 /Users/admin/builder/spi-builder-workspace/Sources/TDSNIO/Connection/TDSConnection+BulkLoad.swift (in target 'TDSNIO' from project 'tds-nio')
    cd /Users/admin/builder/spi-builder-workspace/.swiftpm/xcode
    builtin-SwiftPerFileCompile TDSConnection+BulkLoad.swift
SwiftCompile normal arm64 /Users/admin/builder/spi-builder-workspace/Sources/TDSNIO/Connection/TDSConnection+Configuration.swift (in target 'TDSNIO' from project 'tds-nio')
    cd /Users/admin/builder/spi-builder-workspace/.swiftpm/xcode
    builtin-SwiftPerFileCompile TDSConnection+Configuration.swift
SwiftCompile normal arm64 /Users/admin/builder/spi-builder-workspace/Sources/TDSNIO/Connection/TDSConnection+Query.swift (in target 'TDSNIO' from project 'tds-nio')
    cd /Users/admin/builder/spi-builder-workspace/.swiftpm/xcode
    builtin-SwiftPerFileCompile TDSConnection+Query.swift
SwiftCompile normal arm64 Compiling\ TDSFrontendMessageEncoder.swift,\ TDSFrontendMessagePostProcessor.swift,\ TDSMessageDecodingError.swift,\ TDSPartialDecodingError.swift /Users/admin/builder/spi-builder-workspace/Sources/TDSNIO/Messages/Coding/TDSFrontendMessageEncoder.swift /Users/admin/builder/spi-builder-workspace/Sources/TDSNIO/Messages/Coding/TDSFrontendMessagePostProcessor.swift /Users/admin/builder/spi-builder-workspace/Sources/TDSNIO/Messages/Coding/TDSMessageDecodingError.swift /Users/admin/builder/spi-builder-workspace/Sources/TDSNIO/Messages/Coding/TDSPartialDecodingError.swift (in target 'TDSNIO' from project 'tds-nio')
SwiftCompile normal arm64 /Users/admin/builder/spi-builder-workspace/Sources/TDSNIO/Messages/Coding/TDSFrontendMessageEncoder.swift (in target 'TDSNIO' from project 'tds-nio')
    cd /Users/admin/builder/spi-builder-workspace/.swiftpm/xcode
    builtin-SwiftPerFileCompile TDSFrontendMessageEncoder.swift
SwiftCompile normal arm64 /Users/admin/builder/spi-builder-workspace/Sources/TDSNIO/Messages/Coding/TDSFrontendMessagePostProcessor.swift (in target 'TDSNIO' from project 'tds-nio')
    cd /Users/admin/builder/spi-builder-workspace/.swiftpm/xcode
    builtin-SwiftPerFileCompile TDSFrontendMessagePostProcessor.swift
SwiftCompile normal arm64 /Users/admin/builder/spi-builder-workspace/Sources/TDSNIO/Messages/Coding/TDSMessageDecodingError.swift (in target 'TDSNIO' from project 'tds-nio')
    cd /Users/admin/builder/spi-builder-workspace/.swiftpm/xcode
    builtin-SwiftPerFileCompile TDSMessageDecodingError.swift
SwiftCompile normal arm64 /Users/admin/builder/spi-builder-workspace/Sources/TDSNIO/Messages/Coding/TDSPartialDecodingError.swift (in target 'TDSNIO' from project 'tds-nio')
    cd /Users/admin/builder/spi-builder-workspace/.swiftpm/xcode
    builtin-SwiftPerFileCompile TDSPartialDecodingError.swift
SwiftCompile normal arm64 Compiling\ TDSConnection+Transaction.swift,\ TDSConnection.swift,\ TDSPreloginTLSHandler.swift,\ AuthenticationStateMachine.swift /Users/admin/builder/spi-builder-workspace/Sources/TDSNIO/Connection/TDSConnection+Transaction.swift /Users/admin/builder/spi-builder-workspace/Sources/TDSNIO/Connection/TDSConnection.swift /Users/admin/builder/spi-builder-workspace/Sources/TDSNIO/Connection/TDSPreloginTLSHandler.swift /Users/admin/builder/spi-builder-workspace/Sources/TDSNIO/ConnectionStateMachine/AuthenticationStateMachine.swift (in target 'TDSNIO' from project 'tds-nio')
SwiftCompile normal arm64 /Users/admin/builder/spi-builder-workspace/Sources/TDSNIO/Connection/TDSConnection+Transaction.swift (in target 'TDSNIO' from project 'tds-nio')
    cd /Users/admin/builder/spi-builder-workspace/.swiftpm/xcode
    builtin-SwiftPerFileCompile TDSConnection+Transaction.swift
SwiftCompile normal arm64 /Users/admin/builder/spi-builder-workspace/Sources/TDSNIO/Connection/TDSConnection.swift (in target 'TDSNIO' from project 'tds-nio')
    cd /Users/admin/builder/spi-builder-workspace/.swiftpm/xcode
    builtin-SwiftPerFileCompile TDSConnection.swift
SwiftCompile normal arm64 /Users/admin/builder/spi-builder-workspace/Sources/TDSNIO/Connection/TDSPreloginTLSHandler.swift (in target 'TDSNIO' from project 'tds-nio')
    cd /Users/admin/builder/spi-builder-workspace/.swiftpm/xcode
    builtin-SwiftPerFileCompile TDSPreloginTLSHandler.swift
SwiftCompile normal arm64 /Users/admin/builder/spi-builder-workspace/Sources/TDSNIO/ConnectionStateMachine/AuthenticationStateMachine.swift (in target 'TDSNIO' from project 'tds-nio')
    cd /Users/admin/builder/spi-builder-workspace/.swiftpm/xcode
    builtin-SwiftPerFileCompile AuthenticationStateMachine.swift
SwiftCompile normal arm64 Compiling\ ConnectionStateMachine.swift,\ RowStreamStateMachine.swift,\ StatementStateMachine.swift,\ TDSCodable.swift /Users/admin/builder/spi-builder-workspace/Sources/TDSNIO/ConnectionStateMachine/ConnectionStateMachine.swift /Users/admin/builder/spi-builder-workspace/Sources/TDSNIO/ConnectionStateMachine/RowStreamStateMachine.swift /Users/admin/builder/spi-builder-workspace/Sources/TDSNIO/ConnectionStateMachine/StatementStateMachine.swift /Users/admin/builder/spi-builder-workspace/Sources/TDSNIO/Data/TDSCodable.swift (in target 'TDSNIO' from project 'tds-nio')
SwiftCompile normal arm64 /Users/admin/builder/spi-builder-workspace/Sources/TDSNIO/ConnectionStateMachine/ConnectionStateMachine.swift (in target 'TDSNIO' from project 'tds-nio')
    cd /Users/admin/builder/spi-builder-workspace/.swiftpm/xcode
    builtin-SwiftPerFileCompile ConnectionStateMachine.swift
SwiftCompile normal arm64 /Users/admin/builder/spi-builder-workspace/Sources/TDSNIO/ConnectionStateMachine/RowStreamStateMachine.swift (in target 'TDSNIO' from project 'tds-nio')
    cd /Users/admin/builder/spi-builder-workspace/.swiftpm/xcode
    builtin-SwiftPerFileCompile RowStreamStateMachine.swift
SwiftCompile normal arm64 /Users/admin/builder/spi-builder-workspace/Sources/TDSNIO/ConnectionStateMachine/StatementStateMachine.swift (in target 'TDSNIO' from project 'tds-nio')
    cd /Users/admin/builder/spi-builder-workspace/.swiftpm/xcode
    builtin-SwiftPerFileCompile StatementStateMachine.swift
SwiftCompile normal arm64 /Users/admin/builder/spi-builder-workspace/Sources/TDSNIO/Data/TDSCodable.swift (in target 'TDSNIO' from project 'tds-nio')
    cd /Users/admin/builder/spi-builder-workspace/.swiftpm/xcode
    builtin-SwiftPerFileCompile TDSCodable.swift
SwiftCompile normal arm64 Compiling\ TDSBackendMessage.swift,\ TDSPacket+MessageType.swift,\ TDSPacket+Status.swift /Users/admin/builder/spi-builder-workspace/Sources/TDSNIO/Messages/TDSBackendMessage.swift /Users/admin/builder/spi-builder-workspace/Sources/TDSNIO/Messages/TDSPacket+MessageType.swift /Users/admin/builder/spi-builder-workspace/Sources/TDSNIO/Messages/TDSPacket+Status.swift (in target 'TDSNIO' from project 'tds-nio')
SwiftCompile normal arm64 /Users/admin/builder/spi-builder-workspace/Sources/TDSNIO/Messages/TDSBackendMessage.swift (in target 'TDSNIO' from project 'tds-nio')
    cd /Users/admin/builder/spi-builder-workspace/.swiftpm/xcode
    builtin-SwiftPerFileCompile TDSBackendMessage.swift
SwiftCompile normal arm64 /Users/admin/builder/spi-builder-workspace/Sources/TDSNIO/Messages/TDSPacket+MessageType.swift (in target 'TDSNIO' from project 'tds-nio')
    cd /Users/admin/builder/spi-builder-workspace/.swiftpm/xcode
    builtin-SwiftPerFileCompile TDSPacket+MessageType.swift
SwiftCompile normal arm64 /Users/admin/builder/spi-builder-workspace/Sources/TDSNIO/Messages/TDSPacket+Status.swift (in target 'TDSNIO' from project 'tds-nio')
    cd /Users/admin/builder/spi-builder-workspace/.swiftpm/xcode
    builtin-SwiftPerFileCompile TDSPacket+Status.swift
SwiftCompile normal arm64 Compiling\ TDSPacket.swift,\ TDSClient.swift,\ TDSClientMetrics.swift /Users/admin/builder/spi-builder-workspace/Sources/TDSNIO/Messages/TDSPacket.swift /Users/admin/builder/spi-builder-workspace/Sources/TDSNIO/Pool/TDSClient.swift /Users/admin/builder/spi-builder-workspace/Sources/TDSNIO/Pool/TDSClientMetrics.swift (in target 'TDSNIO' from project 'tds-nio')
/Users/admin/builder/spi-builder-workspace/Sources/TDSNIO/Pool/TDSClient.swift:140:20: error: cannot convert return expression of type 'ConnectionLease<TDSConnection>' to return type 'TDSConnection'
138 |             )
139 |         }
140 |         return try await self.pool.leaseConnection()
    |                    `- error: cannot convert return expression of type 'ConnectionLease<TDSConnection>' to return type 'TDSConnection'
141 |     }
142 |
Failed frontend command:
/Applications/Xcode-27.0.0-Release.Candidate.app/Contents/Developer/Toolchains/XcodeDefault.xctoolchain/usr/bin/swift-frontend -frontend -c /Users/admin/builder/spi-builder-workspace/Sources/TDSNIO/Capabilities.swift /Users/admin/builder/spi-builder-workspace/Sources/TDSNIO/Connection/TDSConnection+BulkLoad.swift /Users/admin/builder/spi-builder-workspace/Sources/TDSNIO/Connection/TDSConnection+Configuration.swift /Users/admin/builder/spi-builder-workspace/Sources/TDSNIO/Connection/TDSConnection+Query.swift /Users/admin/builder/spi-builder-workspace/Sources/TDSNIO/Connection/TDSConnection+Transaction.swift /Users/admin/builder/spi-builder-workspace/Sources/TDSNIO/Connection/TDSConnection.swift /Users/admin/builder/spi-builder-workspace/Sources/TDSNIO/Connection/TDSPreloginTLSHandler.swift /Users/admin/builder/spi-builder-workspace/Sources/TDSNIO/ConnectionStateMachine/AuthenticationStateMachine.swift /Users/admin/builder/spi-builder-workspace/Sources/TDSNIO/ConnectionStateMachine/ConnectionStateMachine.swift /Users/admin/builder/spi-builder-workspace/Sources/TDSNIO/ConnectionStateMachine/RowStreamStateMachine.swift /Users/admin/builder/spi-builder-workspace/Sources/TDSNIO/ConnectionStateMachine/StatementStateMachine.swift /Users/admin/builder/spi-builder-workspace/Sources/TDSNIO/Data/TDSCodable.swift /Users/admin/builder/spi-builder-workspace/Sources/TDSNIO/Data/TDSData.swift /Users/admin/builder/spi-builder-workspace/Sources/TDSNIO/Data/TDSDecodable.swift /Users/admin/builder/spi-builder-workspace/Sources/TDSNIO/Data/TDSJSON.swift /Users/admin/builder/spi-builder-workspace/Sources/TDSNIO/Data/TDSRowDecodable.swift /Users/admin/builder/spi-builder-workspace/Sources/TDSNIO/Data/TDSTableValuedParameter.swift /Users/admin/builder/spi-builder-workspace/Sources/TDSNIO/Extensions/ByteBuffer/ByteBuffer+PrepareSend.swift /Users/admin/builder/spi-builder-workspace/Sources/TDSNIO/Extensions/Logging+TDS.swift /Users/admin/builder/spi-builder-workspace/Sources/TDSNIO/Helper/TinySequence.swift /Users/admin/builder/spi-builder-workspace/Sources/TDSNIO/Messages/Coding/TDSBackendMessageDecoder.swift /Users/admin/builder/spi-builder-workspace/Sources/TDSNIO/Messages/Coding/TDSFrontendMessageEncoder.swift /Users/admin/builder/spi-builder-workspace/Sources/TDSNIO/Messages/Coding/TDSFrontendMessagePostProcessor.swift /Users/admin/builder/spi-builder-workspace/Sources/TDSNIO/Messages/Coding/TDSMessageDecodingError.swift /Users/admin/builder/spi-builder-workspace/Sources/TDSNIO/Messages/Coding/TDSPartialDecodingError.swift /Users/admin/builder/spi-builder-workspace/Sources/TDSNIO/Messages/TDSBackendMessage.swift /Users/admin/builder/spi-builder-workspace/Sources/TDSNIO/Messages/TDSPacket+MessageType.swift /Users/admin/builder/spi-builder-workspace/Sources/TDSNIO/Messages/TDSPacket+Status.swift -primary-file /Users/admin/builder/spi-builder-workspace/Sources/TDSNIO/Messages/TDSPacket.swift -primary-file /Users/admin/builder/spi-builder-workspace/Sources/TDSNIO/Pool/TDSClient.swift -primary-file /Users/admin/builder/spi-builder-workspace/Sources/TDSNIO/Pool/TDSClientMetrics.swift /Users/admin/builder/spi-builder-workspace/Sources/TDSNIO/Pool/TDSConnectionFactory.swift /Users/admin/builder/spi-builder-workspace/Sources/TDSNIO/Statements/TDSBulkLoadRequest.swift /Users/admin/builder/spi-builder-workspace/Sources/TDSNIO/Statements/TDSQuery.swift /Users/admin/builder/spi-builder-workspace/Sources/TDSNIO/Statements/TDSRequestContext.swift /Users/admin/builder/spi-builder-workspace/Sources/TDSNIO/Statements/TDSTask.swift /Users/admin/builder/spi-builder-workspace/Sources/TDSNIO/Statements/TDSTransactionManagerRequest.swift /Users/admin/builder/spi-builder-workspace/Sources/TDSNIO/TDSAuthenticationChallenge.swift /Users/admin/builder/spi-builder-workspace/Sources/TDSNIO/TDSAuthenticationToken.swift /Users/admin/builder/spi-builder-workspace/Sources/TDSNIO/TDSChannelHandler.swift /Users/admin/builder/spi-builder-workspace/Sources/TDSNIO/TDSEnvChangeMessage.swift /Users/admin/builder/spi-builder-workspace/Sources/TDSNIO/TDSEventsHandler.swift /Users/admin/builder/spi-builder-workspace/Sources/TDSNIO/TDSInfoMessage.swift /Users/admin/builder/spi-builder-workspace/Sources/TDSNIO/TDSRowSequence.swift /Users/admin/builder/spi-builder-workspace/Sources/TDSNIO/TDSRowStream.swift /Users/admin/builder/spi-builder-workspace/Sources/TDSNIO/TDSSQLError.swift /Users/admin/builder/spi-builder-workspace/Sources/TDSNIO/TDSSessionContext.swift /Users/admin/builder/spi-builder-workspace/Sources/TDSNIO/TDSSessionStateMessage.swift /Users/admin/builder/spi-builder-workspace/Sources/TDSNIO/TDSVersion.swift /Users/admin/builder/spi-builder-workspace/Sources/TDSNIO/Utilities/TDSNIO+GeneralRules.swift -supplementary-output-file-map /Users/admin/builder/spi-builder-workspace/.derivedData/Build/Intermediates.noindex/tds-nio.build/Debug/TDSNIO-t.build/Objects-normal/arm64/supplementaryOutputs-7 -target arm64-apple-macos13.0 -module-can-import-version Network 5000.0.33 6681.1.1 -disable-cross-import-overlay-search -swift-module-cross-import Darwin /Applications/Xcode-27.0.0-Release.Candidate.app/Contents/Developer/Platforms/MacOSX.platform/Developer/SDKs/MacOSX.sdk/usr/include/Darwin.swiftcrossimport/xlocale.swiftoverlay -load-resolved-plugin /Applications/Xcode-27.0.0-Release.Candidate.app/Contents/Developer/Platforms/MacOSX.platform/Developer/usr/lib/swift/host/plugins/libFoundationMacros.dylib\#/Applications/Xcode-27.0.0-Release.Candidate.app/Contents/Developer/Platforms/MacOSX.platform/Developer/usr/bin/swift-plugin-server\#FoundationMacros -load-resolved-plugin /Applications/Xcode-27.0.0-Release.Candidate.app/Contents/Developer/Platforms/MacOSX.platform/Developer/usr/lib/swift/host/plugins/libObservationMacros.dylib\#/Applications/Xcode-27.0.0-Release.Candidate.app/Contents/Developer/Platforms/MacOSX.platform/Developer/usr/bin/swift-plugin-server\#ObservationMacros -load-resolved-plugin /Applications/Xcode-27.0.0-Release.Candidate.app/Contents/Developer/Platforms/MacOSX.platform/Developer/usr/lib/swift/host/plugins/libSwiftMacros.dylib\#/Applications/Xcode-27.0.0-Release.Candidate.app/Contents/Developer/Platforms/MacOSX.platform/Developer/usr/bin/swift-plugin-server\#SwiftMacros -disable-implicit-swift-modules -Xcc -fno-implicit-modules -Xcc -fno-implicit-module-maps -explicit-swift-module-map-file /Users/admin/builder/spi-builder-workspace/.derivedData/Build/Intermediates.noindex/tds-nio.build/Debug/TDSNIO-t.build/Objects-normal/arm64/TDSNIO-dependencies-1.json -Xllvm -aarch64-use-tbi -enable-objc-interop -stack-check -sdk /Applications/Xcode-27.0.0-Release.Candidate.app/Contents/Developer/Platforms/MacOSX.platform/Developer/SDKs/MacOSX27.0.sdk -I /Users/admin/builder/spi-builder-workspace/.derivedData/Build/Products/Debug -Isystem /Applications/Xcode-27.0.0-Release.Candidate.app/Contents/Developer/Platforms/MacOSX.platform/Developer/usr/lib -F /Users/admin/builder/spi-builder-workspace/.derivedData/Build/Products/Debug/PackageFrameworks -F /Users/admin/builder/spi-builder-workspace/.derivedData/Build/Products/Debug -F /Applications/Xcode-27.0.0-Release.Candidate.app/Contents/Developer/Platforms/MacOSX.platform/Developer/Library/Frameworks -module-cache-path /Users/admin/builder/spi-builder-workspace/.derivedData/Build/Intermediates.noindex/SwiftExplicitPrecompiledModules -no-color-diagnostics -Xcc -fno-color-diagnostics -enable-testing -g -debug-info-format\=dwarf -dwarf-version\=4 -profile-generate -profile-coverage-mapping -swift-version 6 -Onone -D SWIFT_PACKAGE -D DEBUG -D SWIFT_MODULE_RESOURCE_BUNDLE_UNAVAILABLE -D DistributedTracingSupport -D Xcode -serialize-debugging-options -enable-upcoming-feature MemberImportVisibility -enable-upcoming-feature InternalImportsByDefault -enable-experimental-feature DebugDescriptionMacro -empty-abi-descriptor -validate-clang-modules-once -clang-build-session-file /Users/admin/builder/spi-builder-workspace/.derivedData/ModuleCache.noindex/Session.modulevalidation -Xcc -working-directory -Xcc /Users/admin/builder/spi-builder-workspace/.swiftpm/xcode -enable-anonymous-context-mangled-names -file-compilation-dir /Users/admin/builder/spi-builder-workspace/.swiftpm/xcode -Xcc -fmodule-map-file\=/Users/admin/builder/spi-builder-workspace/.derivedData/Build/Intermediates.noindex/GeneratedModuleMaps/CNIOBoringSSLShims.modulemap -Xcc -fmodule-map-file\=/Users/admin/builder/spi-builder-workspace/.dependencies/checkouts/swift-nio-ssl/Sources/CNIOBoringSSL/include/module.modulemap -Xcc -fmodule-map-file\=/Users/admin/builder/spi-builder-workspace/.derivedData/Build/Intermediates.noindex/GeneratedModuleMaps/CNIOPosix.modulemap -Xcc -fmodule-map-file\=/Users/admin/builder/spi-builder-workspace/.derivedData/Build/Intermediates.noindex/GeneratedModuleMaps/CNIOWASI.modulemap -Xcc -fmodule-map-file\=/Users/admin/builder/spi-builder-workspace/.dependencies/checkouts/swift-nio/Sources/CNIOWindows/include/module.modulemap -Xcc -fmodule-map-file\=/Users/admin/builder/spi-builder-workspace/.derivedData/Build/Intermediates.noindex/GeneratedModuleMaps/CNIOLinux.modulemap -Xcc -fmodule-map-file\=/Users/admin/builder/spi-builder-workspace/.derivedData/Build/Intermediates.noindex/GeneratedModuleMaps/CNIODarwin.modulemap -Xcc -fmodule-map-file\=/Users/admin/builder/spi-builder-workspace/.derivedData/Build/Intermediates.noindex/GeneratedModuleMaps/CNIOFreeBSD.modulemap -Xcc -fmodule-map-file\=/Users/admin/builder/spi-builder-workspace/.derivedData/Build/Intermediates.noindex/GeneratedModuleMaps/CNIOOpenBSD.modulemap -Xcc -fmodule-map-file\=/Users/admin/builder/spi-builder-workspace/.derivedData/Build/Intermediates.noindex/GeneratedModuleMaps/CNIOAtomics.modulemap -Xcc -fmodule-map-file\=/Users/admin/builder/spi-builder-workspace/.dependencies/checkouts/swift-crypto/Sources/CCryptoBoringSSLShims/include/module.modulemap -Xcc -fmodule-map-file\=/Users/admin/builder/spi-builder-workspace/.dependencies/checkouts/swift-crypto/Sources/CCryptoBoringSSL/include/module.modulemap -Xcc -fmodule-map-file\=/Users/admin/builder/spi-builder-workspace/.dependencies/checkouts/swift-atomics/Sources/_AtomicsShims/include/module.modulemap -Xcc -D_LIBCPP_HARDENING_MODE\=_LIBCPP_HARDENING_MODE_DEBUG -Xcc -ivfsstatcache -Xcc /Users/admin/builder/spi-builder-workspace/.derivedData/SDKStatCaches.noindex/macosx27.0-26A425-e829b21a6f8c9b70876ba0858053c0446a22442a12e9d48fe1a705f55a1adfc4.sdkstatcache -Xcc -fmodules-prune-interval\=86400 -Xcc -fmodules-prune-after\=345600 -Xcc -I/Users/admin/builder/spi-builder-workspace/.dependencies/checkouts/swift-nio-ssl/Sources/CNIOBoringSSLShims/include -Xcc -I/Users/admin/builder/spi-builder-workspace/.dependencies/checkouts/swift-nio-ssl/Sources/CNIOBoringSSL/include -Xcc -I/Users/admin/builder/spi-builder-workspace/.dependencies/checkouts/swift-nio/Sources/CNIOPosix/include -Xcc -I/Users/admin/builder/spi-builder-workspace/.dependencies/checkouts/swift-nio/Sources/CNIOWASI/include -Xcc -I/Users/admin/builder/spi-builder-workspace/.dependencies/checkouts/swift-nio/Sources/CNIOWindows/include -Xcc -I/Users/admin/builder/spi-builder-workspace/.dependencies/checkouts/swift-nio/Sources/CNIOLinux/include -Xcc -I/Users/admin/builder/spi-builder-workspace/.dependencies/checkouts/swift-nio/Sources/CNIODarwin/include -Xcc -I/Users/admin/builder/spi-builder-workspace/.dependencies/checkouts/swift-nio/Sources/CNIOFreeBSD/include -Xcc -I/Users/admin/builder/spi-builder-workspace/.dependencies/checkouts/swift-nio/Sources/CNIOOpenBSD/include -Xcc -I/Users/admin/builder/spi-builder-workspace/.dependencies/checkouts/swift-nio/Sources/CNIOAtomics/include -Xcc -I/Users/admin/builder/spi-builder-workspace/.dependencies/checkouts/swift-crypto/Sources/CCryptoBoringSSLShims/include -Xcc -I/Users/admin/builder/spi-builder-workspace/.dependencies/checkouts/swift-crypto/Sources/CCryptoBoringSSL/include -Xcc -I/Users/admin/builder/spi-builder-workspace/.dependencies/checkouts/swift-atomics/Sources/_AtomicsShims/include -Xcc -I/Users/admin/builder/spi-builder-workspace/.derivedData/Build/Products/Debug/include -Xcc -I/Users/admin/builder/spi-builder-workspace/.derivedData/Build/Intermediates.noindex/tds-nio.build/Debug/TDSNIO-t.build/DerivedSources-normal/arm64 -Xcc -I/Users/admin/builder/spi-builder-workspace/.derivedData/Build/Intermediates.noindex/tds-nio.build/Debug/TDSNIO-t.build/DerivedSources/arm64 -Xcc -I/Users/admin/builder/spi-builder-workspace/.derivedData/Build/Intermediates.noindex/tds-nio.build/Debug/TDSNIO-t.build/DerivedSources -Xcc -DSWIFT_PACKAGE -Xcc -DDEBUG\=1 -no-auto-bridging-header-chaining -module-name TDSNIO -package-name spi_builder_workspace -const-gather-protocols-file /Users/admin/builder/spi-builder-workspace/.derivedData/Build/Intermediates.noindex/tds-nio.build/Debug/TDSNIO-t.build/Objects-normal/arm64/TDSNIO_const_extract_protocols.json -disable-clang-spi -clang-target arm64-apple-macos27.0 -target-sdk-version 27.0 -target-sdk-name macosx27.0 -in-process-plugin-server-path /Applications/Xcode-27.0.0-Release.Candidate.app/Contents/Developer/Toolchains/XcodeDefault.xctoolchain/usr/lib/swift/host/libSwiftInProcPluginServer.dylib -parse-as-library -o /Users/admin/builder/spi-builder-workspace/.derivedData/Build/Intermediates.noindex/tds-nio.build/Debug/TDSNIO-t.build/Objects-normal/arm64/TDSPacket.o -o /Users/admin/builder/spi-builder-workspace/.derivedData/Build/Intermediates.noindex/tds-nio.build/Debug/TDSNIO-t.build/Objects-normal/arm64/TDSClient.o -o /Users/admin/builder/spi-builder-workspace/.derivedData/Build/Intermediates.noindex/tds-nio.build/Debug/TDSNIO-t.build/Objects-normal/arm64/TDSClientMetrics.o -debug-module-path /Users/admin/builder/spi-builder-workspace/.derivedData/Build/Intermediates.noindex/tds-nio.build/Debug/TDSNIO-t.build/Objects-normal/arm64/TDSNIO.swiftmodule -index-unit-output-path /tds-nio.build/Debug/TDSNIO-t.build/Objects-normal/arm64/TDSPacket.o -index-unit-output-path /tds-nio.build/Debug/TDSNIO-t.build/Objects-normal/arm64/TDSClient.o -index-unit-output-path /tds-nio.build/Debug/TDSNIO-t.build/Objects-normal/arm64/TDSClientMetrics.o -index-store-path /Users/admin/builder/spi-builder-workspace/.derivedData/Index.noindex/DataStore -index-system-modules
SwiftCompile normal arm64 /Users/admin/builder/spi-builder-workspace/Sources/TDSNIO/Messages/TDSPacket.swift (in target 'TDSNIO' from project 'tds-nio')
    cd /Users/admin/builder/spi-builder-workspace/.swiftpm/xcode
    builtin-SwiftPerFileCompile TDSPacket.swift
SwiftCompile normal arm64 /Users/admin/builder/spi-builder-workspace/Sources/TDSNIO/Pool/TDSClient.swift (in target 'TDSNIO' from project 'tds-nio')
    cd /Users/admin/builder/spi-builder-workspace/.swiftpm/xcode
    builtin-SwiftPerFileCompile TDSClient.swift
SwiftCompile normal arm64 /Users/admin/builder/spi-builder-workspace/Sources/TDSNIO/Pool/TDSClientMetrics.swift (in target 'TDSNIO' from project 'tds-nio')
    cd /Users/admin/builder/spi-builder-workspace/.swiftpm/xcode
    builtin-SwiftPerFileCompile TDSClientMetrics.swift
SwiftCompile normal arm64 Compiling\ TDSConnectionFactory.swift,\ TDSBulkLoadRequest.swift,\ TDSQuery.swift /Users/admin/builder/spi-builder-workspace/Sources/TDSNIO/Pool/TDSConnectionFactory.swift /Users/admin/builder/spi-builder-workspace/Sources/TDSNIO/Statements/TDSBulkLoadRequest.swift /Users/admin/builder/spi-builder-workspace/Sources/TDSNIO/Statements/TDSQuery.swift (in target 'TDSNIO' from project 'tds-nio')
SwiftCompile normal arm64 /Users/admin/builder/spi-builder-workspace/Sources/TDSNIO/Pool/TDSConnectionFactory.swift (in target 'TDSNIO' from project 'tds-nio')
    cd /Users/admin/builder/spi-builder-workspace/.swiftpm/xcode
    builtin-SwiftPerFileCompile TDSConnectionFactory.swift
SwiftCompile normal arm64 /Users/admin/builder/spi-builder-workspace/Sources/TDSNIO/Statements/TDSBulkLoadRequest.swift (in target 'TDSNIO' from project 'tds-nio')
    cd /Users/admin/builder/spi-builder-workspace/.swiftpm/xcode
    builtin-SwiftPerFileCompile TDSBulkLoadRequest.swift
SwiftCompile normal arm64 /Users/admin/builder/spi-builder-workspace/Sources/TDSNIO/Statements/TDSQuery.swift (in target 'TDSNIO' from project 'tds-nio')
    cd /Users/admin/builder/spi-builder-workspace/.swiftpm/xcode
    builtin-SwiftPerFileCompile TDSQuery.swift
SwiftEmitModule normal arm64 Emitting\ module\ for\ TDSNIO (in target 'TDSNIO' from project 'tds-nio')
SwiftCompile normal arm64 (in target 'TDSNIO' from project 'tds-nio')
    cd /Users/admin/builder/spi-builder-workspace/.swiftpm/xcode

SwiftCompile normal arm64 Compiling\ TDSData.swift,\ TDSDecodable.swift,\ TDSJSON.swift,\ TDSBackendMessageDecoder.swift /Users/admin/builder/spi-builder-workspace/Sources/TDSNIO/Data/TDSData.swift /Users/admin/builder/spi-builder-workspace/Sources/TDSNIO/Data/TDSDecodable.swift /Users/admin/builder/spi-builder-workspace/Sources/TDSNIO/Data/TDSJSON.swift /Users/admin/builder/spi-builder-workspace/Sources/TDSNIO/Messages/Coding/TDSBackendMessageDecoder.swift (in target 'TDSNIO' from project 'tds-nio')
SwiftCompile normal arm64 /Users/admin/builder/spi-builder-workspace/Sources/TDSNIO/Data/TDSData.swift (in target 'TDSNIO' from project 'tds-nio')
    cd /Users/admin/builder/spi-builder-workspace/.swiftpm/xcode
    builtin-SwiftPerFileCompile TDSData.swift
SwiftCompile normal arm64 /Users/admin/builder/spi-builder-workspace/Sources/TDSNIO/Data/TDSDecodable.swift (in target 'TDSNIO' from project 'tds-nio')
    cd /Users/admin/builder/spi-builder-workspace/.swiftpm/xcode
    builtin-SwiftPerFileCompile TDSDecodable.swift
SwiftCompile normal arm64 /Users/admin/builder/spi-builder-workspace/Sources/TDSNIO/Data/TDSJSON.swift (in target 'TDSNIO' from project 'tds-nio')
    cd /Users/admin/builder/spi-builder-workspace/.swiftpm/xcode
    builtin-SwiftPerFileCompile TDSJSON.swift
SwiftCompile normal arm64 /Users/admin/builder/spi-builder-workspace/Sources/TDSNIO/Messages/Coding/TDSBackendMessageDecoder.swift (in target 'TDSNIO' from project 'tds-nio')
    cd /Users/admin/builder/spi-builder-workspace/.swiftpm/xcode
    builtin-SwiftPerFileCompile TDSBackendMessageDecoder.swift
SwiftCompile normal arm64 Compiling\ TDSRequestContext.swift,\ TDSTask.swift,\ TDSTransactionManagerRequest.swift /Users/admin/builder/spi-builder-workspace/Sources/TDSNIO/Statements/TDSRequestContext.swift /Users/admin/builder/spi-builder-workspace/Sources/TDSNIO/Statements/TDSTask.swift /Users/admin/builder/spi-builder-workspace/Sources/TDSNIO/Statements/TDSTransactionManagerRequest.swift (in target 'TDSNIO' from project 'tds-nio')
SwiftCompile normal arm64 /Users/admin/builder/spi-builder-workspace/Sources/TDSNIO/Statements/TDSRequestContext.swift (in target 'TDSNIO' from project 'tds-nio')
    cd /Users/admin/builder/spi-builder-workspace/.swiftpm/xcode
    builtin-SwiftPerFileCompile TDSRequestContext.swift
SwiftCompile normal arm64 /Users/admin/builder/spi-builder-workspace/Sources/TDSNIO/Statements/TDSTask.swift (in target 'TDSNIO' from project 'tds-nio')
    cd /Users/admin/builder/spi-builder-workspace/.swiftpm/xcode
    builtin-SwiftPerFileCompile TDSTask.swift
SwiftCompile normal arm64 /Users/admin/builder/spi-builder-workspace/Sources/TDSNIO/Statements/TDSTransactionManagerRequest.swift (in target 'TDSNIO' from project 'tds-nio')
    cd /Users/admin/builder/spi-builder-workspace/.swiftpm/xcode
    builtin-SwiftPerFileCompile TDSTransactionManagerRequest.swift
SwiftCompile normal arm64 Compiling\ TDSAuthenticationChallenge.swift,\ TDSAuthenticationToken.swift,\ TDSChannelHandler.swift /Users/admin/builder/spi-builder-workspace/Sources/TDSNIO/TDSAuthenticationChallenge.swift /Users/admin/builder/spi-builder-workspace/Sources/TDSNIO/TDSAuthenticationToken.swift /Users/admin/builder/spi-builder-workspace/Sources/TDSNIO/TDSChannelHandler.swift (in target 'TDSNIO' from project 'tds-nio')
SwiftCompile normal arm64 /Users/admin/builder/spi-builder-workspace/Sources/TDSNIO/TDSAuthenticationChallenge.swift (in target 'TDSNIO' from project 'tds-nio')
    cd /Users/admin/builder/spi-builder-workspace/.swiftpm/xcode
    builtin-SwiftPerFileCompile TDSAuthenticationChallenge.swift
SwiftCompile normal arm64 /Users/admin/builder/spi-builder-workspace/Sources/TDSNIO/TDSAuthenticationToken.swift (in target 'TDSNIO' from project 'tds-nio')
    cd /Users/admin/builder/spi-builder-workspace/.swiftpm/xcode
    builtin-SwiftPerFileCompile TDSAuthenticationToken.swift
SwiftCompile normal arm64 /Users/admin/builder/spi-builder-workspace/Sources/TDSNIO/TDSChannelHandler.swift (in target 'TDSNIO' from project 'tds-nio')
    cd /Users/admin/builder/spi-builder-workspace/.swiftpm/xcode
    builtin-SwiftPerFileCompile TDSChannelHandler.swift
PruneExplicitPrecompiledModules /Users/admin/builder/spi-builder-workspace/.derivedData/Build/Intermediates.noindex/ExplicitPrecompiledModules
PruneExplicitPrecompiledModules /Users/admin/builder/spi-builder-workspace/.derivedData/Build/Intermediates.noindex/SwiftExplicitPrecompiledModules
PruneExplicitPrecompiledModules /Users/admin/builder/spi-builder-workspace/.derivedData/SDKExplicitPrecompiledModules
2026-09-25 09:51:32.754 xcodebuild[3660:12363] [MT] IDERunDestination: Supported platforms for the buildables in the current scheme is empty.
--- xcodebuild: WARNING: Using the first of multiple matching destinations:
{ platform:macOS, arch:arm64, id:5e659816ae5e2fffdd02e2af09c181db20c6f847, name:My Mac }
{ platform:macOS, arch:arm64, variant:Mac Catalyst, id:5e659816ae5e2fffdd02e2af09c181db20c6f847, name:My Mac }
{ platform:macOS, arch:arm64, variant:DriverKit, id:5e659816ae5e2fffdd02e2af09c181db20c6f847, name:My Mac }
{ platform:macOS, arch:arm64, variant:Designed for [iPad,iPhone], id:5e659816ae5e2fffdd02e2af09c181db20c6f847, name:My Mac }
** BUILD FAILED **
The following build commands failed:
	SwiftCompile normal arm64 Compiling\ TDSPacket.swift,\ TDSClient.swift,\ TDSClientMetrics.swift /Users/admin/builder/spi-builder-workspace/Sources/TDSNIO/Messages/TDSPacket.swift /Users/admin/builder/spi-builder-workspace/Sources/TDSNIO/Pool/TDSClient.swift /Users/admin/builder/spi-builder-workspace/Sources/TDSNIO/Pool/TDSClientMetrics.swift (in target 'TDSNIO' from project 'tds-nio')
	SwiftCompile normal arm64 /Users/admin/builder/spi-builder-workspace/Sources/TDSNIO/Pool/TDSClient.swift (in target 'TDSNIO' from project 'tds-nio')
	Building workspace tds-nio with scheme tds-nio
(3 failures)
BUILD FAILURE 6.4 macosXcodebuild