The Swift Package Index logo.Swift Package Index

Build Information

Failed to build SwiftUIInspector, reference 1.5.0 (c93ec9), with Swift 6.1 for watchOS using Xcode 16.3 on 24 Jun 2026 23:45:40 UTC.

Build Command

env DEVELOPER_DIR=/Applications/Xcode-16.3.0.app xcrun xcodebuild -IDEClonedSourcePackagesDirPathOverride=$PWD/.dependencies -skipMacroValidation -skipPackagePluginValidation -derivedDataPath $PWD/.derivedData build -scheme SwiftUIInspector -destination generic/platform=watchOS

Build Log

final class UIColorPipette: UIView {
                            ^~~~~~
/Applications/Xcode-16.3.0.app/Contents/Developer/Platforms/WatchOS.platform/Developer/SDKs/WatchOS11.4.sdk/System/Library/Frameworks/UIKit.framework/Headers/NSTextAttachment.h:23:1: note: interface 'UIView' forward declared here
@class UIView;
^
/Users/admin/builder/spi-builder-workspace/Source/SwiftUIInspector/Views/UIColorPipette.swift:6:26: error: cannot find 'UIView' in scope
        private let colorView = UIView()
                                ^~~~~~
/Applications/Xcode-16.3.0.app/Contents/Developer/Platforms/WatchOS.platform/Developer/SDKs/WatchOS11.4.sdk/System/Library/Frameworks/UIKit.framework/Headers/NSTextAttachment.h:23:1: note: interface 'UIView' forward declared here
@class UIView;
^
/Users/admin/builder/spi-builder-workspace/Source/SwiftUIInspector/Views/UIColorPipette.swift:7:22: error: cannot find 'UILabel' in scope
        private let label = UILabel()
                            ^~~~~~~
/Users/admin/builder/spi-builder-workspace/Source/SwiftUIInspector/Views/UIColorPipette.swift:29:15: error: property does not override any property from its superclass
        override var intrinsicContentSize: CGSize {
        ~~~~~~~~     ^
/Users/admin/builder/spi-builder-workspace/Source/SwiftUIInspector/Views/UIColorPipette.swift:52:16: error: method does not override any method from its superclass
        override func layoutSubviews() {
        ~~~~~~~~      ^
/Users/admin/builder/spi-builder-workspace/Source/SwiftUIInspector/Views/UIEdgeLine.swift:3:25: error: cannot find type 'UIView' in scope
final class UIEdgeLine: UIView {
                        ^~~~~~
/Applications/Xcode-16.3.0.app/Contents/Developer/Platforms/WatchOS.platform/Developer/SDKs/WatchOS11.4.sdk/System/Library/Frameworks/UIKit.framework/Headers/NSTextAttachment.h:23:1: note: interface 'UIView' forward declared here
@class UIView;
^
/Users/admin/builder/spi-builder-workspace/Source/SwiftUIInspector/Views/UIInspector3D.swift:5:28: error: cannot find type 'UIView' in scope
final class UIInspector3D: UIView {
                           ^~~~~~
/Applications/Xcode-16.3.0.app/Contents/Developer/Platforms/WatchOS.platform/Developer/SDKs/WatchOS11.4.sdk/System/Library/Frameworks/UIKit.framework/Headers/NSTextAttachment.h:23:1: note: interface 'UIView' forward declared here
@class UIView;
^
/Users/admin/builder/spi-builder-workspace/Source/SwiftUIInspector/Views/UIInspector3D.swift:9:26: error: cannot find 'SCNView' in scope
        private let sceneView = SCNView()
                                ^~~~~~~
/Users/admin/builder/spi-builder-workspace/Source/SwiftUIInspector/Views/UIInspector3D.swift:12:39: error: 'CALayer' is unavailable in watchOS
        private(set) var viewNodesBySource: [CALayer: SCNViewRect] = [:]
                                             ^~~~~~~
/Applications/Xcode-16.3.0.app/Contents/Developer/Platforms/WatchOS.platform/Developer/SDKs/WatchOS11.4.sdk/System/Library/Frameworks/QuartzCore.framework/Headers/CALayer.h:86:12: note: 'CALayer' has been explicitly marked unavailable here
@interface CALayer : NSObject <NSSecureCoding, CAMediaTiming>
           ^
/Users/admin/builder/spi-builder-workspace/Source/SwiftUIInspector/Views/UIInspector3D.swift:20:45: error: missing argument for parameter 'frame' in call
        private let background = UISceneBackground()
                                                   ^
                                                   frame: <#CGRect#>
/Users/admin/builder/spi-builder-workspace/Source/SwiftUIInspector/Views/UISceneBackground.swift:9:11: note: 'init(frame:)' declared here
        override init(frame: CGRect) {
                 ^
/Users/admin/builder/spi-builder-workspace/Source/SwiftUIInspector/Views/UIInspector3D.swift:45:16: error: method does not override any method from its superclass
        override func layoutSubviews() {
        ~~~~~~~~      ^
/Users/admin/builder/spi-builder-workspace/Source/SwiftUIInspector/Views/UIInspector3D.swift:51:16: error: method does not override any method from its superclass
        override func tintColorDidChange() {
        ~~~~~~~~      ^
/Users/admin/builder/spi-builder-workspace/Source/SwiftUIInspector/Views/UIInspector3D.swift:357:10: error: 'CAMediaTimingFunctionName' is unavailable in watchOS
                curve: CAMediaTimingFunctionName = .easeInEaseOut,
                       ^~~~~~~~~~~~~~~~~~~~~~~~~
/Applications/Xcode-16.3.0.app/Contents/Developer/Platforms/WatchOS.platform/Developer/SDKs/WatchOS11.4.sdk/System/Library/Frameworks/QuartzCore.framework/Headers/CAMediaTimingFunction.h:15:20: note: 'CAMediaTimingFunctionName' has been explicitly marked unavailable here
typedef NSString * CAMediaTimingFunctionName NS_TYPED_ENUM API_AVAILABLE(macos(10.5), ios(2.0), tvos(9.0)) API_UNAVAILABLE(watchos);
                   ^
/Users/admin/builder/spi-builder-workspace/Source/SwiftUIInspector/Views/UIInspector3D.swift:357:39: error: 'easeInEaseOut' is unavailable in watchOS
                curve: CAMediaTimingFunctionName = .easeInEaseOut,
                                                    ^~~~~~~~~~~~~
/Applications/Xcode-16.3.0.app/Contents/Developer/Platforms/WatchOS.platform/Developer/SDKs/WatchOS11.4.sdk/System/Library/Frameworks/QuartzCore.framework/Headers/CAMediaTimingFunction.h:60:43: note: 'easeInEaseOut' has been explicitly marked unavailable here
CA_EXTERN CAMediaTimingFunctionName const kCAMediaTimingFunctionEaseInEaseOut
                                          ^
/Users/admin/builder/spi-builder-workspace/Source/SwiftUIInspector/Views/UIInspector3D.swift:379:21: error: method cannot be marked @objc because the type of the parameter cannot be represented in Objective-C
        @objc private func handleTap(_ gesture: JustTapGesture) {
                           ^
/Users/admin/builder/spi-builder-workspace/Source/SwiftUIInspector/Views/UIInspector3D.swift:379:42: note: classes not annotated with @objc cannot be represented in Objective-C
        @objc private func handleTap(_ gesture: JustTapGesture) {
                                                ^~~~~~~~~~~~~~
/Users/admin/builder/spi-builder-workspace/Source/SwiftUIInspector/Views/UIInspector3D.swift:390:34: error: cannot find type 'UIPanGestureRecognizer' in scope
        @objc func handlePan(_ gesture: UIPanGestureRecognizer) {
                                        ^~~~~~~~~~~~~~~~~~~~~~
/Users/admin/builder/spi-builder-workspace/Source/SwiftUIInspector/Views/UIInspector3D.swift:402:36: error: cannot find type 'UIPinchGestureRecognizer' in scope
        @objc func handlePinch(_ gesture: UIPinchGestureRecognizer) {
                                          ^~~~~~~~~~~~~~~~~~~~~~~~
/Users/admin/builder/spi-builder-workspace/Source/SwiftUIInspector/Views/UIInspector3D.swift:428:43: error: cannot find type 'UIPanGestureRecognizer' in scope
        @objc func handleTwoFingerPan(_ gesture: UIPanGestureRecognizer) {
                                                 ^~~~~~~~~~~~~~~~~~~~~~
/Users/admin/builder/spi-builder-workspace/Source/SwiftUIInspector/Views/UIInspectorControls.swift:3:34: error: cannot find type 'UIView' in scope
final class UIInspectorControls: UIView {
                                 ^~~~~~
/Applications/Xcode-16.3.0.app/Contents/Developer/Platforms/WatchOS.platform/Developer/SDKs/WatchOS11.4.sdk/System/Library/Frameworks/UIKit.framework/Headers/NSTextAttachment.h:23:1: note: interface 'UIView' forward declared here
@class UIView;
^
/Users/admin/builder/spi-builder-workspace/Source/SwiftUIInspector/Views/UIInspectorControls.swift:8:22: error: cannot find 'UIView' in scope
        let draggableArea = UIView()
                            ^~~~~~
/Applications/Xcode-16.3.0.app/Contents/Developer/Platforms/WatchOS.platform/Developer/SDKs/WatchOS11.4.sdk/System/Library/Frameworks/UIKit.framework/Headers/NSTextAttachment.h:23:1: note: interface 'UIView' forward declared here
@class UIView;
^
/Users/admin/builder/spi-builder-workspace/Source/SwiftUIInspector/Views/UIInspectorControls.swift:9:35: error: cannot find 'UIImageView' in scope
        private let draggableImageView = UIImageView(image: UIImage(systemName: "circle.grid.3x3.fill"))
                                         ^~~~~~~~~~~
/Users/admin/builder/spi-builder-workspace/Source/SwiftUIInspector/Views/UIInspectorControls.swift:30:15: error: property does not override any property from its superclass
        override var intrinsicContentSize: CGSize {
        ~~~~~~~~     ^
/Users/admin/builder/spi-builder-workspace/Source/SwiftUIInspector/Views/UIInspectorControls.swift:57:16: error: method does not override any method from its superclass
        override func layoutSubviews() {
        ~~~~~~~~      ^
/Users/admin/builder/spi-builder-workspace/Source/SwiftUIInspector/Views/UIInspectorControls.swift:75:26: error: cannot find type 'UIControl' in scope
        final class ButtonView: UIControl {
                                ^~~~~~~~~
/Users/admin/builder/spi-builder-workspace/Source/SwiftUIInspector/Views/UIInspectorControls.swift:77:19: error: cannot find 'UIImageView' in scope
                let imageView = UIImageView()
                                ^~~~~~~~~~~
/Users/admin/builder/spi-builder-workspace/Source/SwiftUIInspector/Views/UIInspectorControls.swift:110:17: error: method does not override any method from its superclass
                override func layoutSubviews() {
                ~~~~~~~~      ^
/Users/admin/builder/spi-builder-workspace/Source/SwiftUIInspector/Views/UIInspectorControls.swift:116:40: error: cannot find type 'UITouch' in scope
                override func beginTracking(_ touch: UITouch, with event: UIEvent?) -> Bool {
                                                     ^~~~~~~
/Users/admin/builder/spi-builder-workspace/Source/SwiftUIInspector/Views/UIInspectorControls.swift:116:61: error: cannot find type 'UIEvent' in scope
                override func beginTracking(_ touch: UITouch, with event: UIEvent?) -> Bool {
                                                                          ^~~~~~~
/Users/admin/builder/spi-builder-workspace/Source/SwiftUIInspector/Views/UIInspectorInfo.swift:9:16: error: 'CALayer' is unavailable in watchOS
                let custom: (CALayer) -> AnyView
                             ^~~~~~~
/Applications/Xcode-16.3.0.app/Contents/Developer/Platforms/WatchOS.platform/Developer/SDKs/WatchOS11.4.sdk/System/Library/Frameworks/QuartzCore.framework/Headers/CALayer.h:86:12: note: 'CALayer' has been explicitly marked unavailable here
@interface CALayer : NSObject <NSSecureCoding, CAMediaTiming>
           ^
/Users/admin/builder/spi-builder-workspace/Source/SwiftUIInspector/Views/UIInspectorInfo.swift:18:23: error: 'CALayer' is unavailable in watchOS
                        custom: @escaping (CALayer) -> AnyView,
                                           ^~~~~~~
/Applications/Xcode-16.3.0.app/Contents/Developer/Platforms/WatchOS.platform/Developer/SDKs/WatchOS11.4.sdk/System/Library/Frameworks/QuartzCore.framework/Headers/CALayer.h:86:12: note: 'CALayer' has been explicitly marked unavailable here
@interface CALayer : NSObject <NSSecureCoding, CAMediaTiming>
           ^
/Users/admin/builder/spi-builder-workspace/Source/SwiftUIInspector/Views/UIInspectorInfo.swift:78:25: error: 'CALayer' is unavailable in watchOS
                func title(for layer: CALayer) -> some View {
                                      ^~~~~~~
/Applications/Xcode-16.3.0.app/Contents/Developer/Platforms/WatchOS.platform/Developer/SDKs/WatchOS11.4.sdk/System/Library/Frameworks/QuartzCore.framework/Headers/CALayer.h:86:12: note: 'CALayer' has been explicitly marked unavailable here
@interface CALayer : NSObject <NSSecureCoding, CAMediaTiming>
           ^
/Users/admin/builder/spi-builder-workspace/Source/SwiftUIInspector/Views/UIMeasurementSelection.swift:3:33: error: cannot find type 'UIView' in scope
final class UIMeasurementLabel: UIView {
                                ^~~~~~
/Applications/Xcode-16.3.0.app/Contents/Developer/Platforms/WatchOS.platform/Developer/SDKs/WatchOS11.4.sdk/System/Library/Frameworks/UIKit.framework/Headers/NSTextAttachment.h:23:1: note: interface 'UIView' forward declared here
@class UIView;
^
/Users/admin/builder/spi-builder-workspace/Source/SwiftUIInspector/Views/UIMeasurementSelection.swift:5:22: error: cannot find 'UILabel' in scope
        private let label = UILabel()
                            ^~~~~~~
/Users/admin/builder/spi-builder-workspace/Source/SwiftUIInspector/Views/UIMeasurementSelection.swift:34:16: error: method does not override any method from its superclass
        override func layoutSubviews() {
        ~~~~~~~~      ^
/Users/admin/builder/spi-builder-workspace/Source/SwiftUIInspector/Views/UIPinchPanGestureRecognizer.swift:3:42: error: cannot find type 'UIGestureRecognizer' in scope
final class UIPinchPanGestureRecognizer: UIGestureRecognizer {
                                         ^~~~~~~~~~~~~~~~~~~
/Users/admin/builder/spi-builder-workspace/Source/SwiftUIInspector/Views/UIPinchPanGestureRecognizer.swift:11:44: error: cannot find type 'UITouch' in scope
        override func touchesBegan(_ touches: Set<UITouch>, with event: UIEvent) {
                                                  ^~~~~~~
/Users/admin/builder/spi-builder-workspace/Source/SwiftUIInspector/Views/UIPinchPanGestureRecognizer.swift:11:66: error: cannot find type 'UIEvent' in scope
        override func touchesBegan(_ touches: Set<UITouch>, with event: UIEvent) {
                                                                        ^~~~~~~
/Users/admin/builder/spi-builder-workspace/Source/SwiftUIInspector/Views/UIPinchPanGestureRecognizer.swift:21:44: error: cannot find type 'UITouch' in scope
        override func touchesMoved(_ touches: Set<UITouch>, with event: UIEvent) {
                                                  ^~~~~~~
/Users/admin/builder/spi-builder-workspace/Source/SwiftUIInspector/Views/UIPinchPanGestureRecognizer.swift:21:66: error: cannot find type 'UIEvent' in scope
        override func touchesMoved(_ touches: Set<UITouch>, with event: UIEvent) {
                                                                        ^~~~~~~
/Users/admin/builder/spi-builder-workspace/Source/SwiftUIInspector/Views/UIPinchPanGestureRecognizer.swift:47:44: error: cannot find type 'UITouch' in scope
        override func touchesEnded(_ touches: Set<UITouch>, with event: UIEvent) {
                                                  ^~~~~~~
/Users/admin/builder/spi-builder-workspace/Source/SwiftUIInspector/Views/UIPinchPanGestureRecognizer.swift:47:66: error: cannot find type 'UIEvent' in scope
        override func touchesEnded(_ touches: Set<UITouch>, with event: UIEvent) {
                                                                        ^~~~~~~
/Users/admin/builder/spi-builder-workspace/Source/SwiftUIInspector/Views/UIPinchPanGestureRecognizer.swift:52:48: error: cannot find type 'UITouch' in scope
        override func touchesCancelled(_ touches: Set<UITouch>, with event: UIEvent) {
                                                      ^~~~~~~
/Users/admin/builder/spi-builder-workspace/Source/SwiftUIInspector/Views/UIPinchPanGestureRecognizer.swift:52:70: error: cannot find type 'UIEvent' in scope
        override func touchesCancelled(_ touches: Set<UITouch>, with event: UIEvent) {
                                                                            ^~~~~~~
/Users/admin/builder/spi-builder-workspace/Source/SwiftUIInspector/Views/UIPinchPanGestureRecognizer.swift:57:16: error: method does not override any method from its superclass
        override func reset() {
        ~~~~~~~~      ^
/Users/admin/builder/spi-builder-workspace/Source/SwiftUIInspector/Views/UIPinchPanGestureRecognizer.swift:64:41: error: cannot find type 'UIEvent' in scope
        private func updateMetrics(with event: UIEvent) {
                                               ^~~~~~~
/Users/admin/builder/spi-builder-workspace/Source/SwiftUIInspector/Views/UISceneBackground.swift:3:32: error: cannot find type 'UIView' in scope
final class UISceneBackground: UIView {
                               ^~~~~~
/Applications/Xcode-16.3.0.app/Contents/Developer/Platforms/WatchOS.platform/Developer/SDKs/WatchOS11.4.sdk/System/Library/Frameworks/UIKit.framework/Headers/NSTextAttachment.h:23:1: note: interface 'UIView' forward declared here
@class UIView;
^
/Users/admin/builder/spi-builder-workspace/Source/SwiftUIInspector/Views/UISceneBackground.swift:9:11: error: initializer does not override a designated initializer from its superclass
        override init(frame: CGRect) {
        ~~~~~~~~ ^
/Users/admin/builder/spi-builder-workspace/Source/SwiftUIInspector/Views/UISceneBackground.swift:68:16: error: method does not override any method from its superclass
        override func tintColorDidChange() {
        ~~~~~~~~      ^
/Users/admin/builder/spi-builder-workspace/Source/SwiftUIInspector/Views/UISceneBackground.swift:73:68: error: cannot find type 'UITraitCollection' in scope
        override func traitCollectionDidChange(_ previousTraitCollection: UITraitCollection?) {
                                                                          ^~~~~~~~~~~~~~~~~
/Applications/Xcode-16.3.0.app/Contents/Developer/Platforms/WatchOS.platform/Developer/SDKs/WatchOS11.4.sdk/System/Library/Frameworks/UIKit.framework/Headers/UIColor.h:20:1: note: interface 'UITraitCollection' forward declared here
@class UITraitCollection;
^
/Users/admin/builder/spi-builder-workspace/Source/SwiftUIInspector/Views/UIViewSnapshot.swift:9:14: error: cannot find type 'CALayer' in scope
        let source: CALayer
                    ^~~~~~~
/Users/admin/builder/spi-builder-workspace/Source/SwiftUIInspector/Views/UIViewSnapshot.swift:10:18: error: cannot find type 'CALayer' in scope
        let ancestors: [CALayer]
                        ^~~~~~~
/Users/admin/builder/spi-builder-workspace/Source/SwiftUIInspector/Views/UIViewSnapshot.swift:20:12: error: cannot find type 'UIView' in scope
        var view: UIView? {
                  ^~~~~~
/Applications/Xcode-16.3.0.app/Contents/Developer/Platforms/WatchOS.platform/Developer/SDKs/WatchOS11.4.sdk/System/Library/Frameworks/UIKit.framework/Headers/NSTextAttachment.h:23:1: note: interface 'UIView' forward declared here
@class UIView;
^
/Users/admin/builder/spi-builder-workspace/Source/SwiftUIInspector/Views/UIViewSnapshot.swift:24:17: error: cannot find type 'CALayer' in scope
        init(_ source: CALayer) {
                       ^~~~~~~
/Users/admin/builder/spi-builder-workspace/Source/SwiftUIInspector/Views/UIViewSnapshot.swift:37:27: error: cannot find type 'UIView' in scope
        convenience init(_ view: UIView) {
                                 ^~~~~~
/Applications/Xcode-16.3.0.app/Contents/Developer/Platforms/WatchOS.platform/Developer/SDKs/WatchOS11.4.sdk/System/Library/Frameworks/UIKit.framework/Headers/NSTextAttachment.h:23:1: note: interface 'UIView' forward declared here
@class UIView;
^
/Users/admin/builder/spi-builder-workspace/Source/SwiftUIInspector/Views/ViewRect.swift:26:34: error: cannot find type 'UIView' in scope
final class UIViewInspectorItem: UIView, UIInspectorItem {
                                 ^~~~~~
/Applications/Xcode-16.3.0.app/Contents/Developer/Platforms/WatchOS.platform/Developer/SDKs/WatchOS11.4.sdk/System/Library/Frameworks/UIKit.framework/Headers/NSTextAttachment.h:23:1: note: interface 'UIView' forward declared here
@class UIView;
^
/Users/admin/builder/spi-builder-workspace/Source/SwiftUIInspector/Views/ViewRect.swift:26:13: error: type 'UIViewInspectorItem' does not conform to protocol 'Hashable'
final class UIViewInspectorItem: UIView, UIInspectorItem {
            ^
/Users/admin/builder/spi-builder-workspace/Source/SwiftUIInspector/Views/ViewRect.swift:26:13: note: automatic synthesis of 'Hashable' is not supported for class declarations
final class UIViewInspectorItem: UIView, UIInspectorItem {
            ^
/Users/admin/builder/spi-builder-workspace/Source/SwiftUIInspector/Views/ViewRect.swift:26:13: error: type 'UIViewInspectorItem' does not conform to protocol 'Equatable'
final class UIViewInspectorItem: UIView, UIInspectorItem {
            ^
/Users/admin/builder/spi-builder-workspace/Source/SwiftUIInspector/Views/ViewRect.swift:26:13: note: automatic synthesis of 'Equatable' is not supported for class declarations
final class UIViewInspectorItem: UIView, UIInspectorItem {
            ^
Swift.==:1:24: note: candidate would match if 'UIViewInspectorItem' conformed to 'RawRepresentable'
@inlinable public func == <T>(lhs: T, rhs: T) -> Bool where T : RawRepresentable, T.RawValue : Equatable
                       ^
Swift.FloatingPoint.==:2:20: note: candidate would match if 'UIViewInspectorItem' conformed to 'FloatingPoint'
public static func == (lhs: Self, rhs: Self) -> Bool}
                   ^
Swift.BinaryInteger.==:2:20: note: candidate would match if 'UIViewInspectorItem' conformed to 'BinaryInteger'
public static func == <Other>(lhs: Self, rhs: Other) -> Bool where Other : BinaryInteger}
                   ^
Swift._Pointer.==:2:20: note: candidate would match if 'UIViewInspectorItem' conformed to '_Pointer'
public static func == (lhs: Self, rhs: Self) -> Bool}
                   ^
Swift._Pointer.==:2:31: note: candidate would match if 'UIViewInspectorItem' conformed to '_Pointer'
@inlinable public static func == <Other>(lhs: Self, rhs: Other) -> Bool where Other : _Pointer}
                              ^
Swift.Strideable.==:2:31: note: candidate would match if 'UIViewInspectorItem' conformed to 'Strideable'
@inlinable public static func == (x: Self, y: Self) -> Bool}
                              ^
Swift.StringProtocol.==:2:31: note: candidate would match if 'UIViewInspectorItem' conformed to 'StringProtocol'
@inlinable public static func == <RHS>(lhs: Self, rhs: RHS) -> Bool where RHS : StringProtocol}
                              ^
Swift.SIMD.==:2:20: note: candidate would match if 'UIViewInspectorItem' conformed to 'SIMD'
public static func == (a: Self, b: Self) -> Bool}
                   ^
CoreFoundation._CFObject.==:2:20: note: candidate would match if 'UIViewInspectorItem' conformed to '_CFObject'
public static func == (left: Self, right: Self) -> Bool}
                   ^
Foundation.AttributedStringProtocol.==:2:20: note: candidate would match if 'UIViewInspectorItem' conformed to 'AttributedStringProtocol'
public static func == <RHS>(lhs: Self, rhs: RHS) -> Bool where RHS : AttributedStringProtocol}
                   ^
Foundation._BridgedStoredNSError.==:2:20: note: candidate would match if 'UIViewInspectorItem' conformed to '_BridgedStoredNSError'
public static func == (lhs: Self, rhs: Self) -> Bool}
                   ^
/Users/admin/builder/spi-builder-workspace/Source/SwiftUIInspector/Views/ViewRect.swift:26:13: note: add stubs for conformance
final class UIViewInspectorItem: UIView, UIInspectorItem {
            ^
Swift.Equatable.==:2:13: note: protocol requires function '==' with type '(UIViewInspectorItem, UIViewInspectorItem) -> Bool'
static func == (lhs: Self, rhs: Self) -> Bool}
            ^
SwiftEmitModule normal arm64 Emitting\ module\ for\ SwiftUIInspector (in target 'SwiftUIInspector' from project 'SwiftUIInspector')
Command SwiftEmitModule failed with a nonzero exit code
** BUILD FAILED **
The following build commands failed:
	SwiftEmitModule normal armv7k Emitting\ module\ for\ SwiftUIInspector (in target 'SwiftUIInspector' from project 'SwiftUIInspector')
	EmitSwiftModule normal armv7k (in target 'SwiftUIInspector' from project 'SwiftUIInspector')
	SwiftEmitModule normal arm64_32 Emitting\ module\ for\ SwiftUIInspector (in target 'SwiftUIInspector' from project 'SwiftUIInspector')
	EmitSwiftModule normal arm64_32 (in target 'SwiftUIInspector' from project 'SwiftUIInspector')
	SwiftEmitModule normal arm64 Emitting\ module\ for\ SwiftUIInspector (in target 'SwiftUIInspector' from project 'SwiftUIInspector')
	Building workspace spi-builder-workspace with scheme SwiftUIInspector
(6 failures)
Command line invocation:
    /Applications/Xcode-16.3.0.app/Contents/Developer/usr/bin/xcodebuild -IDEClonedSourcePackagesDirPathOverride=/Users/admin/builder/spi-builder-workspace/.dependencies -resolvePackageDependencies
Resolve Package Graph
Resolved source packages:
  SwiftUIInspector: /Users/admin/builder/spi-builder-workspace
resolved source packages: SwiftUIInspector
{
  "dependencies" : [
  ],
  "manifest_display_name" : "SwiftUIInspector",
  "name" : "SwiftUIInspector",
  "path" : "/Users/admin/builder/spi-builder-workspace",
  "platforms" : [
    {
      "name" : "ios",
      "version" : "13.0"
    }
  ],
  "products" : [
    {
      "name" : "SwiftUIInspector",
      "targets" : [
        "SwiftUIInspector"
      ],
      "type" : {
        "library" : [
          "automatic"
        ]
      }
    }
  ],
  "targets" : [
    {
      "c99name" : "SwiftUIInspector",
      "module_type" : "SwiftTarget",
      "name" : "SwiftUIInspector",
      "path" : "Source/SwiftUIInspector",
      "product_memberships" : [
        "SwiftUIInspector"
      ],
      "sources" : [
        "Extensions.swift",
        "Inspector.swift",
        "UIInspector.swift",
        "UIInspectorController.swift",
        "UIInspectorIgnorable.swift",
        "UIInspectorInfoConvertable.swift",
        "UIInspectorStringConvertible.swift",
        "Views/JustTapGesture.swift",
        "Views/SCNViewRect.swift",
        "Views/UIColorPipette.swift",
        "Views/UIEdgeLine.swift",
        "Views/UIInspector3D.swift",
        "Views/UIInspectorControls.swift",
        "Views/UIInspectorInfo.swift",
        "Views/UIMeasurementSelection.swift",
        "Views/UIPinchPanGestureRecognizer.swift",
        "Views/UISceneBackground.swift",
        "Views/UIViewSnapshot.swift",
        "Views/ViewRect.swift"
      ],
      "type" : "library"
    }
  ],
  "tools_version" : "5.9"
}
{
  "workspace" : {
    "name" : "spi-builder-workspace",
    "schemes" : [
      "SwiftUIInspector"
    ]
  }
}
Running build ...
env DEVELOPER_DIR=/Applications/Xcode-16.3.0.app xcrun xcodebuild -IDEClonedSourcePackagesDirPathOverride=$PWD/.dependencies -skipMacroValidation -skipPackagePluginValidation -derivedDataPath $PWD/.derivedData build -scheme SwiftUIInspector -destination generic/platform=watchOS
Command line invocation:
    /Applications/Xcode-16.3.0.app/Contents/Developer/usr/bin/xcodebuild -IDEClonedSourcePackagesDirPathOverride=/Users/admin/builder/spi-builder-workspace/.dependencies -skipMacroValidation -skipPackagePluginValidation -derivedDataPath /Users/admin/builder/spi-builder-workspace/.derivedData build -scheme SwiftUIInspector -destination generic/platform=watchOS
Resolve Package Graph
Resolved source packages:
  SwiftUIInspector: /Users/admin/builder/spi-builder-workspace
ComputePackagePrebuildTargetDependencyGraph
Prepare packages
CreateBuildRequest
SendProjectDescription
CreateBuildOperation
ComputeTargetDependencyGraph
note: Building targets in dependency order
note: Target dependency graph (2 targets)
    Target 'SwiftUIInspector' in project 'SwiftUIInspector'
        ➜ Explicit dependency on target 'SwiftUIInspector' in project 'SwiftUIInspector'
    Target 'SwiftUIInspector' in project 'SwiftUIInspector' (no dependencies)
GatherProvisioningInputs
CreateBuildDescription
ExecuteExternalTool /Applications/Xcode-16.3.0.app/Contents/Developer/Toolchains/XcodeDefault.xctoolchain/usr/bin/clang -v -E -dM -isysroot /Applications/Xcode-16.3.0.app/Contents/Developer/Platforms/WatchOS.platform/Developer/SDKs/WatchOS11.4.sdk -x c -c /dev/null
ExecuteExternalTool /Applications/Xcode-16.3.0.app/Contents/Developer/Toolchains/XcodeDefault.xctoolchain/usr/bin/swiftc --version
ExecuteExternalTool /Applications/Xcode-16.3.0.app/Contents/Developer/Toolchains/XcodeDefault.xctoolchain/usr/bin/ld -version_details
Build description signature: 7dcdda9ff4e9557b4d9d7ec46c68d7ba
Build description path: /Users/admin/builder/spi-builder-workspace/.derivedData/Build/Intermediates.noindex/XCBuildData/7dcdda9ff4e9557b4d9d7ec46c68d7ba.xcbuilddata
ClangStatCache /Applications/Xcode-16.3.0.app/Contents/Developer/Toolchains/XcodeDefault.xctoolchain/usr/bin/clang-stat-cache /Applications/Xcode-16.3.0.app/Contents/Developer/Platforms/WatchOS.platform/Developer/SDKs/WatchOS11.4.sdk /Users/admin/builder/spi-builder-workspace/.derivedData/SDKStatCaches.noindex/watchos11.4-22T246-43efb940ff07ba2497b70ec94253f576.sdkstatcache
    cd /Users/admin/builder/spi-builder-workspace/.swiftpm/xcode
    /Applications/Xcode-16.3.0.app/Contents/Developer/Toolchains/XcodeDefault.xctoolchain/usr/bin/clang-stat-cache /Applications/Xcode-16.3.0.app/Contents/Developer/Platforms/WatchOS.platform/Developer/SDKs/WatchOS11.4.sdk -o /Users/admin/builder/spi-builder-workspace/.derivedData/SDKStatCaches.noindex/watchos11.4-22T246-43efb940ff07ba2497b70ec94253f576.sdkstatcache
SwiftDriver SwiftUIInspector normal arm64 com.apple.xcode.tools.swift.compiler (in target 'SwiftUIInspector' from project 'SwiftUIInspector')
    cd /Users/admin/builder/spi-builder-workspace/.swiftpm/xcode
    builtin-SwiftDriver -- /Applications/Xcode-16.3.0.app/Contents/Developer/Toolchains/XcodeDefault.xctoolchain/usr/bin/swiftc -module-name SwiftUIInspector -Onone -enforce-exclusivity\=checked @/Users/admin/builder/spi-builder-workspace/.derivedData/Build/Intermediates.noindex/SwiftUIInspector.build/Debug-watchos/SwiftUIInspector.build/Objects-normal/arm64/SwiftUIInspector.SwiftFileList -DSWIFT_PACKAGE -DDEBUG -DXcode -plugin-path /Applications/Xcode-16.3.0.app/Contents/Developer/Toolchains/XcodeDefault.xctoolchain/usr/lib/swift/host/plugins/testing -enable-experimental-feature DebugDescriptionMacro -sdk /Applications/Xcode-16.3.0.app/Contents/Developer/Platforms/WatchOS.platform/Developer/SDKs/WatchOS11.4.sdk -target arm64-apple-watchos6.0 -g -module-cache-path /Users/admin/builder/spi-builder-workspace/.derivedData/ModuleCache.noindex -Xfrontend -serialize-debugging-options -enable-testing -index-store-path /Users/admin/builder/spi-builder-workspace/.derivedData/Index.noindex/DataStore -swift-version 5 -I /Users/admin/builder/spi-builder-workspace/.derivedData/Build/Products/Debug-watchos -I /Applications/Xcode-16.3.0.app/Contents/Developer/Platforms/WatchOS.platform/Developer/usr/lib -F /Users/admin/builder/spi-builder-workspace/.derivedData/Build/Products/Debug-watchos -F /Applications/Xcode-16.3.0.app/Contents/Developer/Platforms/WatchOS.platform/Developer/Library/Frameworks -F /Applications/Xcode-16.3.0.app/Contents/Developer/Platforms/WatchOS.platform/Developer/SDKs/WatchOS11.4.sdk/Developer/Library/Frameworks -c -j10 -enable-batch-mode -incremental -Xcc -ivfsstatcache -Xcc /Users/admin/builder/spi-builder-workspace/.derivedData/SDKStatCaches.noindex/watchos11.4-22T246-43efb940ff07ba2497b70ec94253f576.sdkstatcache -output-file-map /Users/admin/builder/spi-builder-workspace/.derivedData/Build/Intermediates.noindex/SwiftUIInspector.build/Debug-watchos/SwiftUIInspector.build/Objects-normal/arm64/SwiftUIInspector-OutputFileMap.json -use-frontend-parseable-output -save-temps -no-color-diagnostics -serialize-diagnostics -emit-dependencies -emit-module -emit-module-path /Users/admin/builder/spi-builder-workspace/.derivedData/Build/Intermediates.noindex/SwiftUIInspector.build/Debug-watchos/SwiftUIInspector.build/Objects-normal/arm64/SwiftUIInspector.swiftmodule -validate-clang-modules-once -clang-build-session-file /Users/admin/builder/spi-builder-workspace/.derivedData/ModuleCache.noindex/Session.modulevalidation -package-name spi_builder_workspace -Xcc -I/Users/admin/builder/spi-builder-workspace/.derivedData/Build/Intermediates.noindex/SwiftUIInspector.build/Debug-watchos/SwiftUIInspector.build/swift-overrides.hmap -emit-const-values -Xfrontend -const-gather-protocols-file -Xfrontend /Users/admin/builder/spi-builder-workspace/.derivedData/Build/Intermediates.noindex/SwiftUIInspector.build/Debug-watchos/SwiftUIInspector.build/Objects-normal/arm64/SwiftUIInspector_const_extract_protocols.json -Xcc -I/Users/admin/builder/spi-builder-workspace/.derivedData/Build/Products/Debug-watchos/include -Xcc -I/Users/admin/builder/spi-builder-workspace/.derivedData/Build/Intermediates.noindex/SwiftUIInspector.build/Debug-watchos/SwiftUIInspector.build/DerivedSources-normal/arm64 -Xcc -I/Users/admin/builder/spi-builder-workspace/.derivedData/Build/Intermediates.noindex/SwiftUIInspector.build/Debug-watchos/SwiftUIInspector.build/DerivedSources/arm64 -Xcc -I/Users/admin/builder/spi-builder-workspace/.derivedData/Build/Intermediates.noindex/SwiftUIInspector.build/Debug-watchos/SwiftUIInspector.build/DerivedSources -Xcc -DSWIFT_PACKAGE -Xcc -DDEBUG\=1 -emit-objc-header -emit-objc-header-path /Users/admin/builder/spi-builder-workspace/.derivedData/Build/Intermediates.noindex/SwiftUIInspector.build/Debug-watchos/SwiftUIInspector.build/Objects-normal/arm64/SwiftUIInspector-Swift.h -working-directory /Users/admin/builder/spi-builder-workspace/.swiftpm/xcode -experimental-emit-module-separately -disable-cmo
SwiftDriver SwiftUIInspector normal armv7k com.apple.xcode.tools.swift.compiler (in target 'SwiftUIInspector' from project 'SwiftUIInspector')
    cd /Users/admin/builder/spi-builder-workspace/.swiftpm/xcode
    builtin-SwiftDriver -- /Applications/Xcode-16.3.0.app/Contents/Developer/Toolchains/XcodeDefault.xctoolchain/usr/bin/swiftc -module-name SwiftUIInspector -Onone -enforce-exclusivity\=checked @/Users/admin/builder/spi-builder-workspace/.derivedData/Build/Intermediates.noindex/SwiftUIInspector.build/Debug-watchos/SwiftUIInspector.build/Objects-normal/armv7k/SwiftUIInspector.SwiftFileList -DSWIFT_PACKAGE -DDEBUG -DXcode -plugin-path /Applications/Xcode-16.3.0.app/Contents/Developer/Toolchains/XcodeDefault.xctoolchain/usr/lib/swift/host/plugins/testing -enable-experimental-feature DebugDescriptionMacro -sdk /Applications/Xcode-16.3.0.app/Contents/Developer/Platforms/WatchOS.platform/Developer/SDKs/WatchOS11.4.sdk -target armv7k-apple-watchos6.0 -g -module-cache-path /Users/admin/builder/spi-builder-workspace/.derivedData/ModuleCache.noindex -Xfrontend -serialize-debugging-options -enable-testing -index-store-path /Users/admin/builder/spi-builder-workspace/.derivedData/Index.noindex/DataStore -swift-version 5 -I /Users/admin/builder/spi-builder-workspace/.derivedData/Build/Products/Debug-watchos -I /Applications/Xcode-16.3.0.app/Contents/Developer/Platforms/WatchOS.platform/Developer/usr/lib -F /Users/admin/builder/spi-builder-workspace/.derivedData/Build/Products/Debug-watchos -F /Applications/Xcode-16.3.0.app/Contents/Developer/Platforms/WatchOS.platform/Developer/Library/Frameworks -F /Applications/Xcode-16.3.0.app/Contents/Developer/Platforms/WatchOS.platform/Developer/SDKs/WatchOS11.4.sdk/Developer/Library/Frameworks -c -j10 -enable-batch-mode -incremental -Xcc -ivfsstatcache -Xcc /Users/admin/builder/spi-builder-workspace/.derivedData/SDKStatCaches.noindex/watchos11.4-22T246-43efb940ff07ba2497b70ec94253f576.sdkstatcache -output-file-map /Users/admin/builder/spi-builder-workspace/.derivedData/Build/Intermediates.noindex/SwiftUIInspector.build/Debug-watchos/SwiftUIInspector.build/Objects-normal/armv7k/SwiftUIInspector-OutputFileMap.json -use-frontend-parseable-output -save-temps -no-color-diagnostics -serialize-diagnostics -emit-dependencies -emit-module -emit-module-path /Users/admin/builder/spi-builder-workspace/.derivedData/Build/Intermediates.noindex/SwiftUIInspector.build/Debug-watchos/SwiftUIInspector.build/Objects-normal/armv7k/SwiftUIInspector.swiftmodule -validate-clang-modules-once -clang-build-session-file /Users/admin/builder/spi-builder-workspace/.derivedData/ModuleCache.noindex/Session.modulevalidation -package-name spi_builder_workspace -Xcc -I/Users/admin/builder/spi-builder-workspace/.derivedData/Build/Intermediates.noindex/SwiftUIInspector.build/Debug-watchos/SwiftUIInspector.build/swift-overrides.hmap -emit-const-values -Xfrontend -const-gather-protocols-file -Xfrontend /Users/admin/builder/spi-builder-workspace/.derivedData/Build/Intermediates.noindex/SwiftUIInspector.build/Debug-watchos/SwiftUIInspector.build/Objects-normal/armv7k/SwiftUIInspector_const_extract_protocols.json -Xcc -I/Users/admin/builder/spi-builder-workspace/.derivedData/Build/Products/Debug-watchos/include -Xcc -I/Users/admin/builder/spi-builder-workspace/.derivedData/Build/Intermediates.noindex/SwiftUIInspector.build/Debug-watchos/SwiftUIInspector.build/DerivedSources-normal/armv7k -Xcc -I/Users/admin/builder/spi-builder-workspace/.derivedData/Build/Intermediates.noindex/SwiftUIInspector.build/Debug-watchos/SwiftUIInspector.build/DerivedSources/armv7k -Xcc -I/Users/admin/builder/spi-builder-workspace/.derivedData/Build/Intermediates.noindex/SwiftUIInspector.build/Debug-watchos/SwiftUIInspector.build/DerivedSources -Xcc -DSWIFT_PACKAGE -Xcc -DDEBUG\=1 -emit-objc-header -emit-objc-header-path /Users/admin/builder/spi-builder-workspace/.derivedData/Build/Intermediates.noindex/SwiftUIInspector.build/Debug-watchos/SwiftUIInspector.build/Objects-normal/armv7k/SwiftUIInspector-Swift.h -working-directory /Users/admin/builder/spi-builder-workspace/.swiftpm/xcode -experimental-emit-module-separately -disable-cmo
SwiftDriver SwiftUIInspector normal arm64_32 com.apple.xcode.tools.swift.compiler (in target 'SwiftUIInspector' from project 'SwiftUIInspector')
    cd /Users/admin/builder/spi-builder-workspace/.swiftpm/xcode
    builtin-SwiftDriver -- /Applications/Xcode-16.3.0.app/Contents/Developer/Toolchains/XcodeDefault.xctoolchain/usr/bin/swiftc -module-name SwiftUIInspector -Onone -enforce-exclusivity\=checked @/Users/admin/builder/spi-builder-workspace/.derivedData/Build/Intermediates.noindex/SwiftUIInspector.build/Debug-watchos/SwiftUIInspector.build/Objects-normal/arm64_32/SwiftUIInspector.SwiftFileList -DSWIFT_PACKAGE -DDEBUG -DXcode -plugin-path /Applications/Xcode-16.3.0.app/Contents/Developer/Toolchains/XcodeDefault.xctoolchain/usr/lib/swift/host/plugins/testing -enable-experimental-feature DebugDescriptionMacro -sdk /Applications/Xcode-16.3.0.app/Contents/Developer/Platforms/WatchOS.platform/Developer/SDKs/WatchOS11.4.sdk -target arm64_32-apple-watchos6.0 -g -module-cache-path /Users/admin/builder/spi-builder-workspace/.derivedData/ModuleCache.noindex -Xfrontend -serialize-debugging-options -enable-testing -index-store-path /Users/admin/builder/spi-builder-workspace/.derivedData/Index.noindex/DataStore -swift-version 5 -I /Users/admin/builder/spi-builder-workspace/.derivedData/Build/Products/Debug-watchos -I /Applications/Xcode-16.3.0.app/Contents/Developer/Platforms/WatchOS.platform/Developer/usr/lib -F /Users/admin/builder/spi-builder-workspace/.derivedData/Build/Products/Debug-watchos -F /Applications/Xcode-16.3.0.app/Contents/Developer/Platforms/WatchOS.platform/Developer/Library/Frameworks -F /Applications/Xcode-16.3.0.app/Contents/Developer/Platforms/WatchOS.platform/Developer/SDKs/WatchOS11.4.sdk/Developer/Library/Frameworks -c -j10 -enable-batch-mode -incremental -Xcc -ivfsstatcache -Xcc /Users/admin/builder/spi-builder-workspace/.derivedData/SDKStatCaches.noindex/watchos11.4-22T246-43efb940ff07ba2497b70ec94253f576.sdkstatcache -output-file-map /Users/admin/builder/spi-builder-workspace/.derivedData/Build/Intermediates.noindex/SwiftUIInspector.build/Debug-watchos/SwiftUIInspector.build/Objects-normal/arm64_32/SwiftUIInspector-OutputFileMap.json -use-frontend-parseable-output -save-temps -no-color-diagnostics -serialize-diagnostics -emit-dependencies -emit-module -emit-module-path /Users/admin/builder/spi-builder-workspace/.derivedData/Build/Intermediates.noindex/SwiftUIInspector.build/Debug-watchos/SwiftUIInspector.build/Objects-normal/arm64_32/SwiftUIInspector.swiftmodule -validate-clang-modules-once -clang-build-session-file /Users/admin/builder/spi-builder-workspace/.derivedData/ModuleCache.noindex/Session.modulevalidation -package-name spi_builder_workspace -Xcc -I/Users/admin/builder/spi-builder-workspace/.derivedData/Build/Intermediates.noindex/SwiftUIInspector.build/Debug-watchos/SwiftUIInspector.build/swift-overrides.hmap -emit-const-values -Xfrontend -const-gather-protocols-file -Xfrontend /Users/admin/builder/spi-builder-workspace/.derivedData/Build/Intermediates.noindex/SwiftUIInspector.build/Debug-watchos/SwiftUIInspector.build/Objects-normal/arm64_32/SwiftUIInspector_const_extract_protocols.json -Xcc -I/Users/admin/builder/spi-builder-workspace/.derivedData/Build/Products/Debug-watchos/include -Xcc -I/Users/admin/builder/spi-builder-workspace/.derivedData/Build/Intermediates.noindex/SwiftUIInspector.build/Debug-watchos/SwiftUIInspector.build/DerivedSources-normal/arm64_32 -Xcc -I/Users/admin/builder/spi-builder-workspace/.derivedData/Build/Intermediates.noindex/SwiftUIInspector.build/Debug-watchos/SwiftUIInspector.build/DerivedSources/arm64_32 -Xcc -I/Users/admin/builder/spi-builder-workspace/.derivedData/Build/Intermediates.noindex/SwiftUIInspector.build/Debug-watchos/SwiftUIInspector.build/DerivedSources -Xcc -DSWIFT_PACKAGE -Xcc -DDEBUG\=1 -emit-objc-header -emit-objc-header-path /Users/admin/builder/spi-builder-workspace/.derivedData/Build/Intermediates.noindex/SwiftUIInspector.build/Debug-watchos/SwiftUIInspector.build/Objects-normal/arm64_32/SwiftUIInspector-Swift.h -working-directory /Users/admin/builder/spi-builder-workspace/.swiftpm/xcode -experimental-emit-module-separately -disable-cmo
SwiftCompile normal arm64_32 Compiling\ UIInspector.swift,\ UIInspectorController.swift /Users/admin/builder/spi-builder-workspace/Source/SwiftUIInspector/UIInspector.swift /Users/admin/builder/spi-builder-workspace/Source/SwiftUIInspector/UIInspectorController.swift (in target 'SwiftUIInspector' from project 'SwiftUIInspector')
SwiftCompile normal arm64_32 /Users/admin/builder/spi-builder-workspace/Source/SwiftUIInspector/UIInspector.swift (in target 'SwiftUIInspector' from project 'SwiftUIInspector')
    cd /Users/admin/builder/spi-builder-workspace/.swiftpm/xcode

SwiftCompile normal arm64_32 /Users/admin/builder/spi-builder-workspace/Source/SwiftUIInspector/UIInspectorController.swift (in target 'SwiftUIInspector' from project 'SwiftUIInspector')
    cd /Users/admin/builder/spi-builder-workspace/.swiftpm/xcode

SwiftEmitModule normal arm64_32 Emitting\ module\ for\ SwiftUIInspector (in target 'SwiftUIInspector' from project 'SwiftUIInspector')
Failed frontend command:
/Applications/Xcode-16.3.0.app/Contents/Developer/Toolchains/XcodeDefault.xctoolchain/usr/bin/swift-frontend -frontend -emit-module -experimental-skip-non-inlinable-function-bodies-without-types /Users/admin/builder/spi-builder-workspace/Source/SwiftUIInspector/Extensions.swift /Users/admin/builder/spi-builder-workspace/Source/SwiftUIInspector/Inspector.swift /Users/admin/builder/spi-builder-workspace/Source/SwiftUIInspector/UIInspector.swift /Users/admin/builder/spi-builder-workspace/Source/SwiftUIInspector/UIInspectorController.swift /Users/admin/builder/spi-builder-workspace/Source/SwiftUIInspector/UIInspectorIgnorable.swift /Users/admin/builder/spi-builder-workspace/Source/SwiftUIInspector/UIInspectorInfoConvertable.swift /Users/admin/builder/spi-builder-workspace/Source/SwiftUIInspector/UIInspectorStringConvertible.swift /Users/admin/builder/spi-builder-workspace/Source/SwiftUIInspector/Views/JustTapGesture.swift /Users/admin/builder/spi-builder-workspace/Source/SwiftUIInspector/Views/SCNViewRect.swift /Users/admin/builder/spi-builder-workspace/Source/SwiftUIInspector/Views/UIColorPipette.swift /Users/admin/builder/spi-builder-workspace/Source/SwiftUIInspector/Views/UIEdgeLine.swift /Users/admin/builder/spi-builder-workspace/Source/SwiftUIInspector/Views/UIInspector3D.swift /Users/admin/builder/spi-builder-workspace/Source/SwiftUIInspector/Views/UIInspectorControls.swift /Users/admin/builder/spi-builder-workspace/Source/SwiftUIInspector/Views/UIInspectorInfo.swift /Users/admin/builder/spi-builder-workspace/Source/SwiftUIInspector/Views/UIMeasurementSelection.swift /Users/admin/builder/spi-builder-workspace/Source/SwiftUIInspector/Views/UIPinchPanGestureRecognizer.swift /Users/admin/builder/spi-builder-workspace/Source/SwiftUIInspector/Views/UISceneBackground.swift /Users/admin/builder/spi-builder-workspace/Source/SwiftUIInspector/Views/UIViewSnapshot.swift /Users/admin/builder/spi-builder-workspace/Source/SwiftUIInspector/Views/ViewRect.swift -target arm64_32-apple-watchos6.0 -enable-objc-interop -sdk /Applications/Xcode-16.3.0.app/Contents/Developer/Platforms/WatchOS.platform/Developer/SDKs/WatchOS11.4.sdk -I /Users/admin/builder/spi-builder-workspace/.derivedData/Build/Products/Debug-watchos -I /Applications/Xcode-16.3.0.app/Contents/Developer/Platforms/WatchOS.platform/Developer/usr/lib -F /Users/admin/builder/spi-builder-workspace/.derivedData/Build/Products/Debug-watchos -F /Applications/Xcode-16.3.0.app/Contents/Developer/Platforms/WatchOS.platform/Developer/Library/Frameworks -F /Applications/Xcode-16.3.0.app/Contents/Developer/Platforms/WatchOS.platform/Developer/SDKs/WatchOS11.4.sdk/Developer/Library/Frameworks -no-color-diagnostics -enable-testing -g -debug-info-format\=dwarf -dwarf-version\=4 -module-cache-path /Users/admin/builder/spi-builder-workspace/.derivedData/ModuleCache.noindex -swift-version 5 -enforce-exclusivity\=checked -Onone -D SWIFT_PACKAGE -D DEBUG -D Xcode -serialize-debugging-options -const-gather-protocols-file /Users/admin/builder/spi-builder-workspace/.derivedData/Build/Intermediates.noindex/SwiftUIInspector.build/Debug-watchos/SwiftUIInspector.build/Objects-normal/arm64_32/SwiftUIInspector_const_extract_protocols.json -enable-experimental-feature DebugDescriptionMacro -empty-abi-descriptor -plugin-path /Applications/Xcode-16.3.0.app/Contents/Developer/Toolchains/XcodeDefault.xctoolchain/usr/lib/swift/host/plugins/testing -validate-clang-modules-once -clang-build-session-file /Users/admin/builder/spi-builder-workspace/.derivedData/ModuleCache.noindex/Session.modulevalidation -Xcc -working-directory -Xcc /Users/admin/builder/spi-builder-workspace/.swiftpm/xcode -resource-dir /Applications/Xcode-16.3.0.app/Contents/Developer/Toolchains/XcodeDefault.xctoolchain/usr/lib/swift -enable-anonymous-context-mangled-names -file-compilation-dir /Users/admin/builder/spi-builder-workspace/.swiftpm/xcode -Xcc -ivfsstatcache -Xcc /Users/admin/builder/spi-builder-workspace/.derivedData/SDKStatCaches.noindex/watchos11.4-22T246-43efb940ff07ba2497b70ec94253f576.sdkstatcache -Xcc -I/Users/admin/builder/spi-builder-workspace/.derivedData/Build/Intermediates.noindex/SwiftUIInspector.build/Debug-watchos/SwiftUIInspector.build/swift-overrides.hmap -Xcc -I/Users/admin/builder/spi-builder-workspace/.derivedData/Build/Products/Debug-watchos/include -Xcc -I/Users/admin/builder/spi-builder-workspace/.derivedData/Build/Intermediates.noindex/SwiftUIInspector.build/Debug-watchos/SwiftUIInspector.build/DerivedSources-normal/arm64_32 -Xcc -I/Users/admin/builder/spi-builder-workspace/.derivedData/Build/Intermediates.noindex/SwiftUIInspector.build/Debug-watchos/SwiftUIInspector.build/DerivedSources/arm64_32 -Xcc -I/Users/admin/builder/spi-builder-workspace/.derivedData/Build/Intermediates.noindex/SwiftUIInspector.build/Debug-watchos/SwiftUIInspector.build/DerivedSources -Xcc -DSWIFT_PACKAGE -Xcc -DDEBUG\=1 -module-name SwiftUIInspector -package-name spi_builder_workspace -frontend-parseable-output -disable-clang-spi -target-sdk-version 11.4 -target-sdk-name watchos11.4 -external-plugin-path /Applications/Xcode-16.3.0.app/Contents/Developer/Platforms/WatchOS.platform/Developer/usr/lib/swift/host/plugins\#/Applications/Xcode-16.3.0.app/Contents/Developer/Platforms/WatchOS.platform/Developer/usr/bin/swift-plugin-server -external-plugin-path /Applications/Xcode-16.3.0.app/Contents/Developer/Platforms/WatchOS.platform/Developer/usr/local/lib/swift/host/plugins\#/Applications/Xcode-16.3.0.app/Contents/Developer/Platforms/WatchOS.platform/Developer/usr/bin/swift-plugin-server -in-process-plugin-server-path /Applications/Xcode-16.3.0.app/Contents/Developer/Toolchains/XcodeDefault.xctoolchain/usr/lib/swift/host/libSwiftInProcPluginServer.dylib -plugin-path /Applications/Xcode-16.3.0.app/Contents/Developer/Toolchains/XcodeDefault.xctoolchain/usr/lib/swift/host/plugins -plugin-path /Applications/Xcode-16.3.0.app/Contents/Developer/Toolchains/XcodeDefault.xctoolchain/usr/local/lib/swift/host/plugins -emit-module-doc-path /Users/admin/builder/spi-builder-workspace/.derivedData/Build/Intermediates.noindex/SwiftUIInspector.build/Debug-watchos/SwiftUIInspector.build/Objects-normal/arm64_32/SwiftUIInspector.swiftdoc -emit-module-source-info-path /Users/admin/builder/spi-builder-workspace/.derivedData/Build/Intermediates.noindex/SwiftUIInspector.build/Debug-watchos/SwiftUIInspector.build/Objects-normal/arm64_32/SwiftUIInspector.swiftsourceinfo -emit-objc-header-path /Users/admin/builder/spi-builder-workspace/.derivedData/Build/Intermediates.noindex/SwiftUIInspector.build/Debug-watchos/SwiftUIInspector.build/Objects-normal/arm64_32/SwiftUIInspector-Swift.h -serialize-diagnostics-path /Users/admin/builder/spi-builder-workspace/.derivedData/Build/Intermediates.noindex/SwiftUIInspector.build/Debug-watchos/SwiftUIInspector.build/Objects-normal/arm64_32/SwiftUIInspector-master-emit-module.dia -emit-dependencies-path /Users/admin/builder/spi-builder-workspace/.derivedData/Build/Intermediates.noindex/SwiftUIInspector.build/Debug-watchos/SwiftUIInspector.build/Objects-normal/arm64_32/SwiftUIInspector-master-emit-module.d -o /Users/admin/builder/spi-builder-workspace/.derivedData/Build/Intermediates.noindex/SwiftUIInspector.build/Debug-watchos/SwiftUIInspector.build/Objects-normal/arm64_32/SwiftUIInspector.swiftmodule -emit-abi-descriptor-path /Users/admin/builder/spi-builder-workspace/.derivedData/Build/Intermediates.noindex/SwiftUIInspector.build/Debug-watchos/SwiftUIInspector.build/Objects-normal/arm64_32/SwiftUIInspector.abi.json
EmitSwiftModule normal arm64_32 (in target 'SwiftUIInspector' from project 'SwiftUIInspector')
    cd /Users/admin/builder/spi-builder-workspace/.swiftpm/xcode

/Users/admin/builder/spi-builder-workspace/Source/SwiftUIInspector/Extensions.swift:3:11: error: cannot find type 'UIWindow' in scope
extension UIWindow {
          ^~~~~~~~
/Users/admin/builder/spi-builder-workspace/Source/SwiftUIInspector/Extensions.swift:13:11: error: cannot find type 'UIViewController' in scope
extension UIViewController {
          ^~~~~~~~~~~~~~~~
/Users/admin/builder/spi-builder-workspace/Source/SwiftUIInspector/Extensions.swift:29:33: error: cannot find type 'UIViewController' in scope
        var topVisibleChildController: UIViewController? { get }
                                       ^~~~~~~~~~~~~~~~
/Users/admin/builder/spi-builder-workspace/Source/SwiftUIInspector/Extensions.swift:32:11: error: cannot find type 'UINavigationController' in scope
extension UINavigationController: ControllerWithTopChild {
          ^~~~~~~~~~~~~~~~~~~~~~
/Users/admin/builder/spi-builder-workspace/Source/SwiftUIInspector/Extensions.swift:36:11: error: cannot find type 'UITabBarController' in scope
extension UITabBarController: ControllerWithTopChild {
          ^~~~~~~~~~~~~~~~~~
/Users/admin/builder/spi-builder-workspace/Source/SwiftUIInspector/Extensions.swift:61:11: error: cannot find type 'UIView' in scope
extension UIView {
          ^~~~~~
/Applications/Xcode-16.3.0.app/Contents/Developer/Platforms/WatchOS.platform/Developer/SDKs/WatchOS11.4.sdk/System/Library/Frameworks/UIKit.framework/Headers/NSTextAttachment.h:23:1: note: interface 'UIView' forward declared here
@class UIView;
^
/Users/admin/builder/spi-builder-workspace/Source/SwiftUIInspector/Extensions.swift:102:17: error: cannot find type 'UIView' in scope
        var ownerView: UIView? {
                       ^~~~~~
/Applications/Xcode-16.3.0.app/Contents/Developer/Platforms/WatchOS.platform/Developer/SDKs/WatchOS11.4.sdk/System/Library/Frameworks/UIKit.framework/Headers/NSTextAttachment.h:23:1: note: interface 'UIView' forward declared here
@class UIView;
^
/Users/admin/builder/spi-builder-workspace/Source/SwiftUIInspector/Extensions.swift:106:23: error: 'CALayer' is unavailable in watchOS
        var ancestorLayers: [CALayer] {
                             ^~~~~~~
/Applications/Xcode-16.3.0.app/Contents/Developer/Platforms/WatchOS.platform/Developer/SDKs/WatchOS11.4.sdk/System/Library/Frameworks/QuartzCore.framework/Headers/CALayer.h:86:12: note: 'CALayer' has been explicitly marked unavailable here
@interface CALayer : NSObject <NSSecureCoding, CAMediaTiming>
           ^
/Users/admin/builder/spi-builder-workspace/Source/SwiftUIInspector/Extensions.swift:116:42: error: 'CALayer' is unavailable in watchOS
        var selfAndAllVisibleSublayersLayers: [[CALayer]] {
                                                ^~~~~~~
/Applications/Xcode-16.3.0.app/Contents/Developer/Platforms/WatchOS.platform/Developer/SDKs/WatchOS11.4.sdk/System/Library/Frameworks/QuartzCore.framework/Headers/CALayer.h:86:12: note: 'CALayer' has been explicitly marked unavailable here
@interface CALayer : NSObject <NSSecureCoding, CAMediaTiming>
           ^
/Users/admin/builder/spi-builder-workspace/Source/SwiftUIInspector/Extensions.swift:120:35: error: 'CALayer' is unavailable in watchOS
        var allVisibleSublayersLayers: [[CALayer]] {
                                         ^~~~~~~
/Applications/Xcode-16.3.0.app/Contents/Developer/Platforms/WatchOS.platform/Developer/SDKs/WatchOS11.4.sdk/System/Library/Frameworks/QuartzCore.framework/Headers/CALayer.h:86:12: note: 'CALayer' has been explicitly marked unavailable here
@interface CALayer : NSObject <NSSecureCoding, CAMediaTiming>
           ^
/Users/admin/builder/spi-builder-workspace/Source/SwiftUIInspector/Extensions.swift:127:17: error: 'CALayer' is unavailable in watchOS
        var rootLayer: CALayer {
                       ^~~~~~~
/Applications/Xcode-16.3.0.app/Contents/Developer/Platforms/WatchOS.platform/Developer/SDKs/WatchOS11.4.sdk/System/Library/Frameworks/QuartzCore.framework/Headers/CALayer.h:86:12: note: 'CALayer' has been explicitly marked unavailable here
@interface CALayer : NSObject <NSSecureCoding, CAMediaTiming>
           ^
/Users/admin/builder/spi-builder-workspace/Source/SwiftUIInspector/Extensions.swift:95:11: error: 'CALayer' is unavailable in watchOS
extension CALayer {
          ^~~~~~~
/Applications/Xcode-16.3.0.app/Contents/Developer/Platforms/WatchOS.platform/Developer/SDKs/WatchOS11.4.sdk/System/Library/Frameworks/QuartzCore.framework/Headers/CALayer.h:86:12: note: 'CALayer' has been explicitly marked unavailable here
@interface CALayer : NSObject <NSSecureCoding, CAMediaTiming>
           ^
/Users/admin/builder/spi-builder-workspace/Source/SwiftUIInspector/Extensions.swift:150:11: error: cannot find type 'UIImageView' in scope
extension UIImageView {
          ^~~~~~~~~~~
/Users/admin/builder/spi-builder-workspace/Source/SwiftUIInspector/Extensions.swift:436:11: error: cannot find type 'UIGestureRecognizer' in scope
extension UIGestureRecognizer.State {
          ^~~~~~~~~~~~~~~~~~~
/Users/admin/builder/spi-builder-workspace/Source/SwiftUIInspector/Extensions.swift:461:11: error: cannot find type 'UIView' in scope
extension UIView {
          ^~~~~~
/Applications/Xcode-16.3.0.app/Contents/Developer/Platforms/WatchOS.platform/Developer/SDKs/WatchOS11.4.sdk/System/Library/Frameworks/UIKit.framework/Headers/NSTextAttachment.h:23:1: note: interface 'UIView' forward declared here
@class UIView;
^
/Users/admin/builder/spi-builder-workspace/Source/SwiftUIInspector/Inspector.swift:6:20: error: cannot find type 'UIView' in scope
        private let view: UIView?
                          ^~~~~~
/Applications/Xcode-16.3.0.app/Contents/Developer/Platforms/WatchOS.platform/Developer/SDKs/WatchOS11.4.sdk/System/Library/Frameworks/UIKit.framework/Headers/NSTextAttachment.h:23:1: note: interface 'UIView' forward declared here
@class UIView;
^
/Users/admin/builder/spi-builder-workspace/Source/SwiftUIInspector/Inspector.swift:11:13: error: cannot find type 'UIView' in scope
                for view: UIView? = nil,
                          ^~~~~~
/Applications/Xcode-16.3.0.app/Contents/Developer/Platforms/WatchOS.platform/Developer/SDKs/WatchOS11.4.sdk/System/Library/Frameworks/UIKit.framework/Headers/NSTextAttachment.h:23:1: note: interface 'UIView' forward declared here
@class UIView;
^
/Users/admin/builder/spi-builder-workspace/Source/SwiftUIInspector/Inspector.swift:20:34: error: cannot find type 'Context' in scope
        public func makeUIView(context: Context) -> UIInspector {
                                        ^~~~~~~
/Users/admin/builder/spi-builder-workspace/Source/SwiftUIInspector/Inspector.swift:24:59: error: cannot find type 'Context' in scope
        public func updateUIView(_ uiView: UIInspector, context: Context) {
                                                                 ^~~~~~~
/Users/admin/builder/spi-builder-workspace/Source/SwiftUIInspector/Inspector.swift:4:26: error: cannot find type 'UIViewRepresentable' in scope
public struct Inspector: UIViewRepresentable {
                         ^~~~~~~~~~~~~~~~~~~
/Users/admin/builder/spi-builder-workspace/Source/SwiftUIInspector/Inspector.swift:63:40: error: cannot find type 'UIView' in scope
                func makeUIView(context: Context) -> UIView {
                                                     ^~~~~~
/Applications/Xcode-16.3.0.app/Contents/Developer/Platforms/WatchOS.platform/Developer/SDKs/WatchOS11.4.sdk/System/Library/Frameworks/UIKit.framework/Headers/NSTextAttachment.h:23:1: note: interface 'UIView' forward declared here
@class UIView;
^
/Users/admin/builder/spi-builder-workspace/Source/SwiftUIInspector/Inspector.swift:63:28: error: cannot find type 'Context' in scope
                func makeUIView(context: Context) -> UIView {
                                         ^~~~~~~
/Users/admin/builder/spi-builder-workspace/Source/SwiftUIInspector/Inspector.swift:67:31: error: cannot find type 'UIView' in scope
                func updateUIView(_ uiView: UIView, context: Context) {
                                            ^~~~~~
/Applications/Xcode-16.3.0.app/Contents/Developer/Platforms/WatchOS.platform/Developer/SDKs/WatchOS11.4.sdk/System/Library/Frameworks/UIKit.framework/Headers/NSTextAttachment.h:23:1: note: interface 'UIView' forward declared here
@class UIView;
^
/Users/admin/builder/spi-builder-workspace/Source/SwiftUIInspector/Inspector.swift:67:48: error: cannot find type 'Context' in scope
                func updateUIView(_ uiView: UIView, context: Context) {
                                                             ^~~~~~~
/Users/admin/builder/spi-builder-workspace/Source/SwiftUIInspector/Inspector.swift:58:29: error: cannot find type 'UIViewRepresentable' in scope
        private struct Background: UIViewRepresentable {
                                   ^~~~~~~~~~~~~~~~~~~
/Users/admin/builder/spi-builder-workspace/Source/SwiftUIInspector/UIInspector.swift:155:35: error: cannot find 'UIView' in scope
        private lazy var selectionView = UIView()
                                         ^~~~~~
/Applications/Xcode-16.3.0.app/Contents/Developer/Platforms/WatchOS.platform/Developer/SDKs/WatchOS11.4.sdk/System/Library/Frameworks/UIKit.framework/Headers/NSTextAttachment.h:23:1: note: interface 'UIView' forward declared here
@class UIView;
^
/Users/admin/builder/spi-builder-workspace/Source/SwiftUIInspector/UIInspector.swift:175:30: error: cannot find 'UISelectionFeedbackGenerator' in scope
        private lazy var feedback = UISelectionFeedbackGenerator()
                                    ^~~~~~~~~~~~~~~~~~~~~~~~~~~~
/Users/admin/builder/spi-builder-workspace/Source/SwiftUIInspector/UIInspector.swift:176:26: error: cannot find 'UILongPressGestureRecognizer' in scope
        private lazy var drag = UILongPressGestureRecognizer(target: self, action: #selector(handleDrag(_:)))
                                ^~~~~~~~~~~~~~~~~~~~~~~~~~~~
/Users/admin/builder/spi-builder-workspace/Source/SwiftUIInspector/UIInspector.swift:719:43: error: cannot find type 'UILongPressGestureRecognizer' in scope
        @objc private func handleDrag(_ gesture: UILongPressGestureRecognizer) {
                                                 ^~~~~~~~~~~~~~~~~~~~~~~~~~~~
/Users/admin/builder/spi-builder-workspace/Source/SwiftUIInspector/UIInspector.swift:47:41: error: cannot find type 'UIView' in scope
        open private(set) weak var targetView: UIView?
                                               ^~~~~~
/Applications/Xcode-16.3.0.app/Contents/Developer/Platforms/WatchOS.platform/Developer/SDKs/WatchOS11.4.sdk/System/Library/Frameworks/UIKit.framework/Headers/NSTextAttachment.h:23:1: note: interface 'UIView' forward declared here
@class UIView;
^
/Users/admin/builder/spi-builder-workspace/Source/SwiftUIInspector/UIInspector.swift:55:40: error: type 'UIColor' has no member 'systemBlue'
        public static var tintColor = UIColor.systemBlue
                                      ~~~~~~~ ^~~~~~~~~~
/Users/admin/builder/spi-builder-workspace/Source/SwiftUIInspector/UIInspector.swift:70:30: error: 'CALayer' is unavailable in watchOS
        public var customInfoView: (CALayer) -> AnyView = { _ in AnyView(EmptyView()) }
                                    ^~~~~~~
/Applications/Xcode-16.3.0.app/Contents/Developer/Platforms/WatchOS.platform/Developer/SDKs/WatchOS11.4.sdk/System/Library/Frameworks/QuartzCore.framework/Headers/CALayer.h:86:12: note: 'CALayer' has been explicitly marked unavailable here
@interface CALayer : NSObject <NSSecureCoding, CAMediaTiming>
           ^
/Users/admin/builder/spi-builder-workspace/Source/SwiftUIInspector/UIInspector.swift:166:31: error: cannot find 'UIView' in scope
        private let edgesContainer = UIView()
                                     ^~~~~~
/Applications/Xcode-16.3.0.app/Contents/Developer/Platforms/WatchOS.platform/Developer/SDKs/WatchOS11.4.sdk/System/Library/Frameworks/UIKit.framework/Headers/NSTextAttachment.h:23:1: note: interface 'UIView' forward declared here
@class UIView;
^
/Users/admin/builder/spi-builder-workspace/Source/SwiftUIInspector/UIInspector.swift:149:45: error: missing argument for parameter 'frame' in call
        private let background = UISceneBackground()
                                                   ^
                                                   frame: <#CGRect#>
/Users/admin/builder/spi-builder-workspace/Source/SwiftUIInspector/Views/UISceneBackground.swift:9:11: note: 'init(frame:)' declared here
        override init(frame: CGRect) {
                 ^
/Users/admin/builder/spi-builder-workspace/Source/SwiftUIInspector/UIInspector.swift:150:23: error: cannot find 'UIScrollView' in scope
        private let scroll = UIScrollView()
                             ^~~~~~~~~~~~
/Users/admin/builder/spi-builder-workspace/Source/SwiftUIInspector/UIInspector.swift:151:26: error: cannot find 'UIView' in scope
        private let container = UIView()
                                ^~~~~~
/Applications/Xcode-16.3.0.app/Contents/Developer/Platforms/WatchOS.platform/Developer/SDKs/WatchOS11.4.sdk/System/Library/Frameworks/UIKit.framework/Headers/NSTextAttachment.h:23:1: note: interface 'UIView' forward declared here
@class UIView;
^
/Users/admin/builder/spi-builder-workspace/Source/SwiftUIInspector/UIInspector.swift:152:25: error: cannot find 'UIImageView' in scope
        private let snapshot = UIImageView()
                               ^~~~~~~~~~~
/Users/admin/builder/spi-builder-workspace/Source/SwiftUIInspector/UIInspector.swift:158:30: error: cannot find 'UIView' in scope
        private let animationView = UIView()
                                    ^~~~~~
/Applications/Xcode-16.3.0.app/Contents/Developer/Platforms/WatchOS.platform/Developer/SDKs/WatchOS11.4.sdk/System/Library/Frameworks/UIKit.framework/Headers/NSTextAttachment.h:23:1: note: interface 'UIView' forward declared here
@class UIView;
^
/Users/admin/builder/spi-builder-workspace/Source/SwiftUIInspector/UIInspector.swift:160:34: error: 'CALayer' is unavailable in watchOS
        private var highlightedLayers: [CALayer: UIColor] = [:]
                                        ^~~~~~~
/Applications/Xcode-16.3.0.app/Contents/Developer/Platforms/WatchOS.platform/Developer/SDKs/WatchOS11.4.sdk/System/Library/Frameworks/QuartzCore.framework/Headers/CALayer.h:86:12: note: 'CALayer' has been explicitly marked unavailable here
@interface CALayer : NSObject <NSSecureCoding, CAMediaTiming>
           ^
/Users/admin/builder/spi-builder-workspace/Source/SwiftUIInspector/UIInspector.swift:164:30: error: 'CALayer' is unavailable in watchOS
        private var rectsBySource: [CALayer: UIViewInspectorItem] = [:]
                                    ^~~~~~~
/Applications/Xcode-16.3.0.app/Contents/Developer/Platforms/WatchOS.platform/Developer/SDKs/WatchOS11.4.sdk/System/Library/Frameworks/QuartzCore.framework/Headers/CALayer.h:86:12: note: 'CALayer' has been explicitly marked unavailable here
@interface CALayer : NSObject <NSSecureCoding, CAMediaTiming>
           ^
/Users/admin/builder/spi-builder-workspace/Source/SwiftUIInspector/UIInspector.swift:167:41: error: cannot find 'UIScreen' in scope
        private let edgeWidth: CGFloat = 2.0 / UIScreen.main.scale
                                               ^~~~~~~~
/Users/admin/builder/spi-builder-workspace/Source/SwiftUIInspector/UIInspector.swift:168:32: error: type 'UIEdgeLine' does not conform to protocol 'Hashable'
        private var highlightedEdges: Set<UIEdgeLine> = []
                                      ^
/Users/admin/builder/spi-builder-workspace/Source/SwiftUIInspector/UIInspector.swift:171:33: error: cannot find type 'UIView' in scope
        private weak var draggingView: UIView?
                                       ^~~~~~
/Applications/Xcode-16.3.0.app/Contents/Developer/Platforms/WatchOS.platform/Developer/SDKs/WatchOS11.4.sdk/System/Library/Frameworks/UIKit.framework/Headers/NSTextAttachment.h:23:1: note: interface 'UIView' forward declared here
@class UIView;
^
/Users/admin/builder/spi-builder-workspace/Source/SwiftUIInspector/UIInspector.swift:234:21: error: method does not override any method from its superclass
        override open func didMoveToWindow() {
        ~~~~~~~~           ^
/Users/admin/builder/spi-builder-workspace/Source/SwiftUIInspector/UIInspector.swift:240:21: error: method does not override any method from its superclass
        override open func tintColorDidChange() {
        ~~~~~~~~           ^
/Users/admin/builder/spi-builder-workspace/Source/SwiftUIInspector/UIInspector.swift:258:26: error: cannot find type 'UIView' in scope
        open func inspect(view: UIView, at rect: CGRect? = nil) {
                                ^~~~~~
/Applications/Xcode-16.3.0.app/Contents/Developer/Platforms/WatchOS.platform/Developer/SDKs/WatchOS11.4.sdk/System/Library/Frameworks/UIKit.framework/Headers/NSTextAttachment.h:23:1: note: interface 'UIView' forward declared here
@class UIView;
^
/Users/admin/builder/spi-builder-workspace/Source/SwiftUIInspector/UIInspector.swift:281:28: error: cannot find type 'UIView' in scope
        open func highlight(view: UIView, with color: UIColor? = nil) {
                                  ^~~~~~
/Applications/Xcode-16.3.0.app/Contents/Developer/Platforms/WatchOS.platform/Developer/SDKs/WatchOS11.4.sdk/System/Library/Frameworks/UIKit.framework/Headers/NSTextAttachment.h:23:1: note: interface 'UIView' forward declared here
@class UIView;
^
/Users/admin/builder/spi-builder-workspace/Source/SwiftUIInspector/UIInspector.swift:285:29: error: 'CALayer' is unavailable in watchOS
        open func highlight(layer: CALayer, with color: UIColor? = nil) {
                                   ^~~~~~~
/Applications/Xcode-16.3.0.app/Contents/Developer/Platforms/WatchOS.platform/Developer/SDKs/WatchOS11.4.sdk/System/Library/Frameworks/QuartzCore.framework/Headers/CALayer.h:86:12: note: 'CALayer' has been explicitly marked unavailable here
@interface CALayer : NSObject <NSSecureCoding, CAMediaTiming>
           ^
/Users/admin/builder/spi-builder-workspace/Source/SwiftUIInspector/UIInspector.swift:294:30: error: cannot find type 'UIView' in scope
        open func unhighlight(view: UIView? = nil) {
                                    ^~~~~~
/Applications/Xcode-16.3.0.app/Contents/Developer/Platforms/WatchOS.platform/Developer/SDKs/WatchOS11.4.sdk/System/Library/Frameworks/UIKit.framework/Headers/NSTextAttachment.h:23:1: note: interface 'UIView' forward declared here
@class UIView;
^
/Users/admin/builder/spi-builder-workspace/Source/SwiftUIInspector/UIInspector.swift:302:31: error: 'CALayer' is unavailable in watchOS
        open func unhighlight(layer: CALayer?) {
                                     ^~~~~~~
/Applications/Xcode-16.3.0.app/Contents/Developer/Platforms/WatchOS.platform/Developer/SDKs/WatchOS11.4.sdk/System/Library/Frameworks/QuartzCore.framework/Headers/CALayer.h:86:12: note: 'CALayer' has been explicitly marked unavailable here
@interface CALayer : NSObject <NSSecureCoding, CAMediaTiming>
           ^
/Users/admin/builder/spi-builder-workspace/Source/SwiftUIInspector/UIInspector.swift:316:21: error: method does not override any method from its superclass
        override open func layoutSubviews() {
        ~~~~~~~~           ^
/Users/admin/builder/spi-builder-workspace/Source/SwiftUIInspector/UIInspector.swift:44:25: error: cannot find type 'UIView' in scope
open class UIInspector: UIView {
                        ^~~~~~
/Applications/Xcode-16.3.0.app/Contents/Developer/Platforms/WatchOS.platform/Developer/SDKs/WatchOS11.4.sdk/System/Library/Frameworks/UIKit.framework/Headers/NSTextAttachment.h:23:1: note: interface 'UIView' forward declared here
@class UIView;
^
/Users/admin/builder/spi-builder-workspace/Source/SwiftUIInspector/UIInspector.swift:327:24: error: cannot find type 'UIScrollViewDelegate' in scope
extension UIInspector: UIScrollViewDelegate {
                       ^~~~~~~~~~~~~~~~~~~~
/Users/admin/builder/spi-builder-workspace/Source/SwiftUIInspector/UIInspector.swift:329:59: error: cannot find type 'UIView' in scope
        open func viewForZooming(in scrollView: UIScrollView) -> UIView? {
                                                                 ^~~~~~
/Applications/Xcode-16.3.0.app/Contents/Developer/Platforms/WatchOS.platform/Developer/SDKs/WatchOS11.4.sdk/System/Library/Frameworks/UIKit.framework/Headers/NSTextAttachment.h:23:1: note: interface 'UIView' forward declared here
@class UIView;
^
/Users/admin/builder/spi-builder-workspace/Source/SwiftUIInspector/UIInspector.swift:329:42: error: cannot find type 'UIScrollView' in scope
        open func viewForZooming(in scrollView: UIScrollView) -> UIView? {
                                                ^~~~~~~~~~~~
/Users/admin/builder/spi-builder-workspace/Source/SwiftUIInspector/UIInspector.swift:329:2: warning: non-'@objc' instance method in extensions cannot be overridden; use 'public' instead
        open func viewForZooming(in scrollView: UIScrollView) -> UIView? {
        ^~~~
        public
/Users/admin/builder/spi-builder-workspace/Source/SwiftUIInspector/UIInspector.swift:333:44: error: cannot find type 'UIScrollView' in scope
        open func scrollViewDidZoom(_ scrollView: UIScrollView) {
                                                  ^~~~~~~~~~~~
/Users/admin/builder/spi-builder-workspace/Source/SwiftUIInspector/UIInspector.swift:333:2: warning: non-'@objc' instance method in extensions cannot be overridden; use 'public' instead
        open func scrollViewDidZoom(_ scrollView: UIScrollView) {
        ^~~~
        public
/Users/admin/builder/spi-builder-workspace/Source/SwiftUIInspector/UIInspector.swift:339:46: error: cannot find type 'UIScrollView' in scope
        open func scrollViewDidScroll(_ scrollView: UIScrollView) {
                                                    ^~~~~~~~~~~~
/Users/admin/builder/spi-builder-workspace/Source/SwiftUIInspector/UIInspector.swift:339:2: warning: non-'@objc' instance method in extensions cannot be overridden; use 'public' instead
        open func scrollViewDidScroll(_ scrollView: UIScrollView) {
        ^~~~
        public
/Users/admin/builder/spi-builder-workspace/Source/SwiftUIInspector/UIInspector.swift:426:43: error: cannot find type 'UIView' in scope
        func viewForSnapshot(of view: UIView) -> UIView {
                                                 ^~~~~~
/Applications/Xcode-16.3.0.app/Contents/Developer/Platforms/WatchOS.platform/Developer/SDKs/WatchOS11.4.sdk/System/Library/Frameworks/UIKit.framework/Headers/NSTextAttachment.h:23:1: note: interface 'UIView' forward declared here
@class UIView;
^
/Users/admin/builder/spi-builder-workspace/Source/SwiftUIInspector/UIInspector.swift:426:32: error: cannot find type 'UIView' in scope
        func viewForSnapshot(of view: UIView) -> UIView {
                                      ^~~~~~
/Applications/Xcode-16.3.0.app/Contents/Developer/Platforms/WatchOS.platform/Developer/SDKs/WatchOS11.4.sdk/System/Library/Frameworks/UIKit.framework/Headers/NSTextAttachment.h:23:1: note: interface 'UIView' forward declared here
@class UIView;
^
/Users/admin/builder/spi-builder-workspace/Source/SwiftUIInspector/UIInspector.swift:556:25: error: cannot find type 'UIView' in scope
        func isVisible(_ view: UIView) -> Bool {
                               ^~~~~~
/Applications/Xcode-16.3.0.app/Contents/Developer/Platforms/WatchOS.platform/Developer/SDKs/WatchOS11.4.sdk/System/Library/Frameworks/UIKit.framework/Headers/NSTextAttachment.h:23:1: note: interface 'UIView' forward declared here
@class UIView;
^
/Users/admin/builder/spi-builder-workspace/Source/SwiftUIInspector/UIInspector.swift:561:27: error: 'CALayer' is unavailable in watchOS
        func insideRect(_ layer: CALayer, targetLayer: CALayer) -> Bool {
                                 ^~~~~~~
/Applications/Xcode-16.3.0.app/Contents/Developer/Platforms/WatchOS.platform/Developer/SDKs/WatchOS11.4.sdk/System/Library/Frameworks/QuartzCore.framework/Headers/CALayer.h:86:12: note: 'CALayer' has been explicitly marked unavailable here
@interface CALayer : NSObject <NSSecureCoding, CAMediaTiming>
           ^
/Users/admin/builder/spi-builder-workspace/Source/SwiftUIInspector/UIInspector.swift:561:49: error: 'CALayer' is unavailable in watchOS
        func insideRect(_ layer: CALayer, targetLayer: CALayer) -> Bool {
                                                       ^~~~~~~
/Applications/Xcode-16.3.0.app/Contents/Developer/Platforms/WatchOS.platform/Developer/SDKs/WatchOS11.4.sdk/System/Library/Frameworks/QuartzCore.framework/Headers/CALayer.h:86:12: note: 'CALayer' has been explicitly marked unavailable here
@interface CALayer : NSObject <NSSecureCoding, CAMediaTiming>
           ^
/Users/admin/builder/spi-builder-workspace/Source/SwiftUIInspector/UIInspector.swift:617:21: error: method cannot be marked @objc because the type of the parameter cannot be represented in Objective-C
        @objc private func handleTap(_ gesture: JustTapGesture) {
                           ^
/Users/admin/builder/spi-builder-workspace/Source/SwiftUIInspector/UIInspector.swift:617:42: note: classes not annotated with @objc cannot be represented in Objective-C
        @objc private func handleTap(_ gesture: JustTapGesture) {
                                                ^~~~~~~~~~~~~~
/Users/admin/builder/spi-builder-workspace/Source/SwiftUIInspector/UIInspector.swift:667:61: error: cannot find type 'UIHostingController' in scope
private final class DeinitHostingController<Content: View>: UIHostingController<Content> {
                                                            ^~~~~~~~~~~~~~~~~~~
/Users/admin/builder/spi-builder-workspace/Source/SwiftUIInspector/UIInspector.swift:676:24: error: cannot find type 'UIGestureRecognizerDelegate' in scope
extension UIInspector: UIGestureRecognizerDelegate {
                       ^~~~~~~~~~~~~~~~~~~~~~~~~~~
/Users/admin/builder/spi-builder-workspace/Source/SwiftUIInspector/UIInspector.swift:679:24: error: cannot find type 'UIGestureRecognizer' in scope
                _ gestureRecognizer: UIGestureRecognizer,
                                     ^~~~~~~~~~~~~~~~~~~
/Users/admin/builder/spi-builder-workspace/Source/SwiftUIInspector/UIInspector.swift:680:61: error: cannot find type 'UIGestureRecognizer' in scope
                shouldRecognizeSimultaneouslyWith otherGestureRecognizer: UIGestureRecognizer
                                                                          ^~~~~~~~~~~~~~~~~~~
/Users/admin/builder/spi-builder-workspace/Source/SwiftUIInspector/UIInspector.swift:685:73: error: cannot find type 'UIGestureRecognizer' in scope
        override public func gestureRecognizerShouldBegin(_ gestureRecognizer: UIGestureRecognizer) -> Bool {
                                                                               ^~~~~~~~~~~~~~~~~~~
/Users/admin/builder/spi-builder-workspace/Source/SwiftUIInspector/UIInspector.swift:778:14: error: cannot find type 'UILongPressGestureRecognizer' in scope
                _ gesture: UILongPressGestureRecognizer,
                           ^~~~~~~~~~~~~~~~~~~~~~~~~~~~
/Users/admin/builder/spi-builder-workspace/Source/SwiftUIInspector/UIInspector.swift:950:42: error: cannot find type 'UIView' in scope
        var viewsToDisableDuringMagnification: [UIView] {
                                                ^~~~~~
/Applications/Xcode-16.3.0.app/Contents/Developer/Platforms/WatchOS.platform/Developer/SDKs/WatchOS11.4.sdk/System/Library/Frameworks/UIKit.framework/Headers/NSTextAttachment.h:23:1: note: interface 'UIView' forward declared here
@class UIView;
^
/Users/admin/builder/spi-builder-workspace/Source/SwiftUIInspector/UIInspector.swift:1029:27: error: cannot find type 'UIView' in scope
        func setShadow(for view: UIView) {
                                 ^~~~~~
/Applications/Xcode-16.3.0.app/Contents/Developer/Platforms/WatchOS.platform/Developer/SDKs/WatchOS11.4.sdk/System/Library/Frameworks/UIKit.framework/Headers/NSTextAttachment.h:23:1: note: interface 'UIView' forward declared here
@class UIView;
^
/Users/admin/builder/spi-builder-workspace/Source/SwiftUIInspector/UIInspectorController.swift:71:39: error: cannot find type 'UIView' in scope
        public static func present(for view: UIView? = nil, at globalRect: CGRect? = nil, configure: @escaping (UIInspector) -> Void = { _ in }) -> UIInspectorController? {
                                             ^~~~~~
/Applications/Xcode-16.3.0.app/Contents/Developer/Platforms/WatchOS.platform/Developer/SDKs/WatchOS11.4.sdk/System/Library/Frameworks/UIKit.framework/Headers/NSTextAttachment.h:23:1: note: interface 'UIView' forward declared here
@class UIView;
^
/Users/admin/builder/spi-builder-workspace/Source/SwiftUIInspector/UIInspectorController.swift:102:23: error: method does not override any method from its superclass
        override public func loadView() {
        ~~~~~~~~             ^
/Users/admin/builder/spi-builder-workspace/Source/SwiftUIInspector/UIInspectorController.swift:120:23: error: method does not override any method from its superclass
        override public func viewDidLoad() {
        ~~~~~~~~             ^
/Users/admin/builder/spi-builder-workspace/Source/SwiftUIInspector/UIInspectorController.swift:127:23: error: method does not override any method from its superclass
        public override func viewDidDisappear(_ animated: Bool) {
               ~~~~~~~~      ^
/Users/admin/builder/spi-builder-workspace/Source/SwiftUIInspector/UIInspectorController.swift:137:28: error: cannot find type 'UIView' in scope
        public func inspect(view: UIView, at rect: CGRect? = nil) {
                                  ^~~~~~
/Applications/Xcode-16.3.0.app/Contents/Developer/Platforms/WatchOS.platform/Developer/SDKs/WatchOS11.4.sdk/System/Library/Frameworks/UIKit.framework/Headers/NSTextAttachment.h:23:1: note: interface 'UIView' forward declared here
@class UIView;
^
/Users/admin/builder/spi-builder-workspace/Source/SwiftUIInspector/UIInspectorController.swift:58:43: error: cannot find type 'UIViewController' in scope
public final class UIInspectorController: UIViewController {
                                          ^~~~~~~~~~~~~~~~
/Users/admin/builder/spi-builder-workspace/Source/SwiftUIInspector/UIInspectorIgnorable.swift:9:11: error: cannot find type 'UIView' in scope
extension UIView {
          ^~~~~~
/Applications/Xcode-16.3.0.app/Contents/Developer/Platforms/WatchOS.platform/Developer/SDKs/WatchOS11.4.sdk/System/Library/Frameworks/UIKit.framework/Headers/NSTextAttachment.h:23:1: note: interface 'UIView' forward declared here
@class UIView;
^
/Users/admin/builder/spi-builder-workspace/Source/SwiftUIInspector/UIInspectorIgnorable.swift:19:11: error: cannot find type 'CALayer' in scope
extension CALayer {
          ^~~~~~~
/Users/admin/builder/spi-builder-workspace/Source/SwiftUIInspector/UIInspectorIgnorable.swift:26:26: error: cannot find type 'UIView' in scope
final class IgnoredView: UIView, UIInspectorIgnorable {
                         ^~~~~~
/Applications/Xcode-16.3.0.app/Contents/Developer/Platforms/WatchOS.platform/Developer/SDKs/WatchOS11.4.sdk/System/Library/Frameworks/UIKit.framework/Headers/NSTextAttachment.h:23:1: note: interface 'UIView' forward declared here
@class UIView;
^
/Users/admin/builder/spi-builder-workspace/Source/SwiftUIInspector/UIInspectorInfoConvertable.swift:16:18: error: 'CALayer' is unavailable in watchOS
public extension CALayer {
                 ^~~~~~~
/Applications/Xcode-16.3.0.app/Contents/Developer/Platforms/WatchOS.platform/Developer/SDKs/WatchOS11.4.sdk/System/Library/Frameworks/QuartzCore.framework/Headers/CALayer.h:86:12: note: 'CALayer' has been explicitly marked unavailable here
@interface CALayer : NSObject <NSSecureCoding, CAMediaTiming>
           ^
/Users/admin/builder/spi-builder-workspace/Source/SwiftUIInspector/UIInspectorInfoConvertable.swift:96:18: error: cannot find type 'UIView' in scope
public extension UIView {
                 ^~~~~~
/Applications/Xcode-16.3.0.app/Contents/Developer/Platforms/WatchOS.platform/Developer/SDKs/WatchOS11.4.sdk/System/Library/Frameworks/UIKit.framework/Headers/NSTextAttachment.h:23:1: note: interface 'UIView' forward declared here
@class UIView;
^
/Users/admin/builder/spi-builder-workspace/Source/SwiftUIInspector/UIInspectorInfoConvertable.swift:155:11: error: cannot find type 'UILabel' in scope
extension UILabel: UIInspectorInfoConvertable {
          ^~~~~~~
/Users/admin/builder/spi-builder-workspace/Source/SwiftUIInspector/UIInspectorInfoConvertable.swift:172:11: error: cannot find type 'UIButton' in scope
extension UIButton: UIInspectorInfoConvertable {
          ^~~~~~~~
/Users/admin/builder/spi-builder-workspace/Source/SwiftUIInspector/UIInspectorInfoConvertable.swift:188:11: error: cannot find type 'UIImageView' in scope
extension UIImageView: UIInspectorInfoConvertable {
          ^~~~~~~~~~~
/Users/admin/builder/spi-builder-workspace/Source/SwiftUIInspector/UIInspectorInfoConvertable.swift:213:11: error: cannot find type 'UITextField' in scope
extension UITextField: UIInspectorInfoConvertable {
          ^~~~~~~~~~~
/Users/admin/builder/spi-builder-workspace/Source/SwiftUIInspector/UIInspectorInfoConvertable.swift:234:11: error: cannot find type 'UITextView' in scope
extension UITextView: UIInspectorInfoConvertable {
          ^~~~~~~~~~
/Users/admin/builder/spi-builder-workspace/Source/SwiftUIInspector/UIInspectorInfoConvertable.swift:253:11: error: cannot find type 'UISwitch' in scope
extension UISwitch: UIInspectorInfoConvertable {
          ^~~~~~~~
/Users/admin/builder/spi-builder-workspace/Source/SwiftUIInspector/UIInspectorInfoConvertable.swift:266:11: error: cannot find type 'UISlider' in scope
extension UISlider: UIInspectorInfoConvertable {
          ^~~~~~~~
/Users/admin/builder/spi-builder-workspace/Source/SwiftUIInspector/UIInspectorInfoConvertable.swift:283:11: error: cannot find type 'UIProgressView' in scope
extension UIProgressView: UIInspectorInfoConvertable {
          ^~~~~~~~~~~~~~
/Users/admin/builder/spi-builder-workspace/Source/SwiftUIInspector/UIInspectorInfoConvertable.swift:297:11: error: cannot find type 'UISegmentedControl' in scope
extension UISegmentedControl: UIInspectorInfoConvertable {
          ^~~~~~~~~~~~~~~~~~
/Users/admin/builder/spi-builder-workspace/Source/SwiftUIInspector/UIInspectorInfoConvertable.swift:321:11: error: cannot find type 'UITableView' in scope
extension UITableView: UIInspectorInfoConvertable {
          ^~~~~~~~~~~
/Users/admin/builder/spi-builder-workspace/Source/SwiftUIInspector/UIInspectorInfoConvertable.swift:341:11: error: cannot find type 'UICollectionView' in scope
extension UICollectionView: UIInspectorInfoConvertable {
          ^~~~~~~~~~~~~~~~
/Users/admin/builder/spi-builder-workspace/Source/SwiftUIInspector/UIInspectorInfoConvertable.swift:357:11: error: cannot find type 'UIStackView' in scope
extension UIStackView: UIInspectorInfoConvertable {
          ^~~~~~~~~~~
/Users/admin/builder/spi-builder-workspace/Source/SwiftUIInspector/UIInspectorInfoConvertable.swift:374:18: error: cannot find type 'UIScrollView' in scope
public extension UIScrollView {
                 ^~~~~~~~~~~~
/Users/admin/builder/spi-builder-workspace/Source/SwiftUIInspector/UIInspectorInfoConvertable.swift:396:18: error: cannot find type 'UIControl' in scope
public extension UIControl {
                 ^~~~~~~~~
/Users/admin/builder/spi-builder-workspace/Source/SwiftUIInspector/UIInspectorStringConvertible.swift:43:11: error: 'CATransform3D' is unavailable in watchOS
extension CATransform3D: UIInspectorStringConvertible {
          ^~~~~~~~~~~~~
/Applications/Xcode-16.3.0.app/Contents/Developer/Platforms/WatchOS.platform/Developer/SDKs/WatchOS11.4.sdk/System/Library/Frameworks/QuartzCore.framework/Headers/CATransform3D.h:17:8: note: 'CATransform3D' has been explicitly marked unavailable here
struct CATransform3D
       ^
/Users/admin/builder/spi-builder-workspace/Source/SwiftUIInspector/UIInspectorStringConvertible.swift:89:11: error: 'CALayerCornerCurve' is unavailable in watchOS
extension CALayerCornerCurve: UIInspectorStringConvertible {
          ^~~~~~~~~~~~~~~~~~
/Applications/Xcode-16.3.0.app/Contents/Developer/Platforms/WatchOS.platform/Developer/SDKs/WatchOS11.4.sdk/System/Library/Frameworks/QuartzCore.framework/Headers/CALayer.h:26:20: note: 'CALayerCornerCurve' has been explicitly marked unavailable here
typedef NSString * CALayerCornerCurve NS_TYPED_ENUM API_AVAILABLE(macos(10.15), ios(13.0), tvos(13.0)) API_UNAVAILABLE(watchos);
                   ^
/Users/admin/builder/spi-builder-workspace/Source/SwiftUIInspector/UIInspectorStringConvertible.swift:103:11: error: cannot find type 'UIView' in scope
extension UIView.ContentMode: UIInspectorStringConvertible {
          ^~~~~~
/Applications/Xcode-16.3.0.app/Contents/Developer/Platforms/WatchOS.platform/Developer/SDKs/WatchOS11.4.sdk/System/Library/Frameworks/UIKit.framework/Headers/NSTextAttachment.h:23:1: note: interface 'UIView' forward declared here
@class UIView;
^
/Users/admin/builder/spi-builder-workspace/Source/SwiftUIInspector/UIInspectorStringConvertible.swift:211:11: error: cannot find type 'UIControl' in scope
extension UIControl.ContentHorizontalAlignment: UIInspectorStringConvertible {
          ^~~~~~~~~
/Users/admin/builder/spi-builder-workspace/Source/SwiftUIInspector/UIInspectorStringConvertible.swift:233:11: error: cannot find type 'UIControl' in scope
extension UIControl.ContentVerticalAlignment: UIInspectorStringConvertible {
          ^~~~~~~~~
/Users/admin/builder/spi-builder-workspace/Source/SwiftUIInspector/UIInspectorStringConvertible.swift:251:11: error: cannot find type 'UIControl' in scope
extension UIControl.State: UIInspectorStringConvertible {
          ^~~~~~~~~
/Users/admin/builder/spi-builder-workspace/Source/SwiftUIInspector/UIInspectorStringConvertible.swift:287:11: error: cannot find type 'UIStackView' in scope
extension UIStackView.Alignment: UIInspectorStringConvertible {
          ^~~~~~~~~~~
/Users/admin/builder/spi-builder-workspace/Source/SwiftUIInspector/UIInspectorStringConvertible.swift:309:11: error: cannot find type 'UIStackView' in scope
extension UIStackView.Distribution: UIInspectorStringConvertible {
          ^~~~~~~~~~~
/Users/admin/builder/spi-builder-workspace/Source/SwiftUIInspector/UIInspectorStringConvertible.swift:329:11: error: cannot find type 'NSLayoutConstraint' in scope
extension NSLayoutConstraint.Axis: UIInspectorStringConvertible {
          ^~~~~~~~~~~~~~~~~~
/Users/admin/builder/spi-builder-workspace/Source/SwiftUIInspector/UIInspectorStringConvertible.swift:344:11: error: 'UIAxis' is only available in watchOS 6.2 or newer
extension UIAxis: UIInspectorStringConvertible {
          ^
/Users/admin/builder/spi-builder-workspace/Source/SwiftUIInspector/UIInspectorStringConvertible.swift:344:1: note: add @available attribute to enclosing extension
extension UIAxis: UIInspectorStringConvertible {
^
/Users/admin/builder/spi-builder-workspace/Source/SwiftUIInspector/UIInspectorStringConvertible.swift:358:11: error: cannot find type 'UITextField' in scope
extension UITextField.BorderStyle: UIInspectorStringConvertible {
          ^~~~~~~~~~~
/Users/admin/builder/spi-builder-workspace/Source/SwiftUIInspector/UIInspectorStringConvertible.swift:376:11: error: cannot find type 'UIKeyboardType' in scope
extension UIKeyboardType: UIInspectorStringConvertible {
          ^~~~~~~~~~~~~~
/Users/admin/builder/spi-builder-workspace/Source/SwiftUIInspector/UIInspectorStringConvertible.swift:410:11: error: cannot find type 'UITextField' in scope
extension UITextField.ViewMode: UIInspectorStringConvertible {
          ^~~~~~~~~~~
/Users/admin/builder/spi-builder-workspace/Source/SwiftUIInspector/Views/JustTapGesture.swift:3:29: error: cannot find type 'UIGestureRecognizer' in scope
final class JustTapGesture: UIGestureRecognizer, UIGestureRecognizerDelegate {
                            ^~~~~~~~~~~~~~~~~~~
/Users/admin/builder/spi-builder-workspace/Source/SwiftUIInspector/Views/JustTapGesture.swift:3:50: error: cannot find type 'UIGestureRecognizerDelegate' in scope
final class JustTapGesture: UIGestureRecognizer, UIGestureRecognizerDelegate {
                                                 ^~~~~~~~~~~~~~~~~~~~~~~~~~~
/Users/admin/builder/spi-builder-workspace/Source/SwiftUIInspector/Views/JustTapGesture.swift:9:11: error: initializer does not override a designated initializer from its superclass
        override init(target: Any?, action: Selector?) {
        ~~~~~~~~ ^
/Users/admin/builder/spi-builder-workspace/Source/SwiftUIInspector/Views/JustTapGesture.swift:14:44: error: cannot find type 'UITouch' in scope
        override func touchesBegan(_ touches: Set<UITouch>, with event: UIEvent) {
                                                  ^~~~~~~
/Users/admin/builder/spi-builder-workspace/Source/SwiftUIInspector/Views/JustTapGesture.swift:14:66: error: cannot find type 'UIEvent' in scope
        override func touchesBegan(_ touches: Set<UITouch>, with event: UIEvent) {
                                                                        ^~~~~~~
/Users/admin/builder/spi-builder-workspace/Source/SwiftUIInspector/Views/JustTapGesture.swift:24:44: error: cannot find type 'UITouch' in scope
        override func touchesMoved(_ touches: Set<UITouch>, with event: UIEvent) {
                                                  ^~~~~~~
/Users/admin/builder/spi-builder-workspace/Source/SwiftUIInspector/Views/JustTapGesture.swift:24:66: error: cannot find type 'UIEvent' in scope
        override func touchesMoved(_ touches: Set<UITouch>, with event: UIEvent) {
                                                                        ^~~~~~~
/Users/admin/builder/spi-builder-workspace/Source/SwiftUIInspector/Views/JustTapGesture.swift:35:44: error: cannot find type 'UITouch' in scope
        override func touchesEnded(_ touches: Set<UITouch>, with event: UIEvent) {
                                                  ^~~~~~~
/Users/admin/builder/spi-builder-workspace/Source/SwiftUIInspector/Views/JustTapGesture.swift:35:66: error: cannot find type 'UIEvent' in scope
        override func touchesEnded(_ touches: Set<UITouch>, with event: UIEvent) {
                                                                        ^~~~~~~
/Users/admin/builder/spi-builder-workspace/Source/SwiftUIInspector/Views/JustTapGesture.swift:44:48: error: cannot find type 'UITouch' in scope
        override func touchesCancelled(_ touches: Set<UITouch>, with event: UIEvent) {
                                                      ^~~~~~~
/Users/admin/builder/spi-builder-workspace/Source/SwiftUIInspector/Views/JustTapGesture.swift:44:70: error: cannot find type 'UIEvent' in scope
        override func touchesCancelled(_ touches: Set<UITouch>, with event: UIEvent) {
                                                                            ^~~~~~~
/Users/admin/builder/spi-builder-workspace/Source/SwiftUIInspector/Views/JustTapGesture.swift:49:16: error: method does not override any method from its superclass
        override func reset() {
        ~~~~~~~~      ^
/Users/admin/builder/spi-builder-workspace/Source/SwiftUIInspector/Views/JustTapGesture.swift:53:46: error: cannot find type 'UIGestureRecognizer' in scope
        func gestureRecognizer(_ gestureRecognizer: UIGestureRecognizer, shouldRecognizeSimultaneouslyWith otherGestureRecognizer: UIGestureRecognizer) -> Bool {
                                                    ^~~~~~~~~~~~~~~~~~~
/Users/admin/builder/spi-builder-workspace/Source/SwiftUIInspector/Views/JustTapGesture.swift:53:125: error: cannot find type 'UIGestureRecognizer' in scope
        func gestureRecognizer(_ gestureRecognizer: UIGestureRecognizer, shouldRecognizeSimultaneouslyWith otherGestureRecognizer: UIGestureRecognizer) -> Bool {
                                                                                                                                   ^~~~~~~~~~~~~~~~~~~
/Users/admin/builder/spi-builder-workspace/Source/SwiftUIInspector/Views/UIColorPipette.swift:3:29: error: cannot find type 'UIView' in scope
final class UIColorPipette: UIView {
                            ^~~~~~
/Applications/Xcode-16.3.0.app/Contents/Developer/Platforms/WatchOS.platform/Developer/SDKs/WatchOS11.4.sdk/System/Library/Frameworks/UIKit.framework/Headers/NSTextAttachment.h:23:1: note: interface 'UIView' forward declared here
@class UIView;
^
/Users/admin/builder/spi-builder-workspace/Source/SwiftUIInspector/Views/UIColorPipette.swift:6:26: error: cannot find 'UIView' in scope
        private let colorView = UIView()
                                ^~~~~~
/Applications/Xcode-16.3.0.app/Contents/Developer/Platforms/WatchOS.platform/Developer/SDKs/WatchOS11.4.sdk/System/Library/Frameworks/UIKit.framework/Headers/NSTextAttachment.h:23:1: note: interface 'UIView' forward declared here
@class UIView;
^
/Users/admin/builder/spi-builder-workspace/Source/SwiftUIInspector/Views/UIColorPipette.swift:7:22: error: cannot find 'UILabel' in scope
        private let label = UILabel()
                            ^~~~~~~
/Users/admin/builder/spi-builder-workspace/Source/SwiftUIInspector/Views/UIColorPipette.swift:29:15: error: property does not override any property from its superclass
        override var intrinsicContentSize: CGSize {
        ~~~~~~~~     ^
/Users/admin/builder/spi-builder-workspace/Source/SwiftUIInspector/Views/UIColorPipette.swift:52:16: error: method does not override any method from its superclass
        override func layoutSubviews() {
        ~~~~~~~~      ^
/Users/admin/builder/spi-builder-workspace/Source/SwiftUIInspector/Views/UIEdgeLine.swift:3:25: error: cannot find type 'UIView' in scope
final class UIEdgeLine: UIView {
                        ^~~~~~
/Applications/Xcode-16.3.0.app/Contents/Developer/Platforms/WatchOS.platform/Developer/SDKs/WatchOS11.4.sdk/System/Library/Frameworks/UIKit.framework/Headers/NSTextAttachment.h:23:1: note: interface 'UIView' forward declared here
@class UIView;
^
/Users/admin/builder/spi-builder-workspace/Source/SwiftUIInspector/Views/UIInspector3D.swift:5:28: error: cannot find type 'UIView' in scope
final class UIInspector3D: UIView {
                           ^~~~~~
/Applications/Xcode-16.3.0.app/Contents/Developer/Platforms/WatchOS.platform/Developer/SDKs/WatchOS11.4.sdk/System/Library/Frameworks/UIKit.framework/Headers/NSTextAttachment.h:23:1: note: interface 'UIView' forward declared here
@class UIView;
^
/Users/admin/builder/spi-builder-workspace/Source/SwiftUIInspector/Views/UIInspector3D.swift:9:26: error: cannot find 'SCNView' in scope
        private let sceneView = SCNView()
                                ^~~~~~~
/Users/admin/builder/spi-builder-workspace/Source/SwiftUIInspector/Views/UIInspector3D.swift:12:39: error: 'CALayer' is unavailable in watchOS
        private(set) var viewNodesBySource: [CALayer: SCNViewRect] = [:]
                                             ^~~~~~~
/Applications/Xcode-16.3.0.app/Contents/Developer/Platforms/WatchOS.platform/Developer/SDKs/WatchOS11.4.sdk/System/Library/Frameworks/QuartzCore.framework/Headers/CALayer.h:86:12: note: 'CALayer' has been explicitly marked unavailable here
@interface CALayer : NSObject <NSSecureCoding, CAMediaTiming>
           ^
/Users/admin/builder/spi-builder-workspace/Source/SwiftUIInspector/Views/UIInspector3D.swift:20:45: error: missing argument for parameter 'frame' in call
        private let background = UISceneBackground()
                                                   ^
                                                   frame: <#CGRect#>
/Users/admin/builder/spi-builder-workspace/Source/SwiftUIInspector/Views/UISceneBackground.swift:9:11: note: 'init(frame:)' declared here
        override init(frame: CGRect) {
                 ^
/Users/admin/builder/spi-builder-workspace/Source/SwiftUIInspector/Views/UIInspector3D.swift:45:16: error: method does not override any method from its superclass
        override func layoutSubviews() {
        ~~~~~~~~      ^
/Users/admin/builder/spi-builder-workspace/Source/SwiftUIInspector/Views/UIInspector3D.swift:51:16: error: method does not override any method from its superclass
        override func tintColorDidChange() {
        ~~~~~~~~      ^
/Users/admin/builder/spi-builder-workspace/Source/SwiftUIInspector/Views/UIInspector3D.swift:357:10: error: 'CAMediaTimingFunctionName' is unavailable in watchOS
                curve: CAMediaTimingFunctionName = .easeInEaseOut,
                       ^~~~~~~~~~~~~~~~~~~~~~~~~
/Applications/Xcode-16.3.0.app/Contents/Developer/Platforms/WatchOS.platform/Developer/SDKs/WatchOS11.4.sdk/System/Library/Frameworks/QuartzCore.framework/Headers/CAMediaTimingFunction.h:15:20: note: 'CAMediaTimingFunctionName' has been explicitly marked unavailable here
typedef NSString * CAMediaTimingFunctionName NS_TYPED_ENUM API_AVAILABLE(macos(10.5), ios(2.0), tvos(9.0)) API_UNAVAILABLE(watchos);
                   ^
/Users/admin/builder/spi-builder-workspace/Source/SwiftUIInspector/Views/UIInspector3D.swift:357:39: error: 'easeInEaseOut' is unavailable in watchOS
                curve: CAMediaTimingFunctionName = .easeInEaseOut,
                                                    ^~~~~~~~~~~~~
/Applications/Xcode-16.3.0.app/Contents/Developer/Platforms/WatchOS.platform/Developer/SDKs/WatchOS11.4.sdk/System/Library/Frameworks/QuartzCore.framework/Headers/CAMediaTimingFunction.h:60:43: note: 'easeInEaseOut' has been explicitly marked unavailable here
CA_EXTERN CAMediaTimingFunctionName const kCAMediaTimingFunctionEaseInEaseOut
                                          ^
/Users/admin/builder/spi-builder-workspace/Source/SwiftUIInspector/Views/UIInspector3D.swift:379:21: error: method cannot be marked @objc because the type of the parameter cannot be represented in Objective-C
        @objc private func handleTap(_ gesture: JustTapGesture) {
                           ^
/Users/admin/builder/spi-builder-workspace/Source/SwiftUIInspector/Views/UIInspector3D.swift:379:42: note: classes not annotated with @objc cannot be represented in Objective-C
        @objc private func handleTap(_ gesture: JustTapGesture) {
                                                ^~~~~~~~~~~~~~
/Users/admin/builder/spi-builder-workspace/Source/SwiftUIInspector/Views/UIInspector3D.swift:390:34: error: cannot find type 'UIPanGestureRecognizer' in scope
        @objc func handlePan(_ gesture: UIPanGestureRecognizer) {
                                        ^~~~~~~~~~~~~~~~~~~~~~
/Users/admin/builder/spi-builder-workspace/Source/SwiftUIInspector/Views/UIInspector3D.swift:402:36: error: cannot find type 'UIPinchGestureRecognizer' in scope
        @objc func handlePinch(_ gesture: UIPinchGestureRecognizer) {
                                          ^~~~~~~~~~~~~~~~~~~~~~~~
/Users/admin/builder/spi-builder-workspace/Source/SwiftUIInspector/Views/UIInspector3D.swift:428:43: error: cannot find type 'UIPanGestureRecognizer' in scope
        @objc func handleTwoFingerPan(_ gesture: UIPanGestureRecognizer) {
                                                 ^~~~~~~~~~~~~~~~~~~~~~
/Users/admin/builder/spi-builder-workspace/Source/SwiftUIInspector/Views/UIInspectorControls.swift:3:34: error: cannot find type 'UIView' in scope
final class UIInspectorControls: UIView {
                                 ^~~~~~
/Applications/Xcode-16.3.0.app/Contents/Developer/Platforms/WatchOS.platform/Developer/SDKs/WatchOS11.4.sdk/System/Library/Frameworks/UIKit.framework/Headers/NSTextAttachment.h:23:1: note: interface 'UIView' forward declared here
@class UIView;
^
/Users/admin/builder/spi-builder-workspace/Source/SwiftUIInspector/Views/UIInspectorControls.swift:8:22: error: cannot find 'UIView' in scope
        let draggableArea = UIView()
                            ^~~~~~
/Applications/Xcode-16.3.0.app/Contents/Developer/Platforms/WatchOS.platform/Developer/SDKs/WatchOS11.4.sdk/System/Library/Frameworks/UIKit.framework/Headers/NSTextAttachment.h:23:1: note: interface 'UIView' forward declared here
@class UIView;
^
/Users/admin/builder/spi-builder-workspace/Source/SwiftUIInspector/Views/UIInspectorControls.swift:9:35: error: cannot find 'UIImageView' in scope
        private let draggableImageView = UIImageView(image: UIImage(systemName: "circle.grid.3x3.fill"))
                                         ^~~~~~~~~~~
/Users/admin/builder/spi-builder-workspace/Source/SwiftUIInspector/Views/UIInspectorControls.swift:30:15: error: property does not override any property from its superclass
        override var intrinsicContentSize: CGSize {
        ~~~~~~~~     ^
/Users/admin/builder/spi-builder-workspace/Source/SwiftUIInspector/Views/UIInspectorControls.swift:57:16: error: method does not override any method from its superclass
        override func layoutSubviews() {
        ~~~~~~~~      ^
/Users/admin/builder/spi-builder-workspace/Source/SwiftUIInspector/Views/UIInspectorControls.swift:75:26: error: cannot find type 'UIControl' in scope
        final class ButtonView: UIControl {
                                ^~~~~~~~~
/Users/admin/builder/spi-builder-workspace/Source/SwiftUIInspector/Views/UIInspectorControls.swift:77:19: error: cannot find 'UIImageView' in scope
                let imageView = UIImageView()
                                ^~~~~~~~~~~
/Users/admin/builder/spi-builder-workspace/Source/SwiftUIInspector/Views/UIInspectorControls.swift:110:17: error: method does not override any method from its superclass
                override func layoutSubviews() {
                ~~~~~~~~      ^
/Users/admin/builder/spi-builder-workspace/Source/SwiftUIInspector/Views/UIInspectorControls.swift:116:40: error: cannot find type 'UITouch' in scope
                override func beginTracking(_ touch: UITouch, with event: UIEvent?) -> Bool {
                                                     ^~~~~~~
/Users/admin/builder/spi-builder-workspace/Source/SwiftUIInspector/Views/UIInspectorControls.swift:116:61: error: cannot find type 'UIEvent' in scope
                override func beginTracking(_ touch: UITouch, with event: UIEvent?) -> Bool {
                                                                          ^~~~~~~
/Users/admin/builder/spi-builder-workspace/Source/SwiftUIInspector/Views/UIInspectorInfo.swift:9:16: error: 'CALayer' is unavailable in watchOS
                let custom: (CALayer) -> AnyView
                             ^~~~~~~
/Applications/Xcode-16.3.0.app/Contents/Developer/Platforms/WatchOS.platform/Developer/SDKs/WatchOS11.4.sdk/System/Library/Frameworks/QuartzCore.framework/Headers/CALayer.h:86:12: note: 'CALayer' has been explicitly marked unavailable here
@interface CALayer : NSObject <NSSecureCoding, CAMediaTiming>
           ^
/Users/admin/builder/spi-builder-workspace/Source/SwiftUIInspector/Views/UIInspectorInfo.swift:18:23: error: 'CALayer' is unavailable in watchOS
                        custom: @escaping (CALayer) -> AnyView,
                                           ^~~~~~~
/Applications/Xcode-16.3.0.app/Contents/Developer/Platforms/WatchOS.platform/Developer/SDKs/WatchOS11.4.sdk/System/Library/Frameworks/QuartzCore.framework/Headers/CALayer.h:86:12: note: 'CALayer' has been explicitly marked unavailable here
@interface CALayer : NSObject <NSSecureCoding, CAMediaTiming>
           ^
/Users/admin/builder/spi-builder-workspace/Source/SwiftUIInspector/Views/UIInspectorInfo.swift:78:25: error: 'CALayer' is unavailable in watchOS
                func title(for layer: CALayer) -> some View {
                                      ^~~~~~~
/Applications/Xcode-16.3.0.app/Contents/Developer/Platforms/WatchOS.platform/Developer/SDKs/WatchOS11.4.sdk/System/Library/Frameworks/QuartzCore.framework/Headers/CALayer.h:86:12: note: 'CALayer' has been explicitly marked unavailable here
@interface CALayer : NSObject <NSSecureCoding, CAMediaTiming>
           ^
/Users/admin/builder/spi-builder-workspace/Source/SwiftUIInspector/Views/UIMeasurementSelection.swift:3:33: error: cannot find type 'UIView' in scope
final class UIMeasurementLabel: UIView {
                                ^~~~~~
/Applications/Xcode-16.3.0.app/Contents/Developer/Platforms/WatchOS.platform/Developer/SDKs/WatchOS11.4.sdk/System/Library/Frameworks/UIKit.framework/Headers/NSTextAttachment.h:23:1: note: interface 'UIView' forward declared here
@class UIView;
^
/Users/admin/builder/spi-builder-workspace/Source/SwiftUIInspector/Views/UIMeasurementSelection.swift:5:22: error: cannot find 'UILabel' in scope
        private let label = UILabel()
                            ^~~~~~~
/Users/admin/builder/spi-builder-workspace/Source/SwiftUIInspector/Views/UIMeasurementSelection.swift:34:16: error: method does not override any method from its superclass
        override func layoutSubviews() {
        ~~~~~~~~      ^
/Users/admin/builder/spi-builder-workspace/Source/SwiftUIInspector/Views/UIPinchPanGestureRecognizer.swift:3:42: error: cannot find type 'UIGestureRecognizer' in scope
final class UIPinchPanGestureRecognizer: UIGestureRecognizer {
                                         ^~~~~~~~~~~~~~~~~~~
/Users/admin/builder/spi-builder-workspace/Source/SwiftUIInspector/Views/UIPinchPanGestureRecognizer.swift:11:44: error: cannot find type 'UITouch' in scope
        override func touchesBegan(_ touches: Set<UITouch>, with event: UIEvent) {
                                                  ^~~~~~~
/Users/admin/builder/spi-builder-workspace/Source/SwiftUIInspector/Views/UIPinchPanGestureRecognizer.swift:11:66: error: cannot find type 'UIEvent' in scope
        override func touchesBegan(_ touches: Set<UITouch>, with event: UIEvent) {
                                                                        ^~~~~~~
/Users/admin/builder/spi-builder-workspace/Source/SwiftUIInspector/Views/UIPinchPanGestureRecognizer.swift:21:44: error: cannot find type 'UITouch' in scope
        override func touchesMoved(_ touches: Set<UITouch>, with event: UIEvent) {
                                                  ^~~~~~~
/Users/admin/builder/spi-builder-workspace/Source/SwiftUIInspector/Views/UIPinchPanGestureRecognizer.swift:21:66: error: cannot find type 'UIEvent' in scope
        override func touchesMoved(_ touches: Set<UITouch>, with event: UIEvent) {
                                                                        ^~~~~~~
/Users/admin/builder/spi-builder-workspace/Source/SwiftUIInspector/Views/UIPinchPanGestureRecognizer.swift:47:44: error: cannot find type 'UITouch' in scope
        override func touchesEnded(_ touches: Set<UITouch>, with event: UIEvent) {
                                                  ^~~~~~~
/Users/admin/builder/spi-builder-workspace/Source/SwiftUIInspector/Views/UIPinchPanGestureRecognizer.swift:47:66: error: cannot find type 'UIEvent' in scope
        override func touchesEnded(_ touches: Set<UITouch>, with event: UIEvent) {
                                                                        ^~~~~~~
/Users/admin/builder/spi-builder-workspace/Source/SwiftUIInspector/Views/UIPinchPanGestureRecognizer.swift:52:48: error: cannot find type 'UITouch' in scope
        override func touchesCancelled(_ touches: Set<UITouch>, with event: UIEvent) {
                                                      ^~~~~~~
/Users/admin/builder/spi-builder-workspace/Source/SwiftUIInspector/Views/UIPinchPanGestureRecognizer.swift:52:70: error: cannot find type 'UIEvent' in scope
        override func touchesCancelled(_ touches: Set<UITouch>, with event: UIEvent) {
                                                                            ^~~~~~~
/Users/admin/builder/spi-builder-workspace/Source/SwiftUIInspector/Views/UIPinchPanGestureRecognizer.swift:57:16: error: method does not override any method from its superclass
        override func reset() {
        ~~~~~~~~      ^
/Users/admin/builder/spi-builder-workspace/Source/SwiftUIInspector/Views/UIPinchPanGestureRecognizer.swift:64:41: error: cannot find type 'UIEvent' in scope
        private func updateMetrics(with event: UIEvent) {
                                               ^~~~~~~
/Users/admin/builder/spi-builder-workspace/Source/SwiftUIInspector/Views/UISceneBackground.swift:3:32: error: cannot find type 'UIView' in scope
final class UISceneBackground: UIView {
                               ^~~~~~
/Applications/Xcode-16.3.0.app/Contents/Developer/Platforms/WatchOS.platform/Developer/SDKs/WatchOS11.4.sdk/System/Library/Frameworks/UIKit.framework/Headers/NSTextAttachment.h:23:1: note: interface 'UIView' forward declared here
@class UIView;
^
/Users/admin/builder/spi-builder-workspace/Source/SwiftUIInspector/Views/UISceneBackground.swift:9:11: error: initializer does not override a designated initializer from its superclass
        override init(frame: CGRect) {
        ~~~~~~~~ ^
/Users/admin/builder/spi-builder-workspace/Source/SwiftUIInspector/Views/UISceneBackground.swift:68:16: error: method does not override any method from its superclass
        override func tintColorDidChange() {
        ~~~~~~~~      ^
/Users/admin/builder/spi-builder-workspace/Source/SwiftUIInspector/Views/UISceneBackground.swift:73:68: error: cannot find type 'UITraitCollection' in scope
        override func traitCollectionDidChange(_ previousTraitCollection: UITraitCollection?) {
                                                                          ^~~~~~~~~~~~~~~~~
/Applications/Xcode-16.3.0.app/Contents/Developer/Platforms/WatchOS.platform/Developer/SDKs/WatchOS11.4.sdk/System/Library/Frameworks/UIKit.framework/Headers/UIColor.h:20:1: note: interface 'UITraitCollection' forward declared here
@class UITraitCollection;
^
/Users/admin/builder/spi-builder-workspace/Source/SwiftUIInspector/Views/UIViewSnapshot.swift:9:14: error: cannot find type 'CALayer' in scope
        let source: CALayer
                    ^~~~~~~
/Users/admin/builder/spi-builder-workspace/Source/SwiftUIInspector/Views/UIViewSnapshot.swift:10:18: error: cannot find type 'CALayer' in scope
        let ancestors: [CALayer]
                        ^~~~~~~
/Users/admin/builder/spi-builder-workspace/Source/SwiftUIInspector/Views/UIViewSnapshot.swift:20:12: error: cannot find type 'UIView' in scope
        var view: UIView? {
                  ^~~~~~
/Applications/Xcode-16.3.0.app/Contents/Developer/Platforms/WatchOS.platform/Developer/SDKs/WatchOS11.4.sdk/System/Library/Frameworks/UIKit.framework/Headers/NSTextAttachment.h:23:1: note: interface 'UIView' forward declared here
@class UIView;
^
/Users/admin/builder/spi-builder-workspace/Source/SwiftUIInspector/Views/UIViewSnapshot.swift:24:17: error: cannot find type 'CALayer' in scope
        init(_ source: CALayer) {
                       ^~~~~~~
/Users/admin/builder/spi-builder-workspace/Source/SwiftUIInspector/Views/UIViewSnapshot.swift:37:27: error: cannot find type 'UIView' in scope
        convenience init(_ view: UIView) {
                                 ^~~~~~
/Applications/Xcode-16.3.0.app/Contents/Developer/Platforms/WatchOS.platform/Developer/SDKs/WatchOS11.4.sdk/System/Library/Frameworks/UIKit.framework/Headers/NSTextAttachment.h:23:1: note: interface 'UIView' forward declared here
@class UIView;
^
/Users/admin/builder/spi-builder-workspace/Source/SwiftUIInspector/Views/ViewRect.swift:26:34: error: cannot find type 'UIView' in scope
final class UIViewInspectorItem: UIView, UIInspectorItem {
                                 ^~~~~~
/Applications/Xcode-16.3.0.app/Contents/Developer/Platforms/WatchOS.platform/Developer/SDKs/WatchOS11.4.sdk/System/Library/Frameworks/UIKit.framework/Headers/NSTextAttachment.h:23:1: note: interface 'UIView' forward declared here
@class UIView;
^
/Users/admin/builder/spi-builder-workspace/Source/SwiftUIInspector/Views/ViewRect.swift:26:13: error: type 'UIViewInspectorItem' does not conform to protocol 'Hashable'
final class UIViewInspectorItem: UIView, UIInspectorItem {
            ^
/Users/admin/builder/spi-builder-workspace/Source/SwiftUIInspector/Views/ViewRect.swift:26:13: note: automatic synthesis of 'Hashable' is not supported for class declarations
final class UIViewInspectorItem: UIView, UIInspectorItem {
            ^
/Users/admin/builder/spi-builder-workspace/Source/SwiftUIInspector/Views/ViewRect.swift:26:13: error: type 'UIViewInspectorItem' does not conform to protocol 'Equatable'
final class UIViewInspectorItem: UIView, UIInspectorItem {
            ^
/Users/admin/builder/spi-builder-workspace/Source/SwiftUIInspector/Views/ViewRect.swift:26:13: note: automatic synthesis of 'Equatable' is not supported for class declarations
final class UIViewInspectorItem: UIView, UIInspectorItem {
            ^
Swift.==:1:24: note: candidate would match if 'UIViewInspectorItem' conformed to 'RawRepresentable'
@inlinable public func == <T>(lhs: T, rhs: T) -> Bool where T : RawRepresentable, T.RawValue : Equatable
                       ^
Swift.FloatingPoint.==:2:20: note: candidate would match if 'UIViewInspectorItem' conformed to 'FloatingPoint'
public static func == (lhs: Self, rhs: Self) -> Bool}
                   ^
Swift.BinaryInteger.==:2:20: note: candidate would match if 'UIViewInspectorItem' conformed to 'BinaryInteger'
public static func == <Other>(lhs: Self, rhs: Other) -> Bool where Other : BinaryInteger}
                   ^
Swift._Pointer.==:2:20: note: candidate would match if 'UIViewInspectorItem' conformed to '_Pointer'
public static func == (lhs: Self, rhs: Self) -> Bool}
                   ^
Swift._Pointer.==:2:31: note: candidate would match if 'UIViewInspectorItem' conformed to '_Pointer'
@inlinable public static func == <Other>(lhs: Self, rhs: Other) -> Bool where Other : _Pointer}
                              ^
Swift.Strideable.==:2:31: note: candidate would match if 'UIViewInspectorItem' conformed to 'Strideable'
@inlinable public static func == (x: Self, y: Self) -> Bool}
                              ^
Swift.StringProtocol.==:2:31: note: candidate would match if 'UIViewInspectorItem' conformed to 'StringProtocol'
@inlinable public static func == <RHS>(lhs: Self, rhs: RHS) -> Bool where RHS : StringProtocol}
                              ^
Swift.SIMD.==:2:20: note: candidate would match if 'UIViewInspectorItem' conformed to 'SIMD'
public static func == (a: Self, b: Self) -> Bool}
                   ^
CoreFoundation._CFObject.==:2:20: note: candidate would match if 'UIViewInspectorItem' conformed to '_CFObject'
public static func == (left: Self, right: Self) -> Bool}
                   ^
Foundation.AttributedStringProtocol.==:2:20: note: candidate would match if 'UIViewInspectorItem' conformed to 'AttributedStringProtocol'
public static func == <RHS>(lhs: Self, rhs: RHS) -> Bool where RHS : AttributedStringProtocol}
                   ^
Foundation._BridgedStoredNSError.==:2:20: note: candidate would match if 'UIViewInspectorItem' conformed to '_BridgedStoredNSError'
public static func == (lhs: Self, rhs: Self) -> Bool}
                   ^
/Users/admin/builder/spi-builder-workspace/Source/SwiftUIInspector/Views/ViewRect.swift:26:13: note: add stubs for conformance
final class UIViewInspectorItem: UIView, UIInspectorItem {
            ^
Swift.Equatable.==:2:13: note: protocol requires function '==' with type '(UIViewInspectorItem, UIViewInspectorItem) -> Bool'
static func == (lhs: Self, rhs: Self) -> Bool}
            ^
SwiftCompile normal arm64_32 Compiling\ UIEdgeLine.swift,\ UIInspector3D.swift /Users/admin/builder/spi-builder-workspace/Source/SwiftUIInspector/Views/UIEdgeLine.swift /Users/admin/builder/spi-builder-workspace/Source/SwiftUIInspector/Views/UIInspector3D.swift (in target 'SwiftUIInspector' from project 'SwiftUIInspector')
SwiftCompile normal arm64_32 /Users/admin/builder/spi-builder-workspace/Source/SwiftUIInspector/Views/UIEdgeLine.swift (in target 'SwiftUIInspector' from project 'SwiftUIInspector')
    cd /Users/admin/builder/spi-builder-workspace/.swiftpm/xcode

SwiftCompile normal arm64_32 /Users/admin/builder/spi-builder-workspace/Source/SwiftUIInspector/Views/UIInspector3D.swift (in target 'SwiftUIInspector' from project 'SwiftUIInspector')
    cd /Users/admin/builder/spi-builder-workspace/.swiftpm/xcode

SwiftCompile normal arm64_32 Compiling\ UIMeasurementSelection.swift,\ UIPinchPanGestureRecognizer.swift /Users/admin/builder/spi-builder-workspace/Source/SwiftUIInspector/Views/UIMeasurementSelection.swift /Users/admin/builder/spi-builder-workspace/Source/SwiftUIInspector/Views/UIPinchPanGestureRecognizer.swift (in target 'SwiftUIInspector' from project 'SwiftUIInspector')
SwiftCompile normal arm64_32 /Users/admin/builder/spi-builder-workspace/Source/SwiftUIInspector/Views/UIMeasurementSelection.swift (in target 'SwiftUIInspector' from project 'SwiftUIInspector')
    cd /Users/admin/builder/spi-builder-workspace/.swiftpm/xcode

SwiftCompile normal arm64_32 /Users/admin/builder/spi-builder-workspace/Source/SwiftUIInspector/Views/UIPinchPanGestureRecognizer.swift (in target 'SwiftUIInspector' from project 'SwiftUIInspector')
    cd /Users/admin/builder/spi-builder-workspace/.swiftpm/xcode

SwiftCompile normal arm64_32 Compiling\ Extensions.swift,\ Inspector.swift /Users/admin/builder/spi-builder-workspace/Source/SwiftUIInspector/Extensions.swift /Users/admin/builder/spi-builder-workspace/Source/SwiftUIInspector/Inspector.swift (in target 'SwiftUIInspector' from project 'SwiftUIInspector')
SwiftCompile normal arm64_32 /Users/admin/builder/spi-builder-workspace/Source/SwiftUIInspector/Extensions.swift (in target 'SwiftUIInspector' from project 'SwiftUIInspector')
    cd /Users/admin/builder/spi-builder-workspace/.swiftpm/xcode

SwiftCompile normal arm64_32 /Users/admin/builder/spi-builder-workspace/Source/SwiftUIInspector/Inspector.swift (in target 'SwiftUIInspector' from project 'SwiftUIInspector')
    cd /Users/admin/builder/spi-builder-workspace/.swiftpm/xcode

SwiftCompile normal arm64_32 Compiling\ SCNViewRect.swift,\ UIColorPipette.swift /Users/admin/builder/spi-builder-workspace/Source/SwiftUIInspector/Views/SCNViewRect.swift /Users/admin/builder/spi-builder-workspace/Source/SwiftUIInspector/Views/UIColorPipette.swift (in target 'SwiftUIInspector' from project 'SwiftUIInspector')
SwiftCompile normal arm64_32 /Users/admin/builder/spi-builder-workspace/Source/SwiftUIInspector/Views/SCNViewRect.swift (in target 'SwiftUIInspector' from project 'SwiftUIInspector')
    cd /Users/admin/builder/spi-builder-workspace/.swiftpm/xcode

SwiftCompile normal arm64_32 /Users/admin/builder/spi-builder-workspace/Source/SwiftUIInspector/Views/UIColorPipette.swift (in target 'SwiftUIInspector' from project 'SwiftUIInspector')
    cd /Users/admin/builder/spi-builder-workspace/.swiftpm/xcode

SwiftCompile normal arm64_32 Compiling\ UIInspectorIgnorable.swift,\ UIInspectorInfoConvertable.swift /Users/admin/builder/spi-builder-workspace/Source/SwiftUIInspector/UIInspectorIgnorable.swift /Users/admin/builder/spi-builder-workspace/Source/SwiftUIInspector/UIInspectorInfoConvertable.swift (in target 'SwiftUIInspector' from project 'SwiftUIInspector')
SwiftCompile normal arm64_32 /Users/admin/builder/spi-builder-workspace/Source/SwiftUIInspector/UIInspectorIgnorable.swift (in target 'SwiftUIInspector' from project 'SwiftUIInspector')
    cd /Users/admin/builder/spi-builder-workspace/.swiftpm/xcode

SwiftCompile normal arm64_32 /Users/admin/builder/spi-builder-workspace/Source/SwiftUIInspector/UIInspectorInfoConvertable.swift (in target 'SwiftUIInspector' from project 'SwiftUIInspector')
    cd /Users/admin/builder/spi-builder-workspace/.swiftpm/xcode

SwiftCompile normal arm64_32 Compiling\ UIInspectorStringConvertible.swift,\ JustTapGesture.swift /Users/admin/builder/spi-builder-workspace/Source/SwiftUIInspector/UIInspectorStringConvertible.swift /Users/admin/builder/spi-builder-workspace/Source/SwiftUIInspector/Views/JustTapGesture.swift (in target 'SwiftUIInspector' from project 'SwiftUIInspector')
SwiftCompile normal arm64_32 /Users/admin/builder/spi-builder-workspace/Source/SwiftUIInspector/UIInspectorStringConvertible.swift (in target 'SwiftUIInspector' from project 'SwiftUIInspector')
    cd /Users/admin/builder/spi-builder-workspace/.swiftpm/xcode

SwiftCompile normal arm64_32 /Users/admin/builder/spi-builder-workspace/Source/SwiftUIInspector/Views/JustTapGesture.swift (in target 'SwiftUIInspector' from project 'SwiftUIInspector')
    cd /Users/admin/builder/spi-builder-workspace/.swiftpm/xcode

SwiftEmitModule normal arm64 Emitting\ module\ for\ SwiftUIInspector (in target 'SwiftUIInspector' from project 'SwiftUIInspector')
EmitSwiftModule normal arm64 (in target 'SwiftUIInspector' from project 'SwiftUIInspector')
    cd /Users/admin/builder/spi-builder-workspace/.swiftpm/xcode

SwiftEmitModule normal armv7k Emitting\ module\ for\ SwiftUIInspector (in target 'SwiftUIInspector' from project 'SwiftUIInspector')
Failed frontend command:
/Applications/Xcode-16.3.0.app/Contents/Developer/Toolchains/XcodeDefault.xctoolchain/usr/bin/swift-frontend -frontend -emit-module -experimental-skip-non-inlinable-function-bodies-without-types /Users/admin/builder/spi-builder-workspace/Source/SwiftUIInspector/Extensions.swift /Users/admin/builder/spi-builder-workspace/Source/SwiftUIInspector/Inspector.swift /Users/admin/builder/spi-builder-workspace/Source/SwiftUIInspector/UIInspector.swift /Users/admin/builder/spi-builder-workspace/Source/SwiftUIInspector/UIInspectorController.swift /Users/admin/builder/spi-builder-workspace/Source/SwiftUIInspector/UIInspectorIgnorable.swift /Users/admin/builder/spi-builder-workspace/Source/SwiftUIInspector/UIInspectorInfoConvertable.swift /Users/admin/builder/spi-builder-workspace/Source/SwiftUIInspector/UIInspectorStringConvertible.swift /Users/admin/builder/spi-builder-workspace/Source/SwiftUIInspector/Views/JustTapGesture.swift /Users/admin/builder/spi-builder-workspace/Source/SwiftUIInspector/Views/SCNViewRect.swift /Users/admin/builder/spi-builder-workspace/Source/SwiftUIInspector/Views/UIColorPipette.swift /Users/admin/builder/spi-builder-workspace/Source/SwiftUIInspector/Views/UIEdgeLine.swift /Users/admin/builder/spi-builder-workspace/Source/SwiftUIInspector/Views/UIInspector3D.swift /Users/admin/builder/spi-builder-workspace/Source/SwiftUIInspector/Views/UIInspectorControls.swift /Users/admin/builder/spi-builder-workspace/Source/SwiftUIInspector/Views/UIInspectorInfo.swift /Users/admin/builder/spi-builder-workspace/Source/SwiftUIInspector/Views/UIMeasurementSelection.swift /Users/admin/builder/spi-builder-workspace/Source/SwiftUIInspector/Views/UIPinchPanGestureRecognizer.swift /Users/admin/builder/spi-builder-workspace/Source/SwiftUIInspector/Views/UISceneBackground.swift /Users/admin/builder/spi-builder-workspace/Source/SwiftUIInspector/Views/UIViewSnapshot.swift /Users/admin/builder/spi-builder-workspace/Source/SwiftUIInspector/Views/ViewRect.swift -target armv7k-apple-watchos6.0 -enable-objc-interop -stack-check -sdk /Applications/Xcode-16.3.0.app/Contents/Developer/Platforms/WatchOS.platform/Developer/SDKs/WatchOS11.4.sdk -I /Users/admin/builder/spi-builder-workspace/.derivedData/Build/Products/Debug-watchos -I /Applications/Xcode-16.3.0.app/Contents/Developer/Platforms/WatchOS.platform/Developer/usr/lib -F /Users/admin/builder/spi-builder-workspace/.derivedData/Build/Products/Debug-watchos -F /Applications/Xcode-16.3.0.app/Contents/Developer/Platforms/WatchOS.platform/Developer/Library/Frameworks -F /Applications/Xcode-16.3.0.app/Contents/Developer/Platforms/WatchOS.platform/Developer/SDKs/WatchOS11.4.sdk/Developer/Library/Frameworks -no-color-diagnostics -enable-testing -g -debug-info-format\=dwarf -dwarf-version\=4 -module-cache-path /Users/admin/builder/spi-builder-workspace/.derivedData/ModuleCache.noindex -swift-version 5 -enforce-exclusivity\=checked -Onone -D SWIFT_PACKAGE -D DEBUG -D Xcode -serialize-debugging-options -const-gather-protocols-file /Users/admin/builder/spi-builder-workspace/.derivedData/Build/Intermediates.noindex/SwiftUIInspector.build/Debug-watchos/SwiftUIInspector.build/Objects-normal/armv7k/SwiftUIInspector_const_extract_protocols.json -enable-experimental-feature DebugDescriptionMacro -empty-abi-descriptor -plugin-path /Applications/Xcode-16.3.0.app/Contents/Developer/Toolchains/XcodeDefault.xctoolchain/usr/lib/swift/host/plugins/testing -validate-clang-modules-once -clang-build-session-file /Users/admin/builder/spi-builder-workspace/.derivedData/ModuleCache.noindex/Session.modulevalidation -Xcc -working-directory -Xcc /Users/admin/builder/spi-builder-workspace/.swiftpm/xcode -resource-dir /Applications/Xcode-16.3.0.app/Contents/Developer/Toolchains/XcodeDefault.xctoolchain/usr/lib/swift -enable-anonymous-context-mangled-names -file-compilation-dir /Users/admin/builder/spi-builder-workspace/.swiftpm/xcode -Xcc -ivfsstatcache -Xcc /Users/admin/builder/spi-builder-workspace/.derivedData/SDKStatCaches.noindex/watchos11.4-22T246-43efb940ff07ba2497b70ec94253f576.sdkstatcache -Xcc -I/Users/admin/builder/spi-builder-workspace/.derivedData/Build/Intermediates.noindex/SwiftUIInspector.build/Debug-watchos/SwiftUIInspector.build/swift-overrides.hmap -Xcc -I/Users/admin/builder/spi-builder-workspace/.derivedData/Build/Products/Debug-watchos/include -Xcc -I/Users/admin/builder/spi-builder-workspace/.derivedData/Build/Intermediates.noindex/SwiftUIInspector.build/Debug-watchos/SwiftUIInspector.build/DerivedSources-normal/armv7k -Xcc -I/Users/admin/builder/spi-builder-workspace/.derivedData/Build/Intermediates.noindex/SwiftUIInspector.build/Debug-watchos/SwiftUIInspector.build/DerivedSources/armv7k -Xcc -I/Users/admin/builder/spi-builder-workspace/.derivedData/Build/Intermediates.noindex/SwiftUIInspector.build/Debug-watchos/SwiftUIInspector.build/DerivedSources -Xcc -DSWIFT_PACKAGE -Xcc -DDEBUG\=1 -module-name SwiftUIInspector -package-name spi_builder_workspace -frontend-parseable-output -disable-clang-spi -target-sdk-version 11.4 -target-sdk-name watchos11.4 -external-plugin-path /Applications/Xcode-16.3.0.app/Contents/Developer/Platforms/WatchOS.platform/Developer/usr/lib/swift/host/plugins\#/Applications/Xcode-16.3.0.app/Contents/Developer/Platforms/WatchOS.platform/Developer/usr/bin/swift-plugin-server -external-plugin-path /Applications/Xcode-16.3.0.app/Contents/Developer/Platforms/WatchOS.platform/Developer/usr/local/lib/swift/host/plugins\#/Applications/Xcode-16.3.0.app/Contents/Developer/Platforms/WatchOS.platform/Developer/usr/bin/swift-plugin-server -in-process-plugin-server-path /Applications/Xcode-16.3.0.app/Contents/Developer/Toolchains/XcodeDefault.xctoolchain/usr/lib/swift/host/libSwiftInProcPluginServer.dylib -plugin-path /Applications/Xcode-16.3.0.app/Contents/Developer/Toolchains/XcodeDefault.xctoolchain/usr/lib/swift/host/plugins -plugin-path /Applications/Xcode-16.3.0.app/Contents/Developer/Toolchains/XcodeDefault.xctoolchain/usr/local/lib/swift/host/plugins -emit-module-doc-path /Users/admin/builder/spi-builder-workspace/.derivedData/Build/Intermediates.noindex/SwiftUIInspector.build/Debug-watchos/SwiftUIInspector.build/Objects-normal/armv7k/SwiftUIInspector.swiftdoc -emit-module-source-info-path /Users/admin/builder/spi-builder-workspace/.derivedData/Build/Intermediates.noindex/SwiftUIInspector.build/Debug-watchos/SwiftUIInspector.build/Objects-normal/armv7k/SwiftUIInspector.swiftsourceinfo -emit-objc-header-path /Users/admin/builder/spi-builder-workspace/.derivedData/Build/Intermediates.noindex/SwiftUIInspector.build/Debug-watchos/SwiftUIInspector.build/Objects-normal/armv7k/SwiftUIInspector-Swift.h -serialize-diagnostics-path /Users/admin/builder/spi-builder-workspace/.derivedData/Build/Intermediates.noindex/SwiftUIInspector.build/Debug-watchos/SwiftUIInspector.build/Objects-normal/armv7k/SwiftUIInspector-master-emit-module.dia -emit-dependencies-path /Users/admin/builder/spi-builder-workspace/.derivedData/Build/Intermediates.noindex/SwiftUIInspector.build/Debug-watchos/SwiftUIInspector.build/Objects-normal/armv7k/SwiftUIInspector-master-emit-module.d -o /Users/admin/builder/spi-builder-workspace/.derivedData/Build/Intermediates.noindex/SwiftUIInspector.build/Debug-watchos/SwiftUIInspector.build/Objects-normal/armv7k/SwiftUIInspector.swiftmodule -emit-abi-descriptor-path /Users/admin/builder/spi-builder-workspace/.derivedData/Build/Intermediates.noindex/SwiftUIInspector.build/Debug-watchos/SwiftUIInspector.build/Objects-normal/armv7k/SwiftUIInspector.abi.json
EmitSwiftModule normal armv7k (in target 'SwiftUIInspector' from project 'SwiftUIInspector')
    cd /Users/admin/builder/spi-builder-workspace/.swiftpm/xcode

/Users/admin/builder/spi-builder-workspace/Source/SwiftUIInspector/Extensions.swift:3:11: error: cannot find type 'UIWindow' in scope
extension UIWindow {
          ^~~~~~~~
/Users/admin/builder/spi-builder-workspace/Source/SwiftUIInspector/Extensions.swift:13:11: error: cannot find type 'UIViewController' in scope
extension UIViewController {
          ^~~~~~~~~~~~~~~~
/Users/admin/builder/spi-builder-workspace/Source/SwiftUIInspector/Extensions.swift:29:33: error: cannot find type 'UIViewController' in scope
        var topVisibleChildController: UIViewController? { get }
                                       ^~~~~~~~~~~~~~~~
/Users/admin/builder/spi-builder-workspace/Source/SwiftUIInspector/Extensions.swift:32:11: error: cannot find type 'UINavigationController' in scope
extension UINavigationController: ControllerWithTopChild {
          ^~~~~~~~~~~~~~~~~~~~~~
/Users/admin/builder/spi-builder-workspace/Source/SwiftUIInspector/Extensions.swift:36:11: error: cannot find type 'UITabBarController' in scope
extension UITabBarController: ControllerWithTopChild {
          ^~~~~~~~~~~~~~~~~~
/Users/admin/builder/spi-builder-workspace/Source/SwiftUIInspector/Extensions.swift:61:11: error: cannot find type 'UIView' in scope
extension UIView {
          ^~~~~~
/Applications/Xcode-16.3.0.app/Contents/Developer/Platforms/WatchOS.platform/Developer/SDKs/WatchOS11.4.sdk/System/Library/Frameworks/UIKit.framework/Headers/NSTextAttachment.h:23:1: note: interface 'UIView' forward declared here
@class UIView;
^
/Users/admin/builder/spi-builder-workspace/Source/SwiftUIInspector/Extensions.swift:102:17: error: cannot find type 'UIView' in scope
        var ownerView: UIView? {
                       ^~~~~~
/Applications/Xcode-16.3.0.app/Contents/Developer/Platforms/WatchOS.platform/Developer/SDKs/WatchOS11.4.sdk/System/Library/Frameworks/UIKit.framework/Headers/NSTextAttachment.h:23:1: note: interface 'UIView' forward declared here
@class UIView;
^
/Users/admin/builder/spi-builder-workspace/Source/SwiftUIInspector/Extensions.swift:106:23: error: 'CALayer' is unavailable in watchOS
        var ancestorLayers: [CALayer] {
                             ^~~~~~~
/Applications/Xcode-16.3.0.app/Contents/Developer/Platforms/WatchOS.platform/Developer/SDKs/WatchOS11.4.sdk/System/Library/Frameworks/QuartzCore.framework/Headers/CALayer.h:86:12: note: 'CALayer' has been explicitly marked unavailable here
@interface CALayer : NSObject <NSSecureCoding, CAMediaTiming>
           ^
/Users/admin/builder/spi-builder-workspace/Source/SwiftUIInspector/Extensions.swift:116:42: error: 'CALayer' is unavailable in watchOS
        var selfAndAllVisibleSublayersLayers: [[CALayer]] {
                                                ^~~~~~~
/Applications/Xcode-16.3.0.app/Contents/Developer/Platforms/WatchOS.platform/Developer/SDKs/WatchOS11.4.sdk/System/Library/Frameworks/QuartzCore.framework/Headers/CALayer.h:86:12: note: 'CALayer' has been explicitly marked unavailable here
@interface CALayer : NSObject <NSSecureCoding, CAMediaTiming>
           ^
/Users/admin/builder/spi-builder-workspace/Source/SwiftUIInspector/Extensions.swift:120:35: error: 'CALayer' is unavailable in watchOS
        var allVisibleSublayersLayers: [[CALayer]] {
                                         ^~~~~~~
/Applications/Xcode-16.3.0.app/Contents/Developer/Platforms/WatchOS.platform/Developer/SDKs/WatchOS11.4.sdk/System/Library/Frameworks/QuartzCore.framework/Headers/CALayer.h:86:12: note: 'CALayer' has been explicitly marked unavailable here
@interface CALayer : NSObject <NSSecureCoding, CAMediaTiming>
           ^
/Users/admin/builder/spi-builder-workspace/Source/SwiftUIInspector/Extensions.swift:127:17: error: 'CALayer' is unavailable in watchOS
        var rootLayer: CALayer {
                       ^~~~~~~
/Applications/Xcode-16.3.0.app/Contents/Developer/Platforms/WatchOS.platform/Developer/SDKs/WatchOS11.4.sdk/System/Library/Frameworks/QuartzCore.framework/Headers/CALayer.h:86:12: note: 'CALayer' has been explicitly marked unavailable here
@interface CALayer : NSObject <NSSecureCoding, CAMediaTiming>
           ^
/Users/admin/builder/spi-builder-workspace/Source/SwiftUIInspector/Extensions.swift:95:11: error: 'CALayer' is unavailable in watchOS
extension CALayer {
          ^~~~~~~
/Applications/Xcode-16.3.0.app/Contents/Developer/Platforms/WatchOS.platform/Developer/SDKs/WatchOS11.4.sdk/System/Library/Frameworks/QuartzCore.framework/Headers/CALayer.h:86:12: note: 'CALayer' has been explicitly marked unavailable here
@interface CALayer : NSObject <NSSecureCoding, CAMediaTiming>
           ^
/Users/admin/builder/spi-builder-workspace/Source/SwiftUIInspector/Extensions.swift:150:11: error: cannot find type 'UIImageView' in scope
extension UIImageView {
          ^~~~~~~~~~~
/Users/admin/builder/spi-builder-workspace/Source/SwiftUIInspector/Extensions.swift:436:11: error: cannot find type 'UIGestureRecognizer' in scope
extension UIGestureRecognizer.State {
          ^~~~~~~~~~~~~~~~~~~
/Users/admin/builder/spi-builder-workspace/Source/SwiftUIInspector/Extensions.swift:461:11: error: cannot find type 'UIView' in scope
extension UIView {
          ^~~~~~
/Applications/Xcode-16.3.0.app/Contents/Developer/Platforms/WatchOS.platform/Developer/SDKs/WatchOS11.4.sdk/System/Library/Frameworks/UIKit.framework/Headers/NSTextAttachment.h:23:1: note: interface 'UIView' forward declared here
@class UIView;
^
/Users/admin/builder/spi-builder-workspace/Source/SwiftUIInspector/Inspector.swift:6:20: error: cannot find type 'UIView' in scope
        private let view: UIView?
                          ^~~~~~
/Applications/Xcode-16.3.0.app/Contents/Developer/Platforms/WatchOS.platform/Developer/SDKs/WatchOS11.4.sdk/System/Library/Frameworks/UIKit.framework/Headers/NSTextAttachment.h:23:1: note: interface 'UIView' forward declared here
@class UIView;
^
/Users/admin/builder/spi-builder-workspace/Source/SwiftUIInspector/Inspector.swift:11:13: error: cannot find type 'UIView' in scope
                for view: UIView? = nil,
                          ^~~~~~
/Applications/Xcode-16.3.0.app/Contents/Developer/Platforms/WatchOS.platform/Developer/SDKs/WatchOS11.4.sdk/System/Library/Frameworks/UIKit.framework/Headers/NSTextAttachment.h:23:1: note: interface 'UIView' forward declared here
@class UIView;
^
/Users/admin/builder/spi-builder-workspace/Source/SwiftUIInspector/Inspector.swift:20:34: error: cannot find type 'Context' in scope
        public func makeUIView(context: Context) -> UIInspector {
                                        ^~~~~~~
/Users/admin/builder/spi-builder-workspace/Source/SwiftUIInspector/Inspector.swift:24:59: error: cannot find type 'Context' in scope
        public func updateUIView(_ uiView: UIInspector, context: Context) {
                                                                 ^~~~~~~
/Users/admin/builder/spi-builder-workspace/Source/SwiftUIInspector/Inspector.swift:4:26: error: cannot find type 'UIViewRepresentable' in scope
public struct Inspector: UIViewRepresentable {
                         ^~~~~~~~~~~~~~~~~~~
/Users/admin/builder/spi-builder-workspace/Source/SwiftUIInspector/Inspector.swift:63:40: error: cannot find type 'UIView' in scope
                func makeUIView(context: Context) -> UIView {
                                                     ^~~~~~
/Applications/Xcode-16.3.0.app/Contents/Developer/Platforms/WatchOS.platform/Developer/SDKs/WatchOS11.4.sdk/System/Library/Frameworks/UIKit.framework/Headers/NSTextAttachment.h:23:1: note: interface 'UIView' forward declared here
@class UIView;
^
/Users/admin/builder/spi-builder-workspace/Source/SwiftUIInspector/Inspector.swift:63:28: error: cannot find type 'Context' in scope
                func makeUIView(context: Context) -> UIView {
                                         ^~~~~~~
/Users/admin/builder/spi-builder-workspace/Source/SwiftUIInspector/Inspector.swift:67:31: error: cannot find type 'UIView' in scope
                func updateUIView(_ uiView: UIView, context: Context) {
                                            ^~~~~~
/Applications/Xcode-16.3.0.app/Contents/Developer/Platforms/WatchOS.platform/Developer/SDKs/WatchOS11.4.sdk/System/Library/Frameworks/UIKit.framework/Headers/NSTextAttachment.h:23:1: note: interface 'UIView' forward declared here
@class UIView;
^
/Users/admin/builder/spi-builder-workspace/Source/SwiftUIInspector/Inspector.swift:67:48: error: cannot find type 'Context' in scope
                func updateUIView(_ uiView: UIView, context: Context) {
                                                             ^~~~~~~
/Users/admin/builder/spi-builder-workspace/Source/SwiftUIInspector/Inspector.swift:58:29: error: cannot find type 'UIViewRepresentable' in scope
        private struct Background: UIViewRepresentable {
                                   ^~~~~~~~~~~~~~~~~~~
/Users/admin/builder/spi-builder-workspace/Source/SwiftUIInspector/UIInspector.swift:155:35: error: cannot find 'UIView' in scope
        private lazy var selectionView = UIView()
                                         ^~~~~~
/Applications/Xcode-16.3.0.app/Contents/Developer/Platforms/WatchOS.platform/Developer/SDKs/WatchOS11.4.sdk/System/Library/Frameworks/UIKit.framework/Headers/NSTextAttachment.h:23:1: note: interface 'UIView' forward declared here
@class UIView;
^
/Users/admin/builder/spi-builder-workspace/Source/SwiftUIInspector/UIInspector.swift:175:30: error: cannot find 'UISelectionFeedbackGenerator' in scope
        private lazy var feedback = UISelectionFeedbackGenerator()
                                    ^~~~~~~~~~~~~~~~~~~~~~~~~~~~
/Users/admin/builder/spi-builder-workspace/Source/SwiftUIInspector/UIInspector.swift:176:26: error: cannot find 'UILongPressGestureRecognizer' in scope
        private lazy var drag = UILongPressGestureRecognizer(target: self, action: #selector(handleDrag(_:)))
                                ^~~~~~~~~~~~~~~~~~~~~~~~~~~~
/Users/admin/builder/spi-builder-workspace/Source/SwiftUIInspector/UIInspector.swift:719:43: error: cannot find type 'UILongPressGestureRecognizer' in scope
        @objc private func handleDrag(_ gesture: UILongPressGestureRecognizer) {
                                                 ^~~~~~~~~~~~~~~~~~~~~~~~~~~~
/Users/admin/builder/spi-builder-workspace/Source/SwiftUIInspector/UIInspector.swift:47:41: error: cannot find type 'UIView' in scope
        open private(set) weak var targetView: UIView?
                                               ^~~~~~
/Applications/Xcode-16.3.0.app/Contents/Developer/Platforms/WatchOS.platform/Developer/SDKs/WatchOS11.4.sdk/System/Library/Frameworks/UIKit.framework/Headers/NSTextAttachment.h:23:1: note: interface 'UIView' forward declared here
@class UIView;
^
/Users/admin/builder/spi-builder-workspace/Source/SwiftUIInspector/UIInspector.swift:55:40: error: type 'UIColor' has no member 'systemBlue'
        public static var tintColor = UIColor.systemBlue
                                      ~~~~~~~ ^~~~~~~~~~
/Users/admin/builder/spi-builder-workspace/Source/SwiftUIInspector/UIInspector.swift:70:30: error: 'CALayer' is unavailable in watchOS
        public var customInfoView: (CALayer) -> AnyView = { _ in AnyView(EmptyView()) }
                                    ^~~~~~~
/Applications/Xcode-16.3.0.app/Contents/Developer/Platforms/WatchOS.platform/Developer/SDKs/WatchOS11.4.sdk/System/Library/Frameworks/QuartzCore.framework/Headers/CALayer.h:86:12: note: 'CALayer' has been explicitly marked unavailable here
@interface CALayer : NSObject <NSSecureCoding, CAMediaTiming>
           ^
/Users/admin/builder/spi-builder-workspace/Source/SwiftUIInspector/UIInspector.swift:166:31: error: cannot find 'UIView' in scope
        private let edgesContainer = UIView()
                                     ^~~~~~
/Applications/Xcode-16.3.0.app/Contents/Developer/Platforms/WatchOS.platform/Developer/SDKs/WatchOS11.4.sdk/System/Library/Frameworks/UIKit.framework/Headers/NSTextAttachment.h:23:1: note: interface 'UIView' forward declared here
@class UIView;
^
/Users/admin/builder/spi-builder-workspace/Source/SwiftUIInspector/UIInspector.swift:149:45: error: missing argument for parameter 'frame' in call
        private let background = UISceneBackground()
                                                   ^
                                                   frame: <#CGRect#>
/Users/admin/builder/spi-builder-workspace/Source/SwiftUIInspector/Views/UISceneBackground.swift:9:11: note: 'init(frame:)' declared here
        override init(frame: CGRect) {
                 ^
/Users/admin/builder/spi-builder-workspace/Source/SwiftUIInspector/UIInspector.swift:150:23: error: cannot find 'UIScrollView' in scope
        private let scroll = UIScrollView()
                             ^~~~~~~~~~~~
/Users/admin/builder/spi-builder-workspace/Source/SwiftUIInspector/UIInspector.swift:151:26: error: cannot find 'UIView' in scope
        private let container = UIView()
                                ^~~~~~
/Applications/Xcode-16.3.0.app/Contents/Developer/Platforms/WatchOS.platform/Developer/SDKs/WatchOS11.4.sdk/System/Library/Frameworks/UIKit.framework/Headers/NSTextAttachment.h:23:1: note: interface 'UIView' forward declared here
@class UIView;
^
/Users/admin/builder/spi-builder-workspace/Source/SwiftUIInspector/UIInspector.swift:152:25: error: cannot find 'UIImageView' in scope
        private let snapshot = UIImageView()
                               ^~~~~~~~~~~
/Users/admin/builder/spi-builder-workspace/Source/SwiftUIInspector/UIInspector.swift:158:30: error: cannot find 'UIView' in scope
        private let animationView = UIView()
                                    ^~~~~~
/Applications/Xcode-16.3.0.app/Contents/Developer/Platforms/WatchOS.platform/Developer/SDKs/WatchOS11.4.sdk/System/Library/Frameworks/UIKit.framework/Headers/NSTextAttachment.h:23:1: note: interface 'UIView' forward declared here
@class UIView;
^
/Users/admin/builder/spi-builder-workspace/Source/SwiftUIInspector/UIInspector.swift:160:34: error: 'CALayer' is unavailable in watchOS
        private var highlightedLayers: [CALayer: UIColor] = [:]
                                        ^~~~~~~
/Applications/Xcode-16.3.0.app/Contents/Developer/Platforms/WatchOS.platform/Developer/SDKs/WatchOS11.4.sdk/System/Library/Frameworks/QuartzCore.framework/Headers/CALayer.h:86:12: note: 'CALayer' has been explicitly marked unavailable here
@interface CALayer : NSObject <NSSecureCoding, CAMediaTiming>
           ^
/Users/admin/builder/spi-builder-workspace/Source/SwiftUIInspector/UIInspector.swift:164:30: error: 'CALayer' is unavailable in watchOS
        private var rectsBySource: [CALayer: UIViewInspectorItem] = [:]
                                    ^~~~~~~
/Applications/Xcode-16.3.0.app/Contents/Developer/Platforms/WatchOS.platform/Developer/SDKs/WatchOS11.4.sdk/System/Library/Frameworks/QuartzCore.framework/Headers/CALayer.h:86:12: note: 'CALayer' has been explicitly marked unavailable here
@interface CALayer : NSObject <NSSecureCoding, CAMediaTiming>
           ^
/Users/admin/builder/spi-builder-workspace/Source/SwiftUIInspector/UIInspector.swift:167:41: error: cannot find 'UIScreen' in scope
        private let edgeWidth: CGFloat = 2.0 / UIScreen.main.scale
                                               ^~~~~~~~
/Users/admin/builder/spi-builder-workspace/Source/SwiftUIInspector/UIInspector.swift:168:32: error: type 'UIEdgeLine' does not conform to protocol 'Hashable'
        private var highlightedEdges: Set<UIEdgeLine> = []
                                      ^
/Users/admin/builder/spi-builder-workspace/Source/SwiftUIInspector/UIInspector.swift:171:33: error: cannot find type 'UIView' in scope
        private weak var draggingView: UIView?
                                       ^~~~~~
/Applications/Xcode-16.3.0.app/Contents/Developer/Platforms/WatchOS.platform/Developer/SDKs/WatchOS11.4.sdk/System/Library/Frameworks/UIKit.framework/Headers/NSTextAttachment.h:23:1: note: interface 'UIView' forward declared here
@class UIView;
^
/Users/admin/builder/spi-builder-workspace/Source/SwiftUIInspector/UIInspector.swift:234:21: error: method does not override any method from its superclass
        override open func didMoveToWindow() {
        ~~~~~~~~           ^
/Users/admin/builder/spi-builder-workspace/Source/SwiftUIInspector/UIInspector.swift:240:21: error: method does not override any method from its superclass
        override open func tintColorDidChange() {
        ~~~~~~~~           ^
/Users/admin/builder/spi-builder-workspace/Source/SwiftUIInspector/UIInspector.swift:258:26: error: cannot find type 'UIView' in scope
        open func inspect(view: UIView, at rect: CGRect? = nil) {
                                ^~~~~~
/Applications/Xcode-16.3.0.app/Contents/Developer/Platforms/WatchOS.platform/Developer/SDKs/WatchOS11.4.sdk/System/Library/Frameworks/UIKit.framework/Headers/NSTextAttachment.h:23:1: note: interface 'UIView' forward declared here
@class UIView;
^
/Users/admin/builder/spi-builder-workspace/Source/SwiftUIInspector/UIInspector.swift:281:28: error: cannot find type 'UIView' in scope
        open func highlight(view: UIView, with color: UIColor? = nil) {
                                  ^~~~~~
/Applications/Xcode-16.3.0.app/Contents/Developer/Platforms/WatchOS.platform/Developer/SDKs/WatchOS11.4.sdk/System/Library/Frameworks/UIKit.framework/Headers/NSTextAttachment.h:23:1: note: interface 'UIView' forward declared here
@class UIView;
^
/Users/admin/builder/spi-builder-workspace/Source/SwiftUIInspector/UIInspector.swift:285:29: error: 'CALayer' is unavailable in watchOS
        open func highlight(layer: CALayer, with color: UIColor? = nil) {
                                   ^~~~~~~
/Applications/Xcode-16.3.0.app/Contents/Developer/Platforms/WatchOS.platform/Developer/SDKs/WatchOS11.4.sdk/System/Library/Frameworks/QuartzCore.framework/Headers/CALayer.h:86:12: note: 'CALayer' has been explicitly marked unavailable here
@interface CALayer : NSObject <NSSecureCoding, CAMediaTiming>
           ^
/Users/admin/builder/spi-builder-workspace/Source/SwiftUIInspector/UIInspector.swift:294:30: error: cannot find type 'UIView' in scope
        open func unhighlight(view: UIView? = nil) {
                                    ^~~~~~
/Applications/Xcode-16.3.0.app/Contents/Developer/Platforms/WatchOS.platform/Developer/SDKs/WatchOS11.4.sdk/System/Library/Frameworks/UIKit.framework/Headers/NSTextAttachment.h:23:1: note: interface 'UIView' forward declared here
@class UIView;
^
/Users/admin/builder/spi-builder-workspace/Source/SwiftUIInspector/UIInspector.swift:302:31: error: 'CALayer' is unavailable in watchOS
        open func unhighlight(layer: CALayer?) {
                                     ^~~~~~~
/Applications/Xcode-16.3.0.app/Contents/Developer/Platforms/WatchOS.platform/Developer/SDKs/WatchOS11.4.sdk/System/Library/Frameworks/QuartzCore.framework/Headers/CALayer.h:86:12: note: 'CALayer' has been explicitly marked unavailable here
@interface CALayer : NSObject <NSSecureCoding, CAMediaTiming>
           ^
/Users/admin/builder/spi-builder-workspace/Source/SwiftUIInspector/UIInspector.swift:316:21: error: method does not override any method from its superclass
        override open func layoutSubviews() {
        ~~~~~~~~           ^
/Users/admin/builder/spi-builder-workspace/Source/SwiftUIInspector/UIInspector.swift:44:25: error: cannot find type 'UIView' in scope
open class UIInspector: UIView {
                        ^~~~~~
/Applications/Xcode-16.3.0.app/Contents/Developer/Platforms/WatchOS.platform/Developer/SDKs/WatchOS11.4.sdk/System/Library/Frameworks/UIKit.framework/Headers/NSTextAttachment.h:23:1: note: interface 'UIView' forward declared here
@class UIView;
^
/Users/admin/builder/spi-builder-workspace/Source/SwiftUIInspector/UIInspector.swift:327:24: error: cannot find type 'UIScrollViewDelegate' in scope
extension UIInspector: UIScrollViewDelegate {
                       ^~~~~~~~~~~~~~~~~~~~
/Users/admin/builder/spi-builder-workspace/Source/SwiftUIInspector/UIInspector.swift:329:59: error: cannot find type 'UIView' in scope
        open func viewForZooming(in scrollView: UIScrollView) -> UIView? {
                                                                 ^~~~~~
/Applications/Xcode-16.3.0.app/Contents/Developer/Platforms/WatchOS.platform/Developer/SDKs/WatchOS11.4.sdk/System/Library/Frameworks/UIKit.framework/Headers/NSTextAttachment.h:23:1: note: interface 'UIView' forward declared here
@class UIView;
^
/Users/admin/builder/spi-builder-workspace/Source/SwiftUIInspector/UIInspector.swift:329:42: error: cannot find type 'UIScrollView' in scope
        open func viewForZooming(in scrollView: UIScrollView) -> UIView? {
                                                ^~~~~~~~~~~~
/Users/admin/builder/spi-builder-workspace/Source/SwiftUIInspector/UIInspector.swift:329:2: warning: non-'@objc' instance method in extensions cannot be overridden; use 'public' instead
        open func viewForZooming(in scrollView: UIScrollView) -> UIView? {
        ^~~~
        public
/Users/admin/builder/spi-builder-workspace/Source/SwiftUIInspector/UIInspector.swift:333:44: error: cannot find type 'UIScrollView' in scope
        open func scrollViewDidZoom(_ scrollView: UIScrollView) {
                                                  ^~~~~~~~~~~~
/Users/admin/builder/spi-builder-workspace/Source/SwiftUIInspector/UIInspector.swift:333:2: warning: non-'@objc' instance method in extensions cannot be overridden; use 'public' instead
        open func scrollViewDidZoom(_ scrollView: UIScrollView) {
        ^~~~
        public
/Users/admin/builder/spi-builder-workspace/Source/SwiftUIInspector/UIInspector.swift:339:46: error: cannot find type 'UIScrollView' in scope
        open func scrollViewDidScroll(_ scrollView: UIScrollView) {
                                                    ^~~~~~~~~~~~
/Users/admin/builder/spi-builder-workspace/Source/SwiftUIInspector/UIInspector.swift:339:2: warning: non-'@objc' instance method in extensions cannot be overridden; use 'public' instead
        open func scrollViewDidScroll(_ scrollView: UIScrollView) {
        ^~~~
        public
/Users/admin/builder/spi-builder-workspace/Source/SwiftUIInspector/UIInspector.swift:426:43: error: cannot find type 'UIView' in scope
        func viewForSnapshot(of view: UIView) -> UIView {
                                                 ^~~~~~
/Applications/Xcode-16.3.0.app/Contents/Developer/Platforms/WatchOS.platform/Developer/SDKs/WatchOS11.4.sdk/System/Library/Frameworks/UIKit.framework/Headers/NSTextAttachment.h:23:1: note: interface 'UIView' forward declared here
@class UIView;
^
/Users/admin/builder/spi-builder-workspace/Source/SwiftUIInspector/UIInspector.swift:426:32: error: cannot find type 'UIView' in scope
        func viewForSnapshot(of view: UIView) -> UIView {
                                      ^~~~~~
/Applications/Xcode-16.3.0.app/Contents/Developer/Platforms/WatchOS.platform/Developer/SDKs/WatchOS11.4.sdk/System/Library/Frameworks/UIKit.framework/Headers/NSTextAttachment.h:23:1: note: interface 'UIView' forward declared here
@class UIView;
^
/Users/admin/builder/spi-builder-workspace/Source/SwiftUIInspector/UIInspector.swift:556:25: error: cannot find type 'UIView' in scope
        func isVisible(_ view: UIView) -> Bool {
                               ^~~~~~
/Applications/Xcode-16.3.0.app/Contents/Developer/Platforms/WatchOS.platform/Developer/SDKs/WatchOS11.4.sdk/System/Library/Frameworks/UIKit.framework/Headers/NSTextAttachment.h:23:1: note: interface 'UIView' forward declared here
@class UIView;
^
/Users/admin/builder/spi-builder-workspace/Source/SwiftUIInspector/UIInspector.swift:561:27: error: 'CALayer' is unavailable in watchOS
        func insideRect(_ layer: CALayer, targetLayer: CALayer) -> Bool {
                                 ^~~~~~~
/Applications/Xcode-16.3.0.app/Contents/Developer/Platforms/WatchOS.platform/Developer/SDKs/WatchOS11.4.sdk/System/Library/Frameworks/QuartzCore.framework/Headers/CALayer.h:86:12: note: 'CALayer' has been explicitly marked unavailable here
@interface CALayer : NSObject <NSSecureCoding, CAMediaTiming>
           ^
/Users/admin/builder/spi-builder-workspace/Source/SwiftUIInspector/UIInspector.swift:561:49: error: 'CALayer' is unavailable in watchOS
        func insideRect(_ layer: CALayer, targetLayer: CALayer) -> Bool {
                                                       ^~~~~~~
/Applications/Xcode-16.3.0.app/Contents/Developer/Platforms/WatchOS.platform/Developer/SDKs/WatchOS11.4.sdk/System/Library/Frameworks/QuartzCore.framework/Headers/CALayer.h:86:12: note: 'CALayer' has been explicitly marked unavailable here
@interface CALayer : NSObject <NSSecureCoding, CAMediaTiming>
           ^
/Users/admin/builder/spi-builder-workspace/Source/SwiftUIInspector/UIInspector.swift:617:21: error: method cannot be marked @objc because the type of the parameter cannot be represented in Objective-C
        @objc private func handleTap(_ gesture: JustTapGesture) {
                           ^
/Users/admin/builder/spi-builder-workspace/Source/SwiftUIInspector/UIInspector.swift:617:42: note: classes not annotated with @objc cannot be represented in Objective-C
        @objc private func handleTap(_ gesture: JustTapGesture) {
                                                ^~~~~~~~~~~~~~
/Users/admin/builder/spi-builder-workspace/Source/SwiftUIInspector/UIInspector.swift:667:61: error: cannot find type 'UIHostingController' in scope
private final class DeinitHostingController<Content: View>: UIHostingController<Content> {
                                                            ^~~~~~~~~~~~~~~~~~~
/Users/admin/builder/spi-builder-workspace/Source/SwiftUIInspector/UIInspector.swift:676:24: error: cannot find type 'UIGestureRecognizerDelegate' in scope
extension UIInspector: UIGestureRecognizerDelegate {
                       ^~~~~~~~~~~~~~~~~~~~~~~~~~~
/Users/admin/builder/spi-builder-workspace/Source/SwiftUIInspector/UIInspector.swift:679:24: error: cannot find type 'UIGestureRecognizer' in scope
                _ gestureRecognizer: UIGestureRecognizer,
                                     ^~~~~~~~~~~~~~~~~~~
/Users/admin/builder/spi-builder-workspace/Source/SwiftUIInspector/UIInspector.swift:680:61: error: cannot find type 'UIGestureRecognizer' in scope
                shouldRecognizeSimultaneouslyWith otherGestureRecognizer: UIGestureRecognizer
                                                                          ^~~~~~~~~~~~~~~~~~~
/Users/admin/builder/spi-builder-workspace/Source/SwiftUIInspector/UIInspector.swift:685:73: error: cannot find type 'UIGestureRecognizer' in scope
        override public func gestureRecognizerShouldBegin(_ gestureRecognizer: UIGestureRecognizer) -> Bool {
                                                                               ^~~~~~~~~~~~~~~~~~~
/Users/admin/builder/spi-builder-workspace/Source/SwiftUIInspector/UIInspector.swift:778:14: error: cannot find type 'UILongPressGestureRecognizer' in scope
                _ gesture: UILongPressGestureRecognizer,
                           ^~~~~~~~~~~~~~~~~~~~~~~~~~~~
/Users/admin/builder/spi-builder-workspace/Source/SwiftUIInspector/UIInspector.swift:950:42: error: cannot find type 'UIView' in scope
        var viewsToDisableDuringMagnification: [UIView] {
                                                ^~~~~~
/Applications/Xcode-16.3.0.app/Contents/Developer/Platforms/WatchOS.platform/Developer/SDKs/WatchOS11.4.sdk/System/Library/Frameworks/UIKit.framework/Headers/NSTextAttachment.h:23:1: note: interface 'UIView' forward declared here
@class UIView;
^
/Users/admin/builder/spi-builder-workspace/Source/SwiftUIInspector/UIInspector.swift:1029:27: error: cannot find type 'UIView' in scope
        func setShadow(for view: UIView) {
                                 ^~~~~~
/Applications/Xcode-16.3.0.app/Contents/Developer/Platforms/WatchOS.platform/Developer/SDKs/WatchOS11.4.sdk/System/Library/Frameworks/UIKit.framework/Headers/NSTextAttachment.h:23:1: note: interface 'UIView' forward declared here
@class UIView;
^
/Users/admin/builder/spi-builder-workspace/Source/SwiftUIInspector/UIInspectorController.swift:71:39: error: cannot find type 'UIView' in scope
        public static func present(for view: UIView? = nil, at globalRect: CGRect? = nil, configure: @escaping (UIInspector) -> Void = { _ in }) -> UIInspectorController? {
                                             ^~~~~~
/Applications/Xcode-16.3.0.app/Contents/Developer/Platforms/WatchOS.platform/Developer/SDKs/WatchOS11.4.sdk/System/Library/Frameworks/UIKit.framework/Headers/NSTextAttachment.h:23:1: note: interface 'UIView' forward declared here
@class UIView;
^
/Users/admin/builder/spi-builder-workspace/Source/SwiftUIInspector/UIInspectorController.swift:102:23: error: method does not override any method from its superclass
        override public func loadView() {
        ~~~~~~~~             ^
/Users/admin/builder/spi-builder-workspace/Source/SwiftUIInspector/UIInspectorController.swift:120:23: error: method does not override any method from its superclass
        override public func viewDidLoad() {
        ~~~~~~~~             ^
/Users/admin/builder/spi-builder-workspace/Source/SwiftUIInspector/UIInspectorController.swift:127:23: error: method does not override any method from its superclass
        public override func viewDidDisappear(_ animated: Bool) {
               ~~~~~~~~      ^
/Users/admin/builder/spi-builder-workspace/Source/SwiftUIInspector/UIInspectorController.swift:137:28: error: cannot find type 'UIView' in scope
        public func inspect(view: UIView, at rect: CGRect? = nil) {
                                  ^~~~~~
/Applications/Xcode-16.3.0.app/Contents/Developer/Platforms/WatchOS.platform/Developer/SDKs/WatchOS11.4.sdk/System/Library/Frameworks/UIKit.framework/Headers/NSTextAttachment.h:23:1: note: interface 'UIView' forward declared here
@class UIView;
^
/Users/admin/builder/spi-builder-workspace/Source/SwiftUIInspector/UIInspectorController.swift:58:43: error: cannot find type 'UIViewController' in scope
public final class UIInspectorController: UIViewController {
                                          ^~~~~~~~~~~~~~~~
/Users/admin/builder/spi-builder-workspace/Source/SwiftUIInspector/UIInspectorIgnorable.swift:9:11: error: cannot find type 'UIView' in scope
extension UIView {
          ^~~~~~
/Applications/Xcode-16.3.0.app/Contents/Developer/Platforms/WatchOS.platform/Developer/SDKs/WatchOS11.4.sdk/System/Library/Frameworks/UIKit.framework/Headers/NSTextAttachment.h:23:1: note: interface 'UIView' forward declared here
@class UIView;
^
/Users/admin/builder/spi-builder-workspace/Source/SwiftUIInspector/UIInspectorIgnorable.swift:19:11: error: cannot find type 'CALayer' in scope
extension CALayer {
          ^~~~~~~
/Users/admin/builder/spi-builder-workspace/Source/SwiftUIInspector/UIInspectorIgnorable.swift:26:26: error: cannot find type 'UIView' in scope
final class IgnoredView: UIView, UIInspectorIgnorable {
                         ^~~~~~
/Applications/Xcode-16.3.0.app/Contents/Developer/Platforms/WatchOS.platform/Developer/SDKs/WatchOS11.4.sdk/System/Library/Frameworks/UIKit.framework/Headers/NSTextAttachment.h:23:1: note: interface 'UIView' forward declared here
@class UIView;
^
/Users/admin/builder/spi-builder-workspace/Source/SwiftUIInspector/UIInspectorInfoConvertable.swift:16:18: error: 'CALayer' is unavailable in watchOS
public extension CALayer {
                 ^~~~~~~
/Applications/Xcode-16.3.0.app/Contents/Developer/Platforms/WatchOS.platform/Developer/SDKs/WatchOS11.4.sdk/System/Library/Frameworks/QuartzCore.framework/Headers/CALayer.h:86:12: note: 'CALayer' has been explicitly marked unavailable here
@interface CALayer : NSObject <NSSecureCoding, CAMediaTiming>
           ^
/Users/admin/builder/spi-builder-workspace/Source/SwiftUIInspector/UIInspectorInfoConvertable.swift:96:18: error: cannot find type 'UIView' in scope
public extension UIView {
                 ^~~~~~
/Applications/Xcode-16.3.0.app/Contents/Developer/Platforms/WatchOS.platform/Developer/SDKs/WatchOS11.4.sdk/System/Library/Frameworks/UIKit.framework/Headers/NSTextAttachment.h:23:1: note: interface 'UIView' forward declared here
@class UIView;
^
/Users/admin/builder/spi-builder-workspace/Source/SwiftUIInspector/UIInspectorInfoConvertable.swift:155:11: error: cannot find type 'UILabel' in scope
extension UILabel: UIInspectorInfoConvertable {
          ^~~~~~~
/Users/admin/builder/spi-builder-workspace/Source/SwiftUIInspector/UIInspectorInfoConvertable.swift:172:11: error: cannot find type 'UIButton' in scope
extension UIButton: UIInspectorInfoConvertable {
          ^~~~~~~~
/Users/admin/builder/spi-builder-workspace/Source/SwiftUIInspector/UIInspectorInfoConvertable.swift:188:11: error: cannot find type 'UIImageView' in scope
extension UIImageView: UIInspectorInfoConvertable {
          ^~~~~~~~~~~
/Users/admin/builder/spi-builder-workspace/Source/SwiftUIInspector/UIInspectorInfoConvertable.swift:213:11: error: cannot find type 'UITextField' in scope
extension UITextField: UIInspectorInfoConvertable {
          ^~~~~~~~~~~
/Users/admin/builder/spi-builder-workspace/Source/SwiftUIInspector/UIInspectorInfoConvertable.swift:234:11: error: cannot find type 'UITextView' in scope
extension UITextView: UIInspectorInfoConvertable {
          ^~~~~~~~~~
/Users/admin/builder/spi-builder-workspace/Source/SwiftUIInspector/UIInspectorInfoConvertable.swift:253:11: error: cannot find type 'UISwitch' in scope
extension UISwitch: UIInspectorInfoConvertable {
          ^~~~~~~~
/Users/admin/builder/spi-builder-workspace/Source/SwiftUIInspector/UIInspectorInfoConvertable.swift:266:11: error: cannot find type 'UISlider' in scope
extension UISlider: UIInspectorInfoConvertable {
          ^~~~~~~~
/Users/admin/builder/spi-builder-workspace/Source/SwiftUIInspector/UIInspectorInfoConvertable.swift:283:11: error: cannot find type 'UIProgressView' in scope
extension UIProgressView: UIInspectorInfoConvertable {
          ^~~~~~~~~~~~~~
/Users/admin/builder/spi-builder-workspace/Source/SwiftUIInspector/UIInspectorInfoConvertable.swift:297:11: error: cannot find type 'UISegmentedControl' in scope
extension UISegmentedControl: UIInspectorInfoConvertable {
          ^~~~~~~~~~~~~~~~~~
/Users/admin/builder/spi-builder-workspace/Source/SwiftUIInspector/UIInspectorInfoConvertable.swift:321:11: error: cannot find type 'UITableView' in scope
extension UITableView: UIInspectorInfoConvertable {
          ^~~~~~~~~~~
/Users/admin/builder/spi-builder-workspace/Source/SwiftUIInspector/UIInspectorInfoConvertable.swift:341:11: error: cannot find type 'UICollectionView' in scope
extension UICollectionView: UIInspectorInfoConvertable {
          ^~~~~~~~~~~~~~~~
/Users/admin/builder/spi-builder-workspace/Source/SwiftUIInspector/UIInspectorInfoConvertable.swift:357:11: error: cannot find type 'UIStackView' in scope
extension UIStackView: UIInspectorInfoConvertable {
          ^~~~~~~~~~~
/Users/admin/builder/spi-builder-workspace/Source/SwiftUIInspector/UIInspectorInfoConvertable.swift:374:18: error: cannot find type 'UIScrollView' in scope
public extension UIScrollView {
                 ^~~~~~~~~~~~
/Users/admin/builder/spi-builder-workspace/Source/SwiftUIInspector/UIInspectorInfoConvertable.swift:396:18: error: cannot find type 'UIControl' in scope
public extension UIControl {
                 ^~~~~~~~~
/Users/admin/builder/spi-builder-workspace/Source/SwiftUIInspector/UIInspectorStringConvertible.swift:43:11: error: 'CATransform3D' is unavailable in watchOS
extension CATransform3D: UIInspectorStringConvertible {
          ^~~~~~~~~~~~~
/Applications/Xcode-16.3.0.app/Contents/Developer/Platforms/WatchOS.platform/Developer/SDKs/WatchOS11.4.sdk/System/Library/Frameworks/QuartzCore.framework/Headers/CATransform3D.h:17:8: note: 'CATransform3D' has been explicitly marked unavailable here
struct CATransform3D
       ^
/Users/admin/builder/spi-builder-workspace/Source/SwiftUIInspector/UIInspectorStringConvertible.swift:89:11: error: 'CALayerCornerCurve' is unavailable in watchOS
extension CALayerCornerCurve: UIInspectorStringConvertible {
          ^~~~~~~~~~~~~~~~~~
/Applications/Xcode-16.3.0.app/Contents/Developer/Platforms/WatchOS.platform/Developer/SDKs/WatchOS11.4.sdk/System/Library/Frameworks/QuartzCore.framework/Headers/CALayer.h:26:20: note: 'CALayerCornerCurve' has been explicitly marked unavailable here
typedef NSString * CALayerCornerCurve NS_TYPED_ENUM API_AVAILABLE(macos(10.15), ios(13.0), tvos(13.0)) API_UNAVAILABLE(watchos);
                   ^
/Users/admin/builder/spi-builder-workspace/Source/SwiftUIInspector/UIInspectorStringConvertible.swift:103:11: error: cannot find type 'UIView' in scope
extension UIView.ContentMode: UIInspectorStringConvertible {
          ^~~~~~
/Applications/Xcode-16.3.0.app/Contents/Developer/Platforms/WatchOS.platform/Developer/SDKs/WatchOS11.4.sdk/System/Library/Frameworks/UIKit.framework/Headers/NSTextAttachment.h:23:1: note: interface 'UIView' forward declared here
@class UIView;
^
/Users/admin/builder/spi-builder-workspace/Source/SwiftUIInspector/UIInspectorStringConvertible.swift:211:11: error: cannot find type 'UIControl' in scope
extension UIControl.ContentHorizontalAlignment: UIInspectorStringConvertible {
          ^~~~~~~~~
/Users/admin/builder/spi-builder-workspace/Source/SwiftUIInspector/UIInspectorStringConvertible.swift:233:11: error: cannot find type 'UIControl' in scope
extension UIControl.ContentVerticalAlignment: UIInspectorStringConvertible {
          ^~~~~~~~~
/Users/admin/builder/spi-builder-workspace/Source/SwiftUIInspector/UIInspectorStringConvertible.swift:251:11: error: cannot find type 'UIControl' in scope
extension UIControl.State: UIInspectorStringConvertible {
          ^~~~~~~~~
/Users/admin/builder/spi-builder-workspace/Source/SwiftUIInspector/UIInspectorStringConvertible.swift:287:11: error: cannot find type 'UIStackView' in scope
extension UIStackView.Alignment: UIInspectorStringConvertible {
          ^~~~~~~~~~~
/Users/admin/builder/spi-builder-workspace/Source/SwiftUIInspector/UIInspectorStringConvertible.swift:309:11: error: cannot find type 'UIStackView' in scope
extension UIStackView.Distribution: UIInspectorStringConvertible {
          ^~~~~~~~~~~
/Users/admin/builder/spi-builder-workspace/Source/SwiftUIInspector/UIInspectorStringConvertible.swift:329:11: error: cannot find type 'NSLayoutConstraint' in scope
extension NSLayoutConstraint.Axis: UIInspectorStringConvertible {
          ^~~~~~~~~~~~~~~~~~
/Users/admin/builder/spi-builder-workspace/Source/SwiftUIInspector/UIInspectorStringConvertible.swift:344:11: error: 'UIAxis' is only available in watchOS 6.2 or newer
extension UIAxis: UIInspectorStringConvertible {
          ^
/Users/admin/builder/spi-builder-workspace/Source/SwiftUIInspector/UIInspectorStringConvertible.swift:344:1: note: add @available attribute to enclosing extension
extension UIAxis: UIInspectorStringConvertible {
^
/Users/admin/builder/spi-builder-workspace/Source/SwiftUIInspector/UIInspectorStringConvertible.swift:358:11: error: cannot find type 'UITextField' in scope
extension UITextField.BorderStyle: UIInspectorStringConvertible {
          ^~~~~~~~~~~
/Users/admin/builder/spi-builder-workspace/Source/SwiftUIInspector/UIInspectorStringConvertible.swift:376:11: error: cannot find type 'UIKeyboardType' in scope
extension UIKeyboardType: UIInspectorStringConvertible {
          ^~~~~~~~~~~~~~
/Users/admin/builder/spi-builder-workspace/Source/SwiftUIInspector/UIInspectorStringConvertible.swift:410:11: error: cannot find type 'UITextField' in scope
extension UITextField.ViewMode: UIInspectorStringConvertible {
          ^~~~~~~~~~~
/Users/admin/builder/spi-builder-workspace/Source/SwiftUIInspector/Views/JustTapGesture.swift:3:29: error: cannot find type 'UIGestureRecognizer' in scope
final class JustTapGesture: UIGestureRecognizer, UIGestureRecognizerDelegate {
                            ^~~~~~~~~~~~~~~~~~~
/Users/admin/builder/spi-builder-workspace/Source/SwiftUIInspector/Views/JustTapGesture.swift:3:50: error: cannot find type 'UIGestureRecognizerDelegate' in scope
final class JustTapGesture: UIGestureRecognizer, UIGestureRecognizerDelegate {
                                                 ^~~~~~~~~~~~~~~~~~~~~~~~~~~
/Users/admin/builder/spi-builder-workspace/Source/SwiftUIInspector/Views/JustTapGesture.swift:9:11: error: initializer does not override a designated initializer from its superclass
        override init(target: Any?, action: Selector?) {
        ~~~~~~~~ ^
/Users/admin/builder/spi-builder-workspace/Source/SwiftUIInspector/Views/JustTapGesture.swift:14:44: error: cannot find type 'UITouch' in scope
        override func touchesBegan(_ touches: Set<UITouch>, with event: UIEvent) {
                                                  ^~~~~~~
/Users/admin/builder/spi-builder-workspace/Source/SwiftUIInspector/Views/JustTapGesture.swift:14:66: error: cannot find type 'UIEvent' in scope
        override func touchesBegan(_ touches: Set<UITouch>, with event: UIEvent) {
                                                                        ^~~~~~~
/Users/admin/builder/spi-builder-workspace/Source/SwiftUIInspector/Views/JustTapGesture.swift:24:44: error: cannot find type 'UITouch' in scope
        override func touchesMoved(_ touches: Set<UITouch>, with event: UIEvent) {
                                                  ^~~~~~~
/Users/admin/builder/spi-builder-workspace/Source/SwiftUIInspector/Views/JustTapGesture.swift:24:66: error: cannot find type 'UIEvent' in scope
        override func touchesMoved(_ touches: Set<UITouch>, with event: UIEvent) {
                                                                        ^~~~~~~
/Users/admin/builder/spi-builder-workspace/Source/SwiftUIInspector/Views/JustTapGesture.swift:35:44: error: cannot find type 'UITouch' in scope
        override func touchesEnded(_ touches: Set<UITouch>, with event: UIEvent) {
                                                  ^~~~~~~
/Users/admin/builder/spi-builder-workspace/Source/SwiftUIInspector/Views/JustTapGesture.swift:35:66: error: cannot find type 'UIEvent' in scope
        override func touchesEnded(_ touches: Set<UITouch>, with event: UIEvent) {
                                                                        ^~~~~~~
/Users/admin/builder/spi-builder-workspace/Source/SwiftUIInspector/Views/JustTapGesture.swift:44:48: error: cannot find type 'UITouch' in scope
        override func touchesCancelled(_ touches: Set<UITouch>, with event: UIEvent) {
                                                      ^~~~~~~
/Users/admin/builder/spi-builder-workspace/Source/SwiftUIInspector/Views/JustTapGesture.swift:44:70: error: cannot find type 'UIEvent' in scope
        override func touchesCancelled(_ touches: Set<UITouch>, with event: UIEvent) {
                                                                            ^~~~~~~
/Users/admin/builder/spi-builder-workspace/Source/SwiftUIInspector/Views/JustTapGesture.swift:49:16: error: method does not override any method from its superclass
        override func reset() {
        ~~~~~~~~      ^
/Users/admin/builder/spi-builder-workspace/Source/SwiftUIInspector/Views/JustTapGesture.swift:53:46: error: cannot find type 'UIGestureRecognizer' in scope
        func gestureRecognizer(_ gestureRecognizer: UIGestureRecognizer, shouldRecognizeSimultaneouslyWith otherGestureRecognizer: UIGestureRecognizer) -> Bool {
                                                    ^~~~~~~~~~~~~~~~~~~
/Users/admin/builder/spi-builder-workspace/Source/SwiftUIInspector/Views/JustTapGesture.swift:53:125: error: cannot find type 'UIGestureRecognizer' in scope
        func gestureRecognizer(_ gestureRecognizer: UIGestureRecognizer, shouldRecognizeSimultaneouslyWith otherGestureRecognizer: UIGestureRecognizer) -> Bool {
                                                                                                                                   ^~~~~~~~~~~~~~~~~~~
/Users/admin/builder/spi-builder-workspace/Source/SwiftUIInspector/Views/UIColorPipette.swift:3:29: error: cannot find type 'UIView' in scope
final class UIColorPipette: UIView {
                            ^~~~~~
/Applications/Xcode-16.3.0.app/Contents/Developer/Platforms/WatchOS.platform/Developer/SDKs/WatchOS11.4.sdk/System/Library/Frameworks/UIKit.framework/Headers/NSTextAttachment.h:23:1: note: interface 'UIView' forward declared here
@class UIView;
^
/Users/admin/builder/spi-builder-workspace/Source/SwiftUIInspector/Views/UIColorPipette.swift:6:26: error: cannot find 'UIView' in scope
        private let colorView = UIView()
                                ^~~~~~
/Applications/Xcode-16.3.0.app/Contents/Developer/Platforms/WatchOS.platform/Developer/SDKs/WatchOS11.4.sdk/System/Library/Frameworks/UIKit.framework/Headers/NSTextAttachment.h:23:1: note: interface 'UIView' forward declared here
@class UIView;
^
/Users/admin/builder/spi-builder-workspace/Source/SwiftUIInspector/Views/UIColorPipette.swift:7:22: error: cannot find 'UILabel' in scope
        private let label = UILabel()
                            ^~~~~~~
/Users/admin/builder/spi-builder-workspace/Source/SwiftUIInspector/Views/UIColorPipette.swift:29:15: error: property does not override any property from its superclass
        override var intrinsicContentSize: CGSize {
        ~~~~~~~~     ^
/Users/admin/builder/spi-builder-workspace/Source/SwiftUIInspector/Views/UIColorPipette.swift:52:16: error: method does not override any method from its superclass
        override func layoutSubviews() {
        ~~~~~~~~      ^
/Users/admin/builder/spi-builder-workspace/Source/SwiftUIInspector/Views/UIEdgeLine.swift:3:25: error: cannot find type 'UIView' in scope
final class UIEdgeLine: UIView {
                        ^~~~~~
/Applications/Xcode-16.3.0.app/Contents/Developer/Platforms/WatchOS.platform/Developer/SDKs/WatchOS11.4.sdk/System/Library/Frameworks/UIKit.framework/Headers/NSTextAttachment.h:23:1: note: interface 'UIView' forward declared here
@class UIView;
^
/Users/admin/builder/spi-builder-workspace/Source/SwiftUIInspector/Views/UIInspector3D.swift:5:28: error: cannot find type 'UIView' in scope
final class UIInspector3D: UIView {
                           ^~~~~~
/Applications/Xcode-16.3.0.app/Contents/Developer/Platforms/WatchOS.platform/Developer/SDKs/WatchOS11.4.sdk/System/Library/Frameworks/UIKit.framework/Headers/NSTextAttachment.h:23:1: note: interface 'UIView' forward declared here
@class UIView;
^
/Users/admin/builder/spi-builder-workspace/Source/SwiftUIInspector/Views/UIInspector3D.swift:9:26: error: cannot find 'SCNView' in scope
        private let sceneView = SCNView()
                                ^~~~~~~
/Users/admin/builder/spi-builder-workspace/Source/SwiftUIInspector/Views/UIInspector3D.swift:12:39: error: 'CALayer' is unavailable in watchOS
        private(set) var viewNodesBySource: [CALayer: SCNViewRect] = [:]
                                             ^~~~~~~
/Applications/Xcode-16.3.0.app/Contents/Developer/Platforms/WatchOS.platform/Developer/SDKs/WatchOS11.4.sdk/System/Library/Frameworks/QuartzCore.framework/Headers/CALayer.h:86:12: note: 'CALayer' has been explicitly marked unavailable here
@interface CALayer : NSObject <NSSecureCoding, CAMediaTiming>
           ^
/Users/admin/builder/spi-builder-workspace/Source/SwiftUIInspector/Views/UIInspector3D.swift:20:45: error: missing argument for parameter 'frame' in call
        private let background = UISceneBackground()
                                                   ^
                                                   frame: <#CGRect#>
/Users/admin/builder/spi-builder-workspace/Source/SwiftUIInspector/Views/UISceneBackground.swift:9:11: note: 'init(frame:)' declared here
        override init(frame: CGRect) {
                 ^
/Users/admin/builder/spi-builder-workspace/Source/SwiftUIInspector/Views/UIInspector3D.swift:45:16: error: method does not override any method from its superclass
        override func layoutSubviews() {
        ~~~~~~~~      ^
/Users/admin/builder/spi-builder-workspace/Source/SwiftUIInspector/Views/UIInspector3D.swift:51:16: error: method does not override any method from its superclass
        override func tintColorDidChange() {
        ~~~~~~~~      ^
/Users/admin/builder/spi-builder-workspace/Source/SwiftUIInspector/Views/UIInspector3D.swift:357:10: error: 'CAMediaTimingFunctionName' is unavailable in watchOS
                curve: CAMediaTimingFunctionName = .easeInEaseOut,
                       ^~~~~~~~~~~~~~~~~~~~~~~~~
/Applications/Xcode-16.3.0.app/Contents/Developer/Platforms/WatchOS.platform/Developer/SDKs/WatchOS11.4.sdk/System/Library/Frameworks/QuartzCore.framework/Headers/CAMediaTimingFunction.h:15:20: note: 'CAMediaTimingFunctionName' has been explicitly marked unavailable here
typedef NSString * CAMediaTimingFunctionName NS_TYPED_ENUM API_AVAILABLE(macos(10.5), ios(2.0), tvos(9.0)) API_UNAVAILABLE(watchos);
                   ^
/Users/admin/builder/spi-builder-workspace/Source/SwiftUIInspector/Views/UIInspector3D.swift:357:39: error: 'easeInEaseOut' is unavailable in watchOS
                curve: CAMediaTimingFunctionName = .easeInEaseOut,
                                                    ^~~~~~~~~~~~~
/Applications/Xcode-16.3.0.app/Contents/Developer/Platforms/WatchOS.platform/Developer/SDKs/WatchOS11.4.sdk/System/Library/Frameworks/QuartzCore.framework/Headers/CAMediaTimingFunction.h:60:43: note: 'easeInEaseOut' has been explicitly marked unavailable here
CA_EXTERN CAMediaTimingFunctionName const kCAMediaTimingFunctionEaseInEaseOut
                                          ^
/Users/admin/builder/spi-builder-workspace/Source/SwiftUIInspector/Views/UIInspector3D.swift:379:21: error: method cannot be marked @objc because the type of the parameter cannot be represented in Objective-C
        @objc private func handleTap(_ gesture: JustTapGesture) {
                           ^
/Users/admin/builder/spi-builder-workspace/Source/SwiftUIInspector/Views/UIInspector3D.swift:379:42: note: classes not annotated with @objc cannot be represented in Objective-C
        @objc private func handleTap(_ gesture: JustTapGesture) {
                                                ^~~~~~~~~~~~~~
/Users/admin/builder/spi-builder-workspace/Source/SwiftUIInspector/Views/UIInspector3D.swift:390:34: error: cannot find type 'UIPanGestureRecognizer' in scope
        @objc func handlePan(_ gesture: UIPanGestureRecognizer) {
                                        ^~~~~~~~~~~~~~~~~~~~~~
/Users/admin/builder/spi-builder-workspace/Source/SwiftUIInspector/Views/UIInspector3D.swift:402:36: error: cannot find type 'UIPinchGestureRecognizer' in scope
        @objc func handlePinch(_ gesture: UIPinchGestureRecognizer) {
                                          ^~~~~~~~~~~~~~~~~~~~~~~~
/Users/admin/builder/spi-builder-workspace/Source/SwiftUIInspector/Views/UIInspector3D.swift:428:43: error: cannot find type 'UIPanGestureRecognizer' in scope
        @objc func handleTwoFingerPan(_ gesture: UIPanGestureRecognizer) {
                                                 ^~~~~~~~~~~~~~~~~~~~~~
/Users/admin/builder/spi-builder-workspace/Source/SwiftUIInspector/Views/UIInspectorControls.swift:3:34: error: cannot find type 'UIView' in scope
final class UIInspectorControls: UIView {
                                 ^~~~~~
/Applications/Xcode-16.3.0.app/Contents/Developer/Platforms/WatchOS.platform/Developer/SDKs/WatchOS11.4.sdk/System/Library/Frameworks/UIKit.framework/Headers/NSTextAttachment.h:23:1: note: interface 'UIView' forward declared here
@class UIView;
^
/Users/admin/builder/spi-builder-workspace/Source/SwiftUIInspector/Views/UIInspectorControls.swift:8:22: error: cannot find 'UIView' in scope
        let draggableArea = UIView()
                            ^~~~~~
/Applications/Xcode-16.3.0.app/Contents/Developer/Platforms/WatchOS.platform/Developer/SDKs/WatchOS11.4.sdk/System/Library/Frameworks/UIKit.framework/Headers/NSTextAttachment.h:23:1: note: interface 'UIView' forward declared here
@class UIView;
^
/Users/admin/builder/spi-builder-workspace/Source/SwiftUIInspector/Views/UIInspectorControls.swift:9:35: error: cannot find 'UIImageView' in scope
        private let draggableImageView = UIImageView(image: UIImage(systemName: "circle.grid.3x3.fill"))
                                         ^~~~~~~~~~~
/Users/admin/builder/spi-builder-workspace/Source/SwiftUIInspector/Views/UIInspectorControls.swift:30:15: error: property does not override any property from its superclass
        override var intrinsicContentSize: CGSize {
        ~~~~~~~~     ^
/Users/admin/builder/spi-builder-workspace/Source/SwiftUIInspector/Views/UIInspectorControls.swift:57:16: error: method does not override any method from its superclass
        override func layoutSubviews() {
        ~~~~~~~~      ^
/Users/admin/builder/spi-builder-workspace/Source/SwiftUIInspector/Views/UIInspectorControls.swift:75:26: error: cannot find type 'UIControl' in scope
        final class ButtonView: UIControl {
                                ^~~~~~~~~
/Users/admin/builder/spi-builder-workspace/Source/SwiftUIInspector/Views/UIInspectorControls.swift:77:19: error: cannot find 'UIImageView' in scope
                let imageView = UIImageView()
                                ^~~~~~~~~~~
/Users/admin/builder/spi-builder-workspace/Source/SwiftUIInspector/Views/UIInspectorControls.swift:110:17: error: method does not override any method from its superclass
                override func layoutSubviews() {
                ~~~~~~~~      ^
/Users/admin/builder/spi-builder-workspace/Source/SwiftUIInspector/Views/UIInspectorControls.swift:116:40: error: cannot find type 'UITouch' in scope
                override func beginTracking(_ touch: UITouch, with event: UIEvent?) -> Bool {
                                                     ^~~~~~~
/Users/admin/builder/spi-builder-workspace/Source/SwiftUIInspector/Views/UIInspectorControls.swift:116:61: error: cannot find type 'UIEvent' in scope
                override func beginTracking(_ touch: UITouch, with event: UIEvent?) -> Bool {
                                                                          ^~~~~~~
/Users/admin/builder/spi-builder-workspace/Source/SwiftUIInspector/Views/UIInspectorInfo.swift:9:16: error: 'CALayer' is unavailable in watchOS
                let custom: (CALayer) -> AnyView
                             ^~~~~~~
/Applications/Xcode-16.3.0.app/Contents/Developer/Platforms/WatchOS.platform/Developer/SDKs/WatchOS11.4.sdk/System/Library/Frameworks/QuartzCore.framework/Headers/CALayer.h:86:12: note: 'CALayer' has been explicitly marked unavailable here
@interface CALayer : NSObject <NSSecureCoding, CAMediaTiming>
           ^
/Users/admin/builder/spi-builder-workspace/Source/SwiftUIInspector/Views/UIInspectorInfo.swift:18:23: error: 'CALayer' is unavailable in watchOS
                        custom: @escaping (CALayer) -> AnyView,
                                           ^~~~~~~
/Applications/Xcode-16.3.0.app/Contents/Developer/Platforms/WatchOS.platform/Developer/SDKs/WatchOS11.4.sdk/System/Library/Frameworks/QuartzCore.framework/Headers/CALayer.h:86:12: note: 'CALayer' has been explicitly marked unavailable here
@interface CALayer : NSObject <NSSecureCoding, CAMediaTiming>
           ^
/Users/admin/builder/spi-builder-workspace/Source/SwiftUIInspector/Views/UIInspectorInfo.swift:78:25: error: 'CALayer' is unavailable in watchOS
                func title(for layer: CALayer) -> some View {
                                      ^~~~~~~
/Applications/Xcode-16.3.0.app/Contents/Developer/Platforms/WatchOS.platform/Developer/SDKs/WatchOS11.4.sdk/System/Library/Frameworks/QuartzCore.framework/Headers/CALayer.h:86:12: note: 'CALayer' has been explicitly marked unavailable here
@interface CALayer : NSObject <NSSecureCoding, CAMediaTiming>
           ^
/Users/admin/builder/spi-builder-workspace/Source/SwiftUIInspector/Views/UIMeasurementSelection.swift:3:33: error: cannot find type 'UIView' in scope
final class UIMeasurementLabel: UIView {
                                ^~~~~~
/Applications/Xcode-16.3.0.app/Contents/Developer/Platforms/WatchOS.platform/Developer/SDKs/WatchOS11.4.sdk/System/Library/Frameworks/UIKit.framework/Headers/NSTextAttachment.h:23:1: note: interface 'UIView' forward declared here
@class UIView;
^
/Users/admin/builder/spi-builder-workspace/Source/SwiftUIInspector/Views/UIMeasurementSelection.swift:5:22: error: cannot find 'UILabel' in scope
        private let label = UILabel()
                            ^~~~~~~
/Users/admin/builder/spi-builder-workspace/Source/SwiftUIInspector/Views/UIMeasurementSelection.swift:34:16: error: method does not override any method from its superclass
        override func layoutSubviews() {
        ~~~~~~~~      ^
/Users/admin/builder/spi-builder-workspace/Source/SwiftUIInspector/Views/UIPinchPanGestureRecognizer.swift:3:42: error: cannot find type 'UIGestureRecognizer' in scope
final class UIPinchPanGestureRecognizer: UIGestureRecognizer {
                                         ^~~~~~~~~~~~~~~~~~~
/Users/admin/builder/spi-builder-workspace/Source/SwiftUIInspector/Views/UIPinchPanGestureRecognizer.swift:11:44: error: cannot find type 'UITouch' in scope
        override func touchesBegan(_ touches: Set<UITouch>, with event: UIEvent) {
                                                  ^~~~~~~
/Users/admin/builder/spi-builder-workspace/Source/SwiftUIInspector/Views/UIPinchPanGestureRecognizer.swift:11:66: error: cannot find type 'UIEvent' in scope
        override func touchesBegan(_ touches: Set<UITouch>, with event: UIEvent) {
                                                                        ^~~~~~~
/Users/admin/builder/spi-builder-workspace/Source/SwiftUIInspector/Views/UIPinchPanGestureRecognizer.swift:21:44: error: cannot find type 'UITouch' in scope
        override func touchesMoved(_ touches: Set<UITouch>, with event: UIEvent) {
                                                  ^~~~~~~
/Users/admin/builder/spi-builder-workspace/Source/SwiftUIInspector/Views/UIPinchPanGestureRecognizer.swift:21:66: error: cannot find type 'UIEvent' in scope
        override func touchesMoved(_ touches: Set<UITouch>, with event: UIEvent) {
                                                                        ^~~~~~~
/Users/admin/builder/spi-builder-workspace/Source/SwiftUIInspector/Views/UIPinchPanGestureRecognizer.swift:47:44: error: cannot find type 'UITouch' in scope
        override func touchesEnded(_ touches: Set<UITouch>, with event: UIEvent) {
                                                  ^~~~~~~
/Users/admin/builder/spi-builder-workspace/Source/SwiftUIInspector/Views/UIPinchPanGestureRecognizer.swift:47:66: error: cannot find type 'UIEvent' in scope
        override func touchesEnded(_ touches: Set<UITouch>, with event: UIEvent) {
                                                                        ^~~~~~~
/Users/admin/builder/spi-builder-workspace/Source/SwiftUIInspector/Views/UIPinchPanGestureRecognizer.swift:52:48: error: cannot find type 'UITouch' in scope
        override func touchesCancelled(_ touches: Set<UITouch>, with event: UIEvent) {
                                                      ^~~~~~~
/Users/admin/builder/spi-builder-workspace/Source/SwiftUIInspector/Views/UIPinchPanGestureRecognizer.swift:52:70: error: cannot find type 'UIEvent' in scope
        override func touchesCancelled(_ touches: Set<UITouch>, with event: UIEvent) {
                                                                            ^~~~~~~
/Users/admin/builder/spi-builder-workspace/Source/SwiftUIInspector/Views/UIPinchPanGestureRecognizer.swift:57:16: error: method does not override any method from its superclass
        override func reset() {
        ~~~~~~~~      ^
/Users/admin/builder/spi-builder-workspace/Source/SwiftUIInspector/Views/UIPinchPanGestureRecognizer.swift:64:41: error: cannot find type 'UIEvent' in scope
        private func updateMetrics(with event: UIEvent) {
                                               ^~~~~~~
/Users/admin/builder/spi-builder-workspace/Source/SwiftUIInspector/Views/UISceneBackground.swift:3:32: error: cannot find type 'UIView' in scope
final class UISceneBackground: UIView {
                               ^~~~~~
/Applications/Xcode-16.3.0.app/Contents/Developer/Platforms/WatchOS.platform/Developer/SDKs/WatchOS11.4.sdk/System/Library/Frameworks/UIKit.framework/Headers/NSTextAttachment.h:23:1: note: interface 'UIView' forward declared here
@class UIView;
^
/Users/admin/builder/spi-builder-workspace/Source/SwiftUIInspector/Views/UISceneBackground.swift:9:11: error: initializer does not override a designated initializer from its superclass
        override init(frame: CGRect) {
        ~~~~~~~~ ^
/Users/admin/builder/spi-builder-workspace/Source/SwiftUIInspector/Views/UISceneBackground.swift:68:16: error: method does not override any method from its superclass
        override func tintColorDidChange() {
        ~~~~~~~~      ^
/Users/admin/builder/spi-builder-workspace/Source/SwiftUIInspector/Views/UISceneBackground.swift:73:68: error: cannot find type 'UITraitCollection' in scope
        override func traitCollectionDidChange(_ previousTraitCollection: UITraitCollection?) {
                                                                          ^~~~~~~~~~~~~~~~~
/Applications/Xcode-16.3.0.app/Contents/Developer/Platforms/WatchOS.platform/Developer/SDKs/WatchOS11.4.sdk/System/Library/Frameworks/UIKit.framework/Headers/UIColor.h:20:1: note: interface 'UITraitCollection' forward declared here
@class UITraitCollection;
^
/Users/admin/builder/spi-builder-workspace/Source/SwiftUIInspector/Views/UIViewSnapshot.swift:9:14: error: cannot find type 'CALayer' in scope
        let source: CALayer
                    ^~~~~~~
/Users/admin/builder/spi-builder-workspace/Source/SwiftUIInspector/Views/UIViewSnapshot.swift:10:18: error: cannot find type 'CALayer' in scope
        let ancestors: [CALayer]
                        ^~~~~~~
/Users/admin/builder/spi-builder-workspace/Source/SwiftUIInspector/Views/UIViewSnapshot.swift:20:12: error: cannot find type 'UIView' in scope
        var view: UIView? {
                  ^~~~~~
/Applications/Xcode-16.3.0.app/Contents/Developer/Platforms/WatchOS.platform/Developer/SDKs/WatchOS11.4.sdk/System/Library/Frameworks/UIKit.framework/Headers/NSTextAttachment.h:23:1: note: interface 'UIView' forward declared here
@class UIView;
^
/Users/admin/builder/spi-builder-workspace/Source/SwiftUIInspector/Views/UIViewSnapshot.swift:24:17: error: cannot find type 'CALayer' in scope
        init(_ source: CALayer) {
                       ^~~~~~~
/Users/admin/builder/spi-builder-workspace/Source/SwiftUIInspector/Views/UIViewSnapshot.swift:37:27: error: cannot find type 'UIView' in scope
        convenience init(_ view: UIView) {
                                 ^~~~~~
/Applications/Xcode-16.3.0.app/Contents/Developer/Platforms/WatchOS.platform/Developer/SDKs/WatchOS11.4.sdk/System/Library/Frameworks/UIKit.framework/Headers/NSTextAttachment.h:23:1: note: interface 'UIView' forward declared here
@class UIView;
^
/Users/admin/builder/spi-builder-workspace/Source/SwiftUIInspector/Views/ViewRect.swift:26:34: error: cannot find type 'UIView' in scope
final class UIViewInspectorItem: UIView, UIInspectorItem {
                                 ^~~~~~
/Applications/Xcode-16.3.0.app/Contents/Developer/Platforms/WatchOS.platform/Developer/SDKs/WatchOS11.4.sdk/System/Library/Frameworks/UIKit.framework/Headers/NSTextAttachment.h:23:1: note: interface 'UIView' forward declared here
@class UIView;
^
/Users/admin/builder/spi-builder-workspace/Source/SwiftUIInspector/Views/ViewRect.swift:26:13: error: type 'UIViewInspectorItem' does not conform to protocol 'Hashable'
final class UIViewInspectorItem: UIView, UIInspectorItem {
            ^
/Users/admin/builder/spi-builder-workspace/Source/SwiftUIInspector/Views/ViewRect.swift:26:13: note: automatic synthesis of 'Hashable' is not supported for class declarations
final class UIViewInspectorItem: UIView, UIInspectorItem {
            ^
/Users/admin/builder/spi-builder-workspace/Source/SwiftUIInspector/Views/ViewRect.swift:26:13: error: type 'UIViewInspectorItem' does not conform to protocol 'Equatable'
final class UIViewInspectorItem: UIView, UIInspectorItem {
            ^
/Users/admin/builder/spi-builder-workspace/Source/SwiftUIInspector/Views/ViewRect.swift:26:13: note: automatic synthesis of 'Equatable' is not supported for class declarations
final class UIViewInspectorItem: UIView, UIInspectorItem {
            ^
Swift.==:1:24: note: candidate would match if 'UIViewInspectorItem' conformed to 'RawRepresentable'
@inlinable public func == <T>(lhs: T, rhs: T) -> Bool where T : RawRepresentable, T.RawValue : Equatable
                       ^
Swift.FloatingPoint.==:2:20: note: candidate would match if 'UIViewInspectorItem' conformed to 'FloatingPoint'
public static func == (lhs: Self, rhs: Self) -> Bool}
                   ^
Swift.BinaryInteger.==:2:20: note: candidate would match if 'UIViewInspectorItem' conformed to 'BinaryInteger'
public static func == <Other>(lhs: Self, rhs: Other) -> Bool where Other : BinaryInteger}
                   ^
Swift._Pointer.==:2:20: note: candidate would match if 'UIViewInspectorItem' conformed to '_Pointer'
public static func == (lhs: Self, rhs: Self) -> Bool}
                   ^
Swift._Pointer.==:2:31: note: candidate would match if 'UIViewInspectorItem' conformed to '_Pointer'
@inlinable public static func == <Other>(lhs: Self, rhs: Other) -> Bool where Other : _Pointer}
                              ^
Swift.Strideable.==:2:31: note: candidate would match if 'UIViewInspectorItem' conformed to 'Strideable'
@inlinable public static func == (x: Self, y: Self) -> Bool}
                              ^
Swift.StringProtocol.==:2:31: note: candidate would match if 'UIViewInspectorItem' conformed to 'StringProtocol'
@inlinable public static func == <RHS>(lhs: Self, rhs: RHS) -> Bool where RHS : StringProtocol}
                              ^
Swift.SIMD.==:2:20: note: candidate would match if 'UIViewInspectorItem' conformed to 'SIMD'
public static func == (a: Self, b: Self) -> Bool}
                   ^
CoreFoundation._CFObject.==:2:20: note: candidate would match if 'UIViewInspectorItem' conformed to '_CFObject'
public static func == (left: Self, right: Self) -> Bool}
                   ^
Foundation.AttributedStringProtocol.==:2:20: note: candidate would match if 'UIViewInspectorItem' conformed to 'AttributedStringProtocol'
public static func == <RHS>(lhs: Self, rhs: RHS) -> Bool where RHS : AttributedStringProtocol}
                   ^
Foundation._BridgedStoredNSError.==:2:20: note: candidate would match if 'UIViewInspectorItem' conformed to '_BridgedStoredNSError'
public static func == (lhs: Self, rhs: Self) -> Bool}
                   ^
/Users/admin/builder/spi-builder-workspace/Source/SwiftUIInspector/Views/ViewRect.swift:26:13: note: add stubs for conformance
final class UIViewInspectorItem: UIView, UIInspectorItem {
            ^
Swift.Equatable.==:2:13: note: protocol requires function '==' with type '(UIViewInspectorItem, UIViewInspectorItem) -> Bool'
static func == (lhs: Self, rhs: Self) -> Bool}
            ^
SwiftCompile normal armv7k Compiling\ SCNViewRect.swift,\ UIColorPipette.swift /Users/admin/builder/spi-builder-workspace/Source/SwiftUIInspector/Views/SCNViewRect.swift /Users/admin/builder/spi-builder-workspace/Source/SwiftUIInspector/Views/UIColorPipette.swift (in target 'SwiftUIInspector' from project 'SwiftUIInspector')
Command SwiftCompile failed with a nonzero exit code
** BUILD FAILED **
The following build commands failed:
	SwiftEmitModule normal arm64_32 Emitting\ module\ for\ SwiftUIInspector (in target 'SwiftUIInspector' from project 'SwiftUIInspector')
	EmitSwiftModule normal arm64_32 (in target 'SwiftUIInspector' from project 'SwiftUIInspector')
	SwiftEmitModule normal armv7k Emitting\ module\ for\ SwiftUIInspector (in target 'SwiftUIInspector' from project 'SwiftUIInspector')
	EmitSwiftModule normal armv7k (in target 'SwiftUIInspector' from project 'SwiftUIInspector')
	SwiftCompile normal armv7k Compiling\ SCNViewRect.swift,\ UIColorPipette.swift /Users/admin/builder/spi-builder-workspace/Source/SwiftUIInspector/Views/SCNViewRect.swift /Users/admin/builder/spi-builder-workspace/Source/SwiftUIInspector/Views/UIColorPipette.swift (in target 'SwiftUIInspector' from project 'SwiftUIInspector')
	Building workspace spi-builder-workspace with scheme SwiftUIInspector
(6 failures)
BUILD FAILURE 6.1 watchOS