Build Information
Failed to build ZeeQL3Apache, reference 0.6.1 (75fc4a), with Swift 6.4 for macOS (SPM) on 16 Sep 2026 06:59:43 UTC.
Build Command
env DEVELOPER_DIR=/Applications/Xcode-27.0.0-Release.Candidate.app xcrun swift build --arch arm64Build Log
========================================
RunAll
========================================
Builder version: 5.1.0
Interrupt handler set up.
========================================
Checkout
========================================
Clone URL: https://github.com/ZeeQL/ZeeQL3Apache.git
Reference: 0.6.1
Initialized empty Git repository in /Users/admin/builder/spi-builder-workspace/.git/
From https://github.com/ZeeQL/ZeeQL3Apache
* tag 0.6.1 -> FETCH_HEAD
HEAD is now at 75fc4a3 Null/not-null flip
Cloned https://github.com/ZeeQL/ZeeQL3Apache.git
Revision (git rev-parse @):
75fc4a37f08729cc4dd82ba3f9b51a3e7be1dfd2
SUCCESS checkout https://github.com/ZeeQL/ZeeQL3Apache.git at 0.6.1
========================================
Build
========================================
Selected platform: macosSpm
Swift version: 6.4
Building package at path: $PWD
https://github.com/ZeeQL/ZeeQL3Apache.git
Running build ...
env DEVELOPER_DIR=/Applications/Xcode-27.0.0-Release.Candidate.app xcrun swift build --arch arm64
Building for debugging...
[Constructing description]
[Planning deferred tasks]
[32 / 58]
[33 / 59] ZeeQL
[43 / 105]
[49 / 105]
[52 / 105]
[53 / 105]
[57 / 105]
[59 / 105]
[62 / 105]
[65 / 105]
[67 / 105]
[68 / 105]
[79 / 105] ZeeQL
[80 / 105] ZeeQL
[86 / 106]
Fetching https://github.com/ZeeQL/ZeeQL3.git
Fetching https://github.com/modswift/CApache.git
[1/49] Fetching capache
[50/4527] Fetching capache, zeeql3
Fetched https://github.com/ZeeQL/ZeeQL3.git (1.32s)
Fetched https://github.com/modswift/CApache.git (1.32s)
Computing version for https://github.com/modswift/CApache.git
Computed https://github.com/modswift/CApache.git at 2.0.2 (2.03s)
Computing version for https://github.com/ZeeQL/ZeeQL3.git
Computed https://github.com/ZeeQL/ZeeQL3.git at 0.10.0 (0.64s)
Fetching https://github.com/ZeeQL/CSQLite3.git
[1/41] Fetching csqlite3
Fetched https://github.com/ZeeQL/CSQLite3.git (0.74s)
Computing version for https://github.com/ZeeQL/CSQLite3.git
Computed https://github.com/ZeeQL/CSQLite3.git at 2.0.3 (2.91s)
Creating working copy for https://github.com/ZeeQL/ZeeQL3.git
Working copy of https://github.com/ZeeQL/ZeeQL3.git resolved at 0.10.0
Creating working copy for https://github.com/modswift/CApache.git
Working copy of https://github.com/modswift/CApache.git resolved at 2.0.2
Creating working copy for https://github.com/ZeeQL/CSQLite3.git
Working copy of https://github.com/ZeeQL/CSQLite3.git resolved at 2.0.3
warning: 'capache': failed to retrieve search paths with pkg-config; maybe pkg-config is not installed
warning: 'capache': you may be able to install mod_swift using your system-packager:
brew install modswift/mod_swift
error: clang dependency scanning failure: While building module 'CAPR' imported from module-include.input:1:
In file included from <module-includes>:1:
/Users/admin/builder/spi-builder-workspace/.build/checkouts/CApache/Sources/CApache/CAPRShim.h:4:10: fatal error: 'APRShim.h' file not found
module-include.input:1:5: fatal error: could not build module 'CAPR'
error: clang dependency scanning failure: While building module 'CAPRUtil' imported from module-include.input:1:
In file included from <module-includes>:1:
/Users/admin/builder/spi-builder-workspace/.build/checkouts/CApache/Sources/CApache/CAPRUtilShim.h:4:10: fatal error: 'APRUtilShim.h' file not found
module-include.input:1:2: fatal error: could not build module 'CAPRUtil'
error: clang dependency scanning failure:
error: /Users/admin/builder/spi-builder-workspace/Sources/APRAdaptor/APRAdaptor.swift:10:8 unable to resolve module dependency: 'CAPR'
error: clang dependency scanning failure:
error: /Users/admin/builder/spi-builder-workspace/Sources/APRAdaptor/APRAdaptor.swift:11:8 unable to resolve module dependency: 'CAPRUtil'
error: clang dependency scanning failure: While building module 'CAPR' imported from module-include.input:1:
In file included from <module-includes>:1:
/Users/admin/builder/spi-builder-workspace/.build/checkouts/CApache/Sources/CApache/CAPRShim.h:4:10: fatal error: 'APRShim.h' file not found
module-include.input:1:5: fatal error: could not build module 'CAPR'
error: clang dependency scanning failure: While building module 'CAPRUtil' imported from module-include.input:1:
In file included from <module-includes>:1:
/Users/admin/builder/spi-builder-workspace/.build/checkouts/CApache/Sources/CApache/CAPRUtilShim.h:4:10: fatal error: 'APRUtilShim.h' file not found
module-include.input:1:2: fatal error: could not build module 'CAPRUtil'
error: SwiftDriver APRAdaptor normal arm64 com.apple.xcode.tools.swift.compiler failed with a nonzero exit code. Command line: cd /Users/admin/builder
builtin-SwiftDriver -- /Applications/Xcode-27.0.0-Release.Candidate.app/Contents/Developer/Toolchains/XcodeDefault.xctoolchain/usr/bin/swiftc -parse-as-library -module-name APRAdaptor -Onone @/Users/admin/builder/spi-builder-workspace/.build/out/Intermediates.noindex/ZeeQL3Apache.build/Debug/APRAdaptor-t.build/Objects-normal/arm64/APRAdaptor.SwiftFileList -DSWIFT_PACKAGE -DDEBUG -DSWIFT_MODULE_RESOURCE_BUNDLE_UNAVAILABLE -Xcc -fmodule-map-file\=/Users/admin/builder/spi-builder-workspace/.build/checkouts/CApache/Sources/CApache/module.modulemap -Xcc -fmodule-map-file\=/Users/admin/builder/spi-builder-workspace/.build/checkouts/CSQLite3/Sources/CSQLite3/module.modulemap -DXcode -plugin-path /Applications/Xcode-27.0.0-Release.Candidate.app/Contents/Developer/Toolchains/XcodeDefault.xctoolchain/usr/lib/swift/host/plugins/testing -enable-experimental-feature DebugDescriptionMacro -sdk /Applications/Xcode-27.0.0-Release.Candidate.app/Contents/Developer/Platforms/MacOSX.platform/Developer/SDKs/MacOSX27.0.sdk -target arm64-apple-macos12.0 -g -module-cache-path /Users/admin/builder/spi-builder-workspace/.build/out/ModuleCache.noindex -Xfrontend -serialize-debugging-options -enable-testing -index-store-path /Users/admin/builder/spi-builder-workspace/.build/out -Xcc -D_LIBCPP_HARDENING_MODE\=_LIBCPP_HARDENING_MODE_DEBUG -swift-version 5 -I /Users/admin/builder/spi-builder-workspace/.build/out/Products/Debug -Isystem /Applications/Xcode-27.0.0-Release.Candidate.app/Contents/Developer/Platforms/MacOSX.platform/Developer/usr/lib -F /Users/admin/builder/spi-builder-workspace/.build/out/Products/Debug/PackageFrameworks -F /Users/admin/builder/spi-builder-workspace/.build/out/Products/Debug -F /Applications/Xcode-27.0.0-Release.Candidate.app/Contents/Developer/Platforms/MacOSX.platform/Developer/Library/Frameworks -c -j10 -enable-batch-mode -incremental -Xcc -ivfsstatcache -Xcc /Users/admin/builder/spi-builder-workspace/.build/out/SDKStatCaches.noindex/macosx27.0-26A425-80c5bbf1d171475443272936d42f90a36a22442a12e9d48fe1a705f55a1adfc4.sdkstatcache -output-file-map /Users/admin/builder/spi-builder-workspace/.build/out/Intermediates.noindex/ZeeQL3Apache.build/Debug/APRAdaptor-t.build/Objects-normal/arm64/APRAdaptor-OutputFileMap.json -save-temps -color-diagnostics -explicit-module-build -module-cache-path /Users/admin/builder/spi-builder-workspace/.build/out/Intermediates.noindex/SwiftExplicitPrecompiledModules -clang-scanner-module-cache-path /Users/admin/builder/spi-builder-workspace/.build/out/ModuleCache.noindex -sdk-module-cache-path /Users/admin/builder/spi-builder-workspace/.build/out/SDKExplicitPrecompiledModules -emit-dependencies -emit-module -emit-module-path /Users/admin/builder/spi-builder-workspace/.build/out/Intermediates.noindex/ZeeQL3Apache.build/Debug/APRAdaptor-t.build/Objects-normal/arm64/APRAdaptor.swiftmodule -serialize-diagnostics -dependency-scan-serialize-diagnostics-path /Users/admin/builder/spi-builder-workspace/.build/out/Intermediates.noindex/ZeeQL3Apache.build/Debug/APRAdaptor-t.build/Objects-normal/arm64/APRAdaptor-dependency-scan.dia -validate-clang-modules-once -clang-build-session-file /Users/admin/builder/spi-builder-workspace/.build/out/ModuleCache.noindex/Session.modulevalidation -Xcc -fmodules-prune-interval\=86400 -Xcc -fmodules-prune-after\=345600 -emit-const-values -const-gather-protocols-list /Users/admin/builder/spi-builder-workspace/.build/out/Intermediates.noindex/ZeeQL3Apache.build/Debug/APRAdaptor-t.build/Objects-normal/arm64/APRAdaptor_const_extract_protocols.json -Xcc -I/Users/admin/builder/spi-builder-workspace/.build/out/Products/Debug/include -Xcc -I/Users/admin/builder/spi-builder-workspace/.build/out/Intermediates.noindex/ZeeQL3Apache.build/Debug/APRAdaptor-t.build/DerivedSources-normal/arm64 -Xcc -I/Users/admin/builder/spi-builder-workspace/.build/out/Intermediates.noindex/ZeeQL3Apache.build/Debug/APRAdaptor-t.build/DerivedSources/arm64 -Xcc -I/Users/admin/builder/spi-builder-workspace/.build/out/Intermediates.noindex/ZeeQL3Apache.build/Debug/APRAdaptor-t.build/DerivedSources -Xcc -DSWIFT_PACKAGE -Xcc -DDEBUG\=1 -emit-objc-header -emit-objc-header-path /Users/admin/builder/spi-builder-workspace/.build/out/Intermediates.noindex/ZeeQL3Apache.build/Debug/APRAdaptor-t.build/Objects-normal/arm64/APRAdaptor-Swift.h -working-directory /Users/admin/builder -experimental-emit-module-separately -disable-cmo
error: Build failed
BUILD FAILURE 6.4 macosSpm