The Swift Package Index logo.Swift Package Index

Build Information

Failed to build Everything, reference 1.2.4 (1940f8), with Swift 6.2 for Linux on 25 Jun 2026 12:53:48 UTC.

Build Command

bash -c docker run --pull=always --rm -v "checkouts-53886770-0":/host -w "$PWD" -e JAVA_HOME="/root/.sdkman/candidates/java/current" -e SPI_BUILD="1" -e SPI_PROCESSING="1" registry.gitlab.com/swiftpackageindex/spi-images:basic-6.2-latest swift build --triple x86_64-unknown-linux-gnu 2>&1

Build Log

========================================
RunAll
========================================
Builder version: 4071e0796c748d991a0123890d2f0ecadc8fcc8c
Interrupt handler set up.
========================================
Checkout
========================================
Clone URL: https://github.com/schwa/Everything.git
Reference: 1.2.4
Initialized empty Git repository in /host/spi-builder-workspace/.git/
hint: Using 'master' as the name for the initial branch. This default branch name
hint: is subject to change. To configure the initial branch name to use in all
hint: of your new repositories, which will suppress this warning, call:
hint:
hint: 	git config --global init.defaultBranch <name>
hint:
hint: Names commonly chosen instead of 'master' are 'main', 'trunk' and
hint: 'development'. The just-created branch can be renamed via this command:
hint:
hint: 	git branch -m <name>
From https://github.com/schwa/Everything
 * tag               1.2.4      -> FETCH_HEAD
HEAD is now at 1940f81 Bump CI Xcode from 16.2 to 16.4
Cloned https://github.com/schwa/Everything.git
Revision (git rev-parse @):
1940f815f22202d12252a07005edc00ce1c501bf
SUCCESS checkout https://github.com/schwa/Everything.git at 1.2.4
========================================
Build
========================================
Selected platform:         linux
Swift version:             6.2
Building package at path:  $PWD
https://github.com/schwa/Everything.git
Running build ...
bash -c docker run --pull=always --rm -v "checkouts-53886770-0":/host -w "$PWD" -e JAVA_HOME="/root/.sdkman/candidates/java/current" -e SPI_BUILD="1" -e SPI_PROCESSING="1" registry.gitlab.com/swiftpackageindex/spi-images:basic-6.2-latest swift build --triple x86_64-unknown-linux-gnu 2>&1
basic-6.2-latest: Pulling from swiftpackageindex/spi-images
Digest: sha256:c1e64916691157aa211c844e845a45f54e1288d5927bb1481ff28ec0cfa5960d
Status: Image is up to date for registry.gitlab.com/swiftpackageindex/spi-images:basic-6.2-latest
Fetching https://github.com/apple/swift-algorithms
[1/6063] Fetching swift-algorithms
Fetched https://github.com/apple/swift-algorithms from cache (0.47s)
Computing version for https://github.com/apple/swift-algorithms
Computed https://github.com/apple/swift-algorithms at 1.2.1 (1.32s)
Fetching https://github.com/apple/swift-numerics.git
[1/6429] Fetching swift-numerics
Fetched https://github.com/apple/swift-numerics.git from cache (0.94s)
Computing version for https://github.com/apple/swift-numerics.git
Computed https://github.com/apple/swift-numerics.git at 1.1.1 (1.08s)
Creating working copy for https://github.com/apple/swift-numerics.git
Working copy of https://github.com/apple/swift-numerics.git resolved at 1.1.1
Creating working copy for https://github.com/apple/swift-algorithms
Working copy of https://github.com/apple/swift-algorithms resolved at 1.2.1
Building for debugging...
[0/6] Write sources
[4/6] Compiling _NumericsShims _NumericsShims.c
[5/6] Write swift-version-24593BA9C3E375BF.txt
[7/19] Compiling RealModule RealFunctions.swift
[8/20] Compiling RealModule ElementaryFunctions.swift
[9/20] Compiling RealModule Float+Real.swift
[10/20] Compiling RealModule RelaxedArithmetic.swift
[11/20] Emitting module RealModule
[12/20] Compiling RealModule AlgebraicField.swift
[13/20] Compiling RealModule ApproximateEquality.swift
[14/20] Compiling RealModule Real.swift
[15/20] Compiling RealModule Float16+Real.swift
[16/20] Compiling RealModule AugmentedArithmetic.swift
[17/20] Compiling RealModule Double+Real.swift
[18/20] Compiling RealModule Float80+Real.swift
[20/46] Compiling Algorithms Split.swift
[21/46] Compiling Algorithms Stride.swift
[22/46] Compiling Algorithms Suffix.swift
[23/49] Compiling Algorithms Joined.swift
[24/49] Compiling Algorithms Keyed.swift
[25/49] Compiling Algorithms MinMax.swift
error: emit-module command failed with exit code 1 (use -v to see invocation)
[26/49] Emitting module EverythingUnsafeConformances
/host/spi-builder-workspace/Sources/EverythingUnsafeConformances/EverythingUnsafeConformances.swift:1:8: error: no such module 'CoreGraphics'
  1 | import CoreGraphics
    |        `- error: no such module 'CoreGraphics'
  2 | import Foundation
  3 | import MultipeerConnectivity
[27/49] Compiling EverythingUnsafeConformances EverythingUnsafeConformances.swift
/host/spi-builder-workspace/Sources/EverythingUnsafeConformances/EverythingUnsafeConformances.swift:1:8: error: no such module 'CoreGraphics'
  1 | import CoreGraphics
    |        `- error: no such module 'CoreGraphics'
  2 | import Foundation
  3 | import MultipeerConnectivity
[28/49] Compiling Algorithms RandomSample.swift
[29/49] Compiling Algorithms Reductions.swift
[30/49] Compiling Algorithms Rotate.swift
[31/49] Compiling Algorithms Partition.swift
[32/49] Compiling Algorithms Permutations.swift
[33/49] Compiling Algorithms Product.swift
BUILD FAILURE 6.2 linux