Build Information
Failed to build Ragnarok, reference master (1b524e), with Swift 6.4 for watchOS using Xcode 27.0 on 16 Sep 2026 03:34:53 UTC.
Build Command
env DEVELOPER_DIR=/Applications/Xcode-27.0.0-Release.Candidate.app xcrun xcodebuild -IDEClonedSourcePackagesDirPathOverride=$PWD/.dependencies -skipMacroValidation -skipPackagePluginValidation -derivedDataPath $PWD/.derivedData build -scheme Ragnarok-Package -destination generic/platform=watchOSBuild Log
========================================
RunAll
========================================
Builder version: 5.1.0
Interrupt handler set up.
========================================
Checkout
========================================
Clone URL: https://github.com/bannzai/ragnarok.git
Reference: master
Initialized empty Git repository in /Users/admin/builder/spi-builder-workspace/.git/
From https://github.com/bannzai/ragnarok
* branch master -> FETCH_HEAD
* [new branch] master -> origin/master
HEAD is now at 1b524e4 :memo: gaopin is 厨二病
Cloned https://github.com/bannzai/ragnarok.git
Revision (git rev-parse @):
1b524e4f4eb3f5532cf94ebbfa43f2bb73544d82
SUCCESS checkout https://github.com/bannzai/ragnarok.git at master
========================================
Build
========================================
Selected platform: watchOS
Swift version: 6.4
Building package at path: $PWD
https://github.com/bannzai/ragnarok.git
Command line invocation:
/Applications/Xcode-27.0.0-Release.Candidate.app/Contents/Developer/usr/bin/xcodebuild -IDEClonedSourcePackagesDirPathOverride=/Users/admin/builder/spi-builder-workspace/.dependencies -resolvePackageDependencies
Resolve Package Graph
Fetching from https://github.com/apple/swift-syntax.git
Creating working copy of package ‘swift-syntax’
Checking out 0.50700.1 of package ‘swift-syntax’
the target name ragnarok has different case on the filesystem and the Package.swift manifest fileResolve Package Graph
the target name ragnarok has different case on the filesystem and the Package.swift manifest file
Resolved source packages:
Ragnarok: /Users/admin/builder/spi-builder-workspace
SwiftSyntax: https://github.com/apple/swift-syntax.git @ 0.50700.1
resolved source packages: Ragnarok, SwiftSyntax
2026-09-15 23:33:55.227 xcodebuild[529:3032] [MT] IDERunDestination: Supported platforms for the buildables in the current scheme is empty.
{
"dependencies" : [
{
"identity" : "swift-syntax",
"requirement" : {
"range" : [
{
"lower_bound" : "0.40200.0",
"upper_bound" : "1.0.0"
}
]
},
"type" : "sourceControl",
"url" : "https://github.com/apple/swift-syntax.git"
}
],
"manifest_display_name" : "Ragnarok",
"name" : "Ragnarok",
"path" : "/Users/admin/builder/spi-builder-workspace",
"platforms" : [
],
"products" : [
{
"name" : "ragnarok",
"targets" : [
"ragnarok"
],
"type" : {
"executable" : null
}
},
{
"name" : "RagnarokCore",
"targets" : [
"RagnarokCore"
],
"type" : {
"library" : [
"automatic"
]
}
}
],
"targets" : [
{
"c99name" : "ragnarok",
"module_type" : "SwiftTarget",
"name" : "ragnarok",
"path" : "Sources/ragnarok",
"product_memberships" : [
"ragnarok"
],
"sources" : [
"main.swift"
],
"target_dependencies" : [
"RagnarokCore"
],
"type" : "executable"
},
{
"c99name" : "RagnarokCoreTests",
"module_type" : "SwiftTarget",
"name" : "RagnarokCoreTests",
"path" : "Tests/RagnarokCoreTests",
"sources" : [
"RagnarokRewriterTests.swift",
"TestData/FunctionCallExpr/TestFunctionCallExprInGuard.swift",
"TestData/FunctionCallExpr/TestFunctionCallExprInIf.swift",
"TestData/FunctionCallExpr/TestFunctionCallExprMultipleline.swift",
"TestData/FunctionCallExpr/TestFunctionCallExprNoReturn.swift",
"TestData/FunctionCallExpr/TestFunctionCallExprSubstituteVariable.swift",
"TestData/FunctionCallExpr/TestFunctionCallExprUsingTryKeyword.swift",
"TestData/FunctionCallExpr/TestFunctionCallExprforDiscardAssignment.swift",
"TestData/FunctionDecl/TestFunctionDeclDefaultArgument.swift",
"TestData/FunctionDecl/TestFunctionDeclDiscardLabel.swift",
"TestData/FunctionDecl/TestFunctionDeclForAlreadyMultipleLineNoReturn.swift",
"TestData/FunctionDecl/TestFunctionDeclForAlreadyMultipleLineUseClosure.swift",
"TestData/FunctionDecl/TestFunctionDeclHasClosureArgument.swift",
"TestData/FunctionDecl/TestFunctionDeclHasEllipsis.swift",
"TestData/FunctionDecl/TestFunctionDeclHasReturnKeyword.swift",
"TestData/FunctionDecl/TestFunctionDeclMultipleLabel.swift",
"TestData/FunctionDecl/TestFunctionDeclNoReturn.swift",
"TestData/FunctionDecl/TestFunctionDeclUsingThrows.swift",
"TestData/TestData.swift",
"XCTestManifests.swift"
],
"target_dependencies" : [
"RagnarokCore"
],
"type" : "test"
},
{
"c99name" : "RagnarokCore",
"module_type" : "SwiftTarget",
"name" : "RagnarokCore",
"path" : "Sources/RagnarokCore",
"product_dependencies" : [
"SwiftSyntax"
],
"product_memberships" : [
"ragnarok",
"RagnarokCore"
],
"sources" : [
"RagnarokRewriter.swift"
],
"type" : "library"
}
],
"tools_version" : "4.2"
}
warning: 'spi-builder-workspace': the target name ragnarok has different case on the filesystem and the Package.swift manifest file
{
"workspace" : {
"name" : "Ragnarok",
"schemes" : [
"ragnarok",
"Ragnarok-Package",
"RagnarokCore"
]
}
}
2026-09-15 23:34:36.888 xcodebuild[697:4398] [MT] IDERunDestination: Supported platforms for the buildables in the current scheme is empty.
Running build ...
env DEVELOPER_DIR=/Applications/Xcode-27.0.0-Release.Candidate.app xcrun xcodebuild -IDEClonedSourcePackagesDirPathOverride=$PWD/.dependencies -skipMacroValidation -skipPackagePluginValidation -derivedDataPath $PWD/.derivedData build -scheme Ragnarok-Package -destination generic/platform=watchOS
Command line invocation:
/Applications/Xcode-27.0.0-Release.Candidate.app/Contents/Developer/usr/bin/xcodebuild -IDEClonedSourcePackagesDirPathOverride=/Users/admin/builder/spi-builder-workspace/.dependencies -skipMacroValidation -skipPackagePluginValidation -derivedDataPath /Users/admin/builder/spi-builder-workspace/.derivedData build -scheme Ragnarok-Package -destination generic/platform=watchOS
Resolve Package Graph
the target name ragnarok has different case on the filesystem and the Package.swift manifest file
Resolve Package Graph
the target name ragnarok has different case on the filesystem and the Package.swift manifest file
Resolved source packages:
Ragnarok: /Users/admin/builder/spi-builder-workspace
SwiftSyntax: https://github.com/apple/swift-syntax.git @ 0.50700.1
ComputePackagePrebuildTargetDependencyGraph
Prepare packages
CreateBuildRequest
SendProjectDescription
CreateBuildOperation
ComputeTargetDependencyGraph
note: Building targets in dependency order
note: Target dependency graph (6 targets)
Target 'ragnarok-product' in project 'Ragnarok'
➜ Explicit dependency on target 'RagnarokCore' in project 'Ragnarok'
➜ Explicit dependency on target 'SwiftSyntax-product' in project 'SwiftSyntax'
Target 'RagnarokCore-product' in project 'Ragnarok'
➜ Explicit dependency on target 'RagnarokCore' in project 'Ragnarok'
➜ Explicit dependency on target 'SwiftSyntax-product' in project 'SwiftSyntax'
Target 'RagnarokCore' in project 'Ragnarok'
➜ Explicit dependency on target 'SwiftSyntax-product' in project 'SwiftSyntax'
Target 'SwiftSyntax-product' in project 'SwiftSyntax'
➜ Explicit dependency on target 'SwiftSyntax' in project 'SwiftSyntax'
➜ Explicit dependency on target '_CSwiftSyntax' in project 'SwiftSyntax'
Target 'SwiftSyntax' in project 'SwiftSyntax'
➜ Explicit dependency on target '_CSwiftSyntax' in project 'SwiftSyntax'
Target '_CSwiftSyntax' in project 'SwiftSyntax' (no dependencies)
GatherProvisioningInputs
CreateBuildDescription
ExecuteExternalTool /Applications/Xcode-27.0.0-Release.Candidate.app/Contents/Developer/Toolchains/XcodeDefault.xctoolchain/usr/bin/clang -v -E -dM -arch arm64 -isysroot /Applications/Xcode-27.0.0-Release.Candidate.app/Contents/Developer/Platforms/WatchOS.platform/Developer/SDKs/WatchOS27.0.sdk -x c -c /dev/null
ExecuteExternalTool /Applications/Xcode-27.0.0-Release.Candidate.app/Contents/Developer/Toolchains/XcodeDefault.xctoolchain/usr/bin/swiftc --version
ExecuteExternalTool /Applications/Xcode-27.0.0-Release.Candidate.app/Contents/Developer/Toolchains/XcodeDefault.xctoolchain/usr/bin/clang -v -E -dM -isysroot /Applications/Xcode-27.0.0-Release.Candidate.app/Contents/Developer/Platforms/WatchOS.platform/Developer/SDKs/WatchOS27.0.sdk -x c -c /dev/null
ExecuteExternalTool /Applications/Xcode-27.0.0-Release.Candidate.app/Contents/Developer/Toolchains/XcodeDefault.xctoolchain/usr/bin/ld -version_details
ExecuteExternalTool /Applications/Xcode-27.0.0-Release.Candidate.app/Contents/Developer/Toolchains/XcodeDefault.xctoolchain/usr/bin/clang -v -E -dM -arch arm64_32 -isysroot /Applications/Xcode-27.0.0-Release.Candidate.app/Contents/Developer/Platforms/WatchOS.platform/Developer/SDKs/WatchOS27.0.sdk -x c -c /dev/null
Build description signature: a35aa563a49c645d54ade4fcf02c736f
Build description path: /Users/admin/builder/spi-builder-workspace/.derivedData/Build/Intermediates.noindex/XCBuildData/a35aa563a49c645d54ade4fcf02c736f.xcbuilddata
CreateBuildDirectory /Users/admin/builder/spi-builder-workspace/.derivedData/ModuleCache.noindex
cd /Users/admin/builder/spi-builder-workspace/.swiftpm/xcode
builtin-create-build-directory /Users/admin/builder/spi-builder-workspace/.derivedData/ModuleCache.noindex
CreateBuildDirectory /Users/admin/builder/spi-builder-workspace/.derivedData/CompilationCache.noindex
cd /Users/admin/builder/spi-builder-workspace/.swiftpm/xcode
builtin-create-build-directory /Users/admin/builder/spi-builder-workspace/.derivedData/CompilationCache.noindex
CreateBuildDirectory /Users/admin/builder/spi-builder-workspace/.derivedData/SDKExplicitPrecompiledModules
cd /Users/admin/builder/spi-builder-workspace/.swiftpm/xcode
builtin-create-build-directory /Users/admin/builder/spi-builder-workspace/.derivedData/SDKExplicitPrecompiledModules
ClangStatCache /Applications/Xcode-27.0.0-Release.Candidate.app/Contents/Developer/Toolchains/XcodeDefault.xctoolchain/usr/bin/clang-stat-cache /Applications/Xcode-27.0.0-Release.Candidate.app/Contents/Developer/Platforms/WatchOS.platform/Developer/SDKs/WatchOS27.0.sdk /Users/admin/builder/spi-builder-workspace/.derivedData/SDKStatCaches.noindex/watchos27.0-24R360-e829b21a6f8c9b70876ba0858053c04477534ef55a1706bf4c1112bbb242f0a2.sdkstatcache
cd /Users/admin/builder/spi-builder-workspace/.swiftpm/xcode
/Applications/Xcode-27.0.0-Release.Candidate.app/Contents/Developer/Toolchains/XcodeDefault.xctoolchain/usr/bin/clang-stat-cache /Applications/Xcode-27.0.0-Release.Candidate.app/Contents/Developer/Platforms/WatchOS.platform/Developer/SDKs/WatchOS27.0.sdk -o /Users/admin/builder/spi-builder-workspace/.derivedData/SDKStatCaches.noindex/watchos27.0-24R360-e829b21a6f8c9b70876ba0858053c04477534ef55a1706bf4c1112bbb242f0a2.sdkstatcache
CreateBuildDirectory /Users/admin/builder/spi-builder-workspace/.derivedData/Build/Products
cd /Users/admin/builder/spi-builder-workspace/.swiftpm/xcode
builtin-create-build-directory /Users/admin/builder/spi-builder-workspace/.derivedData/Build/Products
CreateBuildDirectory /Users/admin/builder/spi-builder-workspace/.derivedData/Build/Intermediates.noindex
cd /Users/admin/builder/spi-builder-workspace/.swiftpm/xcode
builtin-create-build-directory /Users/admin/builder/spi-builder-workspace/.derivedData/Build/Intermediates.noindex
CreateBuildDirectory /Users/admin/builder/spi-builder-workspace/.derivedData/Build/Intermediates.noindex/PrecompiledHeaders
cd /Users/admin/builder/spi-builder-workspace/.swiftpm/xcode
builtin-create-build-directory /Users/admin/builder/spi-builder-workspace/.derivedData/Build/Intermediates.noindex/PrecompiledHeaders
CreateBuildDirectory /Users/admin/builder/spi-builder-workspace/.derivedData/Build/Intermediates.noindex/SwiftExplicitPrecompiledModules
cd /Users/admin/builder/spi-builder-workspace/.swiftpm/xcode
builtin-create-build-directory /Users/admin/builder/spi-builder-workspace/.derivedData/Build/Intermediates.noindex/SwiftExplicitPrecompiledModules
CreateBuildDirectory /Users/admin/builder/spi-builder-workspace/.derivedData/Build/Intermediates.noindex/ExplicitPrecompiledModules
cd /Users/admin/builder/spi-builder-workspace/.swiftpm/xcode
builtin-create-build-directory /Users/admin/builder/spi-builder-workspace/.derivedData/Build/Intermediates.noindex/ExplicitPrecompiledModules
CreateBuildDirectory /Users/admin/builder/spi-builder-workspace/.derivedData/Build/Intermediates.noindex/EagerLinkingTBDs/Debug-watchos
cd /Users/admin/builder/spi-builder-workspace/.swiftpm/xcode
builtin-create-build-directory /Users/admin/builder/spi-builder-workspace/.derivedData/Build/Intermediates.noindex/EagerLinkingTBDs/Debug-watchos
CreateBuildDirectory /Users/admin/builder/spi-builder-workspace/.derivedData/Build/Products/Debug-watchos
cd /Users/admin/builder/spi-builder-workspace/.swiftpm/xcode
builtin-create-build-directory /Users/admin/builder/spi-builder-workspace/.derivedData/Build/Products/Debug-watchos
CreateBuildDirectory /Users/admin/builder/spi-builder-workspace/.derivedData/Build/Products/Debug-watchos/PackageFrameworks
cd /Users/admin/builder/spi-builder-workspace/.swiftpm/xcode
builtin-create-build-directory /Users/admin/builder/spi-builder-workspace/.derivedData/Build/Products/Debug-watchos/PackageFrameworks
WriteAuxiliaryFile /Users/admin/builder/spi-builder-workspace/.derivedData/Build/Intermediates.noindex/SwiftSyntax.build/Debug-watchos/_CSwiftSyntax-t.build/_CSwiftSyntax.DependencyMetadataFileList (in target '_CSwiftSyntax' from project 'SwiftSyntax')
cd /Users/admin/builder/spi-builder-workspace/.dependencies/checkouts/swift-syntax
write-file /Users/admin/builder/spi-builder-workspace/.derivedData/Build/Intermediates.noindex/SwiftSyntax.build/Debug-watchos/_CSwiftSyntax-t.build/_CSwiftSyntax.DependencyMetadataFileList
WriteAuxiliaryFile /Users/admin/builder/spi-builder-workspace/.derivedData/Build/Intermediates.noindex/SwiftSyntax.build/Debug-watchos/_CSwiftSyntax-t.build/_CSwiftSyntax.modulemap (in target '_CSwiftSyntax' from project 'SwiftSyntax')
cd /Users/admin/builder/spi-builder-workspace/.dependencies/checkouts/swift-syntax
write-file /Users/admin/builder/spi-builder-workspace/.derivedData/Build/Intermediates.noindex/SwiftSyntax.build/Debug-watchos/_CSwiftSyntax-t.build/_CSwiftSyntax.modulemap
WriteAuxiliaryFile /Users/admin/builder/spi-builder-workspace/.derivedData/Build/Intermediates.noindex/SwiftSyntax.build/Debug-watchos/_CSwiftSyntax-t.build/_CSwiftSyntax.DependencyStaticMetadataFileList (in target '_CSwiftSyntax' from project 'SwiftSyntax')
cd /Users/admin/builder/spi-builder-workspace/.dependencies/checkouts/swift-syntax
write-file /Users/admin/builder/spi-builder-workspace/.derivedData/Build/Intermediates.noindex/SwiftSyntax.build/Debug-watchos/_CSwiftSyntax-t.build/_CSwiftSyntax.DependencyStaticMetadataFileList
WriteAuxiliaryFile /Users/admin/builder/spi-builder-workspace/.derivedData/Build/Intermediates.noindex/SwiftSyntax.build/Debug-watchos/_CSwiftSyntax-t.build/Objects-normal/arm64/_CSwiftSyntax.LinkFileList (in target '_CSwiftSyntax' from project 'SwiftSyntax')
cd /Users/admin/builder/spi-builder-workspace/.dependencies/checkouts/swift-syntax
write-file /Users/admin/builder/spi-builder-workspace/.derivedData/Build/Intermediates.noindex/SwiftSyntax.build/Debug-watchos/_CSwiftSyntax-t.build/Objects-normal/arm64/_CSwiftSyntax.LinkFileList
WriteAuxiliaryFile /Users/admin/builder/spi-builder-workspace/.derivedData/Build/Intermediates.noindex/SwiftSyntax.build/Debug-watchos/_CSwiftSyntax-t.build/Objects-normal/arm64/7187679823f38a2a940e0043cdf9d637-common-args.resp (in target '_CSwiftSyntax' from project 'SwiftSyntax')
cd /Users/admin/builder/spi-builder-workspace/.dependencies/checkouts/swift-syntax
write-file /Users/admin/builder/spi-builder-workspace/.derivedData/Build/Intermediates.noindex/SwiftSyntax.build/Debug-watchos/_CSwiftSyntax-t.build/Objects-normal/arm64/7187679823f38a2a940e0043cdf9d637-common-args.resp
-fmodules -gmodules '-fmodules-cache-path=/Users/admin/builder/spi-builder-workspace/.derivedData/ModuleCache.noindex' '-fmodule-name=_CSwiftSyntax' -fpascal-strings -O0 -DSWIFT_PACKAGE '-DDEBUG=1' -g -fprofile-instr-generate -fcoverage-mapping -I/Users/admin/builder/spi-builder-workspace/.derivedData/Build/Products/Debug-watchos/include -I/Users/admin/builder/spi-builder-workspace/.dependencies/checkouts/swift-syntax/Sources/_CSwiftSyntax/include -I/Users/admin/builder/spi-builder-workspace/.derivedData/Build/Intermediates.noindex/SwiftSyntax.build/Debug-watchos/_CSwiftSyntax-t.build/DerivedSources-normal/arm64 -I/Users/admin/builder/spi-builder-workspace/.derivedData/Build/Intermediates.noindex/SwiftSyntax.build/Debug-watchos/_CSwiftSyntax-t.build/DerivedSources/arm64 -I/Users/admin/builder/spi-builder-workspace/.derivedData/Build/Intermediates.noindex/SwiftSyntax.build/Debug-watchos/_CSwiftSyntax-t.build/DerivedSources -F/Users/admin/builder/spi-builder-workspace/.derivedData/Build/Products/Debug-watchos -iframework /Applications/Xcode-27.0.0-Release.Candidate.app/Contents/Developer/Platforms/WatchOS.platform/Developer/Library/Frameworks -iframework /Applications/Xcode-27.0.0-Release.Candidate.app/Contents/Developer/Platforms/WatchOS.platform/Developer/SDKs/WatchOS27.0.sdk/Developer/Library/Frameworks -DXcode
WriteAuxiliaryFile /Users/admin/builder/spi-builder-workspace/.derivedData/Build/Intermediates.noindex/SwiftSyntax.build/Debug-watchos/_CSwiftSyntax-t.build/Objects-normal/arm64_32/_CSwiftSyntax.LinkFileList (in target '_CSwiftSyntax' from project 'SwiftSyntax')
cd /Users/admin/builder/spi-builder-workspace/.dependencies/checkouts/swift-syntax
write-file /Users/admin/builder/spi-builder-workspace/.derivedData/Build/Intermediates.noindex/SwiftSyntax.build/Debug-watchos/_CSwiftSyntax-t.build/Objects-normal/arm64_32/_CSwiftSyntax.LinkFileList
WriteAuxiliaryFile /Users/admin/builder/spi-builder-workspace/.derivedData/Build/Intermediates.noindex/SwiftSyntax.build/Debug-watchos/_CSwiftSyntax-t.build/Objects-normal/arm64_32/7187679823f38a2a940e0043cdf9d637-common-args.resp (in target '_CSwiftSyntax' from project 'SwiftSyntax')
cd /Users/admin/builder/spi-builder-workspace/.dependencies/checkouts/swift-syntax
write-file /Users/admin/builder/spi-builder-workspace/.derivedData/Build/Intermediates.noindex/SwiftSyntax.build/Debug-watchos/_CSwiftSyntax-t.build/Objects-normal/arm64_32/7187679823f38a2a940e0043cdf9d637-common-args.resp
-fmodules -gmodules '-fmodules-cache-path=/Users/admin/builder/spi-builder-workspace/.derivedData/ModuleCache.noindex' '-fmodule-name=_CSwiftSyntax' -fpascal-strings -O0 -DSWIFT_PACKAGE '-DDEBUG=1' -g -fprofile-instr-generate -fcoverage-mapping -I/Users/admin/builder/spi-builder-workspace/.derivedData/Build/Products/Debug-watchos/include -I/Users/admin/builder/spi-builder-workspace/.dependencies/checkouts/swift-syntax/Sources/_CSwiftSyntax/include -I/Users/admin/builder/spi-builder-workspace/.derivedData/Build/Intermediates.noindex/SwiftSyntax.build/Debug-watchos/_CSwiftSyntax-t.build/DerivedSources-normal/arm64_32 -I/Users/admin/builder/spi-builder-workspace/.derivedData/Build/Intermediates.noindex/SwiftSyntax.build/Debug-watchos/_CSwiftSyntax-t.build/DerivedSources/arm64_32 -I/Users/admin/builder/spi-builder-workspace/.derivedData/Build/Intermediates.noindex/SwiftSyntax.build/Debug-watchos/_CSwiftSyntax-t.build/DerivedSources -F/Users/admin/builder/spi-builder-workspace/.derivedData/Build/Products/Debug-watchos -iframework /Applications/Xcode-27.0.0-Release.Candidate.app/Contents/Developer/Platforms/WatchOS.platform/Developer/Library/Frameworks -iframework /Applications/Xcode-27.0.0-Release.Candidate.app/Contents/Developer/Platforms/WatchOS.platform/Developer/SDKs/WatchOS27.0.sdk/Developer/Library/Frameworks -DXcode
WriteAuxiliaryFile /Users/admin/builder/spi-builder-workspace/.derivedData/Build/Intermediates.noindex/Ragnarok.build/Debug-watchos/ragnarok-p.build/ragnarok.DependencyStaticMetadataFileList (in target 'ragnarok-product' from project 'Ragnarok')
cd /Users/admin/builder/spi-builder-workspace
write-file /Users/admin/builder/spi-builder-workspace/.derivedData/Build/Intermediates.noindex/Ragnarok.build/Debug-watchos/ragnarok-p.build/ragnarok.DependencyStaticMetadataFileList
WriteAuxiliaryFile /Users/admin/builder/spi-builder-workspace/.derivedData/Build/Intermediates.noindex/Ragnarok.build/Debug-watchos/ragnarok-p.build/ragnarok.DependencyMetadataFileList (in target 'ragnarok-product' from project 'Ragnarok')
cd /Users/admin/builder/spi-builder-workspace
write-file /Users/admin/builder/spi-builder-workspace/.derivedData/Build/Intermediates.noindex/Ragnarok.build/Debug-watchos/ragnarok-p.build/ragnarok.DependencyMetadataFileList
WriteAuxiliaryFile /Users/admin/builder/spi-builder-workspace/.derivedData/Build/Intermediates.noindex/Ragnarok.build/Debug-watchos/ragnarok-p.build/Objects-normal/arm64_32/ragnarok_const_extract_protocols.json (in target 'ragnarok-product' from project 'Ragnarok')
cd /Users/admin/builder/spi-builder-workspace
write-file /Users/admin/builder/spi-builder-workspace/.derivedData/Build/Intermediates.noindex/Ragnarok.build/Debug-watchos/ragnarok-p.build/Objects-normal/arm64_32/ragnarok_const_extract_protocols.json
WriteAuxiliaryFile /Users/admin/builder/spi-builder-workspace/.derivedData/Build/Intermediates.noindex/Ragnarok.build/Debug-watchos/ragnarok-p.build/Objects-normal/arm64_32/ragnarok.SwiftFileList (in target 'ragnarok-product' from project 'Ragnarok')
cd /Users/admin/builder/spi-builder-workspace
write-file /Users/admin/builder/spi-builder-workspace/.derivedData/Build/Intermediates.noindex/Ragnarok.build/Debug-watchos/ragnarok-p.build/Objects-normal/arm64_32/ragnarok.SwiftFileList
WriteAuxiliaryFile /Users/admin/builder/spi-builder-workspace/.derivedData/Build/Intermediates.noindex/Ragnarok.build/Debug-watchos/ragnarok-p.build/Objects-normal/arm64_32/ragnarok.LinkFileList (in target 'ragnarok-product' from project 'Ragnarok')
cd /Users/admin/builder/spi-builder-workspace
write-file /Users/admin/builder/spi-builder-workspace/.derivedData/Build/Intermediates.noindex/Ragnarok.build/Debug-watchos/ragnarok-p.build/Objects-normal/arm64_32/ragnarok.LinkFileList
WriteAuxiliaryFile /Users/admin/builder/spi-builder-workspace/.derivedData/Build/Intermediates.noindex/Ragnarok.build/Debug-watchos/ragnarok-p.build/Objects-normal/arm64_32/ragnarok-OutputFileMap.json (in target 'ragnarok-product' from project 'Ragnarok')
cd /Users/admin/builder/spi-builder-workspace
write-file /Users/admin/builder/spi-builder-workspace/.derivedData/Build/Intermediates.noindex/Ragnarok.build/Debug-watchos/ragnarok-p.build/Objects-normal/arm64_32/ragnarok-OutputFileMap.json
WriteAuxiliaryFile /Users/admin/builder/spi-builder-workspace/.derivedData/Build/Intermediates.noindex/Ragnarok.build/Debug-watchos/ragnarok-p.build/Objects-normal/arm64/ragnarok_const_extract_protocols.json (in target 'ragnarok-product' from project 'Ragnarok')
cd /Users/admin/builder/spi-builder-workspace
write-file /Users/admin/builder/spi-builder-workspace/.derivedData/Build/Intermediates.noindex/Ragnarok.build/Debug-watchos/ragnarok-p.build/Objects-normal/arm64/ragnarok_const_extract_protocols.json
WriteAuxiliaryFile /Users/admin/builder/spi-builder-workspace/.derivedData/Build/Intermediates.noindex/Ragnarok.build/Debug-watchos/ragnarok-p.build/Objects-normal/arm64/ragnarok.SwiftFileList (in target 'ragnarok-product' from project 'Ragnarok')
cd /Users/admin/builder/spi-builder-workspace
write-file /Users/admin/builder/spi-builder-workspace/.derivedData/Build/Intermediates.noindex/Ragnarok.build/Debug-watchos/ragnarok-p.build/Objects-normal/arm64/ragnarok.SwiftFileList
WriteAuxiliaryFile /Users/admin/builder/spi-builder-workspace/.derivedData/Build/Intermediates.noindex/Ragnarok.build/Debug-watchos/ragnarok-p.build/Objects-normal/arm64/ragnarok.LinkFileList (in target 'ragnarok-product' from project 'Ragnarok')
cd /Users/admin/builder/spi-builder-workspace
write-file /Users/admin/builder/spi-builder-workspace/.derivedData/Build/Intermediates.noindex/Ragnarok.build/Debug-watchos/ragnarok-p.build/Objects-normal/arm64/ragnarok.LinkFileList
WriteAuxiliaryFile /Users/admin/builder/spi-builder-workspace/.derivedData/Build/Intermediates.noindex/Ragnarok.build/Debug-watchos/ragnarok-p.build/Objects-normal/arm64/ragnarok-OutputFileMap.json (in target 'ragnarok-product' from project 'Ragnarok')
cd /Users/admin/builder/spi-builder-workspace
write-file /Users/admin/builder/spi-builder-workspace/.derivedData/Build/Intermediates.noindex/Ragnarok.build/Debug-watchos/ragnarok-p.build/Objects-normal/arm64/ragnarok-OutputFileMap.json
Copy /Users/admin/builder/spi-builder-workspace/.derivedData/Build/Intermediates.noindex/GeneratedModuleMaps-watchos/_CSwiftSyntax.modulemap /Users/admin/builder/spi-builder-workspace/.derivedData/Build/Intermediates.noindex/SwiftSyntax.build/Debug-watchos/_CSwiftSyntax-t.build/_CSwiftSyntax.modulemap (in target '_CSwiftSyntax' from project 'SwiftSyntax')
cd /Users/admin/builder/spi-builder-workspace/.dependencies/checkouts/swift-syntax
builtin-copy -exclude .DS_Store -exclude CVS -exclude .svn -exclude .git -exclude .hg -resolve-src-symlinks /Users/admin/builder/spi-builder-workspace/.derivedData/Build/Intermediates.noindex/SwiftSyntax.build/Debug-watchos/_CSwiftSyntax-t.build/_CSwiftSyntax.modulemap /Users/admin/builder/spi-builder-workspace/.derivedData/Build/Intermediates.noindex/GeneratedModuleMaps-watchos
WriteAuxiliaryFile /Users/admin/builder/spi-builder-workspace/.derivedData/Build/Intermediates.noindex/SwiftSyntax.build/Debug-watchos/SwiftSyntax-t.build/SwiftSyntax.modulemap (in target 'SwiftSyntax' from project 'SwiftSyntax')
cd /Users/admin/builder/spi-builder-workspace/.dependencies/checkouts/swift-syntax
write-file /Users/admin/builder/spi-builder-workspace/.derivedData/Build/Intermediates.noindex/SwiftSyntax.build/Debug-watchos/SwiftSyntax-t.build/SwiftSyntax.modulemap
WriteAuxiliaryFile /Users/admin/builder/spi-builder-workspace/.derivedData/Build/Intermediates.noindex/SwiftSyntax.build/Debug-watchos/SwiftSyntax-t.build/SwiftSyntax.DependencyStaticMetadataFileList (in target 'SwiftSyntax' from project 'SwiftSyntax')
cd /Users/admin/builder/spi-builder-workspace/.dependencies/checkouts/swift-syntax
write-file /Users/admin/builder/spi-builder-workspace/.derivedData/Build/Intermediates.noindex/SwiftSyntax.build/Debug-watchos/SwiftSyntax-t.build/SwiftSyntax.DependencyStaticMetadataFileList
WriteAuxiliaryFile /Users/admin/builder/spi-builder-workspace/.derivedData/Build/Intermediates.noindex/SwiftSyntax.build/Debug-watchos/SwiftSyntax-t.build/SwiftSyntax.DependencyMetadataFileList (in target 'SwiftSyntax' from project 'SwiftSyntax')
cd /Users/admin/builder/spi-builder-workspace/.dependencies/checkouts/swift-syntax
write-file /Users/admin/builder/spi-builder-workspace/.derivedData/Build/Intermediates.noindex/SwiftSyntax.build/Debug-watchos/SwiftSyntax-t.build/SwiftSyntax.DependencyMetadataFileList
WriteAuxiliaryFile /Users/admin/builder/spi-builder-workspace/.derivedData/Build/Intermediates.noindex/SwiftSyntax.build/Debug-watchos/SwiftSyntax-t.build/Objects-normal/arm64_32/SwiftSyntax_const_extract_protocols.json (in target 'SwiftSyntax' from project 'SwiftSyntax')
cd /Users/admin/builder/spi-builder-workspace/.dependencies/checkouts/swift-syntax
write-file /Users/admin/builder/spi-builder-workspace/.derivedData/Build/Intermediates.noindex/SwiftSyntax.build/Debug-watchos/SwiftSyntax-t.build/Objects-normal/arm64_32/SwiftSyntax_const_extract_protocols.json
WriteAuxiliaryFile /Users/admin/builder/spi-builder-workspace/.derivedData/Build/Intermediates.noindex/SwiftSyntax.build/Debug-watchos/SwiftSyntax-t.build/Objects-normal/arm64_32/SwiftSyntax.SwiftFileList (in target 'SwiftSyntax' from project 'SwiftSyntax')
cd /Users/admin/builder/spi-builder-workspace/.dependencies/checkouts/swift-syntax
write-file /Users/admin/builder/spi-builder-workspace/.derivedData/Build/Intermediates.noindex/SwiftSyntax.build/Debug-watchos/SwiftSyntax-t.build/Objects-normal/arm64_32/SwiftSyntax.SwiftFileList
WriteAuxiliaryFile /Users/admin/builder/spi-builder-workspace/.derivedData/Build/Intermediates.noindex/SwiftSyntax.build/Debug-watchos/SwiftSyntax-t.build/Objects-normal/arm64_32/SwiftSyntax.SwiftConstValuesFileList (in target 'SwiftSyntax' from project 'SwiftSyntax')
cd /Users/admin/builder/spi-builder-workspace/.dependencies/checkouts/swift-syntax
write-file /Users/admin/builder/spi-builder-workspace/.derivedData/Build/Intermediates.noindex/SwiftSyntax.build/Debug-watchos/SwiftSyntax-t.build/Objects-normal/arm64_32/SwiftSyntax.SwiftConstValuesFileList
WriteAuxiliaryFile /Users/admin/builder/spi-builder-workspace/.derivedData/Build/Intermediates.noindex/SwiftSyntax.build/Debug-watchos/SwiftSyntax-t.build/Objects-normal/arm64_32/SwiftSyntax.LinkFileList (in target 'SwiftSyntax' from project 'SwiftSyntax')
cd /Users/admin/builder/spi-builder-workspace/.dependencies/checkouts/swift-syntax
write-file /Users/admin/builder/spi-builder-workspace/.derivedData/Build/Intermediates.noindex/SwiftSyntax.build/Debug-watchos/SwiftSyntax-t.build/Objects-normal/arm64_32/SwiftSyntax.LinkFileList
WriteAuxiliaryFile /Users/admin/builder/spi-builder-workspace/.derivedData/Build/Intermediates.noindex/SwiftSyntax.build/Debug-watchos/SwiftSyntax-t.build/Objects-normal/arm64_32/SwiftSyntax-OutputFileMap.json (in target 'SwiftSyntax' from project 'SwiftSyntax')
cd /Users/admin/builder/spi-builder-workspace/.dependencies/checkouts/swift-syntax
write-file /Users/admin/builder/spi-builder-workspace/.derivedData/Build/Intermediates.noindex/SwiftSyntax.build/Debug-watchos/SwiftSyntax-t.build/Objects-normal/arm64_32/SwiftSyntax-OutputFileMap.json
WriteAuxiliaryFile /Users/admin/builder/spi-builder-workspace/.derivedData/Build/Intermediates.noindex/SwiftSyntax.build/Debug-watchos/SwiftSyntax-t.build/Objects-normal/arm64/SwiftSyntax.SwiftFileList (in target 'SwiftSyntax' from project 'SwiftSyntax')
cd /Users/admin/builder/spi-builder-workspace/.dependencies/checkouts/swift-syntax
write-file /Users/admin/builder/spi-builder-workspace/.derivedData/Build/Intermediates.noindex/SwiftSyntax.build/Debug-watchos/SwiftSyntax-t.build/Objects-normal/arm64/SwiftSyntax.SwiftFileList
WriteAuxiliaryFile /Users/admin/builder/spi-builder-workspace/.derivedData/Build/Intermediates.noindex/SwiftSyntax.build/Debug-watchos/SwiftSyntax-t.build/Objects-normal/arm64/SwiftSyntax_const_extract_protocols.json (in target 'SwiftSyntax' from project 'SwiftSyntax')
cd /Users/admin/builder/spi-builder-workspace/.dependencies/checkouts/swift-syntax
write-file /Users/admin/builder/spi-builder-workspace/.derivedData/Build/Intermediates.noindex/SwiftSyntax.build/Debug-watchos/SwiftSyntax-t.build/Objects-normal/arm64/SwiftSyntax_const_extract_protocols.json
WriteAuxiliaryFile /Users/admin/builder/spi-builder-workspace/.derivedData/Build/Intermediates.noindex/SwiftSyntax.build/Debug-watchos/SwiftSyntax-t.build/Objects-normal/arm64/SwiftSyntax.SwiftConstValuesFileList (in target 'SwiftSyntax' from project 'SwiftSyntax')
cd /Users/admin/builder/spi-builder-workspace/.dependencies/checkouts/swift-syntax
write-file /Users/admin/builder/spi-builder-workspace/.derivedData/Build/Intermediates.noindex/SwiftSyntax.build/Debug-watchos/SwiftSyntax-t.build/Objects-normal/arm64/SwiftSyntax.SwiftConstValuesFileList
WriteAuxiliaryFile /Users/admin/builder/spi-builder-workspace/.derivedData/Build/Intermediates.noindex/SwiftSyntax.build/Debug-watchos/SwiftSyntax-t.build/Objects-normal/arm64/SwiftSyntax.LinkFileList (in target 'SwiftSyntax' from project 'SwiftSyntax')
cd /Users/admin/builder/spi-builder-workspace/.dependencies/checkouts/swift-syntax
write-file /Users/admin/builder/spi-builder-workspace/.derivedData/Build/Intermediates.noindex/SwiftSyntax.build/Debug-watchos/SwiftSyntax-t.build/Objects-normal/arm64/SwiftSyntax.LinkFileList
WriteAuxiliaryFile /Users/admin/builder/spi-builder-workspace/.derivedData/Build/Intermediates.noindex/SwiftSyntax.build/Debug-watchos/SwiftSyntax-t.build/Objects-normal/arm64/SwiftSyntax-OutputFileMap.json (in target 'SwiftSyntax' from project 'SwiftSyntax')
cd /Users/admin/builder/spi-builder-workspace/.dependencies/checkouts/swift-syntax
write-file /Users/admin/builder/spi-builder-workspace/.derivedData/Build/Intermediates.noindex/SwiftSyntax.build/Debug-watchos/SwiftSyntax-t.build/Objects-normal/arm64/SwiftSyntax-OutputFileMap.json
Copy /Users/admin/builder/spi-builder-workspace/.derivedData/Build/Intermediates.noindex/GeneratedModuleMaps-watchos/SwiftSyntax.modulemap /Users/admin/builder/spi-builder-workspace/.derivedData/Build/Intermediates.noindex/SwiftSyntax.build/Debug-watchos/SwiftSyntax-t.build/SwiftSyntax.modulemap (in target 'SwiftSyntax' from project 'SwiftSyntax')
cd /Users/admin/builder/spi-builder-workspace/.dependencies/checkouts/swift-syntax
builtin-copy -exclude .DS_Store -exclude CVS -exclude .svn -exclude .git -exclude .hg -resolve-src-symlinks /Users/admin/builder/spi-builder-workspace/.derivedData/Build/Intermediates.noindex/SwiftSyntax.build/Debug-watchos/SwiftSyntax-t.build/SwiftSyntax.modulemap /Users/admin/builder/spi-builder-workspace/.derivedData/Build/Intermediates.noindex/GeneratedModuleMaps-watchos
WriteAuxiliaryFile /Users/admin/builder/spi-builder-workspace/.derivedData/Build/Intermediates.noindex/Ragnarok.build/Debug-watchos/RagnarokCore-t.build/RagnarokCore.modulemap (in target 'RagnarokCore' from project 'Ragnarok')
cd /Users/admin/builder/spi-builder-workspace
write-file /Users/admin/builder/spi-builder-workspace/.derivedData/Build/Intermediates.noindex/Ragnarok.build/Debug-watchos/RagnarokCore-t.build/RagnarokCore.modulemap
WriteAuxiliaryFile /Users/admin/builder/spi-builder-workspace/.derivedData/Build/Intermediates.noindex/Ragnarok.build/Debug-watchos/RagnarokCore-t.build/RagnarokCore.DependencyStaticMetadataFileList (in target 'RagnarokCore' from project 'Ragnarok')
cd /Users/admin/builder/spi-builder-workspace
write-file /Users/admin/builder/spi-builder-workspace/.derivedData/Build/Intermediates.noindex/Ragnarok.build/Debug-watchos/RagnarokCore-t.build/RagnarokCore.DependencyStaticMetadataFileList
WriteAuxiliaryFile /Users/admin/builder/spi-builder-workspace/.derivedData/Build/Intermediates.noindex/Ragnarok.build/Debug-watchos/RagnarokCore-t.build/RagnarokCore.DependencyMetadataFileList (in target 'RagnarokCore' from project 'Ragnarok')
cd /Users/admin/builder/spi-builder-workspace
write-file /Users/admin/builder/spi-builder-workspace/.derivedData/Build/Intermediates.noindex/Ragnarok.build/Debug-watchos/RagnarokCore-t.build/RagnarokCore.DependencyMetadataFileList
WriteAuxiliaryFile /Users/admin/builder/spi-builder-workspace/.derivedData/Build/Intermediates.noindex/Ragnarok.build/Debug-watchos/RagnarokCore-t.build/Objects-normal/arm64_32/RagnarokCore_const_extract_protocols.json (in target 'RagnarokCore' from project 'Ragnarok')
cd /Users/admin/builder/spi-builder-workspace
write-file /Users/admin/builder/spi-builder-workspace/.derivedData/Build/Intermediates.noindex/Ragnarok.build/Debug-watchos/RagnarokCore-t.build/Objects-normal/arm64_32/RagnarokCore_const_extract_protocols.json
WriteAuxiliaryFile /Users/admin/builder/spi-builder-workspace/.derivedData/Build/Intermediates.noindex/Ragnarok.build/Debug-watchos/RagnarokCore-t.build/Objects-normal/arm64_32/RagnarokCore.SwiftFileList (in target 'RagnarokCore' from project 'Ragnarok')
cd /Users/admin/builder/spi-builder-workspace
write-file /Users/admin/builder/spi-builder-workspace/.derivedData/Build/Intermediates.noindex/Ragnarok.build/Debug-watchos/RagnarokCore-t.build/Objects-normal/arm64_32/RagnarokCore.SwiftFileList
WriteAuxiliaryFile /Users/admin/builder/spi-builder-workspace/.derivedData/Build/Intermediates.noindex/Ragnarok.build/Debug-watchos/RagnarokCore-t.build/Objects-normal/arm64_32/RagnarokCore.SwiftConstValuesFileList (in target 'RagnarokCore' from project 'Ragnarok')
cd /Users/admin/builder/spi-builder-workspace
write-file /Users/admin/builder/spi-builder-workspace/.derivedData/Build/Intermediates.noindex/Ragnarok.build/Debug-watchos/RagnarokCore-t.build/Objects-normal/arm64_32/RagnarokCore.SwiftConstValuesFileList
WriteAuxiliaryFile /Users/admin/builder/spi-builder-workspace/.derivedData/Build/Intermediates.noindex/Ragnarok.build/Debug-watchos/RagnarokCore-t.build/Objects-normal/arm64_32/RagnarokCore.LinkFileList (in target 'RagnarokCore' from project 'Ragnarok')
cd /Users/admin/builder/spi-builder-workspace
write-file /Users/admin/builder/spi-builder-workspace/.derivedData/Build/Intermediates.noindex/Ragnarok.build/Debug-watchos/RagnarokCore-t.build/Objects-normal/arm64_32/RagnarokCore.LinkFileList
WriteAuxiliaryFile /Users/admin/builder/spi-builder-workspace/.derivedData/Build/Intermediates.noindex/Ragnarok.build/Debug-watchos/RagnarokCore-t.build/Objects-normal/arm64_32/RagnarokCore-OutputFileMap.json (in target 'RagnarokCore' from project 'Ragnarok')
cd /Users/admin/builder/spi-builder-workspace
write-file /Users/admin/builder/spi-builder-workspace/.derivedData/Build/Intermediates.noindex/Ragnarok.build/Debug-watchos/RagnarokCore-t.build/Objects-normal/arm64_32/RagnarokCore-OutputFileMap.json
WriteAuxiliaryFile /Users/admin/builder/spi-builder-workspace/.derivedData/Build/Intermediates.noindex/Ragnarok.build/Debug-watchos/RagnarokCore-t.build/Objects-normal/arm64/RagnarokCore_const_extract_protocols.json (in target 'RagnarokCore' from project 'Ragnarok')
cd /Users/admin/builder/spi-builder-workspace
write-file /Users/admin/builder/spi-builder-workspace/.derivedData/Build/Intermediates.noindex/Ragnarok.build/Debug-watchos/RagnarokCore-t.build/Objects-normal/arm64/RagnarokCore_const_extract_protocols.json
WriteAuxiliaryFile /Users/admin/builder/spi-builder-workspace/.derivedData/Build/Intermediates.noindex/Ragnarok.build/Debug-watchos/RagnarokCore-t.build/Objects-normal/arm64/RagnarokCore.SwiftFileList (in target 'RagnarokCore' from project 'Ragnarok')
cd /Users/admin/builder/spi-builder-workspace
write-file /Users/admin/builder/spi-builder-workspace/.derivedData/Build/Intermediates.noindex/Ragnarok.build/Debug-watchos/RagnarokCore-t.build/Objects-normal/arm64/RagnarokCore.SwiftFileList
WriteAuxiliaryFile /Users/admin/builder/spi-builder-workspace/.derivedData/Build/Intermediates.noindex/Ragnarok.build/Debug-watchos/RagnarokCore-t.build/Objects-normal/arm64/RagnarokCore.SwiftConstValuesFileList (in target 'RagnarokCore' from project 'Ragnarok')
cd /Users/admin/builder/spi-builder-workspace
write-file /Users/admin/builder/spi-builder-workspace/.derivedData/Build/Intermediates.noindex/Ragnarok.build/Debug-watchos/RagnarokCore-t.build/Objects-normal/arm64/RagnarokCore.SwiftConstValuesFileList
WriteAuxiliaryFile /Users/admin/builder/spi-builder-workspace/.derivedData/Build/Intermediates.noindex/Ragnarok.build/Debug-watchos/RagnarokCore-t.build/Objects-normal/arm64/RagnarokCore.LinkFileList (in target 'RagnarokCore' from project 'Ragnarok')
cd /Users/admin/builder/spi-builder-workspace
write-file /Users/admin/builder/spi-builder-workspace/.derivedData/Build/Intermediates.noindex/Ragnarok.build/Debug-watchos/RagnarokCore-t.build/Objects-normal/arm64/RagnarokCore.LinkFileList
WriteAuxiliaryFile /Users/admin/builder/spi-builder-workspace/.derivedData/Build/Intermediates.noindex/Ragnarok.build/Debug-watchos/RagnarokCore-t.build/Objects-normal/arm64/RagnarokCore-OutputFileMap.json (in target 'RagnarokCore' from project 'Ragnarok')
cd /Users/admin/builder/spi-builder-workspace
write-file /Users/admin/builder/spi-builder-workspace/.derivedData/Build/Intermediates.noindex/Ragnarok.build/Debug-watchos/RagnarokCore-t.build/Objects-normal/arm64/RagnarokCore-OutputFileMap.json
Copy /Users/admin/builder/spi-builder-workspace/.derivedData/Build/Intermediates.noindex/GeneratedModuleMaps-watchos/RagnarokCore.modulemap /Users/admin/builder/spi-builder-workspace/.derivedData/Build/Intermediates.noindex/Ragnarok.build/Debug-watchos/RagnarokCore-t.build/RagnarokCore.modulemap (in target 'RagnarokCore' from project 'Ragnarok')
cd /Users/admin/builder/spi-builder-workspace
builtin-copy -exclude .DS_Store -exclude CVS -exclude .svn -exclude .git -exclude .hg -resolve-src-symlinks /Users/admin/builder/spi-builder-workspace/.derivedData/Build/Intermediates.noindex/Ragnarok.build/Debug-watchos/RagnarokCore-t.build/RagnarokCore.modulemap /Users/admin/builder/spi-builder-workspace/.derivedData/Build/Intermediates.noindex/GeneratedModuleMaps-watchos
ScanDependencies /Users/admin/builder/spi-builder-workspace/.derivedData/Build/Intermediates.noindex/SwiftSyntax.build/Debug-watchos/_CSwiftSyntax-t.build/Objects-normal/arm64/atomic-counter.o /Users/admin/builder/spi-builder-workspace/.dependencies/checkouts/swift-syntax/Sources/_CSwiftSyntax/src/atomic-counter.c normal arm64 c com.apple.compilers.llvm.clang.1_0.compiler (in target '_CSwiftSyntax' from project 'SwiftSyntax')
cd /Users/admin/builder/spi-builder-workspace/.swiftpm/xcode
Using response file: /Users/admin/builder/spi-builder-workspace/.derivedData/Build/Intermediates.noindex/SwiftSyntax.build/Debug-watchos/_CSwiftSyntax-t.build/Objects-normal/arm64/7187679823f38a2a940e0043cdf9d637-common-args.resp
builtin-ScanDependencies -o /Users/admin/builder/spi-builder-workspace/.derivedData/Build/Intermediates.noindex/SwiftSyntax.build/Debug-watchos/_CSwiftSyntax-t.build/Objects-normal/arm64/atomic-counter.o.scan -- /Applications/Xcode-27.0.0-Release.Candidate.app/Contents/Developer/Toolchains/XcodeDefault.xctoolchain/usr/bin/clang -x c -ivfsstatcache /Users/admin/builder/spi-builder-workspace/.derivedData/SDKStatCaches.noindex/watchos27.0-24R360-e829b21a6f8c9b70876ba0858053c04477534ef55a1706bf4c1112bbb242f0a2.sdkstatcache -target arm64-apple-watchos9.0 -fmessage-length\=0 -fdiagnostics-show-note-include-stack -fmacro-backtrace-limit\=0 -fno-color-diagnostics -fmodules-prune-interval\=86400 -fmodules-prune-after\=345600 -fbuild-session-file\=/Users/admin/builder/spi-builder-workspace/.derivedData/ModuleCache.noindex/Session.modulevalidation -fmodules-validate-once-per-build-session -Wnon-modular-include-in-framework-module -Werror\=non-modular-include-in-framework-module -Wno-trigraphs -Wno-missing-field-initializers -Wno-missing-prototypes -Wno-return-type -Wno-missing-braces -Wparentheses -Wswitch -Wno-unused-function -Wno-unused-label -Wno-unused-parameter -Wno-unused-variable -Wunused-value -Wno-empty-body -Wno-uninitialized -Wno-unknown-pragmas -w -Wno-shadow -Wno-four-char-constants -Wno-conversion -Wno-constant-conversion -Wno-int-conversion -Wno-bool-conversion -Wno-enum-conversion -Wno-float-conversion -Wno-non-literal-null-conversion -Wno-objc-literal-conversion -Wshorten-64-to-32 -Wpointer-sign -Wno-newline-eof -Wno-implicit-fallthrough -isysroot /Applications/Xcode-27.0.0-Release.Candidate.app/Contents/Developer/Platforms/WatchOS.platform/Developer/SDKs/WatchOS27.0.sdk -fstrict-aliasing -Wdeprecated-declarations -Wno-sign-conversion -Wno-infinite-recursion -Wno-comma -Wno-block-capture-autoreleasing -Wno-strict-prototypes -Wno-semicolon-before-method-body -index-store-path /Users/admin/builder/spi-builder-workspace/.derivedData/Index.noindex/DataStore @/Users/admin/builder/spi-builder-workspace/.derivedData/Build/Intermediates.noindex/SwiftSyntax.build/Debug-watchos/_CSwiftSyntax-t.build/Objects-normal/arm64/7187679823f38a2a940e0043cdf9d637-common-args.resp -MMD -MT dependencies -MF /Users/admin/builder/spi-builder-workspace/.derivedData/Build/Intermediates.noindex/SwiftSyntax.build/Debug-watchos/_CSwiftSyntax-t.build/Objects-normal/arm64/atomic-counter.d --serialize-diagnostics /Users/admin/builder/spi-builder-workspace/.derivedData/Build/Intermediates.noindex/SwiftSyntax.build/Debug-watchos/_CSwiftSyntax-t.build/Objects-normal/arm64/atomic-counter.dia -c /Users/admin/builder/spi-builder-workspace/.dependencies/checkouts/swift-syntax/Sources/_CSwiftSyntax/src/atomic-counter.c -o /Users/admin/builder/spi-builder-workspace/.derivedData/Build/Intermediates.noindex/SwiftSyntax.build/Debug-watchos/_CSwiftSyntax-t.build/Objects-normal/arm64/atomic-counter.o -index-unit-output-path /SwiftSyntax.build/Debug-watchos/_CSwiftSyntax-t.build/Objects-normal/arm64/atomic-counter.o
ScanDependencies /Users/admin/builder/spi-builder-workspace/.derivedData/Build/Intermediates.noindex/SwiftSyntax.build/Debug-watchos/_CSwiftSyntax-t.build/Objects-normal/arm64_32/atomic-counter.o /Users/admin/builder/spi-builder-workspace/.dependencies/checkouts/swift-syntax/Sources/_CSwiftSyntax/src/atomic-counter.c normal arm64_32 c com.apple.compilers.llvm.clang.1_0.compiler (in target '_CSwiftSyntax' from project 'SwiftSyntax')
cd /Users/admin/builder/spi-builder-workspace/.swiftpm/xcode
Using response file: /Users/admin/builder/spi-builder-workspace/.derivedData/Build/Intermediates.noindex/SwiftSyntax.build/Debug-watchos/_CSwiftSyntax-t.build/Objects-normal/arm64_32/7187679823f38a2a940e0043cdf9d637-common-args.resp
builtin-ScanDependencies -o /Users/admin/builder/spi-builder-workspace/.derivedData/Build/Intermediates.noindex/SwiftSyntax.build/Debug-watchos/_CSwiftSyntax-t.build/Objects-normal/arm64_32/atomic-counter.o.scan -- /Applications/Xcode-27.0.0-Release.Candidate.app/Contents/Developer/Toolchains/XcodeDefault.xctoolchain/usr/bin/clang -x c -ivfsstatcache /Users/admin/builder/spi-builder-workspace/.derivedData/SDKStatCaches.noindex/watchos27.0-24R360-e829b21a6f8c9b70876ba0858053c04477534ef55a1706bf4c1112bbb242f0a2.sdkstatcache -target arm64_32-apple-watchos9.0 -fmessage-length\=0 -fdiagnostics-show-note-include-stack -fmacro-backtrace-limit\=0 -fno-color-diagnostics -fmodules-prune-interval\=86400 -fmodules-prune-after\=345600 -fbuild-session-file\=/Users/admin/builder/spi-builder-workspace/.derivedData/ModuleCache.noindex/Session.modulevalidation -fmodules-validate-once-per-build-session -Wnon-modular-include-in-framework-module -Werror\=non-modular-include-in-framework-module -Wno-trigraphs -Wno-missing-field-initializers -Wno-missing-prototypes -Wno-return-type -Wno-missing-braces -Wparentheses -Wswitch -Wno-unused-function -Wno-unused-label -Wno-unused-parameter -Wno-unused-variable -Wunused-value -Wno-empty-body -Wno-uninitialized -Wno-unknown-pragmas -w -Wno-shadow -Wno-four-char-constants -Wno-conversion -Wno-constant-conversion -Wno-int-conversion -Wno-bool-conversion -Wno-enum-conversion -Wno-float-conversion -Wno-non-literal-null-conversion -Wno-objc-literal-conversion -Wno-shorten-64-to-32 -Wpointer-sign -Wno-newline-eof -Wno-implicit-fallthrough -isysroot /Applications/Xcode-27.0.0-Release.Candidate.app/Contents/Developer/Platforms/WatchOS.platform/Developer/SDKs/WatchOS27.0.sdk -fstrict-aliasing -Wdeprecated-declarations -Wno-sign-conversion -Wno-infinite-recursion -Wno-comma -Wno-block-capture-autoreleasing -Wno-strict-prototypes -Wno-semicolon-before-method-body -index-store-path /Users/admin/builder/spi-builder-workspace/.derivedData/Index.noindex/DataStore @/Users/admin/builder/spi-builder-workspace/.derivedData/Build/Intermediates.noindex/SwiftSyntax.build/Debug-watchos/_CSwiftSyntax-t.build/Objects-normal/arm64_32/7187679823f38a2a940e0043cdf9d637-common-args.resp -MMD -MT dependencies -MF /Users/admin/builder/spi-builder-workspace/.derivedData/Build/Intermediates.noindex/SwiftSyntax.build/Debug-watchos/_CSwiftSyntax-t.build/Objects-normal/arm64_32/atomic-counter.d --serialize-diagnostics /Users/admin/builder/spi-builder-workspace/.derivedData/Build/Intermediates.noindex/SwiftSyntax.build/Debug-watchos/_CSwiftSyntax-t.build/Objects-normal/arm64_32/atomic-counter.dia -c /Users/admin/builder/spi-builder-workspace/.dependencies/checkouts/swift-syntax/Sources/_CSwiftSyntax/src/atomic-counter.c -o /Users/admin/builder/spi-builder-workspace/.derivedData/Build/Intermediates.noindex/SwiftSyntax.build/Debug-watchos/_CSwiftSyntax-t.build/Objects-normal/arm64_32/atomic-counter.o -index-unit-output-path /SwiftSyntax.build/Debug-watchos/_CSwiftSyntax-t.build/Objects-normal/arm64_32/atomic-counter.o
SwiftDriver SwiftSyntax normal arm64_32 com.apple.xcode.tools.swift.compiler (in target 'SwiftSyntax' from project 'SwiftSyntax')
cd /Users/admin/builder/spi-builder-workspace/.swiftpm/xcode
builtin-SwiftDriver -- /Applications/Xcode-27.0.0-Release.Candidate.app/Contents/Developer/Toolchains/XcodeDefault.xctoolchain/usr/bin/swiftc -parse-as-library -module-name SwiftSyntax -Onone @/Users/admin/builder/spi-builder-workspace/.derivedData/Build/Intermediates.noindex/SwiftSyntax.build/Debug-watchos/SwiftSyntax-t.build/Objects-normal/arm64_32/SwiftSyntax.SwiftFileList -DSWIFT_PACKAGE -DDEBUG -DSWIFT_MODULE_RESOURCE_BUNDLE_UNAVAILABLE -Xcc -fmodule-map-file\=/Users/admin/builder/spi-builder-workspace/.derivedData/Build/Intermediates.noindex/GeneratedModuleMaps-watchos/_CSwiftSyntax.modulemap -DXcode -plugin-path /Applications/Xcode-27.0.0-Release.Candidate.app/Contents/Developer/Toolchains/XcodeDefault.xctoolchain/usr/lib/swift/host/plugins/testing -enable-experimental-feature DebugDescriptionMacro -sdk /Applications/Xcode-27.0.0-Release.Candidate.app/Contents/Developer/Platforms/WatchOS.platform/Developer/SDKs/WatchOS27.0.sdk -target arm64_32-apple-watchos9.0 -g -module-cache-path /Users/admin/builder/spi-builder-workspace/.derivedData/ModuleCache.noindex -Xfrontend -serialize-debugging-options -profile-coverage-mapping -profile-generate -enable-testing -suppress-warnings -index-store-path /Users/admin/builder/spi-builder-workspace/.derivedData/Index.noindex/DataStore -Xcc -D_LIBCPP_HARDENING_MODE\=_LIBCPP_HARDENING_MODE_DEBUG -swift-version 5 -I /Users/admin/builder/spi-builder-workspace/.derivedData/Build/Products/Debug-watchos -Isystem /Applications/Xcode-27.0.0-Release.Candidate.app/Contents/Developer/Platforms/WatchOS.platform/Developer/usr/lib -F /Users/admin/builder/spi-builder-workspace/.derivedData/Build/Products/Debug-watchos/PackageFrameworks -F /Users/admin/builder/spi-builder-workspace/.derivedData/Build/Products/Debug-watchos -F /Applications/Xcode-27.0.0-Release.Candidate.app/Contents/Developer/Platforms/WatchOS.platform/Developer/Library/Frameworks -F /Applications/Xcode-27.0.0-Release.Candidate.app/Contents/Developer/Platforms/WatchOS.platform/Developer/SDKs/WatchOS27.0.sdk/Developer/Library/Frameworks -c -j10 -enable-batch-mode -incremental -Xcc -ivfsstatcache -Xcc /Users/admin/builder/spi-builder-workspace/.derivedData/SDKStatCaches.noindex/watchos27.0-24R360-e829b21a6f8c9b70876ba0858053c04477534ef55a1706bf4c1112bbb242f0a2.sdkstatcache -output-file-map /Users/admin/builder/spi-builder-workspace/.derivedData/Build/Intermediates.noindex/SwiftSyntax.build/Debug-watchos/SwiftSyntax-t.build/Objects-normal/arm64_32/SwiftSyntax-OutputFileMap.json -save-temps -no-color-diagnostics -explicit-module-build -module-cache-path /Users/admin/builder/spi-builder-workspace/.derivedData/Build/Intermediates.noindex/SwiftExplicitPrecompiledModules -clang-scanner-module-cache-path /Users/admin/builder/spi-builder-workspace/.derivedData/ModuleCache.noindex -sdk-module-cache-path /Users/admin/builder/spi-builder-workspace/.derivedData/SDKExplicitPrecompiledModules -emit-dependencies -emit-module -emit-module-path /Users/admin/builder/spi-builder-workspace/.derivedData/Build/Intermediates.noindex/SwiftSyntax.build/Debug-watchos/SwiftSyntax-t.build/Objects-normal/arm64_32/SwiftSyntax.swiftmodule -serialize-diagnostics -dependency-scan-serialize-diagnostics-path /Users/admin/builder/spi-builder-workspace/.derivedData/Build/Intermediates.noindex/SwiftSyntax.build/Debug-watchos/SwiftSyntax-t.build/Objects-normal/arm64_32/SwiftSyntax-dependency-scan.dia -validate-clang-modules-once -clang-build-session-file /Users/admin/builder/spi-builder-workspace/.derivedData/ModuleCache.noindex/Session.modulevalidation -Xcc -fmodules-prune-interval\=86400 -Xcc -fmodules-prune-after\=345600 -emit-const-values -const-gather-protocols-list /Users/admin/builder/spi-builder-workspace/.derivedData/Build/Intermediates.noindex/SwiftSyntax.build/Debug-watchos/SwiftSyntax-t.build/Objects-normal/arm64_32/SwiftSyntax_const_extract_protocols.json -Xcc -I/Users/admin/builder/spi-builder-workspace/.dependencies/checkouts/swift-syntax/Sources/_CSwiftSyntax/include -Xcc -I/Users/admin/builder/spi-builder-workspace/.derivedData/Build/Products/Debug-watchos/include -Xcc -I/Users/admin/builder/spi-builder-workspace/.derivedData/Build/Intermediates.noindex/SwiftSyntax.build/Debug-watchos/SwiftSyntax-t.build/DerivedSources-normal/arm64_32 -Xcc -I/Users/admin/builder/spi-builder-workspace/.derivedData/Build/Intermediates.noindex/SwiftSyntax.build/Debug-watchos/SwiftSyntax-t.build/DerivedSources/arm64_32 -Xcc -I/Users/admin/builder/spi-builder-workspace/.derivedData/Build/Intermediates.noindex/SwiftSyntax.build/Debug-watchos/SwiftSyntax-t.build/DerivedSources -Xcc -DSWIFT_PACKAGE -Xcc -DDEBUG\=1 -emit-objc-header -emit-objc-header-path /Users/admin/builder/spi-builder-workspace/.derivedData/Build/Intermediates.noindex/SwiftSyntax.build/Debug-watchos/SwiftSyntax-t.build/Objects-normal/arm64_32/SwiftSyntax-Swift.h -working-directory /Users/admin/builder/spi-builder-workspace/.swiftpm/xcode -experimental-emit-module-separately -disable-cmo
SwiftDriver SwiftSyntax normal arm64 com.apple.xcode.tools.swift.compiler (in target 'SwiftSyntax' from project 'SwiftSyntax')
cd /Users/admin/builder/spi-builder-workspace/.swiftpm/xcode
builtin-SwiftDriver -- /Applications/Xcode-27.0.0-Release.Candidate.app/Contents/Developer/Toolchains/XcodeDefault.xctoolchain/usr/bin/swiftc -parse-as-library -module-name SwiftSyntax -Onone @/Users/admin/builder/spi-builder-workspace/.derivedData/Build/Intermediates.noindex/SwiftSyntax.build/Debug-watchos/SwiftSyntax-t.build/Objects-normal/arm64/SwiftSyntax.SwiftFileList -DSWIFT_PACKAGE -DDEBUG -DSWIFT_MODULE_RESOURCE_BUNDLE_UNAVAILABLE -Xcc -fmodule-map-file\=/Users/admin/builder/spi-builder-workspace/.derivedData/Build/Intermediates.noindex/GeneratedModuleMaps-watchos/_CSwiftSyntax.modulemap -DXcode -plugin-path /Applications/Xcode-27.0.0-Release.Candidate.app/Contents/Developer/Toolchains/XcodeDefault.xctoolchain/usr/lib/swift/host/plugins/testing -enable-experimental-feature DebugDescriptionMacro -sdk /Applications/Xcode-27.0.0-Release.Candidate.app/Contents/Developer/Platforms/WatchOS.platform/Developer/SDKs/WatchOS27.0.sdk -target arm64-apple-watchos9.0 -g -module-cache-path /Users/admin/builder/spi-builder-workspace/.derivedData/ModuleCache.noindex -Xfrontend -serialize-debugging-options -profile-coverage-mapping -profile-generate -enable-testing -suppress-warnings -index-store-path /Users/admin/builder/spi-builder-workspace/.derivedData/Index.noindex/DataStore -Xcc -D_LIBCPP_HARDENING_MODE\=_LIBCPP_HARDENING_MODE_DEBUG -swift-version 5 -I /Users/admin/builder/spi-builder-workspace/.derivedData/Build/Products/Debug-watchos -Isystem /Applications/Xcode-27.0.0-Release.Candidate.app/Contents/Developer/Platforms/WatchOS.platform/Developer/usr/lib -F /Users/admin/builder/spi-builder-workspace/.derivedData/Build/Products/Debug-watchos/PackageFrameworks -F /Users/admin/builder/spi-builder-workspace/.derivedData/Build/Products/Debug-watchos -F /Applications/Xcode-27.0.0-Release.Candidate.app/Contents/Developer/Platforms/WatchOS.platform/Developer/Library/Frameworks -F /Applications/Xcode-27.0.0-Release.Candidate.app/Contents/Developer/Platforms/WatchOS.platform/Developer/SDKs/WatchOS27.0.sdk/Developer/Library/Frameworks -c -j10 -enable-batch-mode -incremental -Xcc -ivfsstatcache -Xcc /Users/admin/builder/spi-builder-workspace/.derivedData/SDKStatCaches.noindex/watchos27.0-24R360-e829b21a6f8c9b70876ba0858053c04477534ef55a1706bf4c1112bbb242f0a2.sdkstatcache -output-file-map /Users/admin/builder/spi-builder-workspace/.derivedData/Build/Intermediates.noindex/SwiftSyntax.build/Debug-watchos/SwiftSyntax-t.build/Objects-normal/arm64/SwiftSyntax-OutputFileMap.json -save-temps -no-color-diagnostics -explicit-module-build -module-cache-path /Users/admin/builder/spi-builder-workspace/.derivedData/Build/Intermediates.noindex/SwiftExplicitPrecompiledModules -clang-scanner-module-cache-path /Users/admin/builder/spi-builder-workspace/.derivedData/ModuleCache.noindex -sdk-module-cache-path /Users/admin/builder/spi-builder-workspace/.derivedData/SDKExplicitPrecompiledModules -emit-dependencies -emit-module -emit-module-path /Users/admin/builder/spi-builder-workspace/.derivedData/Build/Intermediates.noindex/SwiftSyntax.build/Debug-watchos/SwiftSyntax-t.build/Objects-normal/arm64/SwiftSyntax.swiftmodule -serialize-diagnostics -dependency-scan-serialize-diagnostics-path /Users/admin/builder/spi-builder-workspace/.derivedData/Build/Intermediates.noindex/SwiftSyntax.build/Debug-watchos/SwiftSyntax-t.build/Objects-normal/arm64/SwiftSyntax-dependency-scan.dia -validate-clang-modules-once -clang-build-session-file /Users/admin/builder/spi-builder-workspace/.derivedData/ModuleCache.noindex/Session.modulevalidation -Xcc -fmodules-prune-interval\=86400 -Xcc -fmodules-prune-after\=345600 -emit-const-values -const-gather-protocols-list /Users/admin/builder/spi-builder-workspace/.derivedData/Build/Intermediates.noindex/SwiftSyntax.build/Debug-watchos/SwiftSyntax-t.build/Objects-normal/arm64/SwiftSyntax_const_extract_protocols.json -Xcc -I/Users/admin/builder/spi-builder-workspace/.dependencies/checkouts/swift-syntax/Sources/_CSwiftSyntax/include -Xcc -I/Users/admin/builder/spi-builder-workspace/.derivedData/Build/Products/Debug-watchos/include -Xcc -I/Users/admin/builder/spi-builder-workspace/.derivedData/Build/Intermediates.noindex/SwiftSyntax.build/Debug-watchos/SwiftSyntax-t.build/DerivedSources-normal/arm64 -Xcc -I/Users/admin/builder/spi-builder-workspace/.derivedData/Build/Intermediates.noindex/SwiftSyntax.build/Debug-watchos/SwiftSyntax-t.build/DerivedSources/arm64 -Xcc -I/Users/admin/builder/spi-builder-workspace/.derivedData/Build/Intermediates.noindex/SwiftSyntax.build/Debug-watchos/SwiftSyntax-t.build/DerivedSources -Xcc -DSWIFT_PACKAGE -Xcc -DDEBUG\=1 -emit-objc-header -emit-objc-header-path /Users/admin/builder/spi-builder-workspace/.derivedData/Build/Intermediates.noindex/SwiftSyntax.build/Debug-watchos/SwiftSyntax-t.build/Objects-normal/arm64/SwiftSyntax-Swift.h -working-directory /Users/admin/builder/spi-builder-workspace/.swiftpm/xcode -experimental-emit-module-separately -disable-cmo
PrecompileModule /Users/admin/builder/spi-builder-workspace/.derivedData/Build/Intermediates.noindex/ExplicitPrecompiledModules/_Builtin_stdarg-A34P5U89RCRB7LXC2DYKO2DFI.scan
cd /
builtin-precompileModule /Users/admin/builder/spi-builder-workspace/.derivedData/Build/Intermediates.noindex/ExplicitPrecompiledModules/_Builtin_stdarg-A34P5U89RCRB7LXC2DYKO2DFI.scan
PrecompileModule /Users/admin/builder/spi-builder-workspace/.derivedData/Build/Intermediates.noindex/ExplicitPrecompiledModules/_Builtin_float-1BOP5HWBKHBV6AJB60TC6XAHB.scan
cd /
builtin-precompileModule /Users/admin/builder/spi-builder-workspace/.derivedData/Build/Intermediates.noindex/ExplicitPrecompiledModules/_Builtin_float-1BOP5HWBKHBV6AJB60TC6XAHB.scan
PrecompileModule /Users/admin/builder/spi-builder-workspace/.derivedData/Build/Intermediates.noindex/ExplicitPrecompiledModules/ptrcheck-7884MFS85IH2ENVP3H2PVHSXU.scan
cd /
builtin-precompileModule /Users/admin/builder/spi-builder-workspace/.derivedData/Build/Intermediates.noindex/ExplicitPrecompiledModules/ptrcheck-7884MFS85IH2ENVP3H2PVHSXU.scan
PrecompileModule /Users/admin/builder/spi-builder-workspace/.derivedData/Build/Intermediates.noindex/ExplicitPrecompiledModules/_AvailabilityInternal-B2HAKF4Z5XSDV0000HSSFXY9C.scan
cd /
builtin-precompileModule /Users/admin/builder/spi-builder-workspace/.derivedData/Build/Intermediates.noindex/ExplicitPrecompiledModules/_AvailabilityInternal-B2HAKF4Z5XSDV0000HSSFXY9C.scan
PrecompileModule /Users/admin/builder/spi-builder-workspace/.derivedData/Build/Intermediates.noindex/ExplicitPrecompiledModules/_Builtin_stddef-D24ER3MLYJ1LE64PIZ3PRS6FG.scan
cd /
builtin-precompileModule /Users/admin/builder/spi-builder-workspace/.derivedData/Build/Intermediates.noindex/ExplicitPrecompiledModules/_Builtin_stddef-D24ER3MLYJ1LE64PIZ3PRS6FG.scan
PrecompileModule /Users/admin/builder/spi-builder-workspace/.derivedData/Build/Intermediates.noindex/ExplicitPrecompiledModules/_Builtin_float-EOHQAMFR1MUX8C8DZY4RR74MN.scan
cd /
builtin-precompileModule /Users/admin/builder/spi-builder-workspace/.derivedData/Build/Intermediates.noindex/ExplicitPrecompiledModules/_Builtin_float-EOHQAMFR1MUX8C8DZY4RR74MN.scan
PrecompileModule /Users/admin/builder/spi-builder-workspace/.derivedData/Build/Intermediates.noindex/ExplicitPrecompiledModules/ptrcheck-69N7XULRWVQ3Z7QOO3EM3A89F.scan
cd /
builtin-precompileModule /Users/admin/builder/spi-builder-workspace/.derivedData/Build/Intermediates.noindex/ExplicitPrecompiledModules/ptrcheck-69N7XULRWVQ3Z7QOO3EM3A89F.scan
PrecompileModule /Users/admin/builder/spi-builder-workspace/.derivedData/Build/Intermediates.noindex/ExplicitPrecompiledModules/_Builtin_stddef-2G16WS4KI1O8GRURG8GT0OWEX.scan
cd /
builtin-precompileModule /Users/admin/builder/spi-builder-workspace/.derivedData/Build/Intermediates.noindex/ExplicitPrecompiledModules/_Builtin_stddef-2G16WS4KI1O8GRURG8GT0OWEX.scan
PrecompileModule /Users/admin/builder/spi-builder-workspace/.derivedData/Build/Intermediates.noindex/ExplicitPrecompiledModules/_Builtin_stdarg-3FBU3SHG4221H48J15ES3MF8K.scan
cd /
builtin-precompileModule /Users/admin/builder/spi-builder-workspace/.derivedData/Build/Intermediates.noindex/ExplicitPrecompiledModules/_Builtin_stdarg-3FBU3SHG4221H48J15ES3MF8K.scan
PrecompileModule /Users/admin/builder/spi-builder-workspace/.derivedData/Build/Intermediates.noindex/ExplicitPrecompiledModules/_AvailabilityInternal-3HK0O2LNV5YUZD8JY7W3J1FYI.scan
cd /
builtin-precompileModule /Users/admin/builder/spi-builder-workspace/.derivedData/Build/Intermediates.noindex/ExplicitPrecompiledModules/_AvailabilityInternal-3HK0O2LNV5YUZD8JY7W3J1FYI.scan
PrecompileModule /Users/admin/builder/spi-builder-workspace/.derivedData/Build/Intermediates.noindex/ExplicitPrecompiledModules/_DarwinFoundation1-271C6YMHKE2T7B31M2WB81V4X.scan
cd /
builtin-precompileModule /Users/admin/builder/spi-builder-workspace/.derivedData/Build/Intermediates.noindex/ExplicitPrecompiledModules/_DarwinFoundation1-271C6YMHKE2T7B31M2WB81V4X.scan
PrecompileModule /Users/admin/builder/spi-builder-workspace/.derivedData/Build/Intermediates.noindex/ExplicitPrecompiledModules/_DarwinFoundation1-13H6FXL1GBYYXRCWTA0PD05GF.scan
cd /
builtin-precompileModule /Users/admin/builder/spi-builder-workspace/.derivedData/Build/Intermediates.noindex/ExplicitPrecompiledModules/_DarwinFoundation1-13H6FXL1GBYYXRCWTA0PD05GF.scan
PrecompileModule /Users/admin/builder/spi-builder-workspace/.derivedData/Build/Intermediates.noindex/ExplicitPrecompiledModules/_DarwinFoundation2-97B3A1VFJWM3XXNSKJIWN1MUQ.scan
cd /
builtin-precompileModule /Users/admin/builder/spi-builder-workspace/.derivedData/Build/Intermediates.noindex/ExplicitPrecompiledModules/_DarwinFoundation2-97B3A1VFJWM3XXNSKJIWN1MUQ.scan
PrecompileModule /Users/admin/builder/spi-builder-workspace/.derivedData/Build/Intermediates.noindex/ExplicitPrecompiledModules/_DarwinFoundation2-UOPWJD88NWYOYIOBXLEYL9XL.scan
cd /
builtin-precompileModule /Users/admin/builder/spi-builder-workspace/.derivedData/Build/Intermediates.noindex/ExplicitPrecompiledModules/_DarwinFoundation2-UOPWJD88NWYOYIOBXLEYL9XL.scan
PrecompileModule /Users/admin/builder/spi-builder-workspace/.derivedData/Build/Intermediates.noindex/ExplicitPrecompiledModules/_Builtin_stdint-CSE9JYDM5Q1PO78CBR9FK72Q4.scan
cd /
builtin-precompileModule /Users/admin/builder/spi-builder-workspace/.derivedData/Build/Intermediates.noindex/ExplicitPrecompiledModules/_Builtin_stdint-CSE9JYDM5Q1PO78CBR9FK72Q4.scan
PrecompileModule /Users/admin/builder/spi-builder-workspace/.derivedData/Build/Intermediates.noindex/ExplicitPrecompiledModules/_Builtin_stdint-C9F8CC0X0IM0BACQMFOUG41PC.scan
cd /
builtin-precompileModule /Users/admin/builder/spi-builder-workspace/.derivedData/Build/Intermediates.noindex/ExplicitPrecompiledModules/_Builtin_stdint-C9F8CC0X0IM0BACQMFOUG41PC.scan
CompileC /Users/admin/builder/spi-builder-workspace/.derivedData/Build/Intermediates.noindex/SwiftSyntax.build/Debug-watchos/_CSwiftSyntax-t.build/Objects-normal/arm64_32/atomic-counter.o /Users/admin/builder/spi-builder-workspace/.dependencies/checkouts/swift-syntax/Sources/_CSwiftSyntax/src/atomic-counter.c normal arm64_32 c com.apple.compilers.llvm.clang.1_0.compiler (in target '_CSwiftSyntax' from project 'SwiftSyntax')
cd /Users/admin/builder/spi-builder-workspace/.swiftpm/xcode
Using response file: /Users/admin/builder/spi-builder-workspace/.derivedData/Build/Intermediates.noindex/SwiftSyntax.build/Debug-watchos/_CSwiftSyntax-t.build/Objects-normal/arm64_32/7187679823f38a2a940e0043cdf9d637-common-args.resp
/Applications/Xcode-27.0.0-Release.Candidate.app/Contents/Developer/Toolchains/XcodeDefault.xctoolchain/usr/bin/clang -x c -ivfsstatcache /Users/admin/builder/spi-builder-workspace/.derivedData/SDKStatCaches.noindex/watchos27.0-24R360-e829b21a6f8c9b70876ba0858053c04477534ef55a1706bf4c1112bbb242f0a2.sdkstatcache -target arm64_32-apple-watchos9.0 -fmessage-length\=0 -fdiagnostics-show-note-include-stack -fmacro-backtrace-limit\=0 -fno-color-diagnostics -fmodules-prune-interval\=86400 -fmodules-prune-after\=345600 -fbuild-session-file\=/Users/admin/builder/spi-builder-workspace/.derivedData/ModuleCache.noindex/Session.modulevalidation -fmodules-validate-once-per-build-session -Wnon-modular-include-in-framework-module -Werror\=non-modular-include-in-framework-module -Wno-trigraphs -Wno-missing-field-initializers -Wno-missing-prototypes -Wno-return-type -Wno-missing-braces -Wparentheses -Wswitch -Wno-unused-function -Wno-unused-label -Wno-unused-parameter -Wno-unused-variable -Wunused-value -Wno-empty-body -Wno-uninitialized -Wno-unknown-pragmas -w -Wno-shadow -Wno-four-char-constants -Wno-conversion -Wno-constant-conversion -Wno-int-conversion -Wno-bool-conversion -Wno-enum-conversion -Wno-float-conversion -Wno-non-literal-null-conversion -Wno-objc-literal-conversion -Wno-shorten-64-to-32 -Wpointer-sign -Wno-newline-eof -Wno-implicit-fallthrough -isysroot /Applications/Xcode-27.0.0-Release.Candidate.app/Contents/Developer/Platforms/WatchOS.platform/Developer/SDKs/WatchOS27.0.sdk -fstrict-aliasing -Wdeprecated-declarations -Wno-sign-conversion -Wno-infinite-recursion -Wno-comma -Wno-block-capture-autoreleasing -Wno-strict-prototypes -Wno-semicolon-before-method-body -index-store-path /Users/admin/builder/spi-builder-workspace/.derivedData/Index.noindex/DataStore @/Users/admin/builder/spi-builder-workspace/.derivedData/Build/Intermediates.noindex/SwiftSyntax.build/Debug-watchos/_CSwiftSyntax-t.build/Objects-normal/arm64_32/7187679823f38a2a940e0043cdf9d637-common-args.resp -MMD -MT dependencies -MF /Users/admin/builder/spi-builder-workspace/.derivedData/Build/Intermediates.noindex/SwiftSyntax.build/Debug-watchos/_CSwiftSyntax-t.build/Objects-normal/arm64_32/atomic-counter.d --serialize-diagnostics /Users/admin/builder/spi-builder-workspace/.derivedData/Build/Intermediates.noindex/SwiftSyntax.build/Debug-watchos/_CSwiftSyntax-t.build/Objects-normal/arm64_32/atomic-counter.dia -c /Users/admin/builder/spi-builder-workspace/.dependencies/checkouts/swift-syntax/Sources/_CSwiftSyntax/src/atomic-counter.c -o /Users/admin/builder/spi-builder-workspace/.derivedData/Build/Intermediates.noindex/SwiftSyntax.build/Debug-watchos/_CSwiftSyntax-t.build/Objects-normal/arm64_32/atomic-counter.o -index-unit-output-path /SwiftSyntax.build/Debug-watchos/_CSwiftSyntax-t.build/Objects-normal/arm64_32/atomic-counter.o
CompileC /Users/admin/builder/spi-builder-workspace/.derivedData/Build/Intermediates.noindex/SwiftSyntax.build/Debug-watchos/_CSwiftSyntax-t.build/Objects-normal/arm64/atomic-counter.o /Users/admin/builder/spi-builder-workspace/.dependencies/checkouts/swift-syntax/Sources/_CSwiftSyntax/src/atomic-counter.c normal arm64 c com.apple.compilers.llvm.clang.1_0.compiler (in target '_CSwiftSyntax' from project 'SwiftSyntax')
cd /Users/admin/builder/spi-builder-workspace/.swiftpm/xcode
Using response file: /Users/admin/builder/spi-builder-workspace/.derivedData/Build/Intermediates.noindex/SwiftSyntax.build/Debug-watchos/_CSwiftSyntax-t.build/Objects-normal/arm64/7187679823f38a2a940e0043cdf9d637-common-args.resp
/Applications/Xcode-27.0.0-Release.Candidate.app/Contents/Developer/Toolchains/XcodeDefault.xctoolchain/usr/bin/clang -x c -ivfsstatcache /Users/admin/builder/spi-builder-workspace/.derivedData/SDKStatCaches.noindex/watchos27.0-24R360-e829b21a6f8c9b70876ba0858053c04477534ef55a1706bf4c1112bbb242f0a2.sdkstatcache -target arm64-apple-watchos9.0 -fmessage-length\=0 -fdiagnostics-show-note-include-stack -fmacro-backtrace-limit\=0 -fno-color-diagnostics -fmodules-prune-interval\=86400 -fmodules-prune-after\=345600 -fbuild-session-file\=/Users/admin/builder/spi-builder-workspace/.derivedData/ModuleCache.noindex/Session.modulevalidation -fmodules-validate-once-per-build-session -Wnon-modular-include-in-framework-module -Werror\=non-modular-include-in-framework-module -Wno-trigraphs -Wno-missing-field-initializers -Wno-missing-prototypes -Wno-return-type -Wno-missing-braces -Wparentheses -Wswitch -Wno-unused-function -Wno-unused-label -Wno-unused-parameter -Wno-unused-variable -Wunused-value -Wno-empty-body -Wno-uninitialized -Wno-unknown-pragmas -w -Wno-shadow -Wno-four-char-constants -Wno-conversion -Wno-constant-conversion -Wno-int-conversion -Wno-bool-conversion -Wno-enum-conversion -Wno-float-conversion -Wno-non-literal-null-conversion -Wno-objc-literal-conversion -Wshorten-64-to-32 -Wpointer-sign -Wno-newline-eof -Wno-implicit-fallthrough -isysroot /Applications/Xcode-27.0.0-Release.Candidate.app/Contents/Developer/Platforms/WatchOS.platform/Developer/SDKs/WatchOS27.0.sdk -fstrict-aliasing -Wdeprecated-declarations -Wno-sign-conversion -Wno-infinite-recursion -Wno-comma -Wno-block-capture-autoreleasing -Wno-strict-prototypes -Wno-semicolon-before-method-body -index-store-path /Users/admin/builder/spi-builder-workspace/.derivedData/Index.noindex/DataStore @/Users/admin/builder/spi-builder-workspace/.derivedData/Build/Intermediates.noindex/SwiftSyntax.build/Debug-watchos/_CSwiftSyntax-t.build/Objects-normal/arm64/7187679823f38a2a940e0043cdf9d637-common-args.resp -MMD -MT dependencies -MF /Users/admin/builder/spi-builder-workspace/.derivedData/Build/Intermediates.noindex/SwiftSyntax.build/Debug-watchos/_CSwiftSyntax-t.build/Objects-normal/arm64/atomic-counter.d --serialize-diagnostics /Users/admin/builder/spi-builder-workspace/.derivedData/Build/Intermediates.noindex/SwiftSyntax.build/Debug-watchos/_CSwiftSyntax-t.build/Objects-normal/arm64/atomic-counter.dia -c /Users/admin/builder/spi-builder-workspace/.dependencies/checkouts/swift-syntax/Sources/_CSwiftSyntax/src/atomic-counter.c -o /Users/admin/builder/spi-builder-workspace/.derivedData/Build/Intermediates.noindex/SwiftSyntax.build/Debug-watchos/_CSwiftSyntax-t.build/Objects-normal/arm64/atomic-counter.o -index-unit-output-path /SwiftSyntax.build/Debug-watchos/_CSwiftSyntax-t.build/Objects-normal/arm64/atomic-counter.o
Ld /Users/admin/builder/spi-builder-workspace/.derivedData/Build/Intermediates.noindex/SwiftSyntax.build/Debug-watchos/_CSwiftSyntax-t.build/Objects-normal/arm64/Binary/_CSwiftSyntax.o normal arm64 (in target '_CSwiftSyntax' from project 'SwiftSyntax')
cd /Users/admin/builder/spi-builder-workspace/.dependencies/checkouts/swift-syntax
/Applications/Xcode-27.0.0-Release.Candidate.app/Contents/Developer/Toolchains/XcodeDefault.xctoolchain/usr/bin/clang -Xlinker -reproducible -target arm64-apple-watchos9.0 -r -isysroot /Applications/Xcode-27.0.0-Release.Candidate.app/Contents/Developer/Platforms/WatchOS.platform/Developer/SDKs/WatchOS27.0.sdk -O0 -w -Xlinker -no_warn_duplicate_libraries -F/Users/admin/builder/spi-builder-workspace/.derivedData/Build/Intermediates.noindex/EagerLinkingTBDs/Debug-watchos -F/Users/admin/builder/spi-builder-workspace/.derivedData/Build/Products/Debug-watchos -iframework /Applications/Xcode-27.0.0-Release.Candidate.app/Contents/Developer/Platforms/WatchOS.platform/Developer/Library/Frameworks -iframework /Applications/Xcode-27.0.0-Release.Candidate.app/Contents/Developer/Platforms/WatchOS.platform/Developer/SDKs/WatchOS27.0.sdk/Developer/Library/Frameworks -filelist /Users/admin/builder/spi-builder-workspace/.derivedData/Build/Intermediates.noindex/SwiftSyntax.build/Debug-watchos/_CSwiftSyntax-t.build/Objects-normal/arm64/_CSwiftSyntax.LinkFileList -nostdlib -Xlinker -object_path_lto -Xlinker /Users/admin/builder/spi-builder-workspace/.derivedData/Build/Intermediates.noindex/SwiftSyntax.build/Debug-watchos/_CSwiftSyntax-t.build/Objects-normal/arm64/_CSwiftSyntax_lto.o -Xlinker -no_deduplicate -Xlinker -debug_variant -Xlinker -dependency_info -Xlinker /Users/admin/builder/spi-builder-workspace/.derivedData/Build/Intermediates.noindex/SwiftSyntax.build/Debug-watchos/_CSwiftSyntax-t.build/Objects-normal/arm64/_CSwiftSyntax_dependency_info.dat -o /Users/admin/builder/spi-builder-workspace/.derivedData/Build/Intermediates.noindex/SwiftSyntax.build/Debug-watchos/_CSwiftSyntax-t.build/Objects-normal/arm64/Binary/_CSwiftSyntax.o
Ld /Users/admin/builder/spi-builder-workspace/.derivedData/Build/Intermediates.noindex/SwiftSyntax.build/Debug-watchos/_CSwiftSyntax-t.build/Objects-normal/arm64_32/Binary/_CSwiftSyntax.o normal arm64_32 (in target '_CSwiftSyntax' from project 'SwiftSyntax')
cd /Users/admin/builder/spi-builder-workspace/.dependencies/checkouts/swift-syntax
/Applications/Xcode-27.0.0-Release.Candidate.app/Contents/Developer/Toolchains/XcodeDefault.xctoolchain/usr/bin/clang -Xlinker -reproducible -target arm64_32-apple-watchos9.0 -r -isysroot /Applications/Xcode-27.0.0-Release.Candidate.app/Contents/Developer/Platforms/WatchOS.platform/Developer/SDKs/WatchOS27.0.sdk -O0 -w -Xlinker -no_warn_duplicate_libraries -F/Users/admin/builder/spi-builder-workspace/.derivedData/Build/Intermediates.noindex/EagerLinkingTBDs/Debug-watchos -F/Users/admin/builder/spi-builder-workspace/.derivedData/Build/Products/Debug-watchos -iframework /Applications/Xcode-27.0.0-Release.Candidate.app/Contents/Developer/Platforms/WatchOS.platform/Developer/Library/Frameworks -iframework /Applications/Xcode-27.0.0-Release.Candidate.app/Contents/Developer/Platforms/WatchOS.platform/Developer/SDKs/WatchOS27.0.sdk/Developer/Library/Frameworks -filelist /Users/admin/builder/spi-builder-workspace/.derivedData/Build/Intermediates.noindex/SwiftSyntax.build/Debug-watchos/_CSwiftSyntax-t.build/Objects-normal/arm64_32/_CSwiftSyntax.LinkFileList -nostdlib -Xlinker -object_path_lto -Xlinker /Users/admin/builder/spi-builder-workspace/.derivedData/Build/Intermediates.noindex/SwiftSyntax.build/Debug-watchos/_CSwiftSyntax-t.build/Objects-normal/arm64_32/_CSwiftSyntax_lto.o -Xlinker -no_deduplicate -Xlinker -debug_variant -Xlinker -dependency_info -Xlinker /Users/admin/builder/spi-builder-workspace/.derivedData/Build/Intermediates.noindex/SwiftSyntax.build/Debug-watchos/_CSwiftSyntax-t.build/Objects-normal/arm64_32/_CSwiftSyntax_dependency_info.dat -o /Users/admin/builder/spi-builder-workspace/.derivedData/Build/Intermediates.noindex/SwiftSyntax.build/Debug-watchos/_CSwiftSyntax-t.build/Objects-normal/arm64_32/Binary/_CSwiftSyntax.o
CreateUniversalBinary /Users/admin/builder/spi-builder-workspace/.derivedData/Build/Products/Debug-watchos/_CSwiftSyntax.o normal arm64\ arm64_32 (in target '_CSwiftSyntax' from project 'SwiftSyntax')
cd /Users/admin/builder/spi-builder-workspace/.dependencies/checkouts/swift-syntax
/Applications/Xcode-27.0.0-Release.Candidate.app/Contents/Developer/Toolchains/XcodeDefault.xctoolchain/usr/bin/lipo -create /Users/admin/builder/spi-builder-workspace/.derivedData/Build/Intermediates.noindex/SwiftSyntax.build/Debug-watchos/_CSwiftSyntax-t.build/Objects-normal/arm64/Binary/_CSwiftSyntax.o /Users/admin/builder/spi-builder-workspace/.derivedData/Build/Intermediates.noindex/SwiftSyntax.build/Debug-watchos/_CSwiftSyntax-t.build/Objects-normal/arm64_32/Binary/_CSwiftSyntax.o -output /Users/admin/builder/spi-builder-workspace/.derivedData/Build/Products/Debug-watchos/_CSwiftSyntax.o
SwiftExplicitDependencyGeneratePcm arm64_32 /Users/admin/builder/spi-builder-workspace/.derivedData/SDKExplicitPrecompiledModules/_Builtin_stdarg-D305JG44A2WPI6CJY37X3QJE8.pcm
SwiftExplicitDependencyGeneratePcm arm64_32 /Users/admin/builder/spi-builder-workspace/.derivedData/SDKExplicitPrecompiledModules/SwiftShims-9CQQGWTSNTN9EB5NSHDWUJICH.pcm
SwiftExplicitDependencyGeneratePcm arm64_32 /Users/admin/builder/spi-builder-workspace/.derivedData/SDKExplicitPrecompiledModules/ptrcheck-7ELIH9BTIGVKX3UBITM9N72WD.pcm
SwiftExplicitDependencyGeneratePcm arm64_32 /Users/admin/builder/spi-builder-workspace/.derivedData/SDKExplicitPrecompiledModules/_Builtin_stdbool-A967K8W8YUYEC9SN52KJ7OO88.pcm
SwiftExplicitDependencyGeneratePcm arm64_32 /Users/admin/builder/spi-builder-workspace/.derivedData/SDKExplicitPrecompiledModules/ptrauth-BFXF358ME5AK535N5A9Z766WU.pcm
SwiftExplicitDependencyGeneratePcm arm64_32 /Users/admin/builder/spi-builder-workspace/.derivedData/SDKExplicitPrecompiledModules/_Builtin_float-6KO8O3PEWRCA4WC6PPLOYO6WJ.pcm
SwiftExplicitDependencyGeneratePcm arm64_32 /Users/admin/builder/spi-builder-workspace/.derivedData/SDKExplicitPrecompiledModules/_AvailabilityInternal-244WAN3Z1QBT7PIA64EZEFY1R.pcm
SwiftExplicitDependencyGeneratePcm arm64_32 /Users/admin/builder/spi-builder-workspace/.derivedData/SDKExplicitPrecompiledModules/_SwiftConcurrencyShims-6RTBPQ03V7BM9SPRK8SUE055H.pcm
SwiftExplicitDependencyGeneratePcm arm64 /Users/admin/builder/spi-builder-workspace/.derivedData/SDKExplicitPrecompiledModules/SwiftShims-4MXFZPV6FEB0XBYXCGPWAMQGL.pcm
SwiftExplicitDependencyGeneratePcm arm64 /Users/admin/builder/spi-builder-workspace/.derivedData/SDKExplicitPrecompiledModules/_Builtin_stdarg-A7UU8LE6MP85SM26YO7PBZNUQ.pcm
SwiftExplicitDependencyGeneratePcm arm64 /Users/admin/builder/spi-builder-workspace/.derivedData/SDKExplicitPrecompiledModules/ptrcheck-AIF0NDOYZ8ORBNHQAQR5NNB8M.pcm
SwiftExplicitDependencyGeneratePcm arm64 /Users/admin/builder/spi-builder-workspace/.derivedData/SDKExplicitPrecompiledModules/_AvailabilityInternal-BUNV3UXM65NT37THI4W1AM0SF.pcm
SwiftExplicitDependencyGeneratePcm arm64 /Users/admin/builder/spi-builder-workspace/.derivedData/SDKExplicitPrecompiledModules/_Builtin_stddef-1FU30Y8SWFB7OUUHMJQH5J6FM.pcm
SwiftExplicitDependencyGeneratePcm arm64 /Users/admin/builder/spi-builder-workspace/.derivedData/SDKExplicitPrecompiledModules/_SwiftConcurrencyShims-659N52XSKR5F0QSB880BH2FJR.pcm
SwiftExplicitDependencyGeneratePcm arm64 /Users/admin/builder/spi-builder-workspace/.derivedData/SDKExplicitPrecompiledModules/_Builtin_stdbool-83J96QSOFE9VX04AAS6310UAE.pcm
SwiftExplicitDependencyGeneratePcm arm64 /Users/admin/builder/spi-builder-workspace/.derivedData/SDKExplicitPrecompiledModules/_Builtin_float-C0CW5Q4HGBQYKE77TC42IAFB5.pcm
SwiftExplicitDependencyGeneratePcm arm64 /Users/admin/builder/spi-builder-workspace/.derivedData/SDKExplicitPrecompiledModules/ptrauth-3TZ9WJCGLYD25HQPWH4968ONX.pcm
SwiftExplicitDependencyGeneratePcm arm64_32 /Users/admin/builder/spi-builder-workspace/.derivedData/SDKExplicitPrecompiledModules/_Builtin_stddef-H44EFHQX6XSS5MZ7QP6YJZ76.pcm
SwiftExplicitDependencyGeneratePcm arm64_32 /Users/admin/builder/spi-builder-workspace/.derivedData/SDKExplicitPrecompiledModules/_DarwinFoundation1-2GWF9RFMPLQW4PDHS3NARVI3G.pcm
SwiftExplicitDependencyGeneratePcm arm64 /Users/admin/builder/spi-builder-workspace/.derivedData/SDKExplicitPrecompiledModules/_DarwinFoundation1-7SPX3MD0HMP55E4OLNCPNDQ53.pcm
SwiftExplicitDependencyGeneratePcm arm64_32 /Users/admin/builder/spi-builder-workspace/.derivedData/SDKExplicitPrecompiledModules/_DarwinFoundation2-9MY8GOSYRO0M9MKNXF6D3MBNK.pcm
SwiftExplicitDependencyGeneratePcm arm64_32 /Users/admin/builder/spi-builder-workspace/.derivedData/SDKExplicitPrecompiledModules/_Builtin_limits-3VKBU2AFTD65PAJZ5CJ3LHFM2.pcm
SwiftExplicitDependencyGeneratePcm arm64 /Users/admin/builder/spi-builder-workspace/.derivedData/SDKExplicitPrecompiledModules/_Builtin_limits-9GWPA2B0H20DYUNYHYCWKABJG.pcm
SwiftExplicitDependencyGeneratePcm arm64 /Users/admin/builder/spi-builder-workspace/.derivedData/SDKExplicitPrecompiledModules/_DarwinFoundation2-D0XAPJU49S5E9XMKYOFGSTB1Q.pcm
SwiftExplicitDependencyGeneratePcm arm64_32 /Users/admin/builder/spi-builder-workspace/.derivedData/SDKExplicitPrecompiledModules/string_h-BFVLUQUSBZWYMLCU9QI7VZALW.pcm
SwiftExplicitDependencyGeneratePcm arm64_32 /Users/admin/builder/spi-builder-workspace/.derivedData/SDKExplicitPrecompiledModules/_Builtin_stdint-1HMXWI3V0V4TXHRWZOMZGZ80Y.pcm
SwiftExplicitDependencyGeneratePcm arm64_32 /Users/admin/builder/spi-builder-workspace/.derivedData/SDKExplicitPrecompiledModules/sys_types-8TLLMW08ZJWDGIIPKOYFGHHZW.pcm
SwiftExplicitDependencyGeneratePcm arm64_32 /Users/admin/builder/spi-builder-workspace/.derivedData/Build/Intermediates.noindex/SwiftExplicitPrecompiledModules/_CSwiftSyntax-86MYKFRDY9M9PLJHO91DZPE1F.pcm
SwiftExplicitDependencyGeneratePcm arm64_32 /Users/admin/builder/spi-builder-workspace/.derivedData/SDKExplicitPrecompiledModules/_DarwinFoundation3-3DUTYQDQSD9HUAAVY947NMWOI.pcm
SwiftExplicitDependencyGeneratePcm arm64 /Users/admin/builder/spi-builder-workspace/.derivedData/SDKExplicitPrecompiledModules/_Builtin_stdint-8XMILLJZEGRN2XG7XZUXZ5RLX.pcm
SwiftExplicitDependencyGeneratePcm arm64 /Users/admin/builder/spi-builder-workspace/.derivedData/SDKExplicitPrecompiledModules/sys_types-2KXQLI78OUCDP779AE68GZJ2.pcm
SwiftExplicitDependencyGeneratePcm arm64 /Users/admin/builder/spi-builder-workspace/.derivedData/SDKExplicitPrecompiledModules/string_h-E6PRXK75PHIPCZFWOFCQ3QBMK.pcm
SwiftExplicitDependencyGeneratePcm arm64 /Users/admin/builder/spi-builder-workspace/.derivedData/Build/Intermediates.noindex/SwiftExplicitPrecompiledModules/_CSwiftSyntax-571GIEFEJQYSEUGM20MNGD9AT.pcm
SwiftExplicitDependencyGeneratePcm arm64 /Users/admin/builder/spi-builder-workspace/.derivedData/SDKExplicitPrecompiledModules/_DarwinFoundation3-B97LRG0E9GON2NUE65TVG81HU.pcm
SwiftExplicitDependencyGeneratePcm arm64_32 /Users/admin/builder/spi-builder-workspace/.derivedData/SDKExplicitPrecompiledModules/_Builtin_inttypes-D2KPCR4PEX9AQA33NGLUT5SBR.pcm
SwiftExplicitDependencyGeneratePcm arm64_32 /Users/admin/builder/spi-builder-workspace/.derivedData/SDKExplicitPrecompiledModules/Darwin-3FVT1SKLN2ZQ5RVOABMTQBB34.pcm
SwiftExplicitDependencyGeneratePcm arm64 /Users/admin/builder/spi-builder-workspace/.derivedData/SDKExplicitPrecompiledModules/_Builtin_inttypes-3UQSCM7WNM9EK4HZML8TY5J3D.pcm
SwiftExplicitDependencyGeneratePcm arm64 /Users/admin/builder/spi-builder-workspace/.derivedData/SDKExplicitPrecompiledModules/Darwin-3984OXKFNSPE77NT743WK8SEX.pcm
SwiftExplicitDependencyGeneratePcm arm64_32 /Users/admin/builder/spi-builder-workspace/.derivedData/SDKExplicitPrecompiledModules/ObjectiveC-6IJNELR2E80E7LUKESVCP2KET.pcm
SwiftExplicitDependencyGeneratePcm arm64 /Users/admin/builder/spi-builder-workspace/.derivedData/SDKExplicitPrecompiledModules/ObjectiveC-72IVD3VS2RS8Q28D9PIMY0KQP.pcm
SwiftExplicitDependencyGeneratePcm arm64_32 /Users/admin/builder/spi-builder-workspace/.derivedData/SDKExplicitPrecompiledModules/os_object-5YWTC6L4756IWSTPGXS5NM0D0.pcm
SwiftExplicitDependencyGeneratePcm arm64 /Users/admin/builder/spi-builder-workspace/.derivedData/SDKExplicitPrecompiledModules/os_object-3SDKD7F87FTZ26OON37DRYT6O.pcm
SwiftExplicitDependencyGeneratePcm arm64_32 /Users/admin/builder/spi-builder-workspace/.derivedData/SDKExplicitPrecompiledModules/os_workgroup-5JHTPDMNBUNHLJI8LPHKQK1JK.pcm
SwiftExplicitDependencyGeneratePcm arm64 /Users/admin/builder/spi-builder-workspace/.derivedData/SDKExplicitPrecompiledModules/os_workgroup-89GG5G7YC2D0ZTK6AZXXQ20DH.pcm
SwiftExplicitDependencyGeneratePcm arm64_32 /Users/admin/builder/spi-builder-workspace/.derivedData/SDKExplicitPrecompiledModules/Dispatch-2P62F1T4XV63S4P99TUDTOK2Q.pcm
SwiftExplicitDependencyGeneratePcm arm64 /Users/admin/builder/spi-builder-workspace/.derivedData/SDKExplicitPrecompiledModules/Dispatch-1NLJOVAK60XP0DUB05XA59EIM.pcm
SwiftExplicitDependencyGeneratePcm arm64_32 /Users/admin/builder/spi-builder-workspace/.derivedData/SDKExplicitPrecompiledModules/CoreFoundation-8E6Y4BA3EXYKUGJ24GT9LGV3N.pcm
SwiftExplicitDependencyGeneratePcm arm64_32 /Users/admin/builder/spi-builder-workspace/.derivedData/SDKExplicitPrecompiledModules/XPC-81Y45QFY96XYYFCW2GT6FY8S4.pcm
SwiftExplicitDependencyGeneratePcm arm64 /Users/admin/builder/spi-builder-workspace/.derivedData/SDKExplicitPrecompiledModules/XPC-40DR0X1DHKGCV4J1IOLFS8MOU.pcm
SwiftExplicitDependencyGeneratePcm arm64 /Users/admin/builder/spi-builder-workspace/.derivedData/SDKExplicitPrecompiledModules/CoreFoundation-8T2L24YC5NU7WO6WQJWRY7W08.pcm
SwiftExplicitDependencyGeneratePcm arm64_32 /Users/admin/builder/spi-builder-workspace/.derivedData/SDKExplicitPrecompiledModules/Security-D7TOWF88VWF67TB9HAFP5UWB1.pcm
SwiftExplicitDependencyGeneratePcm arm64 /Users/admin/builder/spi-builder-workspace/.derivedData/SDKExplicitPrecompiledModules/Security-6RZ6YBRU8WCUHRFFRVUK5WKMM.pcm
SwiftExplicitDependencyGeneratePcm arm64_32 /Users/admin/builder/spi-builder-workspace/.derivedData/SDKExplicitPrecompiledModules/Foundation-BJ2VQGI3OGR34500MEQ1VKHPH.pcm
SwiftExplicitDependencyGeneratePcm arm64 /Users/admin/builder/spi-builder-workspace/.derivedData/SDKExplicitPrecompiledModules/Foundation-DLBKUSGXN8QHAT8W0OARR9S8A.pcm
SwiftCompile normal arm64_32 Compiling\ SyntaxKind.swift,\ SyntaxRewriter.swift,\ SyntaxTraits.swift /Users/admin/builder/spi-builder-workspace/.dependencies/checkouts/swift-syntax/Sources/SwiftSyntax/gyb_generated/SyntaxKind.swift /Users/admin/builder/spi-builder-workspace/.dependencies/checkouts/swift-syntax/Sources/SwiftSyntax/gyb_generated/SyntaxRewriter.swift /Users/admin/builder/spi-builder-workspace/.dependencies/checkouts/swift-syntax/Sources/SwiftSyntax/gyb_generated/SyntaxTraits.swift (in target 'SwiftSyntax' from project 'SwiftSyntax')
SwiftCompile normal arm64_32 /Users/admin/builder/spi-builder-workspace/.dependencies/checkouts/swift-syntax/Sources/SwiftSyntax/gyb_generated/SyntaxKind.swift (in target 'SwiftSyntax' from project 'SwiftSyntax')
cd /Users/admin/builder/spi-builder-workspace/.swiftpm/xcode
builtin-SwiftPerFileCompile SyntaxKind.swift
SwiftCompile normal arm64_32 /Users/admin/builder/spi-builder-workspace/.dependencies/checkouts/swift-syntax/Sources/SwiftSyntax/gyb_generated/SyntaxRewriter.swift (in target 'SwiftSyntax' from project 'SwiftSyntax')
cd /Users/admin/builder/spi-builder-workspace/.swiftpm/xcode
builtin-SwiftPerFileCompile SyntaxRewriter.swift
SwiftCompile normal arm64_32 /Users/admin/builder/spi-builder-workspace/.dependencies/checkouts/swift-syntax/Sources/SwiftSyntax/gyb_generated/SyntaxTraits.swift (in target 'SwiftSyntax' from project 'SwiftSyntax')
cd /Users/admin/builder/spi-builder-workspace/.swiftpm/xcode
builtin-SwiftPerFileCompile SyntaxTraits.swift
SwiftCompile normal arm64_32 Compiling\ SyntaxPatternNodes.swift,\ SyntaxStmtNodes.swift,\ SyntaxTypeNodes.swift /Users/admin/builder/spi-builder-workspace/.dependencies/checkouts/swift-syntax/Sources/SwiftSyntax/gyb_generated/syntax_nodes/SyntaxPatternNodes.swift /Users/admin/builder/spi-builder-workspace/.dependencies/checkouts/swift-syntax/Sources/SwiftSyntax/gyb_generated/syntax_nodes/SyntaxStmtNodes.swift /Users/admin/builder/spi-builder-workspace/.dependencies/checkouts/swift-syntax/Sources/SwiftSyntax/gyb_generated/syntax_nodes/SyntaxTypeNodes.swift (in target 'SwiftSyntax' from project 'SwiftSyntax')
SwiftCompile normal arm64_32 /Users/admin/builder/spi-builder-workspace/.dependencies/checkouts/swift-syntax/Sources/SwiftSyntax/gyb_generated/syntax_nodes/SyntaxPatternNodes.swift (in target 'SwiftSyntax' from project 'SwiftSyntax')
cd /Users/admin/builder/spi-builder-workspace/.swiftpm/xcode
builtin-SwiftPerFileCompile SyntaxPatternNodes.swift
SwiftCompile normal arm64_32 /Users/admin/builder/spi-builder-workspace/.dependencies/checkouts/swift-syntax/Sources/SwiftSyntax/gyb_generated/syntax_nodes/SyntaxStmtNodes.swift (in target 'SwiftSyntax' from project 'SwiftSyntax')
cd /Users/admin/builder/spi-builder-workspace/.swiftpm/xcode
builtin-SwiftPerFileCompile SyntaxStmtNodes.swift
SwiftCompile normal arm64_32 /Users/admin/builder/spi-builder-workspace/.dependencies/checkouts/swift-syntax/Sources/SwiftSyntax/gyb_generated/syntax_nodes/SyntaxTypeNodes.swift (in target 'SwiftSyntax' from project 'SwiftSyntax')
cd /Users/admin/builder/spi-builder-workspace/.swiftpm/xcode
builtin-SwiftPerFileCompile SyntaxTypeNodes.swift
SwiftCompile normal arm64_32 Compiling\ SyntaxDeclNodes.swift,\ SyntaxExprNodes.swift,\ SyntaxNodes.swift /Users/admin/builder/spi-builder-workspace/.dependencies/checkouts/swift-syntax/Sources/SwiftSyntax/gyb_generated/syntax_nodes/SyntaxDeclNodes.swift /Users/admin/builder/spi-builder-workspace/.dependencies/checkouts/swift-syntax/Sources/SwiftSyntax/gyb_generated/syntax_nodes/SyntaxExprNodes.swift /Users/admin/builder/spi-builder-workspace/.dependencies/checkouts/swift-syntax/Sources/SwiftSyntax/gyb_generated/syntax_nodes/SyntaxNodes.swift (in target 'SwiftSyntax' from project 'SwiftSyntax')
SwiftCompile normal arm64_32 /Users/admin/builder/spi-builder-workspace/.dependencies/checkouts/swift-syntax/Sources/SwiftSyntax/gyb_generated/syntax_nodes/SyntaxDeclNodes.swift (in target 'SwiftSyntax' from project 'SwiftSyntax')
cd /Users/admin/builder/spi-builder-workspace/.swiftpm/xcode
builtin-SwiftPerFileCompile SyntaxDeclNodes.swift
SwiftCompile normal arm64_32 /Users/admin/builder/spi-builder-workspace/.dependencies/checkouts/swift-syntax/Sources/SwiftSyntax/gyb_generated/syntax_nodes/SyntaxExprNodes.swift (in target 'SwiftSyntax' from project 'SwiftSyntax')
cd /Users/admin/builder/spi-builder-workspace/.swiftpm/xcode
builtin-SwiftPerFileCompile SyntaxExprNodes.swift
SwiftCompile normal arm64_32 /Users/admin/builder/spi-builder-workspace/.dependencies/checkouts/swift-syntax/Sources/SwiftSyntax/gyb_generated/syntax_nodes/SyntaxNodes.swift (in target 'SwiftSyntax' from project 'SwiftSyntax')
cd /Users/admin/builder/spi-builder-workspace/.swiftpm/xcode
builtin-SwiftPerFileCompile SyntaxNodes.swift
SwiftCompile normal arm64_32 Compiling\ Misc.swift,\ SyntaxAnyVisitor.swift,\ SyntaxBaseNodes.swift,\ SyntaxBuilders.swift /Users/admin/builder/spi-builder-workspace/.dependencies/checkouts/swift-syntax/Sources/SwiftSyntax/gyb_generated/Misc.swift /Users/admin/builder/spi-builder-workspace/.dependencies/checkouts/swift-syntax/Sources/SwiftSyntax/gyb_generated/SyntaxAnyVisitor.swift /Users/admin/builder/spi-builder-workspace/.dependencies/checkouts/swift-syntax/Sources/SwiftSyntax/gyb_generated/SyntaxBaseNodes.swift /Users/admin/builder/spi-builder-workspace/.dependencies/checkouts/swift-syntax/Sources/SwiftSyntax/gyb_generated/SyntaxBuilders.swift (in target 'SwiftSyntax' from project 'SwiftSyntax')
SwiftCompile normal arm64_32 /Users/admin/builder/spi-builder-workspace/.dependencies/checkouts/swift-syntax/Sources/SwiftSyntax/gyb_generated/Misc.swift (in target 'SwiftSyntax' from project 'SwiftSyntax')
cd /Users/admin/builder/spi-builder-workspace/.swiftpm/xcode
builtin-SwiftPerFileCompile Misc.swift
SwiftCompile normal arm64_32 /Users/admin/builder/spi-builder-workspace/.dependencies/checkouts/swift-syntax/Sources/SwiftSyntax/gyb_generated/SyntaxAnyVisitor.swift (in target 'SwiftSyntax' from project 'SwiftSyntax')
cd /Users/admin/builder/spi-builder-workspace/.swiftpm/xcode
builtin-SwiftPerFileCompile SyntaxAnyVisitor.swift
SwiftCompile normal arm64_32 /Users/admin/builder/spi-builder-workspace/.dependencies/checkouts/swift-syntax/Sources/SwiftSyntax/gyb_generated/SyntaxBaseNodes.swift (in target 'SwiftSyntax' from project 'SwiftSyntax')
cd /Users/admin/builder/spi-builder-workspace/.swiftpm/xcode
builtin-SwiftPerFileCompile SyntaxBaseNodes.swift
SwiftCompile normal arm64_32 /Users/admin/builder/spi-builder-workspace/.dependencies/checkouts/swift-syntax/Sources/SwiftSyntax/gyb_generated/SyntaxBuilders.swift (in target 'SwiftSyntax' from project 'SwiftSyntax')
cd /Users/admin/builder/spi-builder-workspace/.swiftpm/xcode
builtin-SwiftPerFileCompile SyntaxBuilders.swift
SwiftCompile normal arm64_32 Compiling\ SyntaxClassification.swift,\ SyntaxCollections.swift,\ SyntaxEnum.swift,\ SyntaxFactory.swift /Users/admin/builder/spi-builder-workspace/.dependencies/checkouts/swift-syntax/Sources/SwiftSyntax/gyb_generated/SyntaxClassification.swift /Users/admin/builder/spi-builder-workspace/.dependencies/checkouts/swift-syntax/Sources/SwiftSyntax/gyb_generated/SyntaxCollections.swift /Users/admin/builder/spi-builder-workspace/.dependencies/checkouts/swift-syntax/Sources/SwiftSyntax/gyb_generated/SyntaxEnum.swift /Users/admin/builder/spi-builder-workspace/.dependencies/checkouts/swift-syntax/Sources/SwiftSyntax/gyb_generated/SyntaxFactory.swift (in target 'SwiftSyntax' from project 'SwiftSyntax')
SwiftCompile normal arm64_32 /Users/admin/builder/spi-builder-workspace/.dependencies/checkouts/swift-syntax/Sources/SwiftSyntax/gyb_generated/SyntaxClassification.swift (in target 'SwiftSyntax' from project 'SwiftSyntax')
cd /Users/admin/builder/spi-builder-workspace/.swiftpm/xcode
builtin-SwiftPerFileCompile SyntaxClassification.swift
SwiftCompile normal arm64_32 /Users/admin/builder/spi-builder-workspace/.dependencies/checkouts/swift-syntax/Sources/SwiftSyntax/gyb_generated/SyntaxCollections.swift (in target 'SwiftSyntax' from project 'SwiftSyntax')
cd /Users/admin/builder/spi-builder-workspace/.swiftpm/xcode
builtin-SwiftPerFileCompile SyntaxCollections.swift
SwiftCompile normal arm64_32 /Users/admin/builder/spi-builder-workspace/.dependencies/checkouts/swift-syntax/Sources/SwiftSyntax/gyb_generated/SyntaxEnum.swift (in target 'SwiftSyntax' from project 'SwiftSyntax')
cd /Users/admin/builder/spi-builder-workspace/.swiftpm/xcode
builtin-SwiftPerFileCompile SyntaxEnum.swift
SwiftCompile normal arm64_32 /Users/admin/builder/spi-builder-workspace/.dependencies/checkouts/swift-syntax/Sources/SwiftSyntax/gyb_generated/SyntaxFactory.swift (in target 'SwiftSyntax' from project 'SwiftSyntax')
cd /Users/admin/builder/spi-builder-workspace/.swiftpm/xcode
builtin-SwiftPerFileCompile SyntaxFactory.swift
SwiftCompile normal arm64_32 Compiling\ SyntaxVisitor.swift,\ TokenKind.swift,\ Trivia.swift /Users/admin/builder/spi-builder-workspace/.dependencies/checkouts/swift-syntax/Sources/SwiftSyntax/gyb_generated/SyntaxVisitor.swift /Users/admin/builder/spi-builder-workspace/.dependencies/checkouts/swift-syntax/Sources/SwiftSyntax/gyb_generated/TokenKind.swift /Users/admin/builder/spi-builder-workspace/.dependencies/checkouts/swift-syntax/Sources/SwiftSyntax/gyb_generated/Trivia.swift (in target 'SwiftSyntax' from project 'SwiftSyntax')
SwiftCompile normal arm64_32 /Users/admin/builder/spi-builder-workspace/.dependencies/checkouts/swift-syntax/Sources/SwiftSyntax/gyb_generated/SyntaxVisitor.swift (in target 'SwiftSyntax' from project 'SwiftSyntax')
cd /Users/admin/builder/spi-builder-workspace/.swiftpm/xcode
builtin-SwiftPerFileCompile SyntaxVisitor.swift
SwiftCompile normal arm64_32 /Users/admin/builder/spi-builder-workspace/.dependencies/checkouts/swift-syntax/Sources/SwiftSyntax/gyb_generated/TokenKind.swift (in target 'SwiftSyntax' from project 'SwiftSyntax')
cd /Users/admin/builder/spi-builder-workspace/.swiftpm/xcode
builtin-SwiftPerFileCompile TokenKind.swift
SwiftCompile normal arm64_32 /Users/admin/builder/spi-builder-workspace/.dependencies/checkouts/swift-syntax/Sources/SwiftSyntax/gyb_generated/Trivia.swift (in target 'SwiftSyntax' from project 'SwiftSyntax')
cd /Users/admin/builder/spi-builder-workspace/.swiftpm/xcode
builtin-SwiftPerFileCompile Trivia.swift
SwiftCompile normal arm64_32 Compiling\ SyntaxOtherNodes.swift,\ SyntaxVerifier.swift,\ Utils.swift,\ _SyntaxParserInterop.swift /Users/admin/builder/spi-builder-workspace/.dependencies/checkouts/swift-syntax/Sources/SwiftSyntax/SyntaxOtherNodes.swift /Users/admin/builder/spi-builder-workspace/.dependencies/checkouts/swift-syntax/Sources/SwiftSyntax/SyntaxVerifier.swift /Users/admin/builder/spi-builder-workspace/.dependencies/checkouts/swift-syntax/Sources/SwiftSyntax/Utils.swift /Users/admin/builder/spi-builder-workspace/.dependencies/checkouts/swift-syntax/Sources/SwiftSyntax/_SyntaxParserInterop.swift (in target 'SwiftSyntax' from project 'SwiftSyntax')
SwiftCompile normal arm64_32 /Users/admin/builder/spi-builder-workspace/.dependencies/checkouts/swift-syntax/Sources/SwiftSyntax/SyntaxOtherNodes.swift (in target 'SwiftSyntax' from project 'SwiftSyntax')
cd /Users/admin/builder/spi-builder-workspace/.swiftpm/xcode
builtin-SwiftPerFileCompile SyntaxOtherNodes.swift
SwiftCompile normal arm64_32 /Users/admin/builder/spi-builder-workspace/.dependencies/checkouts/swift-syntax/Sources/SwiftSyntax/SyntaxVerifier.swift (in target 'SwiftSyntax' from project 'SwiftSyntax')
cd /Users/admin/builder/spi-builder-workspace/.swiftpm/xcode
builtin-SwiftPerFileCompile SyntaxVerifier.swift
SwiftCompile normal arm64_32 /Users/admin/builder/spi-builder-workspace/.dependencies/checkouts/swift-syntax/Sources/SwiftSyntax/Utils.swift (in target 'SwiftSyntax' from project 'SwiftSyntax')
cd /Users/admin/builder/spi-builder-workspace/.swiftpm/xcode
builtin-SwiftPerFileCompile Utils.swift
SwiftCompile normal arm64_32 /Users/admin/builder/spi-builder-workspace/.dependencies/checkouts/swift-syntax/Sources/SwiftSyntax/_SyntaxParserInterop.swift (in target 'SwiftSyntax' from project 'SwiftSyntax')
cd /Users/admin/builder/spi-builder-workspace/.swiftpm/xcode
builtin-SwiftPerFileCompile _SyntaxParserInterop.swift
SwiftEmitModule normal arm64_32 Emitting\ module\ for\ SwiftSyntax (in target 'SwiftSyntax' from project 'SwiftSyntax')
SwiftCompile normal arm64_32 (in target 'SwiftSyntax' from project 'SwiftSyntax')
cd /Users/admin/builder/spi-builder-workspace/.swiftpm/xcode
SwiftCompile normal arm64_32 Compiling\ AbsolutePosition.swift,\ AtomicCounter.swift,\ CNodes.swift,\ IncrementalParseTransition.swift /Users/admin/builder/spi-builder-workspace/.dependencies/checkouts/swift-syntax/Sources/SwiftSyntax/AbsolutePosition.swift /Users/admin/builder/spi-builder-workspace/.dependencies/checkouts/swift-syntax/Sources/SwiftSyntax/AtomicCounter.swift /Users/admin/builder/spi-builder-workspace/.dependencies/checkouts/swift-syntax/Sources/SwiftSyntax/CNodes.swift /Users/admin/builder/spi-builder-workspace/.dependencies/checkouts/swift-syntax/Sources/SwiftSyntax/IncrementalParseTransition.swift (in target 'SwiftSyntax' from project 'SwiftSyntax')
SwiftCompile normal arm64_32 /Users/admin/builder/spi-builder-workspace/.dependencies/checkouts/swift-syntax/Sources/SwiftSyntax/AbsolutePosition.swift (in target 'SwiftSyntax' from project 'SwiftSyntax')
cd /Users/admin/builder/spi-builder-workspace/.swiftpm/xcode
builtin-SwiftPerFileCompile AbsolutePosition.swift
SwiftCompile normal arm64_32 /Users/admin/builder/spi-builder-workspace/.dependencies/checkouts/swift-syntax/Sources/SwiftSyntax/AtomicCounter.swift (in target 'SwiftSyntax' from project 'SwiftSyntax')
cd /Users/admin/builder/spi-builder-workspace/.swiftpm/xcode
builtin-SwiftPerFileCompile AtomicCounter.swift
SwiftCompile normal arm64_32 /Users/admin/builder/spi-builder-workspace/.dependencies/checkouts/swift-syntax/Sources/SwiftSyntax/CNodes.swift (in target 'SwiftSyntax' from project 'SwiftSyntax')
cd /Users/admin/builder/spi-builder-workspace/.swiftpm/xcode
builtin-SwiftPerFileCompile CNodes.swift
SwiftCompile normal arm64_32 /Users/admin/builder/spi-builder-workspace/.dependencies/checkouts/swift-syntax/Sources/SwiftSyntax/IncrementalParseTransition.swift (in target 'SwiftSyntax' from project 'SwiftSyntax')
cd /Users/admin/builder/spi-builder-workspace/.swiftpm/xcode
builtin-SwiftPerFileCompile IncrementalParseTransition.swift
SwiftCompile normal arm64_32 Compiling\ Syntax.swift,\ SyntaxChildren.swift,\ SyntaxClassifier.swift,\ SyntaxData.swift /Users/admin/builder/spi-builder-workspace/.dependencies/checkouts/swift-syntax/Sources/SwiftSyntax/Syntax.swift /Users/admin/builder/spi-builder-workspace/.dependencies/checkouts/swift-syntax/Sources/SwiftSyntax/SyntaxChildren.swift /Users/admin/builder/spi-builder-workspace/.dependencies/checkouts/swift-syntax/Sources/SwiftSyntax/SyntaxClassifier.swift /Users/admin/builder/spi-builder-workspace/.dependencies/checkouts/swift-syntax/Sources/SwiftSyntax/SyntaxData.swift (in target 'SwiftSyntax' from project 'SwiftSyntax')
SwiftCompile normal arm64_32 /Users/admin/builder/spi-builder-workspace/.dependencies/checkouts/swift-syntax/Sources/SwiftSyntax/Syntax.swift (in target 'SwiftSyntax' from project 'SwiftSyntax')
cd /Users/admin/builder/spi-builder-workspace/.swiftpm/xcode
builtin-SwiftPerFileCompile Syntax.swift
SwiftCompile normal arm64_32 /Users/admin/builder/spi-builder-workspace/.dependencies/checkouts/swift-syntax/Sources/SwiftSyntax/SyntaxChildren.swift (in target 'SwiftSyntax' from project 'SwiftSyntax')
cd /Users/admin/builder/spi-builder-workspace/.swiftpm/xcode
builtin-SwiftPerFileCompile SyntaxChildren.swift
SwiftCompile normal arm64_32 /Users/admin/builder/spi-builder-workspace/.dependencies/checkouts/swift-syntax/Sources/SwiftSyntax/SyntaxClassifier.swift (in target 'SwiftSyntax' from project 'SwiftSyntax')
cd /Users/admin/builder/spi-builder-workspace/.swiftpm/xcode
builtin-SwiftPerFileCompile SyntaxClassifier.swift
SwiftCompile normal arm64_32 /Users/admin/builder/spi-builder-workspace/.dependencies/checkouts/swift-syntax/Sources/SwiftSyntax/SyntaxData.swift (in target 'SwiftSyntax' from project 'SwiftSyntax')
cd /Users/admin/builder/spi-builder-workspace/.swiftpm/xcode
builtin-SwiftPerFileCompile SyntaxData.swift
SwiftEmitModule normal arm64 Emitting\ module\ for\ SwiftSyntax (in target 'SwiftSyntax' from project 'SwiftSyntax')
SwiftCompile normal arm64 (in target 'SwiftSyntax' from project 'SwiftSyntax')
cd /Users/admin/builder/spi-builder-workspace/.swiftpm/xcode
SwiftDriverJobDiscovery normal arm64_32 Compiling AbsolutePosition.swift, AtomicCounter.swift, CNodes.swift, IncrementalParseTransition.swift (in target 'SwiftSyntax' from project 'SwiftSyntax')
SwiftCompile normal arm64 Compiling\ SyntaxVisitor.swift,\ TokenKind.swift,\ Trivia.swift /Users/admin/builder/spi-builder-workspace/.dependencies/checkouts/swift-syntax/Sources/SwiftSyntax/gyb_generated/SyntaxVisitor.swift /Users/admin/builder/spi-builder-workspace/.dependencies/checkouts/swift-syntax/Sources/SwiftSyntax/gyb_generated/TokenKind.swift /Users/admin/builder/spi-builder-workspace/.dependencies/checkouts/swift-syntax/Sources/SwiftSyntax/gyb_generated/Trivia.swift (in target 'SwiftSyntax' from project 'SwiftSyntax')
SwiftCompile normal arm64 /Users/admin/builder/spi-builder-workspace/.dependencies/checkouts/swift-syntax/Sources/SwiftSyntax/gyb_generated/SyntaxVisitor.swift (in target 'SwiftSyntax' from project 'SwiftSyntax')
cd /Users/admin/builder/spi-builder-workspace/.swiftpm/xcode
builtin-SwiftPerFileCompile SyntaxVisitor.swift
SwiftCompile normal arm64 /Users/admin/builder/spi-builder-workspace/.dependencies/checkouts/swift-syntax/Sources/SwiftSyntax/gyb_generated/TokenKind.swift (in target 'SwiftSyntax' from project 'SwiftSyntax')
cd /Users/admin/builder/spi-builder-workspace/.swiftpm/xcode
builtin-SwiftPerFileCompile TokenKind.swift
SwiftCompile normal arm64 /Users/admin/builder/spi-builder-workspace/.dependencies/checkouts/swift-syntax/Sources/SwiftSyntax/gyb_generated/Trivia.swift (in target 'SwiftSyntax' from project 'SwiftSyntax')
cd /Users/admin/builder/spi-builder-workspace/.swiftpm/xcode
builtin-SwiftPerFileCompile Trivia.swift
SwiftDriverJobDiscovery normal arm64_32 Compiling Syntax.swift, SyntaxChildren.swift, SyntaxClassifier.swift, SyntaxData.swift (in target 'SwiftSyntax' from project 'SwiftSyntax')
SwiftCompile normal arm64 Compiling\ SyntaxClassification.swift,\ SyntaxCollections.swift,\ SyntaxEnum.swift,\ SyntaxFactory.swift /Users/admin/builder/spi-builder-workspace/.dependencies/checkouts/swift-syntax/Sources/SwiftSyntax/gyb_generated/SyntaxClassification.swift /Users/admin/builder/spi-builder-workspace/.dependencies/checkouts/swift-syntax/Sources/SwiftSyntax/gyb_generated/SyntaxCollections.swift /Users/admin/builder/spi-builder-workspace/.dependencies/checkouts/swift-syntax/Sources/SwiftSyntax/gyb_generated/SyntaxEnum.swift /Users/admin/builder/spi-builder-workspace/.dependencies/checkouts/swift-syntax/Sources/SwiftSyntax/gyb_generated/SyntaxFactory.swift (in target 'SwiftSyntax' from project 'SwiftSyntax')
SwiftCompile normal arm64 /Users/admin/builder/spi-builder-workspace/.dependencies/checkouts/swift-syntax/Sources/SwiftSyntax/gyb_generated/SyntaxClassification.swift (in target 'SwiftSyntax' from project 'SwiftSyntax')
cd /Users/admin/builder/spi-builder-workspace/.swiftpm/xcode
builtin-SwiftPerFileCompile SyntaxClassification.swift
SwiftCompile normal arm64 /Users/admin/builder/spi-builder-workspace/.dependencies/checkouts/swift-syntax/Sources/SwiftSyntax/gyb_generated/SyntaxCollections.swift (in target 'SwiftSyntax' from project 'SwiftSyntax')
cd /Users/admin/builder/spi-builder-workspace/.swiftpm/xcode
builtin-SwiftPerFileCompile SyntaxCollections.swift
SwiftCompile normal arm64 /Users/admin/builder/spi-builder-workspace/.dependencies/checkouts/swift-syntax/Sources/SwiftSyntax/gyb_generated/SyntaxEnum.swift (in target 'SwiftSyntax' from project 'SwiftSyntax')
cd /Users/admin/builder/spi-builder-workspace/.swiftpm/xcode
builtin-SwiftPerFileCompile SyntaxEnum.swift
SwiftCompile normal arm64 /Users/admin/builder/spi-builder-workspace/.dependencies/checkouts/swift-syntax/Sources/SwiftSyntax/gyb_generated/SyntaxFactory.swift (in target 'SwiftSyntax' from project 'SwiftSyntax')
cd /Users/admin/builder/spi-builder-workspace/.swiftpm/xcode
builtin-SwiftPerFileCompile SyntaxFactory.swift
SwiftDriverJobDiscovery normal arm64_32 Compiling SyntaxOtherNodes.swift, SyntaxVerifier.swift, Utils.swift, _SyntaxParserInterop.swift (in target 'SwiftSyntax' from project 'SwiftSyntax')
SwiftCompile normal arm64 Compiling\ SyntaxDeclNodes.swift,\ SyntaxExprNodes.swift,\ SyntaxNodes.swift /Users/admin/builder/spi-builder-workspace/.dependencies/checkouts/swift-syntax/Sources/SwiftSyntax/gyb_generated/syntax_nodes/SyntaxDeclNodes.swift /Users/admin/builder/spi-builder-workspace/.dependencies/checkouts/swift-syntax/Sources/SwiftSyntax/gyb_generated/syntax_nodes/SyntaxExprNodes.swift /Users/admin/builder/spi-builder-workspace/.dependencies/checkouts/swift-syntax/Sources/SwiftSyntax/gyb_generated/syntax_nodes/SyntaxNodes.swift (in target 'SwiftSyntax' from project 'SwiftSyntax')
SwiftCompile normal arm64 /Users/admin/builder/spi-builder-workspace/.dependencies/checkouts/swift-syntax/Sources/SwiftSyntax/gyb_generated/syntax_nodes/SyntaxDeclNodes.swift (in target 'SwiftSyntax' from project 'SwiftSyntax')
cd /Users/admin/builder/spi-builder-workspace/.swiftpm/xcode
builtin-SwiftPerFileCompile SyntaxDeclNodes.swift
SwiftCompile normal arm64 /Users/admin/builder/spi-builder-workspace/.dependencies/checkouts/swift-syntax/Sources/SwiftSyntax/gyb_generated/syntax_nodes/SyntaxExprNodes.swift (in target 'SwiftSyntax' from project 'SwiftSyntax')
cd /Users/admin/builder/spi-builder-workspace/.swiftpm/xcode
builtin-SwiftPerFileCompile SyntaxExprNodes.swift
SwiftCompile normal arm64 /Users/admin/builder/spi-builder-workspace/.dependencies/checkouts/swift-syntax/Sources/SwiftSyntax/gyb_generated/syntax_nodes/SyntaxNodes.swift (in target 'SwiftSyntax' from project 'SwiftSyntax')
cd /Users/admin/builder/spi-builder-workspace/.swiftpm/xcode
builtin-SwiftPerFileCompile SyntaxNodes.swift
SwiftDriverJobDiscovery normal arm64_32 Compiling SyntaxKind.swift, SyntaxRewriter.swift, SyntaxTraits.swift (in target 'SwiftSyntax' from project 'SwiftSyntax')
SwiftCompile normal arm64_32 Compiling\ RawSyntax.swift,\ SourceLength.swift,\ SourceLocation.swift,\ SourcePresence.swift /Users/admin/builder/spi-builder-workspace/.dependencies/checkouts/swift-syntax/Sources/SwiftSyntax/RawSyntax.swift /Users/admin/builder/spi-builder-workspace/.dependencies/checkouts/swift-syntax/Sources/SwiftSyntax/SourceLength.swift /Users/admin/builder/spi-builder-workspace/.dependencies/checkouts/swift-syntax/Sources/SwiftSyntax/SourceLocation.swift /Users/admin/builder/spi-builder-workspace/.dependencies/checkouts/swift-syntax/Sources/SwiftSyntax/SourcePresence.swift (in target 'SwiftSyntax' from project 'SwiftSyntax')
SwiftCompile normal arm64_32 /Users/admin/builder/spi-builder-workspace/.dependencies/checkouts/swift-syntax/Sources/SwiftSyntax/RawSyntax.swift (in target 'SwiftSyntax' from project 'SwiftSyntax')
cd /Users/admin/builder/spi-builder-workspace/.swiftpm/xcode
builtin-SwiftPerFileCompile RawSyntax.swift
SwiftCompile normal arm64_32 /Users/admin/builder/spi-builder-workspace/.dependencies/checkouts/swift-syntax/Sources/SwiftSyntax/SourceLength.swift (in target 'SwiftSyntax' from project 'SwiftSyntax')
cd /Users/admin/builder/spi-builder-workspace/.swiftpm/xcode
builtin-SwiftPerFileCompile SourceLength.swift
SwiftCompile normal arm64_32 /Users/admin/builder/spi-builder-workspace/.dependencies/checkouts/swift-syntax/Sources/SwiftSyntax/SourceLocation.swift (in target 'SwiftSyntax' from project 'SwiftSyntax')
cd /Users/admin/builder/spi-builder-workspace/.swiftpm/xcode
builtin-SwiftPerFileCompile SourceLocation.swift
SwiftCompile normal arm64_32 /Users/admin/builder/spi-builder-workspace/.dependencies/checkouts/swift-syntax/Sources/SwiftSyntax/SourcePresence.swift (in target 'SwiftSyntax' from project 'SwiftSyntax')
cd /Users/admin/builder/spi-builder-workspace/.swiftpm/xcode
builtin-SwiftPerFileCompile SourcePresence.swift
SwiftDriverJobDiscovery normal arm64_32 Emitting module for SwiftSyntax (in target 'SwiftSyntax' from project 'SwiftSyntax')
SwiftDriver\ Compilation\ Requirements SwiftSyntax normal arm64_32 com.apple.xcode.tools.swift.compiler (in target 'SwiftSyntax' from project 'SwiftSyntax')
cd /Users/admin/builder/spi-builder-workspace/.swiftpm/xcode
builtin-Swift-Compilation-Requirements -- /Applications/Xcode-27.0.0-Release.Candidate.app/Contents/Developer/Toolchains/XcodeDefault.xctoolchain/usr/bin/swiftc -parse-as-library -module-name SwiftSyntax -Onone @/Users/admin/builder/spi-builder-workspace/.derivedData/Build/Intermediates.noindex/SwiftSyntax.build/Debug-watchos/SwiftSyntax-t.build/Objects-normal/arm64_32/SwiftSyntax.SwiftFileList -DSWIFT_PACKAGE -DDEBUG -DSWIFT_MODULE_RESOURCE_BUNDLE_UNAVAILABLE -Xcc -fmodule-map-file\=/Users/admin/builder/spi-builder-workspace/.derivedData/Build/Intermediates.noindex/GeneratedModuleMaps-watchos/_CSwiftSyntax.modulemap -DXcode -plugin-path /Applications/Xcode-27.0.0-Release.Candidate.app/Contents/Developer/Toolchains/XcodeDefault.xctoolchain/usr/lib/swift/host/plugins/testing -enable-experimental-feature DebugDescriptionMacro -sdk /Applications/Xcode-27.0.0-Release.Candidate.app/Contents/Developer/Platforms/WatchOS.platform/Developer/SDKs/WatchOS27.0.sdk -target arm64_32-apple-watchos9.0 -g -module-cache-path /Users/admin/builder/spi-builder-workspace/.derivedData/ModuleCache.noindex -Xfrontend -serialize-debugging-options -profile-coverage-mapping -profile-generate -enable-testing -suppress-warnings -index-store-path /Users/admin/builder/spi-builder-workspace/.derivedData/Index.noindex/DataStore -Xcc -D_LIBCPP_HARDENING_MODE\=_LIBCPP_HARDENING_MODE_DEBUG -swift-version 5 -I /Users/admin/builder/spi-builder-workspace/.derivedData/Build/Products/Debug-watchos -Isystem /Applications/Xcode-27.0.0-Release.Candidate.app/Contents/Developer/Platforms/WatchOS.platform/Developer/usr/lib -F /Users/admin/builder/spi-builder-workspace/.derivedData/Build/Products/Debug-watchos/PackageFrameworks -F /Users/admin/builder/spi-builder-workspace/.derivedData/Build/Products/Debug-watchos -F /Applications/Xcode-27.0.0-Release.Candidate.app/Contents/Developer/Platforms/WatchOS.platform/Developer/Library/Frameworks -F /Applications/Xcode-27.0.0-Release.Candidate.app/Contents/Developer/Platforms/WatchOS.platform/Developer/SDKs/WatchOS27.0.sdk/Developer/Library/Frameworks -c -j10 -enable-batch-mode -incremental -Xcc -ivfsstatcache -Xcc /Users/admin/builder/spi-builder-workspace/.derivedData/SDKStatCaches.noindex/watchos27.0-24R360-e829b21a6f8c9b70876ba0858053c04477534ef55a1706bf4c1112bbb242f0a2.sdkstatcache -output-file-map /Users/admin/builder/spi-builder-workspace/.derivedData/Build/Intermediates.noindex/SwiftSyntax.build/Debug-watchos/SwiftSyntax-t.build/Objects-normal/arm64_32/SwiftSyntax-OutputFileMap.json -save-temps -no-color-diagnostics -explicit-module-build -module-cache-path /Users/admin/builder/spi-builder-workspace/.derivedData/Build/Intermediates.noindex/SwiftExplicitPrecompiledModules -clang-scanner-module-cache-path /Users/admin/builder/spi-builder-workspace/.derivedData/ModuleCache.noindex -sdk-module-cache-path /Users/admin/builder/spi-builder-workspace/.derivedData/SDKExplicitPrecompiledModules -emit-dependencies -emit-module -emit-module-path /Users/admin/builder/spi-builder-workspace/.derivedData/Build/Intermediates.noindex/SwiftSyntax.build/Debug-watchos/SwiftSyntax-t.build/Objects-normal/arm64_32/SwiftSyntax.swiftmodule -serialize-diagnostics -dependency-scan-serialize-diagnostics-path /Users/admin/builder/spi-builder-workspace/.derivedData/Build/Intermediates.noindex/SwiftSyntax.build/Debug-watchos/SwiftSyntax-t.build/Objects-normal/arm64_32/SwiftSyntax-dependency-scan.dia -validate-clang-modules-once -clang-build-session-file /Users/admin/builder/spi-builder-workspace/.derivedData/ModuleCache.noindex/Session.modulevalidation -Xcc -fmodules-prune-interval\=86400 -Xcc -fmodules-prune-after\=345600 -emit-const-values -const-gather-protocols-list /Users/admin/builder/spi-builder-workspace/.derivedData/Build/Intermediates.noindex/SwiftSyntax.build/Debug-watchos/SwiftSyntax-t.build/Objects-normal/arm64_32/SwiftSyntax_const_extract_protocols.json -Xcc -I/Users/admin/builder/spi-builder-workspace/.dependencies/checkouts/swift-syntax/Sources/_CSwiftSyntax/include -Xcc -I/Users/admin/builder/spi-builder-workspace/.derivedData/Build/Products/Debug-watchos/include -Xcc -I/Users/admin/builder/spi-builder-workspace/.derivedData/Build/Intermediates.noindex/SwiftSyntax.build/Debug-watchos/SwiftSyntax-t.build/DerivedSources-normal/arm64_32 -Xcc -I/Users/admin/builder/spi-builder-workspace/.derivedData/Build/Intermediates.noindex/SwiftSyntax.build/Debug-watchos/SwiftSyntax-t.build/DerivedSources/arm64_32 -Xcc -I/Users/admin/builder/spi-builder-workspace/.derivedData/Build/Intermediates.noindex/SwiftSyntax.build/Debug-watchos/SwiftSyntax-t.build/DerivedSources -Xcc -DSWIFT_PACKAGE -Xcc -DDEBUG\=1 -emit-objc-header -emit-objc-header-path /Users/admin/builder/spi-builder-workspace/.derivedData/Build/Intermediates.noindex/SwiftSyntax.build/Debug-watchos/SwiftSyntax-t.build/Objects-normal/arm64_32/SwiftSyntax-Swift.h -working-directory /Users/admin/builder/spi-builder-workspace/.swiftpm/xcode -experimental-emit-module-separately -disable-cmo
SwiftDriverJobDiscovery normal arm64_32 Compiling SyntaxPatternNodes.swift, SyntaxStmtNodes.swift, SyntaxTypeNodes.swift (in target 'SwiftSyntax' from project 'SwiftSyntax')
SwiftCompile normal arm64 Compiling\ RawSyntax.swift,\ SourceLength.swift,\ SourceLocation.swift,\ SourcePresence.swift /Users/admin/builder/spi-builder-workspace/.dependencies/checkouts/swift-syntax/Sources/SwiftSyntax/RawSyntax.swift /Users/admin/builder/spi-builder-workspace/.dependencies/checkouts/swift-syntax/Sources/SwiftSyntax/SourceLength.swift /Users/admin/builder/spi-builder-workspace/.dependencies/checkouts/swift-syntax/Sources/SwiftSyntax/SourceLocation.swift /Users/admin/builder/spi-builder-workspace/.dependencies/checkouts/swift-syntax/Sources/SwiftSyntax/SourcePresence.swift (in target 'SwiftSyntax' from project 'SwiftSyntax')
SwiftCompile normal arm64 /Users/admin/builder/spi-builder-workspace/.dependencies/checkouts/swift-syntax/Sources/SwiftSyntax/RawSyntax.swift (in target 'SwiftSyntax' from project 'SwiftSyntax')
cd /Users/admin/builder/spi-builder-workspace/.swiftpm/xcode
builtin-SwiftPerFileCompile RawSyntax.swift
SwiftCompile normal arm64 /Users/admin/builder/spi-builder-workspace/.dependencies/checkouts/swift-syntax/Sources/SwiftSyntax/SourceLength.swift (in target 'SwiftSyntax' from project 'SwiftSyntax')
cd /Users/admin/builder/spi-builder-workspace/.swiftpm/xcode
builtin-SwiftPerFileCompile SourceLength.swift
SwiftCompile normal arm64 /Users/admin/builder/spi-builder-workspace/.dependencies/checkouts/swift-syntax/Sources/SwiftSyntax/SourceLocation.swift (in target 'SwiftSyntax' from project 'SwiftSyntax')
cd /Users/admin/builder/spi-builder-workspace/.swiftpm/xcode
builtin-SwiftPerFileCompile SourceLocation.swift
SwiftCompile normal arm64 /Users/admin/builder/spi-builder-workspace/.dependencies/checkouts/swift-syntax/Sources/SwiftSyntax/SourcePresence.swift (in target 'SwiftSyntax' from project 'SwiftSyntax')
cd /Users/admin/builder/spi-builder-workspace/.swiftpm/xcode
builtin-SwiftPerFileCompile SourcePresence.swift
Copy /Users/admin/builder/spi-builder-workspace/.derivedData/Build/Products/Debug-watchos/SwiftSyntax.swiftmodule/arm64_32-apple-watchos.swiftmodule /Users/admin/builder/spi-builder-workspace/.derivedData/Build/Intermediates.noindex/SwiftSyntax.build/Debug-watchos/SwiftSyntax-t.build/Objects-normal/arm64_32/SwiftSyntax.swiftmodule (in target 'SwiftSyntax' from project 'SwiftSyntax')
cd /Users/admin/builder/spi-builder-workspace/.dependencies/checkouts/swift-syntax
builtin-copy -exclude .DS_Store -exclude CVS -exclude .svn -exclude .git -exclude .hg -resolve-src-symlinks -rename /Users/admin/builder/spi-builder-workspace/.derivedData/Build/Intermediates.noindex/SwiftSyntax.build/Debug-watchos/SwiftSyntax-t.build/Objects-normal/arm64_32/SwiftSyntax.swiftmodule /Users/admin/builder/spi-builder-workspace/.derivedData/Build/Products/Debug-watchos/SwiftSyntax.swiftmodule/arm64_32-apple-watchos.swiftmodule
SwiftDriverJobDiscovery normal arm64_32 Compiling SyntaxVisitor.swift, TokenKind.swift, Trivia.swift (in target 'SwiftSyntax' from project 'SwiftSyntax')
Copy /Users/admin/builder/spi-builder-workspace/.derivedData/Build/Products/Debug-watchos/SwiftSyntax.swiftmodule/arm64_32-apple-watchos.swiftdoc /Users/admin/builder/spi-builder-workspace/.derivedData/Build/Intermediates.noindex/SwiftSyntax.build/Debug-watchos/SwiftSyntax-t.build/Objects-normal/arm64_32/SwiftSyntax.swiftdoc (in target 'SwiftSyntax' from project 'SwiftSyntax')
cd /Users/admin/builder/spi-builder-workspace/.dependencies/checkouts/swift-syntax
builtin-copy -exclude .DS_Store -exclude CVS -exclude .svn -exclude .git -exclude .hg -resolve-src-symlinks -rename /Users/admin/builder/spi-builder-workspace/.derivedData/Build/Intermediates.noindex/SwiftSyntax.build/Debug-watchos/SwiftSyntax-t.build/Objects-normal/arm64_32/SwiftSyntax.swiftdoc /Users/admin/builder/spi-builder-workspace/.derivedData/Build/Products/Debug-watchos/SwiftSyntax.swiftmodule/arm64_32-apple-watchos.swiftdoc
Copy /Users/admin/builder/spi-builder-workspace/.derivedData/Build/Products/Debug-watchos/SwiftSyntax.swiftmodule/arm64_32-apple-watchos.abi.json /Users/admin/builder/spi-builder-workspace/.derivedData/Build/Intermediates.noindex/SwiftSyntax.build/Debug-watchos/SwiftSyntax-t.build/Objects-normal/arm64_32/SwiftSyntax.abi.json (in target 'SwiftSyntax' from project 'SwiftSyntax')
cd /Users/admin/builder/spi-builder-workspace/.dependencies/checkouts/swift-syntax
builtin-copy -exclude .DS_Store -exclude CVS -exclude .svn -exclude .git -exclude .hg -resolve-src-symlinks -rename /Users/admin/builder/spi-builder-workspace/.derivedData/Build/Intermediates.noindex/SwiftSyntax.build/Debug-watchos/SwiftSyntax-t.build/Objects-normal/arm64_32/SwiftSyntax.abi.json /Users/admin/builder/spi-builder-workspace/.derivedData/Build/Products/Debug-watchos/SwiftSyntax.swiftmodule/arm64_32-apple-watchos.abi.json
Copy /Users/admin/builder/spi-builder-workspace/.derivedData/Build/Products/Debug-watchos/SwiftSyntax.swiftmodule/Project/arm64_32-apple-watchos.swiftsourceinfo /Users/admin/builder/spi-builder-workspace/.derivedData/Build/Intermediates.noindex/SwiftSyntax.build/Debug-watchos/SwiftSyntax-t.build/Objects-normal/arm64_32/SwiftSyntax.swiftsourceinfo (in target 'SwiftSyntax' from project 'SwiftSyntax')
cd /Users/admin/builder/spi-builder-workspace/.dependencies/checkouts/swift-syntax
builtin-copy -exclude .DS_Store -exclude CVS -exclude .svn -exclude .git -exclude .hg -resolve-src-symlinks -rename /Users/admin/builder/spi-builder-workspace/.derivedData/Build/Intermediates.noindex/SwiftSyntax.build/Debug-watchos/SwiftSyntax-t.build/Objects-normal/arm64_32/SwiftSyntax.swiftsourceinfo /Users/admin/builder/spi-builder-workspace/.derivedData/Build/Products/Debug-watchos/SwiftSyntax.swiftmodule/Project/arm64_32-apple-watchos.swiftsourceinfo
SwiftCompile normal arm64 Compiling\ AbsolutePosition.swift,\ AtomicCounter.swift,\ CNodes.swift,\ IncrementalParseTransition.swift /Users/admin/builder/spi-builder-workspace/.dependencies/checkouts/swift-syntax/Sources/SwiftSyntax/AbsolutePosition.swift /Users/admin/builder/spi-builder-workspace/.dependencies/checkouts/swift-syntax/Sources/SwiftSyntax/AtomicCounter.swift /Users/admin/builder/spi-builder-workspace/.dependencies/checkouts/swift-syntax/Sources/SwiftSyntax/CNodes.swift /Users/admin/builder/spi-builder-workspace/.dependencies/checkouts/swift-syntax/Sources/SwiftSyntax/IncrementalParseTransition.swift (in target 'SwiftSyntax' from project 'SwiftSyntax')
SwiftCompile normal arm64 /Users/admin/builder/spi-builder-workspace/.dependencies/checkouts/swift-syntax/Sources/SwiftSyntax/AbsolutePosition.swift (in target 'SwiftSyntax' from project 'SwiftSyntax')
cd /Users/admin/builder/spi-builder-workspace/.swiftpm/xcode
builtin-SwiftPerFileCompile AbsolutePosition.swift
SwiftCompile normal arm64 /Users/admin/builder/spi-builder-workspace/.dependencies/checkouts/swift-syntax/Sources/SwiftSyntax/AtomicCounter.swift (in target 'SwiftSyntax' from project 'SwiftSyntax')
cd /Users/admin/builder/spi-builder-workspace/.swiftpm/xcode
builtin-SwiftPerFileCompile AtomicCounter.swift
SwiftCompile normal arm64 /Users/admin/builder/spi-builder-workspace/.dependencies/checkouts/swift-syntax/Sources/SwiftSyntax/CNodes.swift (in target 'SwiftSyntax' from project 'SwiftSyntax')
cd /Users/admin/builder/spi-builder-workspace/.swiftpm/xcode
builtin-SwiftPerFileCompile CNodes.swift
SwiftCompile normal arm64 /Users/admin/builder/spi-builder-workspace/.dependencies/checkouts/swift-syntax/Sources/SwiftSyntax/IncrementalParseTransition.swift (in target 'SwiftSyntax' from project 'SwiftSyntax')
cd /Users/admin/builder/spi-builder-workspace/.swiftpm/xcode
builtin-SwiftPerFileCompile IncrementalParseTransition.swift
SwiftCompile normal arm64 Compiling\ Misc.swift,\ SyntaxAnyVisitor.swift,\ SyntaxBaseNodes.swift,\ SyntaxBuilders.swift /Users/admin/builder/spi-builder-workspace/.dependencies/checkouts/swift-syntax/Sources/SwiftSyntax/gyb_generated/Misc.swift /Users/admin/builder/spi-builder-workspace/.dependencies/checkouts/swift-syntax/Sources/SwiftSyntax/gyb_generated/SyntaxAnyVisitor.swift /Users/admin/builder/spi-builder-workspace/.dependencies/checkouts/swift-syntax/Sources/SwiftSyntax/gyb_generated/SyntaxBaseNodes.swift /Users/admin/builder/spi-builder-workspace/.dependencies/checkouts/swift-syntax/Sources/SwiftSyntax/gyb_generated/SyntaxBuilders.swift (in target 'SwiftSyntax' from project 'SwiftSyntax')
SwiftCompile normal arm64 /Users/admin/builder/spi-builder-workspace/.dependencies/checkouts/swift-syntax/Sources/SwiftSyntax/gyb_generated/Misc.swift (in target 'SwiftSyntax' from project 'SwiftSyntax')
cd /Users/admin/builder/spi-builder-workspace/.swiftpm/xcode
builtin-SwiftPerFileCompile Misc.swift
SwiftCompile normal arm64 /Users/admin/builder/spi-builder-workspace/.dependencies/checkouts/swift-syntax/Sources/SwiftSyntax/gyb_generated/SyntaxAnyVisitor.swift (in target 'SwiftSyntax' from project 'SwiftSyntax')
cd /Users/admin/builder/spi-builder-workspace/.swiftpm/xcode
builtin-SwiftPerFileCompile SyntaxAnyVisitor.swift
SwiftCompile normal arm64 /Users/admin/builder/spi-builder-workspace/.dependencies/checkouts/swift-syntax/Sources/SwiftSyntax/gyb_generated/SyntaxBaseNodes.swift (in target 'SwiftSyntax' from project 'SwiftSyntax')
cd /Users/admin/builder/spi-builder-workspace/.swiftpm/xcode
builtin-SwiftPerFileCompile SyntaxBaseNodes.swift
SwiftCompile normal arm64 /Users/admin/builder/spi-builder-workspace/.dependencies/checkouts/swift-syntax/Sources/SwiftSyntax/gyb_generated/SyntaxBuilders.swift (in target 'SwiftSyntax' from project 'SwiftSyntax')
cd /Users/admin/builder/spi-builder-workspace/.swiftpm/xcode
builtin-SwiftPerFileCompile SyntaxBuilders.swift
SwiftDriverJobDiscovery normal arm64 Emitting module for SwiftSyntax (in target 'SwiftSyntax' from project 'SwiftSyntax')
SwiftDriver\ Compilation\ Requirements SwiftSyntax normal arm64 com.apple.xcode.tools.swift.compiler (in target 'SwiftSyntax' from project 'SwiftSyntax')
cd /Users/admin/builder/spi-builder-workspace/.swiftpm/xcode
builtin-Swift-Compilation-Requirements -- /Applications/Xcode-27.0.0-Release.Candidate.app/Contents/Developer/Toolchains/XcodeDefault.xctoolchain/usr/bin/swiftc -parse-as-library -module-name SwiftSyntax -Onone @/Users/admin/builder/spi-builder-workspace/.derivedData/Build/Intermediates.noindex/SwiftSyntax.build/Debug-watchos/SwiftSyntax-t.build/Objects-normal/arm64/SwiftSyntax.SwiftFileList -DSWIFT_PACKAGE -DDEBUG -DSWIFT_MODULE_RESOURCE_BUNDLE_UNAVAILABLE -Xcc -fmodule-map-file\=/Users/admin/builder/spi-builder-workspace/.derivedData/Build/Intermediates.noindex/GeneratedModuleMaps-watchos/_CSwiftSyntax.modulemap -DXcode -plugin-path /Applications/Xcode-27.0.0-Release.Candidate.app/Contents/Developer/Toolchains/XcodeDefault.xctoolchain/usr/lib/swift/host/plugins/testing -enable-experimental-feature DebugDescriptionMacro -sdk /Applications/Xcode-27.0.0-Release.Candidate.app/Contents/Developer/Platforms/WatchOS.platform/Developer/SDKs/WatchOS27.0.sdk -target arm64-apple-watchos9.0 -g -module-cache-path /Users/admin/builder/spi-builder-workspace/.derivedData/ModuleCache.noindex -Xfrontend -serialize-debugging-options -profile-coverage-mapping -profile-generate -enable-testing -suppress-warnings -index-store-path /Users/admin/builder/spi-builder-workspace/.derivedData/Index.noindex/DataStore -Xcc -D_LIBCPP_HARDENING_MODE\=_LIBCPP_HARDENING_MODE_DEBUG -swift-version 5 -I /Users/admin/builder/spi-builder-workspace/.derivedData/Build/Products/Debug-watchos -Isystem /Applications/Xcode-27.0.0-Release.Candidate.app/Contents/Developer/Platforms/WatchOS.platform/Developer/usr/lib -F /Users/admin/builder/spi-builder-workspace/.derivedData/Build/Products/Debug-watchos/PackageFrameworks -F /Users/admin/builder/spi-builder-workspace/.derivedData/Build/Products/Debug-watchos -F /Applications/Xcode-27.0.0-Release.Candidate.app/Contents/Developer/Platforms/WatchOS.platform/Developer/Library/Frameworks -F /Applications/Xcode-27.0.0-Release.Candidate.app/Contents/Developer/Platforms/WatchOS.platform/Developer/SDKs/WatchOS27.0.sdk/Developer/Library/Frameworks -c -j10 -enable-batch-mode -incremental -Xcc -ivfsstatcache -Xcc /Users/admin/builder/spi-builder-workspace/.derivedData/SDKStatCaches.noindex/watchos27.0-24R360-e829b21a6f8c9b70876ba0858053c04477534ef55a1706bf4c1112bbb242f0a2.sdkstatcache -output-file-map /Users/admin/builder/spi-builder-workspace/.derivedData/Build/Intermediates.noindex/SwiftSyntax.build/Debug-watchos/SwiftSyntax-t.build/Objects-normal/arm64/SwiftSyntax-OutputFileMap.json -save-temps -no-color-diagnostics -explicit-module-build -module-cache-path /Users/admin/builder/spi-builder-workspace/.derivedData/Build/Intermediates.noindex/SwiftExplicitPrecompiledModules -clang-scanner-module-cache-path /Users/admin/builder/spi-builder-workspace/.derivedData/ModuleCache.noindex -sdk-module-cache-path /Users/admin/builder/spi-builder-workspace/.derivedData/SDKExplicitPrecompiledModules -emit-dependencies -emit-module -emit-module-path /Users/admin/builder/spi-builder-workspace/.derivedData/Build/Intermediates.noindex/SwiftSyntax.build/Debug-watchos/SwiftSyntax-t.build/Objects-normal/arm64/SwiftSyntax.swiftmodule -serialize-diagnostics -dependency-scan-serialize-diagnostics-path /Users/admin/builder/spi-builder-workspace/.derivedData/Build/Intermediates.noindex/SwiftSyntax.build/Debug-watchos/SwiftSyntax-t.build/Objects-normal/arm64/SwiftSyntax-dependency-scan.dia -validate-clang-modules-once -clang-build-session-file /Users/admin/builder/spi-builder-workspace/.derivedData/ModuleCache.noindex/Session.modulevalidation -Xcc -fmodules-prune-interval\=86400 -Xcc -fmodules-prune-after\=345600 -emit-const-values -const-gather-protocols-list /Users/admin/builder/spi-builder-workspace/.derivedData/Build/Intermediates.noindex/SwiftSyntax.build/Debug-watchos/SwiftSyntax-t.build/Objects-normal/arm64/SwiftSyntax_const_extract_protocols.json -Xcc -I/Users/admin/builder/spi-builder-workspace/.dependencies/checkouts/swift-syntax/Sources/_CSwiftSyntax/include -Xcc -I/Users/admin/builder/spi-builder-workspace/.derivedData/Build/Products/Debug-watchos/include -Xcc -I/Users/admin/builder/spi-builder-workspace/.derivedData/Build/Intermediates.noindex/SwiftSyntax.build/Debug-watchos/SwiftSyntax-t.build/DerivedSources-normal/arm64 -Xcc -I/Users/admin/builder/spi-builder-workspace/.derivedData/Build/Intermediates.noindex/SwiftSyntax.build/Debug-watchos/SwiftSyntax-t.build/DerivedSources/arm64 -Xcc -I/Users/admin/builder/spi-builder-workspace/.derivedData/Build/Intermediates.noindex/SwiftSyntax.build/Debug-watchos/SwiftSyntax-t.build/DerivedSources -Xcc -DSWIFT_PACKAGE -Xcc -DDEBUG\=1 -emit-objc-header -emit-objc-header-path /Users/admin/builder/spi-builder-workspace/.derivedData/Build/Intermediates.noindex/SwiftSyntax.build/Debug-watchos/SwiftSyntax-t.build/Objects-normal/arm64/SwiftSyntax-Swift.h -working-directory /Users/admin/builder/spi-builder-workspace/.swiftpm/xcode -experimental-emit-module-separately -disable-cmo
SwiftDriverJobDiscovery normal arm64_32 Compiling RawSyntax.swift, SourceLength.swift, SourceLocation.swift, SourcePresence.swift (in target 'SwiftSyntax' from project 'SwiftSyntax')
SwiftCompile normal arm64 Compiling\ SyntaxKind.swift,\ SyntaxRewriter.swift,\ SyntaxTraits.swift /Users/admin/builder/spi-builder-workspace/.dependencies/checkouts/swift-syntax/Sources/SwiftSyntax/gyb_generated/SyntaxKind.swift /Users/admin/builder/spi-builder-workspace/.dependencies/checkouts/swift-syntax/Sources/SwiftSyntax/gyb_generated/SyntaxRewriter.swift /Users/admin/builder/spi-builder-workspace/.dependencies/checkouts/swift-syntax/Sources/SwiftSyntax/gyb_generated/SyntaxTraits.swift (in target 'SwiftSyntax' from project 'SwiftSyntax')
SwiftCompile normal arm64 /Users/admin/builder/spi-builder-workspace/.dependencies/checkouts/swift-syntax/Sources/SwiftSyntax/gyb_generated/SyntaxKind.swift (in target 'SwiftSyntax' from project 'SwiftSyntax')
cd /Users/admin/builder/spi-builder-workspace/.swiftpm/xcode
builtin-SwiftPerFileCompile SyntaxKind.swift
SwiftCompile normal arm64 /Users/admin/builder/spi-builder-workspace/.dependencies/checkouts/swift-syntax/Sources/SwiftSyntax/gyb_generated/SyntaxRewriter.swift (in target 'SwiftSyntax' from project 'SwiftSyntax')
cd /Users/admin/builder/spi-builder-workspace/.swiftpm/xcode
builtin-SwiftPerFileCompile SyntaxRewriter.swift
SwiftCompile normal arm64 /Users/admin/builder/spi-builder-workspace/.dependencies/checkouts/swift-syntax/Sources/SwiftSyntax/gyb_generated/SyntaxTraits.swift (in target 'SwiftSyntax' from project 'SwiftSyntax')
cd /Users/admin/builder/spi-builder-workspace/.swiftpm/xcode
builtin-SwiftPerFileCompile SyntaxTraits.swift
SwiftMergeGeneratedHeaders /Users/admin/builder/spi-builder-workspace/.derivedData/Build/Intermediates.noindex/GeneratedModuleMaps-watchos/SwiftSyntax-Swift.h /Users/admin/builder/spi-builder-workspace/.derivedData/Build/Intermediates.noindex/SwiftSyntax.build/Debug-watchos/SwiftSyntax-t.build/Objects-normal/arm64/SwiftSyntax-Swift.h /Users/admin/builder/spi-builder-workspace/.derivedData/Build/Intermediates.noindex/SwiftSyntax.build/Debug-watchos/SwiftSyntax-t.build/Objects-normal/arm64_32/SwiftSyntax-Swift.h (in target 'SwiftSyntax' from project 'SwiftSyntax')
cd /Users/admin/builder/spi-builder-workspace/.dependencies/checkouts/swift-syntax
builtin-swiftHeaderTool -arch arm64 /Users/admin/builder/spi-builder-workspace/.derivedData/Build/Intermediates.noindex/SwiftSyntax.build/Debug-watchos/SwiftSyntax-t.build/Objects-normal/arm64/SwiftSyntax-Swift.h -arch arm64_32 /Users/admin/builder/spi-builder-workspace/.derivedData/Build/Intermediates.noindex/SwiftSyntax.build/Debug-watchos/SwiftSyntax-t.build/Objects-normal/arm64_32/SwiftSyntax-Swift.h -o /Users/admin/builder/spi-builder-workspace/.derivedData/Build/Intermediates.noindex/GeneratedModuleMaps-watchos/SwiftSyntax-Swift.h
SwiftDriverJobDiscovery normal arm64 Compiling RawSyntax.swift, SourceLength.swift, SourceLocation.swift, SourcePresence.swift (in target 'SwiftSyntax' from project 'SwiftSyntax')
Copy /Users/admin/builder/spi-builder-workspace/.derivedData/Build/Products/Debug-watchos/SwiftSyntax.swiftmodule/arm64-apple-watchos.swiftmodule /Users/admin/builder/spi-builder-workspace/.derivedData/Build/Intermediates.noindex/SwiftSyntax.build/Debug-watchos/SwiftSyntax-t.build/Objects-normal/arm64/SwiftSyntax.swiftmodule (in target 'SwiftSyntax' from project 'SwiftSyntax')
cd /Users/admin/builder/spi-builder-workspace/.dependencies/checkouts/swift-syntax
builtin-copy -exclude .DS_Store -exclude CVS -exclude .svn -exclude .git -exclude .hg -resolve-src-symlinks -rename /Users/admin/builder/spi-builder-workspace/.derivedData/Build/Intermediates.noindex/SwiftSyntax.build/Debug-watchos/SwiftSyntax-t.build/Objects-normal/arm64/SwiftSyntax.swiftmodule /Users/admin/builder/spi-builder-workspace/.derivedData/Build/Products/Debug-watchos/SwiftSyntax.swiftmodule/arm64-apple-watchos.swiftmodule
Copy /Users/admin/builder/spi-builder-workspace/.derivedData/Build/Products/Debug-watchos/SwiftSyntax.swiftmodule/arm64-apple-watchos.swiftdoc /Users/admin/builder/spi-builder-workspace/.derivedData/Build/Intermediates.noindex/SwiftSyntax.build/Debug-watchos/SwiftSyntax-t.build/Objects-normal/arm64/SwiftSyntax.swiftdoc (in target 'SwiftSyntax' from project 'SwiftSyntax')
cd /Users/admin/builder/spi-builder-workspace/.dependencies/checkouts/swift-syntax
builtin-copy -exclude .DS_Store -exclude CVS -exclude .svn -exclude .git -exclude .hg -resolve-src-symlinks -rename /Users/admin/builder/spi-builder-workspace/.derivedData/Build/Intermediates.noindex/SwiftSyntax.build/Debug-watchos/SwiftSyntax-t.build/Objects-normal/arm64/SwiftSyntax.swiftdoc /Users/admin/builder/spi-builder-workspace/.derivedData/Build/Products/Debug-watchos/SwiftSyntax.swiftmodule/arm64-apple-watchos.swiftdoc
Copy /Users/admin/builder/spi-builder-workspace/.derivedData/Build/Products/Debug-watchos/SwiftSyntax.swiftmodule/arm64-apple-watchos.abi.json /Users/admin/builder/spi-builder-workspace/.derivedData/Build/Intermediates.noindex/SwiftSyntax.build/Debug-watchos/SwiftSyntax-t.build/Objects-normal/arm64/SwiftSyntax.abi.json (in target 'SwiftSyntax' from project 'SwiftSyntax')
cd /Users/admin/builder/spi-builder-workspace/.dependencies/checkouts/swift-syntax
builtin-copy -exclude .DS_Store -exclude CVS -exclude .svn -exclude .git -exclude .hg -resolve-src-symlinks -rename /Users/admin/builder/spi-builder-workspace/.derivedData/Build/Intermediates.noindex/SwiftSyntax.build/Debug-watchos/SwiftSyntax-t.build/Objects-normal/arm64/SwiftSyntax.abi.json /Users/admin/builder/spi-builder-workspace/.derivedData/Build/Products/Debug-watchos/SwiftSyntax.swiftmodule/arm64-apple-watchos.abi.json
Copy /Users/admin/builder/spi-builder-workspace/.derivedData/Build/Products/Debug-watchos/SwiftSyntax.swiftmodule/Project/arm64-apple-watchos.swiftsourceinfo /Users/admin/builder/spi-builder-workspace/.derivedData/Build/Intermediates.noindex/SwiftSyntax.build/Debug-watchos/SwiftSyntax-t.build/Objects-normal/arm64/SwiftSyntax.swiftsourceinfo (in target 'SwiftSyntax' from project 'SwiftSyntax')
cd /Users/admin/builder/spi-builder-workspace/.dependencies/checkouts/swift-syntax
builtin-copy -exclude .DS_Store -exclude CVS -exclude .svn -exclude .git -exclude .hg -resolve-src-symlinks -rename /Users/admin/builder/spi-builder-workspace/.derivedData/Build/Intermediates.noindex/SwiftSyntax.build/Debug-watchos/SwiftSyntax-t.build/Objects-normal/arm64/SwiftSyntax.swiftsourceinfo /Users/admin/builder/spi-builder-workspace/.derivedData/Build/Products/Debug-watchos/SwiftSyntax.swiftmodule/Project/arm64-apple-watchos.swiftsourceinfo
SwiftCompile normal arm64 Compiling\ Syntax.swift,\ SyntaxChildren.swift,\ SyntaxClassifier.swift,\ SyntaxData.swift /Users/admin/builder/spi-builder-workspace/.dependencies/checkouts/swift-syntax/Sources/SwiftSyntax/Syntax.swift /Users/admin/builder/spi-builder-workspace/.dependencies/checkouts/swift-syntax/Sources/SwiftSyntax/SyntaxChildren.swift /Users/admin/builder/spi-builder-workspace/.dependencies/checkouts/swift-syntax/Sources/SwiftSyntax/SyntaxClassifier.swift /Users/admin/builder/spi-builder-workspace/.dependencies/checkouts/swift-syntax/Sources/SwiftSyntax/SyntaxData.swift (in target 'SwiftSyntax' from project 'SwiftSyntax')
SwiftCompile normal arm64 /Users/admin/builder/spi-builder-workspace/.dependencies/checkouts/swift-syntax/Sources/SwiftSyntax/Syntax.swift (in target 'SwiftSyntax' from project 'SwiftSyntax')
cd /Users/admin/builder/spi-builder-workspace/.swiftpm/xcode
builtin-SwiftPerFileCompile Syntax.swift
SwiftCompile normal arm64 /Users/admin/builder/spi-builder-workspace/.dependencies/checkouts/swift-syntax/Sources/SwiftSyntax/SyntaxChildren.swift (in target 'SwiftSyntax' from project 'SwiftSyntax')
cd /Users/admin/builder/spi-builder-workspace/.swiftpm/xcode
builtin-SwiftPerFileCompile SyntaxChildren.swift
SwiftCompile normal arm64 /Users/admin/builder/spi-builder-workspace/.dependencies/checkouts/swift-syntax/Sources/SwiftSyntax/SyntaxClassifier.swift (in target 'SwiftSyntax' from project 'SwiftSyntax')
cd /Users/admin/builder/spi-builder-workspace/.swiftpm/xcode
builtin-SwiftPerFileCompile SyntaxClassifier.swift
SwiftCompile normal arm64 /Users/admin/builder/spi-builder-workspace/.dependencies/checkouts/swift-syntax/Sources/SwiftSyntax/SyntaxData.swift (in target 'SwiftSyntax' from project 'SwiftSyntax')
cd /Users/admin/builder/spi-builder-workspace/.swiftpm/xcode
builtin-SwiftPerFileCompile SyntaxData.swift
SwiftDriverJobDiscovery normal arm64 Compiling AbsolutePosition.swift, AtomicCounter.swift, CNodes.swift, IncrementalParseTransition.swift (in target 'SwiftSyntax' from project 'SwiftSyntax')
SwiftCompile normal arm64 Compiling\ SyntaxPatternNodes.swift,\ SyntaxStmtNodes.swift,\ SyntaxTypeNodes.swift /Users/admin/builder/spi-builder-workspace/.dependencies/checkouts/swift-syntax/Sources/SwiftSyntax/gyb_generated/syntax_nodes/SyntaxPatternNodes.swift /Users/admin/builder/spi-builder-workspace/.dependencies/checkouts/swift-syntax/Sources/SwiftSyntax/gyb_generated/syntax_nodes/SyntaxStmtNodes.swift /Users/admin/builder/spi-builder-workspace/.dependencies/checkouts/swift-syntax/Sources/SwiftSyntax/gyb_generated/syntax_nodes/SyntaxTypeNodes.swift (in target 'SwiftSyntax' from project 'SwiftSyntax')
SwiftCompile normal arm64 /Users/admin/builder/spi-builder-workspace/.dependencies/checkouts/swift-syntax/Sources/SwiftSyntax/gyb_generated/syntax_nodes/SyntaxPatternNodes.swift (in target 'SwiftSyntax' from project 'SwiftSyntax')
cd /Users/admin/builder/spi-builder-workspace/.swiftpm/xcode
builtin-SwiftPerFileCompile SyntaxPatternNodes.swift
SwiftCompile normal arm64 /Users/admin/builder/spi-builder-workspace/.dependencies/checkouts/swift-syntax/Sources/SwiftSyntax/gyb_generated/syntax_nodes/SyntaxStmtNodes.swift (in target 'SwiftSyntax' from project 'SwiftSyntax')
cd /Users/admin/builder/spi-builder-workspace/.swiftpm/xcode
builtin-SwiftPerFileCompile SyntaxStmtNodes.swift
SwiftCompile normal arm64 /Users/admin/builder/spi-builder-workspace/.dependencies/checkouts/swift-syntax/Sources/SwiftSyntax/gyb_generated/syntax_nodes/SyntaxTypeNodes.swift (in target 'SwiftSyntax' from project 'SwiftSyntax')
cd /Users/admin/builder/spi-builder-workspace/.swiftpm/xcode
builtin-SwiftPerFileCompile SyntaxTypeNodes.swift
SwiftDriverJobDiscovery normal arm64 Compiling SyntaxVisitor.swift, TokenKind.swift, Trivia.swift (in target 'SwiftSyntax' from project 'SwiftSyntax')
SwiftCompile normal arm64 Compiling\ SyntaxOtherNodes.swift,\ SyntaxVerifier.swift,\ Utils.swift,\ _SyntaxParserInterop.swift /Users/admin/builder/spi-builder-workspace/.dependencies/checkouts/swift-syntax/Sources/SwiftSyntax/SyntaxOtherNodes.swift /Users/admin/builder/spi-builder-workspace/.dependencies/checkouts/swift-syntax/Sources/SwiftSyntax/SyntaxVerifier.swift /Users/admin/builder/spi-builder-workspace/.dependencies/checkouts/swift-syntax/Sources/SwiftSyntax/Utils.swift /Users/admin/builder/spi-builder-workspace/.dependencies/checkouts/swift-syntax/Sources/SwiftSyntax/_SyntaxParserInterop.swift (in target 'SwiftSyntax' from project 'SwiftSyntax')
SwiftCompile normal arm64 /Users/admin/builder/spi-builder-workspace/.dependencies/checkouts/swift-syntax/Sources/SwiftSyntax/SyntaxOtherNodes.swift (in target 'SwiftSyntax' from project 'SwiftSyntax')
cd /Users/admin/builder/spi-builder-workspace/.swiftpm/xcode
builtin-SwiftPerFileCompile SyntaxOtherNodes.swift
SwiftCompile normal arm64 /Users/admin/builder/spi-builder-workspace/.dependencies/checkouts/swift-syntax/Sources/SwiftSyntax/SyntaxVerifier.swift (in target 'SwiftSyntax' from project 'SwiftSyntax')
cd /Users/admin/builder/spi-builder-workspace/.swiftpm/xcode
builtin-SwiftPerFileCompile SyntaxVerifier.swift
SwiftCompile normal arm64 /Users/admin/builder/spi-builder-workspace/.dependencies/checkouts/swift-syntax/Sources/SwiftSyntax/Utils.swift (in target 'SwiftSyntax' from project 'SwiftSyntax')
cd /Users/admin/builder/spi-builder-workspace/.swiftpm/xcode
builtin-SwiftPerFileCompile Utils.swift
SwiftCompile normal arm64 /Users/admin/builder/spi-builder-workspace/.dependencies/checkouts/swift-syntax/Sources/SwiftSyntax/_SyntaxParserInterop.swift (in target 'SwiftSyntax' from project 'SwiftSyntax')
cd /Users/admin/builder/spi-builder-workspace/.swiftpm/xcode
builtin-SwiftPerFileCompile _SyntaxParserInterop.swift
SwiftDriverJobDiscovery normal arm64 Compiling Syntax.swift, SyntaxChildren.swift, SyntaxClassifier.swift, SyntaxData.swift (in target 'SwiftSyntax' from project 'SwiftSyntax')
SwiftDriver RagnarokCore normal arm64 com.apple.xcode.tools.swift.compiler (in target 'RagnarokCore' from project 'Ragnarok')
cd /Users/admin/builder/spi-builder-workspace/.swiftpm/xcode
builtin-SwiftDriver -- /Applications/Xcode-27.0.0-Release.Candidate.app/Contents/Developer/Toolchains/XcodeDefault.xctoolchain/usr/bin/swiftc -parse-as-library -module-name RagnarokCore -Onone @/Users/admin/builder/spi-builder-workspace/.derivedData/Build/Intermediates.noindex/Ragnarok.build/Debug-watchos/RagnarokCore-t.build/Objects-normal/arm64/RagnarokCore.SwiftFileList -DSWIFT_PACKAGE -DDEBUG -DSWIFT_MODULE_RESOURCE_BUNDLE_UNAVAILABLE -Xcc -fmodule-map-file\=/Users/admin/builder/spi-builder-workspace/.derivedData/Build/Intermediates.noindex/GeneratedModuleMaps-watchos/_CSwiftSyntax.modulemap -DXcode -plugin-path /Applications/Xcode-27.0.0-Release.Candidate.app/Contents/Developer/Toolchains/XcodeDefault.xctoolchain/usr/lib/swift/host/plugins/testing -enable-experimental-feature DebugDescriptionMacro -sdk /Applications/Xcode-27.0.0-Release.Candidate.app/Contents/Developer/Platforms/WatchOS.platform/Developer/SDKs/WatchOS27.0.sdk -target arm64-apple-watchos9.0 -g -module-cache-path /Users/admin/builder/spi-builder-workspace/.derivedData/ModuleCache.noindex -Xfrontend -serialize-debugging-options -profile-coverage-mapping -profile-generate -enable-testing -index-store-path /Users/admin/builder/spi-builder-workspace/.derivedData/Index.noindex/DataStore -Xcc -D_LIBCPP_HARDENING_MODE\=_LIBCPP_HARDENING_MODE_DEBUG -swift-version 4.2 -I /Users/admin/builder/spi-builder-workspace/.derivedData/Build/Products/Debug-watchos -Isystem /Applications/Xcode-27.0.0-Release.Candidate.app/Contents/Developer/Platforms/WatchOS.platform/Developer/usr/lib -F /Users/admin/builder/spi-builder-workspace/.derivedData/Build/Products/Debug-watchos/PackageFrameworks -F /Users/admin/builder/spi-builder-workspace/.derivedData/Build/Products/Debug-watchos -F /Applications/Xcode-27.0.0-Release.Candidate.app/Contents/Developer/Platforms/WatchOS.platform/Developer/Library/Frameworks -F /Applications/Xcode-27.0.0-Release.Candidate.app/Contents/Developer/Platforms/WatchOS.platform/Developer/SDKs/WatchOS27.0.sdk/Developer/Library/Frameworks -c -j10 -enable-batch-mode -incremental -Xcc -ivfsstatcache -Xcc /Users/admin/builder/spi-builder-workspace/.derivedData/SDKStatCaches.noindex/watchos27.0-24R360-e829b21a6f8c9b70876ba0858053c04477534ef55a1706bf4c1112bbb242f0a2.sdkstatcache -output-file-map /Users/admin/builder/spi-builder-workspace/.derivedData/Build/Intermediates.noindex/Ragnarok.build/Debug-watchos/RagnarokCore-t.build/Objects-normal/arm64/RagnarokCore-OutputFileMap.json -save-temps -no-color-diagnostics -emit-dependencies -emit-module -emit-module-path /Users/admin/builder/spi-builder-workspace/.derivedData/Build/Intermediates.noindex/Ragnarok.build/Debug-watchos/RagnarokCore-t.build/Objects-normal/arm64/RagnarokCore.swiftmodule -serialize-diagnostics -validate-clang-modules-once -clang-build-session-file /Users/admin/builder/spi-builder-workspace/.derivedData/ModuleCache.noindex/Session.modulevalidation -Xcc -fmodules-prune-interval\=86400 -Xcc -fmodules-prune-after\=345600 -emit-const-values -const-gather-protocols-list /Users/admin/builder/spi-builder-workspace/.derivedData/Build/Intermediates.noindex/Ragnarok.build/Debug-watchos/RagnarokCore-t.build/Objects-normal/arm64/RagnarokCore_const_extract_protocols.json -Xcc -I/Users/admin/builder/spi-builder-workspace/.dependencies/checkouts/swift-syntax/Sources/_CSwiftSyntax/include -Xcc -I/Users/admin/builder/spi-builder-workspace/.derivedData/Build/Products/Debug-watchos/include -Xcc -I/Users/admin/builder/spi-builder-workspace/.derivedData/Build/Intermediates.noindex/Ragnarok.build/Debug-watchos/RagnarokCore-t.build/DerivedSources-normal/arm64 -Xcc -I/Users/admin/builder/spi-builder-workspace/.derivedData/Build/Intermediates.noindex/Ragnarok.build/Debug-watchos/RagnarokCore-t.build/DerivedSources/arm64 -Xcc -I/Users/admin/builder/spi-builder-workspace/.derivedData/Build/Intermediates.noindex/Ragnarok.build/Debug-watchos/RagnarokCore-t.build/DerivedSources -Xcc -DSWIFT_PACKAGE -Xcc -DDEBUG\=1 -emit-objc-header -emit-objc-header-path /Users/admin/builder/spi-builder-workspace/.derivedData/Build/Intermediates.noindex/Ragnarok.build/Debug-watchos/RagnarokCore-t.build/Objects-normal/arm64/RagnarokCore-Swift.h -working-directory /Users/admin/builder/spi-builder-workspace/.swiftpm/xcode -experimental-emit-module-separately -disable-cmo
SwiftDriver RagnarokCore normal arm64_32 com.apple.xcode.tools.swift.compiler (in target 'RagnarokCore' from project 'Ragnarok')
cd /Users/admin/builder/spi-builder-workspace/.swiftpm/xcode
builtin-SwiftDriver -- /Applications/Xcode-27.0.0-Release.Candidate.app/Contents/Developer/Toolchains/XcodeDefault.xctoolchain/usr/bin/swiftc -parse-as-library -module-name RagnarokCore -Onone @/Users/admin/builder/spi-builder-workspace/.derivedData/Build/Intermediates.noindex/Ragnarok.build/Debug-watchos/RagnarokCore-t.build/Objects-normal/arm64_32/RagnarokCore.SwiftFileList -DSWIFT_PACKAGE -DDEBUG -DSWIFT_MODULE_RESOURCE_BUNDLE_UNAVAILABLE -Xcc -fmodule-map-file\=/Users/admin/builder/spi-builder-workspace/.derivedData/Build/Intermediates.noindex/GeneratedModuleMaps-watchos/_CSwiftSyntax.modulemap -DXcode -plugin-path /Applications/Xcode-27.0.0-Release.Candidate.app/Contents/Developer/Toolchains/XcodeDefault.xctoolchain/usr/lib/swift/host/plugins/testing -enable-experimental-feature DebugDescriptionMacro -sdk /Applications/Xcode-27.0.0-Release.Candidate.app/Contents/Developer/Platforms/WatchOS.platform/Developer/SDKs/WatchOS27.0.sdk -target arm64_32-apple-watchos9.0 -g -module-cache-path /Users/admin/builder/spi-builder-workspace/.derivedData/ModuleCache.noindex -Xfrontend -serialize-debugging-options -profile-coverage-mapping -profile-generate -enable-testing -index-store-path /Users/admin/builder/spi-builder-workspace/.derivedData/Index.noindex/DataStore -Xcc -D_LIBCPP_HARDENING_MODE\=_LIBCPP_HARDENING_MODE_DEBUG -swift-version 4.2 -I /Users/admin/builder/spi-builder-workspace/.derivedData/Build/Products/Debug-watchos -Isystem /Applications/Xcode-27.0.0-Release.Candidate.app/Contents/Developer/Platforms/WatchOS.platform/Developer/usr/lib -F /Users/admin/builder/spi-builder-workspace/.derivedData/Build/Products/Debug-watchos/PackageFrameworks -F /Users/admin/builder/spi-builder-workspace/.derivedData/Build/Products/Debug-watchos -F /Applications/Xcode-27.0.0-Release.Candidate.app/Contents/Developer/Platforms/WatchOS.platform/Developer/Library/Frameworks -F /Applications/Xcode-27.0.0-Release.Candidate.app/Contents/Developer/Platforms/WatchOS.platform/Developer/SDKs/WatchOS27.0.sdk/Developer/Library/Frameworks -c -j10 -enable-batch-mode -incremental -Xcc -ivfsstatcache -Xcc /Users/admin/builder/spi-builder-workspace/.derivedData/SDKStatCaches.noindex/watchos27.0-24R360-e829b21a6f8c9b70876ba0858053c04477534ef55a1706bf4c1112bbb242f0a2.sdkstatcache -output-file-map /Users/admin/builder/spi-builder-workspace/.derivedData/Build/Intermediates.noindex/Ragnarok.build/Debug-watchos/RagnarokCore-t.build/Objects-normal/arm64_32/RagnarokCore-OutputFileMap.json -save-temps -no-color-diagnostics -emit-dependencies -emit-module -emit-module-path /Users/admin/builder/spi-builder-workspace/.derivedData/Build/Intermediates.noindex/Ragnarok.build/Debug-watchos/RagnarokCore-t.build/Objects-normal/arm64_32/RagnarokCore.swiftmodule -serialize-diagnostics -validate-clang-modules-once -clang-build-session-file /Users/admin/builder/spi-builder-workspace/.derivedData/ModuleCache.noindex/Session.modulevalidation -Xcc -fmodules-prune-interval\=86400 -Xcc -fmodules-prune-after\=345600 -emit-const-values -const-gather-protocols-list /Users/admin/builder/spi-builder-workspace/.derivedData/Build/Intermediates.noindex/Ragnarok.build/Debug-watchos/RagnarokCore-t.build/Objects-normal/arm64_32/RagnarokCore_const_extract_protocols.json -Xcc -I/Users/admin/builder/spi-builder-workspace/.dependencies/checkouts/swift-syntax/Sources/_CSwiftSyntax/include -Xcc -I/Users/admin/builder/spi-builder-workspace/.derivedData/Build/Products/Debug-watchos/include -Xcc -I/Users/admin/builder/spi-builder-workspace/.derivedData/Build/Intermediates.noindex/Ragnarok.build/Debug-watchos/RagnarokCore-t.build/DerivedSources-normal/arm64_32 -Xcc -I/Users/admin/builder/spi-builder-workspace/.derivedData/Build/Intermediates.noindex/Ragnarok.build/Debug-watchos/RagnarokCore-t.build/DerivedSources/arm64_32 -Xcc -I/Users/admin/builder/spi-builder-workspace/.derivedData/Build/Intermediates.noindex/Ragnarok.build/Debug-watchos/RagnarokCore-t.build/DerivedSources -Xcc -DSWIFT_PACKAGE -Xcc -DDEBUG\=1 -emit-objc-header -emit-objc-header-path /Users/admin/builder/spi-builder-workspace/.derivedData/Build/Intermediates.noindex/Ragnarok.build/Debug-watchos/RagnarokCore-t.build/Objects-normal/arm64_32/RagnarokCore-Swift.h -working-directory /Users/admin/builder/spi-builder-workspace/.swiftpm/xcode -experimental-emit-module-separately -disable-cmo
SwiftEmitModule normal arm64 Emitting\ module\ for\ RagnarokCore (in target 'RagnarokCore' from project 'Ragnarok')
/Users/admin/builder/spi-builder-workspace/Sources/RagnarokCore/RagnarokRewriter.swift:261:24: error: type 'T' constrained to non-protocol, non-class type 'Syntax'
259 | }
260 |
261 | func findParent<T: Syntax>(from syntax: Syntax, to goalType: T.Type) -> T? {
| `- error: type 'T' constrained to non-protocol, non-class type 'Syntax'
262 | guard let next = syntax.parent else {
263 | return nil
Failed frontend command:
/Applications/Xcode-27.0.0-Release.Candidate.app/Contents/Developer/Toolchains/XcodeDefault.xctoolchain/usr/bin/swift-frontend -frontend -emit-module -experimental-skip-non-inlinable-function-bodies-without-types /Users/admin/builder/spi-builder-workspace/Sources/RagnarokCore/RagnarokRewriter.swift -target arm64-apple-watchos9.0 -Xllvm -aarch64-use-tbi -enable-objc-interop -stack-check -sdk /Applications/Xcode-27.0.0-Release.Candidate.app/Contents/Developer/Platforms/WatchOS.platform/Developer/SDKs/WatchOS27.0.sdk -I /Users/admin/builder/spi-builder-workspace/.derivedData/Build/Products/Debug-watchos -Isystem /Applications/Xcode-27.0.0-Release.Candidate.app/Contents/Developer/Platforms/WatchOS.platform/Developer/usr/lib -F /Users/admin/builder/spi-builder-workspace/.derivedData/Build/Products/Debug-watchos/PackageFrameworks -F /Users/admin/builder/spi-builder-workspace/.derivedData/Build/Products/Debug-watchos -F /Applications/Xcode-27.0.0-Release.Candidate.app/Contents/Developer/Platforms/WatchOS.platform/Developer/Library/Frameworks -F /Applications/Xcode-27.0.0-Release.Candidate.app/Contents/Developer/Platforms/WatchOS.platform/Developer/SDKs/WatchOS27.0.sdk/Developer/Library/Frameworks -module-cache-path /Users/admin/builder/spi-builder-workspace/.derivedData/ModuleCache.noindex -no-color-diagnostics -Xcc -fno-color-diagnostics -enable-testing -g -debug-info-format\=dwarf -dwarf-version\=4 -profile-generate -profile-coverage-mapping -swift-version 4.2 -Onone -D SWIFT_PACKAGE -D DEBUG -D SWIFT_MODULE_RESOURCE_BUNDLE_UNAVAILABLE -D Xcode -serialize-debugging-options -enable-experimental-feature DebugDescriptionMacro -empty-abi-descriptor -plugin-path /Applications/Xcode-27.0.0-Release.Candidate.app/Contents/Developer/Toolchains/XcodeDefault.xctoolchain/usr/lib/swift/host/plugins/testing -validate-clang-modules-once -clang-build-session-file /Users/admin/builder/spi-builder-workspace/.derivedData/ModuleCache.noindex/Session.modulevalidation -Xcc -working-directory -Xcc /Users/admin/builder/spi-builder-workspace/.swiftpm/xcode -enable-anonymous-context-mangled-names -file-compilation-dir /Users/admin/builder/spi-builder-workspace/.swiftpm/xcode -Xcc -fmodule-map-file\=/Users/admin/builder/spi-builder-workspace/.derivedData/Build/Intermediates.noindex/GeneratedModuleMaps-watchos/_CSwiftSyntax.modulemap -Xcc -D_LIBCPP_HARDENING_MODE\=_LIBCPP_HARDENING_MODE_DEBUG -Xcc -ivfsstatcache -Xcc /Users/admin/builder/spi-builder-workspace/.derivedData/SDKStatCaches.noindex/watchos27.0-24R360-e829b21a6f8c9b70876ba0858053c04477534ef55a1706bf4c1112bbb242f0a2.sdkstatcache -Xcc -fmodules-prune-interval\=86400 -Xcc -fmodules-prune-after\=345600 -Xcc -I/Users/admin/builder/spi-builder-workspace/.dependencies/checkouts/swift-syntax/Sources/_CSwiftSyntax/include -Xcc -I/Users/admin/builder/spi-builder-workspace/.derivedData/Build/Products/Debug-watchos/include -Xcc -I/Users/admin/builder/spi-builder-workspace/.derivedData/Build/Intermediates.noindex/Ragnarok.build/Debug-watchos/RagnarokCore-t.build/DerivedSources-normal/arm64 -Xcc -I/Users/admin/builder/spi-builder-workspace/.derivedData/Build/Intermediates.noindex/Ragnarok.build/Debug-watchos/RagnarokCore-t.build/DerivedSources/arm64 -Xcc -I/Users/admin/builder/spi-builder-workspace/.derivedData/Build/Intermediates.noindex/Ragnarok.build/Debug-watchos/RagnarokCore-t.build/DerivedSources -Xcc -DSWIFT_PACKAGE -Xcc -DDEBUG\=1 -no-auto-bridging-header-chaining -module-name RagnarokCore -const-gather-protocols-file /Users/admin/builder/spi-builder-workspace/.derivedData/Build/Intermediates.noindex/Ragnarok.build/Debug-watchos/RagnarokCore-t.build/Objects-normal/arm64/RagnarokCore_const_extract_protocols.json -disable-clang-spi -target-sdk-version 27.0 -target-sdk-name watchos27.0 -external-plugin-path /Applications/Xcode-27.0.0-Release.Candidate.app/Contents/Developer/Platforms/WatchOS.platform/Developer/usr/lib/swift/host/plugins\#/Applications/Xcode-27.0.0-Release.Candidate.app/Contents/Developer/Platforms/WatchOS.platform/Developer/usr/bin/swift-plugin-server -external-plugin-path /Applications/Xcode-27.0.0-Release.Candidate.app/Contents/Developer/Platforms/WatchOS.platform/Developer/usr/local/lib/swift/host/plugins\#/Applications/Xcode-27.0.0-Release.Candidate.app/Contents/Developer/Platforms/WatchOS.platform/Developer/usr/bin/swift-plugin-server -in-process-plugin-server-path /Applications/Xcode-27.0.0-Release.Candidate.app/Contents/Developer/Toolchains/XcodeDefault.xctoolchain/usr/lib/swift/host/libSwiftInProcPluginServer.dylib -plugin-path /Applications/Xcode-27.0.0-Release.Candidate.app/Contents/Developer/Toolchains/XcodeDefault.xctoolchain/usr/lib/swift/host/plugins -plugin-path /Applications/Xcode-27.0.0-Release.Candidate.app/Contents/Developer/Toolchains/XcodeDefault.xctoolchain/usr/local/lib/swift/host/plugins -emit-module-doc-path /Users/admin/builder/spi-builder-workspace/.derivedData/Build/Intermediates.noindex/Ragnarok.build/Debug-watchos/RagnarokCore-t.build/Objects-normal/arm64/RagnarokCore.swiftdoc -emit-module-source-info-path /Users/admin/builder/spi-builder-workspace/.derivedData/Build/Intermediates.noindex/Ragnarok.build/Debug-watchos/RagnarokCore-t.build/Objects-normal/arm64/RagnarokCore.swiftsourceinfo -emit-objc-header-path /Users/admin/builder/spi-builder-workspace/.derivedData/Build/Intermediates.noindex/Ragnarok.build/Debug-watchos/RagnarokCore-t.build/Objects-normal/arm64/RagnarokCore-Swift.h -serialize-diagnostics-path /Users/admin/builder/spi-builder-workspace/.derivedData/Build/Intermediates.noindex/Ragnarok.build/Debug-watchos/RagnarokCore-t.build/Objects-normal/arm64/RagnarokCore-primary-emit-module.dia -emit-dependencies-path /Users/admin/builder/spi-builder-workspace/.derivedData/Build/Intermediates.noindex/Ragnarok.build/Debug-watchos/RagnarokCore-t.build/Objects-normal/arm64/RagnarokCore-primary-emit-module.d -parse-as-library -o /Users/admin/builder/spi-builder-workspace/.derivedData/Build/Intermediates.noindex/Ragnarok.build/Debug-watchos/RagnarokCore-t.build/Objects-normal/arm64/RagnarokCore.swiftmodule -emit-abi-descriptor-path /Users/admin/builder/spi-builder-workspace/.derivedData/Build/Intermediates.noindex/Ragnarok.build/Debug-watchos/RagnarokCore-t.build/Objects-normal/arm64/RagnarokCore.abi.json
SwiftCompile normal arm64 (in target 'RagnarokCore' from project 'Ragnarok')
cd /Users/admin/builder/spi-builder-workspace/.swiftpm/xcode
SwiftDriverJobDiscovery normal arm64_32 Compiling Misc.swift, SyntaxAnyVisitor.swift, SyntaxBaseNodes.swift, SyntaxBuilders.swift (in target 'SwiftSyntax' from project 'SwiftSyntax')
SwiftCompile normal arm64 Compiling\ RagnarokRewriter.swift /Users/admin/builder/spi-builder-workspace/Sources/RagnarokCore/RagnarokRewriter.swift (in target 'RagnarokCore' from project 'Ragnarok')
SwiftCompile normal arm64 /Users/admin/builder/spi-builder-workspace/Sources/RagnarokCore/RagnarokRewriter.swift (in target 'RagnarokCore' from project 'Ragnarok')
cd /Users/admin/builder/spi-builder-workspace/.swiftpm/xcode
builtin-SwiftPerFileCompile RagnarokRewriter.swift
SwiftEmitModule normal arm64_32 Emitting\ module\ for\ RagnarokCore (in target 'RagnarokCore' from project 'Ragnarok')
SwiftCompile normal arm64_32 (in target 'RagnarokCore' from project 'Ragnarok')
cd /Users/admin/builder/spi-builder-workspace/.swiftpm/xcode
SwiftDriverJobDiscovery normal arm64_32 Compiling SyntaxClassification.swift, SyntaxCollections.swift, SyntaxEnum.swift, SyntaxFactory.swift (in target 'SwiftSyntax' from project 'SwiftSyntax')
SwiftCompile normal arm64_32 Compiling\ RagnarokRewriter.swift /Users/admin/builder/spi-builder-workspace/Sources/RagnarokCore/RagnarokRewriter.swift (in target 'RagnarokCore' from project 'Ragnarok')
SwiftCompile normal arm64_32 /Users/admin/builder/spi-builder-workspace/Sources/RagnarokCore/RagnarokRewriter.swift (in target 'RagnarokCore' from project 'Ragnarok')
cd /Users/admin/builder/spi-builder-workspace/.swiftpm/xcode
builtin-SwiftPerFileCompile RagnarokRewriter.swift
SwiftDriverJobDiscovery normal arm64 Compiling SyntaxOtherNodes.swift, SyntaxVerifier.swift, Utils.swift, _SyntaxParserInterop.swift (in target 'SwiftSyntax' from project 'SwiftSyntax')
SwiftDriverJobDiscovery normal arm64 Compiling SyntaxKind.swift, SyntaxRewriter.swift, SyntaxTraits.swift (in target 'SwiftSyntax' from project 'SwiftSyntax')
PruneExplicitPrecompiledModules /Users/admin/builder/spi-builder-workspace/.derivedData/Build/Intermediates.noindex/ExplicitPrecompiledModules
PruneExplicitPrecompiledModules /Users/admin/builder/spi-builder-workspace/.derivedData/Build/Intermediates.noindex/SwiftExplicitPrecompiledModules
PruneExplicitPrecompiledModules /Users/admin/builder/spi-builder-workspace/.derivedData/SDKExplicitPrecompiledModules
2026-09-15 23:34:39.281 xcodebuild[699:4451] [MT] IDERunDestination: Supported platforms for the buildables in the current scheme is empty.
** BUILD FAILED **
The following build commands failed:
SwiftEmitModule normal arm64 Emitting\ module\ for\ RagnarokCore (in target 'RagnarokCore' from project 'Ragnarok')
SwiftCompile normal arm64 (in target 'RagnarokCore' from project 'Ragnarok')
Building workspace Ragnarok with scheme Ragnarok-Package
(3 failures)
Command line invocation:
/Applications/Xcode-27.0.0-Release.Candidate.app/Contents/Developer/usr/bin/xcodebuild -IDEClonedSourcePackagesDirPathOverride=/Users/admin/builder/spi-builder-workspace/.dependencies -resolvePackageDependencies
Resolve Package Graph
the target name ragnarok has different case on the filesystem and the Package.swift manifest file
Resolved source packages:
Ragnarok: /Users/admin/builder/spi-builder-workspace
SwiftSyntax: https://github.com/apple/swift-syntax.git @ 0.50700.1
resolved source packages: Ragnarok, SwiftSyntax
2026-09-15 23:34:50.016 xcodebuild[830:5085] [MT] IDERunDestination: Supported platforms for the buildables in the current scheme is empty.
{
"dependencies" : [
{
"identity" : "swift-syntax",
"requirement" : {
"range" : [
{
"lower_bound" : "0.40200.0",
"upper_bound" : "1.0.0"
}
]
},
"type" : "sourceControl",
"url" : "https://github.com/apple/swift-syntax.git"
}
],
"manifest_display_name" : "Ragnarok",
"name" : "Ragnarok",
"path" : "/Users/admin/builder/spi-builder-workspace",
"platforms" : [
],
"products" : [
{
"name" : "ragnarok",
"targets" : [
"ragnarok"
],
"type" : {
"executable" : null
}
},
{
"name" : "RagnarokCore",
"targets" : [
"RagnarokCore"
],
"type" : {
"library" : [
"automatic"
]
}
}
],
"targets" : [
{
"c99name" : "ragnarok",
"module_type" : "SwiftTarget",
"name" : "ragnarok",
"path" : "Sources/ragnarok",
"product_memberships" : [
"ragnarok"
],
"sources" : [
"main.swift"
],
"target_dependencies" : [
"RagnarokCore"
],
"type" : "executable"
},
{
"c99name" : "RagnarokCoreTests",
"module_type" : "SwiftTarget",
"name" : "RagnarokCoreTests",
"path" : "Tests/RagnarokCoreTests",
"sources" : [
"RagnarokRewriterTests.swift",
"TestData/FunctionCallExpr/TestFunctionCallExprInGuard.swift",
"TestData/FunctionCallExpr/TestFunctionCallExprInIf.swift",
"TestData/FunctionCallExpr/TestFunctionCallExprMultipleline.swift",
"TestData/FunctionCallExpr/TestFunctionCallExprNoReturn.swift",
"TestData/FunctionCallExpr/TestFunctionCallExprSubstituteVariable.swift",
"TestData/FunctionCallExpr/TestFunctionCallExprUsingTryKeyword.swift",
"TestData/FunctionCallExpr/TestFunctionCallExprforDiscardAssignment.swift",
"TestData/FunctionDecl/TestFunctionDeclDefaultArgument.swift",
"TestData/FunctionDecl/TestFunctionDeclDiscardLabel.swift",
"TestData/FunctionDecl/TestFunctionDeclForAlreadyMultipleLineNoReturn.swift",
"TestData/FunctionDecl/TestFunctionDeclForAlreadyMultipleLineUseClosure.swift",
"TestData/FunctionDecl/TestFunctionDeclHasClosureArgument.swift",
"TestData/FunctionDecl/TestFunctionDeclHasEllipsis.swift",
"TestData/FunctionDecl/TestFunctionDeclHasReturnKeyword.swift",
"TestData/FunctionDecl/TestFunctionDeclMultipleLabel.swift",
"TestData/FunctionDecl/TestFunctionDeclNoReturn.swift",
"TestData/FunctionDecl/TestFunctionDeclUsingThrows.swift",
"TestData/TestData.swift",
"XCTestManifests.swift"
],
"target_dependencies" : [
"RagnarokCore"
],
"type" : "test"
},
{
"c99name" : "RagnarokCore",
"module_type" : "SwiftTarget",
"name" : "RagnarokCore",
"path" : "Sources/RagnarokCore",
"product_dependencies" : [
"SwiftSyntax"
],
"product_memberships" : [
"ragnarok",
"RagnarokCore"
],
"sources" : [
"RagnarokRewriter.swift"
],
"type" : "library"
}
],
"tools_version" : "4.2"
}
warning: 'spi-builder-workspace': the target name ragnarok has different case on the filesystem and the Package.swift manifest file
{
"workspace" : {
"name" : "Ragnarok",
"schemes" : [
"ragnarok",
"Ragnarok-Package",
"RagnarokCore"
]
}
}
2026-09-15 23:34:51.483 xcodebuild[839:5158] [MT] IDERunDestination: Supported platforms for the buildables in the current scheme is empty.
Running build ...
env DEVELOPER_DIR=/Applications/Xcode-27.0.0-Release.Candidate.app xcrun xcodebuild -IDEClonedSourcePackagesDirPathOverride=$PWD/.dependencies -skipMacroValidation -skipPackagePluginValidation -derivedDataPath $PWD/.derivedData build -scheme Ragnarok-Package -destination generic/platform=watchOS
Command line invocation:
/Applications/Xcode-27.0.0-Release.Candidate.app/Contents/Developer/usr/bin/xcodebuild -IDEClonedSourcePackagesDirPathOverride=/Users/admin/builder/spi-builder-workspace/.dependencies -skipMacroValidation -skipPackagePluginValidation -derivedDataPath /Users/admin/builder/spi-builder-workspace/.derivedData build -scheme Ragnarok-Package -destination generic/platform=watchOS
Resolve Package Graph
the target name ragnarok has different case on the filesystem and the Package.swift manifest file
Resolved source packages:
SwiftSyntax: https://github.com/apple/swift-syntax.git @ 0.50700.1
Ragnarok: /Users/admin/builder/spi-builder-workspace
ComputePackagePrebuildTargetDependencyGraph
Prepare packages
CreateBuildRequest
SendProjectDescription
CreateBuildOperation
ComputeTargetDependencyGraph
note: Building targets in dependency order
note: Target dependency graph (6 targets)
Target 'ragnarok-product' in project 'Ragnarok'
➜ Explicit dependency on target 'RagnarokCore' in project 'Ragnarok'
➜ Explicit dependency on target 'SwiftSyntax-product' in project 'SwiftSyntax'
Target 'RagnarokCore-product' in project 'Ragnarok'
➜ Explicit dependency on target 'RagnarokCore' in project 'Ragnarok'
➜ Explicit dependency on target 'SwiftSyntax-product' in project 'SwiftSyntax'
Target 'RagnarokCore' in project 'Ragnarok'
➜ Explicit dependency on target 'SwiftSyntax-product' in project 'SwiftSyntax'
Target 'SwiftSyntax-product' in project 'SwiftSyntax'
➜ Explicit dependency on target 'SwiftSyntax' in project 'SwiftSyntax'
➜ Explicit dependency on target '_CSwiftSyntax' in project 'SwiftSyntax'
Target 'SwiftSyntax' in project 'SwiftSyntax'
➜ Explicit dependency on target '_CSwiftSyntax' in project 'SwiftSyntax'
Target '_CSwiftSyntax' in project 'SwiftSyntax' (no dependencies)
GatherProvisioningInputs
CreateBuildDescription
ClangStatCache /Applications/Xcode-27.0.0-Release.Candidate.app/Contents/Developer/Toolchains/XcodeDefault.xctoolchain/usr/bin/clang-stat-cache /Applications/Xcode-27.0.0-Release.Candidate.app/Contents/Developer/Platforms/WatchOS.platform/Developer/SDKs/WatchOS27.0.sdk /Users/admin/builder/spi-builder-workspace/.derivedData/SDKStatCaches.noindex/watchos27.0-24R360-e829b21a6f8c9b70876ba0858053c04477534ef55a1706bf4c1112bbb242f0a2.sdkstatcache
cd /Users/admin/builder/spi-builder-workspace/.swiftpm/xcode
/Applications/Xcode-27.0.0-Release.Candidate.app/Contents/Developer/Toolchains/XcodeDefault.xctoolchain/usr/bin/clang-stat-cache /Applications/Xcode-27.0.0-Release.Candidate.app/Contents/Developer/Platforms/WatchOS.platform/Developer/SDKs/WatchOS27.0.sdk -o /Users/admin/builder/spi-builder-workspace/.derivedData/SDKStatCaches.noindex/watchos27.0-24R360-e829b21a6f8c9b70876ba0858053c04477534ef55a1706bf4c1112bbb242f0a2.sdkstatcache
SwiftDriver SwiftSyntax normal arm64_32 com.apple.xcode.tools.swift.compiler (in target 'SwiftSyntax' from project 'SwiftSyntax')
cd /Users/admin/builder/spi-builder-workspace/.swiftpm/xcode
builtin-SwiftDriver -- /Applications/Xcode-27.0.0-Release.Candidate.app/Contents/Developer/Toolchains/XcodeDefault.xctoolchain/usr/bin/swiftc -parse-as-library -module-name SwiftSyntax -Onone @/Users/admin/builder/spi-builder-workspace/.derivedData/Build/Intermediates.noindex/SwiftSyntax.build/Debug-watchos/SwiftSyntax-t.build/Objects-normal/arm64_32/SwiftSyntax.SwiftFileList -DSWIFT_PACKAGE -DDEBUG -DSWIFT_MODULE_RESOURCE_BUNDLE_UNAVAILABLE -Xcc -fmodule-map-file\=/Users/admin/builder/spi-builder-workspace/.derivedData/Build/Intermediates.noindex/GeneratedModuleMaps-watchos/_CSwiftSyntax.modulemap -DXcode -plugin-path /Applications/Xcode-27.0.0-Release.Candidate.app/Contents/Developer/Toolchains/XcodeDefault.xctoolchain/usr/lib/swift/host/plugins/testing -enable-experimental-feature DebugDescriptionMacro -sdk /Applications/Xcode-27.0.0-Release.Candidate.app/Contents/Developer/Platforms/WatchOS.platform/Developer/SDKs/WatchOS27.0.sdk -target arm64_32-apple-watchos9.0 -g -module-cache-path /Users/admin/builder/spi-builder-workspace/.derivedData/ModuleCache.noindex -Xfrontend -serialize-debugging-options -profile-coverage-mapping -profile-generate -enable-testing -suppress-warnings -index-store-path /Users/admin/builder/spi-builder-workspace/.derivedData/Index.noindex/DataStore -Xcc -D_LIBCPP_HARDENING_MODE\=_LIBCPP_HARDENING_MODE_DEBUG -swift-version 5 -I /Users/admin/builder/spi-builder-workspace/.derivedData/Build/Products/Debug-watchos -Isystem /Applications/Xcode-27.0.0-Release.Candidate.app/Contents/Developer/Platforms/WatchOS.platform/Developer/usr/lib -F /Users/admin/builder/spi-builder-workspace/.derivedData/Build/Products/Debug-watchos/PackageFrameworks -F /Users/admin/builder/spi-builder-workspace/.derivedData/Build/Products/Debug-watchos -F /Applications/Xcode-27.0.0-Release.Candidate.app/Contents/Developer/Platforms/WatchOS.platform/Developer/Library/Frameworks -F /Applications/Xcode-27.0.0-Release.Candidate.app/Contents/Developer/Platforms/WatchOS.platform/Developer/SDKs/WatchOS27.0.sdk/Developer/Library/Frameworks -c -j10 -enable-batch-mode -incremental -Xcc -ivfsstatcache -Xcc /Users/admin/builder/spi-builder-workspace/.derivedData/SDKStatCaches.noindex/watchos27.0-24R360-e829b21a6f8c9b70876ba0858053c04477534ef55a1706bf4c1112bbb242f0a2.sdkstatcache -output-file-map /Users/admin/builder/spi-builder-workspace/.derivedData/Build/Intermediates.noindex/SwiftSyntax.build/Debug-watchos/SwiftSyntax-t.build/Objects-normal/arm64_32/SwiftSyntax-OutputFileMap.json -save-temps -no-color-diagnostics -explicit-module-build -module-cache-path /Users/admin/builder/spi-builder-workspace/.derivedData/Build/Intermediates.noindex/SwiftExplicitPrecompiledModules -clang-scanner-module-cache-path /Users/admin/builder/spi-builder-workspace/.derivedData/ModuleCache.noindex -sdk-module-cache-path /Users/admin/builder/spi-builder-workspace/.derivedData/SDKExplicitPrecompiledModules -emit-dependencies -emit-module -emit-module-path /Users/admin/builder/spi-builder-workspace/.derivedData/Build/Intermediates.noindex/SwiftSyntax.build/Debug-watchos/SwiftSyntax-t.build/Objects-normal/arm64_32/SwiftSyntax.swiftmodule -serialize-diagnostics -dependency-scan-serialize-diagnostics-path /Users/admin/builder/spi-builder-workspace/.derivedData/Build/Intermediates.noindex/SwiftSyntax.build/Debug-watchos/SwiftSyntax-t.build/Objects-normal/arm64_32/SwiftSyntax-dependency-scan.dia -validate-clang-modules-once -clang-build-session-file /Users/admin/builder/spi-builder-workspace/.derivedData/ModuleCache.noindex/Session.modulevalidation -Xcc -fmodules-prune-interval\=86400 -Xcc -fmodules-prune-after\=345600 -emit-const-values -const-gather-protocols-list /Users/admin/builder/spi-builder-workspace/.derivedData/Build/Intermediates.noindex/SwiftSyntax.build/Debug-watchos/SwiftSyntax-t.build/Objects-normal/arm64_32/SwiftSyntax_const_extract_protocols.json -Xcc -I/Users/admin/builder/spi-builder-workspace/.dependencies/checkouts/swift-syntax/Sources/_CSwiftSyntax/include -Xcc -I/Users/admin/builder/spi-builder-workspace/.derivedData/Build/Products/Debug-watchos/include -Xcc -I/Users/admin/builder/spi-builder-workspace/.derivedData/Build/Intermediates.noindex/SwiftSyntax.build/Debug-watchos/SwiftSyntax-t.build/DerivedSources-normal/arm64_32 -Xcc -I/Users/admin/builder/spi-builder-workspace/.derivedData/Build/Intermediates.noindex/SwiftSyntax.build/Debug-watchos/SwiftSyntax-t.build/DerivedSources/arm64_32 -Xcc -I/Users/admin/builder/spi-builder-workspace/.derivedData/Build/Intermediates.noindex/SwiftSyntax.build/Debug-watchos/SwiftSyntax-t.build/DerivedSources -Xcc -DSWIFT_PACKAGE -Xcc -DDEBUG\=1 -emit-objc-header -emit-objc-header-path /Users/admin/builder/spi-builder-workspace/.derivedData/Build/Intermediates.noindex/SwiftSyntax.build/Debug-watchos/SwiftSyntax-t.build/Objects-normal/arm64_32/SwiftSyntax-Swift.h -working-directory /Users/admin/builder/spi-builder-workspace/.swiftpm/xcode -experimental-emit-module-separately -disable-cmo
SwiftDriver SwiftSyntax normal arm64 com.apple.xcode.tools.swift.compiler (in target 'SwiftSyntax' from project 'SwiftSyntax')
cd /Users/admin/builder/spi-builder-workspace/.swiftpm/xcode
builtin-SwiftDriver -- /Applications/Xcode-27.0.0-Release.Candidate.app/Contents/Developer/Toolchains/XcodeDefault.xctoolchain/usr/bin/swiftc -parse-as-library -module-name SwiftSyntax -Onone @/Users/admin/builder/spi-builder-workspace/.derivedData/Build/Intermediates.noindex/SwiftSyntax.build/Debug-watchos/SwiftSyntax-t.build/Objects-normal/arm64/SwiftSyntax.SwiftFileList -DSWIFT_PACKAGE -DDEBUG -DSWIFT_MODULE_RESOURCE_BUNDLE_UNAVAILABLE -Xcc -fmodule-map-file\=/Users/admin/builder/spi-builder-workspace/.derivedData/Build/Intermediates.noindex/GeneratedModuleMaps-watchos/_CSwiftSyntax.modulemap -DXcode -plugin-path /Applications/Xcode-27.0.0-Release.Candidate.app/Contents/Developer/Toolchains/XcodeDefault.xctoolchain/usr/lib/swift/host/plugins/testing -enable-experimental-feature DebugDescriptionMacro -sdk /Applications/Xcode-27.0.0-Release.Candidate.app/Contents/Developer/Platforms/WatchOS.platform/Developer/SDKs/WatchOS27.0.sdk -target arm64-apple-watchos9.0 -g -module-cache-path /Users/admin/builder/spi-builder-workspace/.derivedData/ModuleCache.noindex -Xfrontend -serialize-debugging-options -profile-coverage-mapping -profile-generate -enable-testing -suppress-warnings -index-store-path /Users/admin/builder/spi-builder-workspace/.derivedData/Index.noindex/DataStore -Xcc -D_LIBCPP_HARDENING_MODE\=_LIBCPP_HARDENING_MODE_DEBUG -swift-version 5 -I /Users/admin/builder/spi-builder-workspace/.derivedData/Build/Products/Debug-watchos -Isystem /Applications/Xcode-27.0.0-Release.Candidate.app/Contents/Developer/Platforms/WatchOS.platform/Developer/usr/lib -F /Users/admin/builder/spi-builder-workspace/.derivedData/Build/Products/Debug-watchos/PackageFrameworks -F /Users/admin/builder/spi-builder-workspace/.derivedData/Build/Products/Debug-watchos -F /Applications/Xcode-27.0.0-Release.Candidate.app/Contents/Developer/Platforms/WatchOS.platform/Developer/Library/Frameworks -F /Applications/Xcode-27.0.0-Release.Candidate.app/Contents/Developer/Platforms/WatchOS.platform/Developer/SDKs/WatchOS27.0.sdk/Developer/Library/Frameworks -c -j10 -enable-batch-mode -incremental -Xcc -ivfsstatcache -Xcc /Users/admin/builder/spi-builder-workspace/.derivedData/SDKStatCaches.noindex/watchos27.0-24R360-e829b21a6f8c9b70876ba0858053c04477534ef55a1706bf4c1112bbb242f0a2.sdkstatcache -output-file-map /Users/admin/builder/spi-builder-workspace/.derivedData/Build/Intermediates.noindex/SwiftSyntax.build/Debug-watchos/SwiftSyntax-t.build/Objects-normal/arm64/SwiftSyntax-OutputFileMap.json -save-temps -no-color-diagnostics -explicit-module-build -module-cache-path /Users/admin/builder/spi-builder-workspace/.derivedData/Build/Intermediates.noindex/SwiftExplicitPrecompiledModules -clang-scanner-module-cache-path /Users/admin/builder/spi-builder-workspace/.derivedData/ModuleCache.noindex -sdk-module-cache-path /Users/admin/builder/spi-builder-workspace/.derivedData/SDKExplicitPrecompiledModules -emit-dependencies -emit-module -emit-module-path /Users/admin/builder/spi-builder-workspace/.derivedData/Build/Intermediates.noindex/SwiftSyntax.build/Debug-watchos/SwiftSyntax-t.build/Objects-normal/arm64/SwiftSyntax.swiftmodule -serialize-diagnostics -dependency-scan-serialize-diagnostics-path /Users/admin/builder/spi-builder-workspace/.derivedData/Build/Intermediates.noindex/SwiftSyntax.build/Debug-watchos/SwiftSyntax-t.build/Objects-normal/arm64/SwiftSyntax-dependency-scan.dia -validate-clang-modules-once -clang-build-session-file /Users/admin/builder/spi-builder-workspace/.derivedData/ModuleCache.noindex/Session.modulevalidation -Xcc -fmodules-prune-interval\=86400 -Xcc -fmodules-prune-after\=345600 -emit-const-values -const-gather-protocols-list /Users/admin/builder/spi-builder-workspace/.derivedData/Build/Intermediates.noindex/SwiftSyntax.build/Debug-watchos/SwiftSyntax-t.build/Objects-normal/arm64/SwiftSyntax_const_extract_protocols.json -Xcc -I/Users/admin/builder/spi-builder-workspace/.dependencies/checkouts/swift-syntax/Sources/_CSwiftSyntax/include -Xcc -I/Users/admin/builder/spi-builder-workspace/.derivedData/Build/Products/Debug-watchos/include -Xcc -I/Users/admin/builder/spi-builder-workspace/.derivedData/Build/Intermediates.noindex/SwiftSyntax.build/Debug-watchos/SwiftSyntax-t.build/DerivedSources-normal/arm64 -Xcc -I/Users/admin/builder/spi-builder-workspace/.derivedData/Build/Intermediates.noindex/SwiftSyntax.build/Debug-watchos/SwiftSyntax-t.build/DerivedSources/arm64 -Xcc -I/Users/admin/builder/spi-builder-workspace/.derivedData/Build/Intermediates.noindex/SwiftSyntax.build/Debug-watchos/SwiftSyntax-t.build/DerivedSources -Xcc -DSWIFT_PACKAGE -Xcc -DDEBUG\=1 -emit-objc-header -emit-objc-header-path /Users/admin/builder/spi-builder-workspace/.derivedData/Build/Intermediates.noindex/SwiftSyntax.build/Debug-watchos/SwiftSyntax-t.build/Objects-normal/arm64/SwiftSyntax-Swift.h -working-directory /Users/admin/builder/spi-builder-workspace/.swiftpm/xcode -experimental-emit-module-separately -disable-cmo
SwiftDriver RagnarokCore normal arm64 com.apple.xcode.tools.swift.compiler (in target 'RagnarokCore' from project 'Ragnarok')
cd /Users/admin/builder/spi-builder-workspace/.swiftpm/xcode
builtin-SwiftDriver -- /Applications/Xcode-27.0.0-Release.Candidate.app/Contents/Developer/Toolchains/XcodeDefault.xctoolchain/usr/bin/swiftc -parse-as-library -module-name RagnarokCore -Onone @/Users/admin/builder/spi-builder-workspace/.derivedData/Build/Intermediates.noindex/Ragnarok.build/Debug-watchos/RagnarokCore-t.build/Objects-normal/arm64/RagnarokCore.SwiftFileList -DSWIFT_PACKAGE -DDEBUG -DSWIFT_MODULE_RESOURCE_BUNDLE_UNAVAILABLE -Xcc -fmodule-map-file\=/Users/admin/builder/spi-builder-workspace/.derivedData/Build/Intermediates.noindex/GeneratedModuleMaps-watchos/_CSwiftSyntax.modulemap -DXcode -plugin-path /Applications/Xcode-27.0.0-Release.Candidate.app/Contents/Developer/Toolchains/XcodeDefault.xctoolchain/usr/lib/swift/host/plugins/testing -enable-experimental-feature DebugDescriptionMacro -sdk /Applications/Xcode-27.0.0-Release.Candidate.app/Contents/Developer/Platforms/WatchOS.platform/Developer/SDKs/WatchOS27.0.sdk -target arm64-apple-watchos9.0 -g -module-cache-path /Users/admin/builder/spi-builder-workspace/.derivedData/ModuleCache.noindex -Xfrontend -serialize-debugging-options -profile-coverage-mapping -profile-generate -enable-testing -index-store-path /Users/admin/builder/spi-builder-workspace/.derivedData/Index.noindex/DataStore -Xcc -D_LIBCPP_HARDENING_MODE\=_LIBCPP_HARDENING_MODE_DEBUG -swift-version 4.2 -I /Users/admin/builder/spi-builder-workspace/.derivedData/Build/Products/Debug-watchos -Isystem /Applications/Xcode-27.0.0-Release.Candidate.app/Contents/Developer/Platforms/WatchOS.platform/Developer/usr/lib -F /Users/admin/builder/spi-builder-workspace/.derivedData/Build/Products/Debug-watchos/PackageFrameworks -F /Users/admin/builder/spi-builder-workspace/.derivedData/Build/Products/Debug-watchos -F /Applications/Xcode-27.0.0-Release.Candidate.app/Contents/Developer/Platforms/WatchOS.platform/Developer/Library/Frameworks -F /Applications/Xcode-27.0.0-Release.Candidate.app/Contents/Developer/Platforms/WatchOS.platform/Developer/SDKs/WatchOS27.0.sdk/Developer/Library/Frameworks -c -j10 -enable-batch-mode -incremental -Xcc -ivfsstatcache -Xcc /Users/admin/builder/spi-builder-workspace/.derivedData/SDKStatCaches.noindex/watchos27.0-24R360-e829b21a6f8c9b70876ba0858053c04477534ef55a1706bf4c1112bbb242f0a2.sdkstatcache -output-file-map /Users/admin/builder/spi-builder-workspace/.derivedData/Build/Intermediates.noindex/Ragnarok.build/Debug-watchos/RagnarokCore-t.build/Objects-normal/arm64/RagnarokCore-OutputFileMap.json -save-temps -no-color-diagnostics -emit-dependencies -emit-module -emit-module-path /Users/admin/builder/spi-builder-workspace/.derivedData/Build/Intermediates.noindex/Ragnarok.build/Debug-watchos/RagnarokCore-t.build/Objects-normal/arm64/RagnarokCore.swiftmodule -serialize-diagnostics -validate-clang-modules-once -clang-build-session-file /Users/admin/builder/spi-builder-workspace/.derivedData/ModuleCache.noindex/Session.modulevalidation -Xcc -fmodules-prune-interval\=86400 -Xcc -fmodules-prune-after\=345600 -emit-const-values -const-gather-protocols-list /Users/admin/builder/spi-builder-workspace/.derivedData/Build/Intermediates.noindex/Ragnarok.build/Debug-watchos/RagnarokCore-t.build/Objects-normal/arm64/RagnarokCore_const_extract_protocols.json -Xcc -I/Users/admin/builder/spi-builder-workspace/.dependencies/checkouts/swift-syntax/Sources/_CSwiftSyntax/include -Xcc -I/Users/admin/builder/spi-builder-workspace/.derivedData/Build/Products/Debug-watchos/include -Xcc -I/Users/admin/builder/spi-builder-workspace/.derivedData/Build/Intermediates.noindex/Ragnarok.build/Debug-watchos/RagnarokCore-t.build/DerivedSources-normal/arm64 -Xcc -I/Users/admin/builder/spi-builder-workspace/.derivedData/Build/Intermediates.noindex/Ragnarok.build/Debug-watchos/RagnarokCore-t.build/DerivedSources/arm64 -Xcc -I/Users/admin/builder/spi-builder-workspace/.derivedData/Build/Intermediates.noindex/Ragnarok.build/Debug-watchos/RagnarokCore-t.build/DerivedSources -Xcc -DSWIFT_PACKAGE -Xcc -DDEBUG\=1 -emit-objc-header -emit-objc-header-path /Users/admin/builder/spi-builder-workspace/.derivedData/Build/Intermediates.noindex/Ragnarok.build/Debug-watchos/RagnarokCore-t.build/Objects-normal/arm64/RagnarokCore-Swift.h -working-directory /Users/admin/builder/spi-builder-workspace/.swiftpm/xcode -experimental-emit-module-separately -disable-cmo
SwiftDriver RagnarokCore normal arm64_32 com.apple.xcode.tools.swift.compiler (in target 'RagnarokCore' from project 'Ragnarok')
cd /Users/admin/builder/spi-builder-workspace/.swiftpm/xcode
builtin-SwiftDriver -- /Applications/Xcode-27.0.0-Release.Candidate.app/Contents/Developer/Toolchains/XcodeDefault.xctoolchain/usr/bin/swiftc -parse-as-library -module-name RagnarokCore -Onone @/Users/admin/builder/spi-builder-workspace/.derivedData/Build/Intermediates.noindex/Ragnarok.build/Debug-watchos/RagnarokCore-t.build/Objects-normal/arm64_32/RagnarokCore.SwiftFileList -DSWIFT_PACKAGE -DDEBUG -DSWIFT_MODULE_RESOURCE_BUNDLE_UNAVAILABLE -Xcc -fmodule-map-file\=/Users/admin/builder/spi-builder-workspace/.derivedData/Build/Intermediates.noindex/GeneratedModuleMaps-watchos/_CSwiftSyntax.modulemap -DXcode -plugin-path /Applications/Xcode-27.0.0-Release.Candidate.app/Contents/Developer/Toolchains/XcodeDefault.xctoolchain/usr/lib/swift/host/plugins/testing -enable-experimental-feature DebugDescriptionMacro -sdk /Applications/Xcode-27.0.0-Release.Candidate.app/Contents/Developer/Platforms/WatchOS.platform/Developer/SDKs/WatchOS27.0.sdk -target arm64_32-apple-watchos9.0 -g -module-cache-path /Users/admin/builder/spi-builder-workspace/.derivedData/ModuleCache.noindex -Xfrontend -serialize-debugging-options -profile-coverage-mapping -profile-generate -enable-testing -index-store-path /Users/admin/builder/spi-builder-workspace/.derivedData/Index.noindex/DataStore -Xcc -D_LIBCPP_HARDENING_MODE\=_LIBCPP_HARDENING_MODE_DEBUG -swift-version 4.2 -I /Users/admin/builder/spi-builder-workspace/.derivedData/Build/Products/Debug-watchos -Isystem /Applications/Xcode-27.0.0-Release.Candidate.app/Contents/Developer/Platforms/WatchOS.platform/Developer/usr/lib -F /Users/admin/builder/spi-builder-workspace/.derivedData/Build/Products/Debug-watchos/PackageFrameworks -F /Users/admin/builder/spi-builder-workspace/.derivedData/Build/Products/Debug-watchos -F /Applications/Xcode-27.0.0-Release.Candidate.app/Contents/Developer/Platforms/WatchOS.platform/Developer/Library/Frameworks -F /Applications/Xcode-27.0.0-Release.Candidate.app/Contents/Developer/Platforms/WatchOS.platform/Developer/SDKs/WatchOS27.0.sdk/Developer/Library/Frameworks -c -j10 -enable-batch-mode -incremental -Xcc -ivfsstatcache -Xcc /Users/admin/builder/spi-builder-workspace/.derivedData/SDKStatCaches.noindex/watchos27.0-24R360-e829b21a6f8c9b70876ba0858053c04477534ef55a1706bf4c1112bbb242f0a2.sdkstatcache -output-file-map /Users/admin/builder/spi-builder-workspace/.derivedData/Build/Intermediates.noindex/Ragnarok.build/Debug-watchos/RagnarokCore-t.build/Objects-normal/arm64_32/RagnarokCore-OutputFileMap.json -save-temps -no-color-diagnostics -emit-dependencies -emit-module -emit-module-path /Users/admin/builder/spi-builder-workspace/.derivedData/Build/Intermediates.noindex/Ragnarok.build/Debug-watchos/RagnarokCore-t.build/Objects-normal/arm64_32/RagnarokCore.swiftmodule -serialize-diagnostics -validate-clang-modules-once -clang-build-session-file /Users/admin/builder/spi-builder-workspace/.derivedData/ModuleCache.noindex/Session.modulevalidation -Xcc -fmodules-prune-interval\=86400 -Xcc -fmodules-prune-after\=345600 -emit-const-values -const-gather-protocols-list /Users/admin/builder/spi-builder-workspace/.derivedData/Build/Intermediates.noindex/Ragnarok.build/Debug-watchos/RagnarokCore-t.build/Objects-normal/arm64_32/RagnarokCore_const_extract_protocols.json -Xcc -I/Users/admin/builder/spi-builder-workspace/.dependencies/checkouts/swift-syntax/Sources/_CSwiftSyntax/include -Xcc -I/Users/admin/builder/spi-builder-workspace/.derivedData/Build/Products/Debug-watchos/include -Xcc -I/Users/admin/builder/spi-builder-workspace/.derivedData/Build/Intermediates.noindex/Ragnarok.build/Debug-watchos/RagnarokCore-t.build/DerivedSources-normal/arm64_32 -Xcc -I/Users/admin/builder/spi-builder-workspace/.derivedData/Build/Intermediates.noindex/Ragnarok.build/Debug-watchos/RagnarokCore-t.build/DerivedSources/arm64_32 -Xcc -I/Users/admin/builder/spi-builder-workspace/.derivedData/Build/Intermediates.noindex/Ragnarok.build/Debug-watchos/RagnarokCore-t.build/DerivedSources -Xcc -DSWIFT_PACKAGE -Xcc -DDEBUG\=1 -emit-objc-header -emit-objc-header-path /Users/admin/builder/spi-builder-workspace/.derivedData/Build/Intermediates.noindex/Ragnarok.build/Debug-watchos/RagnarokCore-t.build/Objects-normal/arm64_32/RagnarokCore-Swift.h -working-directory /Users/admin/builder/spi-builder-workspace/.swiftpm/xcode -experimental-emit-module-separately -disable-cmo
SwiftEmitModule normal arm64 Emitting\ module\ for\ RagnarokCore (in target 'RagnarokCore' from project 'Ragnarok')
/Users/admin/builder/spi-builder-workspace/Sources/RagnarokCore/RagnarokRewriter.swift:261:24: error: type 'T' constrained to non-protocol, non-class type 'Syntax'
259 | }
260 |
261 | func findParent<T: Syntax>(from syntax: Syntax, to goalType: T.Type) -> T? {
| `- error: type 'T' constrained to non-protocol, non-class type 'Syntax'
262 | guard let next = syntax.parent else {
263 | return nil
Failed frontend command:
/Applications/Xcode-27.0.0-Release.Candidate.app/Contents/Developer/Toolchains/XcodeDefault.xctoolchain/usr/bin/swift-frontend -frontend -emit-module -experimental-skip-non-inlinable-function-bodies-without-types /Users/admin/builder/spi-builder-workspace/Sources/RagnarokCore/RagnarokRewriter.swift -target arm64-apple-watchos9.0 -Xllvm -aarch64-use-tbi -enable-objc-interop -stack-check -sdk /Applications/Xcode-27.0.0-Release.Candidate.app/Contents/Developer/Platforms/WatchOS.platform/Developer/SDKs/WatchOS27.0.sdk -I /Users/admin/builder/spi-builder-workspace/.derivedData/Build/Products/Debug-watchos -Isystem /Applications/Xcode-27.0.0-Release.Candidate.app/Contents/Developer/Platforms/WatchOS.platform/Developer/usr/lib -F /Users/admin/builder/spi-builder-workspace/.derivedData/Build/Products/Debug-watchos/PackageFrameworks -F /Users/admin/builder/spi-builder-workspace/.derivedData/Build/Products/Debug-watchos -F /Applications/Xcode-27.0.0-Release.Candidate.app/Contents/Developer/Platforms/WatchOS.platform/Developer/Library/Frameworks -F /Applications/Xcode-27.0.0-Release.Candidate.app/Contents/Developer/Platforms/WatchOS.platform/Developer/SDKs/WatchOS27.0.sdk/Developer/Library/Frameworks -module-cache-path /Users/admin/builder/spi-builder-workspace/.derivedData/ModuleCache.noindex -no-color-diagnostics -Xcc -fno-color-diagnostics -enable-testing -g -debug-info-format\=dwarf -dwarf-version\=4 -profile-generate -profile-coverage-mapping -swift-version 4.2 -Onone -D SWIFT_PACKAGE -D DEBUG -D SWIFT_MODULE_RESOURCE_BUNDLE_UNAVAILABLE -D Xcode -serialize-debugging-options -enable-experimental-feature DebugDescriptionMacro -empty-abi-descriptor -plugin-path /Applications/Xcode-27.0.0-Release.Candidate.app/Contents/Developer/Toolchains/XcodeDefault.xctoolchain/usr/lib/swift/host/plugins/testing -validate-clang-modules-once -clang-build-session-file /Users/admin/builder/spi-builder-workspace/.derivedData/ModuleCache.noindex/Session.modulevalidation -Xcc -working-directory -Xcc /Users/admin/builder/spi-builder-workspace/.swiftpm/xcode -enable-anonymous-context-mangled-names -file-compilation-dir /Users/admin/builder/spi-builder-workspace/.swiftpm/xcode -Xcc -fmodule-map-file\=/Users/admin/builder/spi-builder-workspace/.derivedData/Build/Intermediates.noindex/GeneratedModuleMaps-watchos/_CSwiftSyntax.modulemap -Xcc -D_LIBCPP_HARDENING_MODE\=_LIBCPP_HARDENING_MODE_DEBUG -Xcc -ivfsstatcache -Xcc /Users/admin/builder/spi-builder-workspace/.derivedData/SDKStatCaches.noindex/watchos27.0-24R360-e829b21a6f8c9b70876ba0858053c04477534ef55a1706bf4c1112bbb242f0a2.sdkstatcache -Xcc -fmodules-prune-interval\=86400 -Xcc -fmodules-prune-after\=345600 -Xcc -I/Users/admin/builder/spi-builder-workspace/.dependencies/checkouts/swift-syntax/Sources/_CSwiftSyntax/include -Xcc -I/Users/admin/builder/spi-builder-workspace/.derivedData/Build/Products/Debug-watchos/include -Xcc -I/Users/admin/builder/spi-builder-workspace/.derivedData/Build/Intermediates.noindex/Ragnarok.build/Debug-watchos/RagnarokCore-t.build/DerivedSources-normal/arm64 -Xcc -I/Users/admin/builder/spi-builder-workspace/.derivedData/Build/Intermediates.noindex/Ragnarok.build/Debug-watchos/RagnarokCore-t.build/DerivedSources/arm64 -Xcc -I/Users/admin/builder/spi-builder-workspace/.derivedData/Build/Intermediates.noindex/Ragnarok.build/Debug-watchos/RagnarokCore-t.build/DerivedSources -Xcc -DSWIFT_PACKAGE -Xcc -DDEBUG\=1 -no-auto-bridging-header-chaining -module-name RagnarokCore -const-gather-protocols-file /Users/admin/builder/spi-builder-workspace/.derivedData/Build/Intermediates.noindex/Ragnarok.build/Debug-watchos/RagnarokCore-t.build/Objects-normal/arm64/RagnarokCore_const_extract_protocols.json -disable-clang-spi -target-sdk-version 27.0 -target-sdk-name watchos27.0 -external-plugin-path /Applications/Xcode-27.0.0-Release.Candidate.app/Contents/Developer/Platforms/WatchOS.platform/Developer/usr/lib/swift/host/plugins\#/Applications/Xcode-27.0.0-Release.Candidate.app/Contents/Developer/Platforms/WatchOS.platform/Developer/usr/bin/swift-plugin-server -external-plugin-path /Applications/Xcode-27.0.0-Release.Candidate.app/Contents/Developer/Platforms/WatchOS.platform/Developer/usr/local/lib/swift/host/plugins\#/Applications/Xcode-27.0.0-Release.Candidate.app/Contents/Developer/Platforms/WatchOS.platform/Developer/usr/bin/swift-plugin-server -in-process-plugin-server-path /Applications/Xcode-27.0.0-Release.Candidate.app/Contents/Developer/Toolchains/XcodeDefault.xctoolchain/usr/lib/swift/host/libSwiftInProcPluginServer.dylib -plugin-path /Applications/Xcode-27.0.0-Release.Candidate.app/Contents/Developer/Toolchains/XcodeDefault.xctoolchain/usr/lib/swift/host/plugins -plugin-path /Applications/Xcode-27.0.0-Release.Candidate.app/Contents/Developer/Toolchains/XcodeDefault.xctoolchain/usr/local/lib/swift/host/plugins -emit-module-doc-path /Users/admin/builder/spi-builder-workspace/.derivedData/Build/Intermediates.noindex/Ragnarok.build/Debug-watchos/RagnarokCore-t.build/Objects-normal/arm64/RagnarokCore.swiftdoc -emit-module-source-info-path /Users/admin/builder/spi-builder-workspace/.derivedData/Build/Intermediates.noindex/Ragnarok.build/Debug-watchos/RagnarokCore-t.build/Objects-normal/arm64/RagnarokCore.swiftsourceinfo -emit-objc-header-path /Users/admin/builder/spi-builder-workspace/.derivedData/Build/Intermediates.noindex/Ragnarok.build/Debug-watchos/RagnarokCore-t.build/Objects-normal/arm64/RagnarokCore-Swift.h -serialize-diagnostics-path /Users/admin/builder/spi-builder-workspace/.derivedData/Build/Intermediates.noindex/Ragnarok.build/Debug-watchos/RagnarokCore-t.build/Objects-normal/arm64/RagnarokCore-primary-emit-module.dia -emit-dependencies-path /Users/admin/builder/spi-builder-workspace/.derivedData/Build/Intermediates.noindex/Ragnarok.build/Debug-watchos/RagnarokCore-t.build/Objects-normal/arm64/RagnarokCore-primary-emit-module.d -parse-as-library -o /Users/admin/builder/spi-builder-workspace/.derivedData/Build/Intermediates.noindex/Ragnarok.build/Debug-watchos/RagnarokCore-t.build/Objects-normal/arm64/RagnarokCore.swiftmodule -emit-abi-descriptor-path /Users/admin/builder/spi-builder-workspace/.derivedData/Build/Intermediates.noindex/Ragnarok.build/Debug-watchos/RagnarokCore-t.build/Objects-normal/arm64/RagnarokCore.abi.json
SwiftCompile normal arm64 (in target 'RagnarokCore' from project 'Ragnarok')
cd /Users/admin/builder/spi-builder-workspace/.swiftpm/xcode
SwiftCompile normal arm64 Compiling\ RagnarokRewriter.swift /Users/admin/builder/spi-builder-workspace/Sources/RagnarokCore/RagnarokRewriter.swift (in target 'RagnarokCore' from project 'Ragnarok')
SwiftCompile normal arm64 /Users/admin/builder/spi-builder-workspace/Sources/RagnarokCore/RagnarokRewriter.swift (in target 'RagnarokCore' from project 'Ragnarok')
cd /Users/admin/builder/spi-builder-workspace/.swiftpm/xcode
builtin-SwiftPerFileCompile RagnarokRewriter.swift
SwiftCompile normal arm64_32 Compiling\ RagnarokRewriter.swift /Users/admin/builder/spi-builder-workspace/Sources/RagnarokCore/RagnarokRewriter.swift (in target 'RagnarokCore' from project 'Ragnarok')
SwiftCompile normal arm64_32 /Users/admin/builder/spi-builder-workspace/Sources/RagnarokCore/RagnarokRewriter.swift (in target 'RagnarokCore' from project 'Ragnarok')
cd /Users/admin/builder/spi-builder-workspace/.swiftpm/xcode
builtin-SwiftPerFileCompile RagnarokRewriter.swift
SwiftEmitModule normal arm64_32 Emitting\ module\ for\ RagnarokCore (in target 'RagnarokCore' from project 'Ragnarok')
SwiftCompile normal arm64_32 (in target 'RagnarokCore' from project 'Ragnarok')
cd /Users/admin/builder/spi-builder-workspace/.swiftpm/xcode
PruneExplicitPrecompiledModules /Users/admin/builder/spi-builder-workspace/.derivedData/Build/Intermediates.noindex/ExplicitPrecompiledModules
PruneExplicitPrecompiledModules /Users/admin/builder/spi-builder-workspace/.derivedData/Build/Intermediates.noindex/SwiftExplicitPrecompiledModules
PruneExplicitPrecompiledModules /Users/admin/builder/spi-builder-workspace/.derivedData/SDKExplicitPrecompiledModules
2026-09-15 23:34:52.665 xcodebuild[841:5190] [MT] IDERunDestination: Supported platforms for the buildables in the current scheme is empty.
** BUILD FAILED **
The following build commands failed:
SwiftEmitModule normal arm64 Emitting\ module\ for\ RagnarokCore (in target 'RagnarokCore' from project 'Ragnarok')
SwiftCompile normal arm64 (in target 'RagnarokCore' from project 'Ragnarok')
Building workspace Ragnarok with scheme Ragnarok-Package
(3 failures)
BUILD FAILURE 6.4 watchOS