The Swift Package Index logo.Swift Package Index

Build Information

Failed to build SwiftFileSystemEvents, reference master (a8fb75), with Swift 6.2 for tvOS using Xcode 26.3 on 26 Jun 2026 11:47:23 UTC.

Build Command

env DEVELOPER_DIR=/Applications/Xcode-26.3.0.app xcrun xcodebuild -IDEClonedSourcePackagesDirPathOverride=$PWD/.dependencies -skipMacroValidation -skipPackagePluginValidation -derivedDataPath $PWD/.derivedData build -scheme SwiftFileSystemEvents -destination generic/platform=tvOS

Build Log

========================================
RunAll
========================================
Builder version: undefined version: run 'make version' to update
Interrupt handler set up.
========================================
Checkout
========================================
Clone URL: https://github.com/jgvanwyk/SwiftFileSystemEvents.git
Reference: master
Initialized empty Git repository in /Users/admin/builder/spi-builder-workspace/.git/
From https://github.com/jgvanwyk/SwiftFileSystemEvents
 * branch            master     -> FETCH_HEAD
 * [new branch]      master     -> origin/master
HEAD is now at a8fb750 Add explicit retain and release callbacks to FileSystemEventStream
Cloned https://github.com/jgvanwyk/SwiftFileSystemEvents.git
Revision (git rev-parse @):
a8fb750c7d41c7ad169b037a1111b9d316c0e590
SPI manifest file found: $PWD/.spi.yml
SUCCESS checkout https://github.com/jgvanwyk/SwiftFileSystemEvents.git at master
========================================
Build
========================================
Selected platform:         tvOS
Swift version:             6.2
Building package at path:  $PWD
https://github.com/jgvanwyk/SwiftFileSystemEvents.git
Command line invocation:
    /Applications/Xcode-26.3.0.app/Contents/Developer/usr/bin/xcodebuild -IDEClonedSourcePackagesDirPathOverride=/Users/admin/builder/spi-builder-workspace/.dependencies -resolvePackageDependencies
Resolve Package Graph
Resolve Package Graph
Resolved source packages:
  SwiftFileSystemEvents: /Users/admin/builder/spi-builder-workspace
resolved source packages: SwiftFileSystemEvents
2026-06-26 07:46:37.606 xcodebuild[538:3134] [MT] IDERunDestination: Supported platforms for the buildables in the current scheme is empty.
2026-06-26 07:46:45.176 xcodebuild[538:3134] [MT] IDERunDestination: Supported platforms for the buildables in the current scheme is empty.
2026-06-26 07:46:45.281 xcodebuild[538:3134] [MT] IDERunDestination: Supported platforms for the buildables in the current scheme is empty.
{
  "dependencies" : [
  ],
  "manifest_display_name" : "SwiftFileSystemEvents",
  "name" : "SwiftFileSystemEvents",
  "path" : "/Users/admin/builder/spi-builder-workspace",
  "platforms" : [
    {
      "name" : "macos",
      "version" : "10.13"
    }
  ],
  "products" : [
    {
      "name" : "SwiftFileSystemEvents",
      "targets" : [
        "SwiftFileSystemEvents"
      ],
      "type" : {
        "library" : [
          "automatic"
        ]
      }
    }
  ],
  "targets" : [
    {
      "c99name" : "SwiftFileSystemEventsTests",
      "module_type" : "SwiftTarget",
      "name" : "SwiftFileSystemEventsTests",
      "path" : "Tests/SwiftFileSystemEventsTests",
      "sources" : [
        "SwiftFileSystemEventsTests.swift"
      ],
      "target_dependencies" : [
        "SwiftFileSystemEvents"
      ],
      "type" : "test"
    },
    {
      "c99name" : "SwiftFileSystemEvents",
      "module_type" : "SwiftTarget",
      "name" : "SwiftFileSystemEvents",
      "path" : "Sources/SwiftFileSystemEvents",
      "product_memberships" : [
        "SwiftFileSystemEvents"
      ],
      "sources" : [
        "FileSystemEvent.swift",
        "FileSystemEventStream.swift",
        "StringConvertible.swift"
      ],
      "type" : "library"
    }
  ],
  "tools_version" : "5.5"
}
{
  "workspace" : {
    "name" : "spi-builder-workspace",
    "schemes" : [
      "SwiftFileSystemEvents"
    ]
  }
}
2026-06-26 07:47:14.361 xcodebuild[673:4265] [MT] IDERunDestination: Supported platforms for the buildables in the current scheme is empty.
2026-06-26 07:47:14.529 xcodebuild[673:4265] [MT] IDERunDestination: Supported platforms for the buildables in the current scheme is empty.
Running build ...
env DEVELOPER_DIR=/Applications/Xcode-26.3.0.app xcrun xcodebuild -IDEClonedSourcePackagesDirPathOverride=$PWD/.dependencies -skipMacroValidation -skipPackagePluginValidation -derivedDataPath $PWD/.derivedData build -scheme SwiftFileSystemEvents -destination generic/platform=tvOS
Command line invocation:
    /Applications/Xcode-26.3.0.app/Contents/Developer/usr/bin/xcodebuild -IDEClonedSourcePackagesDirPathOverride=/Users/admin/builder/spi-builder-workspace/.dependencies -skipMacroValidation -skipPackagePluginValidation -derivedDataPath /Users/admin/builder/spi-builder-workspace/.derivedData build -scheme SwiftFileSystemEvents -destination generic/platform=tvOS
Resolve Package Graph
Resolved source packages:
  SwiftFileSystemEvents: /Users/admin/builder/spi-builder-workspace
ComputePackagePrebuildTargetDependencyGraph
Prepare packages
CreateBuildRequest
SendProjectDescription
CreateBuildOperation
ComputeTargetDependencyGraph
note: Building targets in dependency order
note: Target dependency graph (3 targets)
    Target 'SwiftFileSystemEventsTests' in project 'SwiftFileSystemEvents'
        ➜ Explicit dependency on target 'SwiftFileSystemEvents' in project 'SwiftFileSystemEvents'
    Target 'SwiftFileSystemEvents' in project 'SwiftFileSystemEvents'
        ➜ Explicit dependency on target 'SwiftFileSystemEvents' in project 'SwiftFileSystemEvents'
    Target 'SwiftFileSystemEvents' in project 'SwiftFileSystemEvents' (no dependencies)
GatherProvisioningInputs
CreateBuildDescription
ExecuteExternalTool /Applications/Xcode-26.3.0.app/Contents/Developer/Toolchains/XcodeDefault.xctoolchain/usr/bin/clang -v -E -dM -isysroot /Applications/Xcode-26.3.0.app/Contents/Developer/Platforms/AppleTVOS.platform/Developer/SDKs/AppleTVOS26.2.sdk -x c -c /dev/null
ExecuteExternalTool /Applications/Xcode-26.3.0.app/Contents/Developer/Toolchains/XcodeDefault.xctoolchain/usr/bin/swiftc --version
ExecuteExternalTool /Applications/Xcode-26.3.0.app/Contents/Developer/Toolchains/XcodeDefault.xctoolchain/usr/bin/ld -version_details
ReadFileContents /Applications/Xcode-26.3.0.app/Contents/Developer/Toolchains/XcodeDefault.xctoolchain/usr/share/docc/features.json
Build description signature: 1a34b38ba1c4e33119de55ceef23e78f
Build description path: /Users/admin/builder/spi-builder-workspace/.derivedData/Build/Intermediates.noindex/XCBuildData/1a34b38ba1c4e33119de55ceef23e78f.xcbuilddata
CreateBuildDirectory /Users/admin/builder/spi-builder-workspace/.derivedData/Build/Products
    cd /Users/admin/builder/spi-builder-workspace/.swiftpm/xcode
    builtin-create-build-directory /Users/admin/builder/spi-builder-workspace/.derivedData/Build/Products
ClangStatCache /Applications/Xcode-26.3.0.app/Contents/Developer/Toolchains/XcodeDefault.xctoolchain/usr/bin/clang-stat-cache /Applications/Xcode-26.3.0.app/Contents/Developer/Platforms/AppleTVOS.platform/Developer/SDKs/AppleTVOS26.2.sdk /Users/admin/builder/spi-builder-workspace/.derivedData/SDKStatCaches.noindex/appletvos26.2-23K50-dc75598d0054f22ec865fa860f139d72c1feacec85df2e04b9fa10f95e757c08.sdkstatcache
    cd /Users/admin/builder/spi-builder-workspace/.swiftpm/xcode
    /Applications/Xcode-26.3.0.app/Contents/Developer/Toolchains/XcodeDefault.xctoolchain/usr/bin/clang-stat-cache /Applications/Xcode-26.3.0.app/Contents/Developer/Platforms/AppleTVOS.platform/Developer/SDKs/AppleTVOS26.2.sdk -o /Users/admin/builder/spi-builder-workspace/.derivedData/SDKStatCaches.noindex/appletvos26.2-23K50-dc75598d0054f22ec865fa860f139d72c1feacec85df2e04b9fa10f95e757c08.sdkstatcache
CreateBuildDirectory /Users/admin/builder/spi-builder-workspace/.derivedData/Build/Intermediates.noindex
    cd /Users/admin/builder/spi-builder-workspace/.swiftpm/xcode
    builtin-create-build-directory /Users/admin/builder/spi-builder-workspace/.derivedData/Build/Intermediates.noindex
CreateBuildDirectory /Users/admin/builder/spi-builder-workspace/.derivedData/Build/Intermediates.noindex/SwiftExplicitPrecompiledModules
    cd /Users/admin/builder/spi-builder-workspace/.swiftpm/xcode
    builtin-create-build-directory /Users/admin/builder/spi-builder-workspace/.derivedData/Build/Intermediates.noindex/SwiftExplicitPrecompiledModules
CreateBuildDirectory /Users/admin/builder/spi-builder-workspace/.derivedData/Build/Intermediates.noindex/ExplicitPrecompiledModules
    cd /Users/admin/builder/spi-builder-workspace/.swiftpm/xcode
    builtin-create-build-directory /Users/admin/builder/spi-builder-workspace/.derivedData/Build/Intermediates.noindex/ExplicitPrecompiledModules
CreateBuildDirectory /Users/admin/builder/spi-builder-workspace/.derivedData/Build/Intermediates.noindex/EagerLinkingTBDs/Debug-appletvos
    cd /Users/admin/builder/spi-builder-workspace/.swiftpm/xcode
    builtin-create-build-directory /Users/admin/builder/spi-builder-workspace/.derivedData/Build/Intermediates.noindex/EagerLinkingTBDs/Debug-appletvos
CreateBuildDirectory /Users/admin/builder/spi-builder-workspace/.derivedData/Build/Products/Debug-appletvos
    cd /Users/admin/builder/spi-builder-workspace/.swiftpm/xcode
    builtin-create-build-directory /Users/admin/builder/spi-builder-workspace/.derivedData/Build/Products/Debug-appletvos
CreateBuildDirectory /Users/admin/builder/spi-builder-workspace/.derivedData/Build/Products/Debug-appletvos/PackageFrameworks
    cd /Users/admin/builder/spi-builder-workspace/.swiftpm/xcode
    builtin-create-build-directory /Users/admin/builder/spi-builder-workspace/.derivedData/Build/Products/Debug-appletvos/PackageFrameworks
MkDir /Users/admin/builder/spi-builder-workspace/.derivedData/Build/Products/Debug-appletvos/SwiftFileSystemEventsTests.xctest (in target 'SwiftFileSystemEventsTests' from project 'SwiftFileSystemEvents')
    cd /Users/admin/builder/spi-builder-workspace
    /bin/mkdir -p /Users/admin/builder/spi-builder-workspace/.derivedData/Build/Products/Debug-appletvos/SwiftFileSystemEventsTests.xctest
WriteAuxiliaryFile /Users/admin/builder/spi-builder-workspace/.derivedData/Build/Intermediates.noindex/SwiftFileSystemEvents.build/Debug-appletvos/SwiftFileSystemEventsTests.build/SwiftFileSystemEventsTests.DependencyMetadataFileList (in target 'SwiftFileSystemEventsTests' from project 'SwiftFileSystemEvents')
    cd /Users/admin/builder/spi-builder-workspace
    write-file /Users/admin/builder/spi-builder-workspace/.derivedData/Build/Intermediates.noindex/SwiftFileSystemEvents.build/Debug-appletvos/SwiftFileSystemEventsTests.build/SwiftFileSystemEventsTests.DependencyMetadataFileList
WriteAuxiliaryFile /Users/admin/builder/spi-builder-workspace/.derivedData/Build/Intermediates.noindex/SwiftFileSystemEvents.build/Debug-appletvos/SwiftFileSystemEventsTests.build/SwiftFileSystemEventsTests.DependencyStaticMetadataFileList (in target 'SwiftFileSystemEventsTests' from project 'SwiftFileSystemEvents')
    cd /Users/admin/builder/spi-builder-workspace
    write-file /Users/admin/builder/spi-builder-workspace/.derivedData/Build/Intermediates.noindex/SwiftFileSystemEvents.build/Debug-appletvos/SwiftFileSystemEventsTests.build/SwiftFileSystemEventsTests.DependencyStaticMetadataFileList
WriteAuxiliaryFile /Users/admin/builder/spi-builder-workspace/.derivedData/Build/Intermediates.noindex/SwiftFileSystemEvents.build/Debug-appletvos/SwiftFileSystemEventsTests.build/empty-SwiftFileSystemEventsTests.plist (in target 'SwiftFileSystemEventsTests' from project 'SwiftFileSystemEvents')
    cd /Users/admin/builder/spi-builder-workspace
    write-file /Users/admin/builder/spi-builder-workspace/.derivedData/Build/Intermediates.noindex/SwiftFileSystemEvents.build/Debug-appletvos/SwiftFileSystemEventsTests.build/empty-SwiftFileSystemEventsTests.plist
WriteAuxiliaryFile /Users/admin/builder/spi-builder-workspace/.derivedData/Build/Intermediates.noindex/SwiftFileSystemEvents.build/Debug-appletvos/SwiftFileSystemEventsTests.build/Objects-normal/arm64/SwiftFileSystemEventsTests-OutputFileMap.json (in target 'SwiftFileSystemEventsTests' from project 'SwiftFileSystemEvents')
    cd /Users/admin/builder/spi-builder-workspace
    write-file /Users/admin/builder/spi-builder-workspace/.derivedData/Build/Intermediates.noindex/SwiftFileSystemEvents.build/Debug-appletvos/SwiftFileSystemEventsTests.build/Objects-normal/arm64/SwiftFileSystemEventsTests-OutputFileMap.json
WriteAuxiliaryFile /Users/admin/builder/spi-builder-workspace/.derivedData/Build/Intermediates.noindex/SwiftFileSystemEvents.build/Debug-appletvos/SwiftFileSystemEventsTests.build/Objects-normal/arm64/SwiftFileSystemEventsTests.LinkFileList (in target 'SwiftFileSystemEventsTests' from project 'SwiftFileSystemEvents')
    cd /Users/admin/builder/spi-builder-workspace
    write-file /Users/admin/builder/spi-builder-workspace/.derivedData/Build/Intermediates.noindex/SwiftFileSystemEvents.build/Debug-appletvos/SwiftFileSystemEventsTests.build/Objects-normal/arm64/SwiftFileSystemEventsTests.LinkFileList
WriteAuxiliaryFile /Users/admin/builder/spi-builder-workspace/.derivedData/Build/Intermediates.noindex/SwiftFileSystemEvents.build/Debug-appletvos/SwiftFileSystemEventsTests.build/Objects-normal/arm64/SwiftFileSystemEventsTests.SwiftConstValuesFileList (in target 'SwiftFileSystemEventsTests' from project 'SwiftFileSystemEvents')
    cd /Users/admin/builder/spi-builder-workspace
    write-file /Users/admin/builder/spi-builder-workspace/.derivedData/Build/Intermediates.noindex/SwiftFileSystemEvents.build/Debug-appletvos/SwiftFileSystemEventsTests.build/Objects-normal/arm64/SwiftFileSystemEventsTests.SwiftConstValuesFileList
WriteAuxiliaryFile /Users/admin/builder/spi-builder-workspace/.derivedData/Build/Intermediates.noindex/SwiftFileSystemEvents.build/Debug-appletvos/SwiftFileSystemEventsTests.build/Objects-normal/arm64/SwiftFileSystemEventsTests_const_extract_protocols.json (in target 'SwiftFileSystemEventsTests' from project 'SwiftFileSystemEvents')
    cd /Users/admin/builder/spi-builder-workspace
    write-file /Users/admin/builder/spi-builder-workspace/.derivedData/Build/Intermediates.noindex/SwiftFileSystemEvents.build/Debug-appletvos/SwiftFileSystemEventsTests.build/Objects-normal/arm64/SwiftFileSystemEventsTests_const_extract_protocols.json
WriteAuxiliaryFile /Users/admin/builder/spi-builder-workspace/.derivedData/Build/Intermediates.noindex/SwiftFileSystemEvents.build/Debug-appletvos/SwiftFileSystemEventsTests.build/Objects-normal/arm64/SwiftFileSystemEventsTests.SwiftFileList (in target 'SwiftFileSystemEventsTests' from project 'SwiftFileSystemEvents')
    cd /Users/admin/builder/spi-builder-workspace
    write-file /Users/admin/builder/spi-builder-workspace/.derivedData/Build/Intermediates.noindex/SwiftFileSystemEvents.build/Debug-appletvos/SwiftFileSystemEventsTests.build/Objects-normal/arm64/SwiftFileSystemEventsTests.SwiftFileList
WriteAuxiliaryFile /Users/admin/builder/spi-builder-workspace/.derivedData/Build/Intermediates.noindex/SwiftFileSystemEvents.build/Debug-appletvos/SwiftFileSystemEvents.build/SwiftFileSystemEvents.modulemap (in target 'SwiftFileSystemEvents' from project 'SwiftFileSystemEvents')
    cd /Users/admin/builder/spi-builder-workspace
    write-file /Users/admin/builder/spi-builder-workspace/.derivedData/Build/Intermediates.noindex/SwiftFileSystemEvents.build/Debug-appletvos/SwiftFileSystemEvents.build/SwiftFileSystemEvents.modulemap
WriteAuxiliaryFile /Users/admin/builder/spi-builder-workspace/.derivedData/Build/Intermediates.noindex/SwiftFileSystemEvents.build/Debug-appletvos/SwiftFileSystemEvents.build/SwiftFileSystemEvents.DependencyStaticMetadataFileList (in target 'SwiftFileSystemEvents' from project 'SwiftFileSystemEvents')
    cd /Users/admin/builder/spi-builder-workspace
    write-file /Users/admin/builder/spi-builder-workspace/.derivedData/Build/Intermediates.noindex/SwiftFileSystemEvents.build/Debug-appletvos/SwiftFileSystemEvents.build/SwiftFileSystemEvents.DependencyStaticMetadataFileList
WriteAuxiliaryFile /Users/admin/builder/spi-builder-workspace/.derivedData/Build/Intermediates.noindex/SwiftFileSystemEvents.build/Debug-appletvos/SwiftFileSystemEvents.build/SwiftFileSystemEvents.DependencyMetadataFileList (in target 'SwiftFileSystemEvents' from project 'SwiftFileSystemEvents')
    cd /Users/admin/builder/spi-builder-workspace
    write-file /Users/admin/builder/spi-builder-workspace/.derivedData/Build/Intermediates.noindex/SwiftFileSystemEvents.build/Debug-appletvos/SwiftFileSystemEvents.build/SwiftFileSystemEvents.DependencyMetadataFileList
WriteAuxiliaryFile /Users/admin/builder/spi-builder-workspace/.derivedData/Build/Intermediates.noindex/SwiftFileSystemEvents.build/Debug-appletvos/SwiftFileSystemEvents.build/Objects-normal/arm64/SwiftFileSystemEvents.SwiftFileList (in target 'SwiftFileSystemEvents' from project 'SwiftFileSystemEvents')
    cd /Users/admin/builder/spi-builder-workspace
    write-file /Users/admin/builder/spi-builder-workspace/.derivedData/Build/Intermediates.noindex/SwiftFileSystemEvents.build/Debug-appletvos/SwiftFileSystemEvents.build/Objects-normal/arm64/SwiftFileSystemEvents.SwiftFileList
WriteAuxiliaryFile /Users/admin/builder/spi-builder-workspace/.derivedData/Build/Intermediates.noindex/SwiftFileSystemEvents.build/Debug-appletvos/SwiftFileSystemEvents.build/Objects-normal/arm64/SwiftFileSystemEvents_const_extract_protocols.json (in target 'SwiftFileSystemEvents' from project 'SwiftFileSystemEvents')
    cd /Users/admin/builder/spi-builder-workspace
    write-file /Users/admin/builder/spi-builder-workspace/.derivedData/Build/Intermediates.noindex/SwiftFileSystemEvents.build/Debug-appletvos/SwiftFileSystemEvents.build/Objects-normal/arm64/SwiftFileSystemEvents_const_extract_protocols.json
WriteAuxiliaryFile /Users/admin/builder/spi-builder-workspace/.derivedData/Build/Intermediates.noindex/SwiftFileSystemEvents.build/Debug-appletvos/SwiftFileSystemEvents.build/Objects-normal/arm64/SwiftFileSystemEvents.SwiftConstValuesFileList (in target 'SwiftFileSystemEvents' from project 'SwiftFileSystemEvents')
    cd /Users/admin/builder/spi-builder-workspace
    write-file /Users/admin/builder/spi-builder-workspace/.derivedData/Build/Intermediates.noindex/SwiftFileSystemEvents.build/Debug-appletvos/SwiftFileSystemEvents.build/Objects-normal/arm64/SwiftFileSystemEvents.SwiftConstValuesFileList
WriteAuxiliaryFile /Users/admin/builder/spi-builder-workspace/.derivedData/Build/Intermediates.noindex/SwiftFileSystemEvents.build/Debug-appletvos/SwiftFileSystemEvents.build/Objects-normal/arm64/SwiftFileSystemEvents.LinkFileList (in target 'SwiftFileSystemEvents' from project 'SwiftFileSystemEvents')
    cd /Users/admin/builder/spi-builder-workspace
    write-file /Users/admin/builder/spi-builder-workspace/.derivedData/Build/Intermediates.noindex/SwiftFileSystemEvents.build/Debug-appletvos/SwiftFileSystemEvents.build/Objects-normal/arm64/SwiftFileSystemEvents.LinkFileList
WriteAuxiliaryFile /Users/admin/builder/spi-builder-workspace/.derivedData/Build/Intermediates.noindex/SwiftFileSystemEvents.build/Debug-appletvos/SwiftFileSystemEvents.build/Objects-normal/arm64/SwiftFileSystemEvents-OutputFileMap.json (in target 'SwiftFileSystemEvents' from project 'SwiftFileSystemEvents')
    cd /Users/admin/builder/spi-builder-workspace
    write-file /Users/admin/builder/spi-builder-workspace/.derivedData/Build/Intermediates.noindex/SwiftFileSystemEvents.build/Debug-appletvos/SwiftFileSystemEvents.build/Objects-normal/arm64/SwiftFileSystemEvents-OutputFileMap.json
Copy /Users/admin/builder/spi-builder-workspace/.derivedData/Build/Intermediates.noindex/GeneratedModuleMaps-appletvos/SwiftFileSystemEvents.modulemap /Users/admin/builder/spi-builder-workspace/.derivedData/Build/Intermediates.noindex/SwiftFileSystemEvents.build/Debug-appletvos/SwiftFileSystemEvents.build/SwiftFileSystemEvents.modulemap (in target 'SwiftFileSystemEvents' from project 'SwiftFileSystemEvents')
    cd /Users/admin/builder/spi-builder-workspace
    builtin-copy -exclude .DS_Store -exclude CVS -exclude .svn -exclude .git -exclude .hg -resolve-src-symlinks /Users/admin/builder/spi-builder-workspace/.derivedData/Build/Intermediates.noindex/SwiftFileSystemEvents.build/Debug-appletvos/SwiftFileSystemEvents.build/SwiftFileSystemEvents.modulemap /Users/admin/builder/spi-builder-workspace/.derivedData/Build/Intermediates.noindex/GeneratedModuleMaps-appletvos
SwiftDriver SwiftFileSystemEvents normal arm64 com.apple.xcode.tools.swift.compiler (in target 'SwiftFileSystemEvents' from project 'SwiftFileSystemEvents')
    cd /Users/admin/builder/spi-builder-workspace/.swiftpm/xcode
    builtin-SwiftDriver -- /Applications/Xcode-26.3.0.app/Contents/Developer/Toolchains/XcodeDefault.xctoolchain/usr/bin/swiftc -module-name SwiftFileSystemEvents -Onone -enforce-exclusivity\=checked @/Users/admin/builder/spi-builder-workspace/.derivedData/Build/Intermediates.noindex/SwiftFileSystemEvents.build/Debug-appletvos/SwiftFileSystemEvents.build/Objects-normal/arm64/SwiftFileSystemEvents.SwiftFileList -DSWIFT_PACKAGE -DDEBUG -DSWIFT_MODULE_RESOURCE_BUNDLE_UNAVAILABLE -DXcode -plugin-path /Applications/Xcode-26.3.0.app/Contents/Developer/Toolchains/XcodeDefault.xctoolchain/usr/lib/swift/host/plugins/testing -enable-experimental-feature DebugDescriptionMacro -sdk /Applications/Xcode-26.3.0.app/Contents/Developer/Platforms/AppleTVOS.platform/Developer/SDKs/AppleTVOS26.2.sdk -target arm64-apple-tvos12.0 -g -module-cache-path /Users/admin/builder/spi-builder-workspace/.derivedData/ModuleCache.noindex -Xfrontend -serialize-debugging-options -enable-testing -index-store-path /Users/admin/builder/spi-builder-workspace/.derivedData/Index.noindex/DataStore -Xcc -D_LIBCPP_HARDENING_MODE\=_LIBCPP_HARDENING_MODE_DEBUG -swift-version 5 -I /Users/admin/builder/spi-builder-workspace/.derivedData/Build/Products/Debug-appletvos -Isystem /Applications/Xcode-26.3.0.app/Contents/Developer/Platforms/AppleTVOS.platform/Developer/usr/lib -F /Users/admin/builder/spi-builder-workspace/.derivedData/Build/Products/Debug-appletvos -F /Applications/Xcode-26.3.0.app/Contents/Developer/Platforms/AppleTVOS.platform/Developer/Library/Frameworks -F /Applications/Xcode-26.3.0.app/Contents/Developer/Platforms/AppleTVOS.platform/Developer/SDKs/AppleTVOS26.2.sdk/Developer/Library/Frameworks -c -j10 -enable-batch-mode -incremental -Xcc -ivfsstatcache -Xcc /Users/admin/builder/spi-builder-workspace/.derivedData/SDKStatCaches.noindex/appletvos26.2-23K50-dc75598d0054f22ec865fa860f139d72c1feacec85df2e04b9fa10f95e757c08.sdkstatcache -output-file-map /Users/admin/builder/spi-builder-workspace/.derivedData/Build/Intermediates.noindex/SwiftFileSystemEvents.build/Debug-appletvos/SwiftFileSystemEvents.build/Objects-normal/arm64/SwiftFileSystemEvents-OutputFileMap.json -use-frontend-parseable-output -save-temps -no-color-diagnostics -explicit-module-build -module-cache-path /Users/admin/builder/spi-builder-workspace/.derivedData/Build/Intermediates.noindex/SwiftExplicitPrecompiledModules -clang-scanner-module-cache-path /Users/admin/builder/spi-builder-workspace/.derivedData/ModuleCache.noindex -sdk-module-cache-path /Users/admin/builder/spi-builder-workspace/.derivedData/ModuleCache.noindex -serialize-diagnostics -emit-dependencies -emit-module -emit-module-path /Users/admin/builder/spi-builder-workspace/.derivedData/Build/Intermediates.noindex/SwiftFileSystemEvents.build/Debug-appletvos/SwiftFileSystemEvents.build/Objects-normal/arm64/SwiftFileSystemEvents.swiftmodule -validate-clang-modules-once -clang-build-session-file /Users/admin/builder/spi-builder-workspace/.derivedData/ModuleCache.noindex/Session.modulevalidation -Xcc -I/Users/admin/builder/spi-builder-workspace/.derivedData/Build/Intermediates.noindex/SwiftFileSystemEvents.build/Debug-appletvos/SwiftFileSystemEvents.build/swift-overrides.hmap -emit-const-values -Xfrontend -const-gather-protocols-file -Xfrontend /Users/admin/builder/spi-builder-workspace/.derivedData/Build/Intermediates.noindex/SwiftFileSystemEvents.build/Debug-appletvos/SwiftFileSystemEvents.build/Objects-normal/arm64/SwiftFileSystemEvents_const_extract_protocols.json -Xcc -I/Users/admin/builder/spi-builder-workspace/.derivedData/Build/Products/Debug-appletvos/include -Xcc -I/Users/admin/builder/spi-builder-workspace/.derivedData/Build/Intermediates.noindex/SwiftFileSystemEvents.build/Debug-appletvos/SwiftFileSystemEvents.build/DerivedSources-normal/arm64 -Xcc -I/Users/admin/builder/spi-builder-workspace/.derivedData/Build/Intermediates.noindex/SwiftFileSystemEvents.build/Debug-appletvos/SwiftFileSystemEvents.build/DerivedSources/arm64 -Xcc -I/Users/admin/builder/spi-builder-workspace/.derivedData/Build/Intermediates.noindex/SwiftFileSystemEvents.build/Debug-appletvos/SwiftFileSystemEvents.build/DerivedSources -Xcc -DSWIFT_PACKAGE -Xcc -DDEBUG\=1 -emit-objc-header -emit-objc-header-path /Users/admin/builder/spi-builder-workspace/.derivedData/Build/Intermediates.noindex/SwiftFileSystemEvents.build/Debug-appletvos/SwiftFileSystemEvents.build/Objects-normal/arm64/SwiftFileSystemEvents-Swift.h -working-directory /Users/admin/builder/spi-builder-workspace/.swiftpm/xcode -experimental-emit-module-separately -disable-cmo
SwiftExplicitDependencyGeneratePcm arm64 /Users/admin/builder/spi-builder-workspace/.derivedData/ModuleCache.noindex/ptrcheck-A262UIO72NZ44KOOUHYVTVD34.pcm
SwiftExplicitDependencyGeneratePcm arm64 /Users/admin/builder/spi-builder-workspace/.derivedData/ModuleCache.noindex/_Builtin_stdarg-A18228RMTOUB0VOFXESBRN21U.pcm
SwiftExplicitDependencyGeneratePcm arm64 /Users/admin/builder/spi-builder-workspace/.derivedData/ModuleCache.noindex/_Builtin_float-ET5C1L7ONVBB23WGY8RHPACZN.pcm
SwiftExplicitDependencyGeneratePcm arm64 /Users/admin/builder/spi-builder-workspace/.derivedData/ModuleCache.noindex/_Builtin_stddef-A57D84N7A2Q4CVJV245Y9GGPK.pcm
SwiftExplicitDependencyGeneratePcm arm64 /Users/admin/builder/spi-builder-workspace/.derivedData/ModuleCache.noindex/_Builtin_stdbool-EAYCD616FQ0RDYYOEFYO1BMV1.pcm
SwiftExplicitDependencyGeneratePcm arm64 /Users/admin/builder/spi-builder-workspace/.derivedData/ModuleCache.noindex/SwiftShims-CUB1TEDTB8JJWCJBYK0EW7HWD.pcm
SwiftExplicitDependencyGeneratePcm arm64 /Users/admin/builder/spi-builder-workspace/.derivedData/ModuleCache.noindex/_AvailabilityInternal-7Z5BXIW8MVEC0EU944AVMJ6RG.pcm
SwiftExplicitDependencyGeneratePcm arm64 /Users/admin/builder/spi-builder-workspace/.derivedData/ModuleCache.noindex/_SwiftConcurrencyShims-3NXAGF6DBLF3LKTFUNVFWKWNL.pcm
SwiftExplicitDependencyGeneratePcm arm64 /Users/admin/builder/spi-builder-workspace/.derivedData/ModuleCache.noindex/ptrauth-C7ZNRUUC7QC8O8GNT7R7A8QTZ.pcm
SwiftExplicitDependencyGeneratePcm arm64 /Users/admin/builder/spi-builder-workspace/.derivedData/ModuleCache.noindex/_DarwinFoundation1-E448SFMHAYNCYJ90LFJKGGUMT.pcm
SwiftExplicitDependencyGeneratePcm arm64 /Users/admin/builder/spi-builder-workspace/.derivedData/ModuleCache.noindex/_DarwinFoundation2-7MGFTKQ0OUDR1C72INHLA4BE.pcm
SwiftExplicitDependencyGeneratePcm arm64 /Users/admin/builder/spi-builder-workspace/.derivedData/ModuleCache.noindex/_Builtin_limits-BN0867716FZWZWJB23IHOUFY5.pcm
SwiftExplicitDependencyGeneratePcm arm64 /Users/admin/builder/spi-builder-workspace/.derivedData/ModuleCache.noindex/_Builtin_stdint-7DORIFH0ZITTV4JODPMB69RV5.pcm
SwiftExplicitDependencyGeneratePcm arm64 /Users/admin/builder/spi-builder-workspace/.derivedData/ModuleCache.noindex/sys_types-1XFO68C1O9POTJSZ7ROIU30GG.pcm
SwiftExplicitDependencyGeneratePcm arm64 /Users/admin/builder/spi-builder-workspace/.derivedData/ModuleCache.noindex/_DarwinFoundation3-4HXAW79ZF68GE3HPQ3JFIKEN1.pcm
SwiftExplicitDependencyGeneratePcm arm64 /Users/admin/builder/spi-builder-workspace/.derivedData/ModuleCache.noindex/_Builtin_inttypes-R227UYNR87N7HXSJ0SI7N4S2.pcm
SwiftExplicitDependencyGeneratePcm arm64 /Users/admin/builder/spi-builder-workspace/.derivedData/ModuleCache.noindex/Darwin-A13RNMYMYUMU4Q8WZT7O0VTD0.pcm
SwiftExplicitDependencyGeneratePcm arm64 /Users/admin/builder/spi-builder-workspace/.derivedData/ModuleCache.noindex/ObjectiveC-364JM390UZ0K2LTG52PF6POJQ.pcm
SwiftExplicitDependencyGeneratePcm arm64 /Users/admin/builder/spi-builder-workspace/.derivedData/ModuleCache.noindex/os_object-4K7P301X1OJT48ALUBN64GT9C.pcm
SwiftExplicitDependencyGeneratePcm arm64 /Users/admin/builder/spi-builder-workspace/.derivedData/ModuleCache.noindex/os_workgroup-6PLG1EA9WQAOU683M7F7AY01O.pcm
SwiftExplicitDependencyGeneratePcm arm64 /Users/admin/builder/spi-builder-workspace/.derivedData/ModuleCache.noindex/Dispatch-E0BNAXPW36UE3MS5CDDD6KDH2.pcm
SwiftExplicitDependencyGeneratePcm arm64 /Users/admin/builder/spi-builder-workspace/.derivedData/ModuleCache.noindex/CoreFoundation-5J4SIZCW68BHIY7F5M1KSQ9HB.pcm
SwiftExplicitDependencyGeneratePcm arm64 /Users/admin/builder/spi-builder-workspace/.derivedData/ModuleCache.noindex/CFNetwork-6L1G3F5CHOB23JDHSD9JLQRKP.pcm
SwiftExplicitDependencyGeneratePcm arm64 /Users/admin/builder/spi-builder-workspace/.derivedData/ModuleCache.noindex/Security-BQZXUCN4ENBGM0IVTT1TCS5E4.pcm
SwiftExplicitDependencyGeneratePcm arm64 /Users/admin/builder/spi-builder-workspace/.derivedData/ModuleCache.noindex/CoreServices-8CXVGPGUUGZFNZBTD18Q3SFGI.pcm
SwiftExplicitDependencyGeneratePcm arm64 /Users/admin/builder/spi-builder-workspace/.derivedData/ModuleCache.noindex/Foundation-36RNFA2UNUZB7F30GQWLJSFJV.pcm
SwiftEmitModule normal arm64 Emitting\ module\ for\ SwiftFileSystemEvents (in target 'SwiftFileSystemEvents' from project 'SwiftFileSystemEvents')
EmitSwiftModule normal arm64 (in target 'SwiftFileSystemEvents' from project 'SwiftFileSystemEvents')
    cd /Users/admin/builder/spi-builder-workspace/.swiftpm/xcode

/Users/admin/builder/spi-builder-workspace/Sources/SwiftFileSystemEvents/FileSystemEvent.swift:10:8: error: no such module 'CoreServices.FSEvents'
import CoreServices.FSEvents
       ^
Failed frontend command:
/Applications/Xcode-26.3.0.app/Contents/Developer/Toolchains/XcodeDefault.xctoolchain/usr/bin/swift-frontend -frontend -emit-module -experimental-skip-non-inlinable-function-bodies-without-types /Users/admin/builder/spi-builder-workspace/Sources/SwiftFileSystemEvents/FileSystemEvent.swift /Users/admin/builder/spi-builder-workspace/Sources/SwiftFileSystemEvents/FileSystemEventStream.swift /Users/admin/builder/spi-builder-workspace/Sources/SwiftFileSystemEvents/StringConvertible.swift -target arm64-apple-tvos12.0 -load-resolved-plugin /Applications/Xcode-26.3.0.app/Contents/Developer/Platforms/AppleTVOS.platform/Developer/usr/lib/swift/host/plugins/libFoundationMacros.dylib\#/Applications/Xcode-26.3.0.app/Contents/Developer/Platforms/AppleTVOS.platform/Developer/usr/bin/swift-plugin-server\#FoundationMacros -load-resolved-plugin /Applications/Xcode-26.3.0.app/Contents/Developer/Platforms/AppleTVOS.platform/Developer/usr/lib/swift/host/plugins/libObservationMacros.dylib\#/Applications/Xcode-26.3.0.app/Contents/Developer/Platforms/AppleTVOS.platform/Developer/usr/bin/swift-plugin-server\#ObservationMacros -load-resolved-plugin /Applications/Xcode-26.3.0.app/Contents/Developer/Platforms/AppleTVOS.platform/Developer/usr/lib/swift/host/plugins/libSwiftMacros.dylib\#/Applications/Xcode-26.3.0.app/Contents/Developer/Platforms/AppleTVOS.platform/Developer/usr/bin/swift-plugin-server\#SwiftMacros -disable-implicit-swift-modules -Xcc -fno-implicit-modules -Xcc -fno-implicit-module-maps -explicit-swift-module-map-file /Users/admin/builder/spi-builder-workspace/.derivedData/Build/Intermediates.noindex/SwiftFileSystemEvents.build/Debug-appletvos/SwiftFileSystemEvents.build/Objects-normal/arm64/SwiftFileSystemEvents-dependencies-1.json -Xllvm -aarch64-use-tbi -enable-objc-interop -sdk /Applications/Xcode-26.3.0.app/Contents/Developer/Platforms/AppleTVOS.platform/Developer/SDKs/AppleTVOS26.2.sdk -I /Users/admin/builder/spi-builder-workspace/.derivedData/Build/Products/Debug-appletvos -Isystem /Applications/Xcode-26.3.0.app/Contents/Developer/Platforms/AppleTVOS.platform/Developer/usr/lib -F /Users/admin/builder/spi-builder-workspace/.derivedData/Build/Products/Debug-appletvos -F /Applications/Xcode-26.3.0.app/Contents/Developer/Platforms/AppleTVOS.platform/Developer/Library/Frameworks -F /Applications/Xcode-26.3.0.app/Contents/Developer/Platforms/AppleTVOS.platform/Developer/SDKs/AppleTVOS26.2.sdk/Developer/Library/Frameworks -no-color-diagnostics -Xcc -fno-color-diagnostics -enable-testing -g -debug-info-format\=dwarf -dwarf-version\=4 -module-cache-path /Users/admin/builder/spi-builder-workspace/.derivedData/Build/Intermediates.noindex/SwiftExplicitPrecompiledModules -swift-version 5 -enforce-exclusivity\=checked -Onone -D SWIFT_PACKAGE -D DEBUG -D SWIFT_MODULE_RESOURCE_BUNDLE_UNAVAILABLE -D Xcode -serialize-debugging-options -const-gather-protocols-file /Users/admin/builder/spi-builder-workspace/.derivedData/Build/Intermediates.noindex/SwiftFileSystemEvents.build/Debug-appletvos/SwiftFileSystemEvents.build/Objects-normal/arm64/SwiftFileSystemEvents_const_extract_protocols.json -enable-experimental-feature DebugDescriptionMacro -empty-abi-descriptor -validate-clang-modules-once -clang-build-session-file /Users/admin/builder/spi-builder-workspace/.derivedData/ModuleCache.noindex/Session.modulevalidation -Xcc -working-directory -Xcc /Users/admin/builder/spi-builder-workspace/.swiftpm/xcode -enable-anonymous-context-mangled-names -file-compilation-dir /Users/admin/builder/spi-builder-workspace/.swiftpm/xcode -Xcc -D_LIBCPP_HARDENING_MODE\=_LIBCPP_HARDENING_MODE_DEBUG -Xcc -ivfsstatcache -Xcc /Users/admin/builder/spi-builder-workspace/.derivedData/SDKStatCaches.noindex/appletvos26.2-23K50-dc75598d0054f22ec865fa860f139d72c1feacec85df2e04b9fa10f95e757c08.sdkstatcache -Xcc -I/Users/admin/builder/spi-builder-workspace/.derivedData/Build/Intermediates.noindex/SwiftFileSystemEvents.build/Debug-appletvos/SwiftFileSystemEvents.build/swift-overrides.hmap -Xcc -I/Users/admin/builder/spi-builder-workspace/.derivedData/Build/Products/Debug-appletvos/include -Xcc -I/Users/admin/builder/spi-builder-workspace/.derivedData/Build/Intermediates.noindex/SwiftFileSystemEvents.build/Debug-appletvos/SwiftFileSystemEvents.build/DerivedSources-normal/arm64 -Xcc -I/Users/admin/builder/spi-builder-workspace/.derivedData/Build/Intermediates.noindex/SwiftFileSystemEvents.build/Debug-appletvos/SwiftFileSystemEvents.build/DerivedSources/arm64 -Xcc -I/Users/admin/builder/spi-builder-workspace/.derivedData/Build/Intermediates.noindex/SwiftFileSystemEvents.build/Debug-appletvos/SwiftFileSystemEvents.build/DerivedSources -Xcc -DSWIFT_PACKAGE -Xcc -DDEBUG\=1 -no-auto-bridging-header-chaining -module-name SwiftFileSystemEvents -frontend-parseable-output -disable-clang-spi -target-sdk-version 26.2 -target-sdk-name appletvos26.2 -clang-target arm64-apple-tvos26.2 -in-process-plugin-server-path /Applications/Xcode-26.3.0.app/Contents/Developer/Toolchains/XcodeDefault.xctoolchain/usr/lib/swift/host/libSwiftInProcPluginServer.dylib -emit-module-doc-path /Users/admin/builder/spi-builder-workspace/.derivedData/Build/Intermediates.noindex/SwiftFileSystemEvents.build/Debug-appletvos/SwiftFileSystemEvents.build/Objects-normal/arm64/SwiftFileSystemEvents.swiftdoc -emit-module-source-info-path /Users/admin/builder/spi-builder-workspace/.derivedData/Build/Intermediates.noindex/SwiftFileSystemEvents.build/Debug-appletvos/SwiftFileSystemEvents.build/Objects-normal/arm64/SwiftFileSystemEvents.swiftsourceinfo -emit-objc-header-path /Users/admin/builder/spi-builder-workspace/.derivedData/Build/Intermediates.noindex/SwiftFileSystemEvents.build/Debug-appletvos/SwiftFileSystemEvents.build/Objects-normal/arm64/SwiftFileSystemEvents-Swift.h -serialize-diagnostics-path /Users/admin/builder/spi-builder-workspace/.derivedData/Build/Intermediates.noindex/SwiftFileSystemEvents.build/Debug-appletvos/SwiftFileSystemEvents.build/Objects-normal/arm64/SwiftFileSystemEvents-primary-emit-module.dia -emit-dependencies-path /Users/admin/builder/spi-builder-workspace/.derivedData/Build/Intermediates.noindex/SwiftFileSystemEvents.build/Debug-appletvos/SwiftFileSystemEvents.build/Objects-normal/arm64/SwiftFileSystemEvents-primary-emit-module.d -o /Users/admin/builder/spi-builder-workspace/.derivedData/Build/Intermediates.noindex/SwiftFileSystemEvents.build/Debug-appletvos/SwiftFileSystemEvents.build/Objects-normal/arm64/SwiftFileSystemEvents.swiftmodule -emit-abi-descriptor-path /Users/admin/builder/spi-builder-workspace/.derivedData/Build/Intermediates.noindex/SwiftFileSystemEvents.build/Debug-appletvos/SwiftFileSystemEvents.build/Objects-normal/arm64/SwiftFileSystemEvents.abi.json
SwiftCompile normal arm64 Compiling\ FileSystemEventStream.swift /Users/admin/builder/spi-builder-workspace/Sources/SwiftFileSystemEvents/FileSystemEventStream.swift (in target 'SwiftFileSystemEvents' from project 'SwiftFileSystemEvents')
SwiftCompile normal arm64 /Users/admin/builder/spi-builder-workspace/Sources/SwiftFileSystemEvents/FileSystemEventStream.swift (in target 'SwiftFileSystemEvents' from project 'SwiftFileSystemEvents')
    cd /Users/admin/builder/spi-builder-workspace/.swiftpm/xcode

SwiftCompile normal arm64 Compiling\ FileSystemEvent.swift /Users/admin/builder/spi-builder-workspace/Sources/SwiftFileSystemEvents/FileSystemEvent.swift (in target 'SwiftFileSystemEvents' from project 'SwiftFileSystemEvents')
SwiftCompile normal arm64 /Users/admin/builder/spi-builder-workspace/Sources/SwiftFileSystemEvents/FileSystemEvent.swift (in target 'SwiftFileSystemEvents' from project 'SwiftFileSystemEvents')
    cd /Users/admin/builder/spi-builder-workspace/.swiftpm/xcode

SwiftCompile normal arm64 Compiling\ StringConvertible.swift /Users/admin/builder/spi-builder-workspace/Sources/SwiftFileSystemEvents/StringConvertible.swift (in target 'SwiftFileSystemEvents' from project 'SwiftFileSystemEvents')
SwiftCompile normal arm64 /Users/admin/builder/spi-builder-workspace/Sources/SwiftFileSystemEvents/StringConvertible.swift (in target 'SwiftFileSystemEvents' from project 'SwiftFileSystemEvents')
    cd /Users/admin/builder/spi-builder-workspace/.swiftpm/xcode

2026-06-26 07:47:15.238 xcodebuild[675:4315] [MT] IDERunDestination: Supported platforms for the buildables in the current scheme is empty.
2026-06-26 07:47:15.395 xcodebuild[675:4315] [MT] IDERunDestination: Supported platforms for the buildables in the current scheme is empty.
** BUILD FAILED **
The following build commands failed:
	EmitSwiftModule normal arm64 (in target 'SwiftFileSystemEvents' from project 'SwiftFileSystemEvents')
	SwiftEmitModule normal arm64 Emitting\ module\ for\ SwiftFileSystemEvents (in target 'SwiftFileSystemEvents' from project 'SwiftFileSystemEvents')
	Building workspace spi-builder-workspace with scheme SwiftFileSystemEvents
(3 failures)
Command line invocation:
    /Applications/Xcode-26.3.0.app/Contents/Developer/usr/bin/xcodebuild -IDEClonedSourcePackagesDirPathOverride=/Users/admin/builder/spi-builder-workspace/.dependencies -resolvePackageDependencies
Resolve Package Graph
Resolved source packages:
  SwiftFileSystemEvents: /Users/admin/builder/spi-builder-workspace
resolved source packages: SwiftFileSystemEvents
2026-06-26 07:47:20.999 xcodebuild[721:4536] [MT] IDERunDestination: Supported platforms for the buildables in the current scheme is empty.
2026-06-26 07:47:21.166 xcodebuild[721:4536] [MT] IDERunDestination: Supported platforms for the buildables in the current scheme is empty.
{
  "dependencies" : [
  ],
  "manifest_display_name" : "SwiftFileSystemEvents",
  "name" : "SwiftFileSystemEvents",
  "path" : "/Users/admin/builder/spi-builder-workspace",
  "platforms" : [
    {
      "name" : "macos",
      "version" : "10.13"
    }
  ],
  "products" : [
    {
      "name" : "SwiftFileSystemEvents",
      "targets" : [
        "SwiftFileSystemEvents"
      ],
      "type" : {
        "library" : [
          "automatic"
        ]
      }
    }
  ],
  "targets" : [
    {
      "c99name" : "SwiftFileSystemEventsTests",
      "module_type" : "SwiftTarget",
      "name" : "SwiftFileSystemEventsTests",
      "path" : "Tests/SwiftFileSystemEventsTests",
      "sources" : [
        "SwiftFileSystemEventsTests.swift"
      ],
      "target_dependencies" : [
        "SwiftFileSystemEvents"
      ],
      "type" : "test"
    },
    {
      "c99name" : "SwiftFileSystemEvents",
      "module_type" : "SwiftTarget",
      "name" : "SwiftFileSystemEvents",
      "path" : "Sources/SwiftFileSystemEvents",
      "product_memberships" : [
        "SwiftFileSystemEvents"
      ],
      "sources" : [
        "FileSystemEvent.swift",
        "FileSystemEventStream.swift",
        "StringConvertible.swift"
      ],
      "type" : "library"
    }
  ],
  "tools_version" : "5.5"
}
{
  "workspace" : {
    "name" : "spi-builder-workspace",
    "schemes" : [
      "SwiftFileSystemEvents"
    ]
  }
}
2026-06-26 07:47:22.124 xcodebuild[729:4606] [MT] IDERunDestination: Supported platforms for the buildables in the current scheme is empty.
2026-06-26 07:47:22.295 xcodebuild[729:4606] [MT] IDERunDestination: Supported platforms for the buildables in the current scheme is empty.
Running build ...
env DEVELOPER_DIR=/Applications/Xcode-26.3.0.app xcrun xcodebuild -IDEClonedSourcePackagesDirPathOverride=$PWD/.dependencies -skipMacroValidation -skipPackagePluginValidation -derivedDataPath $PWD/.derivedData build -scheme SwiftFileSystemEvents -destination generic/platform=tvOS
Command line invocation:
    /Applications/Xcode-26.3.0.app/Contents/Developer/usr/bin/xcodebuild -IDEClonedSourcePackagesDirPathOverride=/Users/admin/builder/spi-builder-workspace/.dependencies -skipMacroValidation -skipPackagePluginValidation -derivedDataPath /Users/admin/builder/spi-builder-workspace/.derivedData build -scheme SwiftFileSystemEvents -destination generic/platform=tvOS
Resolve Package Graph
Resolved source packages:
  SwiftFileSystemEvents: /Users/admin/builder/spi-builder-workspace
ComputePackagePrebuildTargetDependencyGraph
Prepare packages
CreateBuildRequest
SendProjectDescription
CreateBuildOperation
ComputeTargetDependencyGraph
note: Building targets in dependency order
note: Target dependency graph (3 targets)
    Target 'SwiftFileSystemEventsTests' in project 'SwiftFileSystemEvents'
        ➜ Explicit dependency on target 'SwiftFileSystemEvents' in project 'SwiftFileSystemEvents'
    Target 'SwiftFileSystemEvents' in project 'SwiftFileSystemEvents'
        ➜ Explicit dependency on target 'SwiftFileSystemEvents' in project 'SwiftFileSystemEvents'
    Target 'SwiftFileSystemEvents' in project 'SwiftFileSystemEvents' (no dependencies)
GatherProvisioningInputs
CreateBuildDescription
ClangStatCache /Applications/Xcode-26.3.0.app/Contents/Developer/Toolchains/XcodeDefault.xctoolchain/usr/bin/clang-stat-cache /Applications/Xcode-26.3.0.app/Contents/Developer/Platforms/AppleTVOS.platform/Developer/SDKs/AppleTVOS26.2.sdk /Users/admin/builder/spi-builder-workspace/.derivedData/SDKStatCaches.noindex/appletvos26.2-23K50-dc75598d0054f22ec865fa860f139d72c1feacec85df2e04b9fa10f95e757c08.sdkstatcache
    cd /Users/admin/builder/spi-builder-workspace/.swiftpm/xcode
    /Applications/Xcode-26.3.0.app/Contents/Developer/Toolchains/XcodeDefault.xctoolchain/usr/bin/clang-stat-cache /Applications/Xcode-26.3.0.app/Contents/Developer/Platforms/AppleTVOS.platform/Developer/SDKs/AppleTVOS26.2.sdk -o /Users/admin/builder/spi-builder-workspace/.derivedData/SDKStatCaches.noindex/appletvos26.2-23K50-dc75598d0054f22ec865fa860f139d72c1feacec85df2e04b9fa10f95e757c08.sdkstatcache
SwiftDriver SwiftFileSystemEvents normal arm64 com.apple.xcode.tools.swift.compiler (in target 'SwiftFileSystemEvents' from project 'SwiftFileSystemEvents')
    cd /Users/admin/builder/spi-builder-workspace/.swiftpm/xcode
    builtin-SwiftDriver -- /Applications/Xcode-26.3.0.app/Contents/Developer/Toolchains/XcodeDefault.xctoolchain/usr/bin/swiftc -module-name SwiftFileSystemEvents -Onone -enforce-exclusivity\=checked @/Users/admin/builder/spi-builder-workspace/.derivedData/Build/Intermediates.noindex/SwiftFileSystemEvents.build/Debug-appletvos/SwiftFileSystemEvents.build/Objects-normal/arm64/SwiftFileSystemEvents.SwiftFileList -DSWIFT_PACKAGE -DDEBUG -DSWIFT_MODULE_RESOURCE_BUNDLE_UNAVAILABLE -DXcode -plugin-path /Applications/Xcode-26.3.0.app/Contents/Developer/Toolchains/XcodeDefault.xctoolchain/usr/lib/swift/host/plugins/testing -enable-experimental-feature DebugDescriptionMacro -sdk /Applications/Xcode-26.3.0.app/Contents/Developer/Platforms/AppleTVOS.platform/Developer/SDKs/AppleTVOS26.2.sdk -target arm64-apple-tvos12.0 -g -module-cache-path /Users/admin/builder/spi-builder-workspace/.derivedData/ModuleCache.noindex -Xfrontend -serialize-debugging-options -enable-testing -index-store-path /Users/admin/builder/spi-builder-workspace/.derivedData/Index.noindex/DataStore -Xcc -D_LIBCPP_HARDENING_MODE\=_LIBCPP_HARDENING_MODE_DEBUG -swift-version 5 -I /Users/admin/builder/spi-builder-workspace/.derivedData/Build/Products/Debug-appletvos -Isystem /Applications/Xcode-26.3.0.app/Contents/Developer/Platforms/AppleTVOS.platform/Developer/usr/lib -F /Users/admin/builder/spi-builder-workspace/.derivedData/Build/Products/Debug-appletvos -F /Applications/Xcode-26.3.0.app/Contents/Developer/Platforms/AppleTVOS.platform/Developer/Library/Frameworks -F /Applications/Xcode-26.3.0.app/Contents/Developer/Platforms/AppleTVOS.platform/Developer/SDKs/AppleTVOS26.2.sdk/Developer/Library/Frameworks -c -j10 -enable-batch-mode -incremental -Xcc -ivfsstatcache -Xcc /Users/admin/builder/spi-builder-workspace/.derivedData/SDKStatCaches.noindex/appletvos26.2-23K50-dc75598d0054f22ec865fa860f139d72c1feacec85df2e04b9fa10f95e757c08.sdkstatcache -output-file-map /Users/admin/builder/spi-builder-workspace/.derivedData/Build/Intermediates.noindex/SwiftFileSystemEvents.build/Debug-appletvos/SwiftFileSystemEvents.build/Objects-normal/arm64/SwiftFileSystemEvents-OutputFileMap.json -use-frontend-parseable-output -save-temps -no-color-diagnostics -explicit-module-build -module-cache-path /Users/admin/builder/spi-builder-workspace/.derivedData/Build/Intermediates.noindex/SwiftExplicitPrecompiledModules -clang-scanner-module-cache-path /Users/admin/builder/spi-builder-workspace/.derivedData/ModuleCache.noindex -sdk-module-cache-path /Users/admin/builder/spi-builder-workspace/.derivedData/ModuleCache.noindex -serialize-diagnostics -emit-dependencies -emit-module -emit-module-path /Users/admin/builder/spi-builder-workspace/.derivedData/Build/Intermediates.noindex/SwiftFileSystemEvents.build/Debug-appletvos/SwiftFileSystemEvents.build/Objects-normal/arm64/SwiftFileSystemEvents.swiftmodule -validate-clang-modules-once -clang-build-session-file /Users/admin/builder/spi-builder-workspace/.derivedData/ModuleCache.noindex/Session.modulevalidation -Xcc -I/Users/admin/builder/spi-builder-workspace/.derivedData/Build/Intermediates.noindex/SwiftFileSystemEvents.build/Debug-appletvos/SwiftFileSystemEvents.build/swift-overrides.hmap -emit-const-values -Xfrontend -const-gather-protocols-file -Xfrontend /Users/admin/builder/spi-builder-workspace/.derivedData/Build/Intermediates.noindex/SwiftFileSystemEvents.build/Debug-appletvos/SwiftFileSystemEvents.build/Objects-normal/arm64/SwiftFileSystemEvents_const_extract_protocols.json -Xcc -I/Users/admin/builder/spi-builder-workspace/.derivedData/Build/Products/Debug-appletvos/include -Xcc -I/Users/admin/builder/spi-builder-workspace/.derivedData/Build/Intermediates.noindex/SwiftFileSystemEvents.build/Debug-appletvos/SwiftFileSystemEvents.build/DerivedSources-normal/arm64 -Xcc -I/Users/admin/builder/spi-builder-workspace/.derivedData/Build/Intermediates.noindex/SwiftFileSystemEvents.build/Debug-appletvos/SwiftFileSystemEvents.build/DerivedSources/arm64 -Xcc -I/Users/admin/builder/spi-builder-workspace/.derivedData/Build/Intermediates.noindex/SwiftFileSystemEvents.build/Debug-appletvos/SwiftFileSystemEvents.build/DerivedSources -Xcc -DSWIFT_PACKAGE -Xcc -DDEBUG\=1 -emit-objc-header -emit-objc-header-path /Users/admin/builder/spi-builder-workspace/.derivedData/Build/Intermediates.noindex/SwiftFileSystemEvents.build/Debug-appletvos/SwiftFileSystemEvents.build/Objects-normal/arm64/SwiftFileSystemEvents-Swift.h -working-directory /Users/admin/builder/spi-builder-workspace/.swiftpm/xcode -experimental-emit-module-separately -disable-cmo
SwiftCompile normal arm64 Compiling\ FileSystemEventStream.swift /Users/admin/builder/spi-builder-workspace/Sources/SwiftFileSystemEvents/FileSystemEventStream.swift (in target 'SwiftFileSystemEvents' from project 'SwiftFileSystemEvents')
SwiftCompile normal arm64 /Users/admin/builder/spi-builder-workspace/Sources/SwiftFileSystemEvents/FileSystemEventStream.swift (in target 'SwiftFileSystemEvents' from project 'SwiftFileSystemEvents')
    cd /Users/admin/builder/spi-builder-workspace/.swiftpm/xcode

SwiftEmitModule normal arm64 Emitting\ module\ for\ SwiftFileSystemEvents (in target 'SwiftFileSystemEvents' from project 'SwiftFileSystemEvents')
Failed frontend command:
/Applications/Xcode-26.3.0.app/Contents/Developer/Toolchains/XcodeDefault.xctoolchain/usr/bin/swift-frontend -frontend -emit-module -experimental-skip-non-inlinable-function-bodies-without-types /Users/admin/builder/spi-builder-workspace/Sources/SwiftFileSystemEvents/FileSystemEvent.swift /Users/admin/builder/spi-builder-workspace/Sources/SwiftFileSystemEvents/FileSystemEventStream.swift /Users/admin/builder/spi-builder-workspace/Sources/SwiftFileSystemEvents/StringConvertible.swift -target arm64-apple-tvos12.0 -load-resolved-plugin /Applications/Xcode-26.3.0.app/Contents/Developer/Platforms/AppleTVOS.platform/Developer/usr/lib/swift/host/plugins/libFoundationMacros.dylib\#/Applications/Xcode-26.3.0.app/Contents/Developer/Platforms/AppleTVOS.platform/Developer/usr/bin/swift-plugin-server\#FoundationMacros -load-resolved-plugin /Applications/Xcode-26.3.0.app/Contents/Developer/Platforms/AppleTVOS.platform/Developer/usr/lib/swift/host/plugins/libObservationMacros.dylib\#/Applications/Xcode-26.3.0.app/Contents/Developer/Platforms/AppleTVOS.platform/Developer/usr/bin/swift-plugin-server\#ObservationMacros -load-resolved-plugin /Applications/Xcode-26.3.0.app/Contents/Developer/Platforms/AppleTVOS.platform/Developer/usr/lib/swift/host/plugins/libSwiftMacros.dylib\#/Applications/Xcode-26.3.0.app/Contents/Developer/Platforms/AppleTVOS.platform/Developer/usr/bin/swift-plugin-server\#SwiftMacros -disable-implicit-swift-modules -Xcc -fno-implicit-modules -Xcc -fno-implicit-module-maps -explicit-swift-module-map-file /Users/admin/builder/spi-builder-workspace/.derivedData/Build/Intermediates.noindex/SwiftFileSystemEvents.build/Debug-appletvos/SwiftFileSystemEvents.build/Objects-normal/arm64/SwiftFileSystemEvents-dependencies-1.json -Xllvm -aarch64-use-tbi -enable-objc-interop -sdk /Applications/Xcode-26.3.0.app/Contents/Developer/Platforms/AppleTVOS.platform/Developer/SDKs/AppleTVOS26.2.sdk -I /Users/admin/builder/spi-builder-workspace/.derivedData/Build/Products/Debug-appletvos -Isystem /Applications/Xcode-26.3.0.app/Contents/Developer/Platforms/AppleTVOS.platform/Developer/usr/lib -F /Users/admin/builder/spi-builder-workspace/.derivedData/Build/Products/Debug-appletvos -F /Applications/Xcode-26.3.0.app/Contents/Developer/Platforms/AppleTVOS.platform/Developer/Library/Frameworks -F /Applications/Xcode-26.3.0.app/Contents/Developer/Platforms/AppleTVOS.platform/Developer/SDKs/AppleTVOS26.2.sdk/Developer/Library/Frameworks -no-color-diagnostics -Xcc -fno-color-diagnostics -enable-testing -g -debug-info-format\=dwarf -dwarf-version\=4 -module-cache-path /Users/admin/builder/spi-builder-workspace/.derivedData/Build/Intermediates.noindex/SwiftExplicitPrecompiledModules -swift-version 5 -enforce-exclusivity\=checked -Onone -D SWIFT_PACKAGE -D DEBUG -D SWIFT_MODULE_RESOURCE_BUNDLE_UNAVAILABLE -D Xcode -serialize-debugging-options -const-gather-protocols-file /Users/admin/builder/spi-builder-workspace/.derivedData/Build/Intermediates.noindex/SwiftFileSystemEvents.build/Debug-appletvos/SwiftFileSystemEvents.build/Objects-normal/arm64/SwiftFileSystemEvents_const_extract_protocols.json -enable-experimental-feature DebugDescriptionMacro -empty-abi-descriptor -validate-clang-modules-once -clang-build-session-file /Users/admin/builder/spi-builder-workspace/.derivedData/ModuleCache.noindex/Session.modulevalidation -Xcc -working-directory -Xcc /Users/admin/builder/spi-builder-workspace/.swiftpm/xcode -enable-anonymous-context-mangled-names -file-compilation-dir /Users/admin/builder/spi-builder-workspace/.swiftpm/xcode -Xcc -D_LIBCPP_HARDENING_MODE\=_LIBCPP_HARDENING_MODE_DEBUG -Xcc -ivfsstatcache -Xcc /Users/admin/builder/spi-builder-workspace/.derivedData/SDKStatCaches.noindex/appletvos26.2-23K50-dc75598d0054f22ec865fa860f139d72c1feacec85df2e04b9fa10f95e757c08.sdkstatcache -Xcc -I/Users/admin/builder/spi-builder-workspace/.derivedData/Build/Intermediates.noindex/SwiftFileSystemEvents.build/Debug-appletvos/SwiftFileSystemEvents.build/swift-overrides.hmap -Xcc -I/Users/admin/builder/spi-builder-workspace/.derivedData/Build/Products/Debug-appletvos/include -Xcc -I/Users/admin/builder/spi-builder-workspace/.derivedData/Build/Intermediates.noindex/SwiftFileSystemEvents.build/Debug-appletvos/SwiftFileSystemEvents.build/DerivedSources-normal/arm64 -Xcc -I/Users/admin/builder/spi-builder-workspace/.derivedData/Build/Intermediates.noindex/SwiftFileSystemEvents.build/Debug-appletvos/SwiftFileSystemEvents.build/DerivedSources/arm64 -Xcc -I/Users/admin/builder/spi-builder-workspace/.derivedData/Build/Intermediates.noindex/SwiftFileSystemEvents.build/Debug-appletvos/SwiftFileSystemEvents.build/DerivedSources -Xcc -DSWIFT_PACKAGE -Xcc -DDEBUG\=1 -no-auto-bridging-header-chaining -module-name SwiftFileSystemEvents -frontend-parseable-output -disable-clang-spi -target-sdk-version 26.2 -target-sdk-name appletvos26.2 -clang-target arm64-apple-tvos26.2 -in-process-plugin-server-path /Applications/Xcode-26.3.0.app/Contents/Developer/Toolchains/XcodeDefault.xctoolchain/usr/lib/swift/host/libSwiftInProcPluginServer.dylib -emit-module-doc-path /Users/admin/builder/spi-builder-workspace/.derivedData/Build/Intermediates.noindex/SwiftFileSystemEvents.build/Debug-appletvos/SwiftFileSystemEvents.build/Objects-normal/arm64/SwiftFileSystemEvents.swiftdoc -emit-module-source-info-path /Users/admin/builder/spi-builder-workspace/.derivedData/Build/Intermediates.noindex/SwiftFileSystemEvents.build/Debug-appletvos/SwiftFileSystemEvents.build/Objects-normal/arm64/SwiftFileSystemEvents.swiftsourceinfo -emit-objc-header-path /Users/admin/builder/spi-builder-workspace/.derivedData/Build/Intermediates.noindex/SwiftFileSystemEvents.build/Debug-appletvos/SwiftFileSystemEvents.build/Objects-normal/arm64/SwiftFileSystemEvents-Swift.h -serialize-diagnostics-path /Users/admin/builder/spi-builder-workspace/.derivedData/Build/Intermediates.noindex/SwiftFileSystemEvents.build/Debug-appletvos/SwiftFileSystemEvents.build/Objects-normal/arm64/SwiftFileSystemEvents-primary-emit-module.dia -emit-dependencies-path /Users/admin/builder/spi-builder-workspace/.derivedData/Build/Intermediates.noindex/SwiftFileSystemEvents.build/Debug-appletvos/SwiftFileSystemEvents.build/Objects-normal/arm64/SwiftFileSystemEvents-primary-emit-module.d -o /Users/admin/builder/spi-builder-workspace/.derivedData/Build/Intermediates.noindex/SwiftFileSystemEvents.build/Debug-appletvos/SwiftFileSystemEvents.build/Objects-normal/arm64/SwiftFileSystemEvents.swiftmodule -emit-abi-descriptor-path /Users/admin/builder/spi-builder-workspace/.derivedData/Build/Intermediates.noindex/SwiftFileSystemEvents.build/Debug-appletvos/SwiftFileSystemEvents.build/Objects-normal/arm64/SwiftFileSystemEvents.abi.json
EmitSwiftModule normal arm64 (in target 'SwiftFileSystemEvents' from project 'SwiftFileSystemEvents')
    cd /Users/admin/builder/spi-builder-workspace/.swiftpm/xcode

/Users/admin/builder/spi-builder-workspace/Sources/SwiftFileSystemEvents/FileSystemEvent.swift:10:8: error: no such module 'CoreServices.FSEvents'
import CoreServices.FSEvents
       ^
SwiftCompile normal arm64 Compiling\ StringConvertible.swift /Users/admin/builder/spi-builder-workspace/Sources/SwiftFileSystemEvents/StringConvertible.swift (in target 'SwiftFileSystemEvents' from project 'SwiftFileSystemEvents')
SwiftCompile normal arm64 /Users/admin/builder/spi-builder-workspace/Sources/SwiftFileSystemEvents/StringConvertible.swift (in target 'SwiftFileSystemEvents' from project 'SwiftFileSystemEvents')
    cd /Users/admin/builder/spi-builder-workspace/.swiftpm/xcode

SwiftCompile normal arm64 Compiling\ FileSystemEvent.swift /Users/admin/builder/spi-builder-workspace/Sources/SwiftFileSystemEvents/FileSystemEvent.swift (in target 'SwiftFileSystemEvents' from project 'SwiftFileSystemEvents')
SwiftCompile normal arm64 /Users/admin/builder/spi-builder-workspace/Sources/SwiftFileSystemEvents/FileSystemEvent.swift (in target 'SwiftFileSystemEvents' from project 'SwiftFileSystemEvents')
    cd /Users/admin/builder/spi-builder-workspace/.swiftpm/xcode

2026-06-26 07:47:23.021 xcodebuild[731:4637] [MT] IDERunDestination: Supported platforms for the buildables in the current scheme is empty.
2026-06-26 07:47:23.187 xcodebuild[731:4637] [MT] IDERunDestination: Supported platforms for the buildables in the current scheme is empty.
** BUILD FAILED **
The following build commands failed:
	SwiftEmitModule normal arm64 Emitting\ module\ for\ SwiftFileSystemEvents (in target 'SwiftFileSystemEvents' from project 'SwiftFileSystemEvents')
	EmitSwiftModule normal arm64 (in target 'SwiftFileSystemEvents' from project 'SwiftFileSystemEvents')
	Building workspace spi-builder-workspace with scheme SwiftFileSystemEvents
(3 failures)
BUILD FAILURE 6.2 tvOS