The Swift Package Index logo.Swift Package Index

Build Information

Failed to build CoreBluetoothEmulator, reference main (579963), with Swift 6.4 for watchOS using Xcode 27.0 on 23 Sep 2026 11:01:45 UTC.

Build Command

env DEVELOPER_DIR=/Applications/Xcode-27.0.0-Release.Candidate.app xcrun xcodebuild -IDEClonedSourcePackagesDirPathOverride=$PWD/.dependencies -skipMacroValidation -skipPackagePluginValidation -derivedDataPath $PWD/.derivedData build -scheme CoreBluetoothEmulator -destination generic/platform=watchOS

Build Log

========================================
RunAll
========================================
Builder version: 5.1.0
Interrupt handler set up.
========================================
Checkout
========================================
Clone URL: https://github.com/1amageek/CoreBluetoothEmulator.git
Reference: main
Initialized empty Git repository in /Users/admin/builder/spi-builder-workspace/.git/
From https://github.com/1amageek/CoreBluetoothEmulator
 * branch            main       -> FETCH_HEAD
 * [new branch]      main       -> origin/main
HEAD is now at 579963e Implement multi-process support and update documentation
Cloned https://github.com/1amageek/CoreBluetoothEmulator.git
Revision (git rev-parse @):
579963e0ceffdf8a452c7e4fdb033fece3324c92
SUCCESS checkout https://github.com/1amageek/CoreBluetoothEmulator.git at main
========================================
Build
========================================
Selected platform:         watchOS
Swift version:             6.4
Building package at path:  $PWD
https://github.com/1amageek/CoreBluetoothEmulator.git
Command line invocation:
    /Applications/Xcode-27.0.0-Release.Candidate.app/Contents/Developer/usr/bin/xcodebuild -IDEClonedSourcePackagesDirPathOverride=/Users/admin/builder/spi-builder-workspace/.dependencies -resolvePackageDependencies
Resolve Package Graph
Resolve Package Graph
Resolved source packages:
  CoreBluetoothEmulator: /Users/admin/builder/spi-builder-workspace
resolved source packages: CoreBluetoothEmulator
2026-09-23 07:01:02.444 xcodebuild[529:3044] [MT] IDERunDestination: Supported platforms for the buildables in the current scheme is empty.
{
  "dependencies" : [
  ],
  "manifest_display_name" : "CoreBluetoothEmulator",
  "name" : "CoreBluetoothEmulator",
  "path" : "/Users/admin/builder/spi-builder-workspace",
  "platforms" : [
    {
      "name" : "ios",
      "version" : "13.0"
    },
    {
      "name" : "macos",
      "version" : "10.15"
    },
    {
      "name" : "tvos",
      "version" : "13.0"
    },
    {
      "name" : "watchos",
      "version" : "6.0"
    }
  ],
  "products" : [
    {
      "name" : "CoreBluetoothEmulator",
      "targets" : [
        "CoreBluetoothEmulator"
      ],
      "type" : {
        "library" : [
          "automatic"
        ]
      }
    }
  ],
  "targets" : [
    {
      "c99name" : "CoreBluetoothEmulatorTests",
      "module_type" : "SwiftTarget",
      "name" : "CoreBluetoothEmulatorTests",
      "path" : "Tests/CoreBluetoothEmulatorTests",
      "sources" : [
        "CoreBluetoothEmulatorTests.swift",
        "Integration/ANCSAuthorizationTests.swift",
        "Integration/AdvertisementAutoGenerationTests.swift",
        "Integration/BackpressureTests.swift",
        "Integration/BidirectionalEventsTests.swift",
        "Integration/ConnectionEventsTests.swift",
        "Integration/FullWorkflowTests.swift",
        "Integration/L2CAPChannelTests.swift",
        "Integration/MTUManagementTests.swift",
        "Integration/ScanOptionsTests.swift",
        "Integration/StateRestorationTests.swift"
      ],
      "target_dependencies" : [
        "CoreBluetoothEmulator"
      ],
      "type" : "test"
    },
    {
      "c99name" : "CoreBluetoothEmulator",
      "module_type" : "SwiftTarget",
      "name" : "CoreBluetoothEmulator",
      "path" : "Sources/CoreBluetoothEmulator",
      "product_memberships" : [
        "CoreBluetoothEmulator"
      ],
      "sources" : [
        "CoreBluetoothEmulator.swift",
        "EmulatedDelegates.swift",
        "EmulatorBus.swift",
        "EmulatorConfiguration.swift",
        "EmulatorInternalEvent.swift",
        "EmulatorTransport.swift",
        "Internal/EmulatedCBCentral.swift",
        "Internal/EmulatedCBCentralManager.swift",
        "Internal/EmulatedCBCharacteristic.swift",
        "Internal/EmulatedCBDescriptor.swift",
        "Internal/EmulatedCBL2CAPChannel.swift",
        "Internal/EmulatedCBPeripheral.swift",
        "Internal/EmulatedCBPeripheralManager.swift",
        "Internal/EmulatedCBService.swift",
        "Transport/InMemoryEmulatorTransport.swift",
        "Transport/XPCEmulatorTransport.swift"
      ],
      "type" : "library"
    }
  ],
  "tools_version" : "6.0"
}
{
  "workspace" : {
    "name" : "CoreBluetoothEmulator",
    "schemes" : [
      "CoreBluetoothEmulator"
    ]
  }
}
2026-09-23 07:01:34.202 xcodebuild[626:3866] [MT] IDERunDestination: Supported platforms for the buildables in the current scheme is empty.
Running build ...
env DEVELOPER_DIR=/Applications/Xcode-27.0.0-Release.Candidate.app xcrun xcodebuild -IDEClonedSourcePackagesDirPathOverride=$PWD/.dependencies -skipMacroValidation -skipPackagePluginValidation -derivedDataPath $PWD/.derivedData build -scheme CoreBluetoothEmulator -destination generic/platform=watchOS
Command line invocation:
    /Applications/Xcode-27.0.0-Release.Candidate.app/Contents/Developer/usr/bin/xcodebuild -IDEClonedSourcePackagesDirPathOverride=/Users/admin/builder/spi-builder-workspace/.dependencies -skipMacroValidation -skipPackagePluginValidation -derivedDataPath /Users/admin/builder/spi-builder-workspace/.derivedData build -scheme CoreBluetoothEmulator -destination generic/platform=watchOS
Resolve Package Graph
Resolved source packages:
  CoreBluetoothEmulator: /Users/admin/builder/spi-builder-workspace
ComputePackagePrebuildTargetDependencyGraph
Prepare packages
CreateBuildRequest
SendProjectDescription
CreateBuildOperation
ComputeTargetDependencyGraph
note: Building targets in dependency order
note: Target dependency graph (2 targets)
    Target 'CoreBluetoothEmulator-product' in project 'CoreBluetoothEmulator'
        ➜ Explicit dependency on target 'CoreBluetoothEmulator' in project 'CoreBluetoothEmulator'
    Target 'CoreBluetoothEmulator' in project 'CoreBluetoothEmulator' (no dependencies)
GatherProvisioningInputs
CreateBuildDescription
ExecuteExternalTool /Applications/Xcode-27.0.0-Release.Candidate.app/Contents/Developer/Toolchains/XcodeDefault.xctoolchain/usr/bin/clang -v -E -dM -isysroot /Applications/Xcode-27.0.0-Release.Candidate.app/Contents/Developer/Platforms/WatchOS.platform/Developer/SDKs/WatchOS27.0.sdk -x c -c /dev/null
ExecuteExternalTool /Applications/Xcode-27.0.0-Release.Candidate.app/Contents/Developer/Toolchains/XcodeDefault.xctoolchain/usr/bin/swiftc --version
ExecuteExternalTool /Applications/Xcode-27.0.0-Release.Candidate.app/Contents/Developer/Toolchains/XcodeDefault.xctoolchain/usr/bin/ld -version_details
Build description signature: c155d8c9f538629a2d0e3b1a26ea881a
Build description path: /Users/admin/builder/spi-builder-workspace/.derivedData/Build/Intermediates.noindex/XCBuildData/c155d8c9f538629a2d0e3b1a26ea881a.xcbuilddata
CreateBuildDirectory /Users/admin/builder/spi-builder-workspace/.derivedData/SDKExplicitPrecompiledModules
    cd /Users/admin/builder/spi-builder-workspace/.swiftpm/xcode
    builtin-create-build-directory /Users/admin/builder/spi-builder-workspace/.derivedData/SDKExplicitPrecompiledModules
CreateBuildDirectory /Users/admin/builder/spi-builder-workspace/.derivedData/ModuleCache.noindex
    cd /Users/admin/builder/spi-builder-workspace/.swiftpm/xcode
    builtin-create-build-directory /Users/admin/builder/spi-builder-workspace/.derivedData/ModuleCache.noindex
CreateBuildDirectory /Users/admin/builder/spi-builder-workspace/.derivedData/CompilationCache.noindex
    cd /Users/admin/builder/spi-builder-workspace/.swiftpm/xcode
    builtin-create-build-directory /Users/admin/builder/spi-builder-workspace/.derivedData/CompilationCache.noindex
CreateBuildDirectory /Users/admin/builder/spi-builder-workspace/.derivedData/Build/Intermediates.noindex
    cd /Users/admin/builder/spi-builder-workspace/.swiftpm/xcode
    builtin-create-build-directory /Users/admin/builder/spi-builder-workspace/.derivedData/Build/Intermediates.noindex
CreateBuildDirectory /Users/admin/builder/spi-builder-workspace/.derivedData/Build/Products
    cd /Users/admin/builder/spi-builder-workspace/.swiftpm/xcode
    builtin-create-build-directory /Users/admin/builder/spi-builder-workspace/.derivedData/Build/Products
ClangStatCache /Applications/Xcode-27.0.0-Release.Candidate.app/Contents/Developer/Toolchains/XcodeDefault.xctoolchain/usr/bin/clang-stat-cache /Applications/Xcode-27.0.0-Release.Candidate.app/Contents/Developer/Platforms/WatchOS.platform/Developer/SDKs/WatchOS27.0.sdk /Users/admin/builder/spi-builder-workspace/.derivedData/SDKStatCaches.noindex/watchos27.0-24R360-e829b21a6f8c9b70876ba0858053c04477534ef55a1706bf4c1112bbb242f0a2.sdkstatcache
    cd /Users/admin/builder/spi-builder-workspace/.swiftpm/xcode
    /Applications/Xcode-27.0.0-Release.Candidate.app/Contents/Developer/Toolchains/XcodeDefault.xctoolchain/usr/bin/clang-stat-cache /Applications/Xcode-27.0.0-Release.Candidate.app/Contents/Developer/Platforms/WatchOS.platform/Developer/SDKs/WatchOS27.0.sdk -o /Users/admin/builder/spi-builder-workspace/.derivedData/SDKStatCaches.noindex/watchos27.0-24R360-e829b21a6f8c9b70876ba0858053c04477534ef55a1706bf4c1112bbb242f0a2.sdkstatcache
CreateBuildDirectory /Users/admin/builder/spi-builder-workspace/.derivedData/Build/Intermediates.noindex/SwiftExplicitPrecompiledModules
    cd /Users/admin/builder/spi-builder-workspace/.swiftpm/xcode
    builtin-create-build-directory /Users/admin/builder/spi-builder-workspace/.derivedData/Build/Intermediates.noindex/SwiftExplicitPrecompiledModules
CreateBuildDirectory /Users/admin/builder/spi-builder-workspace/.derivedData/Build/Intermediates.noindex/PrecompiledHeaders
    cd /Users/admin/builder/spi-builder-workspace/.swiftpm/xcode
    builtin-create-build-directory /Users/admin/builder/spi-builder-workspace/.derivedData/Build/Intermediates.noindex/PrecompiledHeaders
CreateBuildDirectory /Users/admin/builder/spi-builder-workspace/.derivedData/Build/Intermediates.noindex/ExplicitPrecompiledModules
    cd /Users/admin/builder/spi-builder-workspace/.swiftpm/xcode
    builtin-create-build-directory /Users/admin/builder/spi-builder-workspace/.derivedData/Build/Intermediates.noindex/ExplicitPrecompiledModules
CreateBuildDirectory /Users/admin/builder/spi-builder-workspace/.derivedData/Build/Intermediates.noindex/EagerLinkingTBDs/Debug-watchos
    cd /Users/admin/builder/spi-builder-workspace/.swiftpm/xcode
    builtin-create-build-directory /Users/admin/builder/spi-builder-workspace/.derivedData/Build/Intermediates.noindex/EagerLinkingTBDs/Debug-watchos
CreateBuildDirectory /Users/admin/builder/spi-builder-workspace/.derivedData/Build/Products/Debug-watchos
    cd /Users/admin/builder/spi-builder-workspace/.swiftpm/xcode
    builtin-create-build-directory /Users/admin/builder/spi-builder-workspace/.derivedData/Build/Products/Debug-watchos
CreateBuildDirectory /Users/admin/builder/spi-builder-workspace/.derivedData/Build/Products/Debug-watchos/PackageFrameworks
    cd /Users/admin/builder/spi-builder-workspace/.swiftpm/xcode
    builtin-create-build-directory /Users/admin/builder/spi-builder-workspace/.derivedData/Build/Products/Debug-watchos/PackageFrameworks
WriteAuxiliaryFile /Users/admin/builder/spi-builder-workspace/.derivedData/Build/Intermediates.noindex/CoreBluetoothEmulator.build/Debug-watchos/CoreBluetoothEmulator-t.build/Objects-normal/arm64/CoreBluetoothEmulator_const_extract_protocols.json (in target 'CoreBluetoothEmulator' from project 'CoreBluetoothEmulator')
    cd /Users/admin/builder/spi-builder-workspace
    write-file /Users/admin/builder/spi-builder-workspace/.derivedData/Build/Intermediates.noindex/CoreBluetoothEmulator.build/Debug-watchos/CoreBluetoothEmulator-t.build/Objects-normal/arm64/CoreBluetoothEmulator_const_extract_protocols.json
WriteAuxiliaryFile /Users/admin/builder/spi-builder-workspace/.derivedData/Build/Intermediates.noindex/CoreBluetoothEmulator.build/Debug-watchos/CoreBluetoothEmulator-t.build/Objects-normal/arm64/CoreBluetoothEmulator-OutputFileMap.json (in target 'CoreBluetoothEmulator' from project 'CoreBluetoothEmulator')
    cd /Users/admin/builder/spi-builder-workspace
    write-file /Users/admin/builder/spi-builder-workspace/.derivedData/Build/Intermediates.noindex/CoreBluetoothEmulator.build/Debug-watchos/CoreBluetoothEmulator-t.build/Objects-normal/arm64/CoreBluetoothEmulator-OutputFileMap.json
WriteAuxiliaryFile /Users/admin/builder/spi-builder-workspace/.derivedData/Build/Intermediates.noindex/CoreBluetoothEmulator.build/Debug-watchos/CoreBluetoothEmulator-t.build/Objects-normal/arm64/CoreBluetoothEmulator.LinkFileList (in target 'CoreBluetoothEmulator' from project 'CoreBluetoothEmulator')
    cd /Users/admin/builder/spi-builder-workspace
    write-file /Users/admin/builder/spi-builder-workspace/.derivedData/Build/Intermediates.noindex/CoreBluetoothEmulator.build/Debug-watchos/CoreBluetoothEmulator-t.build/Objects-normal/arm64/CoreBluetoothEmulator.LinkFileList
WriteAuxiliaryFile /Users/admin/builder/spi-builder-workspace/.derivedData/Build/Intermediates.noindex/CoreBluetoothEmulator.build/Debug-watchos/CoreBluetoothEmulator-t.build/Objects-normal/arm64_32/CoreBluetoothEmulator.LinkFileList (in target 'CoreBluetoothEmulator' from project 'CoreBluetoothEmulator')
    cd /Users/admin/builder/spi-builder-workspace
    write-file /Users/admin/builder/spi-builder-workspace/.derivedData/Build/Intermediates.noindex/CoreBluetoothEmulator.build/Debug-watchos/CoreBluetoothEmulator-t.build/Objects-normal/arm64_32/CoreBluetoothEmulator.LinkFileList
WriteAuxiliaryFile /Users/admin/builder/spi-builder-workspace/.derivedData/Build/Intermediates.noindex/CoreBluetoothEmulator.build/Debug-watchos/CoreBluetoothEmulator-t.build/Objects-normal/arm64_32/CoreBluetoothEmulator.SwiftFileList (in target 'CoreBluetoothEmulator' from project 'CoreBluetoothEmulator')
    cd /Users/admin/builder/spi-builder-workspace
    write-file /Users/admin/builder/spi-builder-workspace/.derivedData/Build/Intermediates.noindex/CoreBluetoothEmulator.build/Debug-watchos/CoreBluetoothEmulator-t.build/Objects-normal/arm64_32/CoreBluetoothEmulator.SwiftFileList
WriteAuxiliaryFile /Users/admin/builder/spi-builder-workspace/.derivedData/Build/Intermediates.noindex/CoreBluetoothEmulator.build/Debug-watchos/CoreBluetoothEmulator-t.build/Objects-normal/arm64_32/CoreBluetoothEmulator_const_extract_protocols.json (in target 'CoreBluetoothEmulator' from project 'CoreBluetoothEmulator')
    cd /Users/admin/builder/spi-builder-workspace
    write-file /Users/admin/builder/spi-builder-workspace/.derivedData/Build/Intermediates.noindex/CoreBluetoothEmulator.build/Debug-watchos/CoreBluetoothEmulator-t.build/Objects-normal/arm64_32/CoreBluetoothEmulator_const_extract_protocols.json
WriteAuxiliaryFile /Users/admin/builder/spi-builder-workspace/.derivedData/Build/Intermediates.noindex/CoreBluetoothEmulator.build/Debug-watchos/CoreBluetoothEmulator-t.build/Objects-normal/arm64_32/CoreBluetoothEmulator-OutputFileMap.json (in target 'CoreBluetoothEmulator' from project 'CoreBluetoothEmulator')
    cd /Users/admin/builder/spi-builder-workspace
    write-file /Users/admin/builder/spi-builder-workspace/.derivedData/Build/Intermediates.noindex/CoreBluetoothEmulator.build/Debug-watchos/CoreBluetoothEmulator-t.build/Objects-normal/arm64_32/CoreBluetoothEmulator-OutputFileMap.json
WriteAuxiliaryFile /Users/admin/builder/spi-builder-workspace/.derivedData/Build/Intermediates.noindex/CoreBluetoothEmulator.build/Debug-watchos/CoreBluetoothEmulator-t.build/Objects-normal/arm64/CoreBluetoothEmulator.SwiftFileList (in target 'CoreBluetoothEmulator' from project 'CoreBluetoothEmulator')
    cd /Users/admin/builder/spi-builder-workspace
    write-file /Users/admin/builder/spi-builder-workspace/.derivedData/Build/Intermediates.noindex/CoreBluetoothEmulator.build/Debug-watchos/CoreBluetoothEmulator-t.build/Objects-normal/arm64/CoreBluetoothEmulator.SwiftFileList
WriteAuxiliaryFile /Users/admin/builder/spi-builder-workspace/.derivedData/Build/Intermediates.noindex/CoreBluetoothEmulator.build/Debug-watchos/CoreBluetoothEmulator-t.build/Objects-normal/arm64_32/CoreBluetoothEmulator.SwiftConstValuesFileList (in target 'CoreBluetoothEmulator' from project 'CoreBluetoothEmulator')
    cd /Users/admin/builder/spi-builder-workspace
    write-file /Users/admin/builder/spi-builder-workspace/.derivedData/Build/Intermediates.noindex/CoreBluetoothEmulator.build/Debug-watchos/CoreBluetoothEmulator-t.build/Objects-normal/arm64_32/CoreBluetoothEmulator.SwiftConstValuesFileList
WriteAuxiliaryFile /Users/admin/builder/spi-builder-workspace/.derivedData/Build/Intermediates.noindex/CoreBluetoothEmulator.build/Debug-watchos/CoreBluetoothEmulator-t.build/Objects-normal/arm64/CoreBluetoothEmulator.SwiftConstValuesFileList (in target 'CoreBluetoothEmulator' from project 'CoreBluetoothEmulator')
    cd /Users/admin/builder/spi-builder-workspace
    write-file /Users/admin/builder/spi-builder-workspace/.derivedData/Build/Intermediates.noindex/CoreBluetoothEmulator.build/Debug-watchos/CoreBluetoothEmulator-t.build/Objects-normal/arm64/CoreBluetoothEmulator.SwiftConstValuesFileList
WriteAuxiliaryFile /Users/admin/builder/spi-builder-workspace/.derivedData/Build/Intermediates.noindex/CoreBluetoothEmulator.build/Debug-watchos/CoreBluetoothEmulator-t.build/CoreBluetoothEmulator.modulemap (in target 'CoreBluetoothEmulator' from project 'CoreBluetoothEmulator')
    cd /Users/admin/builder/spi-builder-workspace
    write-file /Users/admin/builder/spi-builder-workspace/.derivedData/Build/Intermediates.noindex/CoreBluetoothEmulator.build/Debug-watchos/CoreBluetoothEmulator-t.build/CoreBluetoothEmulator.modulemap
WriteAuxiliaryFile /Users/admin/builder/spi-builder-workspace/.derivedData/Build/Intermediates.noindex/CoreBluetoothEmulator.build/Debug-watchos/CoreBluetoothEmulator-t.build/CoreBluetoothEmulator.DependencyMetadataFileList (in target 'CoreBluetoothEmulator' from project 'CoreBluetoothEmulator')
    cd /Users/admin/builder/spi-builder-workspace
    write-file /Users/admin/builder/spi-builder-workspace/.derivedData/Build/Intermediates.noindex/CoreBluetoothEmulator.build/Debug-watchos/CoreBluetoothEmulator-t.build/CoreBluetoothEmulator.DependencyMetadataFileList
WriteAuxiliaryFile /Users/admin/builder/spi-builder-workspace/.derivedData/Build/Intermediates.noindex/CoreBluetoothEmulator.build/Debug-watchos/CoreBluetoothEmulator-t.build/CoreBluetoothEmulator.DependencyStaticMetadataFileList (in target 'CoreBluetoothEmulator' from project 'CoreBluetoothEmulator')
    cd /Users/admin/builder/spi-builder-workspace
    write-file /Users/admin/builder/spi-builder-workspace/.derivedData/Build/Intermediates.noindex/CoreBluetoothEmulator.build/Debug-watchos/CoreBluetoothEmulator-t.build/CoreBluetoothEmulator.DependencyStaticMetadataFileList
Copy /Users/admin/builder/spi-builder-workspace/.derivedData/Build/Intermediates.noindex/GeneratedModuleMaps-watchos/CoreBluetoothEmulator.modulemap /Users/admin/builder/spi-builder-workspace/.derivedData/Build/Intermediates.noindex/CoreBluetoothEmulator.build/Debug-watchos/CoreBluetoothEmulator-t.build/CoreBluetoothEmulator.modulemap (in target 'CoreBluetoothEmulator' from project 'CoreBluetoothEmulator')
    cd /Users/admin/builder/spi-builder-workspace
    builtin-copy -exclude .DS_Store -exclude CVS -exclude .svn -exclude .git -exclude .hg -resolve-src-symlinks /Users/admin/builder/spi-builder-workspace/.derivedData/Build/Intermediates.noindex/CoreBluetoothEmulator.build/Debug-watchos/CoreBluetoothEmulator-t.build/CoreBluetoothEmulator.modulemap /Users/admin/builder/spi-builder-workspace/.derivedData/Build/Intermediates.noindex/GeneratedModuleMaps-watchos
SwiftDriver CoreBluetoothEmulator normal arm64 com.apple.xcode.tools.swift.compiler (in target 'CoreBluetoothEmulator' from project 'CoreBluetoothEmulator')
    cd /Users/admin/builder/spi-builder-workspace/.swiftpm/xcode
    builtin-SwiftDriver -- /Applications/Xcode-27.0.0-Release.Candidate.app/Contents/Developer/Toolchains/XcodeDefault.xctoolchain/usr/bin/swiftc -parse-as-library -module-name CoreBluetoothEmulator -Onone @/Users/admin/builder/spi-builder-workspace/.derivedData/Build/Intermediates.noindex/CoreBluetoothEmulator.build/Debug-watchos/CoreBluetoothEmulator-t.build/Objects-normal/arm64/CoreBluetoothEmulator.SwiftFileList -DSWIFT_PACKAGE -DDEBUG -DSWIFT_MODULE_RESOURCE_BUNDLE_UNAVAILABLE -DXcode -plugin-path /Applications/Xcode-27.0.0-Release.Candidate.app/Contents/Developer/Toolchains/XcodeDefault.xctoolchain/usr/lib/swift/host/plugins/testing -enable-experimental-feature DebugDescriptionMacro -sdk /Applications/Xcode-27.0.0-Release.Candidate.app/Contents/Developer/Platforms/WatchOS.platform/Developer/SDKs/WatchOS27.0.sdk -target arm64-apple-watchos9.0 -g -module-cache-path /Users/admin/builder/spi-builder-workspace/.derivedData/ModuleCache.noindex -Xfrontend -serialize-debugging-options -profile-coverage-mapping -profile-generate -enable-testing -index-store-path /Users/admin/builder/spi-builder-workspace/.derivedData/Index.noindex/DataStore -Xcc -D_LIBCPP_HARDENING_MODE\=_LIBCPP_HARDENING_MODE_DEBUG -swift-version 5 -I /Users/admin/builder/spi-builder-workspace/.derivedData/Build/Products/Debug-watchos -Isystem /Applications/Xcode-27.0.0-Release.Candidate.app/Contents/Developer/Platforms/WatchOS.platform/Developer/usr/lib -F /Users/admin/builder/spi-builder-workspace/.derivedData/Build/Products/Debug-watchos -F /Applications/Xcode-27.0.0-Release.Candidate.app/Contents/Developer/Platforms/WatchOS.platform/Developer/Library/Frameworks -F /Applications/Xcode-27.0.0-Release.Candidate.app/Contents/Developer/Platforms/WatchOS.platform/Developer/SDKs/WatchOS27.0.sdk/Developer/Library/Frameworks -c -j10 -enable-batch-mode -incremental -Xcc -ivfsstatcache -Xcc /Users/admin/builder/spi-builder-workspace/.derivedData/SDKStatCaches.noindex/watchos27.0-24R360-e829b21a6f8c9b70876ba0858053c04477534ef55a1706bf4c1112bbb242f0a2.sdkstatcache -output-file-map /Users/admin/builder/spi-builder-workspace/.derivedData/Build/Intermediates.noindex/CoreBluetoothEmulator.build/Debug-watchos/CoreBluetoothEmulator-t.build/Objects-normal/arm64/CoreBluetoothEmulator-OutputFileMap.json -save-temps -no-color-diagnostics -explicit-module-build -module-cache-path /Users/admin/builder/spi-builder-workspace/.derivedData/Build/Intermediates.noindex/SwiftExplicitPrecompiledModules -clang-scanner-module-cache-path /Users/admin/builder/spi-builder-workspace/.derivedData/ModuleCache.noindex -sdk-module-cache-path /Users/admin/builder/spi-builder-workspace/.derivedData/SDKExplicitPrecompiledModules -emit-dependencies -emit-module -emit-module-path /Users/admin/builder/spi-builder-workspace/.derivedData/Build/Intermediates.noindex/CoreBluetoothEmulator.build/Debug-watchos/CoreBluetoothEmulator-t.build/Objects-normal/arm64/CoreBluetoothEmulator.swiftmodule -serialize-diagnostics -dependency-scan-serialize-diagnostics-path /Users/admin/builder/spi-builder-workspace/.derivedData/Build/Intermediates.noindex/CoreBluetoothEmulator.build/Debug-watchos/CoreBluetoothEmulator-t.build/Objects-normal/arm64/CoreBluetoothEmulator-dependency-scan.dia -validate-clang-modules-once -clang-build-session-file /Users/admin/builder/spi-builder-workspace/.derivedData/ModuleCache.noindex/Session.modulevalidation -Xcc -fmodules-prune-interval\=86400 -Xcc -fmodules-prune-after\=345600 -package-name spi_builder_workspace -emit-const-values -const-gather-protocols-list /Users/admin/builder/spi-builder-workspace/.derivedData/Build/Intermediates.noindex/CoreBluetoothEmulator.build/Debug-watchos/CoreBluetoothEmulator-t.build/Objects-normal/arm64/CoreBluetoothEmulator_const_extract_protocols.json -Xcc -I/Users/admin/builder/spi-builder-workspace/.derivedData/Build/Products/Debug-watchos/include -Xcc -I/Users/admin/builder/spi-builder-workspace/.derivedData/Build/Intermediates.noindex/CoreBluetoothEmulator.build/Debug-watchos/CoreBluetoothEmulator-t.build/DerivedSources-normal/arm64 -Xcc -I/Users/admin/builder/spi-builder-workspace/.derivedData/Build/Intermediates.noindex/CoreBluetoothEmulator.build/Debug-watchos/CoreBluetoothEmulator-t.build/DerivedSources/arm64 -Xcc -I/Users/admin/builder/spi-builder-workspace/.derivedData/Build/Intermediates.noindex/CoreBluetoothEmulator.build/Debug-watchos/CoreBluetoothEmulator-t.build/DerivedSources -Xcc -DSWIFT_PACKAGE -Xcc -DDEBUG\=1 -emit-objc-header -emit-objc-header-path /Users/admin/builder/spi-builder-workspace/.derivedData/Build/Intermediates.noindex/CoreBluetoothEmulator.build/Debug-watchos/CoreBluetoothEmulator-t.build/Objects-normal/arm64/CoreBluetoothEmulator-Swift.h -working-directory /Users/admin/builder/spi-builder-workspace/.swiftpm/xcode -experimental-emit-module-separately -disable-cmo
SwiftDriver CoreBluetoothEmulator normal arm64_32 com.apple.xcode.tools.swift.compiler (in target 'CoreBluetoothEmulator' from project 'CoreBluetoothEmulator')
    cd /Users/admin/builder/spi-builder-workspace/.swiftpm/xcode
    builtin-SwiftDriver -- /Applications/Xcode-27.0.0-Release.Candidate.app/Contents/Developer/Toolchains/XcodeDefault.xctoolchain/usr/bin/swiftc -parse-as-library -module-name CoreBluetoothEmulator -Onone @/Users/admin/builder/spi-builder-workspace/.derivedData/Build/Intermediates.noindex/CoreBluetoothEmulator.build/Debug-watchos/CoreBluetoothEmulator-t.build/Objects-normal/arm64_32/CoreBluetoothEmulator.SwiftFileList -DSWIFT_PACKAGE -DDEBUG -DSWIFT_MODULE_RESOURCE_BUNDLE_UNAVAILABLE -DXcode -plugin-path /Applications/Xcode-27.0.0-Release.Candidate.app/Contents/Developer/Toolchains/XcodeDefault.xctoolchain/usr/lib/swift/host/plugins/testing -enable-experimental-feature DebugDescriptionMacro -sdk /Applications/Xcode-27.0.0-Release.Candidate.app/Contents/Developer/Platforms/WatchOS.platform/Developer/SDKs/WatchOS27.0.sdk -target arm64_32-apple-watchos9.0 -g -module-cache-path /Users/admin/builder/spi-builder-workspace/.derivedData/ModuleCache.noindex -Xfrontend -serialize-debugging-options -profile-coverage-mapping -profile-generate -enable-testing -index-store-path /Users/admin/builder/spi-builder-workspace/.derivedData/Index.noindex/DataStore -Xcc -D_LIBCPP_HARDENING_MODE\=_LIBCPP_HARDENING_MODE_DEBUG -swift-version 5 -I /Users/admin/builder/spi-builder-workspace/.derivedData/Build/Products/Debug-watchos -Isystem /Applications/Xcode-27.0.0-Release.Candidate.app/Contents/Developer/Platforms/WatchOS.platform/Developer/usr/lib -F /Users/admin/builder/spi-builder-workspace/.derivedData/Build/Products/Debug-watchos -F /Applications/Xcode-27.0.0-Release.Candidate.app/Contents/Developer/Platforms/WatchOS.platform/Developer/Library/Frameworks -F /Applications/Xcode-27.0.0-Release.Candidate.app/Contents/Developer/Platforms/WatchOS.platform/Developer/SDKs/WatchOS27.0.sdk/Developer/Library/Frameworks -c -j10 -enable-batch-mode -incremental -Xcc -ivfsstatcache -Xcc /Users/admin/builder/spi-builder-workspace/.derivedData/SDKStatCaches.noindex/watchos27.0-24R360-e829b21a6f8c9b70876ba0858053c04477534ef55a1706bf4c1112bbb242f0a2.sdkstatcache -output-file-map /Users/admin/builder/spi-builder-workspace/.derivedData/Build/Intermediates.noindex/CoreBluetoothEmulator.build/Debug-watchos/CoreBluetoothEmulator-t.build/Objects-normal/arm64_32/CoreBluetoothEmulator-OutputFileMap.json -save-temps -no-color-diagnostics -explicit-module-build -module-cache-path /Users/admin/builder/spi-builder-workspace/.derivedData/Build/Intermediates.noindex/SwiftExplicitPrecompiledModules -clang-scanner-module-cache-path /Users/admin/builder/spi-builder-workspace/.derivedData/ModuleCache.noindex -sdk-module-cache-path /Users/admin/builder/spi-builder-workspace/.derivedData/SDKExplicitPrecompiledModules -emit-dependencies -emit-module -emit-module-path /Users/admin/builder/spi-builder-workspace/.derivedData/Build/Intermediates.noindex/CoreBluetoothEmulator.build/Debug-watchos/CoreBluetoothEmulator-t.build/Objects-normal/arm64_32/CoreBluetoothEmulator.swiftmodule -serialize-diagnostics -dependency-scan-serialize-diagnostics-path /Users/admin/builder/spi-builder-workspace/.derivedData/Build/Intermediates.noindex/CoreBluetoothEmulator.build/Debug-watchos/CoreBluetoothEmulator-t.build/Objects-normal/arm64_32/CoreBluetoothEmulator-dependency-scan.dia -validate-clang-modules-once -clang-build-session-file /Users/admin/builder/spi-builder-workspace/.derivedData/ModuleCache.noindex/Session.modulevalidation -Xcc -fmodules-prune-interval\=86400 -Xcc -fmodules-prune-after\=345600 -package-name spi_builder_workspace -emit-const-values -const-gather-protocols-list /Users/admin/builder/spi-builder-workspace/.derivedData/Build/Intermediates.noindex/CoreBluetoothEmulator.build/Debug-watchos/CoreBluetoothEmulator-t.build/Objects-normal/arm64_32/CoreBluetoothEmulator_const_extract_protocols.json -Xcc -I/Users/admin/builder/spi-builder-workspace/.derivedData/Build/Products/Debug-watchos/include -Xcc -I/Users/admin/builder/spi-builder-workspace/.derivedData/Build/Intermediates.noindex/CoreBluetoothEmulator.build/Debug-watchos/CoreBluetoothEmulator-t.build/DerivedSources-normal/arm64_32 -Xcc -I/Users/admin/builder/spi-builder-workspace/.derivedData/Build/Intermediates.noindex/CoreBluetoothEmulator.build/Debug-watchos/CoreBluetoothEmulator-t.build/DerivedSources/arm64_32 -Xcc -I/Users/admin/builder/spi-builder-workspace/.derivedData/Build/Intermediates.noindex/CoreBluetoothEmulator.build/Debug-watchos/CoreBluetoothEmulator-t.build/DerivedSources -Xcc -DSWIFT_PACKAGE -Xcc -DDEBUG\=1 -emit-objc-header -emit-objc-header-path /Users/admin/builder/spi-builder-workspace/.derivedData/Build/Intermediates.noindex/CoreBluetoothEmulator.build/Debug-watchos/CoreBluetoothEmulator-t.build/Objects-normal/arm64_32/CoreBluetoothEmulator-Swift.h -working-directory /Users/admin/builder/spi-builder-workspace/.swiftpm/xcode -experimental-emit-module-separately -disable-cmo
SwiftExplicitDependencyGeneratePcm arm64 /Users/admin/builder/spi-builder-workspace/.derivedData/SDKExplicitPrecompiledModules/_Builtin_stdbool-83J96QSOFE9VX04AAS6310UAE.pcm
SwiftExplicitDependencyGeneratePcm arm64 /Users/admin/builder/spi-builder-workspace/.derivedData/SDKExplicitPrecompiledModules/ptrcheck-AIF0NDOYZ8ORBNHQAQR5NNB8M.pcm
SwiftExplicitDependencyGeneratePcm arm64 /Users/admin/builder/spi-builder-workspace/.derivedData/SDKExplicitPrecompiledModules/_Builtin_stdarg-A7UU8LE6MP85SM26YO7PBZNUQ.pcm
SwiftExplicitDependencyGeneratePcm arm64 /Users/admin/builder/spi-builder-workspace/.derivedData/SDKExplicitPrecompiledModules/_Builtin_stddef-1FU30Y8SWFB7OUUHMJQH5J6FM.pcm
SwiftExplicitDependencyGeneratePcm arm64 /Users/admin/builder/spi-builder-workspace/.derivedData/SDKExplicitPrecompiledModules/_SwiftConcurrencyShims-659N52XSKR5F0QSB880BH2FJR.pcm
SwiftExplicitDependencyGeneratePcm arm64 /Users/admin/builder/spi-builder-workspace/.derivedData/SDKExplicitPrecompiledModules/SwiftShims-4MXFZPV6FEB0XBYXCGPWAMQGL.pcm
SwiftExplicitDependencyGeneratePcm arm64 /Users/admin/builder/spi-builder-workspace/.derivedData/SDKExplicitPrecompiledModules/ptrauth-3TZ9WJCGLYD25HQPWH4968ONX.pcm
SwiftExplicitDependencyGeneratePcm arm64 /Users/admin/builder/spi-builder-workspace/.derivedData/SDKExplicitPrecompiledModules/_Builtin_float-C0CW5Q4HGBQYKE77TC42IAFB5.pcm
SwiftExplicitDependencyGeneratePcm arm64 /Users/admin/builder/spi-builder-workspace/.derivedData/SDKExplicitPrecompiledModules/_AvailabilityInternal-BUNV3UXM65NT37THI4W1AM0SF.pcm
SwiftExplicitDependencyGeneratePcm arm64_32 /Users/admin/builder/spi-builder-workspace/.derivedData/SDKExplicitPrecompiledModules/_Builtin_float-6KO8O3PEWRCA4WC6PPLOYO6WJ.pcm
SwiftExplicitDependencyGeneratePcm arm64_32 /Users/admin/builder/spi-builder-workspace/.derivedData/SDKExplicitPrecompiledModules/_SwiftConcurrencyShims-6RTBPQ03V7BM9SPRK8SUE055H.pcm
SwiftExplicitDependencyGeneratePcm arm64_32 /Users/admin/builder/spi-builder-workspace/.derivedData/SDKExplicitPrecompiledModules/ptrcheck-7ELIH9BTIGVKX3UBITM9N72WD.pcm
SwiftExplicitDependencyGeneratePcm arm64_32 /Users/admin/builder/spi-builder-workspace/.derivedData/SDKExplicitPrecompiledModules/_Builtin_stdbool-A967K8W8YUYEC9SN52KJ7OO88.pcm
SwiftExplicitDependencyGeneratePcm arm64_32 /Users/admin/builder/spi-builder-workspace/.derivedData/SDKExplicitPrecompiledModules/_AvailabilityInternal-244WAN3Z1QBT7PIA64EZEFY1R.pcm
SwiftExplicitDependencyGeneratePcm arm64_32 /Users/admin/builder/spi-builder-workspace/.derivedData/SDKExplicitPrecompiledModules/SwiftShims-9CQQGWTSNTN9EB5NSHDWUJICH.pcm
SwiftExplicitDependencyGeneratePcm arm64_32 /Users/admin/builder/spi-builder-workspace/.derivedData/SDKExplicitPrecompiledModules/_Builtin_stdarg-D305JG44A2WPI6CJY37X3QJE8.pcm
SwiftExplicitDependencyGeneratePcm arm64_32 /Users/admin/builder/spi-builder-workspace/.derivedData/SDKExplicitPrecompiledModules/ptrauth-BFXF358ME5AK535N5A9Z766WU.pcm
SwiftExplicitDependencyGeneratePcm arm64_32 /Users/admin/builder/spi-builder-workspace/.derivedData/SDKExplicitPrecompiledModules/_Builtin_stddef-H44EFHQX6XSS5MZ7QP6YJZ76.pcm
SwiftExplicitDependencyGeneratePcm arm64 /Users/admin/builder/spi-builder-workspace/.derivedData/SDKExplicitPrecompiledModules/_DarwinFoundation1-7SPX3MD0HMP55E4OLNCPNDQ53.pcm
SwiftExplicitDependencyGeneratePcm arm64_32 /Users/admin/builder/spi-builder-workspace/.derivedData/SDKExplicitPrecompiledModules/_DarwinFoundation1-2GWF9RFMPLQW4PDHS3NARVI3G.pcm
SwiftExplicitDependencyGeneratePcm arm64 /Users/admin/builder/spi-builder-workspace/.derivedData/SDKExplicitPrecompiledModules/_Builtin_limits-9GWPA2B0H20DYUNYHYCWKABJG.pcm
SwiftExplicitDependencyGeneratePcm arm64 /Users/admin/builder/spi-builder-workspace/.derivedData/SDKExplicitPrecompiledModules/_DarwinFoundation2-D0XAPJU49S5E9XMKYOFGSTB1Q.pcm
SwiftExplicitDependencyGeneratePcm arm64_32 /Users/admin/builder/spi-builder-workspace/.derivedData/SDKExplicitPrecompiledModules/_Builtin_limits-3VKBU2AFTD65PAJZ5CJ3LHFM2.pcm
SwiftExplicitDependencyGeneratePcm arm64_32 /Users/admin/builder/spi-builder-workspace/.derivedData/SDKExplicitPrecompiledModules/_DarwinFoundation2-9MY8GOSYRO0M9MKNXF6D3MBNK.pcm
SwiftExplicitDependencyGeneratePcm arm64 /Users/admin/builder/spi-builder-workspace/.derivedData/SDKExplicitPrecompiledModules/_Builtin_stdint-8XMILLJZEGRN2XG7XZUXZ5RLX.pcm
SwiftExplicitDependencyGeneratePcm arm64 /Users/admin/builder/spi-builder-workspace/.derivedData/SDKExplicitPrecompiledModules/sys_types-2KXQLI78OUCDP779AE68GZJ2.pcm
SwiftExplicitDependencyGeneratePcm arm64 /Users/admin/builder/spi-builder-workspace/.derivedData/SDKExplicitPrecompiledModules/string_h-E6PRXK75PHIPCZFWOFCQ3QBMK.pcm
SwiftExplicitDependencyGeneratePcm arm64_32 /Users/admin/builder/spi-builder-workspace/.derivedData/SDKExplicitPrecompiledModules/sys_types-8TLLMW08ZJWDGIIPKOYFGHHZW.pcm
SwiftExplicitDependencyGeneratePcm arm64_32 /Users/admin/builder/spi-builder-workspace/.derivedData/SDKExplicitPrecompiledModules/_Builtin_stdint-1HMXWI3V0V4TXHRWZOMZGZ80Y.pcm
SwiftExplicitDependencyGeneratePcm arm64_32 /Users/admin/builder/spi-builder-workspace/.derivedData/SDKExplicitPrecompiledModules/string_h-BFVLUQUSBZWYMLCU9QI7VZALW.pcm
SwiftExplicitDependencyGeneratePcm arm64 /Users/admin/builder/spi-builder-workspace/.derivedData/SDKExplicitPrecompiledModules/_DarwinFoundation3-B97LRG0E9GON2NUE65TVG81HU.pcm
SwiftExplicitDependencyGeneratePcm arm64_32 /Users/admin/builder/spi-builder-workspace/.derivedData/SDKExplicitPrecompiledModules/_DarwinFoundation3-3DUTYQDQSD9HUAAVY947NMWOI.pcm
SwiftExplicitDependencyGeneratePcm arm64 /Users/admin/builder/spi-builder-workspace/.derivedData/SDKExplicitPrecompiledModules/_Builtin_inttypes-3UQSCM7WNM9EK4HZML8TY5J3D.pcm
SwiftExplicitDependencyGeneratePcm arm64 /Users/admin/builder/spi-builder-workspace/.derivedData/SDKExplicitPrecompiledModules/Darwin-3984OXKFNSPE77NT743WK8SEX.pcm
SwiftExplicitDependencyGeneratePcm arm64_32 /Users/admin/builder/spi-builder-workspace/.derivedData/SDKExplicitPrecompiledModules/_Builtin_inttypes-D2KPCR4PEX9AQA33NGLUT5SBR.pcm
SwiftExplicitDependencyGeneratePcm arm64_32 /Users/admin/builder/spi-builder-workspace/.derivedData/SDKExplicitPrecompiledModules/Darwin-3FVT1SKLN2ZQ5RVOABMTQBB34.pcm
SwiftExplicitDependencyGeneratePcm arm64 /Users/admin/builder/spi-builder-workspace/.derivedData/SDKExplicitPrecompiledModules/ObjectiveC-72IVD3VS2RS8Q28D9PIMY0KQP.pcm
SwiftExplicitDependencyGeneratePcm arm64_32 /Users/admin/builder/spi-builder-workspace/.derivedData/SDKExplicitPrecompiledModules/ObjectiveC-6IJNELR2E80E7LUKESVCP2KET.pcm
SwiftExplicitDependencyGeneratePcm arm64 /Users/admin/builder/spi-builder-workspace/.derivedData/SDKExplicitPrecompiledModules/os_object-3SDKD7F87FTZ26OON37DRYT6O.pcm
SwiftExplicitDependencyGeneratePcm arm64 /Users/admin/builder/spi-builder-workspace/.derivedData/SDKExplicitPrecompiledModules/os_workgroup-89GG5G7YC2D0ZTK6AZXXQ20DH.pcm
SwiftExplicitDependencyGeneratePcm arm64_32 /Users/admin/builder/spi-builder-workspace/.derivedData/SDKExplicitPrecompiledModules/os_object-5YWTC6L4756IWSTPGXS5NM0D0.pcm
SwiftExplicitDependencyGeneratePcm arm64_32 /Users/admin/builder/spi-builder-workspace/.derivedData/SDKExplicitPrecompiledModules/os_workgroup-5JHTPDMNBUNHLJI8LPHKQK1JK.pcm
SwiftExplicitDependencyGeneratePcm arm64 /Users/admin/builder/spi-builder-workspace/.derivedData/SDKExplicitPrecompiledModules/Dispatch-1NLJOVAK60XP0DUB05XA59EIM.pcm
SwiftExplicitDependencyGeneratePcm arm64_32 /Users/admin/builder/spi-builder-workspace/.derivedData/SDKExplicitPrecompiledModules/Dispatch-2P62F1T4XV63S4P99TUDTOK2Q.pcm
SwiftExplicitDependencyGeneratePcm arm64 /Users/admin/builder/spi-builder-workspace/.derivedData/SDKExplicitPrecompiledModules/CoreFoundation-8T2L24YC5NU7WO6WQJWRY7W08.pcm
SwiftExplicitDependencyGeneratePcm arm64 /Users/admin/builder/spi-builder-workspace/.derivedData/SDKExplicitPrecompiledModules/XPC-40DR0X1DHKGCV4J1IOLFS8MOU.pcm
SwiftExplicitDependencyGeneratePcm arm64_32 /Users/admin/builder/spi-builder-workspace/.derivedData/SDKExplicitPrecompiledModules/XPC-81Y45QFY96XYYFCW2GT6FY8S4.pcm
SwiftExplicitDependencyGeneratePcm arm64_32 /Users/admin/builder/spi-builder-workspace/.derivedData/SDKExplicitPrecompiledModules/CoreFoundation-8E6Y4BA3EXYKUGJ24GT9LGV3N.pcm
SwiftExplicitDependencyGeneratePcm arm64 /Users/admin/builder/spi-builder-workspace/.derivedData/SDKExplicitPrecompiledModules/Security-6RZ6YBRU8WCUHRFFRVUK5WKMM.pcm
SwiftExplicitDependencyGeneratePcm arm64_32 /Users/admin/builder/spi-builder-workspace/.derivedData/SDKExplicitPrecompiledModules/Security-D7TOWF88VWF67TB9HAFP5UWB1.pcm
SwiftExplicitDependencyGeneratePcm arm64 /Users/admin/builder/spi-builder-workspace/.derivedData/SDKExplicitPrecompiledModules/Foundation-DLBKUSGXN8QHAT8W0OARR9S8A.pcm
SwiftExplicitDependencyGeneratePcm arm64_32 /Users/admin/builder/spi-builder-workspace/.derivedData/SDKExplicitPrecompiledModules/Foundation-BJ2VQGI3OGR34500MEQ1VKHPH.pcm
SwiftExplicitDependencyGeneratePcm arm64 /Users/admin/builder/spi-builder-workspace/.derivedData/SDKExplicitPrecompiledModules/CoreBluetooth-34FGKKVDZ0TTFGN4IH4I2Q1RY.pcm
SwiftExplicitDependencyGeneratePcm arm64_32 /Users/admin/builder/spi-builder-workspace/.derivedData/SDKExplicitPrecompiledModules/CoreBluetooth-73SEOPSF5MVOHFBWYJZMOKDD7.pcm
SwiftEmitModule normal arm64 Emitting\ module\ for\ CoreBluetoothEmulator (in target 'CoreBluetoothEmulator' from project 'CoreBluetoothEmulator')
SwiftCompile normal arm64 (in target 'CoreBluetoothEmulator' from project 'CoreBluetoothEmulator')
    cd /Users/admin/builder/spi-builder-workspace/.swiftpm/xcode

/Users/admin/builder/spi-builder-workspace/Sources/CoreBluetoothEmulator/EmulatorBus.swift:39:49: warning: 'CBPeripheralManagerAuthorizationStatus' was deprecated in watchOS 6.0: Use CBManagerAuthorization instead [#DeprecatedDeclaration]
  37 |     private var publishedL2CAPChannels: [UUID: [CBL2CAPPSM: Bool]] = [:]  // peripheral -> PSM -> encryption required
  38 |     private var openL2CAPChannels: [UUID: EmulatedCBL2CAPChannel] = [:]  // channel identifier -> channel
  39 |     private var ancsAuthorizationStatus: [UUID: CBPeripheralManagerAuthorizationStatus] = [:]  // central -> status
     |                                                 `- warning: 'CBPeripheralManagerAuthorizationStatus' was deprecated in watchOS 6.0: Use CBManagerAuthorization instead [#DeprecatedDeclaration]
  40 |
  41 |     private struct ConnectionPair: Hashable {
/Users/admin/builder/spi-builder-workspace/Sources/CoreBluetoothEmulator/EmulatorBus.swift:1136:17: warning: 'CBPeripheralManagerAuthorizationStatus' was deprecated in watchOS 6.0: Use CBManagerAuthorization instead [#DeprecatedDeclaration]
1134 |     public func updateANCSAuthorization(
1135 |         for centralIdentifier: UUID,
1136 |         status: CBPeripheralManagerAuthorizationStatus
     |                 `- warning: 'CBPeripheralManagerAuthorizationStatus' was deprecated in watchOS 6.0: Use CBManagerAuthorization instead [#DeprecatedDeclaration]
1137 |     ) async {
1138 |         guard configuration.fireANCSAuthorizationUpdates else { return }
/Users/admin/builder/spi-builder-workspace/Sources/CoreBluetoothEmulator/EmulatorBus.swift:1150:70: warning: 'CBPeripheralManagerAuthorizationStatus' was deprecated in watchOS 6.0: Use CBManagerAuthorization instead [#DeprecatedDeclaration]
1148 |     }
1149 |
1150 |     public func getANCSAuthorization(for centralIdentifier: UUID) -> CBPeripheralManagerAuthorizationStatus {
     |                                                                      `- warning: 'CBPeripheralManagerAuthorizationStatus' was deprecated in watchOS 6.0: Use CBManagerAuthorization instead [#DeprecatedDeclaration]
1151 |         return ancsAuthorizationStatus[centralIdentifier] ?? .notDetermined
1152 |     }
/Users/admin/builder/spi-builder-workspace/Sources/CoreBluetoothEmulator/Internal/EmulatedCBPeripheralManager.swift:312:48: warning: 'CBPeripheralManagerAuthorizationStatus' was deprecated in watchOS 6.0: Use CBManagerAuthorization instead [#DeprecatedDeclaration]
310 |     // MARK: - Authorization
311 |
312 |     public class func authorizationStatus() -> CBPeripheralManagerAuthorizationStatus {
    |                                                `- warning: 'CBPeripheralManagerAuthorizationStatus' was deprecated in watchOS 6.0: Use CBManagerAuthorization instead [#DeprecatedDeclaration]
313 |         return .authorized
314 |     }
[#DeprecatedDeclaration]: <https://docs.swift.org/compiler/documentation/diagnostics/deprecated-declaration>
SwiftCompile normal arm64 Compiling\ XPCEmulatorTransport.swift /Users/admin/builder/spi-builder-workspace/Sources/CoreBluetoothEmulator/Transport/XPCEmulatorTransport.swift (in target 'CoreBluetoothEmulator' from project 'CoreBluetoothEmulator')
/Users/admin/builder/spi-builder-workspace/Sources/CoreBluetoothEmulator/Transport/XPCEmulatorTransport.swift:105:24: error: 'init(machServiceName:)' is unavailable in watchOS
103 |     private func startHub() async throws {
104 |         // Create XPC listener for incoming connections
105 |         let listener = NSXPCListener(machServiceName: serviceName)
    |                        `- error: 'init(machServiceName:)' is unavailable in watchOS
106 |         listener.delegate = XPCListenerDelegate(transport: self)
107 |         listener.resume()
/Applications/Xcode-27.0.0-Release.Candidate.app/Contents/Developer/Platforms/WatchOS.platform/Developer/SDKs/WatchOS27.0.sdk/System/Library/Frameworks/Foundation.framework/Headers/NSXPCConnection.h:179:1: note: 'init(machServiceName:)' has been explicitly marked unavailable here
177 | ///
178 | /// For example, an agent with a `launchd.plist` in `~/Library/LaunchAgents`, or a daemon with a `launchd.plist` in `/Library/LaunchDaemons`.
179 | - (instancetype)initWithMachServiceName:(NSString *)name NS_DESIGNATED_INITIALIZER API_UNAVAILABLE(ios, watchos, tvos);
    | `- note: 'init(machServiceName:)' has been explicitly marked unavailable here
180 |
181 | /// The delegate for the connection listener.
/Users/admin/builder/spi-builder-workspace/Sources/CoreBluetoothEmulator/Transport/XPCEmulatorTransport.swift:106:27: warning: instance will be immediately deallocated because property 'delegate' is 'weak'
104 |         // Create XPC listener for incoming connections
105 |         let listener = NSXPCListener(machServiceName: serviceName)
106 |         listener.delegate = XPCListenerDelegate(transport: self)
    |                           |- warning: instance will be immediately deallocated because property 'delegate' is 'weak'
    |                           `- note: a strong reference is required to prevent the instance from being deallocated
107 |         listener.resume()
108 |     }
/Applications/Xcode-27.0.0-Release.Candidate.app/Contents/Developer/Platforms/WatchOS.platform/Developer/SDKs/WatchOS27.0.sdk/System/Library/Frameworks/Foundation.framework/Headers/NSXPCConnection.h:184:55: note: 'delegate' declared here
182 | ///
183 | /// If no delegate is set, all new connections will be rejected. See the protocol for more information on how to implement it.
184 | @property (nullable, weak) id <NSXPCListenerDelegate> delegate;
    |                                                       `- note: 'delegate' declared here
185 |
186 | /// An endpoint object which may be sent over an existing connection.
/Users/admin/builder/spi-builder-workspace/Sources/CoreBluetoothEmulator/Transport/XPCEmulatorTransport.swift:112:26: error: 'init(machServiceName:options:)' is unavailable in watchOS
110 |     /// Start as client
111 |     private func startClient() async throws {
112 |         let connection = NSXPCConnection(machServiceName: serviceName)
    |                          `- error: 'init(machServiceName:options:)' is unavailable in watchOS
113 |         connection.remoteObjectInterface = NSXPCInterface(with: XPCEmulatorProtocol.self)
114 |         connection.exportedInterface = NSXPCInterface(with: XPCEmulatorClientProtocol.self)
/Applications/Xcode-27.0.0-Release.Candidate.app/Contents/Developer/Platforms/WatchOS.platform/Developer/SDKs/WatchOS27.0.sdk/System/Library/Frameworks/Foundation.framework/Headers/NSXPCConnection.h:71:1: note: 'init(machServiceName:options:)' has been explicitly marked unavailable here
 69 | ///
 70 | /// For example, an agent with a `launchd.plist` in `~/Library/LaunchAgents`. If the connection is being made to something in a privileged Mach bootstrap (for example, a daemon with a `launchd.plist` in `/Library/LaunchDaemons`), then use the `NSXPCConnectionPrivileged` option. Receiving a non-nil result from this init method does not mean the service name is valid or the service has been launched.
 71 | - (instancetype)initWithMachServiceName:(NSString *)name options:(NSXPCConnectionOptions)options API_UNAVAILABLE(ios, watchos, tvos);
    | `- note: 'init(machServiceName:options:)' has been explicitly marked unavailable here
 72 |
 73 | /// Initializes an `NSXPCConnection` that will connect to an `NSXPCListener` identified by its endpoint.
Failed frontend command:
SwiftCompile normal arm64 /Users/admin/builder/spi-builder-workspace/Sources/CoreBluetoothEmulator/Transport/XPCEmulatorTransport.swift (in target 'CoreBluetoothEmulator' from project 'CoreBluetoothEmulator')
    cd /Users/admin/builder/spi-builder-workspace/.swiftpm/xcode
    builtin-SwiftPerFileCompile XPCEmulatorTransport.swift
/Applications/Xcode-27.0.0-Release.Candidate.app/Contents/Developer/Toolchains/XcodeDefault.xctoolchain/usr/bin/swift-frontend -frontend -c /Users/admin/builder/spi-builder-workspace/Sources/CoreBluetoothEmulator/CoreBluetoothEmulator.swift /Users/admin/builder/spi-builder-workspace/Sources/CoreBluetoothEmulator/EmulatedDelegates.swift /Users/admin/builder/spi-builder-workspace/Sources/CoreBluetoothEmulator/EmulatorBus.swift /Users/admin/builder/spi-builder-workspace/Sources/CoreBluetoothEmulator/EmulatorConfiguration.swift /Users/admin/builder/spi-builder-workspace/Sources/CoreBluetoothEmulator/EmulatorInternalEvent.swift /Users/admin/builder/spi-builder-workspace/Sources/CoreBluetoothEmulator/EmulatorTransport.swift /Users/admin/builder/spi-builder-workspace/Sources/CoreBluetoothEmulator/Internal/EmulatedCBCentral.swift /Users/admin/builder/spi-builder-workspace/Sources/CoreBluetoothEmulator/Internal/EmulatedCBCentralManager.swift /Users/admin/builder/spi-builder-workspace/Sources/CoreBluetoothEmulator/Internal/EmulatedCBCharacteristic.swift /Users/admin/builder/spi-builder-workspace/Sources/CoreBluetoothEmulator/Internal/EmulatedCBDescriptor.swift /Users/admin/builder/spi-builder-workspace/Sources/CoreBluetoothEmulator/Internal/EmulatedCBL2CAPChannel.swift /Users/admin/builder/spi-builder-workspace/Sources/CoreBluetoothEmulator/Internal/EmulatedCBPeripheral.swift /Users/admin/builder/spi-builder-workspace/Sources/CoreBluetoothEmulator/Internal/EmulatedCBPeripheralManager.swift /Users/admin/builder/spi-builder-workspace/Sources/CoreBluetoothEmulator/Internal/EmulatedCBService.swift /Users/admin/builder/spi-builder-workspace/Sources/CoreBluetoothEmulator/Transport/InMemoryEmulatorTransport.swift -primary-file /Users/admin/builder/spi-builder-workspace/Sources/CoreBluetoothEmulator/Transport/XPCEmulatorTransport.swift -emit-dependencies-path /Users/admin/builder/spi-builder-workspace/.derivedData/Build/Intermediates.noindex/CoreBluetoothEmulator.build/Debug-watchos/CoreBluetoothEmulator-t.build/Objects-normal/arm64/XPCEmulatorTransport.d -emit-const-values-path /Users/admin/builder/spi-builder-workspace/.derivedData/Build/Intermediates.noindex/CoreBluetoothEmulator.build/Debug-watchos/CoreBluetoothEmulator-t.build/Objects-normal/arm64/XPCEmulatorTransport.swiftconstvalues -emit-reference-dependencies-path /Users/admin/builder/spi-builder-workspace/.derivedData/Build/Intermediates.noindex/CoreBluetoothEmulator.build/Debug-watchos/CoreBluetoothEmulator-t.build/Objects-normal/arm64/XPCEmulatorTransport.swiftdeps -serialize-diagnostics-path /Users/admin/builder/spi-builder-workspace/.derivedData/Build/Intermediates.noindex/CoreBluetoothEmulator.build/Debug-watchos/CoreBluetoothEmulator-t.build/Objects-normal/arm64/XPCEmulatorTransport.dia -target arm64-apple-watchos9.0 -module-can-import-version Darwin 428.0.10 0 -disable-cross-import-overlay-search -swift-module-cross-import Darwin /Applications/Xcode-27.0.0-Release.Candidate.app/Contents/Developer/Platforms/WatchOS.platform/Developer/SDKs/WatchOS.sdk/usr/include/Darwin.swiftcrossimport/xlocale.swiftoverlay -load-resolved-plugin /Applications/Xcode-27.0.0-Release.Candidate.app/Contents/Developer/Platforms/WatchOS.platform/Developer/usr/lib/swift/host/plugins/libFoundationMacros.dylib\#/Applications/Xcode-27.0.0-Release.Candidate.app/Contents/Developer/Platforms/WatchOS.platform/Developer/usr/bin/swift-plugin-server\#FoundationMacros -load-resolved-plugin /Applications/Xcode-27.0.0-Release.Candidate.app/Contents/Developer/Platforms/WatchOS.platform/Developer/usr/lib/swift/host/plugins/libObservationMacros.dylib\#/Applications/Xcode-27.0.0-Release.Candidate.app/Contents/Developer/Platforms/WatchOS.platform/Developer/usr/bin/swift-plugin-server\#ObservationMacros -load-resolved-plugin /Applications/Xcode-27.0.0-Release.Candidate.app/Contents/Developer/Platforms/WatchOS.platform/Developer/usr/lib/swift/host/plugins/libSwiftMacros.dylib\#/Applications/Xcode-27.0.0-Release.Candidate.app/Contents/Developer/Platforms/WatchOS.platform/Developer/usr/bin/swift-plugin-server\#SwiftMacros -disable-implicit-swift-modules -Xcc -fno-implicit-modules -Xcc -fno-implicit-module-maps -explicit-swift-module-map-file /Users/admin/builder/spi-builder-workspace/.derivedData/Build/Intermediates.noindex/CoreBluetoothEmulator.build/Debug-watchos/CoreBluetoothEmulator-t.build/Objects-normal/arm64/CoreBluetoothEmulator-dependencies-1.json -Xllvm -aarch64-use-tbi -enable-objc-interop -stack-check -sdk /Applications/Xcode-27.0.0-Release.Candidate.app/Contents/Developer/Platforms/WatchOS.platform/Developer/SDKs/WatchOS27.0.sdk -I /Users/admin/builder/spi-builder-workspace/.derivedData/Build/Products/Debug-watchos -Isystem /Applications/Xcode-27.0.0-Release.Candidate.app/Contents/Developer/Platforms/WatchOS.platform/Developer/usr/lib -F /Users/admin/builder/spi-builder-workspace/.derivedData/Build/Products/Debug-watchos -F /Applications/Xcode-27.0.0-Release.Candidate.app/Contents/Developer/Platforms/WatchOS.platform/Developer/Library/Frameworks -F /Applications/Xcode-27.0.0-Release.Candidate.app/Contents/Developer/Platforms/WatchOS.platform/Developer/SDKs/WatchOS27.0.sdk/Developer/Library/Frameworks -module-cache-path /Users/admin/builder/spi-builder-workspace/.derivedData/Build/Intermediates.noindex/SwiftExplicitPrecompiledModules -no-color-diagnostics -Xcc -fno-color-diagnostics -enable-testing -g -debug-info-format\=dwarf -dwarf-version\=4 -profile-generate -profile-coverage-mapping -swift-version 5 -Onone -D SWIFT_PACKAGE -D DEBUG -D SWIFT_MODULE_RESOURCE_BUNDLE_UNAVAILABLE -D Xcode -serialize-debugging-options -enable-experimental-feature DebugDescriptionMacro -empty-abi-descriptor -validate-clang-modules-once -clang-build-session-file /Users/admin/builder/spi-builder-workspace/.derivedData/ModuleCache.noindex/Session.modulevalidation -Xcc -working-directory -Xcc /Users/admin/builder/spi-builder-workspace/.swiftpm/xcode -enable-anonymous-context-mangled-names -file-compilation-dir /Users/admin/builder/spi-builder-workspace/.swiftpm/xcode -Xcc -D_LIBCPP_HARDENING_MODE\=_LIBCPP_HARDENING_MODE_DEBUG -Xcc -ivfsstatcache -Xcc /Users/admin/builder/spi-builder-workspace/.derivedData/SDKStatCaches.noindex/watchos27.0-24R360-e829b21a6f8c9b70876ba0858053c04477534ef55a1706bf4c1112bbb242f0a2.sdkstatcache -Xcc -fmodules-prune-interval\=86400 -Xcc -fmodules-prune-after\=345600 -Xcc -I/Users/admin/builder/spi-builder-workspace/.derivedData/Build/Products/Debug-watchos/include -Xcc -I/Users/admin/builder/spi-builder-workspace/.derivedData/Build/Intermediates.noindex/CoreBluetoothEmulator.build/Debug-watchos/CoreBluetoothEmulator-t.build/DerivedSources-normal/arm64 -Xcc -I/Users/admin/builder/spi-builder-workspace/.derivedData/Build/Intermediates.noindex/CoreBluetoothEmulator.build/Debug-watchos/CoreBluetoothEmulator-t.build/DerivedSources/arm64 -Xcc -I/Users/admin/builder/spi-builder-workspace/.derivedData/Build/Intermediates.noindex/CoreBluetoothEmulator.build/Debug-watchos/CoreBluetoothEmulator-t.build/DerivedSources -Xcc -DSWIFT_PACKAGE -Xcc -DDEBUG\=1 -no-auto-bridging-header-chaining -module-name CoreBluetoothEmulator -package-name spi_builder_workspace -const-gather-protocols-file /Users/admin/builder/spi-builder-workspace/.derivedData/Build/Intermediates.noindex/CoreBluetoothEmulator.build/Debug-watchos/CoreBluetoothEmulator-t.build/Objects-normal/arm64/CoreBluetoothEmulator_const_extract_protocols.json -disable-clang-spi -clang-target arm64-apple-watchos27.0 -target-sdk-version 27.0 -target-sdk-name watchos27.0 -in-process-plugin-server-path /Applications/Xcode-27.0.0-Release.Candidate.app/Contents/Developer/Toolchains/XcodeDefault.xctoolchain/usr/lib/swift/host/libSwiftInProcPluginServer.dylib -parse-as-library -o /Users/admin/builder/spi-builder-workspace/.derivedData/Build/Intermediates.noindex/CoreBluetoothEmulator.build/Debug-watchos/CoreBluetoothEmulator-t.build/Objects-normal/arm64/XPCEmulatorTransport.o -debug-module-path /Users/admin/builder/spi-builder-workspace/.derivedData/Build/Intermediates.noindex/CoreBluetoothEmulator.build/Debug-watchos/CoreBluetoothEmulator-t.build/Objects-normal/arm64/CoreBluetoothEmulator.swiftmodule -index-unit-output-path /CoreBluetoothEmulator.build/Debug-watchos/CoreBluetoothEmulator-t.build/Objects-normal/arm64/XPCEmulatorTransport.o -index-store-path /Users/admin/builder/spi-builder-workspace/.derivedData/Index.noindex/DataStore -index-system-modules
SwiftCompile normal arm64 Compiling\ EmulatedCBService.swift /Users/admin/builder/spi-builder-workspace/Sources/CoreBluetoothEmulator/Internal/EmulatedCBService.swift (in target 'CoreBluetoothEmulator' from project 'CoreBluetoothEmulator')
SwiftCompile normal arm64 /Users/admin/builder/spi-builder-workspace/Sources/CoreBluetoothEmulator/Internal/EmulatedCBService.swift (in target 'CoreBluetoothEmulator' from project 'CoreBluetoothEmulator')
    cd /Users/admin/builder/spi-builder-workspace/.swiftpm/xcode
    builtin-SwiftPerFileCompile EmulatedCBService.swift
SwiftCompile normal arm64 Compiling\ InMemoryEmulatorTransport.swift /Users/admin/builder/spi-builder-workspace/Sources/CoreBluetoothEmulator/Transport/InMemoryEmulatorTransport.swift (in target 'CoreBluetoothEmulator' from project 'CoreBluetoothEmulator')
SwiftCompile normal arm64 /Users/admin/builder/spi-builder-workspace/Sources/CoreBluetoothEmulator/Transport/InMemoryEmulatorTransport.swift (in target 'CoreBluetoothEmulator' from project 'CoreBluetoothEmulator')
    cd /Users/admin/builder/spi-builder-workspace/.swiftpm/xcode
    builtin-SwiftPerFileCompile InMemoryEmulatorTransport.swift
SwiftCompile normal arm64 Compiling\ EmulatedCBPeripheralManager.swift /Users/admin/builder/spi-builder-workspace/Sources/CoreBluetoothEmulator/Internal/EmulatedCBPeripheralManager.swift (in target 'CoreBluetoothEmulator' from project 'CoreBluetoothEmulator')
SwiftCompile normal arm64 /Users/admin/builder/spi-builder-workspace/Sources/CoreBluetoothEmulator/Internal/EmulatedCBPeripheralManager.swift (in target 'CoreBluetoothEmulator' from project 'CoreBluetoothEmulator')
    cd /Users/admin/builder/spi-builder-workspace/.swiftpm/xcode
    builtin-SwiftPerFileCompile EmulatedCBPeripheralManager.swift
/Users/admin/builder/spi-builder-workspace/Sources/CoreBluetoothEmulator/Internal/EmulatedCBPeripheralManager.swift:312:48: warning: 'CBPeripheralManagerAuthorizationStatus' was deprecated in watchOS 6.0: Use CBManagerAuthorization instead [#DeprecatedDeclaration]
310 |     // MARK: - Authorization
311 |
312 |     public class func authorizationStatus() -> CBPeripheralManagerAuthorizationStatus {
    |                                                `- warning: 'CBPeripheralManagerAuthorizationStatus' was deprecated in watchOS 6.0: Use CBManagerAuthorization instead [#DeprecatedDeclaration]
313 |         return .authorized
314 |     }
/Users/admin/builder/spi-builder-workspace/Sources/CoreBluetoothEmulator/Internal/EmulatedCBPeripheralManager.swift:83:53: warning: 'weak' ownership of capture 'self' differs from implicitly-captured strong reference in outer scope [#ImplicitStrongCapture]
 36 |         super.init()
 37 |
 38 |         Task {
    |              |- note: 'self' implicitly strongly captured here
    |              `- note: add 'self' as a capture list item to silence
 39 |             await EmulatorBus.shared.register(peripheral: self, identifier: identifier)
 40 |
    :
 81 |                             }
 82 |                             // Will restart advertising after delegate callback
 83 |                             Task { @MainActor [weak self] in
    |                                                     |- warning: 'weak' ownership of capture 'self' differs from implicitly-captured strong reference in outer scope [#ImplicitStrongCapture]
    |                                                     `- note: explicitly assign the capture list item to silence
 84 |                                 try? await Task.sleep(nanoseconds: 100_000_000) // 100ms delay
 85 |                                 self?.startAdvertising(advData)
/Users/admin/builder/spi-builder-workspace/Sources/CoreBluetoothEmulator/Internal/EmulatedCBPeripheralManager.swift:303:13: warning: initialization of immutable value 'centralProxy' was never used; consider replacing with assignment to '_' or removing it [#NoUsage]
301 |     @available(iOS 11.0, macOS 10.13, tvOS 11.0, watchOS 4.0, *)
302 |     internal func notifyL2CAPChannelOpened(_ channel: EmulatedCBL2CAPChannel) async {
303 |         let centralProxy = EmulatedCBCentral(identifier: channel.peer.identifier)
    |             `- warning: initialization of immutable value 'centralProxy' was never used; consider replacing with assignment to '_' or removing it [#NoUsage]
304 |
305 |         notifyDelegate { delegate in
SwiftCompile normal arm64 Compiling\ EmulatedCBL2CAPChannel.swift,\ EmulatedCBPeripheral.swift /Users/admin/builder/spi-builder-workspace/Sources/CoreBluetoothEmulator/Internal/EmulatedCBL2CAPChannel.swift /Users/admin/builder/spi-builder-workspace/Sources/CoreBluetoothEmulator/Internal/EmulatedCBPeripheral.swift (in target 'CoreBluetoothEmulator' from project 'CoreBluetoothEmulator')
SwiftCompile normal arm64 /Users/admin/builder/spi-builder-workspace/Sources/CoreBluetoothEmulator/Internal/EmulatedCBL2CAPChannel.swift (in target 'CoreBluetoothEmulator' from project 'CoreBluetoothEmulator')
    cd /Users/admin/builder/spi-builder-workspace/.swiftpm/xcode
    builtin-SwiftPerFileCompile EmulatedCBL2CAPChannel.swift
SwiftCompile normal arm64 /Users/admin/builder/spi-builder-workspace/Sources/CoreBluetoothEmulator/Internal/EmulatedCBPeripheral.swift (in target 'CoreBluetoothEmulator' from project 'CoreBluetoothEmulator')
    cd /Users/admin/builder/spi-builder-workspace/.swiftpm/xcode
    builtin-SwiftPerFileCompile EmulatedCBPeripheral.swift
/Users/admin/builder/spi-builder-workspace/Sources/CoreBluetoothEmulator/Internal/EmulatedCBL2CAPChannel.swift:41:16: warning: immutable value 'inputPipe' was never used; consider replacing with '_' or removing it [#NoUsage]
 39 |
 40 |         // Create streams from pipes
 41 |         if let inputPipe = inputPipe, let outputPipe = outputPipe {
    |                `- warning: immutable value 'inputPipe' was never used; consider replacing with '_' or removing it [#NoUsage]
 42 |             // Use CFStream for proper stream creation
 43 |             var readStream: Unmanaged<CFReadStream>?
/Users/admin/builder/spi-builder-workspace/Sources/CoreBluetoothEmulator/Internal/EmulatedCBL2CAPChannel.swift:41:43: warning: immutable value 'outputPipe' was never used; consider replacing with '_' or removing it [#NoUsage]
 39 |
 40 |         // Create streams from pipes
 41 |         if let inputPipe = inputPipe, let outputPipe = outputPipe {
    |                                           `- warning: immutable value 'outputPipe' was never used; consider replacing with '_' or removing it [#NoUsage]
 42 |             // Use CFStream for proper stream creation
 43 |             var readStream: Unmanaged<CFReadStream>?
[#NoUsage]: <https://docs.swift.org/compiler/documentation/diagnostics/no-usage>
SwiftCompile normal arm64 Compiling\ CoreBluetoothEmulator.swift,\ EmulatedDelegates.swift /Users/admin/builder/spi-builder-workspace/Sources/CoreBluetoothEmulator/CoreBluetoothEmulator.swift /Users/admin/builder/spi-builder-workspace/Sources/CoreBluetoothEmulator/EmulatedDelegates.swift (in target 'CoreBluetoothEmulator' from project 'CoreBluetoothEmulator')
SwiftCompile normal arm64 /Users/admin/builder/spi-builder-workspace/Sources/CoreBluetoothEmulator/CoreBluetoothEmulator.swift (in target 'CoreBluetoothEmulator' from project 'CoreBluetoothEmulator')
    cd /Users/admin/builder/spi-builder-workspace/.swiftpm/xcode
    builtin-SwiftPerFileCompile CoreBluetoothEmulator.swift
SwiftCompile normal arm64 /Users/admin/builder/spi-builder-workspace/Sources/CoreBluetoothEmulator/EmulatedDelegates.swift (in target 'CoreBluetoothEmulator' from project 'CoreBluetoothEmulator')
    cd /Users/admin/builder/spi-builder-workspace/.swiftpm/xcode
    builtin-SwiftPerFileCompile EmulatedDelegates.swift
SwiftCompile normal arm64 Compiling\ EmulatedCBCentral.swift,\ EmulatedCBCentralManager.swift /Users/admin/builder/spi-builder-workspace/Sources/CoreBluetoothEmulator/Internal/EmulatedCBCentral.swift /Users/admin/builder/spi-builder-workspace/Sources/CoreBluetoothEmulator/Internal/EmulatedCBCentralManager.swift (in target 'CoreBluetoothEmulator' from project 'CoreBluetoothEmulator')
SwiftCompile normal arm64 /Users/admin/builder/spi-builder-workspace/Sources/CoreBluetoothEmulator/Internal/EmulatedCBCentral.swift (in target 'CoreBluetoothEmulator' from project 'CoreBluetoothEmulator')
    cd /Users/admin/builder/spi-builder-workspace/.swiftpm/xcode
    builtin-SwiftPerFileCompile EmulatedCBCentral.swift
SwiftCompile normal arm64 /Users/admin/builder/spi-builder-workspace/Sources/CoreBluetoothEmulator/Internal/EmulatedCBCentralManager.swift (in target 'CoreBluetoothEmulator' from project 'CoreBluetoothEmulator')
    cd /Users/admin/builder/spi-builder-workspace/.swiftpm/xcode
    builtin-SwiftPerFileCompile EmulatedCBCentralManager.swift
SwiftCompile normal arm64 Compiling\ EmulatorBus.swift,\ EmulatorConfiguration.swift /Users/admin/builder/spi-builder-workspace/Sources/CoreBluetoothEmulator/EmulatorBus.swift /Users/admin/builder/spi-builder-workspace/Sources/CoreBluetoothEmulator/EmulatorConfiguration.swift (in target 'CoreBluetoothEmulator' from project 'CoreBluetoothEmulator')
/Users/admin/builder/spi-builder-workspace/Sources/CoreBluetoothEmulator/EmulatorBus.swift:39:49: warning: 'CBPeripheralManagerAuthorizationStatus' was deprecated in watchOS 6.0: Use CBManagerAuthorization instead [#DeprecatedDeclaration]
  37 |     private var publishedL2CAPChannels: [UUID: [CBL2CAPPSM: Bool]] = [:]  // peripheral -> PSM -> encryption required
  38 |     private var openL2CAPChannels: [UUID: EmulatedCBL2CAPChannel] = [:]  // channel identifier -> channel
  39 |     private var ancsAuthorizationStatus: [UUID: CBPeripheralManagerAuthorizationStatus] = [:]  // central -> status
     |                                                 `- warning: 'CBPeripheralManagerAuthorizationStatus' was deprecated in watchOS 6.0: Use CBManagerAuthorization instead [#DeprecatedDeclaration]
  40 |
  41 |     private struct ConnectionPair: Hashable {
/Users/admin/builder/spi-builder-workspace/Sources/CoreBluetoothEmulator/EmulatorBus.swift:1136:17: warning: 'CBPeripheralManagerAuthorizationStatus' was deprecated in watchOS 6.0: Use CBManagerAuthorization instead [#DeprecatedDeclaration]
1134 |     public func updateANCSAuthorization(
1135 |         for centralIdentifier: UUID,
1136 |         status: CBPeripheralManagerAuthorizationStatus
     |                 `- warning: 'CBPeripheralManagerAuthorizationStatus' was deprecated in watchOS 6.0: Use CBManagerAuthorization instead [#DeprecatedDeclaration]
1137 |     ) async {
1138 |         guard configuration.fireANCSAuthorizationUpdates else { return }
/Users/admin/builder/spi-builder-workspace/Sources/CoreBluetoothEmulator/EmulatorBus.swift:1150:70: warning: 'CBPeripheralManagerAuthorizationStatus' was deprecated in watchOS 6.0: Use CBManagerAuthorization instead [#DeprecatedDeclaration]
1148 |     }
1149 |
1150 |     public func getANCSAuthorization(for centralIdentifier: UUID) -> CBPeripheralManagerAuthorizationStatus {
     |                                                                      `- warning: 'CBPeripheralManagerAuthorizationStatus' was deprecated in watchOS 6.0: Use CBManagerAuthorization instead [#DeprecatedDeclaration]
1151 |         return ancsAuthorizationStatus[centralIdentifier] ?? .notDetermined
1152 |     }
/Users/admin/builder/spi-builder-workspace/Sources/CoreBluetoothEmulator/EmulatorBus.swift:246:34: warning: no 'async' operations occur within 'await' expression [#UnnecessaryEffectMarker]
 244 |
 245 |                 // Create peripheral proxy with advertisement data
 246 |                 let peripheral = await peripheralManager.createPeripheralProxy(for: central, advertisementData: advData)
     |                                  `- warning: no 'async' operations occur within 'await' expression [#UnnecessaryEffectMarker]
 247 |
 248 |                 // Generate RSSI
/Users/admin/builder/spi-builder-workspace/Sources/CoreBluetoothEmulator/EmulatorBus.swift:413:16: warning: no 'async' operations occur within 'await' expression [#UnnecessaryEffectMarker]
 411 |         }
 412 |
 413 |         return await manager.getServices(matching: serviceUUIDs)
     |                `- warning: no 'async' operations occur within 'await' expression [#UnnecessaryEffectMarker]
 414 |     }
 415 |
/Users/admin/builder/spi-builder-workspace/Sources/CoreBluetoothEmulator/EmulatorBus.swift:432:16: warning: no 'async' operations occur within 'await' expression [#UnnecessaryEffectMarker]
 430 |         }
 431 |
 432 |         return await manager.getCharacteristics(matching: characteristicUUIDs, for: service)
     |                `- warning: no 'async' operations occur within 'await' expression [#UnnecessaryEffectMarker]
 433 |     }
 434 |
/Users/admin/builder/spi-builder-workspace/Sources/CoreBluetoothEmulator/EmulatorBus.swift:450:16: warning: no 'async' operations occur within 'await' expression [#UnnecessaryEffectMarker]
 448 |         }
 449 |
 450 |         return await manager.getDescriptors(for: characteristic)
     |                `- warning: no 'async' operations occur within 'await' expression [#UnnecessaryEffectMarker]
 451 |     }
 452 |
/Users/admin/builder/spi-builder-workspace/Sources/CoreBluetoothEmulator/EmulatorBus.swift:728:17: warning: immutable value 'centralId' was never used; consider replacing with '_' or removing it [#NoUsage]
 726 |         // Send notification event in distributed mode
 727 |         if case .distributed = transportMode {
 728 |             for centralId in targetCentrals {
     |                 `- warning: immutable value 'centralId' was never used; consider replacing with '_' or removing it [#NoUsage]
 729 |                 let event = EmulatorInternalEvent.notificationSent(
 730 |                     peripheralID: peripheralIdentifier,
SwiftCompile normal arm64 /Users/admin/builder/spi-builder-workspace/Sources/CoreBluetoothEmulator/EmulatorBus.swift (in target 'CoreBluetoothEmulator' from project 'CoreBluetoothEmulator')
    cd /Users/admin/builder/spi-builder-workspace/.swiftpm/xcode
    builtin-SwiftPerFileCompile EmulatorBus.swift
SwiftCompile normal arm64 /Users/admin/builder/spi-builder-workspace/Sources/CoreBluetoothEmulator/EmulatorConfiguration.swift (in target 'CoreBluetoothEmulator' from project 'CoreBluetoothEmulator')
    cd /Users/admin/builder/spi-builder-workspace/.swiftpm/xcode
    builtin-SwiftPerFileCompile EmulatorConfiguration.swift
SwiftCompile normal arm64 Compiling\ EmulatedCBCharacteristic.swift,\ EmulatedCBDescriptor.swift /Users/admin/builder/spi-builder-workspace/Sources/CoreBluetoothEmulator/Internal/EmulatedCBCharacteristic.swift /Users/admin/builder/spi-builder-workspace/Sources/CoreBluetoothEmulator/Internal/EmulatedCBDescriptor.swift (in target 'CoreBluetoothEmulator' from project 'CoreBluetoothEmulator')
SwiftCompile normal arm64 /Users/admin/builder/spi-builder-workspace/Sources/CoreBluetoothEmulator/Internal/EmulatedCBCharacteristic.swift (in target 'CoreBluetoothEmulator' from project 'CoreBluetoothEmulator')
    cd /Users/admin/builder/spi-builder-workspace/.swiftpm/xcode
    builtin-SwiftPerFileCompile EmulatedCBCharacteristic.swift
SwiftCompile normal arm64 /Users/admin/builder/spi-builder-workspace/Sources/CoreBluetoothEmulator/Internal/EmulatedCBDescriptor.swift (in target 'CoreBluetoothEmulator' from project 'CoreBluetoothEmulator')
    cd /Users/admin/builder/spi-builder-workspace/.swiftpm/xcode
    builtin-SwiftPerFileCompile EmulatedCBDescriptor.swift
SwiftEmitModule normal arm64_32 Emitting\ module\ for\ CoreBluetoothEmulator (in target 'CoreBluetoothEmulator' from project 'CoreBluetoothEmulator')
/Users/admin/builder/spi-builder-workspace/Sources/CoreBluetoothEmulator/EmulatorBus.swift:39:49: warning: 'CBPeripheralManagerAuthorizationStatus' was deprecated in watchOS 6.0: Use CBManagerAuthorization instead [#DeprecatedDeclaration]
  37 |     private var publishedL2CAPChannels: [UUID: [CBL2CAPPSM: Bool]] = [:]  // peripheral -> PSM -> encryption required
  38 |     private var openL2CAPChannels: [UUID: EmulatedCBL2CAPChannel] = [:]  // channel identifier -> channel
  39 |     private var ancsAuthorizationStatus: [UUID: CBPeripheralManagerAuthorizationStatus] = [:]  // central -> status
     |                                                 `- warning: 'CBPeripheralManagerAuthorizationStatus' was deprecated in watchOS 6.0: Use CBManagerAuthorization instead [#DeprecatedDeclaration]
  40 |
  41 |     private struct ConnectionPair: Hashable {
/Users/admin/builder/spi-builder-workspace/Sources/CoreBluetoothEmulator/EmulatorBus.swift:1136:17: warning: 'CBPeripheralManagerAuthorizationStatus' was deprecated in watchOS 6.0: Use CBManagerAuthorization instead [#DeprecatedDeclaration]
1134 |     public func updateANCSAuthorization(
1135 |         for centralIdentifier: UUID,
1136 |         status: CBPeripheralManagerAuthorizationStatus
     |                 `- warning: 'CBPeripheralManagerAuthorizationStatus' was deprecated in watchOS 6.0: Use CBManagerAuthorization instead [#DeprecatedDeclaration]
1137 |     ) async {
1138 |         guard configuration.fireANCSAuthorizationUpdates else { return }
/Users/admin/builder/spi-builder-workspace/Sources/CoreBluetoothEmulator/EmulatorBus.swift:1150:70: warning: 'CBPeripheralManagerAuthorizationStatus' was deprecated in watchOS 6.0: Use CBManagerAuthorization instead [#DeprecatedDeclaration]
1148 |     }
1149 |
1150 |     public func getANCSAuthorization(for centralIdentifier: UUID) -> CBPeripheralManagerAuthorizationStatus {
     |                                                                      `- warning: 'CBPeripheralManagerAuthorizationStatus' was deprecated in watchOS 6.0: Use CBManagerAuthorization instead [#DeprecatedDeclaration]
1151 |         return ancsAuthorizationStatus[centralIdentifier] ?? .notDetermined
1152 |     }
/Users/admin/builder/spi-builder-workspace/Sources/CoreBluetoothEmulator/Internal/EmulatedCBPeripheralManager.swift:312:48: warning: 'CBPeripheralManagerAuthorizationStatus' was deprecated in watchOS 6.0: Use CBManagerAuthorization instead [#DeprecatedDeclaration]
310 |     // MARK: - Authorization
311 |
312 |     public class func authorizationStatus() -> CBPeripheralManagerAuthorizationStatus {
    |                                                `- warning: 'CBPeripheralManagerAuthorizationStatus' was deprecated in watchOS 6.0: Use CBManagerAuthorization instead [#DeprecatedDeclaration]
313 |         return .authorized
314 |     }
[#DeprecatedDeclaration]: <https://docs.swift.org/compiler/documentation/diagnostics/deprecated-declaration>
SwiftCompile normal arm64_32 (in target 'CoreBluetoothEmulator' from project 'CoreBluetoothEmulator')
    cd /Users/admin/builder/spi-builder-workspace/.swiftpm/xcode

SwiftDriverJobDiscovery normal arm64 Emitting module for CoreBluetoothEmulator (in target 'CoreBluetoothEmulator' from project 'CoreBluetoothEmulator')
SwiftDriver\ Compilation\ Requirements CoreBluetoothEmulator normal arm64 com.apple.xcode.tools.swift.compiler (in target 'CoreBluetoothEmulator' from project 'CoreBluetoothEmulator')
    cd /Users/admin/builder/spi-builder-workspace/.swiftpm/xcode
    builtin-Swift-Compilation-Requirements -- /Applications/Xcode-27.0.0-Release.Candidate.app/Contents/Developer/Toolchains/XcodeDefault.xctoolchain/usr/bin/swiftc -parse-as-library -module-name CoreBluetoothEmulator -Onone @/Users/admin/builder/spi-builder-workspace/.derivedData/Build/Intermediates.noindex/CoreBluetoothEmulator.build/Debug-watchos/CoreBluetoothEmulator-t.build/Objects-normal/arm64/CoreBluetoothEmulator.SwiftFileList -DSWIFT_PACKAGE -DDEBUG -DSWIFT_MODULE_RESOURCE_BUNDLE_UNAVAILABLE -DXcode -plugin-path /Applications/Xcode-27.0.0-Release.Candidate.app/Contents/Developer/Toolchains/XcodeDefault.xctoolchain/usr/lib/swift/host/plugins/testing -enable-experimental-feature DebugDescriptionMacro -sdk /Applications/Xcode-27.0.0-Release.Candidate.app/Contents/Developer/Platforms/WatchOS.platform/Developer/SDKs/WatchOS27.0.sdk -target arm64-apple-watchos9.0 -g -module-cache-path /Users/admin/builder/spi-builder-workspace/.derivedData/ModuleCache.noindex -Xfrontend -serialize-debugging-options -profile-coverage-mapping -profile-generate -enable-testing -index-store-path /Users/admin/builder/spi-builder-workspace/.derivedData/Index.noindex/DataStore -Xcc -D_LIBCPP_HARDENING_MODE\=_LIBCPP_HARDENING_MODE_DEBUG -swift-version 5 -I /Users/admin/builder/spi-builder-workspace/.derivedData/Build/Products/Debug-watchos -Isystem /Applications/Xcode-27.0.0-Release.Candidate.app/Contents/Developer/Platforms/WatchOS.platform/Developer/usr/lib -F /Users/admin/builder/spi-builder-workspace/.derivedData/Build/Products/Debug-watchos -F /Applications/Xcode-27.0.0-Release.Candidate.app/Contents/Developer/Platforms/WatchOS.platform/Developer/Library/Frameworks -F /Applications/Xcode-27.0.0-Release.Candidate.app/Contents/Developer/Platforms/WatchOS.platform/Developer/SDKs/WatchOS27.0.sdk/Developer/Library/Frameworks -c -j10 -enable-batch-mode -incremental -Xcc -ivfsstatcache -Xcc /Users/admin/builder/spi-builder-workspace/.derivedData/SDKStatCaches.noindex/watchos27.0-24R360-e829b21a6f8c9b70876ba0858053c04477534ef55a1706bf4c1112bbb242f0a2.sdkstatcache -output-file-map /Users/admin/builder/spi-builder-workspace/.derivedData/Build/Intermediates.noindex/CoreBluetoothEmulator.build/Debug-watchos/CoreBluetoothEmulator-t.build/Objects-normal/arm64/CoreBluetoothEmulator-OutputFileMap.json -save-temps -no-color-diagnostics -explicit-module-build -module-cache-path /Users/admin/builder/spi-builder-workspace/.derivedData/Build/Intermediates.noindex/SwiftExplicitPrecompiledModules -clang-scanner-module-cache-path /Users/admin/builder/spi-builder-workspace/.derivedData/ModuleCache.noindex -sdk-module-cache-path /Users/admin/builder/spi-builder-workspace/.derivedData/SDKExplicitPrecompiledModules -emit-dependencies -emit-module -emit-module-path /Users/admin/builder/spi-builder-workspace/.derivedData/Build/Intermediates.noindex/CoreBluetoothEmulator.build/Debug-watchos/CoreBluetoothEmulator-t.build/Objects-normal/arm64/CoreBluetoothEmulator.swiftmodule -serialize-diagnostics -dependency-scan-serialize-diagnostics-path /Users/admin/builder/spi-builder-workspace/.derivedData/Build/Intermediates.noindex/CoreBluetoothEmulator.build/Debug-watchos/CoreBluetoothEmulator-t.build/Objects-normal/arm64/CoreBluetoothEmulator-dependency-scan.dia -validate-clang-modules-once -clang-build-session-file /Users/admin/builder/spi-builder-workspace/.derivedData/ModuleCache.noindex/Session.modulevalidation -Xcc -fmodules-prune-interval\=86400 -Xcc -fmodules-prune-after\=345600 -package-name spi_builder_workspace -emit-const-values -const-gather-protocols-list /Users/admin/builder/spi-builder-workspace/.derivedData/Build/Intermediates.noindex/CoreBluetoothEmulator.build/Debug-watchos/CoreBluetoothEmulator-t.build/Objects-normal/arm64/CoreBluetoothEmulator_const_extract_protocols.json -Xcc -I/Users/admin/builder/spi-builder-workspace/.derivedData/Build/Products/Debug-watchos/include -Xcc -I/Users/admin/builder/spi-builder-workspace/.derivedData/Build/Intermediates.noindex/CoreBluetoothEmulator.build/Debug-watchos/CoreBluetoothEmulator-t.build/DerivedSources-normal/arm64 -Xcc -I/Users/admin/builder/spi-builder-workspace/.derivedData/Build/Intermediates.noindex/CoreBluetoothEmulator.build/Debug-watchos/CoreBluetoothEmulator-t.build/DerivedSources/arm64 -Xcc -I/Users/admin/builder/spi-builder-workspace/.derivedData/Build/Intermediates.noindex/CoreBluetoothEmulator.build/Debug-watchos/CoreBluetoothEmulator-t.build/DerivedSources -Xcc -DSWIFT_PACKAGE -Xcc -DDEBUG\=1 -emit-objc-header -emit-objc-header-path /Users/admin/builder/spi-builder-workspace/.derivedData/Build/Intermediates.noindex/CoreBluetoothEmulator.build/Debug-watchos/CoreBluetoothEmulator-t.build/Objects-normal/arm64/CoreBluetoothEmulator-Swift.h -working-directory /Users/admin/builder/spi-builder-workspace/.swiftpm/xcode -experimental-emit-module-separately -disable-cmo
SwiftDriverJobDiscovery normal arm64_32 Emitting module for CoreBluetoothEmulator (in target 'CoreBluetoothEmulator' from project 'CoreBluetoothEmulator')
SwiftCompile normal arm64_32 Compiling\ EmulatedCBCentral.swift,\ EmulatedCBCentralManager.swift /Users/admin/builder/spi-builder-workspace/Sources/CoreBluetoothEmulator/Internal/EmulatedCBCentral.swift /Users/admin/builder/spi-builder-workspace/Sources/CoreBluetoothEmulator/Internal/EmulatedCBCentralManager.swift (in target 'CoreBluetoothEmulator' from project 'CoreBluetoothEmulator')
SwiftCompile normal arm64_32 /Users/admin/builder/spi-builder-workspace/Sources/CoreBluetoothEmulator/Internal/EmulatedCBCentral.swift (in target 'CoreBluetoothEmulator' from project 'CoreBluetoothEmulator')
    cd /Users/admin/builder/spi-builder-workspace/.swiftpm/xcode
    builtin-SwiftPerFileCompile EmulatedCBCentral.swift
SwiftCompile normal arm64_32 /Users/admin/builder/spi-builder-workspace/Sources/CoreBluetoothEmulator/Internal/EmulatedCBCentralManager.swift (in target 'CoreBluetoothEmulator' from project 'CoreBluetoothEmulator')
    cd /Users/admin/builder/spi-builder-workspace/.swiftpm/xcode
    builtin-SwiftPerFileCompile EmulatedCBCentralManager.swift
SwiftDriver\ Compilation\ Requirements CoreBluetoothEmulator normal arm64_32 com.apple.xcode.tools.swift.compiler (in target 'CoreBluetoothEmulator' from project 'CoreBluetoothEmulator')
    cd /Users/admin/builder/spi-builder-workspace/.swiftpm/xcode
    builtin-Swift-Compilation-Requirements -- /Applications/Xcode-27.0.0-Release.Candidate.app/Contents/Developer/Toolchains/XcodeDefault.xctoolchain/usr/bin/swiftc -parse-as-library -module-name CoreBluetoothEmulator -Onone @/Users/admin/builder/spi-builder-workspace/.derivedData/Build/Intermediates.noindex/CoreBluetoothEmulator.build/Debug-watchos/CoreBluetoothEmulator-t.build/Objects-normal/arm64_32/CoreBluetoothEmulator.SwiftFileList -DSWIFT_PACKAGE -DDEBUG -DSWIFT_MODULE_RESOURCE_BUNDLE_UNAVAILABLE -DXcode -plugin-path /Applications/Xcode-27.0.0-Release.Candidate.app/Contents/Developer/Toolchains/XcodeDefault.xctoolchain/usr/lib/swift/host/plugins/testing -enable-experimental-feature DebugDescriptionMacro -sdk /Applications/Xcode-27.0.0-Release.Candidate.app/Contents/Developer/Platforms/WatchOS.platform/Developer/SDKs/WatchOS27.0.sdk -target arm64_32-apple-watchos9.0 -g -module-cache-path /Users/admin/builder/spi-builder-workspace/.derivedData/ModuleCache.noindex -Xfrontend -serialize-debugging-options -profile-coverage-mapping -profile-generate -enable-testing -index-store-path /Users/admin/builder/spi-builder-workspace/.derivedData/Index.noindex/DataStore -Xcc -D_LIBCPP_HARDENING_MODE\=_LIBCPP_HARDENING_MODE_DEBUG -swift-version 5 -I /Users/admin/builder/spi-builder-workspace/.derivedData/Build/Products/Debug-watchos -Isystem /Applications/Xcode-27.0.0-Release.Candidate.app/Contents/Developer/Platforms/WatchOS.platform/Developer/usr/lib -F /Users/admin/builder/spi-builder-workspace/.derivedData/Build/Products/Debug-watchos -F /Applications/Xcode-27.0.0-Release.Candidate.app/Contents/Developer/Platforms/WatchOS.platform/Developer/Library/Frameworks -F /Applications/Xcode-27.0.0-Release.Candidate.app/Contents/Developer/Platforms/WatchOS.platform/Developer/SDKs/WatchOS27.0.sdk/Developer/Library/Frameworks -c -j10 -enable-batch-mode -incremental -Xcc -ivfsstatcache -Xcc /Users/admin/builder/spi-builder-workspace/.derivedData/SDKStatCaches.noindex/watchos27.0-24R360-e829b21a6f8c9b70876ba0858053c04477534ef55a1706bf4c1112bbb242f0a2.sdkstatcache -output-file-map /Users/admin/builder/spi-builder-workspace/.derivedData/Build/Intermediates.noindex/CoreBluetoothEmulator.build/Debug-watchos/CoreBluetoothEmulator-t.build/Objects-normal/arm64_32/CoreBluetoothEmulator-OutputFileMap.json -save-temps -no-color-diagnostics -explicit-module-build -module-cache-path /Users/admin/builder/spi-builder-workspace/.derivedData/Build/Intermediates.noindex/SwiftExplicitPrecompiledModules -clang-scanner-module-cache-path /Users/admin/builder/spi-builder-workspace/.derivedData/ModuleCache.noindex -sdk-module-cache-path /Users/admin/builder/spi-builder-workspace/.derivedData/SDKExplicitPrecompiledModules -emit-dependencies -emit-module -emit-module-path /Users/admin/builder/spi-builder-workspace/.derivedData/Build/Intermediates.noindex/CoreBluetoothEmulator.build/Debug-watchos/CoreBluetoothEmulator-t.build/Objects-normal/arm64_32/CoreBluetoothEmulator.swiftmodule -serialize-diagnostics -dependency-scan-serialize-diagnostics-path /Users/admin/builder/spi-builder-workspace/.derivedData/Build/Intermediates.noindex/CoreBluetoothEmulator.build/Debug-watchos/CoreBluetoothEmulator-t.build/Objects-normal/arm64_32/CoreBluetoothEmulator-dependency-scan.dia -validate-clang-modules-once -clang-build-session-file /Users/admin/builder/spi-builder-workspace/.derivedData/ModuleCache.noindex/Session.modulevalidation -Xcc -fmodules-prune-interval\=86400 -Xcc -fmodules-prune-after\=345600 -package-name spi_builder_workspace -emit-const-values -const-gather-protocols-list /Users/admin/builder/spi-builder-workspace/.derivedData/Build/Intermediates.noindex/CoreBluetoothEmulator.build/Debug-watchos/CoreBluetoothEmulator-t.build/Objects-normal/arm64_32/CoreBluetoothEmulator_const_extract_protocols.json -Xcc -I/Users/admin/builder/spi-builder-workspace/.derivedData/Build/Products/Debug-watchos/include -Xcc -I/Users/admin/builder/spi-builder-workspace/.derivedData/Build/Intermediates.noindex/CoreBluetoothEmulator.build/Debug-watchos/CoreBluetoothEmulator-t.build/DerivedSources-normal/arm64_32 -Xcc -I/Users/admin/builder/spi-builder-workspace/.derivedData/Build/Intermediates.noindex/CoreBluetoothEmulator.build/Debug-watchos/CoreBluetoothEmulator-t.build/DerivedSources/arm64_32 -Xcc -I/Users/admin/builder/spi-builder-workspace/.derivedData/Build/Intermediates.noindex/CoreBluetoothEmulator.build/Debug-watchos/CoreBluetoothEmulator-t.build/DerivedSources -Xcc -DSWIFT_PACKAGE -Xcc -DDEBUG\=1 -emit-objc-header -emit-objc-header-path /Users/admin/builder/spi-builder-workspace/.derivedData/Build/Intermediates.noindex/CoreBluetoothEmulator.build/Debug-watchos/CoreBluetoothEmulator-t.build/Objects-normal/arm64_32/CoreBluetoothEmulator-Swift.h -working-directory /Users/admin/builder/spi-builder-workspace/.swiftpm/xcode -experimental-emit-module-separately -disable-cmo
PruneExplicitPrecompiledModules /Users/admin/builder/spi-builder-workspace/.derivedData/Build/Intermediates.noindex/SwiftExplicitPrecompiledModules
PruneExplicitPrecompiledModules /Users/admin/builder/spi-builder-workspace/.derivedData/Build/Intermediates.noindex/ExplicitPrecompiledModules
PruneExplicitPrecompiledModules /Users/admin/builder/spi-builder-workspace/.derivedData/SDKExplicitPrecompiledModules
2026-09-23 07:01:35.748 xcodebuild[627:3916] [MT] IDERunDestination: Supported platforms for the buildables in the current scheme is empty.
** BUILD FAILED **
The following build commands failed:
	SwiftCompile normal arm64 /Users/admin/builder/spi-builder-workspace/Sources/CoreBluetoothEmulator/Transport/XPCEmulatorTransport.swift (in target 'CoreBluetoothEmulator' from project 'CoreBluetoothEmulator')
	SwiftCompile normal arm64 Compiling\ XPCEmulatorTransport.swift /Users/admin/builder/spi-builder-workspace/Sources/CoreBluetoothEmulator/Transport/XPCEmulatorTransport.swift (in target 'CoreBluetoothEmulator' from project 'CoreBluetoothEmulator')
	Building workspace CoreBluetoothEmulator with scheme CoreBluetoothEmulator
(3 failures)
Command line invocation:
    /Applications/Xcode-27.0.0-Release.Candidate.app/Contents/Developer/usr/bin/xcodebuild -IDEClonedSourcePackagesDirPathOverride=/Users/admin/builder/spi-builder-workspace/.dependencies -resolvePackageDependencies
Resolve Package Graph
Resolved source packages:
  CoreBluetoothEmulator: /Users/admin/builder/spi-builder-workspace
resolved source packages: CoreBluetoothEmulator
2026-09-23 07:01:42.312 xcodebuild[729:4473] [MT] IDERunDestination: Supported platforms for the buildables in the current scheme is empty.
{
  "dependencies" : [
  ],
  "manifest_display_name" : "CoreBluetoothEmulator",
  "name" : "CoreBluetoothEmulator",
  "path" : "/Users/admin/builder/spi-builder-workspace",
  "platforms" : [
    {
      "name" : "ios",
      "version" : "13.0"
    },
    {
      "name" : "macos",
      "version" : "10.15"
    },
    {
      "name" : "tvos",
      "version" : "13.0"
    },
    {
      "name" : "watchos",
      "version" : "6.0"
    }
  ],
  "products" : [
    {
      "name" : "CoreBluetoothEmulator",
      "targets" : [
        "CoreBluetoothEmulator"
      ],
      "type" : {
        "library" : [
          "automatic"
        ]
      }
    }
  ],
  "targets" : [
    {
      "c99name" : "CoreBluetoothEmulatorTests",
      "module_type" : "SwiftTarget",
      "name" : "CoreBluetoothEmulatorTests",
      "path" : "Tests/CoreBluetoothEmulatorTests",
      "sources" : [
        "CoreBluetoothEmulatorTests.swift",
        "Integration/ANCSAuthorizationTests.swift",
        "Integration/AdvertisementAutoGenerationTests.swift",
        "Integration/BackpressureTests.swift",
        "Integration/BidirectionalEventsTests.swift",
        "Integration/ConnectionEventsTests.swift",
        "Integration/FullWorkflowTests.swift",
        "Integration/L2CAPChannelTests.swift",
        "Integration/MTUManagementTests.swift",
        "Integration/ScanOptionsTests.swift",
        "Integration/StateRestorationTests.swift"
      ],
      "target_dependencies" : [
        "CoreBluetoothEmulator"
      ],
      "type" : "test"
    },
    {
      "c99name" : "CoreBluetoothEmulator",
      "module_type" : "SwiftTarget",
      "name" : "CoreBluetoothEmulator",
      "path" : "Sources/CoreBluetoothEmulator",
      "product_memberships" : [
        "CoreBluetoothEmulator"
      ],
      "sources" : [
        "CoreBluetoothEmulator.swift",
        "EmulatedDelegates.swift",
        "EmulatorBus.swift",
        "EmulatorConfiguration.swift",
        "EmulatorInternalEvent.swift",
        "EmulatorTransport.swift",
        "Internal/EmulatedCBCentral.swift",
        "Internal/EmulatedCBCentralManager.swift",
        "Internal/EmulatedCBCharacteristic.swift",
        "Internal/EmulatedCBDescriptor.swift",
        "Internal/EmulatedCBL2CAPChannel.swift",
        "Internal/EmulatedCBPeripheral.swift",
        "Internal/EmulatedCBPeripheralManager.swift",
        "Internal/EmulatedCBService.swift",
        "Transport/InMemoryEmulatorTransport.swift",
        "Transport/XPCEmulatorTransport.swift"
      ],
      "type" : "library"
    }
  ],
  "tools_version" : "6.0"
}
{
  "workspace" : {
    "name" : "CoreBluetoothEmulator",
    "schemes" : [
      "CoreBluetoothEmulator"
    ]
  }
}
2026-09-23 07:01:43.499 xcodebuild[737:4534] [MT] IDERunDestination: Supported platforms for the buildables in the current scheme is empty.
Running build ...
env DEVELOPER_DIR=/Applications/Xcode-27.0.0-Release.Candidate.app xcrun xcodebuild -IDEClonedSourcePackagesDirPathOverride=$PWD/.dependencies -skipMacroValidation -skipPackagePluginValidation -derivedDataPath $PWD/.derivedData build -scheme CoreBluetoothEmulator -destination generic/platform=watchOS
Command line invocation:
    /Applications/Xcode-27.0.0-Release.Candidate.app/Contents/Developer/usr/bin/xcodebuild -IDEClonedSourcePackagesDirPathOverride=/Users/admin/builder/spi-builder-workspace/.dependencies -skipMacroValidation -skipPackagePluginValidation -derivedDataPath /Users/admin/builder/spi-builder-workspace/.derivedData build -scheme CoreBluetoothEmulator -destination generic/platform=watchOS
Resolve Package Graph
Resolved source packages:
  CoreBluetoothEmulator: /Users/admin/builder/spi-builder-workspace
ComputePackagePrebuildTargetDependencyGraph
Prepare packages
CreateBuildRequest
SendProjectDescription
CreateBuildOperation
ComputeTargetDependencyGraph
note: Building targets in dependency order
note: Target dependency graph (2 targets)
    Target 'CoreBluetoothEmulator-product' in project 'CoreBluetoothEmulator'
        ➜ Explicit dependency on target 'CoreBluetoothEmulator' in project 'CoreBluetoothEmulator'
    Target 'CoreBluetoothEmulator' in project 'CoreBluetoothEmulator' (no dependencies)
GatherProvisioningInputs
CreateBuildDescription
ClangStatCache /Applications/Xcode-27.0.0-Release.Candidate.app/Contents/Developer/Toolchains/XcodeDefault.xctoolchain/usr/bin/clang-stat-cache /Applications/Xcode-27.0.0-Release.Candidate.app/Contents/Developer/Platforms/WatchOS.platform/Developer/SDKs/WatchOS27.0.sdk /Users/admin/builder/spi-builder-workspace/.derivedData/SDKStatCaches.noindex/watchos27.0-24R360-e829b21a6f8c9b70876ba0858053c04477534ef55a1706bf4c1112bbb242f0a2.sdkstatcache
    cd /Users/admin/builder/spi-builder-workspace/.swiftpm/xcode
    /Applications/Xcode-27.0.0-Release.Candidate.app/Contents/Developer/Toolchains/XcodeDefault.xctoolchain/usr/bin/clang-stat-cache /Applications/Xcode-27.0.0-Release.Candidate.app/Contents/Developer/Platforms/WatchOS.platform/Developer/SDKs/WatchOS27.0.sdk -o /Users/admin/builder/spi-builder-workspace/.derivedData/SDKStatCaches.noindex/watchos27.0-24R360-e829b21a6f8c9b70876ba0858053c04477534ef55a1706bf4c1112bbb242f0a2.sdkstatcache
SwiftDriver CoreBluetoothEmulator normal arm64_32 com.apple.xcode.tools.swift.compiler (in target 'CoreBluetoothEmulator' from project 'CoreBluetoothEmulator')
    cd /Users/admin/builder/spi-builder-workspace/.swiftpm/xcode
    builtin-SwiftDriver -- /Applications/Xcode-27.0.0-Release.Candidate.app/Contents/Developer/Toolchains/XcodeDefault.xctoolchain/usr/bin/swiftc -parse-as-library -module-name CoreBluetoothEmulator -Onone @/Users/admin/builder/spi-builder-workspace/.derivedData/Build/Intermediates.noindex/CoreBluetoothEmulator.build/Debug-watchos/CoreBluetoothEmulator-t.build/Objects-normal/arm64_32/CoreBluetoothEmulator.SwiftFileList -DSWIFT_PACKAGE -DDEBUG -DSWIFT_MODULE_RESOURCE_BUNDLE_UNAVAILABLE -DXcode -plugin-path /Applications/Xcode-27.0.0-Release.Candidate.app/Contents/Developer/Toolchains/XcodeDefault.xctoolchain/usr/lib/swift/host/plugins/testing -enable-experimental-feature DebugDescriptionMacro -sdk /Applications/Xcode-27.0.0-Release.Candidate.app/Contents/Developer/Platforms/WatchOS.platform/Developer/SDKs/WatchOS27.0.sdk -target arm64_32-apple-watchos9.0 -g -module-cache-path /Users/admin/builder/spi-builder-workspace/.derivedData/ModuleCache.noindex -Xfrontend -serialize-debugging-options -profile-coverage-mapping -profile-generate -enable-testing -index-store-path /Users/admin/builder/spi-builder-workspace/.derivedData/Index.noindex/DataStore -Xcc -D_LIBCPP_HARDENING_MODE\=_LIBCPP_HARDENING_MODE_DEBUG -swift-version 5 -I /Users/admin/builder/spi-builder-workspace/.derivedData/Build/Products/Debug-watchos -Isystem /Applications/Xcode-27.0.0-Release.Candidate.app/Contents/Developer/Platforms/WatchOS.platform/Developer/usr/lib -F /Users/admin/builder/spi-builder-workspace/.derivedData/Build/Products/Debug-watchos -F /Applications/Xcode-27.0.0-Release.Candidate.app/Contents/Developer/Platforms/WatchOS.platform/Developer/Library/Frameworks -F /Applications/Xcode-27.0.0-Release.Candidate.app/Contents/Developer/Platforms/WatchOS.platform/Developer/SDKs/WatchOS27.0.sdk/Developer/Library/Frameworks -c -j10 -enable-batch-mode -incremental -Xcc -ivfsstatcache -Xcc /Users/admin/builder/spi-builder-workspace/.derivedData/SDKStatCaches.noindex/watchos27.0-24R360-e829b21a6f8c9b70876ba0858053c04477534ef55a1706bf4c1112bbb242f0a2.sdkstatcache -output-file-map /Users/admin/builder/spi-builder-workspace/.derivedData/Build/Intermediates.noindex/CoreBluetoothEmulator.build/Debug-watchos/CoreBluetoothEmulator-t.build/Objects-normal/arm64_32/CoreBluetoothEmulator-OutputFileMap.json -save-temps -no-color-diagnostics -explicit-module-build -module-cache-path /Users/admin/builder/spi-builder-workspace/.derivedData/Build/Intermediates.noindex/SwiftExplicitPrecompiledModules -clang-scanner-module-cache-path /Users/admin/builder/spi-builder-workspace/.derivedData/ModuleCache.noindex -sdk-module-cache-path /Users/admin/builder/spi-builder-workspace/.derivedData/SDKExplicitPrecompiledModules -emit-dependencies -emit-module -emit-module-path /Users/admin/builder/spi-builder-workspace/.derivedData/Build/Intermediates.noindex/CoreBluetoothEmulator.build/Debug-watchos/CoreBluetoothEmulator-t.build/Objects-normal/arm64_32/CoreBluetoothEmulator.swiftmodule -serialize-diagnostics -dependency-scan-serialize-diagnostics-path /Users/admin/builder/spi-builder-workspace/.derivedData/Build/Intermediates.noindex/CoreBluetoothEmulator.build/Debug-watchos/CoreBluetoothEmulator-t.build/Objects-normal/arm64_32/CoreBluetoothEmulator-dependency-scan.dia -validate-clang-modules-once -clang-build-session-file /Users/admin/builder/spi-builder-workspace/.derivedData/ModuleCache.noindex/Session.modulevalidation -Xcc -fmodules-prune-interval\=86400 -Xcc -fmodules-prune-after\=345600 -package-name spi_builder_workspace -emit-const-values -const-gather-protocols-list /Users/admin/builder/spi-builder-workspace/.derivedData/Build/Intermediates.noindex/CoreBluetoothEmulator.build/Debug-watchos/CoreBluetoothEmulator-t.build/Objects-normal/arm64_32/CoreBluetoothEmulator_const_extract_protocols.json -Xcc -I/Users/admin/builder/spi-builder-workspace/.derivedData/Build/Products/Debug-watchos/include -Xcc -I/Users/admin/builder/spi-builder-workspace/.derivedData/Build/Intermediates.noindex/CoreBluetoothEmulator.build/Debug-watchos/CoreBluetoothEmulator-t.build/DerivedSources-normal/arm64_32 -Xcc -I/Users/admin/builder/spi-builder-workspace/.derivedData/Build/Intermediates.noindex/CoreBluetoothEmulator.build/Debug-watchos/CoreBluetoothEmulator-t.build/DerivedSources/arm64_32 -Xcc -I/Users/admin/builder/spi-builder-workspace/.derivedData/Build/Intermediates.noindex/CoreBluetoothEmulator.build/Debug-watchos/CoreBluetoothEmulator-t.build/DerivedSources -Xcc -DSWIFT_PACKAGE -Xcc -DDEBUG\=1 -emit-objc-header -emit-objc-header-path /Users/admin/builder/spi-builder-workspace/.derivedData/Build/Intermediates.noindex/CoreBluetoothEmulator.build/Debug-watchos/CoreBluetoothEmulator-t.build/Objects-normal/arm64_32/CoreBluetoothEmulator-Swift.h -working-directory /Users/admin/builder/spi-builder-workspace/.swiftpm/xcode -experimental-emit-module-separately -disable-cmo
SwiftDriver CoreBluetoothEmulator normal arm64 com.apple.xcode.tools.swift.compiler (in target 'CoreBluetoothEmulator' from project 'CoreBluetoothEmulator')
    cd /Users/admin/builder/spi-builder-workspace/.swiftpm/xcode
    builtin-SwiftDriver -- /Applications/Xcode-27.0.0-Release.Candidate.app/Contents/Developer/Toolchains/XcodeDefault.xctoolchain/usr/bin/swiftc -parse-as-library -module-name CoreBluetoothEmulator -Onone @/Users/admin/builder/spi-builder-workspace/.derivedData/Build/Intermediates.noindex/CoreBluetoothEmulator.build/Debug-watchos/CoreBluetoothEmulator-t.build/Objects-normal/arm64/CoreBluetoothEmulator.SwiftFileList -DSWIFT_PACKAGE -DDEBUG -DSWIFT_MODULE_RESOURCE_BUNDLE_UNAVAILABLE -DXcode -plugin-path /Applications/Xcode-27.0.0-Release.Candidate.app/Contents/Developer/Toolchains/XcodeDefault.xctoolchain/usr/lib/swift/host/plugins/testing -enable-experimental-feature DebugDescriptionMacro -sdk /Applications/Xcode-27.0.0-Release.Candidate.app/Contents/Developer/Platforms/WatchOS.platform/Developer/SDKs/WatchOS27.0.sdk -target arm64-apple-watchos9.0 -g -module-cache-path /Users/admin/builder/spi-builder-workspace/.derivedData/ModuleCache.noindex -Xfrontend -serialize-debugging-options -profile-coverage-mapping -profile-generate -enable-testing -index-store-path /Users/admin/builder/spi-builder-workspace/.derivedData/Index.noindex/DataStore -Xcc -D_LIBCPP_HARDENING_MODE\=_LIBCPP_HARDENING_MODE_DEBUG -swift-version 5 -I /Users/admin/builder/spi-builder-workspace/.derivedData/Build/Products/Debug-watchos -Isystem /Applications/Xcode-27.0.0-Release.Candidate.app/Contents/Developer/Platforms/WatchOS.platform/Developer/usr/lib -F /Users/admin/builder/spi-builder-workspace/.derivedData/Build/Products/Debug-watchos -F /Applications/Xcode-27.0.0-Release.Candidate.app/Contents/Developer/Platforms/WatchOS.platform/Developer/Library/Frameworks -F /Applications/Xcode-27.0.0-Release.Candidate.app/Contents/Developer/Platforms/WatchOS.platform/Developer/SDKs/WatchOS27.0.sdk/Developer/Library/Frameworks -c -j10 -enable-batch-mode -incremental -Xcc -ivfsstatcache -Xcc /Users/admin/builder/spi-builder-workspace/.derivedData/SDKStatCaches.noindex/watchos27.0-24R360-e829b21a6f8c9b70876ba0858053c04477534ef55a1706bf4c1112bbb242f0a2.sdkstatcache -output-file-map /Users/admin/builder/spi-builder-workspace/.derivedData/Build/Intermediates.noindex/CoreBluetoothEmulator.build/Debug-watchos/CoreBluetoothEmulator-t.build/Objects-normal/arm64/CoreBluetoothEmulator-OutputFileMap.json -save-temps -no-color-diagnostics -explicit-module-build -module-cache-path /Users/admin/builder/spi-builder-workspace/.derivedData/Build/Intermediates.noindex/SwiftExplicitPrecompiledModules -clang-scanner-module-cache-path /Users/admin/builder/spi-builder-workspace/.derivedData/ModuleCache.noindex -sdk-module-cache-path /Users/admin/builder/spi-builder-workspace/.derivedData/SDKExplicitPrecompiledModules -emit-dependencies -emit-module -emit-module-path /Users/admin/builder/spi-builder-workspace/.derivedData/Build/Intermediates.noindex/CoreBluetoothEmulator.build/Debug-watchos/CoreBluetoothEmulator-t.build/Objects-normal/arm64/CoreBluetoothEmulator.swiftmodule -serialize-diagnostics -dependency-scan-serialize-diagnostics-path /Users/admin/builder/spi-builder-workspace/.derivedData/Build/Intermediates.noindex/CoreBluetoothEmulator.build/Debug-watchos/CoreBluetoothEmulator-t.build/Objects-normal/arm64/CoreBluetoothEmulator-dependency-scan.dia -validate-clang-modules-once -clang-build-session-file /Users/admin/builder/spi-builder-workspace/.derivedData/ModuleCache.noindex/Session.modulevalidation -Xcc -fmodules-prune-interval\=86400 -Xcc -fmodules-prune-after\=345600 -package-name spi_builder_workspace -emit-const-values -const-gather-protocols-list /Users/admin/builder/spi-builder-workspace/.derivedData/Build/Intermediates.noindex/CoreBluetoothEmulator.build/Debug-watchos/CoreBluetoothEmulator-t.build/Objects-normal/arm64/CoreBluetoothEmulator_const_extract_protocols.json -Xcc -I/Users/admin/builder/spi-builder-workspace/.derivedData/Build/Products/Debug-watchos/include -Xcc -I/Users/admin/builder/spi-builder-workspace/.derivedData/Build/Intermediates.noindex/CoreBluetoothEmulator.build/Debug-watchos/CoreBluetoothEmulator-t.build/DerivedSources-normal/arm64 -Xcc -I/Users/admin/builder/spi-builder-workspace/.derivedData/Build/Intermediates.noindex/CoreBluetoothEmulator.build/Debug-watchos/CoreBluetoothEmulator-t.build/DerivedSources/arm64 -Xcc -I/Users/admin/builder/spi-builder-workspace/.derivedData/Build/Intermediates.noindex/CoreBluetoothEmulator.build/Debug-watchos/CoreBluetoothEmulator-t.build/DerivedSources -Xcc -DSWIFT_PACKAGE -Xcc -DDEBUG\=1 -emit-objc-header -emit-objc-header-path /Users/admin/builder/spi-builder-workspace/.derivedData/Build/Intermediates.noindex/CoreBluetoothEmulator.build/Debug-watchos/CoreBluetoothEmulator-t.build/Objects-normal/arm64/CoreBluetoothEmulator-Swift.h -working-directory /Users/admin/builder/spi-builder-workspace/.swiftpm/xcode -experimental-emit-module-separately -disable-cmo
Copy /Users/admin/builder/spi-builder-workspace/.derivedData/Build/Products/Debug-watchos/CoreBluetoothEmulator.swiftmodule/arm64-apple-watchos.abi.json /Users/admin/builder/spi-builder-workspace/.derivedData/Build/Intermediates.noindex/CoreBluetoothEmulator.build/Debug-watchos/CoreBluetoothEmulator-t.build/Objects-normal/arm64/CoreBluetoothEmulator.abi.json (in target 'CoreBluetoothEmulator' from project 'CoreBluetoothEmulator')
    cd /Users/admin/builder/spi-builder-workspace
    builtin-copy -exclude .DS_Store -exclude CVS -exclude .svn -exclude .git -exclude .hg -resolve-src-symlinks -rename /Users/admin/builder/spi-builder-workspace/.derivedData/Build/Intermediates.noindex/CoreBluetoothEmulator.build/Debug-watchos/CoreBluetoothEmulator-t.build/Objects-normal/arm64/CoreBluetoothEmulator.abi.json /Users/admin/builder/spi-builder-workspace/.derivedData/Build/Products/Debug-watchos/CoreBluetoothEmulator.swiftmodule/arm64-apple-watchos.abi.json
Copy /Users/admin/builder/spi-builder-workspace/.derivedData/Build/Products/Debug-watchos/CoreBluetoothEmulator.swiftmodule/arm64-apple-watchos.swiftdoc /Users/admin/builder/spi-builder-workspace/.derivedData/Build/Intermediates.noindex/CoreBluetoothEmulator.build/Debug-watchos/CoreBluetoothEmulator-t.build/Objects-normal/arm64/CoreBluetoothEmulator.swiftdoc (in target 'CoreBluetoothEmulator' from project 'CoreBluetoothEmulator')
    cd /Users/admin/builder/spi-builder-workspace
    builtin-copy -exclude .DS_Store -exclude CVS -exclude .svn -exclude .git -exclude .hg -resolve-src-symlinks -rename /Users/admin/builder/spi-builder-workspace/.derivedData/Build/Intermediates.noindex/CoreBluetoothEmulator.build/Debug-watchos/CoreBluetoothEmulator-t.build/Objects-normal/arm64/CoreBluetoothEmulator.swiftdoc /Users/admin/builder/spi-builder-workspace/.derivedData/Build/Products/Debug-watchos/CoreBluetoothEmulator.swiftmodule/arm64-apple-watchos.swiftdoc
Copy /Users/admin/builder/spi-builder-workspace/.derivedData/Build/Products/Debug-watchos/CoreBluetoothEmulator.swiftmodule/arm64-apple-watchos.swiftmodule /Users/admin/builder/spi-builder-workspace/.derivedData/Build/Intermediates.noindex/CoreBluetoothEmulator.build/Debug-watchos/CoreBluetoothEmulator-t.build/Objects-normal/arm64/CoreBluetoothEmulator.swiftmodule (in target 'CoreBluetoothEmulator' from project 'CoreBluetoothEmulator')
    cd /Users/admin/builder/spi-builder-workspace
    builtin-copy -exclude .DS_Store -exclude CVS -exclude .svn -exclude .git -exclude .hg -resolve-src-symlinks -rename /Users/admin/builder/spi-builder-workspace/.derivedData/Build/Intermediates.noindex/CoreBluetoothEmulator.build/Debug-watchos/CoreBluetoothEmulator-t.build/Objects-normal/arm64/CoreBluetoothEmulator.swiftmodule /Users/admin/builder/spi-builder-workspace/.derivedData/Build/Products/Debug-watchos/CoreBluetoothEmulator.swiftmodule/arm64-apple-watchos.swiftmodule
Copy /Users/admin/builder/spi-builder-workspace/.derivedData/Build/Products/Debug-watchos/CoreBluetoothEmulator.swiftmodule/Project/arm64-apple-watchos.swiftsourceinfo /Users/admin/builder/spi-builder-workspace/.derivedData/Build/Intermediates.noindex/CoreBluetoothEmulator.build/Debug-watchos/CoreBluetoothEmulator-t.build/Objects-normal/arm64/CoreBluetoothEmulator.swiftsourceinfo (in target 'CoreBluetoothEmulator' from project 'CoreBluetoothEmulator')
    cd /Users/admin/builder/spi-builder-workspace
    builtin-copy -exclude .DS_Store -exclude CVS -exclude .svn -exclude .git -exclude .hg -resolve-src-symlinks -rename /Users/admin/builder/spi-builder-workspace/.derivedData/Build/Intermediates.noindex/CoreBluetoothEmulator.build/Debug-watchos/CoreBluetoothEmulator-t.build/Objects-normal/arm64/CoreBluetoothEmulator.swiftsourceinfo /Users/admin/builder/spi-builder-workspace/.derivedData/Build/Products/Debug-watchos/CoreBluetoothEmulator.swiftmodule/Project/arm64-apple-watchos.swiftsourceinfo
SwiftCompile normal arm64 Compiling\ EmulatedCBCentral.swift,\ EmulatedCBCentralManager.swift /Users/admin/builder/spi-builder-workspace/Sources/CoreBluetoothEmulator/Internal/EmulatedCBCentral.swift /Users/admin/builder/spi-builder-workspace/Sources/CoreBluetoothEmulator/Internal/EmulatedCBCentralManager.swift (in target 'CoreBluetoothEmulator' from project 'CoreBluetoothEmulator')
SwiftCompile normal arm64 /Users/admin/builder/spi-builder-workspace/Sources/CoreBluetoothEmulator/Internal/EmulatedCBCentral.swift (in target 'CoreBluetoothEmulator' from project 'CoreBluetoothEmulator')
    cd /Users/admin/builder/spi-builder-workspace/.swiftpm/xcode
    builtin-SwiftPerFileCompile EmulatedCBCentral.swift
SwiftCompile normal arm64 /Users/admin/builder/spi-builder-workspace/Sources/CoreBluetoothEmulator/Internal/EmulatedCBCentralManager.swift (in target 'CoreBluetoothEmulator' from project 'CoreBluetoothEmulator')
    cd /Users/admin/builder/spi-builder-workspace/.swiftpm/xcode
    builtin-SwiftPerFileCompile EmulatedCBCentralManager.swift
SwiftCompile normal arm64 Compiling\ EmulatorBus.swift,\ EmulatorConfiguration.swift /Users/admin/builder/spi-builder-workspace/Sources/CoreBluetoothEmulator/EmulatorBus.swift /Users/admin/builder/spi-builder-workspace/Sources/CoreBluetoothEmulator/EmulatorConfiguration.swift (in target 'CoreBluetoothEmulator' from project 'CoreBluetoothEmulator')
/Users/admin/builder/spi-builder-workspace/Sources/CoreBluetoothEmulator/EmulatorBus.swift:39:49: warning: 'CBPeripheralManagerAuthorizationStatus' was deprecated in watchOS 6.0: Use CBManagerAuthorization instead [#DeprecatedDeclaration]
  37 |     private var publishedL2CAPChannels: [UUID: [CBL2CAPPSM: Bool]] = [:]  // peripheral -> PSM -> encryption required
  38 |     private var openL2CAPChannels: [UUID: EmulatedCBL2CAPChannel] = [:]  // channel identifier -> channel
  39 |     private var ancsAuthorizationStatus: [UUID: CBPeripheralManagerAuthorizationStatus] = [:]  // central -> status
     |                                                 `- warning: 'CBPeripheralManagerAuthorizationStatus' was deprecated in watchOS 6.0: Use CBManagerAuthorization instead [#DeprecatedDeclaration]
  40 |
  41 |     private struct ConnectionPair: Hashable {
/Users/admin/builder/spi-builder-workspace/Sources/CoreBluetoothEmulator/EmulatorBus.swift:1136:17: warning: 'CBPeripheralManagerAuthorizationStatus' was deprecated in watchOS 6.0: Use CBManagerAuthorization instead [#DeprecatedDeclaration]
1134 |     public func updateANCSAuthorization(
1135 |         for centralIdentifier: UUID,
1136 |         status: CBPeripheralManagerAuthorizationStatus
     |                 `- warning: 'CBPeripheralManagerAuthorizationStatus' was deprecated in watchOS 6.0: Use CBManagerAuthorization instead [#DeprecatedDeclaration]
1137 |     ) async {
1138 |         guard configuration.fireANCSAuthorizationUpdates else { return }
SwiftCompile normal arm64 /Users/admin/builder/spi-builder-workspace/Sources/CoreBluetoothEmulator/EmulatorBus.swift (in target 'CoreBluetoothEmulator' from project 'CoreBluetoothEmulator')
    cd /Users/admin/builder/spi-builder-workspace/.swiftpm/xcode
    builtin-SwiftPerFileCompile EmulatorBus.swift
SwiftCompile normal arm64 /Users/admin/builder/spi-builder-workspace/Sources/CoreBluetoothEmulator/EmulatorConfiguration.swift (in target 'CoreBluetoothEmulator' from project 'CoreBluetoothEmulator')
    cd /Users/admin/builder/spi-builder-workspace/.swiftpm/xcode
    builtin-SwiftPerFileCompile EmulatorConfiguration.swift
SwiftCompile normal arm64 Compiling\ EmulatedCBL2CAPChannel.swift,\ EmulatedCBPeripheral.swift /Users/admin/builder/spi-builder-workspace/Sources/CoreBluetoothEmulator/Internal/EmulatedCBL2CAPChannel.swift /Users/admin/builder/spi-builder-workspace/Sources/CoreBluetoothEmulator/Internal/EmulatedCBPeripheral.swift (in target 'CoreBluetoothEmulator' from project 'CoreBluetoothEmulator')
/Users/admin/builder/spi-builder-workspace/Sources/CoreBluetoothEmulator/Internal/EmulatedCBL2CAPChannel.swift:41:16: warning: immutable value 'inputPipe' was never used; consider replacing with '_' or removing it [#NoUsage]
 39 |
 40 |         // Create streams from pipes
 41 |         if let inputPipe = inputPipe, let outputPipe = outputPipe {
    |                `- warning: immutable value 'inputPipe' was never used; consider replacing with '_' or removing it [#NoUsage]
 42 |             // Use CFStream for proper stream creation
 43 |             var readStream: Unmanaged<CFReadStream>?
SwiftCompile normal arm64 /Users/admin/builder/spi-builder-workspace/Sources/CoreBluetoothEmulator/Internal/EmulatedCBL2CAPChannel.swift (in target 'CoreBluetoothEmulator' from project 'CoreBluetoothEmulator')
    cd /Users/admin/builder/spi-builder-workspace/.swiftpm/xcode
    builtin-SwiftPerFileCompile EmulatedCBL2CAPChannel.swift
SwiftCompile normal arm64 /Users/admin/builder/spi-builder-workspace/Sources/CoreBluetoothEmulator/Internal/EmulatedCBPeripheral.swift (in target 'CoreBluetoothEmulator' from project 'CoreBluetoothEmulator')
    cd /Users/admin/builder/spi-builder-workspace/.swiftpm/xcode
    builtin-SwiftPerFileCompile EmulatedCBPeripheral.swift
SwiftCompile normal arm64 Compiling\ EmulatedCBPeripheralManager.swift /Users/admin/builder/spi-builder-workspace/Sources/CoreBluetoothEmulator/Internal/EmulatedCBPeripheralManager.swift (in target 'CoreBluetoothEmulator' from project 'CoreBluetoothEmulator')
/Users/admin/builder/spi-builder-workspace/Sources/CoreBluetoothEmulator/Internal/EmulatedCBPeripheralManager.swift:312:48: warning: 'CBPeripheralManagerAuthorizationStatus' was deprecated in watchOS 6.0: Use CBManagerAuthorization instead [#DeprecatedDeclaration]
310 |     // MARK: - Authorization
311 |
312 |     public class func authorizationStatus() -> CBPeripheralManagerAuthorizationStatus {
    |                                                `- warning: 'CBPeripheralManagerAuthorizationStatus' was deprecated in watchOS 6.0: Use CBManagerAuthorization instead [#DeprecatedDeclaration]
313 |         return .authorized
314 |     }
SwiftCompile normal arm64 /Users/admin/builder/spi-builder-workspace/Sources/CoreBluetoothEmulator/Internal/EmulatedCBPeripheralManager.swift (in target 'CoreBluetoothEmulator' from project 'CoreBluetoothEmulator')
    cd /Users/admin/builder/spi-builder-workspace/.swiftpm/xcode
    builtin-SwiftPerFileCompile EmulatedCBPeripheralManager.swift
SwiftCompile normal arm64 Compiling\ EmulatedCBService.swift /Users/admin/builder/spi-builder-workspace/Sources/CoreBluetoothEmulator/Internal/EmulatedCBService.swift (in target 'CoreBluetoothEmulator' from project 'CoreBluetoothEmulator')
SwiftCompile normal arm64 /Users/admin/builder/spi-builder-workspace/Sources/CoreBluetoothEmulator/Internal/EmulatedCBService.swift (in target 'CoreBluetoothEmulator' from project 'CoreBluetoothEmulator')
    cd /Users/admin/builder/spi-builder-workspace/.swiftpm/xcode
    builtin-SwiftPerFileCompile EmulatedCBService.swift
SwiftCompile normal arm64 Compiling\ CoreBluetoothEmulator.swift,\ EmulatedDelegates.swift /Users/admin/builder/spi-builder-workspace/Sources/CoreBluetoothEmulator/CoreBluetoothEmulator.swift /Users/admin/builder/spi-builder-workspace/Sources/CoreBluetoothEmulator/EmulatedDelegates.swift (in target 'CoreBluetoothEmulator' from project 'CoreBluetoothEmulator')
SwiftCompile normal arm64 /Users/admin/builder/spi-builder-workspace/Sources/CoreBluetoothEmulator/CoreBluetoothEmulator.swift (in target 'CoreBluetoothEmulator' from project 'CoreBluetoothEmulator')
    cd /Users/admin/builder/spi-builder-workspace/.swiftpm/xcode
    builtin-SwiftPerFileCompile CoreBluetoothEmulator.swift
SwiftCompile normal arm64 /Users/admin/builder/spi-builder-workspace/Sources/CoreBluetoothEmulator/EmulatedDelegates.swift (in target 'CoreBluetoothEmulator' from project 'CoreBluetoothEmulator')
    cd /Users/admin/builder/spi-builder-workspace/.swiftpm/xcode
    builtin-SwiftPerFileCompile EmulatedDelegates.swift
SwiftCompile normal arm64 Compiling\ EmulatedCBCharacteristic.swift,\ EmulatedCBDescriptor.swift /Users/admin/builder/spi-builder-workspace/Sources/CoreBluetoothEmulator/Internal/EmulatedCBCharacteristic.swift /Users/admin/builder/spi-builder-workspace/Sources/CoreBluetoothEmulator/Internal/EmulatedCBDescriptor.swift (in target 'CoreBluetoothEmulator' from project 'CoreBluetoothEmulator')
SwiftCompile normal arm64 /Users/admin/builder/spi-builder-workspace/Sources/CoreBluetoothEmulator/Internal/EmulatedCBCharacteristic.swift (in target 'CoreBluetoothEmulator' from project 'CoreBluetoothEmulator')
    cd /Users/admin/builder/spi-builder-workspace/.swiftpm/xcode
    builtin-SwiftPerFileCompile EmulatedCBCharacteristic.swift
SwiftCompile normal arm64 /Users/admin/builder/spi-builder-workspace/Sources/CoreBluetoothEmulator/Internal/EmulatedCBDescriptor.swift (in target 'CoreBluetoothEmulator' from project 'CoreBluetoothEmulator')
    cd /Users/admin/builder/spi-builder-workspace/.swiftpm/xcode
    builtin-SwiftPerFileCompile EmulatedCBDescriptor.swift
SwiftCompile normal arm64 Compiling\ InMemoryEmulatorTransport.swift /Users/admin/builder/spi-builder-workspace/Sources/CoreBluetoothEmulator/Transport/InMemoryEmulatorTransport.swift (in target 'CoreBluetoothEmulator' from project 'CoreBluetoothEmulator')
SwiftCompile normal arm64 /Users/admin/builder/spi-builder-workspace/Sources/CoreBluetoothEmulator/Transport/InMemoryEmulatorTransport.swift (in target 'CoreBluetoothEmulator' from project 'CoreBluetoothEmulator')
    cd /Users/admin/builder/spi-builder-workspace/.swiftpm/xcode
    builtin-SwiftPerFileCompile InMemoryEmulatorTransport.swift
SwiftCompile normal arm64 Compiling\ XPCEmulatorTransport.swift /Users/admin/builder/spi-builder-workspace/Sources/CoreBluetoothEmulator/Transport/XPCEmulatorTransport.swift (in target 'CoreBluetoothEmulator' from project 'CoreBluetoothEmulator')
/Users/admin/builder/spi-builder-workspace/Sources/CoreBluetoothEmulator/Transport/XPCEmulatorTransport.swift:105:24: error: 'init(machServiceName:)' is unavailable in watchOS
103 |     private func startHub() async throws {
104 |         // Create XPC listener for incoming connections
105 |         let listener = NSXPCListener(machServiceName: serviceName)
    |                        `- error: 'init(machServiceName:)' is unavailable in watchOS
106 |         listener.delegate = XPCListenerDelegate(transport: self)
107 |         listener.resume()
/Applications/Xcode-27.0.0-Release.Candidate.app/Contents/Developer/Platforms/WatchOS.platform/Developer/SDKs/WatchOS27.0.sdk/System/Library/Frameworks/Foundation.framework/Headers/NSXPCConnection.h:179:1: note: 'init(machServiceName:)' has been explicitly marked unavailable here
177 | ///
178 | /// For example, an agent with a `launchd.plist` in `~/Library/LaunchAgents`, or a daemon with a `launchd.plist` in `/Library/LaunchDaemons`.
179 | - (instancetype)initWithMachServiceName:(NSString *)name NS_DESIGNATED_INITIALIZER API_UNAVAILABLE(ios, watchos, tvos);
    | `- note: 'init(machServiceName:)' has been explicitly marked unavailable here
180 |
181 | /// The delegate for the connection listener.
/Users/admin/builder/spi-builder-workspace/Sources/CoreBluetoothEmulator/Transport/XPCEmulatorTransport.swift:106:27: warning: instance will be immediately deallocated because property 'delegate' is 'weak'
104 |         // Create XPC listener for incoming connections
105 |         let listener = NSXPCListener(machServiceName: serviceName)
106 |         listener.delegate = XPCListenerDelegate(transport: self)
    |                           |- warning: instance will be immediately deallocated because property 'delegate' is 'weak'
    |                           `- note: a strong reference is required to prevent the instance from being deallocated
107 |         listener.resume()
108 |     }
/Applications/Xcode-27.0.0-Release.Candidate.app/Contents/Developer/Platforms/WatchOS.platform/Developer/SDKs/WatchOS27.0.sdk/System/Library/Frameworks/Foundation.framework/Headers/NSXPCConnection.h:184:55: note: 'delegate' declared here
182 | ///
183 | /// If no delegate is set, all new connections will be rejected. See the protocol for more information on how to implement it.
184 | @property (nullable, weak) id <NSXPCListenerDelegate> delegate;
    |                                                       `- note: 'delegate' declared here
185 |
186 | /// An endpoint object which may be sent over an existing connection.
/Users/admin/builder/spi-builder-workspace/Sources/CoreBluetoothEmulator/Transport/XPCEmulatorTransport.swift:112:26: error: 'init(machServiceName:options:)' is unavailable in watchOS
110 |     /// Start as client
111 |     private func startClient() async throws {
112 |         let connection = NSXPCConnection(machServiceName: serviceName)
    |                          `- error: 'init(machServiceName:options:)' is unavailable in watchOS
113 |         connection.remoteObjectInterface = NSXPCInterface(with: XPCEmulatorProtocol.self)
114 |         connection.exportedInterface = NSXPCInterface(with: XPCEmulatorClientProtocol.self)
/Applications/Xcode-27.0.0-Release.Candidate.app/Contents/Developer/Platforms/WatchOS.platform/Developer/SDKs/WatchOS27.0.sdk/System/Library/Frameworks/Foundation.framework/Headers/NSXPCConnection.h:71:1: note: 'init(machServiceName:options:)' has been explicitly marked unavailable here
 69 | ///
 70 | /// For example, an agent with a `launchd.plist` in `~/Library/LaunchAgents`. If the connection is being made to something in a privileged Mach bootstrap (for example, a daemon with a `launchd.plist` in `/Library/LaunchDaemons`), then use the `NSXPCConnectionPrivileged` option. Receiving a non-nil result from this init method does not mean the service name is valid or the service has been launched.
 71 | - (instancetype)initWithMachServiceName:(NSString *)name options:(NSXPCConnectionOptions)options API_UNAVAILABLE(ios, watchos, tvos);
    | `- note: 'init(machServiceName:options:)' has been explicitly marked unavailable here
 72 |
 73 | /// Initializes an `NSXPCConnection` that will connect to an `NSXPCListener` identified by its endpoint.
Failed frontend command:
/Applications/Xcode-27.0.0-Release.Candidate.app/Contents/Developer/Toolchains/XcodeDefault.xctoolchain/usr/bin/swift-frontend -frontend -c /Users/admin/builder/spi-builder-workspace/Sources/CoreBluetoothEmulator/CoreBluetoothEmulator.swift /Users/admin/builder/spi-builder-workspace/Sources/CoreBluetoothEmulator/EmulatedDelegates.swift /Users/admin/builder/spi-builder-workspace/Sources/CoreBluetoothEmulator/EmulatorBus.swift /Users/admin/builder/spi-builder-workspace/Sources/CoreBluetoothEmulator/EmulatorConfiguration.swift /Users/admin/builder/spi-builder-workspace/Sources/CoreBluetoothEmulator/EmulatorInternalEvent.swift /Users/admin/builder/spi-builder-workspace/Sources/CoreBluetoothEmulator/EmulatorTransport.swift /Users/admin/builder/spi-builder-workspace/Sources/CoreBluetoothEmulator/Internal/EmulatedCBCentral.swift /Users/admin/builder/spi-builder-workspace/Sources/CoreBluetoothEmulator/Internal/EmulatedCBCentralManager.swift /Users/admin/builder/spi-builder-workspace/Sources/CoreBluetoothEmulator/Internal/EmulatedCBCharacteristic.swift /Users/admin/builder/spi-builder-workspace/Sources/CoreBluetoothEmulator/Internal/EmulatedCBDescriptor.swift /Users/admin/builder/spi-builder-workspace/Sources/CoreBluetoothEmulator/Internal/EmulatedCBL2CAPChannel.swift /Users/admin/builder/spi-builder-workspace/Sources/CoreBluetoothEmulator/Internal/EmulatedCBPeripheral.swift /Users/admin/builder/spi-builder-workspace/Sources/CoreBluetoothEmulator/Internal/EmulatedCBPeripheralManager.swift /Users/admin/builder/spi-builder-workspace/Sources/CoreBluetoothEmulator/Internal/EmulatedCBService.swift /Users/admin/builder/spi-builder-workspace/Sources/CoreBluetoothEmulator/Transport/InMemoryEmulatorTransport.swift -primary-file /Users/admin/builder/spi-builder-workspace/Sources/CoreBluetoothEmulator/Transport/XPCEmulatorTransport.swift -emit-dependencies-path /Users/admin/builder/spi-builder-workspace/.derivedData/Build/Intermediates.noindex/CoreBluetoothEmulator.build/Debug-watchos/CoreBluetoothEmulator-t.build/Objects-normal/arm64/XPCEmulatorTransport.d -emit-const-values-path /Users/admin/builder/spi-builder-workspace/.derivedData/Build/Intermediates.noindex/CoreBluetoothEmulator.build/Debug-watchos/CoreBluetoothEmulator-t.build/Objects-normal/arm64/XPCEmulatorTransport.swiftconstvalues -emit-reference-dependencies-path /Users/admin/builder/spi-builder-workspace/.derivedData/Build/Intermediates.noindex/CoreBluetoothEmulator.build/Debug-watchos/CoreBluetoothEmulator-t.build/Objects-normal/arm64/XPCEmulatorTransport.swiftdeps -serialize-diagnostics-path /Users/admin/builder/spi-builder-workspace/.derivedData/Build/Intermediates.noindex/CoreBluetoothEmulator.build/Debug-watchos/CoreBluetoothEmulator-t.build/Objects-normal/arm64/XPCEmulatorTransport.dia -target arm64-apple-watchos9.0 -module-can-import-version Darwin 428.0.10 0 -disable-cross-import-overlay-search -swift-module-cross-import Darwin /Applications/Xcode-27.0.0-Release.Candidate.app/Contents/Developer/Platforms/WatchOS.platform/Developer/SDKs/WatchOS.sdk/usr/include/Darwin.swiftcrossimport/xlocale.swiftoverlay -load-resolved-plugin /Applications/Xcode-27.0.0-Release.Candidate.app/Contents/Developer/Platforms/WatchOS.platform/Developer/usr/lib/swift/host/plugins/libFoundationMacros.dylib\#/Applications/Xcode-27.0.0-Release.Candidate.app/Contents/Developer/Platforms/WatchOS.platform/Developer/usr/bin/swift-plugin-server\#FoundationMacros -load-resolved-plugin /Applications/Xcode-27.0.0-Release.Candidate.app/Contents/Developer/Platforms/WatchOS.platform/Developer/usr/lib/swift/host/plugins/libObservationMacros.dylib\#/Applications/Xcode-27.0.0-Release.Candidate.app/Contents/Developer/Platforms/WatchOS.platform/Developer/usr/bin/swift-plugin-server\#ObservationMacros -load-resolved-plugin /Applications/Xcode-27.0.0-Release.Candidate.app/Contents/Developer/Platforms/WatchOS.platform/Developer/usr/lib/swift/host/plugins/libSwiftMacros.dylib\#/Applications/Xcode-27.0.0-Release.Candidate.app/Contents/Developer/Platforms/WatchOS.platform/Developer/usr/bin/swift-plugin-server\#SwiftMacros -disable-implicit-swift-modules -Xcc -fno-implicit-modules -Xcc -fno-implicit-module-maps -explicit-swift-module-map-file /Users/admin/builder/spi-builder-workspace/.derivedData/Build/Intermediates.noindex/CoreBluetoothEmulator.build/Debug-watchos/CoreBluetoothEmulator-t.build/Objects-normal/arm64/CoreBluetoothEmulator-dependencies-1.json -Xllvm -aarch64-use-tbi -enable-objc-interop -stack-check -sdk /Applications/Xcode-27.0.0-Release.Candidate.app/Contents/Developer/Platforms/WatchOS.platform/Developer/SDKs/WatchOS27.0.sdk -I /Users/admin/builder/spi-builder-workspace/.derivedData/Build/Products/Debug-watchos -Isystem /Applications/Xcode-27.0.0-Release.Candidate.app/Contents/Developer/Platforms/WatchOS.platform/Developer/usr/lib -F /Users/admin/builder/spi-builder-workspace/.derivedData/Build/Products/Debug-watchos -F /Applications/Xcode-27.0.0-Release.Candidate.app/Contents/Developer/Platforms/WatchOS.platform/Developer/Library/Frameworks -F /Applications/Xcode-27.0.0-Release.Candidate.app/Contents/Developer/Platforms/WatchOS.platform/Developer/SDKs/WatchOS27.0.sdk/Developer/Library/Frameworks -module-cache-path /Users/admin/builder/spi-builder-workspace/.derivedData/Build/Intermediates.noindex/SwiftExplicitPrecompiledModules -no-color-diagnostics -Xcc -fno-color-diagnostics -enable-testing -g -debug-info-format\=dwarf -dwarf-version\=4 -profile-generate -profile-coverage-mapping -swift-version 5 -Onone -D SWIFT_PACKAGE -D DEBUG -D SWIFT_MODULE_RESOURCE_BUNDLE_UNAVAILABLE -D Xcode -serialize-debugging-options -enable-experimental-feature DebugDescriptionMacro -empty-abi-descriptor -validate-clang-modules-once -clang-build-session-file /Users/admin/builder/spi-builder-workspace/.derivedData/ModuleCache.noindex/Session.modulevalidation -Xcc -working-directory -Xcc /Users/admin/builder/spi-builder-workspace/.swiftpm/xcode -enable-anonymous-context-mangled-names -file-compilation-dir /Users/admin/builder/spi-builder-workspace/.swiftpm/xcode -Xcc -D_LIBCPP_HARDENING_MODE\=_LIBCPP_HARDENING_MODE_DEBUG -Xcc -ivfsstatcache -Xcc /Users/admin/builder/spi-builder-workspace/.derivedData/SDKStatCaches.noindex/watchos27.0-24R360-e829b21a6f8c9b70876ba0858053c04477534ef55a1706bf4c1112bbb242f0a2.sdkstatcache -Xcc -fmodules-prune-interval\=86400 -Xcc -fmodules-prune-after\=345600 -Xcc -I/Users/admin/builder/spi-builder-workspace/.derivedData/Build/Products/Debug-watchos/include -Xcc -I/Users/admin/builder/spi-builder-workspace/.derivedData/Build/Intermediates.noindex/CoreBluetoothEmulator.build/Debug-watchos/CoreBluetoothEmulator-t.build/DerivedSources-normal/arm64 -Xcc -I/Users/admin/builder/spi-builder-workspace/.derivedData/Build/Intermediates.noindex/CoreBluetoothEmulator.build/Debug-watchos/CoreBluetoothEmulator-t.build/DerivedSources/arm64 -Xcc -I/Users/admin/builder/spi-builder-workspace/.derivedData/Build/Intermediates.noindex/CoreBluetoothEmulator.build/Debug-watchos/CoreBluetoothEmulator-t.build/DerivedSources -Xcc -DSWIFT_PACKAGE -Xcc -DDEBUG\=1 -no-auto-bridging-header-chaining -module-name CoreBluetoothEmulator -package-name spi_builder_workspace -const-gather-protocols-file /Users/admin/builder/spi-builder-workspace/.derivedData/Build/Intermediates.noindex/CoreBluetoothEmulator.build/Debug-watchos/CoreBluetoothEmulator-t.build/Objects-normal/arm64/CoreBluetoothEmulator_const_extract_protocols.json -disable-clang-spi -clang-target arm64-apple-watchos27.0 -target-sdk-version 27.0 -target-sdk-name watchos27.0 -in-process-plugin-server-path /Applications/Xcode-27.0.0-Release.Candidate.app/Contents/Developer/Toolchains/XcodeDefault.xctoolchain/usr/lib/swift/host/libSwiftInProcPluginServer.dylib -parse-as-library -o /Users/admin/builder/spi-builder-workspace/.derivedData/Build/Intermediates.noindex/CoreBluetoothEmulator.build/Debug-watchos/CoreBluetoothEmulator-t.build/Objects-normal/arm64/XPCEmulatorTransport.o -debug-module-path /Users/admin/builder/spi-builder-workspace/.derivedData/Build/Intermediates.noindex/CoreBluetoothEmulator.build/Debug-watchos/CoreBluetoothEmulator-t.build/Objects-normal/arm64/CoreBluetoothEmulator.swiftmodule -index-unit-output-path /CoreBluetoothEmulator.build/Debug-watchos/CoreBluetoothEmulator-t.build/Objects-normal/arm64/XPCEmulatorTransport.o -index-store-path /Users/admin/builder/spi-builder-workspace/.derivedData/Index.noindex/DataStore -index-system-modules
SwiftCompile normal arm64 /Users/admin/builder/spi-builder-workspace/Sources/CoreBluetoothEmulator/Transport/XPCEmulatorTransport.swift (in target 'CoreBluetoothEmulator' from project 'CoreBluetoothEmulator')
    cd /Users/admin/builder/spi-builder-workspace/.swiftpm/xcode
    builtin-SwiftPerFileCompile XPCEmulatorTransport.swift
SwiftEmitModule normal arm64 Emitting\ module\ for\ CoreBluetoothEmulator (in target 'CoreBluetoothEmulator' from project 'CoreBluetoothEmulator')
/Users/admin/builder/spi-builder-workspace/Sources/CoreBluetoothEmulator/EmulatorBus.swift:39:49: warning: 'CBPeripheralManagerAuthorizationStatus' was deprecated in watchOS 6.0: Use CBManagerAuthorization instead [#DeprecatedDeclaration]
  37 |     private var publishedL2CAPChannels: [UUID: [CBL2CAPPSM: Bool]] = [:]  // peripheral -> PSM -> encryption required
  38 |     private var openL2CAPChannels: [UUID: EmulatedCBL2CAPChannel] = [:]  // channel identifier -> channel
  39 |     private var ancsAuthorizationStatus: [UUID: CBPeripheralManagerAuthorizationStatus] = [:]  // central -> status
     |                                                 `- warning: 'CBPeripheralManagerAuthorizationStatus' was deprecated in watchOS 6.0: Use CBManagerAuthorization instead [#DeprecatedDeclaration]
  40 |
  41 |     private struct ConnectionPair: Hashable {
/Users/admin/builder/spi-builder-workspace/Sources/CoreBluetoothEmulator/EmulatorBus.swift:1136:17: warning: 'CBPeripheralManagerAuthorizationStatus' was deprecated in watchOS 6.0: Use CBManagerAuthorization instead [#DeprecatedDeclaration]
1134 |     public func updateANCSAuthorization(
1135 |         for centralIdentifier: UUID,
1136 |         status: CBPeripheralManagerAuthorizationStatus
     |                 `- warning: 'CBPeripheralManagerAuthorizationStatus' was deprecated in watchOS 6.0: Use CBManagerAuthorization instead [#DeprecatedDeclaration]
1137 |     ) async {
1138 |         guard configuration.fireANCSAuthorizationUpdates else { return }
SwiftCompile normal arm64 (in target 'CoreBluetoothEmulator' from project 'CoreBluetoothEmulator')
    cd /Users/admin/builder/spi-builder-workspace/.swiftpm/xcode

SwiftEmitModule normal arm64_32 Emitting\ module\ for\ CoreBluetoothEmulator (in target 'CoreBluetoothEmulator' from project 'CoreBluetoothEmulator')
SwiftCompile normal arm64_32 (in target 'CoreBluetoothEmulator' from project 'CoreBluetoothEmulator')
    cd /Users/admin/builder/spi-builder-workspace/.swiftpm/xcode

SwiftDriverJobDiscovery normal arm64 Compiling CoreBluetoothEmulator.swift, EmulatedDelegates.swift (in target 'CoreBluetoothEmulator' from project 'CoreBluetoothEmulator')
SwiftCompile normal arm64_32 Compiling\ InMemoryEmulatorTransport.swift /Users/admin/builder/spi-builder-workspace/Sources/CoreBluetoothEmulator/Transport/InMemoryEmulatorTransport.swift (in target 'CoreBluetoothEmulator' from project 'CoreBluetoothEmulator')
SwiftCompile normal arm64_32 /Users/admin/builder/spi-builder-workspace/Sources/CoreBluetoothEmulator/Transport/InMemoryEmulatorTransport.swift (in target 'CoreBluetoothEmulator' from project 'CoreBluetoothEmulator')
    cd /Users/admin/builder/spi-builder-workspace/.swiftpm/xcode
    builtin-SwiftPerFileCompile InMemoryEmulatorTransport.swift
PruneExplicitPrecompiledModules /Users/admin/builder/spi-builder-workspace/.derivedData/SDKExplicitPrecompiledModules
PruneExplicitPrecompiledModules /Users/admin/builder/spi-builder-workspace/.derivedData/Build/Intermediates.noindex/ExplicitPrecompiledModules
PruneExplicitPrecompiledModules /Users/admin/builder/spi-builder-workspace/.derivedData/Build/Intermediates.noindex/SwiftExplicitPrecompiledModules
2026-09-23 07:01:44.453 xcodebuild[738:4558] [MT] IDERunDestination: Supported platforms for the buildables in the current scheme is empty.
** BUILD FAILED **
The following build commands failed:
	SwiftCompile normal arm64 Compiling\ XPCEmulatorTransport.swift /Users/admin/builder/spi-builder-workspace/Sources/CoreBluetoothEmulator/Transport/XPCEmulatorTransport.swift (in target 'CoreBluetoothEmulator' from project 'CoreBluetoothEmulator')
	SwiftCompile normal arm64 /Users/admin/builder/spi-builder-workspace/Sources/CoreBluetoothEmulator/Transport/XPCEmulatorTransport.swift (in target 'CoreBluetoothEmulator' from project 'CoreBluetoothEmulator')
	Building workspace CoreBluetoothEmulator with scheme CoreBluetoothEmulator
(3 failures)
BUILD FAILURE 6.4 watchOS