Build Information
Failed to build ZendeskSDKCoreUtilities, reference 8.2.0 (96b1e9), with Swift 6.4 for macOS (Xcode) using Xcode 27.0 on 3 Oct 2026 18:38:49 UTC.
Build Command
env DEVELOPER_DIR=/Applications/Xcode-27.0.0-Release.Candidate.app xcrun xcodebuild -IDEClonedSourcePackagesDirPathOverride=$PWD/.dependencies -skipMacroValidation -skipPackagePluginValidation -derivedDataPath $PWD/.derivedData build -scheme ZendeskSDKCoreUtilities -destination platform=macOS,arch=arm64Build Log
========================================
RunAll
========================================
Builder version: 5.1.1
Interrupt handler set up.
========================================
Checkout
========================================
Clone URL: https://github.com/zendesk/sdk_core_utilities_ios.git
Reference: 8.2.0
Initialized empty Git repository in /Users/admin/builder/spi-builder-workspace/.git/
From https://github.com/zendesk/sdk_core_utilities_ios
* tag 8.2.0 -> FETCH_HEAD
HEAD is now at 96b1e9c [RELEASE] New version 8.2.0
Cloned https://github.com/zendesk/sdk_core_utilities_ios.git
Revision (git rev-parse @):
96b1e9c71fe1ffe784341e810da7573c78f852a9
SUCCESS checkout https://github.com/zendesk/sdk_core_utilities_ios.git at 8.2.0
========================================
Build
========================================
Selected platform: macosXcodebuild
Swift version: 6.4
Building package at path: $PWD
https://github.com/zendesk/sdk_core_utilities_ios.git
Command line invocation:
/Applications/Xcode-27.0.0-Release.Candidate.app/Contents/Developer/usr/bin/xcodebuild -IDEClonedSourcePackagesDirPathOverride=/Users/admin/builder/spi-builder-workspace/.dependencies -resolvePackageDependencies
Resolve Package Graph
Resolve Package Graph
Resolved source packages:
ZendeskSDKCoreUtilities: /Users/admin/builder/spi-builder-workspace
resolved source packages: ZendeskSDKCoreUtilities
2026-10-03 14:38:02.422 xcodebuild[525:3007] [MT] IDERunDestination: Supported platforms for the buildables in the current scheme is empty.
{
"dependencies" : [
],
"manifest_display_name" : "ZendeskSDKCoreUtilities",
"name" : "ZendeskSDKCoreUtilities",
"path" : "/Users/admin/builder/spi-builder-workspace",
"platforms" : [
{
"name" : "ios",
"version" : "16.0"
}
],
"products" : [
{
"name" : "ZendeskSDKCoreUtilities",
"targets" : [
"ZendeskSDKCoreUtilities"
],
"type" : {
"library" : [
"automatic"
]
}
}
],
"targets" : [
{
"c99name" : "ZendeskSDKCoreUtilities",
"module_type" : "BinaryTarget",
"name" : "ZendeskSDKCoreUtilities",
"path" : "ZendeskSDKCoreUtilities.xcframework",
"product_memberships" : [
"ZendeskSDKCoreUtilities"
],
"sources" : [
],
"type" : "binary"
}
],
"tools_version" : "5.7"
}
{
"workspace" : {
"name" : "ZendeskSDKCoreUtilities",
"schemes" : [
"ZendeskSDKCoreUtilities"
]
}
}
2026-10-03 14:38:43.172 xcodebuild[623:3944] [MT] IDERunDestination: Supported platforms for the buildables in the current scheme is empty.
Running build ...
env DEVELOPER_DIR=/Applications/Xcode-27.0.0-Release.Candidate.app xcrun xcodebuild -IDEClonedSourcePackagesDirPathOverride=$PWD/.dependencies -skipMacroValidation -skipPackagePluginValidation -derivedDataPath $PWD/.derivedData build -scheme ZendeskSDKCoreUtilities -destination platform=macOS,arch=arm64
Command line invocation:
/Applications/Xcode-27.0.0-Release.Candidate.app/Contents/Developer/usr/bin/xcodebuild -IDEClonedSourcePackagesDirPathOverride=/Users/admin/builder/spi-builder-workspace/.dependencies -skipMacroValidation -skipPackagePluginValidation -derivedDataPath /Users/admin/builder/spi-builder-workspace/.derivedData build -scheme ZendeskSDKCoreUtilities -destination platform=macOS,arch=arm64
Resolve Package Graph
Resolved source packages:
ZendeskSDKCoreUtilities: /Users/admin/builder/spi-builder-workspace
ComputePackagePrebuildTargetDependencyGraph
Prepare packages
CreateBuildRequest
SendProjectDescription
CreateBuildOperation
ComputeTargetDependencyGraph
note: Building targets in dependency order
note: Target dependency graph (1 target)
Target 'ZendeskSDKCoreUtilities-product' in project 'ZendeskSDKCoreUtilities' (no dependencies)
GatherProvisioningInputs
CreateBuildDescription
ExecuteExternalTool /Applications/Xcode-27.0.0-Release.Candidate.app/Contents/Developer/Toolchains/XcodeDefault.xctoolchain/usr/bin/clang -v -E -dM -isysroot /Applications/Xcode-27.0.0-Release.Candidate.app/Contents/Developer/Platforms/MacOSX.platform/Developer/SDKs/MacOSX27.0.sdk -x c -c /dev/null
Build description signature: ed7a1a6621c682fee00a2d1001990d13
Build description path: /Users/admin/builder/spi-builder-workspace/.derivedData/Build/Intermediates.noindex/XCBuildData/ed7a1a6621c682fee00a2d1001990d13.xcbuilddata
/Users/admin/builder/spi-builder-workspace/ZendeskSDKCoreUtilities.xcframework:1:1: error: While building for macOS, no library for this platform was found in '/Users/admin/builder/spi-builder-workspace/ZendeskSDKCoreUtilities.xcframework'. (in target 'ZendeskSDKCoreUtilities-product' from project 'ZendeskSDKCoreUtilities')
2026-10-03 14:38:44.865 xcodebuild[644:4139] [MT] IDERunDestination: Supported platforms for the buildables in the current scheme is empty.
--- xcodebuild: WARNING: Using the first of multiple matching destinations:
{ platform:macOS, arch:arm64, id:7dd50084959d182e36fde7a74da8ac7bd333e94c, name:My Mac }
{ platform:macOS, arch:arm64, variant:Mac Catalyst, id:7dd50084959d182e36fde7a74da8ac7bd333e94c, name:My Mac }
{ platform:macOS, arch:arm64, variant:DriverKit, id:7dd50084959d182e36fde7a74da8ac7bd333e94c, name:My Mac }
{ platform:macOS, arch:arm64, variant:Designed for [iPad,iPhone], id:7dd50084959d182e36fde7a74da8ac7bd333e94c, name:My Mac }
** BUILD FAILED **
The following build commands failed:
Building workspace ZendeskSDKCoreUtilities with scheme ZendeskSDKCoreUtilities
(1 failure)
Command line invocation:
/Applications/Xcode-27.0.0-Release.Candidate.app/Contents/Developer/usr/bin/xcodebuild -IDEClonedSourcePackagesDirPathOverride=/Users/admin/builder/spi-builder-workspace/.dependencies -resolvePackageDependencies
Resolve Package Graph
Resolved source packages:
ZendeskSDKCoreUtilities: /Users/admin/builder/spi-builder-workspace
resolved source packages: ZendeskSDKCoreUtilities
2026-10-03 14:38:46.520 xcodebuild[666:4291] [MT] IDERunDestination: Supported platforms for the buildables in the current scheme is empty.
{
"dependencies" : [
],
"manifest_display_name" : "ZendeskSDKCoreUtilities",
"name" : "ZendeskSDKCoreUtilities",
"path" : "/Users/admin/builder/spi-builder-workspace",
"platforms" : [
{
"name" : "ios",
"version" : "16.0"
}
],
"products" : [
{
"name" : "ZendeskSDKCoreUtilities",
"targets" : [
"ZendeskSDKCoreUtilities"
],
"type" : {
"library" : [
"automatic"
]
}
}
],
"targets" : [
{
"c99name" : "ZendeskSDKCoreUtilities",
"module_type" : "BinaryTarget",
"name" : "ZendeskSDKCoreUtilities",
"path" : "ZendeskSDKCoreUtilities.xcframework",
"product_memberships" : [
"ZendeskSDKCoreUtilities"
],
"sources" : [
],
"type" : "binary"
}
],
"tools_version" : "5.7"
}
{
"workspace" : {
"name" : "ZendeskSDKCoreUtilities",
"schemes" : [
"ZendeskSDKCoreUtilities"
]
}
}
2026-10-03 14:38:47.777 xcodebuild[674:4351] [MT] IDERunDestination: Supported platforms for the buildables in the current scheme is empty.
Running build ...
env DEVELOPER_DIR=/Applications/Xcode-27.0.0-Release.Candidate.app xcrun xcodebuild -IDEClonedSourcePackagesDirPathOverride=$PWD/.dependencies -skipMacroValidation -skipPackagePluginValidation -derivedDataPath $PWD/.derivedData build -scheme ZendeskSDKCoreUtilities -destination platform=macOS,arch=arm64
Command line invocation:
/Applications/Xcode-27.0.0-Release.Candidate.app/Contents/Developer/usr/bin/xcodebuild -IDEClonedSourcePackagesDirPathOverride=/Users/admin/builder/spi-builder-workspace/.dependencies -skipMacroValidation -skipPackagePluginValidation -derivedDataPath /Users/admin/builder/spi-builder-workspace/.derivedData build -scheme ZendeskSDKCoreUtilities -destination platform=macOS,arch=arm64
Resolve Package Graph
Resolved source packages:
ZendeskSDKCoreUtilities: /Users/admin/builder/spi-builder-workspace
ComputePackagePrebuildTargetDependencyGraph
Prepare packages
CreateBuildRequest
SendProjectDescription
CreateBuildOperation
ComputeTargetDependencyGraph
note: Building targets in dependency order
note: Target dependency graph (1 target)
Target 'ZendeskSDKCoreUtilities-product' in project 'ZendeskSDKCoreUtilities' (no dependencies)
GatherProvisioningInputs
CreateBuildDescription
/Users/admin/builder/spi-builder-workspace/ZendeskSDKCoreUtilities.xcframework:1:1: error: While building for macOS, no library for this platform was found in '/Users/admin/builder/spi-builder-workspace/ZendeskSDKCoreUtilities.xcframework'. (in target 'ZendeskSDKCoreUtilities-product' from project 'ZendeskSDKCoreUtilities')
2026-10-03 14:38:48.739 xcodebuild[675:4376] [MT] IDERunDestination: Supported platforms for the buildables in the current scheme is empty.
--- xcodebuild: WARNING: Using the first of multiple matching destinations:
{ platform:macOS, arch:arm64, id:7dd50084959d182e36fde7a74da8ac7bd333e94c, name:My Mac }
{ platform:macOS, arch:arm64, variant:Mac Catalyst, id:7dd50084959d182e36fde7a74da8ac7bd333e94c, name:My Mac }
{ platform:macOS, arch:arm64, variant:DriverKit, id:7dd50084959d182e36fde7a74da8ac7bd333e94c, name:My Mac }
{ platform:macOS, arch:arm64, variant:Designed for [iPad,iPhone], id:7dd50084959d182e36fde7a74da8ac7bd333e94c, name:My Mac }
** BUILD FAILED **
The following build commands failed:
Building workspace ZendeskSDKCoreUtilities with scheme ZendeskSDKCoreUtilities
(1 failure)
BUILD FAILURE 6.4 macosXcodebuild