Build Information
Failed to build Openhealthcardkit, reference main (98ef7e), with Swift 6.3 for Wasm on 30 Sep 2026 01:16:46 UTC.
Build Command
bash -c docker run --pull=always --rm -v "checkouts-54344844-3":/host -w "$PWD" -e JAVA_HOME="/root/.sdkman/candidates/java/current" -e SPI_BUILD="1" -e SPI_PROCESSING="1" registry.gitlab.com/saguaro1/spi-images:wasm-6.3-latest swift build --swift-sdk swift-6.3.2-RELEASE_wasm 2>&1Build Log
========================================
RunAll
========================================
Builder version: 5.1.0
Interrupt handler set up.
========================================
Checkout
========================================
Clone URL: https://github.com/gematik/ref-OpenHealthCardKit.git
Reference: main
Initialized empty Git repository in /host/spi-builder-workspace/.git/
hint: Using 'master' as the name for the initial branch. This default branch name
hint: is subject to change. To configure the initial branch name to use in all
hint: of your new repositories, which will suppress this warning, call:
hint:
hint: git config --global init.defaultBranch <name>
hint:
hint: Names commonly chosen instead of 'master' are 'main', 'trunk' and
hint: 'development'. The just-created branch can be renamed via this command:
hint:
hint: git branch -m <name>
From https://github.com/gematik/ref-OpenHealthCardKit
* branch main -> FETCH_HEAD
* [new branch] main -> origin/main
HEAD is now at 98ef7e4 AGENTS.md and backlog-md for task tracking (#54)
Cloned https://github.com/gematik/ref-OpenHealthCardKit.git
Revision (git rev-parse @):
98ef7e4e192002ee6335c0b71ede535606d86660
SPI manifest file found: $PWD/.spi.yml
SUCCESS checkout https://github.com/gematik/ref-OpenHealthCardKit.git at main
========================================
Build
========================================
Selected platform: wasm
Swift version: 6.3
Building package at path: $PWD
https://github.com/gematik/ref-OpenHealthCardKit.git
Running build ...
bash -c docker run --pull=always --rm -v "checkouts-54344844-3":/host -w "$PWD" -e JAVA_HOME="/root/.sdkman/candidates/java/current" -e SPI_BUILD="1" -e SPI_PROCESSING="1" registry.gitlab.com/saguaro1/spi-images:wasm-6.3-latest swift build --swift-sdk swift-6.3.2-RELEASE_wasm 2>&1
wasm-6.3-latest: Pulling from saguaro1/spi-images
Digest: sha256:253aad7f5b11d25cf9eaef34120b94cd8a325782929c57fb304a7711494a3f9a
Status: Image is up to date for registry.gitlab.com/saguaro1/spi-images:wasm-6.3-latest
Fetching https://github.com/Quick/Nimble
Fetching https://github.com/gematik/OpenSSL-Swift
Fetching https://github.com/apple/swift-docc-plugin
Fetching https://github.com/gematik/ASN1Kit.git
[1/2345] Fetching swift-docc-plugin
[2/3394] Fetching swift-docc-plugin, openssl-swift
[3395/23380] Fetching swift-docc-plugin, openssl-swift, nimble
[5594/24661] Fetching swift-docc-plugin, openssl-swift, nimble, asn1kit
Fetched https://github.com/gematik/ASN1Kit.git from cache (0.86s)
Fetched https://github.com/gematik/OpenSSL-Swift from cache (0.86s)
Fetched https://github.com/apple/swift-docc-plugin from cache (0.87s)
[3398/19986] Fetching nimble
Fetched https://github.com/Quick/Nimble from cache (1.65s)
Computing version for https://github.com/Quick/Nimble
warning: 'nimble': /Package.swift:4:15: warning: 'init(name:defaultLocalization:platforms:pkgConfig:providers:products:dependencies:targets:swiftLanguageVersions:cLanguageStandard:cxxLanguageStandard:)' is deprecated: replaced by 'init(name:defaultLocalization:platforms:pkgConfig:providers:products:dependencies:targets:swiftLanguageModes:cLanguageStandard:cxxLanguageStandard:)' [#DeprecatedDeclaration]
2 | import PackageDescription
3 |
4 | let package = Package(
| |- warning: 'init(name:defaultLocalization:platforms:pkgConfig:providers:products:dependencies:targets:swiftLanguageVersions:cLanguageStandard:cxxLanguageStandard:)' is deprecated: replaced by 'init(name:defaultLocalization:platforms:pkgConfig:providers:products:dependencies:targets:swiftLanguageModes:cLanguageStandard:cxxLanguageStandard:)' [#DeprecatedDeclaration]
| `- note: use 'init(name:defaultLocalization:platforms:pkgConfig:providers:products:dependencies:targets:swiftLanguageModes:cLanguageStandard:cxxLanguageStandard:)' instead
5 | name: "Nimble",
6 | platforms: [
[#DeprecatedDeclaration]: <https://docs.swift.org/compiler/documentation/diagnostics/deprecated-declaration>
Computed https://github.com/Quick/Nimble at 14.0.0 (1.87s)
Fetching https://github.com/mattgallagher/CwlPreconditionTesting.git
[1/1257] Fetching cwlpreconditiontesting
Fetched https://github.com/mattgallagher/CwlPreconditionTesting.git from cache (0.48s)
Computing version for https://github.com/mattgallagher/CwlPreconditionTesting.git
Computed https://github.com/mattgallagher/CwlPreconditionTesting.git at 2.2.2 (1.68s)
Fetching https://github.com/mattgallagher/CwlCatchException.git
[1/460] Fetching cwlcatchexception
Fetched https://github.com/mattgallagher/CwlCatchException.git from cache (0.43s)
Computing version for https://github.com/mattgallagher/CwlCatchException.git
Computed https://github.com/mattgallagher/CwlCatchException.git at 2.2.1 (0.74s)
Computing version for https://github.com/gematik/ASN1Kit.git
Computed https://github.com/gematik/ASN1Kit.git at 1.3.1 (0.34s)
Fetching http://github.com/Carthage/Commandant
[24/2329] Fetching commandant
Fetched http://github.com/Carthage/Commandant from cache (0.49s)
Computing version for http://github.com/Carthage/Commandant
Computed http://github.com/Carthage/Commandant at 0.18.0 (0.84s)
Computing version for https://github.com/apple/swift-docc-plugin
Computed https://github.com/apple/swift-docc-plugin at 1.5.0 (0.36s)
Fetching https://github.com/swiftlang/swift-docc-symbolkit
[1/3832] Fetching swift-docc-symbolkit
Fetched https://github.com/swiftlang/swift-docc-symbolkit from cache (0.71s)
Computing version for https://github.com/swiftlang/swift-docc-symbolkit
Computed https://github.com/swiftlang/swift-docc-symbolkit at 1.0.0 (1.14s)
Computing version for https://github.com/gematik/OpenSSL-Swift
Computed https://github.com/gematik/OpenSSL-Swift at 4.6.2 (0.31s)
Creating working copy for https://github.com/mattgallagher/CwlPreconditionTesting.git
Working copy of https://github.com/mattgallagher/CwlPreconditionTesting.git resolved at 2.2.2
Creating working copy for https://github.com/gematik/OpenSSL-Swift
Working copy of https://github.com/gematik/OpenSSL-Swift resolved at 4.6.2
Creating working copy for https://github.com/apple/swift-docc-plugin
Working copy of https://github.com/apple/swift-docc-plugin resolved at 1.5.0
Creating working copy for https://github.com/swiftlang/swift-docc-symbolkit
Working copy of https://github.com/swiftlang/swift-docc-symbolkit resolved at 1.0.0
Creating working copy for https://github.com/gematik/ASN1Kit.git
Working copy of https://github.com/gematik/ASN1Kit.git resolved at 1.3.1
Creating working copy for https://github.com/Quick/Nimble
Working copy of https://github.com/Quick/Nimble resolved at 14.0.0
Creating working copy for https://github.com/mattgallagher/CwlCatchException.git
Working copy of https://github.com/mattgallagher/CwlCatchException.git resolved at 2.2.1
Creating working copy for http://github.com/Carthage/Commandant
Working copy of http://github.com/Carthage/Commandant resolved at 0.18.0
warning: 'nimble': /host/spi-builder-workspace/.build/checkouts/Nimble/Package.swift:4:15: warning: 'init(name:defaultLocalization:platforms:pkgConfig:providers:products:dependencies:targets:swiftLanguageVersions:cLanguageStandard:cxxLanguageStandard:)' is deprecated: replaced by 'init(name:defaultLocalization:platforms:pkgConfig:providers:products:dependencies:targets:swiftLanguageModes:cLanguageStandard:cxxLanguageStandard:)' [#DeprecatedDeclaration]
2 | import PackageDescription
3 |
4 | let package = Package(
| |- warning: 'init(name:defaultLocalization:platforms:pkgConfig:providers:products:dependencies:targets:swiftLanguageVersions:cLanguageStandard:cxxLanguageStandard:)' is deprecated: replaced by 'init(name:defaultLocalization:platforms:pkgConfig:providers:products:dependencies:targets:swiftLanguageModes:cLanguageStandard:cxxLanguageStandard:)' [#DeprecatedDeclaration]
| `- note: use 'init(name:defaultLocalization:platforms:pkgConfig:providers:products:dependencies:targets:swiftLanguageModes:cLanguageStandard:cxxLanguageStandard:)' instead
5 | name: "Nimble",
6 | platforms: [
[#DeprecatedDeclaration]: <https://docs.swift.org/compiler/documentation/diagnostics/deprecated-declaration>
Downloading binary artifact https://github.com/gematik/OpenSSL-Swift/releases/download/4.6.2/OpenSSL.xcframework.zip
[16375/13035310] Downloading https://github.com/gematik/OpenSSL-Swift/releases/download/4.6.2/OpenSSL.xcframework.zip
Downloaded https://github.com/gematik/OpenSSL-Swift/releases/download/4.6.2/OpenSSL.xcframework.zip (1.56s)
[1/1] Compiling plugin Swift-DocC Preview
[2/2] Compiling plugin Swift-DocC
Building for debugging...
[2/10] Write sources
[9/10] Write swift-version-24593BA9C3E375BF.txt
[11/38] Emitting module ASN1Kit
[12/41] Compiling ASN1Kit Data+ASN1Int.swift
[13/41] Compiling ASN1Kit Data+UInt.swift
[14/41] Compiling ASN1Kit Int+Length.swift
[15/41] Emitting module Helper
[16/41] Compiling ASN1Kit ASN1Data.swift
[17/41] Compiling ASN1Kit ASN1DecodedTag.swift
[18/41] Compiling ASN1Kit ASN1Decoder.swift
[19/41] Compiling ASN1Kit ASN1Error.swift
[20/41] Compiling Helper CommandLogger.swift
[21/41] Compiling ASN1Kit ASN1Int.swift
[22/42] Compiling ASN1Kit ASN1Object.swift
[23/42] Compiling ASN1Kit ASN1Tag.swift
[24/42] Compiling ASN1Kit DataScanner.swift
[25/42] Compiling ASN1Kit OutputStream+UInt8.swift
[26/42] Compiling ASN1Kit String+Subscript.swift
[27/42] Compiling ASN1Kit UInt+TagNo.swift
[28/42] Compiling ASN1Kit Data+Hex.swift
[29/42] Compiling ASN1Kit ObjectIdentifier.swift
[30/42] Compiling ASN1Kit ASN1CodableType.swift
[31/42] Compiling ASN1Kit ASN1Object+Encoding.swift
[32/42] Compiling ASN1Kit GeneralizedTimeDateFormatter.swift
[33/42] Compiling ASN1Kit Int+ASN1Encoding.swift
[34/42] Compiling ASN1Kit String+ASN1Encoding.swift
[36/42] Compiling ASN1Kit ASN1DecodedTag+Encoding.swift
[37/42] Compiling ASN1Kit ASN1Object+Subscript.swift
[38/42] Compiling ASN1Kit ASN1Primitive+Description.swift
[39/42] Compiling ASN1Kit Array+ASN1Encoding.swift
[40/42] Compiling ASN1Kit Bool+ASN1Encoding.swift
[41/42] Compiling ASN1Kit Data+ASN1Encoding.swift
[42/42] Compiling ASN1Kit Date+ASN1Encoding.swift
[44/58] Compiling CardReaderProviderApi CardReaderProviderType.swift
/host/spi-builder-workspace/Sources/CardReaderProviderApi/Provider/CardReaderProviderType.swift:28:2: error: Objective-C interoperability is disabled
26 | and/or CardReaderProvider(s) within the HealthCardAccess domain.
27 | */
28 | @objc public protocol CardReaderProviderType {
| `- error: Objective-C interoperability is disabled
29 | /**
30 | Tell the provider to load and initialize the CardReaderController
[45/58] Compiling CardReaderProviderApi CardReaderControllerType.swift
/host/spi-builder-workspace/Sources/CardReaderProviderApi/Provider/CardReaderProviderType.swift:28:2: error: Objective-C interoperability is disabled
26 | and/or CardReaderProvider(s) within the HealthCardAccess domain.
27 | */
28 | @objc public protocol CardReaderProviderType {
| `- error: Objective-C interoperability is disabled
29 | /**
30 | Tell the provider to load and initialize the CardReaderController
[46/58] Compiling CardReaderProviderApi ProviderDescriptor.swift
/host/spi-builder-workspace/Sources/CardReaderProviderApi/Model/ProviderDescriptorType.swift:24:2: error: Objective-C interoperability is disabled
22 |
23 | /// Card Reader Provider information
24 | @objc public protocol ProviderDescriptorType {
| `- error: Objective-C interoperability is disabled
25 | /// Provider (displayable) commercial name
26 | var name: String { get }
[47/58] Compiling CardReaderProviderApi ProviderDescriptorType.swift
/host/spi-builder-workspace/Sources/CardReaderProviderApi/Model/ProviderDescriptorType.swift:24:2: error: Objective-C interoperability is disabled
22 |
23 | /// Card Reader Provider information
24 | @objc public protocol ProviderDescriptorType {
| `- error: Objective-C interoperability is disabled
25 | /// Provider (displayable) commercial name
26 | var name: String { get }
[48/59] Compiling CardReaderProviderApi CardReaderType.swift
[49/59] Compiling CardReaderProviderApi ResponseType+APDU.swift
[50/59] Compiling CardReaderProviderApi ResponseType.swift
[51/59] Compiling CardReaderProviderApi CommandType+LogicChannel.swift
/host/spi-builder-workspace/Sources/CardReaderProviderApi/Card/CardError.swift:32:20: error: cannot find type 'NSException' in scope
30 | case illegalState(Error?)
31 | /// An ObjC NSException was thrown
32 | case objcError(NSException?)
| `- error: cannot find type 'NSException' in scope
33 | }
34 |
[52/59] Compiling CardReaderProviderApi CommandType.swift
/host/spi-builder-workspace/Sources/CardReaderProviderApi/Card/CardError.swift:32:20: error: cannot find type 'NSException' in scope
30 | case illegalState(Error?)
31 | /// An ObjC NSException was thrown
32 | case objcError(NSException?)
| `- error: cannot find type 'NSException' in scope
33 | }
34 |
[53/59] Compiling CardReaderProviderApi CardProtocol.swift
[54/59] Compiling CardReaderProviderApi CardType.swift
[55/59] Compiling CardReaderProviderApi CardChannelType.swift
/host/spi-builder-workspace/Sources/CardReaderProviderApi/Card/CardError.swift:32:20: error: cannot find type 'NSException' in scope
30 | case illegalState(Error?)
31 | /// An ObjC NSException was thrown
32 | case objcError(NSException?)
| `- error: cannot find type 'NSException' in scope
33 | }
34 |
[56/59] Compiling CardReaderProviderApi CardError.swift
/host/spi-builder-workspace/Sources/CardReaderProviderApi/Card/CardError.swift:32:20: error: cannot find type 'NSException' in scope
30 | case illegalState(Error?)
31 | /// An ObjC NSException was thrown
32 | case objcError(NSException?)
| `- error: cannot find type 'NSException' in scope
33 | }
34 |
error: emit-module command failed with exit code 1 (use -v to see invocation)
[57/59] Emitting module CardReaderProviderApi
/host/spi-builder-workspace/Sources/CardReaderProviderApi/Card/CardError.swift:32:20: error: cannot find type 'NSException' in scope
30 | case illegalState(Error?)
31 | /// An ObjC NSException was thrown
32 | case objcError(NSException?)
| `- error: cannot find type 'NSException' in scope
33 | }
34 |
/host/spi-builder-workspace/Sources/CardReaderProviderApi/Model/ProviderDescriptorType.swift:24:2: error: Objective-C interoperability is disabled
22 |
23 | /// Card Reader Provider information
24 | @objc public protocol ProviderDescriptorType {
| `- error: Objective-C interoperability is disabled
25 | /// Provider (displayable) commercial name
26 | var name: String { get }
/host/spi-builder-workspace/Sources/CardReaderProviderApi/Provider/CardReaderProviderType.swift:28:2: error: Objective-C interoperability is disabled
26 | and/or CardReaderProvider(s) within the HealthCardAccess domain.
27 | */
28 | @objc public protocol CardReaderProviderType {
| `- error: Objective-C interoperability is disabled
29 | /**
30 | Tell the provider to load and initialize the CardReaderController
[58/59] Compiling CardReaderProviderApi APDU.swift
[59/59] Compiling CardReaderProviderApi CommandType+APDU.swift
BUILD FAILURE 6.3 wasm