The Swift Package Index logo.Swift Package Index

Build Information

Failed to build elementary, reference main (793219), with Swift 6.4 for watchOS using Xcode 27.0 on 10 Oct 2026 09:54:10 UTC.

Build Command

env DEVELOPER_DIR=/Applications/Xcode-27.0.0-Release.Candidate.app xcrun xcodebuild -IDEClonedSourcePackagesDirPathOverride=$PWD/.dependencies -skipMacroValidation -skipPackagePluginValidation -derivedDataPath $PWD/.derivedData build -scheme elementary -destination generic/platform=watchOS

Build Log

========================================
RunAll
========================================
Builder version: 5.1.1
Interrupt handler set up.
========================================
Checkout
========================================
Clone URL: https://github.com/elementary-swift/elementary.git
Reference: main
Initialized empty Git repository in /Users/admin/builder/spi-builder-workspace/.git/
From https://github.com/elementary-swift/elementary
 * branch            main       -> FETCH_HEAD
 * [new branch]      main       -> origin/main
HEAD is now at 793219f drop Swift 6.1 support (#116)
Cloned https://github.com/elementary-swift/elementary.git
Revision (git rev-parse @):
793219fe7da40f086b3b5ce2ab5b70642f83e77b
SPI manifest file found: $PWD/.spi.yml
SUCCESS checkout https://github.com/elementary-swift/elementary.git at main
========================================
Build
========================================
Selected platform:         watchOS
Swift version:             6.4
Building package at path:  $PWD
https://github.com/elementary-swift/elementary.git
Command line invocation:
    /Applications/Xcode-27.0.0.app/Contents/Developer/usr/bin/xcodebuild -IDEClonedSourcePackagesDirPathOverride=/Users/admin/builder/spi-builder-workspace/.dependencies -resolvePackageDependencies
Resolve Package Graph
Resolve Package Graph
Resolved source packages:
  elementary: /Users/admin/builder/spi-builder-workspace
resolved source packages: elementary
2026-10-10 05:53:29.026 xcodebuild[528:3049] [MT] IDERunDestination: Supported platforms for the buildables in the current scheme is empty.
{
  "dependencies" : [
  ],
  "manifest_display_name" : "elementary",
  "name" : "elementary",
  "path" : "/Users/admin/builder/spi-builder-workspace",
  "platforms" : [
    {
      "name" : "macos",
      "version" : "14.0"
    },
    {
      "name" : "ios",
      "version" : "15.0"
    },
    {
      "name" : "tvos",
      "version" : "17.0"
    },
    {
      "name" : "watchos",
      "version" : "10.0"
    }
  ],
  "products" : [
    {
      "name" : "Elementary",
      "targets" : [
        "Elementary"
      ],
      "type" : {
        "library" : [
          "automatic"
        ]
      }
    }
  ],
  "targets" : [
    {
      "c99name" : "ElementaryTests",
      "module_type" : "SwiftTarget",
      "name" : "ElementaryTests",
      "path" : "Tests/ElementaryTests",
      "sources" : [
        "AsyncRenderingTests.swift",
        "AttributeRenderingTests.swift",
        "ClassAndStyleRenderingTests.swift",
        "CompositionRenderingTest.swift",
        "ContentBuilderTests.swift",
        "FormattedRenderingTest.swift",
        "SVGRenderingTests.swift",
        "SendableAnyHTMLBox.swift",
        "StyleKeyValuePairsTests.swift",
        "TagRenderingTests.swift",
        "TaskLocalValueRenderingTests.swift",
        "TextRenderingTests.swift",
        "TupleRenderingTests.swift",
        "Utilities.swift"
      ],
      "target_dependencies" : [
        "Elementary"
      ],
      "type" : "test"
    },
    {
      "c99name" : "Elementary",
      "module_type" : "SwiftTarget",
      "name" : "Elementary",
      "path" : "Sources/Elementary",
      "product_memberships" : [
        "Elementary"
      ],
      "sources" : [
        "Content/AsyncContent.swift",
        "Content/AsyncForEach.swift",
        "Content/Content+Renderable.swift",
        "Content/ContentBuilder+Tuples.swift",
        "Content/ContentBuilder.swift",
        "Content/ForEach.swift",
        "Content/Group.swift",
        "HTML/HTML+Renderable.swift",
        "HTML/HTML+StructuralContent.swift",
        "HTML/HTML+TaskLocalValue.swift",
        "HTML/HTML.swift",
        "HTML/HTMLAttributes+Common.swift",
        "HTML/HTMLAttributes+Event.swift",
        "HTML/HTMLAttributes+Global.swift",
        "HTML/HTMLComment.swift",
        "HTML/HTMLDocument.swift",
        "HTML/HTMLElement.swift",
        "HTML/HTMLElements.swift",
        "HTML/HTMLRaw.swift",
        "HTML/HTMLTags.swift",
        "HTML/HTMLVoidElement.swift",
        "Markup/AttributeStorage.swift",
        "Markup/AttributedElement.swift",
        "Markup/Markup+Renderable.swift",
        "Markup/MarkupAttribute.swift",
        "Markup/MarkupContent+Structural.swift",
        "Markup/MarkupContent.swift",
        "Markup/MarkupTagDefinition.swift",
        "Markup/StoredAttribute+StyleKeyValuePairs.swift",
        "Markup/StoredAttribute.swift",
        "Markup/TaskLocalValue.swift",
        "Rendering/AsyncHTMLRenderer.swift",
        "Rendering/HtmlTextRenderer.swift",
        "Rendering/MarkupContent+Render.swift",
        "Rendering/Renderable.swift",
        "Rendering/RenderingUtils.swift",
        "SVG/SVG+Renderable.swift",
        "SVG/SVG.swift",
        "SVG/SVGAttributes.swift",
        "SVG/SVGContent+Structural.swift",
        "SVG/SVGElement.swift",
        "SVG/SVGTags.swift",
        "SVG/SVGValues.swift",
        "ServerSupport/SendOnceBox.swift",
        "ServerSupport/SendableAnyHTMLBox.swift"
      ],
      "type" : "library"
    }
  ],
  "tools_version" : "6.2"
}
{
  "workspace" : {
    "name" : "elementary",
    "schemes" : [
      "elementary"
    ]
  }
}
2026-10-10 05:54:01.249 xcodebuild[625:3901] [MT] IDERunDestination: Supported platforms for the buildables in the current scheme is empty.
Running build ...
env DEVELOPER_DIR=/Applications/Xcode-27.0.0-Release.Candidate.app xcrun xcodebuild -IDEClonedSourcePackagesDirPathOverride=$PWD/.dependencies -skipMacroValidation -skipPackagePluginValidation -derivedDataPath $PWD/.derivedData build -scheme elementary -destination generic/platform=watchOS
Command line invocation:
    /Applications/Xcode-27.0.0.app/Contents/Developer/usr/bin/xcodebuild -IDEClonedSourcePackagesDirPathOverride=/Users/admin/builder/spi-builder-workspace/.dependencies -skipMacroValidation -skipPackagePluginValidation -derivedDataPath /Users/admin/builder/spi-builder-workspace/.derivedData build -scheme elementary -destination generic/platform=watchOS
Resolve Package Graph
Resolved source packages:
  elementary: /Users/admin/builder/spi-builder-workspace
ComputePackagePrebuildTargetDependencyGraph
Prepare packages
CreateBuildRequest
SendProjectDescription
CreateBuildOperation
ComputeTargetDependencyGraph
note: Building targets in dependency order
note: Target dependency graph (2 targets)
    Target 'Elementary-product' in project 'elementary'
        ➜ Explicit dependency on target 'Elementary' in project 'elementary'
    Target 'Elementary' in project 'elementary' (no dependencies)
GatherProvisioningInputs
CreateBuildDescription
ExecuteExternalTool /Applications/Xcode-27.0.0.app/Contents/Developer/Toolchains/XcodeDefault.xctoolchain/usr/bin/clang -v -E -dM -isysroot /Applications/Xcode-27.0.0.app/Contents/Developer/Platforms/WatchOS.platform/Developer/SDKs/WatchOS27.0.sdk -x c -c /dev/null
ExecuteExternalTool /Applications/Xcode-27.0.0.app/Contents/Developer/Toolchains/XcodeDefault.xctoolchain/usr/bin/swiftc --version
ExecuteExternalTool /Applications/Xcode-27.0.0.app/Contents/Developer/Toolchains/XcodeDefault.xctoolchain/usr/bin/ld -version_details
Build description signature: b9f711ab7b467cb3eef294100049cd8d
Build description path: /Users/admin/builder/spi-builder-workspace/.derivedData/Build/Intermediates.noindex/XCBuildData/b9f711ab7b467cb3eef294100049cd8d.xcbuilddata
CreateBuildDirectory /Users/admin/builder/spi-builder-workspace/.derivedData/ModuleCache.noindex
    cd /Users/admin/builder/spi-builder-workspace/.swiftpm/xcode
    builtin-create-build-directory /Users/admin/builder/spi-builder-workspace/.derivedData/ModuleCache.noindex
CreateBuildDirectory /Users/admin/builder/spi-builder-workspace/.derivedData/SDKExplicitPrecompiledModules
    cd /Users/admin/builder/spi-builder-workspace/.swiftpm/xcode
    builtin-create-build-directory /Users/admin/builder/spi-builder-workspace/.derivedData/SDKExplicitPrecompiledModules
CreateBuildDirectory /Users/admin/builder/spi-builder-workspace/.derivedData/CompilationCache.noindex
    cd /Users/admin/builder/spi-builder-workspace/.swiftpm/xcode
    builtin-create-build-directory /Users/admin/builder/spi-builder-workspace/.derivedData/CompilationCache.noindex
ClangStatCache /Applications/Xcode-27.0.0.app/Contents/Developer/Toolchains/XcodeDefault.xctoolchain/usr/bin/clang-stat-cache /Applications/Xcode-27.0.0.app/Contents/Developer/Platforms/WatchOS.platform/Developer/SDKs/WatchOS27.0.sdk /Users/admin/builder/spi-builder-workspace/.derivedData/SDKStatCaches.noindex/watchos27.0-24R360-e829b21a6f8c9b70876ba0858053c044b9db9bc9c079ee3c7b5f3373b13d10bc.sdkstatcache
    cd /Users/admin/builder/spi-builder-workspace/.swiftpm/xcode
    /Applications/Xcode-27.0.0.app/Contents/Developer/Toolchains/XcodeDefault.xctoolchain/usr/bin/clang-stat-cache /Applications/Xcode-27.0.0.app/Contents/Developer/Platforms/WatchOS.platform/Developer/SDKs/WatchOS27.0.sdk -o /Users/admin/builder/spi-builder-workspace/.derivedData/SDKStatCaches.noindex/watchos27.0-24R360-e829b21a6f8c9b70876ba0858053c044b9db9bc9c079ee3c7b5f3373b13d10bc.sdkstatcache
CreateBuildDirectory /Users/admin/builder/spi-builder-workspace/.derivedData/Build/Products
    cd /Users/admin/builder/spi-builder-workspace/.swiftpm/xcode
    builtin-create-build-directory /Users/admin/builder/spi-builder-workspace/.derivedData/Build/Products
CreateBuildDirectory /Users/admin/builder/spi-builder-workspace/.derivedData/Build/Intermediates.noindex
    cd /Users/admin/builder/spi-builder-workspace/.swiftpm/xcode
    builtin-create-build-directory /Users/admin/builder/spi-builder-workspace/.derivedData/Build/Intermediates.noindex
CreateBuildDirectory /Users/admin/builder/spi-builder-workspace/.derivedData/Build/Intermediates.noindex/SwiftExplicitPrecompiledModules
    cd /Users/admin/builder/spi-builder-workspace/.swiftpm/xcode
    builtin-create-build-directory /Users/admin/builder/spi-builder-workspace/.derivedData/Build/Intermediates.noindex/SwiftExplicitPrecompiledModules
CreateBuildDirectory /Users/admin/builder/spi-builder-workspace/.derivedData/Build/Intermediates.noindex/PrecompiledHeaders
    cd /Users/admin/builder/spi-builder-workspace/.swiftpm/xcode
    builtin-create-build-directory /Users/admin/builder/spi-builder-workspace/.derivedData/Build/Intermediates.noindex/PrecompiledHeaders
CreateBuildDirectory /Users/admin/builder/spi-builder-workspace/.derivedData/Build/Intermediates.noindex/ExplicitPrecompiledModules
    cd /Users/admin/builder/spi-builder-workspace/.swiftpm/xcode
    builtin-create-build-directory /Users/admin/builder/spi-builder-workspace/.derivedData/Build/Intermediates.noindex/ExplicitPrecompiledModules
CreateBuildDirectory /Users/admin/builder/spi-builder-workspace/.derivedData/Build/Products/Debug-watchos
    cd /Users/admin/builder/spi-builder-workspace/.swiftpm/xcode
    builtin-create-build-directory /Users/admin/builder/spi-builder-workspace/.derivedData/Build/Products/Debug-watchos
CreateBuildDirectory /Users/admin/builder/spi-builder-workspace/.derivedData/Build/Intermediates.noindex/EagerLinkingTBDs/Debug-watchos
    cd /Users/admin/builder/spi-builder-workspace/.swiftpm/xcode
    builtin-create-build-directory /Users/admin/builder/spi-builder-workspace/.derivedData/Build/Intermediates.noindex/EagerLinkingTBDs/Debug-watchos
CreateBuildDirectory /Users/admin/builder/spi-builder-workspace/.derivedData/Build/Products/Debug-watchos/PackageFrameworks
    cd /Users/admin/builder/spi-builder-workspace/.swiftpm/xcode
    builtin-create-build-directory /Users/admin/builder/spi-builder-workspace/.derivedData/Build/Products/Debug-watchos/PackageFrameworks
WriteAuxiliaryFile /Users/admin/builder/spi-builder-workspace/.derivedData/Build/Intermediates.noindex/elementary.build/Debug-watchos/Elementary-t.build/Objects-normal/arm64_32/Elementary.LinkFileList (in target 'Elementary' from project 'elementary')
    cd /Users/admin/builder/spi-builder-workspace
    write-file /Users/admin/builder/spi-builder-workspace/.derivedData/Build/Intermediates.noindex/elementary.build/Debug-watchos/Elementary-t.build/Objects-normal/arm64_32/Elementary.LinkFileList
WriteAuxiliaryFile /Users/admin/builder/spi-builder-workspace/.derivedData/Build/Intermediates.noindex/elementary.build/Debug-watchos/Elementary-t.build/Objects-normal/arm64_32/Elementary-OutputFileMap.json (in target 'Elementary' from project 'elementary')
    cd /Users/admin/builder/spi-builder-workspace
    write-file /Users/admin/builder/spi-builder-workspace/.derivedData/Build/Intermediates.noindex/elementary.build/Debug-watchos/Elementary-t.build/Objects-normal/arm64_32/Elementary-OutputFileMap.json
WriteAuxiliaryFile /Users/admin/builder/spi-builder-workspace/.derivedData/Build/Intermediates.noindex/elementary.build/Debug-watchos/Elementary-t.build/Objects-normal/arm64_32/Elementary_const_extract_protocols.json (in target 'Elementary' from project 'elementary')
    cd /Users/admin/builder/spi-builder-workspace
    write-file /Users/admin/builder/spi-builder-workspace/.derivedData/Build/Intermediates.noindex/elementary.build/Debug-watchos/Elementary-t.build/Objects-normal/arm64_32/Elementary_const_extract_protocols.json
WriteAuxiliaryFile /Users/admin/builder/spi-builder-workspace/.derivedData/Build/Intermediates.noindex/elementary.build/Debug-watchos/Elementary-t.build/Objects-normal/arm64_32/Elementary.SwiftFileList (in target 'Elementary' from project 'elementary')
    cd /Users/admin/builder/spi-builder-workspace
    write-file /Users/admin/builder/spi-builder-workspace/.derivedData/Build/Intermediates.noindex/elementary.build/Debug-watchos/Elementary-t.build/Objects-normal/arm64_32/Elementary.SwiftFileList
WriteAuxiliaryFile /Users/admin/builder/spi-builder-workspace/.derivedData/Build/Intermediates.noindex/elementary.build/Debug-watchos/Elementary-t.build/Objects-normal/arm64_32/Elementary.SwiftConstValuesFileList (in target 'Elementary' from project 'elementary')
    cd /Users/admin/builder/spi-builder-workspace
    write-file /Users/admin/builder/spi-builder-workspace/.derivedData/Build/Intermediates.noindex/elementary.build/Debug-watchos/Elementary-t.build/Objects-normal/arm64_32/Elementary.SwiftConstValuesFileList
WriteAuxiliaryFile /Users/admin/builder/spi-builder-workspace/.derivedData/Build/Intermediates.noindex/elementary.build/Debug-watchos/Elementary-t.build/Objects-normal/arm64/Elementary_const_extract_protocols.json (in target 'Elementary' from project 'elementary')
    cd /Users/admin/builder/spi-builder-workspace
    write-file /Users/admin/builder/spi-builder-workspace/.derivedData/Build/Intermediates.noindex/elementary.build/Debug-watchos/Elementary-t.build/Objects-normal/arm64/Elementary_const_extract_protocols.json
WriteAuxiliaryFile /Users/admin/builder/spi-builder-workspace/.derivedData/Build/Intermediates.noindex/elementary.build/Debug-watchos/Elementary-t.build/Objects-normal/arm64/Elementary.SwiftConstValuesFileList (in target 'Elementary' from project 'elementary')
    cd /Users/admin/builder/spi-builder-workspace
    write-file /Users/admin/builder/spi-builder-workspace/.derivedData/Build/Intermediates.noindex/elementary.build/Debug-watchos/Elementary-t.build/Objects-normal/arm64/Elementary.SwiftConstValuesFileList
WriteAuxiliaryFile /Users/admin/builder/spi-builder-workspace/.derivedData/Build/Intermediates.noindex/elementary.build/Debug-watchos/Elementary-t.build/Objects-normal/arm64/Elementary.SwiftFileList (in target 'Elementary' from project 'elementary')
    cd /Users/admin/builder/spi-builder-workspace
    write-file /Users/admin/builder/spi-builder-workspace/.derivedData/Build/Intermediates.noindex/elementary.build/Debug-watchos/Elementary-t.build/Objects-normal/arm64/Elementary.SwiftFileList
WriteAuxiliaryFile /Users/admin/builder/spi-builder-workspace/.derivedData/Build/Intermediates.noindex/elementary.build/Debug-watchos/Elementary-t.build/Objects-normal/arm64/Elementary.LinkFileList (in target 'Elementary' from project 'elementary')
    cd /Users/admin/builder/spi-builder-workspace
    write-file /Users/admin/builder/spi-builder-workspace/.derivedData/Build/Intermediates.noindex/elementary.build/Debug-watchos/Elementary-t.build/Objects-normal/arm64/Elementary.LinkFileList
WriteAuxiliaryFile /Users/admin/builder/spi-builder-workspace/.derivedData/Build/Intermediates.noindex/elementary.build/Debug-watchos/Elementary-t.build/Elementary.modulemap (in target 'Elementary' from project 'elementary')
    cd /Users/admin/builder/spi-builder-workspace
    write-file /Users/admin/builder/spi-builder-workspace/.derivedData/Build/Intermediates.noindex/elementary.build/Debug-watchos/Elementary-t.build/Elementary.modulemap
WriteAuxiliaryFile /Users/admin/builder/spi-builder-workspace/.derivedData/Build/Intermediates.noindex/elementary.build/Debug-watchos/Elementary-t.build/Objects-normal/arm64/Elementary-OutputFileMap.json (in target 'Elementary' from project 'elementary')
    cd /Users/admin/builder/spi-builder-workspace
    write-file /Users/admin/builder/spi-builder-workspace/.derivedData/Build/Intermediates.noindex/elementary.build/Debug-watchos/Elementary-t.build/Objects-normal/arm64/Elementary-OutputFileMap.json
WriteAuxiliaryFile /Users/admin/builder/spi-builder-workspace/.derivedData/Build/Intermediates.noindex/elementary.build/Debug-watchos/Elementary-t.build/Elementary.DependencyStaticMetadataFileList (in target 'Elementary' from project 'elementary')
    cd /Users/admin/builder/spi-builder-workspace
    write-file /Users/admin/builder/spi-builder-workspace/.derivedData/Build/Intermediates.noindex/elementary.build/Debug-watchos/Elementary-t.build/Elementary.DependencyStaticMetadataFileList
WriteAuxiliaryFile /Users/admin/builder/spi-builder-workspace/.derivedData/Build/Intermediates.noindex/elementary.build/Debug-watchos/Elementary-t.build/Elementary.DependencyMetadataFileList (in target 'Elementary' from project 'elementary')
    cd /Users/admin/builder/spi-builder-workspace
    write-file /Users/admin/builder/spi-builder-workspace/.derivedData/Build/Intermediates.noindex/elementary.build/Debug-watchos/Elementary-t.build/Elementary.DependencyMetadataFileList
Copy /Users/admin/builder/spi-builder-workspace/.derivedData/Build/Intermediates.noindex/GeneratedModuleMaps-watchos/Elementary.modulemap /Users/admin/builder/spi-builder-workspace/.derivedData/Build/Intermediates.noindex/elementary.build/Debug-watchos/Elementary-t.build/Elementary.modulemap (in target 'Elementary' from project 'elementary')
    cd /Users/admin/builder/spi-builder-workspace
    builtin-copy -exclude .DS_Store -exclude CVS -exclude .svn -exclude .git -exclude .hg -resolve-src-symlinks /Users/admin/builder/spi-builder-workspace/.derivedData/Build/Intermediates.noindex/elementary.build/Debug-watchos/Elementary-t.build/Elementary.modulemap /Users/admin/builder/spi-builder-workspace/.derivedData/Build/Intermediates.noindex/GeneratedModuleMaps-watchos
SwiftDriver Elementary normal arm64 com.apple.xcode.tools.swift.compiler (in target 'Elementary' from project 'elementary')
    cd /Users/admin/builder/spi-builder-workspace/.swiftpm/xcode
    builtin-SwiftDriver -- /Applications/Xcode-27.0.0.app/Contents/Developer/Toolchains/XcodeDefault.xctoolchain/usr/bin/swiftc -parse-as-library -module-name Elementary -Onone @/Users/admin/builder/spi-builder-workspace/.derivedData/Build/Intermediates.noindex/elementary.build/Debug-watchos/Elementary-t.build/Objects-normal/arm64/Elementary.SwiftFileList -DSWIFT_PACKAGE -DDEBUG -DSWIFT_MODULE_RESOURCE_BUNDLE_UNAVAILABLE -DXcode -enable-upcoming-feature ExistentialAny -plugin-path /Applications/Xcode-27.0.0.app/Contents/Developer/Toolchains/XcodeDefault.xctoolchain/usr/lib/swift/host/plugins/testing -enable-experimental-feature DebugDescriptionMacro -sdk /Applications/Xcode-27.0.0.app/Contents/Developer/Platforms/WatchOS.platform/Developer/SDKs/WatchOS27.0.sdk -target arm64-apple-watchos10.0 -g -module-cache-path /Users/admin/builder/spi-builder-workspace/.derivedData/ModuleCache.noindex -Xfrontend -serialize-debugging-options -profile-coverage-mapping -profile-generate -enable-testing -index-store-path /Users/admin/builder/spi-builder-workspace/.derivedData/Index.noindex/DataStore -Xcc -D_LIBCPP_HARDENING_MODE\=_LIBCPP_HARDENING_MODE_DEBUG -swift-version 6 -I /Users/admin/builder/spi-builder-workspace/.derivedData/Build/Products/Debug-watchos -Isystem /Applications/Xcode-27.0.0.app/Contents/Developer/Platforms/WatchOS.platform/Developer/usr/lib -F /Users/admin/builder/spi-builder-workspace/.derivedData/Build/Products/Debug-watchos -F /Applications/Xcode-27.0.0.app/Contents/Developer/Platforms/WatchOS.platform/Developer/Library/Frameworks -F /Applications/Xcode-27.0.0.app/Contents/Developer/Platforms/WatchOS.platform/Developer/SDKs/WatchOS27.0.sdk/Developer/Library/Frameworks -c -j10 -enable-batch-mode -incremental -Xcc -ivfsstatcache -Xcc /Users/admin/builder/spi-builder-workspace/.derivedData/SDKStatCaches.noindex/watchos27.0-24R360-e829b21a6f8c9b70876ba0858053c044b9db9bc9c079ee3c7b5f3373b13d10bc.sdkstatcache -output-file-map /Users/admin/builder/spi-builder-workspace/.derivedData/Build/Intermediates.noindex/elementary.build/Debug-watchos/Elementary-t.build/Objects-normal/arm64/Elementary-OutputFileMap.json -save-temps -no-color-diagnostics -explicit-module-build -module-cache-path /Users/admin/builder/spi-builder-workspace/.derivedData/Build/Intermediates.noindex/SwiftExplicitPrecompiledModules -clang-scanner-module-cache-path /Users/admin/builder/spi-builder-workspace/.derivedData/ModuleCache.noindex -sdk-module-cache-path /Users/admin/builder/spi-builder-workspace/.derivedData/SDKExplicitPrecompiledModules -emit-dependencies -emit-module -emit-module-path /Users/admin/builder/spi-builder-workspace/.derivedData/Build/Intermediates.noindex/elementary.build/Debug-watchos/Elementary-t.build/Objects-normal/arm64/Elementary.swiftmodule -serialize-diagnostics -dependency-scan-serialize-diagnostics-path /Users/admin/builder/spi-builder-workspace/.derivedData/Build/Intermediates.noindex/elementary.build/Debug-watchos/Elementary-t.build/Objects-normal/arm64/Elementary-dependency-scan.dia -validate-clang-modules-once -clang-build-session-file /Users/admin/builder/spi-builder-workspace/.derivedData/ModuleCache.noindex/Session.modulevalidation -Xcc -fmodules-prune-interval\=86400 -Xcc -fmodules-prune-after\=345600 -package-name spi_builder_workspace -emit-const-values -const-gather-protocols-list /Users/admin/builder/spi-builder-workspace/.derivedData/Build/Intermediates.noindex/elementary.build/Debug-watchos/Elementary-t.build/Objects-normal/arm64/Elementary_const_extract_protocols.json -Xcc -I/Users/admin/builder/spi-builder-workspace/.derivedData/Build/Products/Debug-watchos/include -Xcc -I/Users/admin/builder/spi-builder-workspace/.derivedData/Build/Intermediates.noindex/elementary.build/Debug-watchos/Elementary-t.build/DerivedSources-normal/arm64 -Xcc -I/Users/admin/builder/spi-builder-workspace/.derivedData/Build/Intermediates.noindex/elementary.build/Debug-watchos/Elementary-t.build/DerivedSources/arm64 -Xcc -I/Users/admin/builder/spi-builder-workspace/.derivedData/Build/Intermediates.noindex/elementary.build/Debug-watchos/Elementary-t.build/DerivedSources -Xcc -DSWIFT_PACKAGE -Xcc -DDEBUG\=1 -emit-objc-header -emit-objc-header-path /Users/admin/builder/spi-builder-workspace/.derivedData/Build/Intermediates.noindex/elementary.build/Debug-watchos/Elementary-t.build/Objects-normal/arm64/Elementary-Swift.h -working-directory /Users/admin/builder/spi-builder-workspace/.swiftpm/xcode -experimental-emit-module-separately -disable-cmo
SwiftDriver Elementary normal arm64_32 com.apple.xcode.tools.swift.compiler (in target 'Elementary' from project 'elementary')
    cd /Users/admin/builder/spi-builder-workspace/.swiftpm/xcode
    builtin-SwiftDriver -- /Applications/Xcode-27.0.0.app/Contents/Developer/Toolchains/XcodeDefault.xctoolchain/usr/bin/swiftc -parse-as-library -module-name Elementary -Onone @/Users/admin/builder/spi-builder-workspace/.derivedData/Build/Intermediates.noindex/elementary.build/Debug-watchos/Elementary-t.build/Objects-normal/arm64_32/Elementary.SwiftFileList -DSWIFT_PACKAGE -DDEBUG -DSWIFT_MODULE_RESOURCE_BUNDLE_UNAVAILABLE -DXcode -enable-upcoming-feature ExistentialAny -plugin-path /Applications/Xcode-27.0.0.app/Contents/Developer/Toolchains/XcodeDefault.xctoolchain/usr/lib/swift/host/plugins/testing -enable-experimental-feature DebugDescriptionMacro -sdk /Applications/Xcode-27.0.0.app/Contents/Developer/Platforms/WatchOS.platform/Developer/SDKs/WatchOS27.0.sdk -target arm64_32-apple-watchos10.0 -g -module-cache-path /Users/admin/builder/spi-builder-workspace/.derivedData/ModuleCache.noindex -Xfrontend -serialize-debugging-options -profile-coverage-mapping -profile-generate -enable-testing -index-store-path /Users/admin/builder/spi-builder-workspace/.derivedData/Index.noindex/DataStore -Xcc -D_LIBCPP_HARDENING_MODE\=_LIBCPP_HARDENING_MODE_DEBUG -swift-version 6 -I /Users/admin/builder/spi-builder-workspace/.derivedData/Build/Products/Debug-watchos -Isystem /Applications/Xcode-27.0.0.app/Contents/Developer/Platforms/WatchOS.platform/Developer/usr/lib -F /Users/admin/builder/spi-builder-workspace/.derivedData/Build/Products/Debug-watchos -F /Applications/Xcode-27.0.0.app/Contents/Developer/Platforms/WatchOS.platform/Developer/Library/Frameworks -F /Applications/Xcode-27.0.0.app/Contents/Developer/Platforms/WatchOS.platform/Developer/SDKs/WatchOS27.0.sdk/Developer/Library/Frameworks -c -j10 -enable-batch-mode -incremental -Xcc -ivfsstatcache -Xcc /Users/admin/builder/spi-builder-workspace/.derivedData/SDKStatCaches.noindex/watchos27.0-24R360-e829b21a6f8c9b70876ba0858053c044b9db9bc9c079ee3c7b5f3373b13d10bc.sdkstatcache -output-file-map /Users/admin/builder/spi-builder-workspace/.derivedData/Build/Intermediates.noindex/elementary.build/Debug-watchos/Elementary-t.build/Objects-normal/arm64_32/Elementary-OutputFileMap.json -save-temps -no-color-diagnostics -explicit-module-build -module-cache-path /Users/admin/builder/spi-builder-workspace/.derivedData/Build/Intermediates.noindex/SwiftExplicitPrecompiledModules -clang-scanner-module-cache-path /Users/admin/builder/spi-builder-workspace/.derivedData/ModuleCache.noindex -sdk-module-cache-path /Users/admin/builder/spi-builder-workspace/.derivedData/SDKExplicitPrecompiledModules -emit-dependencies -emit-module -emit-module-path /Users/admin/builder/spi-builder-workspace/.derivedData/Build/Intermediates.noindex/elementary.build/Debug-watchos/Elementary-t.build/Objects-normal/arm64_32/Elementary.swiftmodule -serialize-diagnostics -dependency-scan-serialize-diagnostics-path /Users/admin/builder/spi-builder-workspace/.derivedData/Build/Intermediates.noindex/elementary.build/Debug-watchos/Elementary-t.build/Objects-normal/arm64_32/Elementary-dependency-scan.dia -validate-clang-modules-once -clang-build-session-file /Users/admin/builder/spi-builder-workspace/.derivedData/ModuleCache.noindex/Session.modulevalidation -Xcc -fmodules-prune-interval\=86400 -Xcc -fmodules-prune-after\=345600 -package-name spi_builder_workspace -emit-const-values -const-gather-protocols-list /Users/admin/builder/spi-builder-workspace/.derivedData/Build/Intermediates.noindex/elementary.build/Debug-watchos/Elementary-t.build/Objects-normal/arm64_32/Elementary_const_extract_protocols.json -Xcc -I/Users/admin/builder/spi-builder-workspace/.derivedData/Build/Products/Debug-watchos/include -Xcc -I/Users/admin/builder/spi-builder-workspace/.derivedData/Build/Intermediates.noindex/elementary.build/Debug-watchos/Elementary-t.build/DerivedSources-normal/arm64_32 -Xcc -I/Users/admin/builder/spi-builder-workspace/.derivedData/Build/Intermediates.noindex/elementary.build/Debug-watchos/Elementary-t.build/DerivedSources/arm64_32 -Xcc -I/Users/admin/builder/spi-builder-workspace/.derivedData/Build/Intermediates.noindex/elementary.build/Debug-watchos/Elementary-t.build/DerivedSources -Xcc -DSWIFT_PACKAGE -Xcc -DDEBUG\=1 -emit-objc-header -emit-objc-header-path /Users/admin/builder/spi-builder-workspace/.derivedData/Build/Intermediates.noindex/elementary.build/Debug-watchos/Elementary-t.build/Objects-normal/arm64_32/Elementary-Swift.h -working-directory /Users/admin/builder/spi-builder-workspace/.swiftpm/xcode -experimental-emit-module-separately -disable-cmo
SwiftExplicitDependencyGeneratePcm arm64_32 /Users/admin/builder/spi-builder-workspace/.derivedData/SDKExplicitPrecompiledModules/_Builtin_float-BJZXUCJSIX9PRVEKM14BGMJVY.pcm
SwiftExplicitDependencyGeneratePcm arm64_32 /Users/admin/builder/spi-builder-workspace/.derivedData/SDKExplicitPrecompiledModules/ptrcheck-D11ZNSDYZRFEJJA53KWXZ702P.pcm
SwiftExplicitDependencyGeneratePcm arm64_32 /Users/admin/builder/spi-builder-workspace/.derivedData/SDKExplicitPrecompiledModules/_SwiftConcurrencyShims-AOFF2AEQJRI8DA66TEQ347NE7.pcm
SwiftExplicitDependencyGeneratePcm arm64_32 /Users/admin/builder/spi-builder-workspace/.derivedData/SDKExplicitPrecompiledModules/_Builtin_stdbool-DHPYJAMN6KTVWD1S31Z90I6C9.pcm
SwiftExplicitDependencyGeneratePcm arm64_32 /Users/admin/builder/spi-builder-workspace/.derivedData/SDKExplicitPrecompiledModules/_Builtin_stddef-8VT85WZQKGACA68JZ07TP0Y0J.pcm
SwiftExplicitDependencyGeneratePcm arm64_32 /Users/admin/builder/spi-builder-workspace/.derivedData/SDKExplicitPrecompiledModules/_AvailabilityInternal-BQQUK8V8SWJHTHJSVFJK2AKWW.pcm
SwiftExplicitDependencyGeneratePcm arm64_32 /Users/admin/builder/spi-builder-workspace/.derivedData/SDKExplicitPrecompiledModules/_Builtin_stdarg-102WX5NAUESOXIXJSPGYHVM9S.pcm
SwiftExplicitDependencyGeneratePcm arm64 /Users/admin/builder/spi-builder-workspace/.derivedData/SDKExplicitPrecompiledModules/_Builtin_stdbool-EIIY79CJBKY0CNDO2RQTENME.pcm
SwiftExplicitDependencyGeneratePcm arm64 /Users/admin/builder/spi-builder-workspace/.derivedData/SDKExplicitPrecompiledModules/_SwiftConcurrencyShims-2Q4BGBV41YFU7T8ZZ1LYOHHM8.pcm
SwiftExplicitDependencyGeneratePcm arm64 /Users/admin/builder/spi-builder-workspace/.derivedData/SDKExplicitPrecompiledModules/SwiftShims-D5RMRWG63RILSKWQ5872PCQT2.pcm
SwiftExplicitDependencyGeneratePcm arm64 /Users/admin/builder/spi-builder-workspace/.derivedData/SDKExplicitPrecompiledModules/_Builtin_float-5MBXF8DKVHQBRUJNM16KVMIQC.pcm
SwiftExplicitDependencyGeneratePcm arm64 /Users/admin/builder/spi-builder-workspace/.derivedData/SDKExplicitPrecompiledModules/_Builtin_stddef-8XIMPUPOCEKW43OJT6UFVW8YW.pcm
SwiftExplicitDependencyGeneratePcm arm64 /Users/admin/builder/spi-builder-workspace/.derivedData/SDKExplicitPrecompiledModules/_AvailabilityInternal-F1LNUT9MK1HRUMT1GHZHQ1RLU.pcm
SwiftExplicitDependencyGeneratePcm arm64 /Users/admin/builder/spi-builder-workspace/.derivedData/SDKExplicitPrecompiledModules/ptrcheck-2FDVY6UR0H40GBA6U2HDPB8SM.pcm
SwiftExplicitDependencyGeneratePcm arm64 /Users/admin/builder/spi-builder-workspace/.derivedData/SDKExplicitPrecompiledModules/_Builtin_stdarg-ES3WE6BADGYLJ1IBGV298L0ED.pcm
SwiftExplicitDependencyGeneratePcm arm64_32 /Users/admin/builder/spi-builder-workspace/.derivedData/SDKExplicitPrecompiledModules/SwiftShims-4MNCVKZ1HKINJ0ZSNUCRO6CZ8.pcm
SwiftExplicitDependencyGeneratePcm arm64_32 /Users/admin/builder/spi-builder-workspace/.derivedData/SDKExplicitPrecompiledModules/_DarwinFoundation1-88RVECTIWIA3ZONBBWQIW1DJZ.pcm
SwiftExplicitDependencyGeneratePcm arm64 /Users/admin/builder/spi-builder-workspace/.derivedData/SDKExplicitPrecompiledModules/_DarwinFoundation1-C5AXMEYDFVMWI0AXBXZS13K0J.pcm
SwiftExplicitDependencyGeneratePcm arm64_32 /Users/admin/builder/spi-builder-workspace/.derivedData/SDKExplicitPrecompiledModules/_Builtin_limits-C136SD3CEQ3KB0CFUK32YJB19.pcm
SwiftExplicitDependencyGeneratePcm arm64_32 /Users/admin/builder/spi-builder-workspace/.derivedData/SDKExplicitPrecompiledModules/_DarwinFoundation2-44ZJFO85HR0BJ749M999B8LPA.pcm
SwiftExplicitDependencyGeneratePcm arm64 /Users/admin/builder/spi-builder-workspace/.derivedData/SDKExplicitPrecompiledModules/_Builtin_limits-D5KOXTTAIGWXE3DL0Q1NI089X.pcm
SwiftExplicitDependencyGeneratePcm arm64 /Users/admin/builder/spi-builder-workspace/.derivedData/SDKExplicitPrecompiledModules/_DarwinFoundation2-NYVMEQYGHBE0ZIL3ZJZSOEY1.pcm
SwiftExplicitDependencyGeneratePcm arm64_32 /Users/admin/builder/spi-builder-workspace/.derivedData/SDKExplicitPrecompiledModules/_Builtin_stdint-2Z10U0EB6591SMUSD1HCK6PI.pcm
SwiftExplicitDependencyGeneratePcm arm64_32 /Users/admin/builder/spi-builder-workspace/.derivedData/SDKExplicitPrecompiledModules/sys_types-C3M5EX2O95KRM34PBYN44HPBI.pcm
SwiftExplicitDependencyGeneratePcm arm64_32 /Users/admin/builder/spi-builder-workspace/.derivedData/SDKExplicitPrecompiledModules/_DarwinFoundation3-F4AQTMWJJP4FVAZ08SHRNZXAM.pcm
SwiftExplicitDependencyGeneratePcm arm64 /Users/admin/builder/spi-builder-workspace/.derivedData/SDKExplicitPrecompiledModules/_Builtin_stdint-74NMYF5YUKK9X44SQHE76VBIQ.pcm
SwiftExplicitDependencyGeneratePcm arm64 /Users/admin/builder/spi-builder-workspace/.derivedData/SDKExplicitPrecompiledModules/sys_types-ASTFSZ1DRYRY331XT4Z9KV73D.pcm
SwiftExplicitDependencyGeneratePcm arm64 /Users/admin/builder/spi-builder-workspace/.derivedData/SDKExplicitPrecompiledModules/_DarwinFoundation3-ANTW1ITQ0J9JQTH8BRFBZWI1Q.pcm
SwiftExplicitDependencyGeneratePcm arm64_32 /Users/admin/builder/spi-builder-workspace/.derivedData/SDKExplicitPrecompiledModules/_Builtin_inttypes-BMQHYJQS69SCBJY3RFS64DBTV.pcm
SwiftExplicitDependencyGeneratePcm arm64 /Users/admin/builder/spi-builder-workspace/.derivedData/SDKExplicitPrecompiledModules/_Builtin_inttypes-6I92U55H5N26FLV9VYV8R3I6O.pcm
SwiftExplicitDependencyGeneratePcm arm64_32 /Users/admin/builder/spi-builder-workspace/.derivedData/SDKExplicitPrecompiledModules/Darwin-7UEVD02CQP1PVIKBVFQ49O3SD.pcm
SwiftExplicitDependencyGeneratePcm arm64 /Users/admin/builder/spi-builder-workspace/.derivedData/SDKExplicitPrecompiledModules/Darwin-98ESD9QN5COC9NNCABFONVFP8.pcm
SwiftCompile normal arm64_32 Compiling\ MarkupContent+Render.swift,\ Renderable.swift,\ RenderingUtils.swift,\ SVG+Renderable.swift /Users/admin/builder/spi-builder-workspace/Sources/Elementary/Rendering/MarkupContent+Render.swift /Users/admin/builder/spi-builder-workspace/Sources/Elementary/Rendering/Renderable.swift /Users/admin/builder/spi-builder-workspace/Sources/Elementary/Rendering/RenderingUtils.swift /Users/admin/builder/spi-builder-workspace/Sources/Elementary/SVG/SVG+Renderable.swift (in target 'Elementary' from project 'elementary')
SwiftCompile normal arm64_32 /Users/admin/builder/spi-builder-workspace/Sources/Elementary/Rendering/MarkupContent+Render.swift (in target 'Elementary' from project 'elementary')
    cd /Users/admin/builder/spi-builder-workspace/.swiftpm/xcode
    builtin-SwiftPerFileCompile MarkupContent+Render.swift
SwiftCompile normal arm64_32 /Users/admin/builder/spi-builder-workspace/Sources/Elementary/Rendering/Renderable.swift (in target 'Elementary' from project 'elementary')
    cd /Users/admin/builder/spi-builder-workspace/.swiftpm/xcode
    builtin-SwiftPerFileCompile Renderable.swift
SwiftCompile normal arm64_32 /Users/admin/builder/spi-builder-workspace/Sources/Elementary/Rendering/RenderingUtils.swift (in target 'Elementary' from project 'elementary')
    cd /Users/admin/builder/spi-builder-workspace/.swiftpm/xcode
    builtin-SwiftPerFileCompile RenderingUtils.swift
SwiftCompile normal arm64_32 /Users/admin/builder/spi-builder-workspace/Sources/Elementary/SVG/SVG+Renderable.swift (in target 'Elementary' from project 'elementary')
    cd /Users/admin/builder/spi-builder-workspace/.swiftpm/xcode
    builtin-SwiftPerFileCompile SVG+Renderable.swift
SwiftCompile normal arm64_32 Compiling\ SVGTags.swift,\ SVGValues.swift,\ SendOnceBox.swift,\ SendableAnyHTMLBox.swift /Users/admin/builder/spi-builder-workspace/Sources/Elementary/SVG/SVGTags.swift /Users/admin/builder/spi-builder-workspace/Sources/Elementary/SVG/SVGValues.swift /Users/admin/builder/spi-builder-workspace/Sources/Elementary/ServerSupport/SendOnceBox.swift /Users/admin/builder/spi-builder-workspace/Sources/Elementary/ServerSupport/SendableAnyHTMLBox.swift (in target 'Elementary' from project 'elementary')
/Users/admin/builder/spi-builder-workspace/Sources/Elementary/ServerSupport/SendOnceBox.swift:6:16: error: 'Mutex' is only available in watchOS 11.0 or newer
 3 |
 4 | @available(iOS 18, macOS 15, *)
 5 | final class SendOnceBox<Value>: Sendable, SendOnceBoxing {
   |             `- note: add '@available' attribute to enclosing generic class
 6 |     let mutex: Mutex<Value?>
   |                `- error: 'Mutex' is only available in watchOS 11.0 or newer
 7 |
 8 |     init(_ value: sending Value) {
/Users/admin/builder/spi-builder-workspace/Sources/Elementary/ServerSupport/SendOnceBox.swift:9:17: error: 'Mutex' is only available in watchOS 11.0 or newer
 3 |
 4 | @available(iOS 18, macOS 15, *)
 5 | final class SendOnceBox<Value>: Sendable, SendOnceBoxing {
   |             `- note: add '@available' attribute to enclosing generic class
 6 |     let mutex: Mutex<Value?>
 7 |
 8 |     init(_ value: sending Value) {
   |     `- note: add '@available' attribute to enclosing initializer
 9 |         mutex = Mutex(value)
   |                 |- error: 'Mutex' is only available in watchOS 11.0 or newer
   |                 `- note: add 'if #available' version check
10 |     }
11 |
/Users/admin/builder/spi-builder-workspace/Sources/Elementary/ServerSupport/SendOnceBox.swift:9:17: error: 'init(_:)' is only available in watchOS 11.0 or newer
 3 |
 4 | @available(iOS 18, macOS 15, *)
 5 | final class SendOnceBox<Value>: Sendable, SendOnceBoxing {
   |             `- note: add '@available' attribute to enclosing generic class
 6 |     let mutex: Mutex<Value?>
 7 |
 8 |     init(_ value: sending Value) {
   |     `- note: add '@available' attribute to enclosing initializer
 9 |         mutex = Mutex(value)
   |                 |- error: 'init(_:)' is only available in watchOS 11.0 or newer
   |                 `- note: add 'if #available' version check
10 |     }
11 |
SwiftCompile normal arm64_32 /Users/admin/builder/spi-builder-workspace/Sources/Elementary/SVG/SVGTags.swift (in target 'Elementary' from project 'elementary')
    cd /Users/admin/builder/spi-builder-workspace/.swiftpm/xcode
    builtin-SwiftPerFileCompile SVGTags.swift
SwiftCompile normal arm64_32 /Users/admin/builder/spi-builder-workspace/Sources/Elementary/SVG/SVGValues.swift (in target 'Elementary' from project 'elementary')
    cd /Users/admin/builder/spi-builder-workspace/.swiftpm/xcode
    builtin-SwiftPerFileCompile SVGValues.swift
SwiftCompile normal arm64_32 /Users/admin/builder/spi-builder-workspace/Sources/Elementary/ServerSupport/SendOnceBox.swift (in target 'Elementary' from project 'elementary')
    cd /Users/admin/builder/spi-builder-workspace/.swiftpm/xcode
    builtin-SwiftPerFileCompile SendOnceBox.swift
SwiftCompile normal arm64_32 /Users/admin/builder/spi-builder-workspace/Sources/Elementary/ServerSupport/SendableAnyHTMLBox.swift (in target 'Elementary' from project 'elementary')
    cd /Users/admin/builder/spi-builder-workspace/.swiftpm/xcode
    builtin-SwiftPerFileCompile SendableAnyHTMLBox.swift
SwiftCompile normal arm64_32 Compiling\ SVG.swift,\ SVGAttributes.swift,\ SVGContent+Structural.swift,\ SVGElement.swift /Users/admin/builder/spi-builder-workspace/Sources/Elementary/SVG/SVG.swift /Users/admin/builder/spi-builder-workspace/Sources/Elementary/SVG/SVGAttributes.swift /Users/admin/builder/spi-builder-workspace/Sources/Elementary/SVG/SVGContent+Structural.swift /Users/admin/builder/spi-builder-workspace/Sources/Elementary/SVG/SVGElement.swift (in target 'Elementary' from project 'elementary')
SwiftCompile normal arm64_32 /Users/admin/builder/spi-builder-workspace/Sources/Elementary/SVG/SVG.swift (in target 'Elementary' from project 'elementary')
    cd /Users/admin/builder/spi-builder-workspace/.swiftpm/xcode
    builtin-SwiftPerFileCompile SVG.swift
SwiftCompile normal arm64_32 /Users/admin/builder/spi-builder-workspace/Sources/Elementary/SVG/SVGAttributes.swift (in target 'Elementary' from project 'elementary')
    cd /Users/admin/builder/spi-builder-workspace/.swiftpm/xcode
    builtin-SwiftPerFileCompile SVGAttributes.swift
SwiftCompile normal arm64_32 /Users/admin/builder/spi-builder-workspace/Sources/Elementary/SVG/SVGContent+Structural.swift (in target 'Elementary' from project 'elementary')
    cd /Users/admin/builder/spi-builder-workspace/.swiftpm/xcode
    builtin-SwiftPerFileCompile SVGContent+Structural.swift
SwiftCompile normal arm64_32 /Users/admin/builder/spi-builder-workspace/Sources/Elementary/SVG/SVGElement.swift (in target 'Elementary' from project 'elementary')
    cd /Users/admin/builder/spi-builder-workspace/.swiftpm/xcode
    builtin-SwiftPerFileCompile SVGElement.swift
SwiftCompile normal arm64_32 Compiling\ StoredAttribute.swift,\ TaskLocalValue.swift,\ AsyncHTMLRenderer.swift,\ HtmlTextRenderer.swift /Users/admin/builder/spi-builder-workspace/Sources/Elementary/Markup/StoredAttribute.swift /Users/admin/builder/spi-builder-workspace/Sources/Elementary/Markup/TaskLocalValue.swift /Users/admin/builder/spi-builder-workspace/Sources/Elementary/Rendering/AsyncHTMLRenderer.swift /Users/admin/builder/spi-builder-workspace/Sources/Elementary/Rendering/HtmlTextRenderer.swift (in target 'Elementary' from project 'elementary')
SwiftCompile normal arm64_32 /Users/admin/builder/spi-builder-workspace/Sources/Elementary/Markup/StoredAttribute.swift (in target 'Elementary' from project 'elementary')
    cd /Users/admin/builder/spi-builder-workspace/.swiftpm/xcode
    builtin-SwiftPerFileCompile StoredAttribute.swift
SwiftCompile normal arm64_32 /Users/admin/builder/spi-builder-workspace/Sources/Elementary/Markup/TaskLocalValue.swift (in target 'Elementary' from project 'elementary')
    cd /Users/admin/builder/spi-builder-workspace/.swiftpm/xcode
    builtin-SwiftPerFileCompile TaskLocalValue.swift
SwiftCompile normal arm64_32 /Users/admin/builder/spi-builder-workspace/Sources/Elementary/Rendering/AsyncHTMLRenderer.swift (in target 'Elementary' from project 'elementary')
    cd /Users/admin/builder/spi-builder-workspace/.swiftpm/xcode
    builtin-SwiftPerFileCompile AsyncHTMLRenderer.swift
SwiftCompile normal arm64_32 /Users/admin/builder/spi-builder-workspace/Sources/Elementary/Rendering/HtmlTextRenderer.swift (in target 'Elementary' from project 'elementary')
    cd /Users/admin/builder/spi-builder-workspace/.swiftpm/xcode
    builtin-SwiftPerFileCompile HtmlTextRenderer.swift
SwiftCompile normal arm64_32 Compiling\ MarkupContent+Structural.swift,\ MarkupContent.swift,\ MarkupTagDefinition.swift,\ StoredAttribute+StyleKeyValuePairs.swift /Users/admin/builder/spi-builder-workspace/Sources/Elementary/Markup/MarkupContent+Structural.swift /Users/admin/builder/spi-builder-workspace/Sources/Elementary/Markup/MarkupContent.swift /Users/admin/builder/spi-builder-workspace/Sources/Elementary/Markup/MarkupTagDefinition.swift /Users/admin/builder/spi-builder-workspace/Sources/Elementary/Markup/StoredAttribute+StyleKeyValuePairs.swift (in target 'Elementary' from project 'elementary')
SwiftCompile normal arm64_32 /Users/admin/builder/spi-builder-workspace/Sources/Elementary/Markup/MarkupContent+Structural.swift (in target 'Elementary' from project 'elementary')
    cd /Users/admin/builder/spi-builder-workspace/.swiftpm/xcode
    builtin-SwiftPerFileCompile MarkupContent+Structural.swift
SwiftCompile normal arm64_32 /Users/admin/builder/spi-builder-workspace/Sources/Elementary/Markup/MarkupContent.swift (in target 'Elementary' from project 'elementary')
    cd /Users/admin/builder/spi-builder-workspace/.swiftpm/xcode
    builtin-SwiftPerFileCompile MarkupContent.swift
SwiftCompile normal arm64_32 /Users/admin/builder/spi-builder-workspace/Sources/Elementary/Markup/MarkupTagDefinition.swift (in target 'Elementary' from project 'elementary')
    cd /Users/admin/builder/spi-builder-workspace/.swiftpm/xcode
    builtin-SwiftPerFileCompile MarkupTagDefinition.swift
SwiftCompile normal arm64_32 /Users/admin/builder/spi-builder-workspace/Sources/Elementary/Markup/StoredAttribute+StyleKeyValuePairs.swift (in target 'Elementary' from project 'elementary')
    cd /Users/admin/builder/spi-builder-workspace/.swiftpm/xcode
    builtin-SwiftPerFileCompile StoredAttribute+StyleKeyValuePairs.swift
SwiftCompile normal arm64_32 Compiling\ HTMLVoidElement.swift,\ AttributeStorage.swift,\ AttributedElement.swift,\ Markup+Renderable.swift,\ MarkupAttribute.swift /Users/admin/builder/spi-builder-workspace/Sources/Elementary/HTML/HTMLVoidElement.swift /Users/admin/builder/spi-builder-workspace/Sources/Elementary/Markup/AttributeStorage.swift /Users/admin/builder/spi-builder-workspace/Sources/Elementary/Markup/AttributedElement.swift /Users/admin/builder/spi-builder-workspace/Sources/Elementary/Markup/Markup+Renderable.swift /Users/admin/builder/spi-builder-workspace/Sources/Elementary/Markup/MarkupAttribute.swift (in target 'Elementary' from project 'elementary')
SwiftCompile normal arm64_32 /Users/admin/builder/spi-builder-workspace/Sources/Elementary/HTML/HTMLVoidElement.swift (in target 'Elementary' from project 'elementary')
    cd /Users/admin/builder/spi-builder-workspace/.swiftpm/xcode
    builtin-SwiftPerFileCompile HTMLVoidElement.swift
SwiftCompile normal arm64_32 /Users/admin/builder/spi-builder-workspace/Sources/Elementary/Markup/AttributeStorage.swift (in target 'Elementary' from project 'elementary')
    cd /Users/admin/builder/spi-builder-workspace/.swiftpm/xcode
    builtin-SwiftPerFileCompile AttributeStorage.swift
SwiftCompile normal arm64_32 /Users/admin/builder/spi-builder-workspace/Sources/Elementary/Markup/AttributedElement.swift (in target 'Elementary' from project 'elementary')
    cd /Users/admin/builder/spi-builder-workspace/.swiftpm/xcode
    builtin-SwiftPerFileCompile AttributedElement.swift
SwiftCompile normal arm64_32 /Users/admin/builder/spi-builder-workspace/Sources/Elementary/Markup/Markup+Renderable.swift (in target 'Elementary' from project 'elementary')
    cd /Users/admin/builder/spi-builder-workspace/.swiftpm/xcode
    builtin-SwiftPerFileCompile Markup+Renderable.swift
SwiftCompile normal arm64_32 /Users/admin/builder/spi-builder-workspace/Sources/Elementary/Markup/MarkupAttribute.swift (in target 'Elementary' from project 'elementary')
    cd /Users/admin/builder/spi-builder-workspace/.swiftpm/xcode
    builtin-SwiftPerFileCompile MarkupAttribute.swift
SwiftCompile normal arm64_32 Compiling\ ForEach.swift,\ Group.swift,\ HTML+Renderable.swift,\ HTML+StructuralContent.swift,\ HTML+TaskLocalValue.swift /Users/admin/builder/spi-builder-workspace/Sources/Elementary/Content/ForEach.swift /Users/admin/builder/spi-builder-workspace/Sources/Elementary/Content/Group.swift /Users/admin/builder/spi-builder-workspace/Sources/Elementary/HTML/HTML+Renderable.swift /Users/admin/builder/spi-builder-workspace/Sources/Elementary/HTML/HTML+StructuralContent.swift /Users/admin/builder/spi-builder-workspace/Sources/Elementary/HTML/HTML+TaskLocalValue.swift (in target 'Elementary' from project 'elementary')
SwiftCompile normal arm64_32 /Users/admin/builder/spi-builder-workspace/Sources/Elementary/Content/ForEach.swift (in target 'Elementary' from project 'elementary')
    cd /Users/admin/builder/spi-builder-workspace/.swiftpm/xcode
    builtin-SwiftPerFileCompile ForEach.swift
SwiftCompile normal arm64_32 /Users/admin/builder/spi-builder-workspace/Sources/Elementary/Content/Group.swift (in target 'Elementary' from project 'elementary')
    cd /Users/admin/builder/spi-builder-workspace/.swiftpm/xcode
    builtin-SwiftPerFileCompile Group.swift
SwiftCompile normal arm64_32 /Users/admin/builder/spi-builder-workspace/Sources/Elementary/HTML/HTML+Renderable.swift (in target 'Elementary' from project 'elementary')
    cd /Users/admin/builder/spi-builder-workspace/.swiftpm/xcode
    builtin-SwiftPerFileCompile HTML+Renderable.swift
SwiftCompile normal arm64_32 /Users/admin/builder/spi-builder-workspace/Sources/Elementary/HTML/HTML+StructuralContent.swift (in target 'Elementary' from project 'elementary')
    cd /Users/admin/builder/spi-builder-workspace/.swiftpm/xcode
    builtin-SwiftPerFileCompile HTML+StructuralContent.swift
SwiftCompile normal arm64_32 /Users/admin/builder/spi-builder-workspace/Sources/Elementary/HTML/HTML+TaskLocalValue.swift (in target 'Elementary' from project 'elementary')
    cd /Users/admin/builder/spi-builder-workspace/.swiftpm/xcode
    builtin-SwiftPerFileCompile HTML+TaskLocalValue.swift
SwiftCompile normal arm64_32 Compiling\ HTMLDocument.swift,\ HTMLElement.swift,\ HTMLElements.swift,\ HTMLRaw.swift,\ HTMLTags.swift /Users/admin/builder/spi-builder-workspace/Sources/Elementary/HTML/HTMLDocument.swift /Users/admin/builder/spi-builder-workspace/Sources/Elementary/HTML/HTMLElement.swift /Users/admin/builder/spi-builder-workspace/Sources/Elementary/HTML/HTMLElements.swift /Users/admin/builder/spi-builder-workspace/Sources/Elementary/HTML/HTMLRaw.swift /Users/admin/builder/spi-builder-workspace/Sources/Elementary/HTML/HTMLTags.swift (in target 'Elementary' from project 'elementary')
SwiftCompile normal arm64_32 /Users/admin/builder/spi-builder-workspace/Sources/Elementary/HTML/HTMLDocument.swift (in target 'Elementary' from project 'elementary')
    cd /Users/admin/builder/spi-builder-workspace/.swiftpm/xcode
    builtin-SwiftPerFileCompile HTMLDocument.swift
SwiftCompile normal arm64_32 /Users/admin/builder/spi-builder-workspace/Sources/Elementary/HTML/HTMLElement.swift (in target 'Elementary' from project 'elementary')
    cd /Users/admin/builder/spi-builder-workspace/.swiftpm/xcode
    builtin-SwiftPerFileCompile HTMLElement.swift
SwiftCompile normal arm64_32 /Users/admin/builder/spi-builder-workspace/Sources/Elementary/HTML/HTMLElements.swift (in target 'Elementary' from project 'elementary')
    cd /Users/admin/builder/spi-builder-workspace/.swiftpm/xcode
    builtin-SwiftPerFileCompile HTMLElements.swift
SwiftCompile normal arm64_32 /Users/admin/builder/spi-builder-workspace/Sources/Elementary/HTML/HTMLRaw.swift (in target 'Elementary' from project 'elementary')
    cd /Users/admin/builder/spi-builder-workspace/.swiftpm/xcode
    builtin-SwiftPerFileCompile HTMLRaw.swift
SwiftCompile normal arm64_32 /Users/admin/builder/spi-builder-workspace/Sources/Elementary/HTML/HTMLTags.swift (in target 'Elementary' from project 'elementary')
    cd /Users/admin/builder/spi-builder-workspace/.swiftpm/xcode
    builtin-SwiftPerFileCompile HTMLTags.swift
SwiftCompile normal arm64_32 Compiling\ AsyncContent.swift,\ AsyncForEach.swift,\ Content+Renderable.swift,\ ContentBuilder+Tuples.swift,\ ContentBuilder.swift /Users/admin/builder/spi-builder-workspace/Sources/Elementary/Content/AsyncContent.swift /Users/admin/builder/spi-builder-workspace/Sources/Elementary/Content/AsyncForEach.swift /Users/admin/builder/spi-builder-workspace/Sources/Elementary/Content/Content+Renderable.swift /Users/admin/builder/spi-builder-workspace/Sources/Elementary/Content/ContentBuilder+Tuples.swift /Users/admin/builder/spi-builder-workspace/Sources/Elementary/Content/ContentBuilder.swift (in target 'Elementary' from project 'elementary')
SwiftCompile normal arm64_32 /Users/admin/builder/spi-builder-workspace/Sources/Elementary/Content/AsyncContent.swift (in target 'Elementary' from project 'elementary')
    cd /Users/admin/builder/spi-builder-workspace/.swiftpm/xcode
    builtin-SwiftPerFileCompile AsyncContent.swift
SwiftCompile normal arm64_32 /Users/admin/builder/spi-builder-workspace/Sources/Elementary/Content/AsyncForEach.swift (in target 'Elementary' from project 'elementary')
    cd /Users/admin/builder/spi-builder-workspace/.swiftpm/xcode
    builtin-SwiftPerFileCompile AsyncForEach.swift
SwiftCompile normal arm64_32 /Users/admin/builder/spi-builder-workspace/Sources/Elementary/Content/Content+Renderable.swift (in target 'Elementary' from project 'elementary')
    cd /Users/admin/builder/spi-builder-workspace/.swiftpm/xcode
    builtin-SwiftPerFileCompile Content+Renderable.swift
SwiftCompile normal arm64_32 /Users/admin/builder/spi-builder-workspace/Sources/Elementary/Content/ContentBuilder+Tuples.swift (in target 'Elementary' from project 'elementary')
    cd /Users/admin/builder/spi-builder-workspace/.swiftpm/xcode
    builtin-SwiftPerFileCompile ContentBuilder+Tuples.swift
SwiftCompile normal arm64_32 /Users/admin/builder/spi-builder-workspace/Sources/Elementary/Content/ContentBuilder.swift (in target 'Elementary' from project 'elementary')
    cd /Users/admin/builder/spi-builder-workspace/.swiftpm/xcode
    builtin-SwiftPerFileCompile ContentBuilder.swift
SwiftEmitModule normal arm64_32 Emitting\ module\ for\ Elementary (in target 'Elementary' from project 'elementary')
/Users/admin/builder/spi-builder-workspace/Sources/Elementary/ServerSupport/SendOnceBox.swift:6:16: error: 'Mutex' is only available in watchOS 11.0 or newer
 3 |
 4 | @available(iOS 18, macOS 15, *)
 5 | final class SendOnceBox<Value>: Sendable, SendOnceBoxing {
   |             `- note: add '@available' attribute to enclosing generic class
 6 |     let mutex: Mutex<Value?>
   |                `- error: 'Mutex' is only available in watchOS 11.0 or newer
 7 |
 8 |     init(_ value: sending Value) {
Failed frontend command:
/Applications/Xcode-27.0.0.app/Contents/Developer/Toolchains/XcodeDefault.xctoolchain/usr/bin/swift-frontend -frontend -emit-module -experimental-skip-non-inlinable-function-bodies-without-types /Users/admin/builder/spi-builder-workspace/Sources/Elementary/Content/AsyncContent.swift /Users/admin/builder/spi-builder-workspace/Sources/Elementary/Content/AsyncForEach.swift /Users/admin/builder/spi-builder-workspace/Sources/Elementary/Content/Content+Renderable.swift /Users/admin/builder/spi-builder-workspace/Sources/Elementary/Content/ContentBuilder+Tuples.swift /Users/admin/builder/spi-builder-workspace/Sources/Elementary/Content/ContentBuilder.swift /Users/admin/builder/spi-builder-workspace/Sources/Elementary/Content/ForEach.swift /Users/admin/builder/spi-builder-workspace/Sources/Elementary/Content/Group.swift /Users/admin/builder/spi-builder-workspace/Sources/Elementary/HTML/HTML+Renderable.swift /Users/admin/builder/spi-builder-workspace/Sources/Elementary/HTML/HTML+StructuralContent.swift /Users/admin/builder/spi-builder-workspace/Sources/Elementary/HTML/HTML+TaskLocalValue.swift /Users/admin/builder/spi-builder-workspace/Sources/Elementary/HTML/HTML.swift /Users/admin/builder/spi-builder-workspace/Sources/Elementary/HTML/HTMLAttributes+Common.swift /Users/admin/builder/spi-builder-workspace/Sources/Elementary/HTML/HTMLAttributes+Event.swift /Users/admin/builder/spi-builder-workspace/Sources/Elementary/HTML/HTMLAttributes+Global.swift /Users/admin/builder/spi-builder-workspace/Sources/Elementary/HTML/HTMLComment.swift /Users/admin/builder/spi-builder-workspace/Sources/Elementary/HTML/HTMLDocument.swift /Users/admin/builder/spi-builder-workspace/Sources/Elementary/HTML/HTMLElement.swift /Users/admin/builder/spi-builder-workspace/Sources/Elementary/HTML/HTMLElements.swift /Users/admin/builder/spi-builder-workspace/Sources/Elementary/HTML/HTMLRaw.swift /Users/admin/builder/spi-builder-workspace/Sources/Elementary/HTML/HTMLTags.swift /Users/admin/builder/spi-builder-workspace/Sources/Elementary/HTML/HTMLVoidElement.swift /Users/admin/builder/spi-builder-workspace/Sources/Elementary/Markup/AttributeStorage.swift /Users/admin/builder/spi-builder-workspace/Sources/Elementary/Markup/AttributedElement.swift /Users/admin/builder/spi-builder-workspace/Sources/Elementary/Markup/Markup+Renderable.swift /Users/admin/builder/spi-builder-workspace/Sources/Elementary/Markup/MarkupAttribute.swift /Users/admin/builder/spi-builder-workspace/Sources/Elementary/Markup/MarkupContent+Structural.swift /Users/admin/builder/spi-builder-workspace/Sources/Elementary/Markup/MarkupContent.swift /Users/admin/builder/spi-builder-workspace/Sources/Elementary/Markup/MarkupTagDefinition.swift /Users/admin/builder/spi-builder-workspace/Sources/Elementary/Markup/StoredAttribute+StyleKeyValuePairs.swift /Users/admin/builder/spi-builder-workspace/Sources/Elementary/Markup/StoredAttribute.swift /Users/admin/builder/spi-builder-workspace/Sources/Elementary/Markup/TaskLocalValue.swift /Users/admin/builder/spi-builder-workspace/Sources/Elementary/Rendering/AsyncHTMLRenderer.swift /Users/admin/builder/spi-builder-workspace/Sources/Elementary/Rendering/HtmlTextRenderer.swift /Users/admin/builder/spi-builder-workspace/Sources/Elementary/Rendering/MarkupContent+Render.swift /Users/admin/builder/spi-builder-workspace/Sources/Elementary/Rendering/Renderable.swift /Users/admin/builder/spi-builder-workspace/Sources/Elementary/Rendering/RenderingUtils.swift /Users/admin/builder/spi-builder-workspace/Sources/Elementary/SVG/SVG+Renderable.swift /Users/admin/builder/spi-builder-workspace/Sources/Elementary/SVG/SVG.swift /Users/admin/builder/spi-builder-workspace/Sources/Elementary/SVG/SVGAttributes.swift /Users/admin/builder/spi-builder-workspace/Sources/Elementary/SVG/SVGContent+Structural.swift /Users/admin/builder/spi-builder-workspace/Sources/Elementary/SVG/SVGElement.swift /Users/admin/builder/spi-builder-workspace/Sources/Elementary/SVG/SVGTags.swift /Users/admin/builder/spi-builder-workspace/Sources/Elementary/SVG/SVGValues.swift /Users/admin/builder/spi-builder-workspace/Sources/Elementary/ServerSupport/SendOnceBox.swift /Users/admin/builder/spi-builder-workspace/Sources/Elementary/ServerSupport/SendableAnyHTMLBox.swift -target arm64_32-apple-watchos10.0 -disable-cross-import-overlay-search -load-resolved-plugin /Applications/Xcode-27.0.0.app/Contents/Developer/Platforms/WatchOS.platform/Developer/usr/lib/swift/host/plugins/libSwiftMacros.dylib\#/Applications/Xcode-27.0.0.app/Contents/Developer/Platforms/WatchOS.platform/Developer/usr/bin/swift-plugin-server\#SwiftMacros -disable-implicit-swift-modules -Xcc -fno-implicit-modules -Xcc -fno-implicit-module-maps -explicit-swift-module-map-file /Users/admin/builder/spi-builder-workspace/.derivedData/Build/Intermediates.noindex/elementary.build/Debug-watchos/Elementary-t.build/Objects-normal/arm64_32/Elementary-dependencies-1.json -enable-objc-interop -sdk /Applications/Xcode-27.0.0.app/Contents/Developer/Platforms/WatchOS.platform/Developer/SDKs/WatchOS27.0.sdk -I /Users/admin/builder/spi-builder-workspace/.derivedData/Build/Products/Debug-watchos -Isystem /Applications/Xcode-27.0.0.app/Contents/Developer/Platforms/WatchOS.platform/Developer/usr/lib -F /Users/admin/builder/spi-builder-workspace/.derivedData/Build/Products/Debug-watchos -F /Applications/Xcode-27.0.0.app/Contents/Developer/Platforms/WatchOS.platform/Developer/Library/Frameworks -F /Applications/Xcode-27.0.0.app/Contents/Developer/Platforms/WatchOS.platform/Developer/SDKs/WatchOS27.0.sdk/Developer/Library/Frameworks -module-cache-path /Users/admin/builder/spi-builder-workspace/.derivedData/Build/Intermediates.noindex/SwiftExplicitPrecompiledModules -no-color-diagnostics -Xcc -fno-color-diagnostics -enable-testing -g -debug-info-format\=dwarf -dwarf-version\=4 -profile-generate -profile-coverage-mapping -swift-version 6 -Onone -D SWIFT_PACKAGE -D DEBUG -D SWIFT_MODULE_RESOURCE_BUNDLE_UNAVAILABLE -D Xcode -serialize-debugging-options -enable-upcoming-feature ExistentialAny -enable-experimental-feature DebugDescriptionMacro -empty-abi-descriptor -validate-clang-modules-once -clang-build-session-file /Users/admin/builder/spi-builder-workspace/.derivedData/ModuleCache.noindex/Session.modulevalidation -Xcc -working-directory -Xcc /Users/admin/builder/spi-builder-workspace/.swiftpm/xcode -enable-anonymous-context-mangled-names -file-compilation-dir /Users/admin/builder/spi-builder-workspace/.swiftpm/xcode -Xcc -D_LIBCPP_HARDENING_MODE\=_LIBCPP_HARDENING_MODE_DEBUG -Xcc -ivfsstatcache -Xcc /Users/admin/builder/spi-builder-workspace/.derivedData/SDKStatCaches.noindex/watchos27.0-24R360-e829b21a6f8c9b70876ba0858053c044b9db9bc9c079ee3c7b5f3373b13d10bc.sdkstatcache -Xcc -fmodules-prune-interval\=86400 -Xcc -fmodules-prune-after\=345600 -Xcc -I/Users/admin/builder/spi-builder-workspace/.derivedData/Build/Products/Debug-watchos/include -Xcc -I/Users/admin/builder/spi-builder-workspace/.derivedData/Build/Intermediates.noindex/elementary.build/Debug-watchos/Elementary-t.build/DerivedSources-normal/arm64_32 -Xcc -I/Users/admin/builder/spi-builder-workspace/.derivedData/Build/Intermediates.noindex/elementary.build/Debug-watchos/Elementary-t.build/DerivedSources/arm64_32 -Xcc -I/Users/admin/builder/spi-builder-workspace/.derivedData/Build/Intermediates.noindex/elementary.build/Debug-watchos/Elementary-t.build/DerivedSources -Xcc -DSWIFT_PACKAGE -Xcc -DDEBUG\=1 -no-auto-bridging-header-chaining -module-name Elementary -package-name spi_builder_workspace -const-gather-protocols-file /Users/admin/builder/spi-builder-workspace/.derivedData/Build/Intermediates.noindex/elementary.build/Debug-watchos/Elementary-t.build/Objects-normal/arm64_32/Elementary_const_extract_protocols.json -disable-clang-spi -clang-target arm64_32-apple-watchos27.0 -target-sdk-version 27.0 -target-sdk-name watchos27.0 -in-process-plugin-server-path /Applications/Xcode-27.0.0.app/Contents/Developer/Toolchains/XcodeDefault.xctoolchain/usr/lib/swift/host/libSwiftInProcPluginServer.dylib -emit-module-doc-path /Users/admin/builder/spi-builder-workspace/.derivedData/Build/Intermediates.noindex/elementary.build/Debug-watchos/Elementary-t.build/Objects-normal/arm64_32/Elementary.swiftdoc -emit-module-source-info-path /Users/admin/builder/spi-builder-workspace/.derivedData/Build/Intermediates.noindex/elementary.build/Debug-watchos/Elementary-t.build/Objects-normal/arm64_32/Elementary.swiftsourceinfo -emit-objc-header-path /Users/admin/builder/spi-builder-workspace/.derivedData/Build/Intermediates.noindex/elementary.build/Debug-watchos/Elementary-t.build/Objects-normal/arm64_32/Elementary-Swift.h -serialize-diagnostics-path /Users/admin/builder/spi-builder-workspace/.derivedData/Build/Intermediates.noindex/elementary.build/Debug-watchos/Elementary-t.build/Objects-normal/arm64_32/Elementary-primary-emit-module.dia -emit-dependencies-path /Users/admin/builder/spi-builder-workspace/.derivedData/Build/Intermediates.noindex/elementary.build/Debug-watchos/Elementary-t.build/Objects-normal/arm64_32/Elementary-primary-emit-module.d -parse-as-library -o /Users/admin/builder/spi-builder-workspace/.derivedData/Build/Intermediates.noindex/elementary.build/Debug-watchos/Elementary-t.build/Objects-normal/arm64_32/Elementary.swiftmodule -emit-abi-descriptor-path /Users/admin/builder/spi-builder-workspace/.derivedData/Build/Intermediates.noindex/elementary.build/Debug-watchos/Elementary-t.build/Objects-normal/arm64_32/Elementary.abi.json
SwiftCompile normal arm64_32 (in target 'Elementary' from project 'elementary')
    cd /Users/admin/builder/spi-builder-workspace/.swiftpm/xcode

SwiftEmitModule normal arm64 Emitting\ module\ for\ Elementary (in target 'Elementary' from project 'elementary')
SwiftCompile normal arm64 (in target 'Elementary' from project 'elementary')
    cd /Users/admin/builder/spi-builder-workspace/.swiftpm/xcode

PruneExplicitPrecompiledModules /Users/admin/builder/spi-builder-workspace/.derivedData/Build/Intermediates.noindex/ExplicitPrecompiledModules
PruneExplicitPrecompiledModules /Users/admin/builder/spi-builder-workspace/.derivedData/SDKExplicitPrecompiledModules
PruneExplicitPrecompiledModules /Users/admin/builder/spi-builder-workspace/.derivedData/Build/Intermediates.noindex/SwiftExplicitPrecompiledModules
2026-10-10 05:54:02.850 xcodebuild[626:3945] [MT] IDERunDestination: Supported platforms for the buildables in the current scheme is empty.
** BUILD FAILED **
The following build commands failed:
	SwiftEmitModule normal arm64_32 Emitting\ module\ for\ Elementary (in target 'Elementary' from project 'elementary')
	SwiftCompile normal arm64_32 (in target 'Elementary' from project 'elementary')
	Building workspace elementary with scheme elementary
(3 failures)
Command line invocation:
    /Applications/Xcode-27.0.0.app/Contents/Developer/usr/bin/xcodebuild -IDEClonedSourcePackagesDirPathOverride=/Users/admin/builder/spi-builder-workspace/.dependencies -resolvePackageDependencies
Resolve Package Graph
Resolved source packages:
  elementary: /Users/admin/builder/spi-builder-workspace
resolved source packages: elementary
2026-10-10 05:54:07.085 xcodebuild[704:4405] [MT] IDERunDestination: Supported platforms for the buildables in the current scheme is empty.
{
  "dependencies" : [
  ],
  "manifest_display_name" : "elementary",
  "name" : "elementary",
  "path" : "/Users/admin/builder/spi-builder-workspace",
  "platforms" : [
    {
      "name" : "macos",
      "version" : "14.0"
    },
    {
      "name" : "ios",
      "version" : "15.0"
    },
    {
      "name" : "tvos",
      "version" : "17.0"
    },
    {
      "name" : "watchos",
      "version" : "10.0"
    }
  ],
  "products" : [
    {
      "name" : "Elementary",
      "targets" : [
        "Elementary"
      ],
      "type" : {
        "library" : [
          "automatic"
        ]
      }
    }
  ],
  "targets" : [
    {
      "c99name" : "ElementaryTests",
      "module_type" : "SwiftTarget",
      "name" : "ElementaryTests",
      "path" : "Tests/ElementaryTests",
      "sources" : [
        "AsyncRenderingTests.swift",
        "AttributeRenderingTests.swift",
        "ClassAndStyleRenderingTests.swift",
        "CompositionRenderingTest.swift",
        "ContentBuilderTests.swift",
        "FormattedRenderingTest.swift",
        "SVGRenderingTests.swift",
        "SendableAnyHTMLBox.swift",
        "StyleKeyValuePairsTests.swift",
        "TagRenderingTests.swift",
        "TaskLocalValueRenderingTests.swift",
        "TextRenderingTests.swift",
        "TupleRenderingTests.swift",
        "Utilities.swift"
      ],
      "target_dependencies" : [
        "Elementary"
      ],
      "type" : "test"
    },
    {
      "c99name" : "Elementary",
      "module_type" : "SwiftTarget",
      "name" : "Elementary",
      "path" : "Sources/Elementary",
      "product_memberships" : [
        "Elementary"
      ],
      "sources" : [
        "Content/AsyncContent.swift",
        "Content/AsyncForEach.swift",
        "Content/Content+Renderable.swift",
        "Content/ContentBuilder+Tuples.swift",
        "Content/ContentBuilder.swift",
        "Content/ForEach.swift",
        "Content/Group.swift",
        "HTML/HTML+Renderable.swift",
        "HTML/HTML+StructuralContent.swift",
        "HTML/HTML+TaskLocalValue.swift",
        "HTML/HTML.swift",
        "HTML/HTMLAttributes+Common.swift",
        "HTML/HTMLAttributes+Event.swift",
        "HTML/HTMLAttributes+Global.swift",
        "HTML/HTMLComment.swift",
        "HTML/HTMLDocument.swift",
        "HTML/HTMLElement.swift",
        "HTML/HTMLElements.swift",
        "HTML/HTMLRaw.swift",
        "HTML/HTMLTags.swift",
        "HTML/HTMLVoidElement.swift",
        "Markup/AttributeStorage.swift",
        "Markup/AttributedElement.swift",
        "Markup/Markup+Renderable.swift",
        "Markup/MarkupAttribute.swift",
        "Markup/MarkupContent+Structural.swift",
        "Markup/MarkupContent.swift",
        "Markup/MarkupTagDefinition.swift",
        "Markup/StoredAttribute+StyleKeyValuePairs.swift",
        "Markup/StoredAttribute.swift",
        "Markup/TaskLocalValue.swift",
        "Rendering/AsyncHTMLRenderer.swift",
        "Rendering/HtmlTextRenderer.swift",
        "Rendering/MarkupContent+Render.swift",
        "Rendering/Renderable.swift",
        "Rendering/RenderingUtils.swift",
        "SVG/SVG+Renderable.swift",
        "SVG/SVG.swift",
        "SVG/SVGAttributes.swift",
        "SVG/SVGContent+Structural.swift",
        "SVG/SVGElement.swift",
        "SVG/SVGTags.swift",
        "SVG/SVGValues.swift",
        "ServerSupport/SendOnceBox.swift",
        "ServerSupport/SendableAnyHTMLBox.swift"
      ],
      "type" : "library"
    }
  ],
  "tools_version" : "6.2"
}
{
  "workspace" : {
    "name" : "elementary",
    "schemes" : [
      "elementary"
    ]
  }
}
2026-10-10 05:54:08.332 xcodebuild[712:4473] [MT] IDERunDestination: Supported platforms for the buildables in the current scheme is empty.
Running build ...
env DEVELOPER_DIR=/Applications/Xcode-27.0.0-Release.Candidate.app xcrun xcodebuild -IDEClonedSourcePackagesDirPathOverride=$PWD/.dependencies -skipMacroValidation -skipPackagePluginValidation -derivedDataPath $PWD/.derivedData build -scheme elementary -destination generic/platform=watchOS
Command line invocation:
    /Applications/Xcode-27.0.0.app/Contents/Developer/usr/bin/xcodebuild -IDEClonedSourcePackagesDirPathOverride=/Users/admin/builder/spi-builder-workspace/.dependencies -skipMacroValidation -skipPackagePluginValidation -derivedDataPath /Users/admin/builder/spi-builder-workspace/.derivedData build -scheme elementary -destination generic/platform=watchOS
Resolve Package Graph
Resolved source packages:
  elementary: /Users/admin/builder/spi-builder-workspace
ComputePackagePrebuildTargetDependencyGraph
Prepare packages
CreateBuildRequest
SendProjectDescription
CreateBuildOperation
ComputeTargetDependencyGraph
note: Building targets in dependency order
note: Target dependency graph (2 targets)
    Target 'Elementary-product' in project 'elementary'
        ➜ Explicit dependency on target 'Elementary' in project 'elementary'
    Target 'Elementary' in project 'elementary' (no dependencies)
GatherProvisioningInputs
CreateBuildDescription
ClangStatCache /Applications/Xcode-27.0.0.app/Contents/Developer/Toolchains/XcodeDefault.xctoolchain/usr/bin/clang-stat-cache /Applications/Xcode-27.0.0.app/Contents/Developer/Platforms/WatchOS.platform/Developer/SDKs/WatchOS27.0.sdk /Users/admin/builder/spi-builder-workspace/.derivedData/SDKStatCaches.noindex/watchos27.0-24R360-e829b21a6f8c9b70876ba0858053c044b9db9bc9c079ee3c7b5f3373b13d10bc.sdkstatcache
    cd /Users/admin/builder/spi-builder-workspace/.swiftpm/xcode
    /Applications/Xcode-27.0.0.app/Contents/Developer/Toolchains/XcodeDefault.xctoolchain/usr/bin/clang-stat-cache /Applications/Xcode-27.0.0.app/Contents/Developer/Platforms/WatchOS.platform/Developer/SDKs/WatchOS27.0.sdk -o /Users/admin/builder/spi-builder-workspace/.derivedData/SDKStatCaches.noindex/watchos27.0-24R360-e829b21a6f8c9b70876ba0858053c044b9db9bc9c079ee3c7b5f3373b13d10bc.sdkstatcache
SwiftDriver Elementary normal arm64 com.apple.xcode.tools.swift.compiler (in target 'Elementary' from project 'elementary')
    cd /Users/admin/builder/spi-builder-workspace/.swiftpm/xcode
    builtin-SwiftDriver -- /Applications/Xcode-27.0.0.app/Contents/Developer/Toolchains/XcodeDefault.xctoolchain/usr/bin/swiftc -parse-as-library -module-name Elementary -Onone @/Users/admin/builder/spi-builder-workspace/.derivedData/Build/Intermediates.noindex/elementary.build/Debug-watchos/Elementary-t.build/Objects-normal/arm64/Elementary.SwiftFileList -DSWIFT_PACKAGE -DDEBUG -DSWIFT_MODULE_RESOURCE_BUNDLE_UNAVAILABLE -DXcode -enable-upcoming-feature ExistentialAny -plugin-path /Applications/Xcode-27.0.0.app/Contents/Developer/Toolchains/XcodeDefault.xctoolchain/usr/lib/swift/host/plugins/testing -enable-experimental-feature DebugDescriptionMacro -sdk /Applications/Xcode-27.0.0.app/Contents/Developer/Platforms/WatchOS.platform/Developer/SDKs/WatchOS27.0.sdk -target arm64-apple-watchos10.0 -g -module-cache-path /Users/admin/builder/spi-builder-workspace/.derivedData/ModuleCache.noindex -Xfrontend -serialize-debugging-options -profile-coverage-mapping -profile-generate -enable-testing -index-store-path /Users/admin/builder/spi-builder-workspace/.derivedData/Index.noindex/DataStore -Xcc -D_LIBCPP_HARDENING_MODE\=_LIBCPP_HARDENING_MODE_DEBUG -swift-version 6 -I /Users/admin/builder/spi-builder-workspace/.derivedData/Build/Products/Debug-watchos -Isystem /Applications/Xcode-27.0.0.app/Contents/Developer/Platforms/WatchOS.platform/Developer/usr/lib -F /Users/admin/builder/spi-builder-workspace/.derivedData/Build/Products/Debug-watchos -F /Applications/Xcode-27.0.0.app/Contents/Developer/Platforms/WatchOS.platform/Developer/Library/Frameworks -F /Applications/Xcode-27.0.0.app/Contents/Developer/Platforms/WatchOS.platform/Developer/SDKs/WatchOS27.0.sdk/Developer/Library/Frameworks -c -j10 -enable-batch-mode -incremental -Xcc -ivfsstatcache -Xcc /Users/admin/builder/spi-builder-workspace/.derivedData/SDKStatCaches.noindex/watchos27.0-24R360-e829b21a6f8c9b70876ba0858053c044b9db9bc9c079ee3c7b5f3373b13d10bc.sdkstatcache -output-file-map /Users/admin/builder/spi-builder-workspace/.derivedData/Build/Intermediates.noindex/elementary.build/Debug-watchos/Elementary-t.build/Objects-normal/arm64/Elementary-OutputFileMap.json -save-temps -no-color-diagnostics -explicit-module-build -module-cache-path /Users/admin/builder/spi-builder-workspace/.derivedData/Build/Intermediates.noindex/SwiftExplicitPrecompiledModules -clang-scanner-module-cache-path /Users/admin/builder/spi-builder-workspace/.derivedData/ModuleCache.noindex -sdk-module-cache-path /Users/admin/builder/spi-builder-workspace/.derivedData/SDKExplicitPrecompiledModules -emit-dependencies -emit-module -emit-module-path /Users/admin/builder/spi-builder-workspace/.derivedData/Build/Intermediates.noindex/elementary.build/Debug-watchos/Elementary-t.build/Objects-normal/arm64/Elementary.swiftmodule -serialize-diagnostics -dependency-scan-serialize-diagnostics-path /Users/admin/builder/spi-builder-workspace/.derivedData/Build/Intermediates.noindex/elementary.build/Debug-watchos/Elementary-t.build/Objects-normal/arm64/Elementary-dependency-scan.dia -validate-clang-modules-once -clang-build-session-file /Users/admin/builder/spi-builder-workspace/.derivedData/ModuleCache.noindex/Session.modulevalidation -Xcc -fmodules-prune-interval\=86400 -Xcc -fmodules-prune-after\=345600 -package-name spi_builder_workspace -emit-const-values -const-gather-protocols-list /Users/admin/builder/spi-builder-workspace/.derivedData/Build/Intermediates.noindex/elementary.build/Debug-watchos/Elementary-t.build/Objects-normal/arm64/Elementary_const_extract_protocols.json -Xcc -I/Users/admin/builder/spi-builder-workspace/.derivedData/Build/Products/Debug-watchos/include -Xcc -I/Users/admin/builder/spi-builder-workspace/.derivedData/Build/Intermediates.noindex/elementary.build/Debug-watchos/Elementary-t.build/DerivedSources-normal/arm64 -Xcc -I/Users/admin/builder/spi-builder-workspace/.derivedData/Build/Intermediates.noindex/elementary.build/Debug-watchos/Elementary-t.build/DerivedSources/arm64 -Xcc -I/Users/admin/builder/spi-builder-workspace/.derivedData/Build/Intermediates.noindex/elementary.build/Debug-watchos/Elementary-t.build/DerivedSources -Xcc -DSWIFT_PACKAGE -Xcc -DDEBUG\=1 -emit-objc-header -emit-objc-header-path /Users/admin/builder/spi-builder-workspace/.derivedData/Build/Intermediates.noindex/elementary.build/Debug-watchos/Elementary-t.build/Objects-normal/arm64/Elementary-Swift.h -working-directory /Users/admin/builder/spi-builder-workspace/.swiftpm/xcode -experimental-emit-module-separately -disable-cmo
SwiftDriver Elementary normal arm64_32 com.apple.xcode.tools.swift.compiler (in target 'Elementary' from project 'elementary')
    cd /Users/admin/builder/spi-builder-workspace/.swiftpm/xcode
    builtin-SwiftDriver -- /Applications/Xcode-27.0.0.app/Contents/Developer/Toolchains/XcodeDefault.xctoolchain/usr/bin/swiftc -parse-as-library -module-name Elementary -Onone @/Users/admin/builder/spi-builder-workspace/.derivedData/Build/Intermediates.noindex/elementary.build/Debug-watchos/Elementary-t.build/Objects-normal/arm64_32/Elementary.SwiftFileList -DSWIFT_PACKAGE -DDEBUG -DSWIFT_MODULE_RESOURCE_BUNDLE_UNAVAILABLE -DXcode -enable-upcoming-feature ExistentialAny -plugin-path /Applications/Xcode-27.0.0.app/Contents/Developer/Toolchains/XcodeDefault.xctoolchain/usr/lib/swift/host/plugins/testing -enable-experimental-feature DebugDescriptionMacro -sdk /Applications/Xcode-27.0.0.app/Contents/Developer/Platforms/WatchOS.platform/Developer/SDKs/WatchOS27.0.sdk -target arm64_32-apple-watchos10.0 -g -module-cache-path /Users/admin/builder/spi-builder-workspace/.derivedData/ModuleCache.noindex -Xfrontend -serialize-debugging-options -profile-coverage-mapping -profile-generate -enable-testing -index-store-path /Users/admin/builder/spi-builder-workspace/.derivedData/Index.noindex/DataStore -Xcc -D_LIBCPP_HARDENING_MODE\=_LIBCPP_HARDENING_MODE_DEBUG -swift-version 6 -I /Users/admin/builder/spi-builder-workspace/.derivedData/Build/Products/Debug-watchos -Isystem /Applications/Xcode-27.0.0.app/Contents/Developer/Platforms/WatchOS.platform/Developer/usr/lib -F /Users/admin/builder/spi-builder-workspace/.derivedData/Build/Products/Debug-watchos -F /Applications/Xcode-27.0.0.app/Contents/Developer/Platforms/WatchOS.platform/Developer/Library/Frameworks -F /Applications/Xcode-27.0.0.app/Contents/Developer/Platforms/WatchOS.platform/Developer/SDKs/WatchOS27.0.sdk/Developer/Library/Frameworks -c -j10 -enable-batch-mode -incremental -Xcc -ivfsstatcache -Xcc /Users/admin/builder/spi-builder-workspace/.derivedData/SDKStatCaches.noindex/watchos27.0-24R360-e829b21a6f8c9b70876ba0858053c044b9db9bc9c079ee3c7b5f3373b13d10bc.sdkstatcache -output-file-map /Users/admin/builder/spi-builder-workspace/.derivedData/Build/Intermediates.noindex/elementary.build/Debug-watchos/Elementary-t.build/Objects-normal/arm64_32/Elementary-OutputFileMap.json -save-temps -no-color-diagnostics -explicit-module-build -module-cache-path /Users/admin/builder/spi-builder-workspace/.derivedData/Build/Intermediates.noindex/SwiftExplicitPrecompiledModules -clang-scanner-module-cache-path /Users/admin/builder/spi-builder-workspace/.derivedData/ModuleCache.noindex -sdk-module-cache-path /Users/admin/builder/spi-builder-workspace/.derivedData/SDKExplicitPrecompiledModules -emit-dependencies -emit-module -emit-module-path /Users/admin/builder/spi-builder-workspace/.derivedData/Build/Intermediates.noindex/elementary.build/Debug-watchos/Elementary-t.build/Objects-normal/arm64_32/Elementary.swiftmodule -serialize-diagnostics -dependency-scan-serialize-diagnostics-path /Users/admin/builder/spi-builder-workspace/.derivedData/Build/Intermediates.noindex/elementary.build/Debug-watchos/Elementary-t.build/Objects-normal/arm64_32/Elementary-dependency-scan.dia -validate-clang-modules-once -clang-build-session-file /Users/admin/builder/spi-builder-workspace/.derivedData/ModuleCache.noindex/Session.modulevalidation -Xcc -fmodules-prune-interval\=86400 -Xcc -fmodules-prune-after\=345600 -package-name spi_builder_workspace -emit-const-values -const-gather-protocols-list /Users/admin/builder/spi-builder-workspace/.derivedData/Build/Intermediates.noindex/elementary.build/Debug-watchos/Elementary-t.build/Objects-normal/arm64_32/Elementary_const_extract_protocols.json -Xcc -I/Users/admin/builder/spi-builder-workspace/.derivedData/Build/Products/Debug-watchos/include -Xcc -I/Users/admin/builder/spi-builder-workspace/.derivedData/Build/Intermediates.noindex/elementary.build/Debug-watchos/Elementary-t.build/DerivedSources-normal/arm64_32 -Xcc -I/Users/admin/builder/spi-builder-workspace/.derivedData/Build/Intermediates.noindex/elementary.build/Debug-watchos/Elementary-t.build/DerivedSources/arm64_32 -Xcc -I/Users/admin/builder/spi-builder-workspace/.derivedData/Build/Intermediates.noindex/elementary.build/Debug-watchos/Elementary-t.build/DerivedSources -Xcc -DSWIFT_PACKAGE -Xcc -DDEBUG\=1 -emit-objc-header -emit-objc-header-path /Users/admin/builder/spi-builder-workspace/.derivedData/Build/Intermediates.noindex/elementary.build/Debug-watchos/Elementary-t.build/Objects-normal/arm64_32/Elementary-Swift.h -working-directory /Users/admin/builder/spi-builder-workspace/.swiftpm/xcode -experimental-emit-module-separately -disable-cmo
SwiftCompile normal arm64 Compiling\ HTMLDocument.swift,\ HTMLElement.swift,\ HTMLElements.swift,\ HTMLRaw.swift,\ HTMLTags.swift /Users/admin/builder/spi-builder-workspace/Sources/Elementary/HTML/HTMLDocument.swift /Users/admin/builder/spi-builder-workspace/Sources/Elementary/HTML/HTMLElement.swift /Users/admin/builder/spi-builder-workspace/Sources/Elementary/HTML/HTMLElements.swift /Users/admin/builder/spi-builder-workspace/Sources/Elementary/HTML/HTMLRaw.swift /Users/admin/builder/spi-builder-workspace/Sources/Elementary/HTML/HTMLTags.swift (in target 'Elementary' from project 'elementary')
SwiftCompile normal arm64 /Users/admin/builder/spi-builder-workspace/Sources/Elementary/HTML/HTMLDocument.swift (in target 'Elementary' from project 'elementary')
    cd /Users/admin/builder/spi-builder-workspace/.swiftpm/xcode
    builtin-SwiftPerFileCompile HTMLDocument.swift
SwiftCompile normal arm64 /Users/admin/builder/spi-builder-workspace/Sources/Elementary/HTML/HTMLElement.swift (in target 'Elementary' from project 'elementary')
    cd /Users/admin/builder/spi-builder-workspace/.swiftpm/xcode
    builtin-SwiftPerFileCompile HTMLElement.swift
SwiftCompile normal arm64 /Users/admin/builder/spi-builder-workspace/Sources/Elementary/HTML/HTMLElements.swift (in target 'Elementary' from project 'elementary')
    cd /Users/admin/builder/spi-builder-workspace/.swiftpm/xcode
    builtin-SwiftPerFileCompile HTMLElements.swift
SwiftCompile normal arm64 /Users/admin/builder/spi-builder-workspace/Sources/Elementary/HTML/HTMLRaw.swift (in target 'Elementary' from project 'elementary')
    cd /Users/admin/builder/spi-builder-workspace/.swiftpm/xcode
    builtin-SwiftPerFileCompile HTMLRaw.swift
SwiftCompile normal arm64 /Users/admin/builder/spi-builder-workspace/Sources/Elementary/HTML/HTMLTags.swift (in target 'Elementary' from project 'elementary')
    cd /Users/admin/builder/spi-builder-workspace/.swiftpm/xcode
    builtin-SwiftPerFileCompile HTMLTags.swift
SwiftCompile normal arm64 Compiling\ AsyncContent.swift,\ AsyncForEach.swift,\ Content+Renderable.swift,\ ContentBuilder+Tuples.swift,\ ContentBuilder.swift /Users/admin/builder/spi-builder-workspace/Sources/Elementary/Content/AsyncContent.swift /Users/admin/builder/spi-builder-workspace/Sources/Elementary/Content/AsyncForEach.swift /Users/admin/builder/spi-builder-workspace/Sources/Elementary/Content/Content+Renderable.swift /Users/admin/builder/spi-builder-workspace/Sources/Elementary/Content/ContentBuilder+Tuples.swift /Users/admin/builder/spi-builder-workspace/Sources/Elementary/Content/ContentBuilder.swift (in target 'Elementary' from project 'elementary')
SwiftCompile normal arm64 /Users/admin/builder/spi-builder-workspace/Sources/Elementary/Content/AsyncContent.swift (in target 'Elementary' from project 'elementary')
    cd /Users/admin/builder/spi-builder-workspace/.swiftpm/xcode
    builtin-SwiftPerFileCompile AsyncContent.swift
SwiftCompile normal arm64 /Users/admin/builder/spi-builder-workspace/Sources/Elementary/Content/AsyncForEach.swift (in target 'Elementary' from project 'elementary')
    cd /Users/admin/builder/spi-builder-workspace/.swiftpm/xcode
    builtin-SwiftPerFileCompile AsyncForEach.swift
SwiftCompile normal arm64 /Users/admin/builder/spi-builder-workspace/Sources/Elementary/Content/Content+Renderable.swift (in target 'Elementary' from project 'elementary')
    cd /Users/admin/builder/spi-builder-workspace/.swiftpm/xcode
    builtin-SwiftPerFileCompile Content+Renderable.swift
SwiftCompile normal arm64 /Users/admin/builder/spi-builder-workspace/Sources/Elementary/Content/ContentBuilder+Tuples.swift (in target 'Elementary' from project 'elementary')
    cd /Users/admin/builder/spi-builder-workspace/.swiftpm/xcode
    builtin-SwiftPerFileCompile ContentBuilder+Tuples.swift
SwiftCompile normal arm64 /Users/admin/builder/spi-builder-workspace/Sources/Elementary/Content/ContentBuilder.swift (in target 'Elementary' from project 'elementary')
    cd /Users/admin/builder/spi-builder-workspace/.swiftpm/xcode
    builtin-SwiftPerFileCompile ContentBuilder.swift
SwiftCompile normal arm64 Compiling\ ForEach.swift,\ Group.swift,\ HTML+Renderable.swift,\ HTML+StructuralContent.swift,\ HTML+TaskLocalValue.swift /Users/admin/builder/spi-builder-workspace/Sources/Elementary/Content/ForEach.swift /Users/admin/builder/spi-builder-workspace/Sources/Elementary/Content/Group.swift /Users/admin/builder/spi-builder-workspace/Sources/Elementary/HTML/HTML+Renderable.swift /Users/admin/builder/spi-builder-workspace/Sources/Elementary/HTML/HTML+StructuralContent.swift /Users/admin/builder/spi-builder-workspace/Sources/Elementary/HTML/HTML+TaskLocalValue.swift (in target 'Elementary' from project 'elementary')
SwiftCompile normal arm64 /Users/admin/builder/spi-builder-workspace/Sources/Elementary/Content/ForEach.swift (in target 'Elementary' from project 'elementary')
    cd /Users/admin/builder/spi-builder-workspace/.swiftpm/xcode
    builtin-SwiftPerFileCompile ForEach.swift
SwiftCompile normal arm64 /Users/admin/builder/spi-builder-workspace/Sources/Elementary/Content/Group.swift (in target 'Elementary' from project 'elementary')
    cd /Users/admin/builder/spi-builder-workspace/.swiftpm/xcode
    builtin-SwiftPerFileCompile Group.swift
SwiftCompile normal arm64 /Users/admin/builder/spi-builder-workspace/Sources/Elementary/HTML/HTML+Renderable.swift (in target 'Elementary' from project 'elementary')
    cd /Users/admin/builder/spi-builder-workspace/.swiftpm/xcode
    builtin-SwiftPerFileCompile HTML+Renderable.swift
SwiftCompile normal arm64 /Users/admin/builder/spi-builder-workspace/Sources/Elementary/HTML/HTML+StructuralContent.swift (in target 'Elementary' from project 'elementary')
    cd /Users/admin/builder/spi-builder-workspace/.swiftpm/xcode
    builtin-SwiftPerFileCompile HTML+StructuralContent.swift
SwiftCompile normal arm64 /Users/admin/builder/spi-builder-workspace/Sources/Elementary/HTML/HTML+TaskLocalValue.swift (in target 'Elementary' from project 'elementary')
    cd /Users/admin/builder/spi-builder-workspace/.swiftpm/xcode
    builtin-SwiftPerFileCompile HTML+TaskLocalValue.swift
SwiftCompile normal arm64 Compiling\ SVG.swift,\ SVGAttributes.swift,\ SVGContent+Structural.swift,\ SVGElement.swift /Users/admin/builder/spi-builder-workspace/Sources/Elementary/SVG/SVG.swift /Users/admin/builder/spi-builder-workspace/Sources/Elementary/SVG/SVGAttributes.swift /Users/admin/builder/spi-builder-workspace/Sources/Elementary/SVG/SVGContent+Structural.swift /Users/admin/builder/spi-builder-workspace/Sources/Elementary/SVG/SVGElement.swift (in target 'Elementary' from project 'elementary')
SwiftCompile normal arm64 /Users/admin/builder/spi-builder-workspace/Sources/Elementary/SVG/SVG.swift (in target 'Elementary' from project 'elementary')
    cd /Users/admin/builder/spi-builder-workspace/.swiftpm/xcode
    builtin-SwiftPerFileCompile SVG.swift
SwiftCompile normal arm64 /Users/admin/builder/spi-builder-workspace/Sources/Elementary/SVG/SVGAttributes.swift (in target 'Elementary' from project 'elementary')
    cd /Users/admin/builder/spi-builder-workspace/.swiftpm/xcode
    builtin-SwiftPerFileCompile SVGAttributes.swift
SwiftCompile normal arm64 /Users/admin/builder/spi-builder-workspace/Sources/Elementary/SVG/SVGContent+Structural.swift (in target 'Elementary' from project 'elementary')
    cd /Users/admin/builder/spi-builder-workspace/.swiftpm/xcode
    builtin-SwiftPerFileCompile SVGContent+Structural.swift
SwiftCompile normal arm64 /Users/admin/builder/spi-builder-workspace/Sources/Elementary/SVG/SVGElement.swift (in target 'Elementary' from project 'elementary')
    cd /Users/admin/builder/spi-builder-workspace/.swiftpm/xcode
    builtin-SwiftPerFileCompile SVGElement.swift
SwiftCompile normal arm64 Compiling\ StoredAttribute.swift,\ TaskLocalValue.swift,\ AsyncHTMLRenderer.swift,\ HtmlTextRenderer.swift /Users/admin/builder/spi-builder-workspace/Sources/Elementary/Markup/StoredAttribute.swift /Users/admin/builder/spi-builder-workspace/Sources/Elementary/Markup/TaskLocalValue.swift /Users/admin/builder/spi-builder-workspace/Sources/Elementary/Rendering/AsyncHTMLRenderer.swift /Users/admin/builder/spi-builder-workspace/Sources/Elementary/Rendering/HtmlTextRenderer.swift (in target 'Elementary' from project 'elementary')
SwiftCompile normal arm64 /Users/admin/builder/spi-builder-workspace/Sources/Elementary/Markup/StoredAttribute.swift (in target 'Elementary' from project 'elementary')
    cd /Users/admin/builder/spi-builder-workspace/.swiftpm/xcode
    builtin-SwiftPerFileCompile StoredAttribute.swift
SwiftCompile normal arm64 /Users/admin/builder/spi-builder-workspace/Sources/Elementary/Markup/TaskLocalValue.swift (in target 'Elementary' from project 'elementary')
    cd /Users/admin/builder/spi-builder-workspace/.swiftpm/xcode
    builtin-SwiftPerFileCompile TaskLocalValue.swift
SwiftCompile normal arm64 /Users/admin/builder/spi-builder-workspace/Sources/Elementary/Rendering/AsyncHTMLRenderer.swift (in target 'Elementary' from project 'elementary')
    cd /Users/admin/builder/spi-builder-workspace/.swiftpm/xcode
    builtin-SwiftPerFileCompile AsyncHTMLRenderer.swift
SwiftCompile normal arm64 /Users/admin/builder/spi-builder-workspace/Sources/Elementary/Rendering/HtmlTextRenderer.swift (in target 'Elementary' from project 'elementary')
    cd /Users/admin/builder/spi-builder-workspace/.swiftpm/xcode
    builtin-SwiftPerFileCompile HtmlTextRenderer.swift
SwiftCompile normal arm64 Compiling\ HTMLVoidElement.swift,\ AttributeStorage.swift,\ AttributedElement.swift,\ Markup+Renderable.swift,\ MarkupAttribute.swift /Users/admin/builder/spi-builder-workspace/Sources/Elementary/HTML/HTMLVoidElement.swift /Users/admin/builder/spi-builder-workspace/Sources/Elementary/Markup/AttributeStorage.swift /Users/admin/builder/spi-builder-workspace/Sources/Elementary/Markup/AttributedElement.swift /Users/admin/builder/spi-builder-workspace/Sources/Elementary/Markup/Markup+Renderable.swift /Users/admin/builder/spi-builder-workspace/Sources/Elementary/Markup/MarkupAttribute.swift (in target 'Elementary' from project 'elementary')
SwiftCompile normal arm64 /Users/admin/builder/spi-builder-workspace/Sources/Elementary/HTML/HTMLVoidElement.swift (in target 'Elementary' from project 'elementary')
    cd /Users/admin/builder/spi-builder-workspace/.swiftpm/xcode
    builtin-SwiftPerFileCompile HTMLVoidElement.swift
SwiftCompile normal arm64 /Users/admin/builder/spi-builder-workspace/Sources/Elementary/Markup/AttributeStorage.swift (in target 'Elementary' from project 'elementary')
    cd /Users/admin/builder/spi-builder-workspace/.swiftpm/xcode
    builtin-SwiftPerFileCompile AttributeStorage.swift
SwiftCompile normal arm64 /Users/admin/builder/spi-builder-workspace/Sources/Elementary/Markup/AttributedElement.swift (in target 'Elementary' from project 'elementary')
    cd /Users/admin/builder/spi-builder-workspace/.swiftpm/xcode
    builtin-SwiftPerFileCompile AttributedElement.swift
SwiftCompile normal arm64 /Users/admin/builder/spi-builder-workspace/Sources/Elementary/Markup/Markup+Renderable.swift (in target 'Elementary' from project 'elementary')
    cd /Users/admin/builder/spi-builder-workspace/.swiftpm/xcode
    builtin-SwiftPerFileCompile Markup+Renderable.swift
SwiftCompile normal arm64 /Users/admin/builder/spi-builder-workspace/Sources/Elementary/Markup/MarkupAttribute.swift (in target 'Elementary' from project 'elementary')
    cd /Users/admin/builder/spi-builder-workspace/.swiftpm/xcode
    builtin-SwiftPerFileCompile MarkupAttribute.swift
SwiftCompile normal arm64 Compiling\ HTML.swift,\ HTMLAttributes+Common.swift,\ HTMLAttributes+Event.swift,\ HTMLAttributes+Global.swift,\ HTMLComment.swift /Users/admin/builder/spi-builder-workspace/Sources/Elementary/HTML/HTML.swift /Users/admin/builder/spi-builder-workspace/Sources/Elementary/HTML/HTMLAttributes+Common.swift /Users/admin/builder/spi-builder-workspace/Sources/Elementary/HTML/HTMLAttributes+Event.swift /Users/admin/builder/spi-builder-workspace/Sources/Elementary/HTML/HTMLAttributes+Global.swift /Users/admin/builder/spi-builder-workspace/Sources/Elementary/HTML/HTMLComment.swift (in target 'Elementary' from project 'elementary')
SwiftCompile normal arm64 /Users/admin/builder/spi-builder-workspace/Sources/Elementary/HTML/HTML.swift (in target 'Elementary' from project 'elementary')
    cd /Users/admin/builder/spi-builder-workspace/.swiftpm/xcode
    builtin-SwiftPerFileCompile HTML.swift
SwiftCompile normal arm64 /Users/admin/builder/spi-builder-workspace/Sources/Elementary/HTML/HTMLAttributes+Common.swift (in target 'Elementary' from project 'elementary')
    cd /Users/admin/builder/spi-builder-workspace/.swiftpm/xcode
    builtin-SwiftPerFileCompile HTMLAttributes+Common.swift
SwiftCompile normal arm64 /Users/admin/builder/spi-builder-workspace/Sources/Elementary/HTML/HTMLAttributes+Event.swift (in target 'Elementary' from project 'elementary')
    cd /Users/admin/builder/spi-builder-workspace/.swiftpm/xcode
    builtin-SwiftPerFileCompile HTMLAttributes+Event.swift
SwiftCompile normal arm64 /Users/admin/builder/spi-builder-workspace/Sources/Elementary/HTML/HTMLAttributes+Global.swift (in target 'Elementary' from project 'elementary')
    cd /Users/admin/builder/spi-builder-workspace/.swiftpm/xcode
    builtin-SwiftPerFileCompile HTMLAttributes+Global.swift
SwiftCompile normal arm64 /Users/admin/builder/spi-builder-workspace/Sources/Elementary/HTML/HTMLComment.swift (in target 'Elementary' from project 'elementary')
    cd /Users/admin/builder/spi-builder-workspace/.swiftpm/xcode
    builtin-SwiftPerFileCompile HTMLComment.swift
SwiftCompile normal arm64 Compiling\ MarkupContent+Render.swift,\ Renderable.swift,\ RenderingUtils.swift,\ SVG+Renderable.swift /Users/admin/builder/spi-builder-workspace/Sources/Elementary/Rendering/MarkupContent+Render.swift /Users/admin/builder/spi-builder-workspace/Sources/Elementary/Rendering/Renderable.swift /Users/admin/builder/spi-builder-workspace/Sources/Elementary/Rendering/RenderingUtils.swift /Users/admin/builder/spi-builder-workspace/Sources/Elementary/SVG/SVG+Renderable.swift (in target 'Elementary' from project 'elementary')
SwiftCompile normal arm64 /Users/admin/builder/spi-builder-workspace/Sources/Elementary/Rendering/MarkupContent+Render.swift (in target 'Elementary' from project 'elementary')
    cd /Users/admin/builder/spi-builder-workspace/.swiftpm/xcode
    builtin-SwiftPerFileCompile MarkupContent+Render.swift
SwiftCompile normal arm64 /Users/admin/builder/spi-builder-workspace/Sources/Elementary/Rendering/Renderable.swift (in target 'Elementary' from project 'elementary')
    cd /Users/admin/builder/spi-builder-workspace/.swiftpm/xcode
    builtin-SwiftPerFileCompile Renderable.swift
SwiftCompile normal arm64 /Users/admin/builder/spi-builder-workspace/Sources/Elementary/Rendering/RenderingUtils.swift (in target 'Elementary' from project 'elementary')
    cd /Users/admin/builder/spi-builder-workspace/.swiftpm/xcode
    builtin-SwiftPerFileCompile RenderingUtils.swift
SwiftCompile normal arm64 /Users/admin/builder/spi-builder-workspace/Sources/Elementary/SVG/SVG+Renderable.swift (in target 'Elementary' from project 'elementary')
    cd /Users/admin/builder/spi-builder-workspace/.swiftpm/xcode
    builtin-SwiftPerFileCompile SVG+Renderable.swift
SwiftCompile normal arm64 Compiling\ SVGTags.swift,\ SVGValues.swift,\ SendOnceBox.swift,\ SendableAnyHTMLBox.swift /Users/admin/builder/spi-builder-workspace/Sources/Elementary/SVG/SVGTags.swift /Users/admin/builder/spi-builder-workspace/Sources/Elementary/SVG/SVGValues.swift /Users/admin/builder/spi-builder-workspace/Sources/Elementary/ServerSupport/SendOnceBox.swift /Users/admin/builder/spi-builder-workspace/Sources/Elementary/ServerSupport/SendableAnyHTMLBox.swift (in target 'Elementary' from project 'elementary')
/Users/admin/builder/spi-builder-workspace/Sources/Elementary/ServerSupport/SendOnceBox.swift:6:16: error: 'Mutex' is only available in watchOS 11.0 or newer
 3 |
 4 | @available(iOS 18, macOS 15, *)
 5 | final class SendOnceBox<Value>: Sendable, SendOnceBoxing {
   |             `- note: add '@available' attribute to enclosing generic class
 6 |     let mutex: Mutex<Value?>
   |                `- error: 'Mutex' is only available in watchOS 11.0 or newer
 7 |
 8 |     init(_ value: sending Value) {
/Users/admin/builder/spi-builder-workspace/Sources/Elementary/ServerSupport/SendOnceBox.swift:9:17: error: 'Mutex' is only available in watchOS 11.0 or newer
 3 |
 4 | @available(iOS 18, macOS 15, *)
 5 | final class SendOnceBox<Value>: Sendable, SendOnceBoxing {
   |             `- note: add '@available' attribute to enclosing generic class
 6 |     let mutex: Mutex<Value?>
 7 |
 8 |     init(_ value: sending Value) {
   |     `- note: add '@available' attribute to enclosing initializer
 9 |         mutex = Mutex(value)
   |                 |- error: 'Mutex' is only available in watchOS 11.0 or newer
   |                 `- note: add 'if #available' version check
10 |     }
11 |
/Users/admin/builder/spi-builder-workspace/Sources/Elementary/ServerSupport/SendOnceBox.swift:9:17: error: 'init(_:)' is only available in watchOS 11.0 or newer
 3 |
 4 | @available(iOS 18, macOS 15, *)
 5 | final class SendOnceBox<Value>: Sendable, SendOnceBoxing {
   |             `- note: add '@available' attribute to enclosing generic class
 6 |     let mutex: Mutex<Value?>
 7 |
 8 |     init(_ value: sending Value) {
   |     `- note: add '@available' attribute to enclosing initializer
 9 |         mutex = Mutex(value)
   |                 |- error: 'init(_:)' is only available in watchOS 11.0 or newer
   |                 `- note: add 'if #available' version check
10 |     }
11 |
/Users/admin/builder/spi-builder-workspace/Sources/Elementary/ServerSupport/SendOnceBox.swift:13:15: error: 'withLock' is only available in watchOS 11.0 or newer
 3 |
 4 | @available(iOS 18, macOS 15, *)
 5 | final class SendOnceBox<Value>: Sendable, SendOnceBoxing {
   |             `- note: add '@available' attribute to enclosing generic class
 6 |     let mutex: Mutex<Value?>
 7 |
   :
10 |     }
11 |
12 |     func tryTake() -> sending Value? {
   |          `- note: add '@available' attribute to enclosing instance method
13 |         mutex.withLock { value -> sending Value? in
   |               |- error: 'withLock' is only available in watchOS 11.0 or newer
   |               `- note: add 'if #available' version check
14 |             let result = value
15 |             value = nil
Failed frontend command:
SwiftCompile normal arm64 /Users/admin/builder/spi-builder-workspace/Sources/Elementary/SVG/SVGTags.swift (in target 'Elementary' from project 'elementary')
    cd /Users/admin/builder/spi-builder-workspace/.swiftpm/xcode
    builtin-SwiftPerFileCompile SVGTags.swift
SwiftCompile normal arm64 /Users/admin/builder/spi-builder-workspace/Sources/Elementary/SVG/SVGValues.swift (in target 'Elementary' from project 'elementary')
    cd /Users/admin/builder/spi-builder-workspace/.swiftpm/xcode
    builtin-SwiftPerFileCompile SVGValues.swift
SwiftCompile normal arm64 /Users/admin/builder/spi-builder-workspace/Sources/Elementary/ServerSupport/SendOnceBox.swift (in target 'Elementary' from project 'elementary')
    cd /Users/admin/builder/spi-builder-workspace/.swiftpm/xcode
    builtin-SwiftPerFileCompile SendOnceBox.swift
SwiftCompile normal arm64 /Users/admin/builder/spi-builder-workspace/Sources/Elementary/ServerSupport/SendableAnyHTMLBox.swift (in target 'Elementary' from project 'elementary')
    cd /Users/admin/builder/spi-builder-workspace/.swiftpm/xcode
    builtin-SwiftPerFileCompile SendableAnyHTMLBox.swift
/Applications/Xcode-27.0.0.app/Contents/Developer/Toolchains/XcodeDefault.xctoolchain/usr/bin/swift-frontend -frontend -c /Users/admin/builder/spi-builder-workspace/Sources/Elementary/Content/AsyncContent.swift /Users/admin/builder/spi-builder-workspace/Sources/Elementary/Content/AsyncForEach.swift /Users/admin/builder/spi-builder-workspace/Sources/Elementary/Content/Content+Renderable.swift /Users/admin/builder/spi-builder-workspace/Sources/Elementary/Content/ContentBuilder+Tuples.swift /Users/admin/builder/spi-builder-workspace/Sources/Elementary/Content/ContentBuilder.swift /Users/admin/builder/spi-builder-workspace/Sources/Elementary/Content/ForEach.swift /Users/admin/builder/spi-builder-workspace/Sources/Elementary/Content/Group.swift /Users/admin/builder/spi-builder-workspace/Sources/Elementary/HTML/HTML+Renderable.swift /Users/admin/builder/spi-builder-workspace/Sources/Elementary/HTML/HTML+StructuralContent.swift /Users/admin/builder/spi-builder-workspace/Sources/Elementary/HTML/HTML+TaskLocalValue.swift /Users/admin/builder/spi-builder-workspace/Sources/Elementary/HTML/HTML.swift /Users/admin/builder/spi-builder-workspace/Sources/Elementary/HTML/HTMLAttributes+Common.swift /Users/admin/builder/spi-builder-workspace/Sources/Elementary/HTML/HTMLAttributes+Event.swift /Users/admin/builder/spi-builder-workspace/Sources/Elementary/HTML/HTMLAttributes+Global.swift /Users/admin/builder/spi-builder-workspace/Sources/Elementary/HTML/HTMLComment.swift /Users/admin/builder/spi-builder-workspace/Sources/Elementary/HTML/HTMLDocument.swift /Users/admin/builder/spi-builder-workspace/Sources/Elementary/HTML/HTMLElement.swift /Users/admin/builder/spi-builder-workspace/Sources/Elementary/HTML/HTMLElements.swift /Users/admin/builder/spi-builder-workspace/Sources/Elementary/HTML/HTMLRaw.swift /Users/admin/builder/spi-builder-workspace/Sources/Elementary/HTML/HTMLTags.swift /Users/admin/builder/spi-builder-workspace/Sources/Elementary/HTML/HTMLVoidElement.swift /Users/admin/builder/spi-builder-workspace/Sources/Elementary/Markup/AttributeStorage.swift /Users/admin/builder/spi-builder-workspace/Sources/Elementary/Markup/AttributedElement.swift /Users/admin/builder/spi-builder-workspace/Sources/Elementary/Markup/Markup+Renderable.swift /Users/admin/builder/spi-builder-workspace/Sources/Elementary/Markup/MarkupAttribute.swift /Users/admin/builder/spi-builder-workspace/Sources/Elementary/Markup/MarkupContent+Structural.swift /Users/admin/builder/spi-builder-workspace/Sources/Elementary/Markup/MarkupContent.swift /Users/admin/builder/spi-builder-workspace/Sources/Elementary/Markup/MarkupTagDefinition.swift /Users/admin/builder/spi-builder-workspace/Sources/Elementary/Markup/StoredAttribute+StyleKeyValuePairs.swift /Users/admin/builder/spi-builder-workspace/Sources/Elementary/Markup/StoredAttribute.swift /Users/admin/builder/spi-builder-workspace/Sources/Elementary/Markup/TaskLocalValue.swift /Users/admin/builder/spi-builder-workspace/Sources/Elementary/Rendering/AsyncHTMLRenderer.swift /Users/admin/builder/spi-builder-workspace/Sources/Elementary/Rendering/HtmlTextRenderer.swift /Users/admin/builder/spi-builder-workspace/Sources/Elementary/Rendering/MarkupContent+Render.swift /Users/admin/builder/spi-builder-workspace/Sources/Elementary/Rendering/Renderable.swift /Users/admin/builder/spi-builder-workspace/Sources/Elementary/Rendering/RenderingUtils.swift /Users/admin/builder/spi-builder-workspace/Sources/Elementary/SVG/SVG+Renderable.swift /Users/admin/builder/spi-builder-workspace/Sources/Elementary/SVG/SVG.swift /Users/admin/builder/spi-builder-workspace/Sources/Elementary/SVG/SVGAttributes.swift /Users/admin/builder/spi-builder-workspace/Sources/Elementary/SVG/SVGContent+Structural.swift /Users/admin/builder/spi-builder-workspace/Sources/Elementary/SVG/SVGElement.swift -primary-file /Users/admin/builder/spi-builder-workspace/Sources/Elementary/SVG/SVGTags.swift -primary-file /Users/admin/builder/spi-builder-workspace/Sources/Elementary/SVG/SVGValues.swift -primary-file /Users/admin/builder/spi-builder-workspace/Sources/Elementary/ServerSupport/SendOnceBox.swift -primary-file /Users/admin/builder/spi-builder-workspace/Sources/Elementary/ServerSupport/SendableAnyHTMLBox.swift -supplementary-output-file-map /Users/admin/builder/spi-builder-workspace/.derivedData/Build/Intermediates.noindex/elementary.build/Debug-watchos/Elementary-t.build/Objects-normal/arm64/supplementaryOutputs-19 -target arm64-apple-watchos10.0 -disable-cross-import-overlay-search -load-resolved-plugin /Applications/Xcode-27.0.0.app/Contents/Developer/Platforms/WatchOS.platform/Developer/usr/lib/swift/host/plugins/libSwiftMacros.dylib\#/Applications/Xcode-27.0.0.app/Contents/Developer/Platforms/WatchOS.platform/Developer/usr/bin/swift-plugin-server\#SwiftMacros -disable-implicit-swift-modules -Xcc -fno-implicit-modules -Xcc -fno-implicit-module-maps -explicit-swift-module-map-file /Users/admin/builder/spi-builder-workspace/.derivedData/Build/Intermediates.noindex/elementary.build/Debug-watchos/Elementary-t.build/Objects-normal/arm64/Elementary-dependencies-1.json -Xllvm -aarch64-use-tbi -enable-objc-interop -stack-check -sdk /Applications/Xcode-27.0.0.app/Contents/Developer/Platforms/WatchOS.platform/Developer/SDKs/WatchOS27.0.sdk -I /Users/admin/builder/spi-builder-workspace/.derivedData/Build/Products/Debug-watchos -Isystem /Applications/Xcode-27.0.0.app/Contents/Developer/Platforms/WatchOS.platform/Developer/usr/lib -F /Users/admin/builder/spi-builder-workspace/.derivedData/Build/Products/Debug-watchos -F /Applications/Xcode-27.0.0.app/Contents/Developer/Platforms/WatchOS.platform/Developer/Library/Frameworks -F /Applications/Xcode-27.0.0.app/Contents/Developer/Platforms/WatchOS.platform/Developer/SDKs/WatchOS27.0.sdk/Developer/Library/Frameworks -module-cache-path /Users/admin/builder/spi-builder-workspace/.derivedData/Build/Intermediates.noindex/SwiftExplicitPrecompiledModules -no-color-diagnostics -Xcc -fno-color-diagnostics -enable-testing -g -debug-info-format\=dwarf -dwarf-version\=4 -profile-generate -profile-coverage-mapping -swift-version 6 -Onone -D SWIFT_PACKAGE -D DEBUG -D SWIFT_MODULE_RESOURCE_BUNDLE_UNAVAILABLE -D Xcode -serialize-debugging-options -enable-upcoming-feature ExistentialAny -enable-experimental-feature DebugDescriptionMacro -empty-abi-descriptor -validate-clang-modules-once -clang-build-session-file /Users/admin/builder/spi-builder-workspace/.derivedData/ModuleCache.noindex/Session.modulevalidation -Xcc -working-directory -Xcc /Users/admin/builder/spi-builder-workspace/.swiftpm/xcode -enable-anonymous-context-mangled-names -file-compilation-dir /Users/admin/builder/spi-builder-workspace/.swiftpm/xcode -Xcc -D_LIBCPP_HARDENING_MODE\=_LIBCPP_HARDENING_MODE_DEBUG -Xcc -ivfsstatcache -Xcc /Users/admin/builder/spi-builder-workspace/.derivedData/SDKStatCaches.noindex/watchos27.0-24R360-e829b21a6f8c9b70876ba0858053c044b9db9bc9c079ee3c7b5f3373b13d10bc.sdkstatcache -Xcc -fmodules-prune-interval\=86400 -Xcc -fmodules-prune-after\=345600 -Xcc -I/Users/admin/builder/spi-builder-workspace/.derivedData/Build/Products/Debug-watchos/include -Xcc -I/Users/admin/builder/spi-builder-workspace/.derivedData/Build/Intermediates.noindex/elementary.build/Debug-watchos/Elementary-t.build/DerivedSources-normal/arm64 -Xcc -I/Users/admin/builder/spi-builder-workspace/.derivedData/Build/Intermediates.noindex/elementary.build/Debug-watchos/Elementary-t.build/DerivedSources/arm64 -Xcc -I/Users/admin/builder/spi-builder-workspace/.derivedData/Build/Intermediates.noindex/elementary.build/Debug-watchos/Elementary-t.build/DerivedSources -Xcc -DSWIFT_PACKAGE -Xcc -DDEBUG\=1 -no-auto-bridging-header-chaining -module-name Elementary -package-name spi_builder_workspace -const-gather-protocols-file /Users/admin/builder/spi-builder-workspace/.derivedData/Build/Intermediates.noindex/elementary.build/Debug-watchos/Elementary-t.build/Objects-normal/arm64/Elementary_const_extract_protocols.json -disable-clang-spi -clang-target arm64-apple-watchos27.0 -target-sdk-version 27.0 -target-sdk-name watchos27.0 -in-process-plugin-server-path /Applications/Xcode-27.0.0.app/Contents/Developer/Toolchains/XcodeDefault.xctoolchain/usr/lib/swift/host/libSwiftInProcPluginServer.dylib -parse-as-library -o /Users/admin/builder/spi-builder-workspace/.derivedData/Build/Intermediates.noindex/elementary.build/Debug-watchos/Elementary-t.build/Objects-normal/arm64/SVGTags.o -o /Users/admin/builder/spi-builder-workspace/.derivedData/Build/Intermediates.noindex/elementary.build/Debug-watchos/Elementary-t.build/Objects-normal/arm64/SVGValues.o -o /Users/admin/builder/spi-builder-workspace/.derivedData/Build/Intermediates.noindex/elementary.build/Debug-watchos/Elementary-t.build/Objects-normal/arm64/SendOnceBox.o -o /Users/admin/builder/spi-builder-workspace/.derivedData/Build/Intermediates.noindex/elementary.build/Debug-watchos/Elementary-t.build/Objects-normal/arm64/SendableAnyHTMLBox.o -debug-module-path /Users/admin/builder/spi-builder-workspace/.derivedData/Build/Intermediates.noindex/elementary.build/Debug-watchos/Elementary-t.build/Objects-normal/arm64/Elementary.swiftmodule -index-unit-output-path /elementary.build/Debug-watchos/Elementary-t.build/Objects-normal/arm64/SVGTags.o -index-unit-output-path /elementary.build/Debug-watchos/Elementary-t.build/Objects-normal/arm64/SVGValues.o -index-unit-output-path /elementary.build/Debug-watchos/Elementary-t.build/Objects-normal/arm64/SendOnceBox.o -index-unit-output-path /elementary.build/Debug-watchos/Elementary-t.build/Objects-normal/arm64/SendableAnyHTMLBox.o -index-store-path /Users/admin/builder/spi-builder-workspace/.derivedData/Index.noindex/DataStore -index-system-modules
SwiftCompile normal arm64 Compiling\ MarkupContent+Structural.swift,\ MarkupContent.swift,\ MarkupTagDefinition.swift,\ StoredAttribute+StyleKeyValuePairs.swift /Users/admin/builder/spi-builder-workspace/Sources/Elementary/Markup/MarkupContent+Structural.swift /Users/admin/builder/spi-builder-workspace/Sources/Elementary/Markup/MarkupContent.swift /Users/admin/builder/spi-builder-workspace/Sources/Elementary/Markup/MarkupTagDefinition.swift /Users/admin/builder/spi-builder-workspace/Sources/Elementary/Markup/StoredAttribute+StyleKeyValuePairs.swift (in target 'Elementary' from project 'elementary')
SwiftCompile normal arm64 /Users/admin/builder/spi-builder-workspace/Sources/Elementary/Markup/MarkupContent+Structural.swift (in target 'Elementary' from project 'elementary')
    cd /Users/admin/builder/spi-builder-workspace/.swiftpm/xcode
    builtin-SwiftPerFileCompile MarkupContent+Structural.swift
SwiftCompile normal arm64 /Users/admin/builder/spi-builder-workspace/Sources/Elementary/Markup/MarkupContent.swift (in target 'Elementary' from project 'elementary')
    cd /Users/admin/builder/spi-builder-workspace/.swiftpm/xcode
    builtin-SwiftPerFileCompile MarkupContent.swift
SwiftCompile normal arm64 /Users/admin/builder/spi-builder-workspace/Sources/Elementary/Markup/MarkupTagDefinition.swift (in target 'Elementary' from project 'elementary')
    cd /Users/admin/builder/spi-builder-workspace/.swiftpm/xcode
    builtin-SwiftPerFileCompile MarkupTagDefinition.swift
SwiftCompile normal arm64 /Users/admin/builder/spi-builder-workspace/Sources/Elementary/Markup/StoredAttribute+StyleKeyValuePairs.swift (in target 'Elementary' from project 'elementary')
    cd /Users/admin/builder/spi-builder-workspace/.swiftpm/xcode
    builtin-SwiftPerFileCompile StoredAttribute+StyleKeyValuePairs.swift
SwiftEmitModule normal arm64 Emitting\ module\ for\ Elementary (in target 'Elementary' from project 'elementary')
SwiftCompile normal arm64 (in target 'Elementary' from project 'elementary')
    cd /Users/admin/builder/spi-builder-workspace/.swiftpm/xcode

SwiftDriverJobDiscovery normal arm64 Compiling ForEach.swift, Group.swift, HTML+Renderable.swift, HTML+StructuralContent.swift, HTML+TaskLocalValue.swift (in target 'Elementary' from project 'elementary')
SwiftEmitModule normal arm64_32 Emitting\ module\ for\ Elementary (in target 'Elementary' from project 'elementary')
SwiftCompile normal arm64_32 (in target 'Elementary' from project 'elementary')
    cd /Users/admin/builder/spi-builder-workspace/.swiftpm/xcode

SwiftDriverJobDiscovery normal arm64 Compiling AsyncContent.swift, AsyncForEach.swift, Content+Renderable.swift, ContentBuilder+Tuples.swift, ContentBuilder.swift (in target 'Elementary' from project 'elementary')
SwiftCompile normal arm64_32 Compiling\ StoredAttribute.swift,\ TaskLocalValue.swift,\ AsyncHTMLRenderer.swift,\ HtmlTextRenderer.swift /Users/admin/builder/spi-builder-workspace/Sources/Elementary/Markup/StoredAttribute.swift /Users/admin/builder/spi-builder-workspace/Sources/Elementary/Markup/TaskLocalValue.swift /Users/admin/builder/spi-builder-workspace/Sources/Elementary/Rendering/AsyncHTMLRenderer.swift /Users/admin/builder/spi-builder-workspace/Sources/Elementary/Rendering/HtmlTextRenderer.swift (in target 'Elementary' from project 'elementary')
SwiftCompile normal arm64_32 /Users/admin/builder/spi-builder-workspace/Sources/Elementary/Markup/StoredAttribute.swift (in target 'Elementary' from project 'elementary')
    cd /Users/admin/builder/spi-builder-workspace/.swiftpm/xcode
    builtin-SwiftPerFileCompile StoredAttribute.swift
SwiftCompile normal arm64_32 /Users/admin/builder/spi-builder-workspace/Sources/Elementary/Markup/TaskLocalValue.swift (in target 'Elementary' from project 'elementary')
    cd /Users/admin/builder/spi-builder-workspace/.swiftpm/xcode
    builtin-SwiftPerFileCompile TaskLocalValue.swift
SwiftCompile normal arm64_32 /Users/admin/builder/spi-builder-workspace/Sources/Elementary/Rendering/AsyncHTMLRenderer.swift (in target 'Elementary' from project 'elementary')
    cd /Users/admin/builder/spi-builder-workspace/.swiftpm/xcode
    builtin-SwiftPerFileCompile AsyncHTMLRenderer.swift
SwiftCompile normal arm64_32 /Users/admin/builder/spi-builder-workspace/Sources/Elementary/Rendering/HtmlTextRenderer.swift (in target 'Elementary' from project 'elementary')
    cd /Users/admin/builder/spi-builder-workspace/.swiftpm/xcode
    builtin-SwiftPerFileCompile HtmlTextRenderer.swift
SwiftDriverJobDiscovery normal arm64 Compiling HTML.swift, HTMLAttributes+Common.swift, HTMLAttributes+Event.swift, HTMLAttributes+Global.swift, HTMLComment.swift (in target 'Elementary' from project 'elementary')
SwiftCompile normal arm64_32 Compiling\ ForEach.swift,\ Group.swift,\ HTML+Renderable.swift,\ HTML+StructuralContent.swift,\ HTML+TaskLocalValue.swift /Users/admin/builder/spi-builder-workspace/Sources/Elementary/Content/ForEach.swift /Users/admin/builder/spi-builder-workspace/Sources/Elementary/Content/Group.swift /Users/admin/builder/spi-builder-workspace/Sources/Elementary/HTML/HTML+Renderable.swift /Users/admin/builder/spi-builder-workspace/Sources/Elementary/HTML/HTML+StructuralContent.swift /Users/admin/builder/spi-builder-workspace/Sources/Elementary/HTML/HTML+TaskLocalValue.swift (in target 'Elementary' from project 'elementary')
SwiftCompile normal arm64_32 /Users/admin/builder/spi-builder-workspace/Sources/Elementary/Content/ForEach.swift (in target 'Elementary' from project 'elementary')
    cd /Users/admin/builder/spi-builder-workspace/.swiftpm/xcode
    builtin-SwiftPerFileCompile ForEach.swift
SwiftCompile normal arm64_32 /Users/admin/builder/spi-builder-workspace/Sources/Elementary/Content/Group.swift (in target 'Elementary' from project 'elementary')
    cd /Users/admin/builder/spi-builder-workspace/.swiftpm/xcode
    builtin-SwiftPerFileCompile Group.swift
SwiftCompile normal arm64_32 /Users/admin/builder/spi-builder-workspace/Sources/Elementary/HTML/HTML+Renderable.swift (in target 'Elementary' from project 'elementary')
    cd /Users/admin/builder/spi-builder-workspace/.swiftpm/xcode
    builtin-SwiftPerFileCompile HTML+Renderable.swift
SwiftCompile normal arm64_32 /Users/admin/builder/spi-builder-workspace/Sources/Elementary/HTML/HTML+StructuralContent.swift (in target 'Elementary' from project 'elementary')
    cd /Users/admin/builder/spi-builder-workspace/.swiftpm/xcode
    builtin-SwiftPerFileCompile HTML+StructuralContent.swift
SwiftCompile normal arm64_32 /Users/admin/builder/spi-builder-workspace/Sources/Elementary/HTML/HTML+TaskLocalValue.swift (in target 'Elementary' from project 'elementary')
    cd /Users/admin/builder/spi-builder-workspace/.swiftpm/xcode
    builtin-SwiftPerFileCompile HTML+TaskLocalValue.swift
SwiftDriverJobDiscovery normal arm64 Compiling MarkupContent+Structural.swift, MarkupContent.swift, MarkupTagDefinition.swift, StoredAttribute+StyleKeyValuePairs.swift (in target 'Elementary' from project 'elementary')
SwiftCompile normal arm64_32 Compiling\ SVG.swift,\ SVGAttributes.swift,\ SVGContent+Structural.swift,\ SVGElement.swift /Users/admin/builder/spi-builder-workspace/Sources/Elementary/SVG/SVG.swift /Users/admin/builder/spi-builder-workspace/Sources/Elementary/SVG/SVGAttributes.swift /Users/admin/builder/spi-builder-workspace/Sources/Elementary/SVG/SVGContent+Structural.swift /Users/admin/builder/spi-builder-workspace/Sources/Elementary/SVG/SVGElement.swift (in target 'Elementary' from project 'elementary')
SwiftCompile normal arm64_32 /Users/admin/builder/spi-builder-workspace/Sources/Elementary/SVG/SVG.swift (in target 'Elementary' from project 'elementary')
    cd /Users/admin/builder/spi-builder-workspace/.swiftpm/xcode
    builtin-SwiftPerFileCompile SVG.swift
SwiftCompile normal arm64_32 /Users/admin/builder/spi-builder-workspace/Sources/Elementary/SVG/SVGAttributes.swift (in target 'Elementary' from project 'elementary')
    cd /Users/admin/builder/spi-builder-workspace/.swiftpm/xcode
    builtin-SwiftPerFileCompile SVGAttributes.swift
SwiftCompile normal arm64_32 /Users/admin/builder/spi-builder-workspace/Sources/Elementary/SVG/SVGContent+Structural.swift (in target 'Elementary' from project 'elementary')
    cd /Users/admin/builder/spi-builder-workspace/.swiftpm/xcode
    builtin-SwiftPerFileCompile SVGContent+Structural.swift
SwiftCompile normal arm64_32 /Users/admin/builder/spi-builder-workspace/Sources/Elementary/SVG/SVGElement.swift (in target 'Elementary' from project 'elementary')
    cd /Users/admin/builder/spi-builder-workspace/.swiftpm/xcode
    builtin-SwiftPerFileCompile SVGElement.swift
SwiftDriverJobDiscovery normal arm64 Compiling MarkupContent+Render.swift, Renderable.swift, RenderingUtils.swift, SVG+Renderable.swift (in target 'Elementary' from project 'elementary')
SwiftCompile normal arm64_32 Compiling\ MarkupContent+Render.swift,\ Renderable.swift,\ RenderingUtils.swift,\ SVG+Renderable.swift /Users/admin/builder/spi-builder-workspace/Sources/Elementary/Rendering/MarkupContent+Render.swift /Users/admin/builder/spi-builder-workspace/Sources/Elementary/Rendering/Renderable.swift /Users/admin/builder/spi-builder-workspace/Sources/Elementary/Rendering/RenderingUtils.swift /Users/admin/builder/spi-builder-workspace/Sources/Elementary/SVG/SVG+Renderable.swift (in target 'Elementary' from project 'elementary')
SwiftCompile normal arm64_32 /Users/admin/builder/spi-builder-workspace/Sources/Elementary/Rendering/MarkupContent+Render.swift (in target 'Elementary' from project 'elementary')
    cd /Users/admin/builder/spi-builder-workspace/.swiftpm/xcode
    builtin-SwiftPerFileCompile MarkupContent+Render.swift
SwiftCompile normal arm64_32 /Users/admin/builder/spi-builder-workspace/Sources/Elementary/Rendering/Renderable.swift (in target 'Elementary' from project 'elementary')
    cd /Users/admin/builder/spi-builder-workspace/.swiftpm/xcode
    builtin-SwiftPerFileCompile Renderable.swift
SwiftCompile normal arm64_32 /Users/admin/builder/spi-builder-workspace/Sources/Elementary/Rendering/RenderingUtils.swift (in target 'Elementary' from project 'elementary')
    cd /Users/admin/builder/spi-builder-workspace/.swiftpm/xcode
    builtin-SwiftPerFileCompile RenderingUtils.swift
SwiftCompile normal arm64_32 /Users/admin/builder/spi-builder-workspace/Sources/Elementary/SVG/SVG+Renderable.swift (in target 'Elementary' from project 'elementary')
    cd /Users/admin/builder/spi-builder-workspace/.swiftpm/xcode
    builtin-SwiftPerFileCompile SVG+Renderable.swift
SwiftDriverJobDiscovery normal arm64 Compiling HTMLDocument.swift, HTMLElement.swift, HTMLElements.swift, HTMLRaw.swift, HTMLTags.swift (in target 'Elementary' from project 'elementary')
SwiftCompile normal arm64_32 Compiling\ SVGTags.swift,\ SVGValues.swift,\ SendOnceBox.swift,\ SendableAnyHTMLBox.swift /Users/admin/builder/spi-builder-workspace/Sources/Elementary/SVG/SVGTags.swift /Users/admin/builder/spi-builder-workspace/Sources/Elementary/SVG/SVGValues.swift /Users/admin/builder/spi-builder-workspace/Sources/Elementary/ServerSupport/SendOnceBox.swift /Users/admin/builder/spi-builder-workspace/Sources/Elementary/ServerSupport/SendableAnyHTMLBox.swift (in target 'Elementary' from project 'elementary')
/Users/admin/builder/spi-builder-workspace/Sources/Elementary/ServerSupport/SendOnceBox.swift:6:16: error: 'Mutex' is only available in watchOS 11.0 or newer
 3 |
 4 | @available(iOS 18, macOS 15, *)
 5 | final class SendOnceBox<Value>: Sendable, SendOnceBoxing {
   |             `- note: add '@available' attribute to enclosing generic class
 6 |     let mutex: Mutex<Value?>
   |                `- error: 'Mutex' is only available in watchOS 11.0 or newer
 7 |
 8 |     init(_ value: sending Value) {
/Users/admin/builder/spi-builder-workspace/Sources/Elementary/ServerSupport/SendOnceBox.swift:9:17: error: 'Mutex' is only available in watchOS 11.0 or newer
 3 |
 4 | @available(iOS 18, macOS 15, *)
 5 | final class SendOnceBox<Value>: Sendable, SendOnceBoxing {
   |             `- note: add '@available' attribute to enclosing generic class
 6 |     let mutex: Mutex<Value?>
 7 |
 8 |     init(_ value: sending Value) {
   |     `- note: add '@available' attribute to enclosing initializer
 9 |         mutex = Mutex(value)
   |                 |- error: 'Mutex' is only available in watchOS 11.0 or newer
   |                 `- note: add 'if #available' version check
10 |     }
11 |
/Users/admin/builder/spi-builder-workspace/Sources/Elementary/ServerSupport/SendOnceBox.swift:9:17: error: 'init(_:)' is only available in watchOS 11.0 or newer
 3 |
 4 | @available(iOS 18, macOS 15, *)
 5 | final class SendOnceBox<Value>: Sendable, SendOnceBoxing {
   |             `- note: add '@available' attribute to enclosing generic class
 6 |     let mutex: Mutex<Value?>
 7 |
 8 |     init(_ value: sending Value) {
   |     `- note: add '@available' attribute to enclosing initializer
 9 |         mutex = Mutex(value)
   |                 |- error: 'init(_:)' is only available in watchOS 11.0 or newer
   |                 `- note: add 'if #available' version check
10 |     }
11 |
SwiftCompile normal arm64_32 /Users/admin/builder/spi-builder-workspace/Sources/Elementary/SVG/SVGTags.swift (in target 'Elementary' from project 'elementary')
    cd /Users/admin/builder/spi-builder-workspace/.swiftpm/xcode
    builtin-SwiftPerFileCompile SVGTags.swift
SwiftCompile normal arm64_32 /Users/admin/builder/spi-builder-workspace/Sources/Elementary/SVG/SVGValues.swift (in target 'Elementary' from project 'elementary')
    cd /Users/admin/builder/spi-builder-workspace/.swiftpm/xcode
    builtin-SwiftPerFileCompile SVGValues.swift
SwiftCompile normal arm64_32 /Users/admin/builder/spi-builder-workspace/Sources/Elementary/ServerSupport/SendOnceBox.swift (in target 'Elementary' from project 'elementary')
    cd /Users/admin/builder/spi-builder-workspace/.swiftpm/xcode
    builtin-SwiftPerFileCompile SendOnceBox.swift
SwiftCompile normal arm64_32 /Users/admin/builder/spi-builder-workspace/Sources/Elementary/ServerSupport/SendableAnyHTMLBox.swift (in target 'Elementary' from project 'elementary')
    cd /Users/admin/builder/spi-builder-workspace/.swiftpm/xcode
    builtin-SwiftPerFileCompile SendableAnyHTMLBox.swift
SwiftDriverJobDiscovery normal arm64 Compiling SVG.swift, SVGAttributes.swift, SVGContent+Structural.swift, SVGElement.swift (in target 'Elementary' from project 'elementary')
SwiftCompile normal arm64_32 Compiling\ AsyncContent.swift,\ AsyncForEach.swift,\ Content+Renderable.swift,\ ContentBuilder+Tuples.swift,\ ContentBuilder.swift /Users/admin/builder/spi-builder-workspace/Sources/Elementary/Content/AsyncContent.swift /Users/admin/builder/spi-builder-workspace/Sources/Elementary/Content/AsyncForEach.swift /Users/admin/builder/spi-builder-workspace/Sources/Elementary/Content/Content+Renderable.swift /Users/admin/builder/spi-builder-workspace/Sources/Elementary/Content/ContentBuilder+Tuples.swift /Users/admin/builder/spi-builder-workspace/Sources/Elementary/Content/ContentBuilder.swift (in target 'Elementary' from project 'elementary')
SwiftCompile normal arm64_32 /Users/admin/builder/spi-builder-workspace/Sources/Elementary/Content/AsyncContent.swift (in target 'Elementary' from project 'elementary')
    cd /Users/admin/builder/spi-builder-workspace/.swiftpm/xcode
    builtin-SwiftPerFileCompile AsyncContent.swift
SwiftCompile normal arm64_32 /Users/admin/builder/spi-builder-workspace/Sources/Elementary/Content/AsyncForEach.swift (in target 'Elementary' from project 'elementary')
    cd /Users/admin/builder/spi-builder-workspace/.swiftpm/xcode
    builtin-SwiftPerFileCompile AsyncForEach.swift
SwiftCompile normal arm64_32 /Users/admin/builder/spi-builder-workspace/Sources/Elementary/Content/Content+Renderable.swift (in target 'Elementary' from project 'elementary')
    cd /Users/admin/builder/spi-builder-workspace/.swiftpm/xcode
    builtin-SwiftPerFileCompile Content+Renderable.swift
SwiftCompile normal arm64_32 /Users/admin/builder/spi-builder-workspace/Sources/Elementary/Content/ContentBuilder+Tuples.swift (in target 'Elementary' from project 'elementary')
    cd /Users/admin/builder/spi-builder-workspace/.swiftpm/xcode
    builtin-SwiftPerFileCompile ContentBuilder+Tuples.swift
SwiftCompile normal arm64_32 /Users/admin/builder/spi-builder-workspace/Sources/Elementary/Content/ContentBuilder.swift (in target 'Elementary' from project 'elementary')
    cd /Users/admin/builder/spi-builder-workspace/.swiftpm/xcode
    builtin-SwiftPerFileCompile ContentBuilder.swift
SwiftDriverJobDiscovery normal arm64 Compiling HTMLVoidElement.swift, AttributeStorage.swift, AttributedElement.swift, Markup+Renderable.swift, MarkupAttribute.swift (in target 'Elementary' from project 'elementary')
SwiftCompile normal arm64_32 Compiling\ HTML.swift,\ HTMLAttributes+Common.swift,\ HTMLAttributes+Event.swift,\ HTMLAttributes+Global.swift,\ HTMLComment.swift /Users/admin/builder/spi-builder-workspace/Sources/Elementary/HTML/HTML.swift /Users/admin/builder/spi-builder-workspace/Sources/Elementary/HTML/HTMLAttributes+Common.swift /Users/admin/builder/spi-builder-workspace/Sources/Elementary/HTML/HTMLAttributes+Event.swift /Users/admin/builder/spi-builder-workspace/Sources/Elementary/HTML/HTMLAttributes+Global.swift /Users/admin/builder/spi-builder-workspace/Sources/Elementary/HTML/HTMLComment.swift (in target 'Elementary' from project 'elementary')
SwiftCompile normal arm64_32 /Users/admin/builder/spi-builder-workspace/Sources/Elementary/HTML/HTML.swift (in target 'Elementary' from project 'elementary')
    cd /Users/admin/builder/spi-builder-workspace/.swiftpm/xcode
    builtin-SwiftPerFileCompile HTML.swift
SwiftCompile normal arm64_32 /Users/admin/builder/spi-builder-workspace/Sources/Elementary/HTML/HTMLAttributes+Common.swift (in target 'Elementary' from project 'elementary')
    cd /Users/admin/builder/spi-builder-workspace/.swiftpm/xcode
    builtin-SwiftPerFileCompile HTMLAttributes+Common.swift
SwiftCompile normal arm64_32 /Users/admin/builder/spi-builder-workspace/Sources/Elementary/HTML/HTMLAttributes+Event.swift (in target 'Elementary' from project 'elementary')
    cd /Users/admin/builder/spi-builder-workspace/.swiftpm/xcode
    builtin-SwiftPerFileCompile HTMLAttributes+Event.swift
SwiftCompile normal arm64_32 /Users/admin/builder/spi-builder-workspace/Sources/Elementary/HTML/HTMLAttributes+Global.swift (in target 'Elementary' from project 'elementary')
    cd /Users/admin/builder/spi-builder-workspace/.swiftpm/xcode
    builtin-SwiftPerFileCompile HTMLAttributes+Global.swift
SwiftCompile normal arm64_32 /Users/admin/builder/spi-builder-workspace/Sources/Elementary/HTML/HTMLComment.swift (in target 'Elementary' from project 'elementary')
    cd /Users/admin/builder/spi-builder-workspace/.swiftpm/xcode
    builtin-SwiftPerFileCompile HTMLComment.swift
SwiftDriverJobDiscovery normal arm64 Compiling StoredAttribute.swift, TaskLocalValue.swift, AsyncHTMLRenderer.swift, HtmlTextRenderer.swift (in target 'Elementary' from project 'elementary')
SwiftCompile normal arm64_32 Compiling\ HTMLDocument.swift,\ HTMLElement.swift,\ HTMLElements.swift,\ HTMLRaw.swift,\ HTMLTags.swift /Users/admin/builder/spi-builder-workspace/Sources/Elementary/HTML/HTMLDocument.swift /Users/admin/builder/spi-builder-workspace/Sources/Elementary/HTML/HTMLElement.swift /Users/admin/builder/spi-builder-workspace/Sources/Elementary/HTML/HTMLElements.swift /Users/admin/builder/spi-builder-workspace/Sources/Elementary/HTML/HTMLRaw.swift /Users/admin/builder/spi-builder-workspace/Sources/Elementary/HTML/HTMLTags.swift (in target 'Elementary' from project 'elementary')
SwiftCompile normal arm64_32 /Users/admin/builder/spi-builder-workspace/Sources/Elementary/HTML/HTMLDocument.swift (in target 'Elementary' from project 'elementary')
    cd /Users/admin/builder/spi-builder-workspace/.swiftpm/xcode
    builtin-SwiftPerFileCompile HTMLDocument.swift
SwiftCompile normal arm64_32 /Users/admin/builder/spi-builder-workspace/Sources/Elementary/HTML/HTMLElement.swift (in target 'Elementary' from project 'elementary')
    cd /Users/admin/builder/spi-builder-workspace/.swiftpm/xcode
    builtin-SwiftPerFileCompile HTMLElement.swift
SwiftCompile normal arm64_32 /Users/admin/builder/spi-builder-workspace/Sources/Elementary/HTML/HTMLElements.swift (in target 'Elementary' from project 'elementary')
    cd /Users/admin/builder/spi-builder-workspace/.swiftpm/xcode
    builtin-SwiftPerFileCompile HTMLElements.swift
SwiftCompile normal arm64_32 /Users/admin/builder/spi-builder-workspace/Sources/Elementary/HTML/HTMLRaw.swift (in target 'Elementary' from project 'elementary')
    cd /Users/admin/builder/spi-builder-workspace/.swiftpm/xcode
    builtin-SwiftPerFileCompile HTMLRaw.swift
SwiftCompile normal arm64_32 /Users/admin/builder/spi-builder-workspace/Sources/Elementary/HTML/HTMLTags.swift (in target 'Elementary' from project 'elementary')
    cd /Users/admin/builder/spi-builder-workspace/.swiftpm/xcode
    builtin-SwiftPerFileCompile HTMLTags.swift
PruneExplicitPrecompiledModules /Users/admin/builder/spi-builder-workspace/.derivedData/Build/Intermediates.noindex/ExplicitPrecompiledModules
PruneExplicitPrecompiledModules /Users/admin/builder/spi-builder-workspace/.derivedData/Build/Intermediates.noindex/SwiftExplicitPrecompiledModules
PruneExplicitPrecompiledModules /Users/admin/builder/spi-builder-workspace/.derivedData/SDKExplicitPrecompiledModules
2026-10-10 05:54:09.313 xcodebuild[713:4496] [MT] IDERunDestination: Supported platforms for the buildables in the current scheme is empty.
** BUILD FAILED **
The following build commands failed:
	SwiftCompile normal arm64 /Users/admin/builder/spi-builder-workspace/Sources/Elementary/ServerSupport/SendOnceBox.swift (in target 'Elementary' from project 'elementary')
	SwiftCompile normal arm64 Compiling\ SVGTags.swift,\ SVGValues.swift,\ SendOnceBox.swift,\ SendableAnyHTMLBox.swift /Users/admin/builder/spi-builder-workspace/Sources/Elementary/SVG/SVGTags.swift /Users/admin/builder/spi-builder-workspace/Sources/Elementary/SVG/SVGValues.swift /Users/admin/builder/spi-builder-workspace/Sources/Elementary/ServerSupport/SendOnceBox.swift /Users/admin/builder/spi-builder-workspace/Sources/Elementary/ServerSupport/SendableAnyHTMLBox.swift (in target 'Elementary' from project 'elementary')
	Building workspace elementary with scheme elementary
(3 failures)
BUILD FAILURE 6.4 watchOS